06-04 20:45:53.382 D/UEventObserver( 1030): change@/devices/platform/auge_sound/sound/card0/controlC0ACTION=changeDEVPATH=/devices/platform/auge_sound/sound/card0/controlC0SUBSYSTEM=soundAUDIO_FORMAT=0MAJOR=116MINOR=13DEVNAME=snd/controlC0SEQNUM=3796
06-04 20:45:53.389 W/System ( 912): A resource failed to call release.
06-04 20:45:53.390 W/System ( 912): A resource failed to call release.
06-04 20:45:53.390 W/System ( 912): A resource failed to call release.
06-04 20:45:53.390 W/System ( 912): A resource failed to call release.
06-04 20:45:53.390 W/System ( 912): A resource failed to call release.
06-04 20:45:53.390 W/System ( 912): A resource failed to call release.
06-04 20:45:53.402 I/audio_hw_hal_primary( 491): out_update_source_metadata_v7() line 2013 usage:1 content_type:2
06-04 20:45:53.465 D/XM_HIDREAD( 1910): poll ret=1, event=1
06-04 20:45:53.465 D/XM_HIDREAD( 1910): [9 bytes]:01 00 00 00 00 00 00 00 00
06-04 20:45:53.467 I/SogouIME( 1396): onKeyUp: keyoCode=4
06-04 20:45:53.467 I/DefaultIMS( 1396): onKeyUp: keyoCode=4
06-04 20:45:53.495 W/View ( 4242): requestLayout() improperly called by com.google.android.material.textview.MaterialTextView{87af0c4 V.ED..... ..S...ID 80,30-298,70 #7f0901c7 app:id/leaf_net_item_name_tv} during layout: running second layout pass
06-04 20:45:53.573 I/audio_hw_hal_primary( 491): [audiohal_get_latency:1333] io 13: out:0xe6245d80 frames:1152 rate:48000 whole_latency:24 alsa_latency:24
06-04 20:45:53.594 I/audio_hw_hal_primary( 491): [audiohal_get_latency:1333] io 13: out:0xe6245d80 frames:1152 rate:48000 whole_latency:24 alsa_latency:24
06-04 20:45:53.615 I/audio_hw_hal_stream( 491): aml_stream_out_info_print: out:0xe6245d80, stream_type:pcm, sync_mode:non tunnel, input_size:295092224 bytes
06-04 20:45:53.615 I/audio_hw_hal_stream( 491): aml_stream_out_info_print: last_time:2220348 ms (sec:2220, nsec:348382599), last_position:1536780 ms (73765456), cur_time:2220371 ms (sec:2220, nsec:371079058), cur_position:1536801 ms (73766480)
06-04 20:45:53.615 I/audio_hw_hal_stream( 491): aml_stream_out_info_print: time_gap:23 ms (thr:100 ms), position_gap:21 ms, delay:137 ms, jitter: Position gap is behind system time gap by 2 ms (thr:100 ms)
06-04 20:45:53.616 I/audio_hw_hal_primary( 491): [audiohal_get_latency:1333] io 13: out:0xe6245d80 frames:1152 rate:48000 whole_latency:24 alsa_latency:24
06-04 20:45:53.638 I/audio_hw_hal_primary( 491): [audiohal_get_latency:1333] io 13: out:0xe6245d80 frames:1152 rate:48000 whole_latency:24 alsa_latency:24
06-04 20:45:53.658 I/audio_hw_hal_primary( 491): [audiohal_get_latency:1333] io 13: out:0xe6245d80 frames:1152 rate:48000 whole_latency:24 alsa_latency:24
06-04 20:45:53.680 I/audio_hw_hal_primary( 491): [audiohal_get_latency:1333] io 13: out:0xe6245d80 frames:1152 rate:48000 whole_latency:24 alsa_latency:24
06-04 20:45:53.701 I/audio_hw_hal_primary( 491): [audiohal_get_latency:1333] io 13: out:0xe6245d80 frames:1152 rate:48000 whole_latency:24 alsa_latency:24
06-04 20:45:53.722 I/audio_hw_hal_primary( 491): [audiohal_get_latency:1333] io 13: out:0xe6245d80 frames:1152 rate:48000 whole_latency:24 alsa_latency:24
06-04 20:45:53.723 D/audioserver( 542): logFgsApiEnd: FGS Logger Transaction failed, -129
06-04 20:45:54.018 E/TaskPersister( 707): File error accessing recents directory (directory doesn't exist?).
06-04 20:45:54.039 D/XM_HIDREAD( 1910): poll ret=1, event=1
06-04 20:45:54.039 D/XM_HIDREAD( 1910): [9 bytes]:01 00 00 29 00 00 00 00 00
06-04 20:45:54.055 I/audio_hw_hal_primary( 491): [register_audio_patch:8215] Patch 8:id:8 mix(io:13)->dev_0[OUT_HDMI(id:65)] found, register the same patch, do nothing.
06-04 20:45:54.055 I/audio_hw_hal_primary( 491): [adev_create_audio_patch:8316] Patch 8: MIX->DEVICE, num_src:1 num_sink:1 patch_src:INVAL
06-04 20:45:54.055 I/audio_hw_hal_primary( 491): [adev_create_audio_patch:8320] sink[0]: OUT_HDMI(id:65)
06-04 20:45:54.055 I/audio_hw_hal_primary( 491): [adev_create_audio_patch:8377] Patch 8: mix(io:13) -> dev[OUT_HDMI(id:65)]
06-04 20:45:54.055 I/audio_hw_hal_primary( 491): [adev_create_audio_patch:8445] dev=0xe71c0010 cur_out_device=0x400
06-04 20:45:54.055 D/UEventObserver( 1030): change@/devices/platform/auge_sound/sound/card0/controlC0ACTION=changeDEVPATH=/devices/platform/auge_sound/sound/card0/controlC0SUBSYSTEM=soundAUDIO_FORMAT=0MAJOR=116MINOR=13DEVNAME=snd/controlC0SEQNUM=3797
06-04 20:45:54.057 W/IPCThreadState( 542): Sending oneway calls to frozen process.
06-04 20:45:54.063 D/audioserver( 542): logFgsApiBegin: FGS Logger Transaction failed, -129
06-04 20:45:54.066 I/SogouIME( 1396): onKeyDown: keyoCode=4
06-04 20:45:54.066 I/DefaultIMS( 1396): onKeyDown: keyoCode=4
06-04 20:45:54.085 I/audio_hw_hal_primary( 491): out_update_source_metadata_v7() line 2013 usage:1 content_type:2
06-04 20:45:54.152 D/XM_HIDREAD( 1910): poll ret=1, event=1
06-04 20:45:54.153 D/XM_HIDREAD( 1910): [9 bytes]:01 00 00 00 00 00 00 00 00
06-04 20:45:54.156 I/SogouIME( 1396): onKeyUp: keyoCode=4
06-04 20:45:54.156 I/DefaultIMS( 1396): onKeyUp: keyoCode=4
06-04 20:45:54.160 D/audioserver( 542): logFgsApiBegin: FGS Logger Transaction failed, -129
06-04 20:45:54.161 I/SogouIME( 1396): onKeyDown: keyoCode=22
06-04 20:45:54.161 I/DefaultIMS( 1396): onKeyDown: keyoCode=22
06-04 20:45:54.167 I/SogouIME( 1396): onKeyUp: keyoCode=22
06-04 20:45:54.167 I/DefaultIMS( 1396): onKeyUp: keyoCode=22
06-04 20:45:54.170 I/audio_hw_hal_primary( 491): out_update_source_metadata_v7() line 2013 usage:1 content_type:2
06-04 20:45:54.255 I/audio_hw_hal_primary( 491): [audiohal_get_latency:1333] io 13: out:0xe6245d80 frames:1152 rate:48000 whole_latency:24 alsa_latency:24
06-04 20:45:54.300 I/audio_hw_hal_primary( 491): [audiohal_get_latency:1333] io 13: out:0xe6245d80 frames:1152 rate:48000 whole_latency:24 alsa_latency:24
06-04 20:45:54.341 I/audio_hw_hal_primary( 491): [audiohal_get_latency:1333] io 13: out:0xe6245d80 frames:1152 rate:48000 whole_latency:24 alsa_latency:24
06-04 20:45:54.341 I/audio_hw_hal_primary( 491): [audiohal_get_latency:1333] io 13: out:0xe6245d80 frames:1152 rate:48000 whole_latency:24 alsa_latency:24
06-04 20:45:54.363 I/audio_hw_hal_primary( 491): [audiohal_get_latency:1333] io 13: out:0xe6245d80 frames:1152 rate:48000 whole_latency:24 alsa_latency:24
06-04 20:45:54.363 I/audio_hw_hal_primary( 491): [audiohal_get_latency:1333] io 13: out:0xe6245d80 frames:1152 rate:48000 whole_latency:24 alsa_latency:24
06-04 20:45:54.383 I/audio_hw_hal_primary( 491): [audiohal_get_latency:1333] io 13: out:0xe6245d80 frames:1152 rate:48000 whole_latency:24 alsa_latency:24
06-04 20:45:54.384 I/audio_hw_hal_primary( 491): [audiohal_get_latency:1333] io 13: out:0xe6245d80 frames:1152 rate:48000 whole_latency:24 alsa_latency:24
06-04 20:45:54.405 I/audio_hw_hal_primary( 491): [audiohal_get_latency:1333] io 13: out:0xe6245d80 frames:1152 rate:48000 whole_latency:24 alsa_latency:24
06-04 20:45:54.405 I/audio_hw_hal_primary( 491): [audiohal_get_latency:1333] io 13: out:0xe6245d80 frames:1152 rate:48000 whole_latency:24 alsa_latency:24
06-04 20:45:54.406 D/audioserver( 542): logFgsApiEnd: FGS Logger Transaction failed, -129
06-04 20:45:54.406 I/audio_hw_hal_primary( 491): out_update_source_metadata_v7() line 2013 usage:1 content_type:2
06-04 20:45:54.426 I/audio_hw_hal_primary( 491): [audiohal_get_latency:1333] io 13: out:0xe6245d80 frames:1152 rate:48000 whole_latency:24 alsa_latency:24
06-04 20:45:54.447 I/audio_hw_hal_primary( 491): [audiohal_get_latency:1333] io 13: out:0xe6245d80 frames:1152 rate:48000 whole_latency:24 alsa_latency:24
06-04 20:45:54.469 I/audio_hw_hal_primary( 491): [audiohal_get_latency:1333] io 13: out:0xe6245d80 frames:1152 rate:48000 whole_latency:24 alsa_latency:24
06-04 20:45:54.490 I/audio_hw_hal_primary( 491): [audiohal_get_latency:1333] io 13: out:0xe6245d80 frames:1152 rate:48000 whole_latency:24 alsa_latency:24
06-04 20:45:54.491 D/audioserver( 542): logFgsApiEnd: FGS Logger Transaction failed, -129
06-04 20:45:54.849 D/XM_HIDREAD( 1910): poll ret=1, event=1
06-04 20:45:54.849 D/XM_HIDREAD( 1910): [9 bytes]:01 00 00 29 00 00 00 00 00
06-04 20:45:54.865 I/audio_hw_hal_primary( 491): [register_audio_patch:8215] Patch 8:id:8 mix(io:13)->dev_0[OUT_HDMI(id:65)] found, register the same patch, do nothing.
06-04 20:45:54.865 I/audio_hw_hal_primary( 491): [adev_create_audio_patch:8316] Patch 8: MIX->DEVICE, num_src:1 num_sink:1 patch_src:INVAL
06-04 20:45:54.865 I/audio_hw_hal_primary( 491): [adev_create_audio_patch:8320] sink[0]: OUT_HDMI(id:65)
06-04 20:45:54.865 I/audio_hw_hal_primary( 491): [adev_create_audio_patch:8377] Patch 8: mix(io:13) -> dev[OUT_HDMI(id:65)]
06-04 20:45:54.865 I/audio_hw_hal_primary( 491): [adev_create_audio_patch:8445] dev=0xe71c0010 cur_out_device=0x400
06-04 20:45:54.865 D/UEventObserver( 1030): change@/devices/platform/auge_sound/sound/card0/controlC0ACTION=changeDEVPATH=/devices/platform/auge_sound/sound/card0/controlC0SUBSYSTEM=soundAUDIO_FORMAT=0MAJOR=116MINOR=13DEVNAME=snd/controlC0SEQNUM=3798
06-04 20:45:54.869 W/IPCThreadState( 542): Sending oneway calls to frozen process.
06-04 20:45:54.873 D/audioserver( 542): logFgsApiBegin: FGS Logger Transaction failed, -129
06-04 20:45:54.874 I/SogouIME( 1396): onKeyDown: keyoCode=4
06-04 20:45:54.874 I/DefaultIMS( 1396): onKeyDown: keyoCode=4
06-04 20:45:54.896 I/audio_hw_hal_primary( 491): out_update_source_metadata_v7() line 2013 usage:1 content_type:2
06-04 20:45:54.984 D/XM_HIDREAD( 1910): poll ret=1, event=1
06-04 20:45:54.984 D/XM_HIDREAD( 1910): [9 bytes]:01 00 00 00 00 00 00 00 00
06-04 20:45:54.987 I/SogouIME( 1396): onKeyUp: keyoCode=4
06-04 20:45:54.987 I/DefaultIMS( 1396): onKeyUp: keyoCode=4
06-04 20:45:54.993 V/WindowManagerShell( 912): Transition requested: android.os.BinderProxy@4471cf TransitionRequestInfo { type = 2, triggerTask = TaskInfo{userId=0 taskId=70 displayId=0 isRunning=false baseIntent=Intent { dat=haqu://setting:8080/... flg=0x10000000 pkg=com.dangbei.haqusetting cmp=com.dangbei.haqusetting/.ui.HomeActivity } baseActivity=null topActivity=null origActivity=null realActivity=ComponentInfo{com.dangbei.haqusetting/com.dangbei.haqusetting.ui.HomeActivity} numActivities=0 lastActiveTime=2216782 supportsMultiWindow=true resizeMode=1 isResizeable=true minWidth=-1 minHeight=-1 defaultMinSize=220 token=WCT{android.window.IWindowContainerToken$Stub$Proxy@cebb75c} topActivityType=1 pictureInPictureParams=null shouldDockBigOverlays=false launchIntoPipHostTaskId=-1 lastParentTaskIdBeforePip=-1 displayCutoutSafeInsets=null topActivityInfo=null launchCookies=[] positionInParent=Point(0, 0) parentTaskId=-1 isFocused=true isVisible=true isVisibleRequested=true isSleeping=false topActivityInSizeCompat=false topActivityEligibleForLetterboxEducation= false isLetterboxDoubleTapEnabled= false topActivityEligibleForUserAspectRatioButton= false topActivityBoundsLetterboxed= false isFromLetterboxDoubleTap= false topActivityLetterboxVerticalPosition= -1 topActivityLetterboxHorizontalPosition= -1 topActivityLetterboxWidth=-1 topActivityLetterboxHeight=-1 isUserFullscreenOverrideEnabled=false isTopActivityTransparent=false locusId=null displayAreaFeatureId=1 cameraCompatControlState=hidden}, remoteTransition = null, displayChange = null, flags = 0 }
06-04 20:45:55.005 V/WindowManager( 707): app ------------- force_land :0
06-04 20:45:55.012 I/hq ( 1414): 当小贝:::showMessage from=mActivityLifecycleCallbacks
06-04 20:45:55.013 I/hq ( 1414): 当小贝:::showMessage 没有消息需要显示
06-04 20:45:55.015 I/BpBinder( 265): onLastStrongRef automatically unlinking death recipients:
06-04 20:45:55.018 W/ActivityTaskManager( 707): Finishing task with all activities already finished
06-04 20:45:55.019 W/ActivityTaskManager( 707): Duplicate finish request for r=ActivityRecord{71528fe u0 com.dangbei.haqusetting/.ui.HomeActivity t70 f}}
06-04 20:45:55.020 V/WindowManager( 707): Sent Transition #14 createdAt=06-04 20:45:54.990 via request=TransitionRequestInfo { type = 2, triggerTask = TaskInfo{userId=0 taskId=70 displayId=0 isRunning=false baseIntent=Intent { dat=haqu://setting:8080/... flg=0x10000000 pkg=com.dangbei.haqusetting cmp=com.dangbei.haqusetting/.ui.HomeActivity } baseActivity=null topActivity=null origActivity=null realActivity=ComponentInfo{com.dangbei.haqusetting/com.dangbei.haqusetting.ui.HomeActivity} numActivities=0 lastActiveTime=2216782 supportsMultiWindow=true resizeMode=1 isResizeable=true minWidth=-1 minHeight=-1 defaultMinSize=220 token=WCT{RemoteToken{e02ab44 Task{8f4085f #70 type=standard A=1000:com.dangbei.haqusetting}}} topActivityType=1 pictureInPictureParams=null shouldDockBigOverlays=false launchIntoPipHostTaskId=-1 lastParentTaskIdBeforePip=-1 displayCutoutSafeInsets=null topActivityInfo=null launchCookies=[] positionInParent=Point(0, 0) parentTaskId=-1 isFocused=true isVisible=true isVisibleRequested=true isSleeping=false topActivityInSizeCompat=false topActivityEligibleForLetterboxEducation= false isLetterboxDoubleTapEnabled= false topActivityEligibleForUserAspectRatioButton= false topActivityBoundsLetterboxed= false isFromLetterboxDoubleTap= false topActivityLetterboxVerticalPosition= -1 topActivityLetterboxHorizontalPosition= -1 topActivityLetterboxWidth=-1 topActivityLetterboxHeight=-1 isUserFullscreenOverrideEnabled=false isTopActivityTransparent=false locusId=null displayAreaFeatureId=1 cameraCompatControlState=hidden}, remoteTransition = null, displayChange = null, flags = 0 }
06-04 20:45:55.020 V/WindowManager( 707): startWCT=WindowContainerTransaction { changes = {} hops = [] errorCallbackToken=null taskFragmentOrganizer=null }
06-04 20:45:55.020 V/WindowManager( 707): info={id=14 t=CLOSE f=0x0 trk=0 r=[0@Point(0, 0)] c=[{WCT{RemoteToken{e02ab44 Task{8f4085f #70 type=standard A=1000:com.dangbei.haqusetting}}} m=CLOSE f=TRANSLUCENT leash=Surface(name=Task=70)/@0x4f789f1 sb=Rect(0, 0 - 1920, 1080) eb=Rect(0, 0 - 1920, 1080) d=0}]}
06-04 20:45:55.021 V/WindowManagerShell( 912): onTransitionReady android.os.BinderProxy@4471cf: {id=14 t=CLOSE f=0x0 trk=0 r=[0@Point(0, 0)] c=[{WCT{android.window.IWindowContainerToken$Stub$Proxy@c405beb} m=CLOSE f=TRANSLUCENT leash=Surface(name=Task=70)/@0xf634a65 sb=Rect(0, 0 - 1920, 1080) eb=Rect(0, 0 - 1920, 1080) d=0}]}
06-04 20:45:55.022 V/WindowManagerShell( 912): Playing animation for (#14)android.os.BinderProxy@4471cf@0
06-04 20:45:55.023 V/WindowManagerShell( 912): try handler com.android.wm.shell.keyguard.KeyguardTransitionHandler@2341eeb
06-04 20:45:55.023 V/WindowManagerShell( 912): try handler com.android.wm.shell.pip.tv.TvPipTransition@65ef448
06-04 20:45:55.024 V/WindowManagerShell( 912): try handler com.android.wm.shell.activityembedding.ActivityEmbeddingController@c8c22e1
06-04 20:45:55.024 V/WindowManagerShell( 912): try handler com.android.wm.shell.transition.RemoteTransitionHandler@5519806
06-04 20:45:55.024 V/WindowManagerShell( 912): Transition doesn't have explicit remote, search filters for match for {id=14 t=CLOSE f=0x0 trk=0 r=[0@Point(0, 0)] c=[{WCT{android.window.IWindowContainerToken$Stub$Proxy@c405beb} m=CLOSE f=TRANSLUCENT leash=Surface(name=Task=70)/@0xf634a65 sb=Rect(0, 0 - 1920, 1080) eb=Rect(0, 0 - 1920, 1080) d=0}]}
06-04 20:45:55.024 V/WindowManagerShell( 912): Delegate animation for #14 to null
06-04 20:45:55.024 V/WindowManagerShell( 912): try handler com.android.wm.shell.transition.DefaultTransitionHandler@ab3bec7
06-04 20:45:55.024 V/WindowManagerShell( 912): start default transition animation, info = {id=14 t=CLOSE f=0x0 trk=0 r=[0@Point(0, 0)] c=[{WCT{android.window.IWindowContainerToken$Stub$Proxy@c405beb} m=CLOSE f=TRANSLUCENT leash=Surface(name=Task=70)/@0xf634a65 sb=Rect(0, 0 - 1920, 1080) eb=Rect(0, 0 - 1920, 1080) d=0}]}
06-04 20:45:55.024 V/WindowManagerShell( 912): loadAnimation: anim=android.view.animation.AlphaAnimation@62aed48 animAttr=0x7 type=CLOSE isEntrance=false
06-04 20:45:55.026 V/WindowManagerShell( 912): animated by com.android.wm.shell.transition.DefaultTransitionHandler@ab3bec7
06-04 20:45:55.027 D/MobclickAgent( 1414): 延续上一个会话: 5331069FE4672071CC018C0EFA662BCC
06-04 20:45:55.031 W/SQLiteLog( 1414): (28) double-quoted string literal: "5331069FE4672071CC018C0EFA662BCC"
06-04 20:45:55.031 W/SQLiteLog( 1414): (28) double-quoted string literal: ""
06-04 20:45:55.031 W/SQLiteLog( 1414): (28) double-quoted string literal: "5331069FE4672071CC018C0EFA662BCC"
06-04 20:45:55.031 W/SQLiteLog( 1414): (28) double-quoted string literal: "-1"
06-04 20:45:55.041 D/TrafficStats( 1414): tagSocket(125) with statsTag=0xffffffff, statsUid=-1
06-04 20:45:55.041 I/ImeTracker( 707): com.dangbei.leard.leradlauncher:88699271: onRequestHide at ORIGIN_SERVER_HIDE_INPUT reason HIDE_ALWAYS_HIDDEN_STATE
06-04 20:45:55.041 I/ImeTracker( 707): com.dangbei.leard.leradlauncher:88699271: onCancelled at PHASE_SERVER_SHOULD_HIDE
06-04 20:45:55.043 I/DefaultIMS( 1396): onStartInput attribute=android.view.inputmethod.EditorInfo@b3ab20 restarting=false inputType: 0
06-04 20:45:55.053 D/TrafficStats( 1414): tagSocket(127) with statsTag=0xffffffff, statsUid=-1
06-04 20:45:55.063 W/WindowOnBackDispatcher( 4242): sendCancelIfRunning: isInProgress=falsecallback=android.view.ViewRootImpl$$ExternalSyntheticLambda17@a3b4421
06-04 20:45:55.063 D/CoreBackPreview( 707): Window{816d70a u0 com.dangbei.haqusetting/com.dangbei.haqusetting.ui.HomeActivity}: Setting back callback null
06-04 20:45:55.066 I/audio_hw_hal_primary( 491): [audiohal_get_latency:1333] io 13: out:0xe6245d80 frames:1152 rate:48000 whole_latency:24 alsa_latency:24
06-04 20:45:55.069 I/WifiHAL ( 524): call wifi_get_link_stats handler
06-04 20:45:55.069 I/WifiHAL ( 524): Creating message to get link statistics; iface = 16
06-04 20:45:55.069 D/WifiHAL ( 524): error code -95 mapped to -3
06-04 20:45:55.071 W/InputManager-JNI( 707): Input channel object '816d70a com.dangbei.haqusetting/com.dangbei.haqusetting.ui.HomeActivity (client)' was disposed without first being removed with the input manager!
06-04 20:45:55.071 E/WifiStaIfaceAidlImpl( 707): getLinkLayerStats failed with service-specific exception: android.os.ServiceSpecificException: (code 4)
06-04 20:45:55.087 I/audio_hw_hal_primary( 491): [audiohal_get_latency:1333] io 13: out:0xe6245d80 frames:1152 rate:48000 whole_latency:24 alsa_latency:24
06-04 20:45:55.105 W/ContextImpl( 707): Calling a method in the system process without a qualified user: android.app.ContextImpl.startService:1899 com.android.server.wm.DisplayPolicy.lambda$focusChangedLw$5:2126 com.android.server.wm.DisplayPolicy.$r8$lambda$Znxk63oh-WzVnzo_WQefN7uxV48:0 com.android.server.wm.DisplayPolicy$$ExternalSyntheticLambda13.run:0 android.os.Handler.handleCallback:958
06-04 20:45:55.109 I/audio_hw_hal_primary( 491): [audiohal_get_latency:1333] io 13: out:0xe6245d80 frames:1152 rate:48000 whole_latency:24 alsa_latency:24
06-04 20:45:55.109 D/aaa ( 1430): LedStatusService onStartCommand begin
06-04 20:45:55.109 D/aaa ( 1430): topPkg is -------------- :com.dangbei.leard.leradlauncher
06-04 20:45:55.110 D/WindowManagerShell( 912): TvPipController: onTaskStackChanged()
06-04 20:45:55.113 D/aaa ( 1430): WiFi is connect
06-04 20:45:55.118 I/binder:461_6( 461): type=1400 audit(0.0:1621): avc: denied { add_name } for name="globalAlert" scontext=u:r:netd:s0 tcontext=u:object_r:proc_net:s0 tclass=dir permissive=1
06-04 20:45:55.131 I/audio_hw_hal_primary( 491): [audiohal_get_latency:1333] io 13: out:0xe6245d80 frames:1152 rate:48000 whole_latency:24 alsa_latency:24
06-04 20:45:55.151 I/audio_hw_hal_primary( 491): [audiohal_get_latency:1333] io 13: out:0xe6245d80 frames:1152 rate:48000 whole_latency:24 alsa_latency:24
06-04 20:45:55.173 I/audio_hw_hal_primary( 491): [audiohal_get_latency:1333] io 13: out:0xe6245d80 frames:1152 rate:48000 whole_latency:24 alsa_latency:24
06-04 20:45:55.194 I/audio_hw_hal_primary( 491): [audiohal_get_latency:1333] io 13: out:0xe6245d80 frames:1152 rate:48000 whole_latency:24 alsa_latency:24
06-04 20:45:55.216 I/audio_hw_hal_primary( 491): [audiohal_get_latency:1333] io 13: out:0xe6245d80 frames:1152 rate:48000 whole_latency:24 alsa_latency:24
06-04 20:45:55.216 D/audioserver( 542): logFgsApiEnd: FGS Logger Transaction failed, -129
06-04 20:45:55.290 W/System ( 707): A resource failed to call release.
06-04 20:45:55.430 V/WindowManagerShell( 912): Transition animation finished (aborted=false), notifying core (#14)android.os.BinderProxy@4471cf@0
06-04 20:45:55.434 V/WindowManager( 707): Finish Transition #14: created at
06-04 20:45:54.990 collect-started=0.105ms request-sent=0.267ms started=7.172ms ready=16.112ms sent=22.0ms finished=442.959ms
06-04 20:45:55.441 V/WindowManagerShell( 912): Track 0 became idle
06-04 20:45:55.441 V/WindowManagerShell( 912): All active transition animations finished
06-04 20:45:55.619 I/audio_hw_hal_alsamgr( 491): alsa format =0x1 delay frames =1024 total frames=106142720
06-04 20:45:58.031 D/audio_hw_hal_primary( 491): [out_standby_new:5767] io 13: out:0xe6245d80 usecase:PCM_NORMAL
06-04 20:45:58.031 I/audio_hw_hal_primary( 491): [do_output_standby_l:5663] io 13: out:0xe6245d80, stream usecase:PCM_NORMAL, continuous:1
06-04 20:45:58.031 I/audio_hw_hal_primary( 491): [usecase_change_validate_l:7436] ++ io 13: out:0xe6245d80 dev masks:0x1 is_standby:1 out usecase:PCM_NORMAL
06-04 20:45:58.031 I/audio_hw_hal_ms12common( 491): aml_set_ms12_scheduler_state ms12_scheduler_state:1, sch_state:1 SCHEDULER_STANDBY is sent to ms12
06-04 20:45:58.031 I/audio_hw_hal_primary( 491): [usecase_change_validate_l:7477] -- dev masks:0 is_standby:1 out usecase PCM_NORMAL
06-04 20:45:58.031 D/audio_hw_hal_primary( 491): [out_standby_new:5790] io 13: out:0xe6245d80 usecase:PCM_NORMAL exit
06-04 20:45:58.078 I/WifiHAL ( 524): call wifi_get_link_stats handler
06-04 20:45:58.078 I/WifiHAL ( 524): Creating message to get link statistics; iface = 16
06-04 20:45:58.078 D/WifiHAL ( 524): error code -95 mapped to -3
06-04 20:45:58.079 E/WifiStaIfaceAidlImpl( 707): getLinkLayerStats failed with service-specific exception: android.os.ServiceSpecificException: (code 4)
06-04 20:45:58.093 D/libdolbyms12( 491): continuous underrun 2
06-04 20:45:58.132 D/WanClient( 1349): sendHeartMessage
06-04 20:45:58.133 D/WanClient( 1349): -----final------sendMessage: {"type":"2bKPMh2jwmQ="}
06-04 20:45:58.144 D/WanClient( 1349): onMessage:Thread[WebSocketConnectReadThread-71,5,main]--{"msg":"+MSejyjwlbc="}
06-04 20:45:58.145 D/WanClient( 1349): onMessageReceived:Thread[WebSocketConnectReadThread-71,5,main] {"msg":"+MSejyjwlbc="}
06-04 20:45:58.145 D/WanClient( 1349): type: null
06-04 20:45:58.145 D/WanClient( 1349): send:HB7FxtN64oc=
06-04 20:45:58.145 D/WanClient( 1349): leave:uQ3qCmhm4oA=
06-04 20:45:58.145 D/WanClient( 1349): join:7EsoetslBbs=
06-04 20:45:58.145 D/WanClient( 1349): ITtylgY8LAxdmHmRQSo49Q==
06-04 20:45:58.195 I/TDLog ( 2071): [APP] New data found, Submitting...
06-04 20:45:58.204 D/TrafficStats( 2071): tagSocket(92) with statsTag=0xffffffff, statsUid=-1
06-04 20:45:58.209 I/TDLog ( 2071): [APP] Failed to submit data!
06-04 20:45:58.447 E/TaskPersister( 707): File error accessing recents directory (directory doesn't exist?).
06-04 20:46:00.952 I/audio_hw_hal_alsamgr( 491): alsa format =0x1 delay frames =1024 total frames=106398720
06-04 20:46:00.984 D/bt_vendor( 492): op for 7
06-04 20:46:00.984 D/bt_upio ( 492): upio_set : pio 0 action 1, polarity 1
06-04 20:46:00.984 D/bt_upio ( 492): begin open btwrite.
06-04 20:46:00.984 E/bt_upio ( 492): upio_set : open(/proc/bluetooth/sleep/btwrite) for write failed: No such file or directory (2)
06-04 20:46:01.031 D/audio_hw_hal_ms12common( 491): func:ms12_timer_callback_handler sigv:0 ~~~~~~~~~~
06-04 20:46:01.032 D/audio_hw_hal_ms12v2( 491): set_dolby_ms12_continuous_state audio_continuous_standby_set status 1
06-04 20:46:01.032 D/audio_hw_hal_continuous_standby( 491): audio_continuous_standby_set, type 0, params 1
06-04 20:46:01.032 D/audio_hw_hal_ms12common( 491): aml_send_ms12_scheduler_state_2_ms12 adev:0xe71c0010, sch_state:1(SCHEDULER_STANDBY)
06-04 20:46:01.085 I/WifiHAL ( 524): call wifi_get_link_stats handler
06-04 20:46:01.086 I/WifiHAL ( 524): Creating message to get link statistics; iface = 16
06-04 20:46:01.086 D/WifiHAL ( 524): error code -95 mapped to -3
06-04 20:46:01.086 E/WifiStaIfaceAidlImpl( 707): getLinkLayerStats failed with service-specific exception: android.os.ServiceSpecificException: (code 4)
06-04 20:46:01.323 D/UtilLog ( 2071): 日志批量上报 进行正常循环 !!!!!!本次有0次请求,共0条数据
06-04 20:46:04.092 I/WifiHAL ( 524): call wifi_get_link_stats handler
06-04 20:46:04.092 I/WifiHAL ( 524): Creating message to get link statistics; iface = 16
06-04 20:46:04.093 D/WifiHAL ( 524): error code -95 mapped to -3
06-04 20:46:04.093 E/WifiStaIfaceAidlImpl( 707): getLinkLayerStats failed with service-specific exception: android.os.ServiceSpecificException: (code 4)
06-04 20:46:07.100 I/WifiHAL ( 524): call wifi_get_link_stats handler
06-04 20:46:07.100 I/WifiHAL ( 524): Creating message to get link statistics; iface = 16
06-04 20:46:07.100 D/WifiHAL ( 524): error code -95 mapped to -3
06-04 20:46:07.101 E/WifiStaIfaceAidlImpl( 707): getLinkLayerStats failed with service-specific exception: android.os.ServiceSpecificException: (code 4)
06-04 20:46:10.105 I/WifiHAL ( 524): call wifi_get_link_stats handler
06-04 20:46:10.105 I/WifiHAL ( 524): Creating message to get link statistics; iface = 16
06-04 20:46:10.105 D/WifiHAL ( 524): error code -95 mapped to -3
06-04 20:46:10.105 E/WifiStaIfaceAidlImpl( 707): getLinkLayerStats failed with service-specific exception: android.os.ServiceSpecificException: (code 4)
06-04 20:46:11.322 D/UtilLog ( 2071): 日志批量上报 进行正常循环 !!!!!!本次有0次请求,共0条数据
06-04 20:46:13.111 I/WifiHAL ( 524): call wifi_get_link_stats handler
06-04 20:46:13.111 I/WifiHAL ( 524): Creating message to get link statistics; iface = 16
06-04 20:46:13.112 D/WifiHAL ( 524): error code -95 mapped to -3
06-04 20:46:13.112 E/WifiStaIfaceAidlImpl( 707): getLinkLayerStats failed with service-specific exception: android.os.ServiceSpecificException: (code 4)
06-04 20:46:16.116 I/WifiHAL ( 524): call wifi_get_link_stats handler
06-04 20:46:16.116 I/WifiHAL ( 524): Creating message to get link statistics; iface = 16
06-04 20:46:16.116 D/WifiHAL ( 524): error code -95 mapped to -3
06-04 20:46:16.117 E/WifiStaIfaceAidlImpl( 707): getLinkLayerStats failed with service-specific exception: android.os.ServiceSpecificException: (code 4)
06-04 20:46:18.132 D/WanClient( 1349): sendHeartMessage
06-04 20:46:18.133 D/WanClient( 1349): -----final------sendMessage: {"type":"2bKPMh2jwmQ="}
06-04 20:46:18.152 D/WanClient( 1349): onMessage:Thread[WebSocketConnectReadThread-71,5,main]--{"msg":"+MSejyjwlbc="}
06-04 20:46:18.155 D/WanClient( 1349): onMessageReceived:Thread[WebSocketConnectReadThread-71,5,main] {"msg":"+MSejyjwlbc="}
06-04 20:46:18.155 D/WanClient( 1349): type: null
06-04 20:46:18.155 D/WanClient( 1349): send:HB7FxtN64oc=
06-04 20:46:18.155 D/WanClient( 1349): leave:uQ3qCmhm4oA=
06-04 20:46:18.155 D/WanClient( 1349): join:7EsoetslBbs=
06-04 20:46:18.155 D/WanClient( 1349): ITtylgY8LAxdmHmRQSo49Q==
06-04 20:46:19.120 I/WifiHAL ( 524): call wifi_get_link_stats handler
06-04 20:46:19.120 I/WifiHAL ( 524): Creating message to get link statistics; iface = 16
06-04 20:46:19.121 D/WifiHAL ( 524): error code -95 mapped to -3
06-04 20:46:19.121 E/WifiStaIfaceAidlImpl( 707): getLinkLayerStats failed with service-specific exception: android.os.ServiceSpecificException: (code 4)
06-04 20:46:21.140 V/WindowManager( 707): app ------------- force_land :0
06-04 20:46:21.141 I/SystemControl( 318): [/UEventObserver.cpp, HDMITxUenventThreadLoop, 451] HDMI TX switch_name:hdmitx_hpd, switch_state: 0
06-04 20:46:21.141 I/SystemControl( 318): [/DisplayMode.cpp, onTxEvent, 3267] onTxEvent switchName:hdmitx_hpd hpdstate:0 state: 1
06-04 20:46:21.141 I/SystemControl( 318): [/SysWrite.cpp, getKernelReleaseVersion, 701] getKernelReleaseVersion: 5.15
06-04 20:46:21.141 I/SystemControl( 318): [/SystemControlHal.cpp, onEvent, 72] onEvent event:2, client size:5
06-04 20:46:21.141 I/SystemControlClient( 499): notifyCallback event type:2
06-04 20:46:21.141 I/SystemControlClient( 499): notifyCallback: listener is NULL.
06-04 20:46:21.142 I/SystemControl( 318): [/Ubootenv.cpp, get, 336] [ubootenv] get key:hdmimode envValue: none
06-04 20:46:21.142 I/SystemControl( 318): [/Ubootenv.cpp, get, 336] [ubootenv] get key:user_colorattribute envValue: 420,10bit
06-04 20:46:21.142 I/SystemControl( 318): [/Ubootenv.cpp, get, 345] [ubootenv] search end and not find env:hdr_force_mode
06-04 20:46:21.142 I/SystemControl( 318): [/DisplayMode.cpp, gethdrforcemode, 2742] get hdr force mode is [2]
06-04 20:46:21.142 I/SystemControl( 318): [/Ubootenv.cpp, get, 336] [ubootenv] get key:hdr_policy envValue: 0
06-04 20:46:21.142 I/SystemControl( 318): [/DisplayMode.cpp, getHdrStrategy, 2758] getHdrStrategy is [0]
06-04 20:46:21.142 I/SystemControl( 318): [/Ubootenv.cpp, get, 336] [ubootenv] get key:hdr_priority envValue: 268435472
06-04 20:46:21.142 I/SystemControl( 318): [/DisplayMode.cpp, getHdrPriority, 2891] getHdrPriority is [0x10000010]
06-04 20:46:21.142 I/SystemControl( 318): [/DisplayMode.cpp, getCommonData, 1534] isbestcolorspace:0, isbestpolicy:1, hdr_policy:0, hdr_priority :268435472, hdr_force_mode:2
06-04 20:46:21.142 I/SystemControlClient( 498): notifyCallback event type:2
06-04 20:46:21.142 I/SystemControlClient( 498): notifyCallback: listener is NULL.
06-04 20:46:21.142 I/SystemControl( 318): [/Ubootenv.cpp, get, 345] [ubootenv] search end and not find env:connector_type
06-04 20:46:21.142 I/SystemControlClient( 245): notifyCallback event type:2
06-04 20:46:21.142 I/SystemControlClient( 245): notifyCallback: listener is NULL.
06-04 20:46:21.143 I/SystemControlClient( 497): notifyCallback event type:2
06-04 20:46:21.143 I/SystemControlClient( 497): notifyCallback: listener is NULL.
06-04 20:46:21.143 I/SystemControlEvent( 1030): system control callback event: 2
06-04 20:46:21.146 D/DisplayManagerService( 707): Ignore redundant display event 0/2 to 10075/3469
06-04 20:46:21.147 E/ccc ( 1349): cccccc hdmi plug reset
06-04 20:46:21.148 V/MesonDisplayServer( 296): GetDisplayMode:2160p60hz
06-04 20:46:21.148 I/SystemControl( 318): [/DisplayMode.cpp, getDisplayMode, 2331] getDisplayMode mode:2160p60hz
06-04 20:46:21.148 I/SystemControl( 318): [/Ubootenv.cpp, get, 336] [ubootenv] get key:hdmimode envValue: none
06-04 20:46:21.148 I/SystemControl( 318): [/Ubootenv.cpp, get, 336] [ubootenv] get key:cvbsmode envValue: 576cvbs
06-04 20:46:21.148 I/SystemControl( 318): [/DisplayMode.cpp, getCommonData, 1542] hdmi_current_mode:2160p60hz, ubootenv hdmimode:none cvbsmode:576cvbs
06-04 20:46:21.149 D/MesonDisplayServer( 296): use connector getDisplayAttribute "HDMI Color ATTR": "420,10bit"
06-04 20:46:21.149 I/SystemControl( 318): [/Ubootenv.cpp, get, 336] [ubootenv] get key:user_colorattribute envValue: 420,10bit
06-04 20:46:21.149 I/SystemControl( 318): [/DisplayMode.cpp, getCommonData, 1554] hdmi_current_attr:420,10bit, ubootenv_colorattribute:420,10bit
06-04 20:46:21.149 I/SystemControl( 318): [/Ubootenv.cpp, get, 345] [ubootenv] search end and not find env:dv_enable
06-04 20:46:21.149 I/SystemControl( 318): [/DisplayMode.cpp, getCommonData, 1567] dv_enable:0
06-04 20:46:21.149 I/SystemControl( 318): [/Ubootenv.cpp, get, 345] [ubootenv] search end and not find env:user_prefer_dv_type
06-04 20:46:21.149 I/SystemControl( 318): [/DisplayMode.cpp, getCommonData, 1578] ubootenv_dv_type:0
06-04 20:46:21.149 I/SystemControl( 318): [/DisplayMode.cpp, getHdmiData, 1721] display sink type:0 [0:none, 1:sink, 2:repeater]
06-04 20:46:21.149 I/SystemControl( 318): [/DisplayMode.cpp, filterHdmiDispcap, 1398] before filtered HdmiDispcap:
06-04 20:46:21.149 I/SystemControl( 318): [/DisplayMode.cpp, filterHdmiDispcap, 1427] after filtered HdmiDispcap:
06-04 20:46:21.150 D/MesonDisplayServer( 296): getDisplayAttribute "Dolby Vision CAP2": "The Rx don't support DolbyVision"
06-04 20:46:21.150 E/SystemControl( 318): [/DisplayMode.cpp, getHdmiDvCap, 1618] TV isn't support dolby vision: The Rx don't support DolbyVision
06-04 20:46:21.150 I/SystemControl( 318): [/DisplayMode.cpp, onTxEvent, 3294] onTxEvent boot config enable do nothing, just return
06-04 20:46:21.150 I/SystemControl( 318): [/UEventObserver.cpp, HDMITxUenventThreadLoop, 451] HDMI TX switch_name:hdmitx_audio, switch_state: 0
06-04 20:46:21.150 I/SystemControl( 318): [/DisplayMode.cpp, onTxEvent, 3267] onTxEvent switchName:hdmitx_audio hpdstate:0 state: 1
06-04 20:46:21.150 I/SystemControl( 318): [/SysWrite.cpp, getKernelReleaseVersion, 701] getKernelReleaseVersion: 5.15
06-04 20:46:21.150 E/ccc ( 1349): cccccc hdmi plug reset
06-04 20:46:21.150 I/SystemControl( 318): [/SystemControlHal.cpp, onEvent, 72] onEvent event:4, client size:5
06-04 20:46:21.151 I/SystemControlClient( 499): notifyCallback event type:4
06-04 20:46:21.151 I/SystemControlClient( 499): notifyCallback: listener is NULL.
06-04 20:46:21.151 I/SystemControlClient( 498): notifyCallback event type:4
06-04 20:46:21.151 I/SystemControlClient( 498): notifyCallback: listener is NULL.
06-04 20:46:21.151 I/SystemControlClient( 245): notifyCallback event type:4
06-04 20:46:21.151 I/SystemControlClient( 245): notifyCallback: listener is NULL.
06-04 20:46:21.152 I/WiredAccessoryManager( 707): MSG_NEW_DEVICE_STATE
06-04 20:46:21.146 I/systemcontrol( 318): type=1400 audit(0.0:1622): avc: denied { call } for scontext=u:r:system_control:s0 tcontext=u:r:hal_oemlock_default:s0 tclass=binder permissive=1
06-04 20:46:21.156 I/SystemControlClient( 497): notifyCallback event type:4
06-04 20:46:21.156 I/SystemControlClient( 497): notifyCallback: listener is NULL.
06-04 20:46:21.156 I/SystemControlEvent( 1030): system control callback event: 4
06-04 20:46:21.146 I/systemcontrol( 318): type=1400 audit(0.0:1623): avc: denied { call } for scontext=u:r:system_control:s0 tcontext=u:r:mediacodec:s0 tclass=binder permissive=1
06-04 20:46:21.157 I/hdmicecd( 509): [HdmiCecControl]:Hotplug event port:0, now:0, prevStatus:1 power:1
06-04 20:46:21.158 I/AS.AudioDeviceInventory( 707): NOISY: adding 0x400
06-04 20:46:21.158 I/AS.AudioDeviceInventory( 707): NOISY: musicDevice changing from NONE to 0x400
06-04 20:46:21.158 I/SystemControl( 318): [/UEventObserver.cpp, HDMITxUenventThreadLoop, 451] HDMI TX switch_name:hdmitx_current_status, switch_state: 58
06-04 20:46:21.161 I/AS.AudioDeviceBroker( 707): broadcast ACTION_AUDIO_BECOMING_NOISY
06-04 20:46:21.162 E/MesonHwc( 296): DrmConnector[HDMI-A] still DISCONNECTED.
06-04 20:46:21.162 D/MesonHwc( 296): ERR: PLEASE FIX NON-IMPLEMENT FUN(update).
06-04 20:46:21.162 I/SystemControl( 318): [/Ubootenv.cpp, get, 345] [ubootenv] search end and not find env:connector_type
06-04 20:46:21.162 E/xxxxxxxxxxxxxxx( 1414): onReceive:mIsHDMIPlugged = false
06-04 20:46:21.162 E/xxxxxxxxxxxxxxx( 1414): onReceive:mIsHDMIPlugged = false
06-04 20:46:21.164 E/MesonHwc( 296): FixedDisplayPipe::getConnectorCfg 15
06-04 20:46:21.164 E/MesonHwc( 296): read screen size 0x0 from vinfo
06-04 20:46:21.164 E/MesonHwc( 296): dolby vision driver is not ready
06-04 20:46:21.164 I/SystemControl( 318): [/Ubootenv.cpp, get, 345] [ubootenv] search end and not find env:connector_type
06-04 20:46:21.165 E/MesonHwc( 296): FixedDisplayPipe::getConnectorCfg 15
06-04 20:46:21.165 D/MesonHwc( 296): ERR: PLEASE FIX NON-IMPLEMENT FUN(update).
06-04 20:46:21.165 E/MesonHwc( 296): read screen size 0x0 from vinfo
06-04 20:46:21.165 E/MesonHwc( 296): dolby vision driver is not ready
06-04 20:46:21.167 E/MesonHwc( 296): Do Nothing in updateDisplayMode .
06-04 20:46:21.167 V/MesonDisplayServer( 296): GetDisplayMode:2160p60hz
06-04 20:46:21.267 D/MesonDisplayServer( 296): SetDisplay[CVBS] Mode to "dummy_l"
06-04 20:46:21.288 E/MesonHwc( 296): waitVBlank failed crtc[63]ret[-1]
06-04 20:46:21.288 W/HWComposer( 265): Ignoring duplicate VSYNC event from HWC for display 4625716335649126413 (t=2248042729000)
06-04 20:46:21.288 E/MesonHwc( 296): wait for hw vsync error:-1
06-04 20:46:21.292 I/SystemControl( 318): [/UEventObserver.cpp, HDMITxUenventThreadLoop, 451] HDMI TX switch_name:hdmitx_current_status, switch_state: 59
06-04 20:46:21.292 E/Scheduler( 265): trackPendingFrame: Invalid present fence
06-04 20:46:21.308 E/Scheduler( 265): trackPendingFrame: Invalid present fence
06-04 20:46:21.323 D/UtilLog ( 2071): 日志批量上报 进行正常循环 !!!!!!本次有0次请求,共0条数据
06-04 20:46:21.330 D/MesonComposer3( 296): halEventcallback onHotplug client3.0
06-04 20:46:21.331 E/MesonHwc( 296): getPort 15
06-04 20:46:21.331 E/MesonHwc( 296): getPort 15
06-04 20:46:21.332 I/SurfaceFlinger( 265): Reconnecting display 4625716335649126413 (HAL ID 0)
06-04 20:46:21.334 E/MesonComposer3( 296): destroyLayer: display:0 failed to destroy layer:304
06-04 20:46:21.334 E/HwcComposer( 265): destroyLayer failed Status(-8, EX_SERVICE_SPECIFIC): '3: '
06-04 20:46:21.334 E/HWC2 ( 265): destroyLayer(0, 304) failed: BadLayer (3)
06-04 20:46:21.336 E/HwcComposer( 265): setClientTargetSlotCount failed Status(-8, EX_SERVICE_SPECIFIC): '4: '
06-04 20:46:21.336 I/FramebufferSurface( 265): Framebuffer size has been limited to [1920x1080] from [3840x2160]
06-04 20:46:21.355 I/Scheduler( 265): Display 4625716335649126413 is the pacesetter
06-04 20:46:21.355 E/SchedulerTimer( 265): Terminated
06-04 20:46:21.356 D/SurfaceFlinger( 265): Setting power mode 2 on display 4625716335649126413
06-04 20:46:21.356 W/EventThread( 265): Failed dispatching Hotplug{displayId=4625716335649126413, connected} for Connection{0xf1442a90, VSyncRequest::None}
06-04 20:46:21.356 W/EventThread( 265): Failed dispatching Hotplug{displayId=4625716335649126413, connected} for Connection{0xf1443110, VSyncRequest::None}
06-04 20:46:21.357 D/SurfaceFlinger( 265): Finished setting power mode 2 on display 4625716335649126413
06-04 20:46:21.360 D/LocalDisplayAdapter( 707): The active mode was changed from SurfaceFlinger or the display device to {id=78, width=3840, height=2160, fps=59.94006, alternativeRefreshRates=[], supportedHdrTypes=[]}
06-04 20:46:21.360 D/LocalDisplayAdapter( 707): New display modes are added and the active mode has changed, use active mode as default mode.
06-04 20:46:21.360 W/LocalDisplayAdapter( 707): DisplayModeSpecs base mode no longer available, using currently active mode.
06-04 20:46:21.362 I/DisplayDeviceRepository( 707): Display device changed: DisplayDeviceInfo{"内置屏幕": uniqueId="local:4625716335649126413", 3840 x 2160, modeId 62, renderFrameRate 59.94006, defaultModeId 62, supportedModes [{id=60, width=1920, height=1080, fps=59.94006, alternativeRefreshRates=[], supportedHdrTypes=[2, 3]}, {id=61, width=1920, height=1080, fps=60.000004, alternativeRefreshRates=[], supportedHdrTypes=[2, 3]}, {id=62, width=3840, height=2160, fps=59.94006, alternativeRefreshRates=[], supportedHdrTypes=[2, 3]}, {id=63, width=3840, height=2160, fps=60.000004, alternativeRefreshRates=[], supportedHdrTypes=[2, 3]}, {id=64, width=3840, height=2160, fps=50.0, alternativeRefreshRates=[], supportedHdrTypes=[2, 3]}, {id=65, width=3840, height=2160, fps=29.97003, alternativeRefreshRates=[], supportedHdrTypes=[2, 3]}, {id=66, width=3840, height=2160, fps=30.000002, alternativeRefreshRates=[], supportedHdrTypes=[2, 3]}, {id=67, width=3840, height=2160, fps=25.0, alternativeRefreshRates=[], supportedHdrTypes=[2, 3]}, {id=68, width=3840, height=2160, fps=23.976025, alternativeRefreshRates=[], supportedHdrTypes=[2, 3]}, {id=69, width=3840, height=2160, fps=24.000002, alternativeRefreshRates=[], supportedHdrTypes=[2, 3]}, {id=70, width=1920, height=1080, fps=50.0, alternativeRefreshRates=[], supportedHdrTypes=[2, 3]}, {id=71, width=1920, height=1080, fps=29.97003, alternativeRefreshRates=[], supportedHdrTypes=[2, 3]}, {id=72, width=1920, height=1080, fps=30.000002, alternativeRefreshRates=[], supportedHdrTypes=[2, 3]}, {id=73, width=1920, height=1080, fps=23.976025, alternativeRefreshRates=[], supportedHdrTypes=[2, 3]}, {id=74, width=1920, height=1080, fps=24.000002, alternativeRefreshRates=[], supportedHdrTypes=[2, 3]}, {id=75, width=1280, height=720, fps=59.94006, alternativeRefreshRates=[], supportedHdrTypes=[2, 3]}, {id=76, width=1280, height=720, fps=60.000004, alternativeRefreshRates=[], supportedHdrTypes=[2, 3]}, {id=77, width=1280, height=720, fps=50.0, alternativeRefreshRates=[], supportedHdrTypes=[2, 3]}], colorMode 0, supportedColorModes [0], hdrCapabilities HdrCapabilities{mSupportedHdrTypes=[2, 3], mMaxLuminance=500.0, mMaxAverageLuminance=500.0, mMinLuminance=0.0}, allmSupported false, gameContentTypeSupported false, density 480, 81.28 x 80.682 dpi, appVsyncOff 2000000, presDeadline 13683333, touch INTERNAL, rotation 0, type INTERNAL, address {port=13, model=0x4031d87fca1678}, deviceProductInfo DeviceProductInfo{name=HUAWEI INC, manufacturerPnpId=HWV, productId=48, modelYear=2019, manufactureDate=null, connectionToSinkType=2}, state ON, committedState ON, frameRateOverride , brightnessMinimum 0.0, brightnessMaximum 1.0, brightnessDefault 0.39763778, hdrSdrRatio NaN, FLAG_ALLOWED_TO_BE_DEFAULT_DISPLAY, FLAG_ROTATES_WITH_CONTENT, FLAG_SECURE, FLAG_SUPPORTS_PROTECTED_BUFFERS, FLAG_TRUSTED, installOrientation 0, displayShape DisplayShape{ spec=-545313861 displayWidth=3840 displayHeight=2160 physicalPixelDisplaySizeRatio=1.0 rotation=0 offsetX=0 offsetY=0 scale=1.0}}
06-04 20:46:21.366 D/DisplayManagerService( 707): Ignore redundant display event 0/2 to 10075/3469
06-04 20:46:21.366 W/LocalDisplayAdapter( 707): Ignoring request for invalid base mode id 62
06-04 20:46:21.367 E/Scheduler( 265): trackPendingFrame: Invalid present fence
06-04 20:46:21.370 I/DisplayDeviceRepository( 707): Display device changed: DisplayDeviceInfo{"内置屏幕": uniqueId="local:4625716335649126413", 3840 x 2160, modeId 78, renderFrameRate 59.94006, defaultModeId 78, supportedModes [{id=78, width=3840, height=2160, fps=59.94006, alternativeRefreshRates=[], supportedHdrTypes=[]}], colorMode 0, supportedColorModes [0], hdrCapabilities HdrCapabilities{mSupportedHdrTypes=[], mMaxLuminance=500.0, mMaxAverageLuminance=500.0, mMinLuminance=0.0}, allmSupported false, gameContentTypeSupported false, density 480, 81.28 x 80.682 dpi, appVsyncOff 2000000, presDeadline 13683333, touch INTERNAL, rotation 0, type INTERNAL, address {port=13, model=0x4031d87fca1678}, deviceProductInfo DeviceProductInfo{name=Linux FHD, manufacturerPnpId=LNX, productId=0, modelYear=null, manufactureDate=ManufactureDate{week=5, year=2012}, connectionToSinkType=0}, state ON, committedState ON, frameRateOverride , brightnessMinimum 0.0, brightnessMaximum 1.0, brightnessDefault 0.39763778, hdrSdrRatio NaN, FLAG_ALLOWED_TO_BE_DEFAULT_DISPLAY, FLAG_ROTATES_WITH_CONTENT, FLAG_SECURE, FLAG_SUPPORTS_PROTECTED_BUFFERS, FLAG_TRUSTED, installOrientation 0, displayShape DisplayShape{ spec=-545313861 displayWidth=3840 displayHeight=2160 physicalPixelDisplaySizeRatio=1.0 rotation=0 offsetX=0 offsetY=0 scale=1.0}}
06-04 20:46:21.373 I/RefreshRateSelector( 265): Display 4625716335649126413 policy changed
06-04 20:46:21.373 I/RefreshRateSelector( 265): Previous: {defaultModeId=113, allowGroupSwitching=false, primaryRanges={physical=[0.00 Hz, 340282346638528859811704183484516925440.00 Hz], render=[0.00 Hz, 340282346638528859811704183484516925440.00 Hz]}, appRequestRanges={physical=[0.00 Hz, 340282346638528859811704183484516925440.00 Hz], render=[0.00 Hz, 340282346638528859811704183484516925440.00 Hz]}}
06-04 20:46:21.373 I/RefreshRateSelector( 265): Current: DisplayManagerPolicy{defaultModeId=113, allowGroupSwitching=false, primaryRanges={physical=[0.00 Hz, inf Hz], render=[0.00 Hz, 120.00 Hz]}, appRequestRanges={physical=[0.00 Hz, inf Hz], render=[0.00 Hz, inf Hz]}}
06-04 20:46:21.373 I/RefreshRateSelector( 265): 0 mode changes were performed under the previous policy
06-04 20:46:22.129 I/WifiHAL ( 524): call wifi_get_link_stats handler
06-04 20:46:22.129 I/WifiHAL ( 524): Creating message to get link statistics; iface = 16
06-04 20:46:22.129 D/WifiHAL ( 524): error code -95 mapped to -3
06-04 20:46:22.130 E/WifiStaIfaceAidlImpl( 707): getLinkLayerStats failed with service-specific exception: android.os.ServiceSpecificException: (code 4)
06-04 20:46:22.140 D/InstantWifi( 707): Receive Wifi is connected, freq = 5745 and currentNetworkId : 0, wifiinfo = SSID: , BSSID: 02:00:00:00:00:00, MAC: 02:00:00:00:00:00, IP: /192.168.3.180, Security type: 2, Supplicant state: COMPLETED, Wi-Fi standard: 6, RSSI: -55, Link speed: 1200Mbps, Tx Link speed: 1200Mbps, Max Supported Tx Link speed: 1200Mbps, Rx Link speed: 6Mbps, Max Supported Rx Link speed: 1200Mbps, Frequency: 5745MHz, Net ID: -1, Metered hint: false, score: 60, isUsable: true, CarrierMerged: false, SubscriptionId: -1, IsPrimary: 1, Trusted: true, Restricted: false, Ephemeral: false, OEM paid: false, OEM private: false, OSU AP: false, FQDN: , Provider friendly name: , Requesting package name: MLO Information: , Is TID-To-Link negotiation supported by the AP: false, AP MLD Address: , AP MLO Link Id: , AP MLO Affiliated links:
06-04 20:46:22.163 D/AudioService( 707): setWiredDeviceConnectionState( type:400 state:DEVICE_STATE_UNAVAILABLE addr: name:) from android
06-04 20:46:22.163 I/AS.AudioDeviceInventory( 707): handleDeviceConnection(false dev:400 address: name:)
06-04 20:46:22.163 I/AS.AudioDeviceInventory( 707): deviceKey:0x400:
06-04 20:46:22.163 I/AS.AudioDeviceInventory( 707): deviceInfo:[DeviceInfo: type:0x400 (hdmi) name: addr: codec: 0 sensorUuid: null disabled modes: {}] is(already)Connected:true
06-04 20:46:22.164 I/APM_AudioPolicyManager( 542): [setDeviceConnectionState:256] curForceUse:NONE(0) disconnect_forceuse:HDMI(9)
06-04 20:46:22.165 I/audio_hw_hal_primary( 491): [adev_set_device_connected_state_v7:9037] disconnected address:, num_descriptors:0, num_profiles:3
06-04 20:46:22.165 I/audio_hw_hal_primary( 491): [set_device_connect_state:4044] state:0, dev:OUT_HDMI(0x400), pre_out:0x80002, pre_in:0x4
06-04 20:46:22.165 D/audio_hw_hal_resourcemgr( 491): [set_output_device_avail:353] device:0x400 avail_out_devices:400 routed_out_devices:0x400
06-04 20:46:22.175 I/audio_hw_hal_primary( 491): [adev_release_audio_patch:8514] Patch 8: MIX->DEVICE patch_src:INVAL
06-04 20:46:22.176 I/audio_hw_hal_primary( 491): [adev_release_audio_patch:8543] Patch 8: mix(io:13) -> dev_0[OUT_HDMI(id:65)]
06-04 20:46:22.176 I/audio_hw_hal_primary( 491): [unregister_audio_patch:8167] delete the Patch: 8
06-04 20:46:22.176 D/UEventObserver( 1030): change@/devices/platform/auge_sound/sound/card0/controlC0ACTION=changeDEVPATH=/devices/platform/auge_sound/sound/card0/controlC0SUBSYSTEM=soundAUDIO_FORMAT=0MAJOR=116MINOR=13DEVNAME=snd/controlC0SEQNUM=3807
06-04 20:46:22.184 W/IPCThreadState( 542): Sending oneway calls to frozen process.
06-04 20:46:22.192 W/APM::Devices( 542): DeviceVector::remove device 00000400 not in
06-04 20:46:22.192 W/IPCThreadState( 542): Sending oneway calls to frozen process.
06-04 20:46:22.193 I/AS.AudioDeviceInventory( 707): sendDeviceConnectionIntent(dev:0x400 state:0x0 address: name:);
06-04 20:46:22.198 V/MediaRouter( 707): Audio routes updated: AudioRoutesInfo{ type=SPEAKER }, a2dp=false
06-04 20:46:22.198 V/MediaRouter( 707): Selecting route: RouteInfo{ name=电视, description=null, status=null, category=RouteCategory{ name=系统 types=ROUTE_TYPE_LIVE_AUDIO ROUTE_TYPE_LIVE_VIDEO groupable=false }, supportedTypes=ROUTE_TYPE_LIVE_AUDIO ROUTE_TYPE_LIVE_VIDEO , presentationDisplay=null }
06-04 20:46:22.199 V/MediaRouter( 912): Audio routes updated: AudioRoutesInfo{ type=SPEAKER }, a2dp=false
06-04 20:46:22.199 V/MediaRouter( 912): Selecting route: RouteInfo{ name=电视, description=null, status=null, category=RouteCategory{ name=系统 types=ROUTE_TYPE_LIVE_AUDIO ROUTE_TYPE_LIVE_VIDEO groupable=false }, supportedTypes=ROUTE_TYPE_LIVE_AUDIO ROUTE_TYPE_LIVE_VIDEO , presentationDisplay=null }
06-04 20:46:22.207 D/xm_audio( 491): adev_get_parameters
06-04 20:46:22.209 D/xm_audio( 491): adev_get_parameters
06-04 20:46:22.219 D/xm_audio( 491): adev_get_parameters
06-04 20:46:22.220 D/xm_audio( 491): adev_get_parameters
06-04 20:46:22.226 D/xm_audio( 491): adev_get_parameters
06-04 20:46:22.227 D/xm_audio( 491): adev_get_parameters
06-04 20:46:22.235 D/xm_audio( 491): adev_get_parameters
06-04 20:46:22.237 D/xm_audio( 491): adev_get_parameters
06-04 20:46:22.247 D/xm_audio( 491): adev_get_parameters
06-04 20:46:22.249 D/xm_audio( 491): adev_get_parameters
06-04 20:46:22.254 D/xm_audio( 491): adev_get_parameters
06-04 20:46:22.256 D/xm_audio( 491): adev_get_parameters
06-04 20:46:22.263 D/xm_audio( 491): adev_get_parameters
06-04 20:46:22.264 D/xm_audio( 491): adev_get_parameters
06-04 20:46:22.269 D/xm_audio( 491): adev_get_parameters
06-04 20:46:22.271 D/xm_audio( 491): adev_get_parameters
06-04 20:46:22.277 D/xm_audio( 491): adev_get_parameters
06-04 20:46:22.278 D/xm_audio( 491): adev_get_parameters
06-04 20:46:22.284 D/xm_audio( 491): adev_get_parameters
06-04 20:46:22.285 D/xm_audio( 491): adev_get_parameters
06-04 20:46:22.290 D/xm_audio( 491): adev_get_parameters
06-04 20:46:22.291 D/xm_audio( 491): adev_get_parameters
06-04 20:46:22.297 I/vol.Events( 912): writeEvent level_changed STREAM_VOICE_CALL 100
06-04 20:46:22.298 I/vol.Events( 912): writeEvent level_changed STREAM_SYSTEM 100
06-04 20:46:22.302 I/vol.Events( 912): writeEvent level_changed STREAM_RING 100
06-04 20:46:22.303 I/vol.Events( 912): writeEvent level_changed STREAM_MUSIC 20
06-04 20:46:22.304 I/vol.Events( 912): writeEvent level_changed STREAM_ALARM 100
06-04 20:46:25.139 I/WifiHAL ( 524): call wifi_get_link_stats handler
06-04 20:46:25.140 I/WifiHAL ( 524): Creating message to get link statistics; iface = 16
06-04 20:46:25.140 D/WifiHAL ( 524): error code -95 mapped to -3
06-04 20:46:25.140 E/WifiStaIfaceAidlImpl( 707): getLinkLayerStats failed with service-specific exception: android.os.ServiceSpecificException: (code 4)
06-04 20:46:28.144 I/WifiHAL ( 524): call wifi_get_link_stats handler
