--------- beginning of main
06-04 20:43:38.999 E/Scheduler( 265): trackPendingFrame: Invalid present fence
06-04 20:43:39.034 E/Scheduler( 265): trackPendingFrame: Invalid present fence
06-04 20:43:39.066 E/Scheduler( 265): trackPendingFrame: Invalid present fence
06-04 20:43:39.100 E/Scheduler( 265): trackPendingFrame: Invalid present fence
06-04 20:43:39.133 E/Scheduler( 265): trackPendingFrame: Invalid present fence
06-04 20:43:39.167 E/Scheduler( 265): trackPendingFrame: Invalid present fence
06-04 20:43:39.200 E/Scheduler( 265): trackPendingFrame: Invalid present fence
06-04 20:43:39.215 D/nStackXCoAP( 3037): IsInSameNetwork:[276] :IsInSameNetwork exec
06-04 20:43:39.215 I/nStackXDFinder( 3037): GetLocalInterfaceDetail:[461] :GetLocalInterfaceDetail in
06-04 20:43:39.215 E/nStackXCoAP( 3037): IsInSameNetwork:[281] :IsInSameNetwork: not priority process
06-04 20:43:39.215 D/nStackXCoAP( 3037): ParseServiceDiscover:[330] :new device join
06-04 20:43:39.215 E/nStackXDFinder( 3037): GetLocalIp:[401] :GetLocalIp exec
06-04 20:43:39.233 E/Scheduler( 265): trackPendingFrame: Invalid present fence
06-04 20:43:39.236 D/nStackXCoAP( 3037): IsInSameNetwork:[276] :IsInSameNetwork exec
06-04 20:43:39.236 I/nStackXDFinder( 3037): GetLocalInterfaceDetail:[461] :GetLocalInterfaceDetail in
06-04 20:43:39.236 E/nStackXCoAP( 3037): IsInSameNetwork:[281] :IsInSameNetwork: not priority process
06-04 20:43:39.236 D/nStackXCoAP( 3037): ParseServiceDiscover:[330] :new device join
06-04 20:43:39.236 E/nStackXDFinder( 3037): GetLocalIp:[401] :GetLocalIp exec
06-04 20:43:39.266 E/Scheduler( 265): trackPendingFrame: Invalid present fence
06-04 20:43:39.272 I/VDA ( 497): [0##29]"ServiceDeviceTask INs=1804/1811, OUTs=1801/1805"" {IN=7/8, OUT=9/13[kAtAccelerator(0) kAtDevice(4) kAtClient(9)]}"
06-04 20:43:39.300 E/Scheduler( 265): trackPendingFrame: Invalid present fence
06-04 20:43:39.333 E/Scheduler( 265): trackPendingFrame: Invalid present fence
06-04 20:43:39.366 E/Scheduler( 265): trackPendingFrame: Invalid present fence
06-04 20:43:39.400 E/Scheduler( 265): trackPendingFrame: Invalid present fence
06-04 20:43:39.400 I/DebugUtil( 497): [0##29]in/out status {INS/OUTS=1816(1)/1805(0)}, pipeline status {IN=8/8, OUT=10/13[Component(0) Accelerator(3) Client(10)]}
06-04 20:43:39.418 D/nStackXCoAP( 3037): IsInSameNetwork:[276] :IsInSameNetwork exec
06-04 20:43:39.418 I/nStackXDFinder( 3037): GetLocalInterfaceDetail:[461] :GetLocalInterfaceDetail in
06-04 20:43:39.418 E/nStackXCoAP( 3037): IsInSameNetwork:[281] :IsInSameNetwork: not priority process
06-04 20:43:39.418 D/nStackXCoAP( 3037): ParseServiceDiscover:[330] :new device join
06-04 20:43:39.418 E/nStackXDFinder( 3037): GetLocalIp:[401] :GetLocalIp exec
06-04 20:43:39.433 E/Scheduler( 265): trackPendingFrame: Invalid present fence
06-04 20:43:39.466 E/Scheduler( 265): trackPendingFrame: Invalid present fence
06-04 20:43:39.500 E/Scheduler( 265): trackPendingFrame: Invalid present fence
06-04 20:43:39.531 D/nStackXCoAP( 3037): IsInSameNetwork:[276] :IsInSameNetwork exec
06-04 20:43:39.531 I/nStackXDFinder( 3037): GetLocalInterfaceDetail:[461] :GetLocalInterfaceDetail in
06-04 20:43:39.531 E/nStackXCoAP( 3037): IsInSameNetwork:[281] :IsInSameNetwork: not priority process
06-04 20:43:39.531 D/nStackXCoAP( 3037): ParseServiceDiscover:[330] :new device join
06-04 20:43:39.531 E/nStackXDFinder( 3037): GetLocalIp:[401] :GetLocalIp exec
06-04 20:43:39.533 E/Scheduler( 265): trackPendingFrame: Invalid present fence
06-04 20:43:39.566 E/Scheduler( 265): trackPendingFrame: Invalid present fence
06-04 20:43:39.600 E/Scheduler( 265): trackPendingFrame: Invalid present fence
06-04 20:43:39.633 E/Scheduler( 265): trackPendingFrame: Invalid present fence
06-04 20:43:39.642 D/nStackXCoAP( 3037): IsInSameNetwork:[276] :IsInSameNetwork exec
06-04 20:43:39.642 I/nStackXDFinder( 3037): GetLocalInterfaceDetail:[461] :GetLocalInterfaceDetail in
06-04 20:43:39.642 E/nStackXCoAP( 3037): IsInSameNetwork:[281] :IsInSameNetwork: not priority process
06-04 20:43:39.642 D/nStackXCoAP( 3037): ParseServiceDiscover:[330] :new device join
06-04 20:43:39.642 E/nStackXDFinder( 3037): GetLocalIp:[401] :GetLocalIp exec
06-04 20:43:39.667 E/Scheduler( 265): trackPendingFrame: Invalid present fence
06-04 20:43:39.700 E/Scheduler( 265): trackPendingFrame: Invalid present fence
06-04 20:43:39.733 E/Scheduler( 265): trackPendingFrame: Invalid present fence
06-04 20:43:39.767 E/Scheduler( 265): trackPendingFrame: Invalid present fence
06-04 20:43:39.780 I/WifiHAL ( 524): call wifi_get_link_stats handler
06-04 20:43:39.780 I/WifiHAL ( 524): Creating message to get link statistics; iface = 16
06-04 20:43:39.780 D/WifiHAL ( 524): error code -95 mapped to -3
06-04 20:43:39.780 E/WifiStaIfaceAidlImpl( 707): getLinkLayerStats failed with service-specific exception: android.os.ServiceSpecificException: (code 4)
06-04 20:43:39.800 E/Scheduler( 265): trackPendingFrame: Invalid present fence
06-04 20:43:39.834 E/Scheduler( 265): trackPendingFrame: Invalid present fence
06-04 20:43:39.867 E/Scheduler( 265): trackPendingFrame: Invalid present fence
06-04 20:43:39.900 E/Scheduler( 265): trackPendingFrame: Invalid present fence
06-04 20:43:39.934 E/Scheduler( 265): trackPendingFrame: Invalid present fence
06-04 20:43:39.940 D/nStackXCoAP( 3037): IsInSameNetwork:[276] :IsInSameNetwork exec
06-04 20:43:39.940 I/nStackXDFinder( 3037): GetLocalInterfaceDetail:[461] :GetLocalInterfaceDetail in
06-04 20:43:39.940 E/nStackXCoAP( 3037): IsInSameNetwork:[281] :IsInSameNetwork: not priority process
06-04 20:43:39.940 D/nStackXCoAP( 3037): ParseServiceDiscover:[330] :new device join
06-04 20:43:39.940 E/nStackXDFinder( 3037): GetLocalIp:[401] :GetLocalIp exec
06-04 20:43:39.944 D/nStackXCoAP( 3037): CoapMessageHandler:[133] :2.01
06-04 20:43:39.967 E/Scheduler( 265): trackPendingFrame: Invalid present fence
06-04 20:43:40.000 E/Scheduler( 265): trackPendingFrame: Invalid present fence
06-04 20:43:40.034 E/Scheduler( 265): trackPendingFrame: Invalid present fence
06-04 20:43:40.067 E/Scheduler( 265): trackPendingFrame: Invalid present fence
06-04 20:43:40.100 E/Scheduler( 265): trackPendingFrame: Invalid present fence
06-04 20:43:40.134 E/Scheduler( 265): trackPendingFrame: Invalid present fence
06-04 20:43:40.135 D/nStackXCoAP( 3037): IsInSameNetwork:[276] :IsInSameNetwork exec
06-04 20:43:40.135 I/nStackXDFinder( 3037): GetLocalInterfaceDetail:[461] :GetLocalInterfaceDetail in
06-04 20:43:40.135 E/nStackXCoAP( 3037): IsInSameNetwork:[281] :IsInSameNetwork: not priority process
06-04 20:43:40.135 D/nStackXCoAP( 3037): ParseServiceDiscover:[330] :new device join
06-04 20:43:40.135 E/nStackXDFinder( 3037): GetLocalIp:[401] :GetLocalIp exec
06-04 20:43:40.167 E/Scheduler( 265): trackPendingFrame: Invalid present fence
06-04 20:43:40.187 D/nStackXCoAP( 3037): CoapMessageHandler:[133] :2.01
06-04 20:43:40.190 D/nStackXCoAP( 3037): CoapMessageHandler:[133] :2.01
06-04 20:43:40.201 E/Scheduler( 265): trackPendingFrame: Invalid present fence
06-04 20:43:40.235 E/Scheduler( 265): trackPendingFrame: Invalid present fence
06-04 20:43:40.243 D/nStackXCoAP( 3037): IsInSameNetwork:[276] :IsInSameNetwork exec
06-04 20:43:40.243 I/nStackXDFinder( 3037): GetLocalInterfaceDetail:[461] :GetLocalInterfaceDetail in
06-04 20:43:40.243 E/nStackXCoAP( 3037): IsInSameNetwork:[281] :IsInSameNetwork: not priority process
06-04 20:43:40.243 D/nStackXCoAP( 3037): ParseServiceDiscover:[330] :new device join
06-04 20:43:40.243 E/nStackXDFinder( 3037): GetLocalIp:[401] :GetLocalIp exec
06-04 20:43:40.268 E/Scheduler( 265): trackPendingFrame: Invalid present fence
06-04 20:43:40.282 D/nStackXCoAP( 3037): CoapMessageHandler:[133] :2.01
06-04 20:43:40.301 E/Scheduler( 265): trackPendingFrame: Invalid present fence
06-04 20:43:40.302 I/VDA ( 497): [0##29]"ServiceDeviceTask INs=1834/1841, OUTs=1832/1836"" {IN=7/8, OUT=9/13[kAtAccelerator(0) kAtDevice(4) kAtClient(9)]}"
06-04 20:43:40.334 E/Scheduler( 265): trackPendingFrame: Invalid present fence
06-04 20:43:40.352 D/nStackXCoAP( 3037): IsInSameNetwork:[276] :IsInSameNetwork exec
06-04 20:43:40.352 I/nStackXDFinder( 3037): GetLocalInterfaceDetail:[461] :GetLocalInterfaceDetail in
06-04 20:43:40.352 E/nStackXCoAP( 3037): IsInSameNetwork:[281] :IsInSameNetwork: not priority process
06-04 20:43:40.352 D/nStackXCoAP( 3037): ParseServiceDiscover:[330] :new device join
06-04 20:43:40.352 E/nStackXDFinder( 3037): GetLocalIp:[401] :GetLocalIp exec
06-04 20:43:40.367 E/Scheduler( 265): trackPendingFrame: Invalid present fence
06-04 20:43:40.401 E/Scheduler( 265): trackPendingFrame: Invalid present fence
06-04 20:43:40.434 E/Scheduler( 265): trackPendingFrame: Invalid present fence
06-04 20:43:40.467 E/Scheduler( 265): trackPendingFrame: Invalid present fence
06-04 20:43:40.501 E/Scheduler( 265): trackPendingFrame: Invalid present fence
06-04 20:43:40.534 E/Scheduler( 265): trackPendingFrame: Invalid present fence
06-04 20:43:40.568 E/Scheduler( 265): trackPendingFrame: Invalid present fence
06-04 20:43:40.601 E/Scheduler( 265): trackPendingFrame: Invalid present fence
06-04 20:43:40.634 E/Scheduler( 265): trackPendingFrame: Invalid present fence
06-04 20:43:40.668 E/Scheduler( 265): trackPendingFrame: Invalid present fence
06-04 20:43:40.701 E/Scheduler( 265): trackPendingFrame: Invalid present fence
06-04 20:43:40.734 E/Scheduler( 265): trackPendingFrame: Invalid present fence
06-04 20:43:40.768 E/Scheduler( 265): trackPendingFrame: Invalid present fence
06-04 20:43:40.772 D/nStackXCoAP( 3037): IsInSameNetwork:[276] :IsInSameNetwork exec
06-04 20:43:40.772 I/nStackXDFinder( 3037): GetLocalInterfaceDetail:[461] :GetLocalInterfaceDetail in
06-04 20:43:40.772 E/nStackXCoAP( 3037): IsInSameNetwork:[281] :IsInSameNetwork: not priority process
06-04 20:43:40.772 D/nStackXCoAP( 3037): ParseServiceDiscover:[330] :new device join
06-04 20:43:40.772 E/nStackXDFinder( 3037): GetLocalIp:[401] :GetLocalIp exec
06-04 20:43:40.774 D/nStackXCoAP( 3037): IsInSameNetwork:[276] :IsInSameNetwork exec
06-04 20:43:40.774 I/nStackXDFinder( 3037): GetLocalInterfaceDetail:[461] :GetLocalInterfaceDetail in
06-04 20:43:40.774 E/nStackXCoAP( 3037): IsInSameNetwork:[281] :IsInSameNetwork: not priority process
06-04 20:43:40.774 D/nStackXCoAP( 3037): ParseServiceDiscover:[330] :new device join
06-04 20:43:40.774 E/nStackXDFinder( 3037): GetLocalIp:[401] :GetLocalIp exec
06-04 20:43:40.801 E/Scheduler( 265): trackPendingFrame: Invalid present fence
06-04 20:43:40.835 E/Scheduler( 265): trackPendingFrame: Invalid present fence
06-04 20:43:40.851 D/nStackXCoAP( 3037): IsInSameNetwork:[276] :IsInSameNetwork exec
06-04 20:43:40.851 I/nStackXDFinder( 3037): GetLocalInterfaceDetail:[461] :GetLocalInterfaceDetail in
06-04 20:43:40.851 E/nStackXCoAP( 3037): IsInSameNetwork:[281] :IsInSameNetwork: not priority process
06-04 20:43:40.852 D/nStackXCoAP( 3037): ParseServiceDiscover:[330] :new device join
06-04 20:43:40.852 E/nStackXDFinder( 3037): GetLocalIp:[401] :GetLocalIp exec
06-04 20:43:40.868 E/Scheduler( 265): trackPendingFrame: Invalid present fence
06-04 20:43:40.902 E/Scheduler( 265): trackPendingFrame: Invalid present fence
06-04 20:43:40.935 E/Scheduler( 265): trackPendingFrame: Invalid present fence
06-04 20:43:40.968 E/Scheduler( 265): trackPendingFrame: Invalid present fence
06-04 20:43:41.001 E/Scheduler( 265): trackPendingFrame: Invalid present fence
06-04 20:43:41.034 E/Scheduler( 265): trackPendingFrame: Invalid present fence
06-04 20:43:41.068 E/Scheduler( 265): trackPendingFrame: Invalid present fence
06-04 20:43:41.096 D/nStackXCoAP( 3037): IsInSameNetwork:[276] :IsInSameNetwork exec
06-04 20:43:41.097 I/nStackXDFinder( 3037): GetLocalInterfaceDetail:[461] :GetLocalInterfaceDetail in
06-04 20:43:41.097 E/nStackXCoAP( 3037): IsInSameNetwork:[281] :IsInSameNetwork: not priority process
06-04 20:43:41.097 D/nStackXCoAP( 3037): ParseServiceDiscover:[330] :new device join
06-04 20:43:41.097 E/nStackXDFinder( 3037): GetLocalIp:[401] :GetLocalIp exec
06-04 20:43:41.098 D/nStackXCoAP( 3037): IsInSameNetwork:[276] :IsInSameNetwork exec
06-04 20:43:41.098 I/nStackXDFinder( 3037): GetLocalInterfaceDetail:[461] :GetLocalInterfaceDetail in
06-04 20:43:41.098 E/nStackXCoAP( 3037): IsInSameNetwork:[281] :IsInSameNetwork: not priority process
06-04 20:43:41.098 D/nStackXCoAP( 3037): ParseServiceDiscover:[330] :new device join
06-04 20:43:41.098 E/nStackXDFinder( 3037): GetLocalIp:[401] :GetLocalIp exec
06-04 20:43:41.101 E/Scheduler( 265): trackPendingFrame: Invalid present fence
06-04 20:43:41.126 D/BufferPoolAccessor2.0( 7501): bufferpool2 0xe41749a8 : 8(12582912 size) total buffers - 8(12582912 size) used buffers - 0/9 (recycle/alloc) - 9/1868 (fetch/transfer)
06-04 20:43:41.129 D/nStackXCoAP( 3037): CoapMessageHandler:[133] :2.01
06-04 20:43:41.129 D/nStackXCoAP( 3037): CoapMessageHandler:[133] :2.01
06-04 20:43:41.135 E/Scheduler( 265): trackPendingFrame: Invalid present fence
06-04 20:43:41.168 E/Scheduler( 265): trackPendingFrame: Invalid present fence
06-04 20:43:41.200 D/nStackXCoAP( 3037): CoapMessageHandler:[133] :2.01
06-04 20:43:41.200 D/nStackXCoAP( 3037): CoapMessageHandler:[133] :2.01
06-04 20:43:41.202 E/Scheduler( 265): trackPendingFrame: Invalid present fence
06-04 20:43:41.235 E/Scheduler( 265): trackPendingFrame: Invalid present fence
06-04 20:43:41.268 E/Scheduler( 265): trackPendingFrame: Invalid present fence
06-04 20:43:41.272 D/nStackXCoAP( 3037): IsInSameNetwork:[276] :IsInSameNetwork exec
06-04 20:43:41.272 I/nStackXDFinder( 3037): GetLocalInterfaceDetail:[461] :GetLocalInterfaceDetail in
06-04 20:43:41.272 E/nStackXCoAP( 3037): IsInSameNetwork:[281] :IsInSameNetwork: not priority process
06-04 20:43:41.272 D/nStackXCoAP( 3037): ParseServiceDiscover:[330] :new device join
06-04 20:43:41.272 E/nStackXDFinder( 3037): GetLocalIp:[401] :GetLocalIp exec
06-04 20:43:41.302 E/Scheduler( 265): trackPendingFrame: Invalid present fence
06-04 20:43:41.323 D/UtilLog ( 2071): 日志批量上报 进行正常循环 !!!!!!本次有0次请求,共0条数据
06-04 20:43:41.331 I/VDA ( 497): [0##29]"ServiceDeviceTask INs=1865/1872, OUTs=1863/1867"" {IN=7/8, OUT=9/13[kAtAccelerator(0) kAtDevice(4) kAtClient(9)]}"
06-04 20:43:41.335 E/Scheduler( 265): trackPendingFrame: Invalid present fence
06-04 20:43:41.369 E/Scheduler( 265): trackPendingFrame: Invalid present fence
06-04 20:43:41.378 D/nStackXCoAP( 3037): IsInSameNetwork:[276] :IsInSameNetwork exec
06-04 20:43:41.378 I/nStackXDFinder( 3037): GetLocalInterfaceDetail:[461] :GetLocalInterfaceDetail in
06-04 20:43:41.378 E/nStackXCoAP( 3037): IsInSameNetwork:[281] :IsInSameNetwork: not priority process
06-04 20:43:41.378 D/nStackXCoAP( 3037): ParseServiceDiscover:[330] :new device join
06-04 20:43:41.378 E/nStackXDFinder( 3037): GetLocalIp:[401] :GetLocalIp exec
06-04 20:43:41.402 E/Scheduler( 265): trackPendingFrame: Invalid present fence
06-04 20:43:41.435 E/Scheduler( 265): trackPendingFrame: Invalid present fence
06-04 20:43:41.469 E/Scheduler( 265): trackPendingFrame: Invalid present fence
06-04 20:43:41.496 D/nStackXCoAP( 3037): IsInSameNetwork:[276] :IsInSameNetwork exec
06-04 20:43:41.496 I/nStackXDFinder( 3037): GetLocalInterfaceDetail:[461] :GetLocalInterfaceDetail in
06-04 20:43:41.496 E/nStackXCoAP( 3037): IsInSameNetwork:[281] :IsInSameNetwork: not priority process
06-04 20:43:41.496 D/nStackXCoAP( 3037): ParseServiceDiscover:[330] :new device join
06-04 20:43:41.496 E/nStackXDFinder( 3037): GetLocalIp:[401] :GetLocalIp exec
06-04 20:43:41.502 E/Scheduler( 265): trackPendingFrame: Invalid present fence
06-04 20:43:41.536 E/Scheduler( 265): trackPendingFrame: Invalid present fence
06-04 20:43:41.570 E/Scheduler( 265): trackPendingFrame: Invalid present fence
06-04 20:43:41.602 E/Scheduler( 265): trackPendingFrame: Invalid present fence
06-04 20:43:41.635 E/Scheduler( 265): trackPendingFrame: Invalid present fence
06-04 20:43:41.667 D/nStackXCoAP( 3037): CoapMessageHandler:[133] :2.01
06-04 20:43:41.669 E/Scheduler( 265): trackPendingFrame: Invalid present fence
06-04 20:43:41.671 D/nStackXCoAP( 3037): IsInSameNetwork:[276] :IsInSameNetwork exec
06-04 20:43:41.671 I/nStackXDFinder( 3037): GetLocalInterfaceDetail:[461] :GetLocalInterfaceDetail in
06-04 20:43:41.671 E/nStackXCoAP( 3037): IsInSameNetwork:[281] :IsInSameNetwork: not priority process
06-04 20:43:41.671 D/nStackXCoAP( 3037): ParseServiceDiscover:[330] :new device join
06-04 20:43:41.671 E/nStackXDFinder( 3037): GetLocalIp:[401] :GetLocalIp exec
06-04 20:43:41.702 E/Scheduler( 265): trackPendingFrame: Invalid present fence
06-04 20:43:41.725 D/nStackXCoAP( 3037): CoapMessageHandler:[133] :2.01
06-04 20:43:41.735 E/Scheduler( 265): trackPendingFrame: Invalid present fence
06-04 20:43:41.769 E/Scheduler( 265): trackPendingFrame: Invalid present fence
06-04 20:43:41.773 D/nStackXCoAP( 3037): IsInSameNetwork:[276] :IsInSameNetwork exec
06-04 20:43:41.773 I/nStackXDFinder( 3037): GetLocalInterfaceDetail:[461] :GetLocalInterfaceDetail in
06-04 20:43:41.773 E/nStackXCoAP( 3037): IsInSameNetwork:[281] :IsInSameNetwork: not priority process
06-04 20:43:41.773 D/nStackXCoAP( 3037): ParseServiceDiscover:[330] :new device join
06-04 20:43:41.773 E/nStackXDFinder( 3037): GetLocalIp:[401] :GetLocalIp exec
06-04 20:43:41.799 D/nStackXCoAP( 3037): CoapMessageHandler:[133] :2.01
06-04 20:43:41.802 E/Scheduler( 265): trackPendingFrame: Invalid present fence
06-04 20:43:41.836 E/Scheduler( 265): trackPendingFrame: Invalid present fence
06-04 20:43:41.869 E/Scheduler( 265): trackPendingFrame: Invalid present fence
06-04 20:43:41.902 E/Scheduler( 265): trackPendingFrame: Invalid present fence
06-04 20:43:41.935 E/Scheduler( 265): trackPendingFrame: Invalid present fence
06-04 20:43:41.969 E/Scheduler( 265): trackPendingFrame: Invalid present fence
06-04 20:43:41.979 D/nStackXCoAP( 3037): IsInSameNetwork:[276] :IsInSameNetwork exec
06-04 20:43:41.979 I/nStackXDFinder( 3037): GetLocalInterfaceDetail:[461] :GetLocalInterfaceDetail in
06-04 20:43:41.979 E/nStackXCoAP( 3037): IsInSameNetwork:[281] :IsInSameNetwork: not priority process
06-04 20:43:41.979 D/nStackXCoAP( 3037): ParseServiceDiscover:[330] :new device join
06-04 20:43:41.979 E/nStackXDFinder( 3037): GetLocalIp:[401] :GetLocalIp exec
06-04 20:43:42.003 E/Scheduler( 265): trackPendingFrame: Invalid present fence
06-04 20:43:42.036 E/Scheduler( 265): trackPendingFrame: Invalid present fence
06-04 20:43:42.050 D/nStackXCoAP( 3037): CoapMessageHandler:[133] :2.01
06-04 20:43:42.069 E/Scheduler( 265): trackPendingFrame: Invalid present fence
06-04 20:43:42.102 E/Scheduler( 265): trackPendingFrame: Invalid present fence
06-04 20:43:42.136 E/Scheduler( 265): trackPendingFrame: Invalid present fence
06-04 20:43:42.170 E/Scheduler( 265): trackPendingFrame: Invalid present fence
06-04 20:43:42.202 E/Scheduler( 265): trackPendingFrame: Invalid present fence
06-04 20:43:42.236 E/Scheduler( 265): trackPendingFrame: Invalid present fence
06-04 20:43:42.269 E/Scheduler( 265): trackPendingFrame: Invalid present fence
06-04 20:43:42.302 E/Scheduler( 265): trackPendingFrame: Invalid present fence
06-04 20:43:42.336 E/Scheduler( 265): trackPendingFrame: Invalid present fence
06-04 20:43:42.357 D/bbb ( 1502): onStartCommand begin !!!!!!! data分区剩余 52810MB
06-04 20:43:42.360 I/VDA ( 497): [0##29]"ServiceDeviceTask INs=1897/1904, OUTs=1895/1898"" {IN=7/8, OUT=10/13[kAtAccelerator(0) kAtDevice(3) kAtClient(10)]}"
06-04 20:43:42.369 E/Scheduler( 265): trackPendingFrame: Invalid present fence
06-04 20:43:42.403 E/Scheduler( 265): trackPendingFrame: Invalid present fence
06-04 20:43:42.436 E/Scheduler( 265): trackPendingFrame: Invalid present fence
06-04 20:43:42.469 E/Scheduler( 265): trackPendingFrame: Invalid present fence
06-04 20:43:42.503 E/Scheduler( 265): trackPendingFrame: Invalid present fence
06-04 20:43:42.536 E/Scheduler( 265): trackPendingFrame: Invalid present fence
06-04 20:43:42.569 E/Scheduler( 265): trackPendingFrame: Invalid present fence
06-04 20:43:42.603 E/Scheduler( 265): trackPendingFrame: Invalid present fence
06-04 20:43:42.636 E/Scheduler( 265): trackPendingFrame: Invalid present fence
06-04 20:43:42.670 E/Scheduler( 265): trackPendingFrame: Invalid present fence
06-04 20:43:42.703 E/Scheduler( 265): trackPendingFrame: Invalid present fence
06-04 20:43:42.737 E/Scheduler( 265): trackPendingFrame: Invalid present fence
06-04 20:43:42.770 E/Scheduler( 265): trackPendingFrame: Invalid present fence
06-04 20:43:42.787 I/WifiHAL ( 524): call wifi_get_link_stats handler
06-04 20:43:42.787 I/WifiHAL ( 524): Creating message to get link statistics; iface = 16
06-04 20:43:42.787 D/WifiHAL ( 524): error code -95 mapped to -3
06-04 20:43:42.787 E/WifiStaIfaceAidlImpl( 707): getLinkLayerStats failed with service-specific exception: android.os.ServiceSpecificException: (code 4)
06-04 20:43:42.804 E/Scheduler( 265): trackPendingFrame: Invalid present fence
06-04 20:43:42.837 E/Scheduler( 265): trackPendingFrame: Invalid present fence
06-04 20:43:42.871 E/Scheduler( 265): trackPendingFrame: Invalid present fence
06-04 20:43:42.903 E/Scheduler( 265): trackPendingFrame: Invalid present fence
06-04 20:43:42.937 E/Scheduler( 265): trackPendingFrame: Invalid present fence
06-04 20:43:42.970 E/Scheduler( 265): trackPendingFrame: Invalid present fence
06-04 20:43:43.003 E/Scheduler( 265): trackPendingFrame: Invalid present fence
06-04 20:43:43.037 E/Scheduler( 265): trackPendingFrame: Invalid present fence
06-04 20:43:43.049 I/virtual void MediaDecoder::run()( 7501): notify decode next url: /data/user/0/com.dangbei.lerad.screensaver/files/download/61/city_2.mp4
06-04 20:43:43.049 E/screen_saver2( 7501): onDecodeNextStream: 1
06-04 20:43:43.051 D/AdManager( 7501): advertisementNum: 1
06-04 20:43:43.070 E/Scheduler( 265): trackPendingFrame: Invalid present fence
06-04 20:43:43.077 D/nStackXCoAP( 3037): CoapMessageHandler:[133] :2.01
06-04 20:43:43.103 E/Scheduler( 265): trackPendingFrame: Invalid present fence
06-04 20:43:43.137 E/Scheduler( 265): trackPendingFrame: Invalid present fence
06-04 20:43:43.170 E/Scheduler( 265): trackPendingFrame: Invalid present fence
06-04 20:43:43.203 E/Scheduler( 265): trackPendingFrame: Invalid present fence
06-04 20:43:43.237 E/Scheduler( 265): trackPendingFrame: Invalid present fence
06-04 20:43:43.270 E/Scheduler( 265): trackPendingFrame: Invalid present fence
06-04 20:43:43.304 E/Scheduler( 265): trackPendingFrame: Invalid present fence
06-04 20:43:43.337 E/Scheduler( 265): trackPendingFrame: Invalid present fence
06-04 20:43:43.361 I/VDA ( 497): [0##29]"ServiceDeviceTask INs=1927/1934, OUTs=1925/1928"" {IN=7/8, OUT=10/13[kAtAccelerator(0) kAtDevice(3) kAtClient(10)]}"
06-04 20:43:43.370 E/Scheduler( 265): trackPendingFrame: Invalid present fence
06-04 20:43:43.404 E/Scheduler( 265): trackPendingFrame: Invalid present fence
06-04 20:43:43.437 E/Scheduler( 265): trackPendingFrame: Invalid present fence
06-04 20:43:43.470 E/Scheduler( 265): trackPendingFrame: Invalid present fence
06-04 20:43:43.504 E/Scheduler( 265): trackPendingFrame: Invalid present fence
06-04 20:43:43.537 E/Scheduler( 265): trackPendingFrame: Invalid present fence
06-04 20:43:43.571 E/Scheduler( 265): trackPendingFrame: Invalid present fence
06-04 20:43:43.604 E/Scheduler( 265): trackPendingFrame: Invalid present fence
06-04 20:43:43.637 E/Scheduler( 265): trackPendingFrame: Invalid present fence
06-04 20:43:43.671 E/Scheduler( 265): trackPendingFrame: Invalid present fence
06-04 20:43:43.704 E/Scheduler( 265): trackPendingFrame: Invalid present fence
06-04 20:43:43.737 E/Scheduler( 265): trackPendingFrame: Invalid present fence
06-04 20:43:43.771 E/Scheduler( 265): trackPendingFrame: Invalid present fence
06-04 20:43:43.804 E/Scheduler( 265): trackPendingFrame: Invalid present fence
06-04 20:43:43.837 E/Scheduler( 265): trackPendingFrame: Invalid present fence
06-04 20:43:43.871 E/Scheduler( 265): trackPendingFrame: Invalid present fence
06-04 20:43:43.905 E/Scheduler( 265): trackPendingFrame: Invalid present fence
06-04 20:43:43.937 E/Scheduler( 265): trackPendingFrame: Invalid present fence
06-04 20:43:43.971 E/Scheduler( 265): trackPendingFrame: Invalid present fence
06-04 20:43:44.004 E/Scheduler( 265): trackPendingFrame: Invalid present fence
06-04 20:43:44.039 E/Scheduler( 265): trackPendingFrame: Invalid present fence
06-04 20:43:44.071 E/Scheduler( 265): trackPendingFrame: Invalid present fence
06-04 20:43:44.105 E/Scheduler( 265): trackPendingFrame: Invalid present fence
06-04 20:43:44.138 E/Scheduler( 265): trackPendingFrame: Invalid present fence
06-04 20:43:44.171 E/Scheduler( 265): trackPendingFrame: Invalid present fence
06-04 20:43:44.205 E/Scheduler( 265): trackPendingFrame: Invalid present fence
06-04 20:43:44.238 E/Scheduler( 265): trackPendingFrame: Invalid present fence
06-04 20:43:44.271 E/Scheduler( 265): trackPendingFrame: Invalid present fence
06-04 20:43:44.305 E/Scheduler( 265): trackPendingFrame: Invalid present fence
06-04 20:43:44.321 E/Scheduler( 265): trackPendingFrame: Invalid present fence
06-04 20:43:44.372 E/Scheduler( 265): trackPendingFrame: Invalid present fence
06-04 20:43:44.384 I/VDA ( 497): [0##29]"ServiceDeviceTask INs=1957/1964, OUTs=1954/1959"" {IN=7/8, OUT=8/13[kAtAccelerator(0) kAtDevice(5) kAtClient(8)]}"
06-04 20:43:44.388 E/Scheduler( 265): trackPendingFrame: Invalid present fence
06-04 20:43:44.401 I/DebugUtil( 497): [0##29]in/out status {INS/OUTS=1967(1)/1956(0)}, pipeline status {IN=8/8, OUT=10/13[Component(0) Accelerator(3) Client(10)]}
06-04 20:43:44.438 E/Scheduler( 265): trackPendingFrame: Invalid present fence
06-04 20:43:44.471 E/Scheduler( 265): trackPendingFrame: Invalid present fence
06-04 20:43:44.489 E/Scheduler( 265): trackPendingFrame: Invalid present fence
06-04 20:43:44.538 E/Scheduler( 265): trackPendingFrame: Invalid present fence
06-04 20:43:44.572 E/Scheduler( 265): trackPendingFrame: Invalid present fence
06-04 20:43:44.605 E/Scheduler( 265): trackPendingFrame: Invalid present fence
06-04 20:43:44.638 E/Scheduler( 265): trackPendingFrame: Invalid present fence
06-04 20:43:44.655 E/Scheduler( 265): trackPendingFrame: Invalid present fence
06-04 20:43:44.688 E/Scheduler( 265): trackPendingFrame: Invalid present fence
06-04 20:43:44.722 E/Scheduler( 265): trackPendingFrame: Invalid present fence
06-04 20:43:44.755 E/Scheduler( 265): trackPendingFrame: Invalid present fence
06-04 20:43:44.788 E/Scheduler( 265): trackPendingFrame: Invalid present fence
06-04 20:43:44.822 E/Scheduler( 265): trackPendingFrame: Invalid present fence
06-04 20:43:44.872 E/Scheduler( 265): trackPendingFrame: Invalid present fence
06-04 20:43:44.905 E/Scheduler( 265): trackPendingFrame: Invalid present fence
06-04 20:43:44.922 E/Scheduler( 265): trackPendingFrame: Invalid present fence
06-04 20:43:44.972 E/Scheduler( 265): trackPendingFrame: Invalid present fence
06-04 20:43:45.005 E/Scheduler( 265): trackPendingFrame: Invalid present fence
06-04 20:43:45.039 E/Scheduler( 265): trackPendingFrame: Invalid present fence
06-04 20:43:45.072 E/Scheduler( 265): trackPendingFrame: Invalid present fence
06-04 20:43:45.106 E/Scheduler( 265): trackPendingFrame: Invalid present fence
06-04 20:43:45.139 E/Scheduler( 265): trackPendingFrame: Invalid present fence
06-04 20:43:45.173 E/Scheduler( 265): trackPendingFrame: Invalid present fence
06-04 20:43:45.206 E/Scheduler( 265): trackPendingFrame: Invalid present fence
06-04 20:43:45.239 E/Scheduler( 265): trackPendingFrame: Invalid present fence
06-04 20:43:45.273 E/Scheduler( 265): trackPendingFrame: Invalid present fence
06-04 20:43:45.279 I/virtual Data FFDemuxer::read()( 7501): read frame ret: End of file latestReceivedTime: 219923 getTotalTimeMillis: 7500 is exit: 0
06-04 20:43:45.279 I/virtual Data FFDemuxer::read()( 7501): list smooth loop
06-04 20:43:45.283 I/virtual StreamInfo FFDemuxer::getVideoStreamInfo()( 7501): video width: 1920 video height: 1080 video pixelFormat: 0 fps: 30
06-04 20:43:45.283 D/virtual Data FFDemuxer::read()( 7501): open next url: /data/user/0/com.dangbei.lerad.screensaver/files/download/61/city_2.mp4
06-04 20:43:45.306 E/Scheduler( 265): trackPendingFrame: Invalid present fence
06-04 20:43:45.339 E/Scheduler( 265): trackPendingFrame: Invalid present fence
06-04 20:43:45.356 E/Scheduler( 265): trackPendingFrame: Invalid present fence
06-04 20:43:45.389 E/Scheduler( 265): trackPendingFrame: Invalid present fence
06-04 20:43:45.439 E/Scheduler( 265): trackPendingFrame: Invalid present fence
06-04 20:43:45.447 I/VDA ( 497): [0##29]"ServiceDeviceTask INs=1988/1995, OUTs=1985/1990"" {IN=7/8, OUT=8/13[kAtAccelerator(0) kAtDevice(5) kAtClient(8)]}"
06-04 20:43:45.472 E/Scheduler( 265): trackPendingFrame: Invalid present fence
06-04 20:43:45.506 E/Scheduler( 265): trackPendingFrame: Invalid present fence
06-04 20:43:45.539 E/Scheduler( 265): trackPendingFrame: Invalid present fence
06-04 20:43:45.556 E/Scheduler( 265): trackPendingFrame: Invalid present fence
06-04 20:43:45.606 E/Scheduler( 265): trackPendingFrame: Invalid present fence
06-04 20:43:45.639 E/Scheduler( 265): trackPendingFrame: Invalid present fence
06-04 20:43:45.673 E/Scheduler( 265): trackPendingFrame: Invalid present fence
06-04 20:43:45.690 E/Scheduler( 265): trackPendingFrame: Invalid present fence
06-04 20:43:45.739 E/Scheduler( 265): trackPendingFrame: Invalid present fence
06-04 20:43:45.757 E/Scheduler( 265): trackPendingFrame: Invalid present fence
06-04 20:43:45.791 I/WifiHAL ( 524): call wifi_get_link_stats handler
06-04 20:43:45.791 I/WifiHAL ( 524): Creating message to get link statistics; iface = 16
06-04 20:43:45.792 D/WifiHAL ( 524): error code -95 mapped to -3
06-04 20:43:45.792 E/WifiStaIfaceAidlImpl( 707): getLinkLayerStats failed with service-specific exception: android.os.ServiceSpecificException: (code 4)
06-04 20:43:45.806 E/Scheduler( 265): trackPendingFrame: Invalid present fence
06-04 20:43:45.840 E/Scheduler( 265): trackPendingFrame: Invalid present fence
06-04 20:43:45.873 E/Scheduler( 265): trackPendingFrame: Invalid present fence
06-04 20:43:45.906 E/Scheduler( 265): trackPendingFrame: Invalid present fence
06-04 20:43:45.940 E/Scheduler( 265): trackPendingFrame: Invalid present fence
06-04 20:43:45.973 E/Scheduler( 265): trackPendingFrame: Invalid present fence
06-04 20:43:46.007 E/Scheduler( 265): trackPendingFrame: Invalid present fence
06-04 20:43:46.040 E/Scheduler( 265): trackPendingFrame: Invalid present fence
06-04 20:43:46.056 E/Scheduler( 265): trackPendingFrame: Invalid present fence
06-04 20:43:46.107 E/Scheduler( 265): trackPendingFrame: Invalid present fence
06-04 20:43:46.123 E/Scheduler( 265): trackPendingFrame: Invalid present fence
06-04 20:43:46.173 E/Scheduler( 265): trackPendingFrame: Invalid present fence
06-04 20:43:46.190 E/Scheduler( 265): trackPendingFrame: Invalid present fence
06-04 20:43:46.240 E/Scheduler( 265): trackPendingFrame: Invalid present fence
06-04 20:43:46.273 E/Scheduler( 265): trackPendingFrame: Invalid present fence
06-04 20:43:46.306 D/BufferPoolAccessor2.0( 7501): bufferpool2 0xe41749a8 : 8(12582912 size) total buffers - 8(12582912 size) used buffers - 0/9 (recycle/alloc) - 9/2024 (fetch/transfer)
06-04 20:43:46.307 E/Scheduler( 265): trackPendingFrame: Invalid present fence
06-04 20:43:46.340 E/Scheduler( 265): trackPendingFrame: Invalid present fence
06-04 20:43:46.374 E/Scheduler( 265): trackPendingFrame: Invalid present fence
06-04 20:43:46.407 E/Scheduler( 265): trackPendingFrame: Invalid present fence
06-04 20:43:46.423 E/Scheduler( 265): trackPendingFrame: Invalid present fence
06-04 20:43:46.457 E/Scheduler( 265): trackPendingFrame: Invalid present fence
06-04 20:43:46.476 I/VDA ( 497): [0##29]"ServiceDeviceTask INs=2021/2028, OUTs=2018/2022"" {IN=7/8, OUT=9/13[kAtAccelerator(0) kAtDevice(4) kAtClient(9)]}"
06-04 20:43:46.490 E/Scheduler( 265): trackPendingFrame: Invalid present fence
06-04 20:43:46.524 E/Scheduler( 265): trackPendingFrame: Invalid present fence
06-04 20:43:46.557 E/Scheduler( 265): trackPendingFrame: Invalid present fence
06-04 20:43:46.590 E/Scheduler( 265): trackPendingFrame: Invalid present fence
06-04 20:43:46.624 E/Scheduler( 265): trackPendingFrame: Invalid present fence
06-04 20:43:46.657 E/Scheduler( 265): trackPendingFrame: Invalid present fence
06-04 20:43:46.691 E/Scheduler( 265): trackPendingFrame: Invalid present fence
06-04 20:43:46.724 E/Scheduler( 265): trackPendingFrame: Invalid present fence
06-04 20:43:46.757 E/Scheduler( 265): trackPendingFrame: Invalid present fence
06-04 20:43:46.791 E/Scheduler( 265): trackPendingFrame: Invalid present fence
06-04 20:43:46.824 E/Scheduler( 265): trackPendingFrame: Invalid present fence
06-04 20:43:46.857 E/Scheduler( 265): trackPendingFrame: Invalid present fence
06-04 20:43:46.891 E/Scheduler( 265): trackPendingFrame: Invalid present fence
06-04 20:43:46.924 E/Scheduler( 265): trackPendingFrame: Invalid present fence
06-04 20:43:46.957 E/Scheduler( 265): trackPendingFrame: Invalid present fence
06-04 20:43:46.991 E/Scheduler( 265): trackPendingFrame: Invalid present fence
06-04 20:43:47.024 E/Scheduler( 265): trackPendingFrame: Invalid present fence
06-04 20:43:47.057 E/Scheduler( 265): trackPendingFrame: Invalid present fence
06-04 20:43:47.092 E/Scheduler( 265): trackPendingFrame: Invalid present fence
06-04 20:43:47.125 E/Scheduler( 265): trackPendingFrame: Invalid present fence
06-04 20:43:47.158 E/Scheduler( 265): trackPendingFrame: Invalid present fence
06-04 20:43:47.191 E/Scheduler( 265): trackPendingFrame: Invalid present fence
06-04 20:43:47.224 E/Scheduler( 265): trackPendingFrame: Invalid present fence
06-04 20:43:47.257 E/Scheduler( 265): trackPendingFrame: Invalid present fence
06-04 20:43:47.291 E/Scheduler( 265): trackPendingFrame: Invalid present fence
06-04 20:43:47.324 E/Scheduler( 265): trackPendingFrame: Invalid present fence
06-04 20:43:47.358 E/Scheduler( 265): trackPendingFrame: Invalid present fence
06-04 20:43:47.391 E/Scheduler( 265): trackPendingFrame: Invalid present fence
06-04 20:43:47.424 E/Scheduler( 265): trackPendingFrame: Invalid present fence
06-04 20:43:47.458 E/Scheduler( 265): trackPendingFrame: Invalid present fence
06-04 20:43:47.491 E/Scheduler( 265): trackPendingFrame: Invalid present fence
06-04 20:43:47.502 I/VDA ( 497): [0##29]"ServiceDeviceTask INs=2051/2058, OUTs=2049/2052"" {IN=7/8, OUT=10/13[kAtAccelerator(0) kAtDevice(3) kAtClient(10)]}"
06-04 20:43:47.524 E/Scheduler( 265): trackPendingFrame: Invalid present fence
06-04 20:43:47.558 E/Scheduler( 265): trackPendingFrame: Invalid present fence
06-04 20:43:47.591 E/Scheduler( 265): trackPendingFrame: Invalid present fence
06-04 20:43:47.625 E/Scheduler( 265): trackPendingFrame: Invalid present fence
06-04 20:43:47.658 E/Scheduler( 265): trackPendingFrame: Invalid present fence
06-04 20:43:47.691 E/Scheduler( 265): trackPendingFrame: Invalid present fence
06-04 20:43:47.725 E/Scheduler( 265): trackPendingFrame: Invalid present fence
06-04 20:43:47.758 E/Scheduler( 265): trackPendingFrame: Invalid present fence
06-04 20:43:47.791 E/Scheduler( 265): trackPendingFrame: Invalid present fence
06-04 20:43:47.825 E/Scheduler( 265): trackPendingFrame: Invalid present fence
06-04 20:43:47.858 E/Scheduler( 265): trackPendingFrame: Invalid present fence
06-04 20:43:47.891 E/Scheduler( 265): trackPendingFrame: Invalid present fence
06-04 20:43:47.925 E/Scheduler( 265): trackPendingFrame: Invalid present fence
06-04 20:43:47.958 E/Scheduler( 265): trackPendingFrame: Invalid present fence
06-04 20:43:47.991 E/Scheduler( 265): trackPendingFrame: Invalid present fence
06-04 20:43:48.025 E/Scheduler( 265): trackPendingFrame: Invalid present fence
06-04 20:43:48.058 E/Scheduler( 265): trackPendingFrame: Invalid present fence
06-04 20:43:48.092 E/Scheduler( 265): trackPendingFrame: Invalid present fence
06-04 20:43:48.125 E/Scheduler( 265): trackPendingFrame: Invalid present fence
06-04 20:43:48.158 E/Scheduler( 265): trackPendingFrame: Invalid present fence
06-04 20:43:48.192 E/Scheduler( 265): trackPendingFrame: Invalid present fence
06-04 20:43:48.225 E/Scheduler( 265): trackPendingFrame: Invalid present fence
06-04 20:43:48.259 E/Scheduler( 265): trackPendingFrame: Invalid present fence
06-04 20:43:48.292 E/Scheduler( 265): trackPendingFrame: Invalid present fence
06-04 20:43:48.325 E/Scheduler( 265): trackPendingFrame: Invalid present fence
06-04 20:43:48.360 E/Scheduler( 265): trackPendingFrame: Invalid present fence
06-04 20:43:48.392 E/Scheduler( 265): trackPendingFrame: Invalid present fence
06-04 20:43:48.426 E/Scheduler( 265): trackPendingFrame: Invalid present fence
06-04 20:43:48.460 E/Scheduler( 265): trackPendingFrame: Invalid present fence
06-04 20:43:48.492 E/Scheduler( 265): trackPendingFrame: Invalid present fence
06-04 20:43:48.525 E/Scheduler( 265): trackPendingFrame: Invalid present fence
06-04 20:43:48.528 I/VDA ( 497): [0##29]"ServiceDeviceTask INs=2081/2088, OUTs=2079/2083"" {IN=7/8, OUT=9/13[kAtAccelerator(0) kAtDevice(4) kAtClient(9)]}"
06-04 20:43:48.559 E/Scheduler( 265): trackPendingFrame: Invalid present fence
06-04 20:43:48.592 E/Scheduler( 265): trackPendingFrame: Invalid present fence
06-04 20:43:48.625 E/Scheduler( 265): trackPendingFrame: Invalid present fence
06-04 20:43:48.659 E/Scheduler( 265): trackPendingFrame: Invalid present fence
06-04 20:43:48.692 E/Scheduler( 265): trackPendingFrame: Invalid present fence
06-04 20:43:48.726 E/Scheduler( 265): trackPendingFrame: Invalid present fence
06-04 20:43:48.750 I/wa ( 7501): pv stat is disabled
06-04 20:43:48.759 E/Scheduler( 265): trackPendingFrame: Invalid present fence
06-04 20:43:48.792 E/Scheduler( 265): trackPendingFrame: Invalid present fence
06-04 20:43:48.799 I/WifiHAL ( 524): call wifi_get_link_stats handler
06-04 20:43:48.799 I/WifiHAL ( 524): Creating message to get link statistics; iface = 16
06-04 20:43:48.799 D/WifiHAL ( 524): error code -95 mapped to -3
06-04 20:43:48.801 E/WifiStaIfaceAidlImpl( 707): getLinkLayerStats failed with service-specific exception: android.os.ServiceSpecificException: (code 4)
06-04 20:43:48.826 E/Scheduler( 265): trackPendingFrame: Invalid present fence
06-04 20:43:48.859 E/Scheduler( 265): trackPendingFrame: Invalid present fence
06-04 20:43:48.893 E/Scheduler( 265): trackPendingFrame: Invalid present fence
06-04 20:43:48.926 E/Scheduler( 265): trackPendingFrame: Invalid present fence
06-04 20:43:48.959 E/Scheduler( 265): trackPendingFrame: Invalid present fence
06-04 20:43:48.993 E/Scheduler( 265): trackPendingFrame: Invalid present fence
06-04 20:43:49.026 E/Scheduler( 265): trackPendingFrame: Invalid present fence
06-04 20:43:49.060 E/Scheduler( 265): trackPendingFrame: Invalid present fence
06-04 20:43:49.093 E/Scheduler( 265): trackPendingFrame: Invalid present fence
06-04 20:43:49.126 E/Scheduler( 265): trackPendingFrame: Invalid present fence
06-04 20:43:49.160 E/Scheduler( 265): trackPendingFrame: Invalid present fence
06-04 20:43:49.193 E/Scheduler( 265): trackPendingFrame: Invalid present fence
06-04 20:43:49.226 E/Scheduler( 265): trackPendingFrame: Invalid present fence
06-04 20:43:49.260 E/Scheduler( 265): trackPendingFrame: Invalid present fence
06-04 20:43:49.293 E/Scheduler( 265): trackPendingFrame: Invalid present fence
06-04 20:43:49.326 E/Scheduler( 265): trackPendingFrame: Invalid present fence
06-04 20:43:49.360 E/Scheduler( 265): trackPendingFrame: Invalid present fence
06-04 20:43:49.393 E/Scheduler( 265): trackPendingFrame: Invalid present fence
06-04 20:43:49.401 I/DebugUtil( 497): [0##29]in/out status {INS/OUTS=2117(1)/2106(0)}, pipeline status {IN=8/8, OUT=10/13[Component(0) Accelerator(3) Client(10)]}
06-04 20:43:49.427 E/Scheduler( 265): trackPendingFrame: Invalid present fence
06-04 20:43:49.460 E/Scheduler( 265): trackPendingFrame: Invalid present fence
06-04 20:43:49.493 E/Scheduler( 265): trackPendingFrame: Invalid present fence
06-04 20:43:49.527 E/Scheduler( 265): trackPendingFrame: Invalid present fence
06-04 20:43:49.554 I/VDA ( 497): [0##29]"ServiceDeviceTask INs=2113/2120, OUTs=2111/2114"" {IN=7/8, OUT=10/13[kAtAccelerator(0) kAtDevice(3) kAtClient(10)]}"
06-04 20:43:49.560 E/Scheduler( 265): trackPendingFrame: Invalid present fence
06-04 20:43:49.593 E/Scheduler( 265): trackPendingFrame: Invalid present fence
06-04 20:43:49.626 E/Scheduler( 265): trackPendingFrame: Invalid present fence
06-04 20:43:49.660 E/Scheduler( 265): trackPendingFrame: Invalid present fence
06-04 20:43:49.694 E/Scheduler( 265): trackPendingFrame: Invalid present fence
06-04 20:43:49.696 I/virtual void MediaDecoder::run()( 7501): notify decode next url: /data/user/0/com.dangbei.lerad.screensaver/files/download/61/city_1.mp4
06-04 20:43:49.696 E/screen_saver2( 7501): onDecodeNextStream: 0
06-04 20:43:49.696 E/screen_saver2( 7501): 本地记录index和回调的不一致
06-04 20:43:49.697 D/AdManager( 7501): advertisementNum: 0
06-04 20:43:49.697 D/AdManager( 7501): showAdvertisement
06-04 20:43:49.697 I/void PlayerProxy::abortRequest(long)( 7501): abortRequest
06-04 20:43:49.698 I/void PlayerProxy::release(long)( 7501): start release
06-04 20:43:49.698 D/void Thread::stop()( 7501): Thread-MediaDecoder start stop
06-04 20:43:49.698 I/static int FFDemuxer::interruptCallBack(void *)( 7501): abort request
06-04 20:43:49.698 E/virtual Data FFDemuxer::read()( 7501): read frame failed: Invalid data found when processing input
06-04 20:43:49.698 E/virtual Data FFDemuxer::read()( 7501): read frame failed: Invalid data found when processing input
06-04 20:43:49.698 E/virtual Data FFDemuxer::read()( 7501): read frame failed: Invalid data found when processing input
06-04 20:43:49.698 E/virtual Data FFDemuxer::read()( 7501): read frame failed: Invalid data found when processing input
06-04 20:43:49.698 E/virtual Data FFDemuxer::read()( 7501): read frame failed: Invalid data found when processing input
06-04 20:43:49.698 E/virtual Data FFDemuxer::read()( 7501): read frame failed: Invalid data found when processing input
06-04 20:43:49.698 I/static int FFDemuxer::interruptCallBack(void *)( 7501): abort request
06-04 20:43:49.698 I/static int FFDemuxer::interruptCallBack(void *)( 7501): abort request
06-04 20:43:49.698 I/virtual Data FFDemuxer::read()( 7501): read frame ret: Immediate exit requested latestReceivedTime: 224023 getTotalTimeMillis: 6666 is exit: 1
06-04 20:43:49.698 D/virtual void IDemuxer::run()( 7501): flush packet stop buffer if need
06-04 20:43:49.701 I/void JavaCallback::JNIDetachThread()( 7501): detach thread
06-04 20:43:49.701 I/void MediaDecoder::render()( 7501): stop 2
06-04 20:43:49.701 I/void JavaCallback::JNIDetachThread()( 7501): detach thread
06-04 20:43:49.701 I/virtual void MediaDecoder::run()( 7501): stop 2
06-04 20:43:49.708 D/void Thread::stop()( 7501): Thread-MediaDecoder stop success
06-04 20:43:49.708 D/void Thread::stop()( 7501): Thread-FFDemuxer start stop
06-04 20:43:49.708 I/void JavaCallback::JNIDetachThread()( 7501): detach thread
06-04 20:43:49.708 I/virtual void IDemuxer::run()( 7501): stop
06-04 20:43:49.718 D/void Thread::stop()( 7501): Thread-FFDemuxer stop success
06-04 20:43:49.718 D/void Thread::stop()( 7501): Thread-Player start stop
06-04 20:43:49.723 I/void JavaCallback::JNIDetachThread()( 7501): detach thread
06-04 20:43:49.723 I/virtual void Player::run()( 7501): stop
06-04 20:43:49.728 D/void Thread::stop()( 7501): Thread-Player stop success
06-04 20:43:49.728 I/virtual void IDemuxer::clear()( 7501): clear success
06-04 20:43:49.747 I/virtual void IDecoder::clear(bool)( 7501): clear success 2 serial: 1
06-04 20:43:49.747 I/virtual void MediaDecoder::clear(bool)( 7501): clear success 2
06-04 20:43:49.747 I/virtual void FFDemuxer::close()( 7501): start
06-04 20:43:49.747 I/virtual void FFDemuxer::close()( 7501): close success
06-04 20:43:49.748 D/SurfaceUtils( 7501): connecting to surface 0xeba72618, reason connectToSurface
06-04 20:43:49.748 I/MediaCodec( 7501): [c2.amlogic.hevc.decoder] setting surface generation to 7681026
06-04 20:43:49.748 D/SurfaceUtils( 7501): disconnecting from surface 0xeba72618, reason connectToSurface(reconnect)
06-04 20:43:49.748 D/SurfaceUtils( 7501): connecting to surface 0xeba72618, reason connectToSurface(reconnect)
06-04 20:43:49.748 D/Codec2-OutputBufferQueue( 7501): C2SurfaceSyncMemory created 20(20)
06-04 20:43:49.749 D/Codec2-OutputBufferQueue( 7501): remote graphic buffer migration 9/9
06-04 20:43:49.749 D/Codec2Client( 7501): setOutputSurface -- generation=7681026 consumer usage=0x900 sync
06-04 20:43:49.750 D/C2BqBuffer( 497): local generation change 7681026 , bqId: 32216549687298 migrated buffers # 3
06-04 20:43:49.751 D/Codec2Client( 7501): Surface configure completed
06-04 20:43:49.751 D/SurfaceUtils( 7501): disconnecting from surface 0xeba59318, reason disconnectFromSurface
06-04 20:43:49.752 D/CCodecBufferChannel( 7501): [c2.amlogic.hevc.decoder#674] MediaCodec discarded an unknown buffer
06-04 20:43:49.752 D/CCodecBufferChannel( 7501): [c2.amlogic.hevc.decoder#674] MediaCodec discarded an unknown buffer
06-04 20:43:49.752 D/CCodecBufferChannel( 7501): [c2.amlogic.hevc.decoder#674] MediaCodec discarded an unknown buffer
06-04 20:43:49.752 I/C2VdecComponent( 497): [0##29]"[release]"
06-04 20:43:49.752 D/CCodecBufferChannel( 7501): [c2.amlogic.hevc.decoder#674] MediaCodec discarded an unknown buffer
06-04 20:43:49.752 I/C2VdecComponent( 497): [0##29]"[reset]"
06-04 20:43:49.752 I/C2VdecComponent( 497): [0##29]"[stop]"
06-04 20:43:49.752 D/CCodecBufferChannel( 7501): [c2.amlogic.hevc.decoder#674] MediaCodec discarded an unknown buffer
06-04 20:43:49.752 D/CCodecBufferChannel( 7501): [c2.amlogic.hevc.decoder#674] MediaCodec discarded an unknown buffer
06-04 20:43:49.752 I/C2VdecComponent( 497): [0##29]"[onStop]"
06-04 20:43:49.752 D/CCodecBufferChannel( 7501): [c2.amlogic.hevc.decoder#674] MediaCodec discarded an unknown buffer
06-04 20:43:49.752 D/CCodecBufferChannel( 7501): [c2.amlogic.hevc.decoder#674] MediaCodec discarded an unknown buffer
06-04 20:43:49.752 D/CCodecBufferChannel( 7501): [c2.amlogic.hevc.decoder#674] MediaCodec discarded an unknown buffer
06-04 20:43:49.753 I/VideoDecWraper( 497): [0##29]"stop"
06-04 20:43:49.753 I/AmVideoDec( 497): [No--1]-[0]"reset\n"
06-04 20:43:49.753 I/virtual void MediaDecoder::close()( 7501): close success 2
06-04 20:43:49.753 I/void Player::setState(PLAYER_STATE)( 7501): state changed newState: 7 oldState: 3
06-04 20:43:49.753 D/LeradPlayer( 7501): player newState: 7 oldState: 3
06-04 20:43:49.753 I/VDA ( 497): [0##29]"Reset"
06-04 20:43:49.753 I/void Player::close()( 7501): close success
06-04 20:43:49.753 I/JavaCallback::~JavaCallback()( 7501): delete success
06-04 20:43:49.753 I/Player::~Player()( 7501): start delete
06-04 20:43:49.753 I/virtual FFDemuxer::~FFDemuxer()( 7501): delete success
06-04 20:43:49.753 I/virtual FFAVDecoder::~FFAVDecoder()( 7501): delete success
06-04 20:43:49.753 I/virtual MediaDecoder::~MediaDecoder()( 7501): delete success
06-04 20:43:49.753 I/virtual FFAVDecoder::~FFAVDecoder()( 7501): delete success
06-04 20:43:49.753 I/virtual FFSubtitleDecoder::~FFSubtitleDecoder()( 7501): delete success
06-04 20:43:49.753 I/virtual FFResample::~FFResample()( 7501): delete success
06-04 20:43:49.753 I/virtual AudioTrackOutput::~AudioTrackOutput()( 7501): delete success
06-04 20:43:49.753 I/VDA ( 497): [0##29]"ResetTask\n"
06-04 20:43:49.753 D/virtual GLVideoOutput::~GLVideoOutput()( 7501): delete success
06-04 20:43:49.753 I/AmlManagePts( 497): [0]"resetPtsInfo into\n"
06-04 20:43:49.753 I/AmlManagePts( 497): [0]"resetOutPutInfo into\n"
06-04 20:43:49.753 I/Player::~Player()( 7501): delete success
06-04 20:43:49.753 I/void PlayerProxy::release(long)( 7501): release success
06-04 20:43:49.755 I/VDA ( 497): [0##29]"FinishReset\n"
06-04 20:43:49.755 I/VDA ( 497): [0##29]"StopInputStream input_streamon 1, input_buffer_map_.size 8\n"
06-04 20:43:49.755 I/VDA ( 497): [0##29]"----stop input VIDIOC_STREAMOFF----\n"
06-04 20:43:49.755 I/VDA ( 497): [0##29]"StopDevicePoll\n"
06-04 20:43:49.755 I/VDA ( 497): [0##29]"----stop output VIDIOC_STREAMOFF----\n"
06-04 20:43:49.756 D/PipelineWatcher( 7501): onInputBufferReleased: frameIndex not found (2118); ignored
06-04 20:43:49.756 D/PipelineWatcher( 7501): onInputBufferReleased: frameIndex not found (2119); ignored
06-04 20:43:49.756 D/PipelineWatcher( 7501): onInputBufferReleased: frameIndex not found (2120); ignored
06-04 20:43:49.756 D/PipelineWatcher( 7501): onInputBufferReleased: frameIndex not found (2121); ignored
06-04 20:43:49.756 D/PipelineWatcher( 7501): onInputBufferReleased: frameIndex not found (2122); ignored
06-04 20:43:49.756 D/PipelineWatcher( 7501): onInputBufferReleased: frameIndex not found (2123); ignored
06-04 20:43:49.756 D/PipelineWatcher( 7501): onInputBufferReleased: frameIndex not found (2124); ignored
06-04 20:43:49.756 D/PipelineWatcher( 7501): onInputBufferReleased: frameIndex not found (2125); ignored
06-04 20:43:49.762 I/VDA ( 497): [0##29]"SendPictureReady\n"
06-04 20:43:49.762 I/VDA ( 497): [0##29]"post ResetDoneTask\n"
06-04 20:43:49.762 I/VDA ( 497): [0##29]"ResetDoneTask\n"
06-04 20:43:49.762 I/VDA ( 497): [0##29]"StartDevicePoll\n"
06-04 20:43:49.762 I/VDA ( 497): [0##29]"NotifyResetDone\n"
06-04 20:43:49.763 I/AmVideoDec( 497): [No--1]-[0]"notifyResetDone\n"
06-04 20:43:49.763 I/VideoDecWraper( 497): [0##29]"onResetDone\n"
06-04 20:43:49.763 I/C2VdecComponent( 497): [0##29]"[NotifyFlushOrStopDone]"
06-04 20:43:49.763 I/android.hardware.media.c2@1.2-service( 497): (null) is not set, used defaultValue = 0
06-04 20:43:49.763 I/C2VdecComponent( 497): [0##29]"[onFlushOrStopDone]"
06-04 20:43:49.763 I/C2VdecComponent( 497): [0##29]"[onStopDone]"
06-04 20:43:49.763 I/C2VdecComponent( 497): [reportAbandonedWorks] no-tunnel mode abandon bitstreamid:2116 mediatimeus:70597000
06-04 20:43:49.763 I/C2VdecComponent( 497): [reportAbandonedWorks] no-tunnel mode abandon bitstreamid:2117 mediatimeus:70530000
