06-04 20:45:03.357 D/CCodecConfig( 7501): c2::float raw.hdr-static-info.maste
06-04 20:45:03.358 W/ColorUtils( 7501): expected specified color aspects (0:0:0:0)
06-04 20:45:03.359 D/MediaCodec( 7501): flushMediametrics
06-04 20:45:03.359 D/SurfaceUtils( 7501): connecting to surface 0xeba75878, reason connectToSurface
06-04 20:45:03.359 I/MediaCodec( 7501): [c2.amlogic.hevc.decoder] setting surface generation to 7681029
06-04 20:45:03.359 D/SurfaceUtils( 7501): disconnecting from surface 0xeba75878, reason connectToSurface(reconnect)
06-04 20:45:03.360 D/SurfaceUtils( 7501): connecting to surface 0xeba75878, reason connectToSurface(reconnect)
06-04 20:45:03.360 D/CCodec ( 7501): [c2.amlogic.hevc.decoder] buffers are bound to CCodec for this session
06-04 20:45:03.360 D/CCodecConfig( 7501): no c2 equivalents for native-window
06-04 20:45:03.360 D/CCodecConfig( 7501): no c2 equivalents for flags
06-04 20:45:03.360 I/C2VdecComponentIntfImpl( 497): [10##10]config picture w:1920 h:1080
06-04 20:45:03.361 D/CCodecConfig( 7501): c2 config diff is c2::u32 raw.size.height = 1080
06-04 20:45:03.361 D/CCodecConfig( 7501): c2::u32 raw.size.width = 1920
06-04 20:45:03.362 W/Codec2Client( 7501): query -- param skipped: index = 1107298332.
06-04 20:45:03.362 D/CCodec ( 7501): encoding statistics level = 0
06-04 20:45:03.362 D/CCodec ( 7501): setup formats input: AMessage(what = 0x00000000) = {
06-04 20:45:03.362 D/CCodec ( 7501): int32_t frame-rate = 30
06-04 20:45:03.362 D/CCodec ( 7501): int32_t height = 1080
06-04 20:45:03.362 D/CCodec ( 7501): int32_t level = 8388608
06-04 20:45:03.362 D/CCodec ( 7501): int32_t max-input-size = 1572864
06-04 20:45:03.362 D/CCodec ( 7501): string mime = "video/hevc"
06-04 20:45:03.362 D/CCodec ( 7501): int32_t profile = 1
06-04 20:45:03.362 D/CCodec ( 7501): int32_t width = 1920
06-04 20:45:03.362 D/CCodec ( 7501): Rect crop(0, 0, 1919, 1079)
06-04 20:45:03.362 D/CCodec ( 7501): }
06-04 20:45:03.362 D/CCodec ( 7501): setup formats output: AMessage(what = 0x00000000) = {
06-04 20:45:03.362 D/CCodec ( 7501): int32_t android._video-scaling = 1
06-04 20:45:03.362 D/CCodec ( 7501): int32_t android._dataspace = 260
06-04 20:45:03.362 D/CCodec ( 7501): int32_t color-standard = 1
06-04 20:45:03.362 D/CCodec ( 7501): int32_t color-range = 2
06-04 20:45:03.362 D/CCodec ( 7501): int32_t color-transfer = 3
06-04 20:45:03.362 D/CCodec ( 7501): int32_t sar-height = 1
06-04 20:45:03.362 D/CCodec ( 7501): int32_t rotation-degrees = 0
06-04 20:45:03.362 D/CCodec ( 7501): Buffer hdr-static-info = {
06-04 20:45:03.362 D/CCodec ( 7501): 00000000: 00 00 00 00 00 00 00 00 00 00 00 00 00 00 00 00 ................
06-04 20:45:03.362 D/CCodec ( 7501): 00000010: 00 00 00 00 00 00 00 00 00 .........
06-04 20:45:03.362 D/CCodec ( 7501): }
06-04 20:45:03.362 D/CCodec ( 7501): int32_t sar-width = 1
06-04 20:45:03.362 D/CCodec ( 7501): Rect crop(0, 0, 1919, 1079)
06-04 20:45:03.362 D/CCodec ( 7501): int32_t width = 1920
06-04 20:45:03.362 D/CCodec ( 7501): int32_t frame-rate = 30
06-04 20:45:03.362 D/CCodec ( 7501): int32_t height = 1080
06-04 20:45:03.362 D/CCodec ( 7501): string mime = "video/raw"
06-04 20:45:03.362 D/CCodec ( 7501): int32_t color-format = 2130708361
06-04 20:45:03.362 D/CCodec ( 7501): }
06-04 20:45:03.362 I/CCodecConfig( 7501): query failed after returning 15 values (BAD_INDEX)
06-04 20:45:03.362 D/CCodecConfig( 7501): c2 config diff is c2::u32 input.buffers.max-size.value = 1572864
06-04 20:45:03.363 I/C2VdecComponent( 497): [10##-1]"[start]"
06-04 20:45:03.363 I/C2VdecComponent( 497): [10##-1]"OnStart DolbyVision:0"
06-04 20:45:03.363 I/C2VdecComponent( 497): debug.vendor.media.c2.vdec.priority is not set used def = 0
06-04 20:45:03.363 I/DebugUtil( 497): [10##-1][setComponent:77]
06-04 20:45:03.363 D/C2DBG ( 497): adding client to C2_VDEC
06-04 20:45:03.363 I/VideoDecWraper( 497): vendor.media.c2.loglevels is not set used def = 1
06-04 20:45:03.363 I/VideoDecWraper( 497): [-1##-1]"VideoDecWraper"
06-04 20:45:03.363 I/C2VdecDeviceUtil( 497): vendor.media.c2.loglevels is not set used def = 1
06-04 20:45:03.364 I/C2VdecCodecConfig( 497): isCodecSupportHdr10Plus hdr10:(0)
06-04 20:45:03.364 I/C2VdecGrallocWraper( 497): vendor.media.c2.loglevels is not set used def = 1
06-04 20:45:03.364 I/C2VdecDeviceUtil( 497): [DeviceUtil:66]mSupportHdr10Plus:0
06-04 20:45:03.364 I/C2VdecDeviceUtil( 497): [10##-1][setComponent:154]
06-04 20:45:03.364 I/C2VdecDeviceUtil( 497): [10#-1]"No HDR ColorAspects set"
06-04 20:45:03.364 I/C2VdecDeviceUtil( 497): setSkipReallocBufMode:0
06-04 20:45:03.365 I/C2VdecDeviceUtil( 497): [0#-1]"[codecConfig:499] query frame rate:30.000000 updata mDurationUs = 33333, unstablePts :0 isAviDiscard :0"
06-04 20:45:03.365 I/C2VdecDeviceUtil( 497): [0#-1]"Disable low latency mode to v4l2 decoder."
06-04 20:45:03.365 I/C2VdecDeviceUtil( 497): [codecConfig:522] clear vendor.media.llp
06-04 20:45:03.365 I/C2VdecDeviceUtil( 497): vendor.media.c2.vdec.h264_mmu_width is not set used def = 2560
06-04 20:45:03.365 I/C2VdecDeviceUtil( 497): vendor.media.c2.vdec.h264_mmu_height is not set used def = 2160
06-04 20:45:03.365 I/C2VdecDeviceUtil( 497): [0#-1]"mEnableAvc4kMMU = 1, mmu open width:2560, height:2160"
06-04 20:45:03.365 I/C2VdecDeviceUtil( 497): [0#-1]"configure width:1920 height:1080"
06-04 20:45:03.365 E/C2VdecCodecConfig( 497): can support 8K
06-04 20:45:03.365 I/C2VdecDeviceUtil( 497): [0#-1]"[codecConfig:569] Codec is Support 8k"
06-04 20:45:03.365 I/C2VdecDeviceUtil( 497): [0#-1]"DoubleWriteMode 3, margin:6 \n"
06-04 20:45:03.365 I/C2VdecDeviceUtil( 497): [0#-1]"Enable DIPOST"
06-04 20:45:03.365 I/C2VdecDeviceUtil( 497): [0#-1]"Buf dma mode 0x100000"
06-04 20:45:03.365 I/C2VdecDeviceUtil( 497): [0#-1]"C2 need disable error policy"
06-04 20:45:03.365 I/C2VdecDeviceUtil( 497): [codecConfig] set triple write:0
06-04 20:45:03.365 I/V4l2Adaptor( 497): V4l2Adaptor::GetSupportedProfiles inputcoded 1, inputFormatFourcc 43564548
06-04 20:45:03.365 I/android.hardware.media.c2@1.2-service( 497): vendor.mediahal.loglevels is not set, used defaultValue = 1
06-04 20:45:03.383 I/VideoDecWraper( 497): AmVideoDec_getSupportedProfiles data:0xeca807f0, size:3
06-04 20:45:03.383 I/VideoDecWraper( 497): [0##-1]"initialize:mime:video/hevc secureMode is 0 flags is 0x8001"
06-04 20:45:03.383 E/VideoDecWraper( 497): version 1.1 use create AmVideoDec_create
06-04 20:45:03.383 I/AmVideoDec( 497): AmVideoDec version: V3.32.61-g16c2887e (drm.autobuild Thu Dec 19 10:59:00 CST 2024), mHalInstanceID 8, mHalInstancenum 0
06-04 20:45:03.383 I/android.hardware.media.c2@1.2-service( 497): vendor.mediahal.loglevels is not set, used defaultValue = 1
06-04 20:45:03.383 I/AmVideoDec( 497): [No--1]-[0]"new VideoDec\n"
06-04 20:45:03.383 I/AmVideoDec( 497): open dec_stat fd -1 mLowMem:0
06-04 20:45:03.383 I/android.hardware.media.c2@1.2-service( 497): vendor.amtsplayer.pipeline is not set, used defaultValue = 1
06-04 20:45:03.383 I/VideoDecWraper( 497): GetAmVideoDec ok
06-04 20:45:03.383 D/ResmanWrapper( 497): resManWrapper CODEC2-0 init, fd = 10
06-04 20:45:03.383 I/AmVideoDec( 497): [No--1]-[0]"checkResource.-- mem size:60--dim:0 w:[1920]H[1080]\n"
06-04 20:45:03.430 I/AmVideoDec( 497): [No--1]-[0]"res_status.v.query.avail 283 -mmsize: 60 -adjust 0\n"
06-04 20:45:03.430 I/resman ( 497): acquire fd:10, resid:7, preempt:1, time_out:10000, arg:
06-04 20:45:03.477 I/resman ( 497): acquire fd:10, resid:5, preempt:1, time_out:10000, arg:size:60
06-04 20:45:03.478 I/V4l2Adaptor( 497): V4l2Adaptor::initialize flags is 0x8001
06-04 20:45:03.478 I/V4l2Adaptor( 497): V4l2Adaptor::onInit
06-04 20:45:03.478 I/android.hardware.media.c2@1.2-service( 497): vendor.mediahal.loglevels is not set, used defaultValue = 1
06-04 20:45:03.478 I/android.hardware.media.c2@1.2-service( 497): vendor.mediahal.loglevels is not set, used defaultValue = 1
06-04 20:45:03.478 I/VDA ( 497): [-1##-1]"open dec_stat fd -1, gloglevel 1 use_pts_id_ is 0 force dmabuf mode 0\n"
06-04 20:45:03.478 I/VDA ( 497): [-1##-1]"VDA Initialize flags is 32769\n"
06-04 20:45:03.478 I/VDA ( 497): [-1##-1]"Disabled LCEVC"
06-04 20:45:03.478 I/android.hardware.media.c2@1.2-service( 497): vendor.mediahal.loglevels is not set, used defaultValue = 1
06-04 20:45:03.478 I/VDA ( 497): [-1##-1]"Initialize codec2_mode_:1," "stream_mode_:0," "use_pts_id_:0," "force_dmabuf_mode_:0," "use_input_buffercache_:0," "use_input_bufferpool_ :1," "use_dynamic_capture_buffer_:1," "use_uvm_:1," "use_pts_calculator_:1," "use_high_prio_:1," "use_secure_vdec_hal_:1," "use_low_latency_mode_:0," "add_csd_:1"
06-04 20:45:03.496 I/VDA ( 497): [-1##39]"Initialize decoder_instance_num_ = 39"
06-04 20:45:03.496 I/VDA ( 497): [-1##39]"v4l2 private parms, magic:1437256755 len:5, adaptiveback:0 height:1920 width:1080\n"
06-04 20:45:03.496 I/android.hardware.media.c2@1.2-service( 497): vendor.media.mediahal.videodec.pts.loglevels is not set, used defaultValue = 1
06-04 20:45:03.496 I/AmlManagePts( 497): [0]"AmlManagePts into\n"
06-04 20:45:03.496 I/android.hardware.media.c2@1.2-service( 497): (null) is not set, used defaultValue = 0
06-04 20:45:03.496 I/VDA ( 497): V4l2Adaptor::postAndReplyMsg callerinstanceid : 0
06-04 20:45:03.497 I/VDA ( 497): [0##39]"InitializeTask"
06-04 20:45:03.497 I/C2VdecDeviceUtil( 497): [0#-1]"into set mUnstablePts = 0 "
06-04 20:45:03.497 I/VDA ( 497): [0##39]"not 8k use max input size\n"
06-04 20:45:03.497 I/AmlManagePts( 497): [0]"setUnstablePts set unstable[0]\n"
06-04 20:45:03.497 I/C2VdecDeviceUtil( 497): [0#-1]"into set mIsAviDiscard = 0 "
06-04 20:45:03.497 I/AmlManagePts( 497): [0]"setAviDiscard set avi discard[0]\n"
06-04 20:45:03.497 I/C2VdecDeviceUtil( 497): [0#-1]"into set mDurationUs = 33333 afr:0 mFramerate:30.000000"
06-04 20:45:03.497 I/AmlManagePts( 497): [0]"setDuration set duration[33333]type[2]mDuration[33333]\n"
06-04 20:45:03.497 I/VDA ( 497): [0##39]"postAndReplyMsg set framerate [30.000000] afr_force_on:0"
06-04 20:45:03.497 I/VDA ( 497): [0##39]"setDurationToDecoder set [3200][30.000000]"
06-04 20:45:03.497 I/VDA ( 497): [0##39]"setDurationToDecoder set [3200]"
06-04 20:45:03.497 I/VDA ( 497): [0##39]"sendMessagetoDecoder set AML_V4L2_SET_VF_DURATION"
06-04 20:45:03.499 D/XM_HIDREAD( 1910): add@ add@/devices/platform/vdec/ammvdec_h265_v4l.0
06-04 20:45:03.503 I/VDA ( 497): [0##39]"SetupOutputFormat set outformat:NV21"
06-04 20:45:03.503 I/VDA ( 497): IsSupportedOutputFormat v4l2_format 3132564e
06-04 20:45:03.503 I/dmabufmanage( 497): dmabufmanage_init-105 Register dmabuf manager success 11 1
06-04 20:45:03.504 I/BufferPoolWraper( 497): [0]"BufferPoolWraper use dmabuf manager version 1"
06-04 20:45:03.504 I/android.hardware.media.c2@1.2-service( 497): (null) is not set, used defaultValue = 1
06-04 20:45:03.504 I/BufferPoolWraper( 497): [10]"BufferPoolWraper:149"
06-04 20:45:03.504 I/android.hardware.media.c2@1.2-service( 497): (null) is not set, used defaultValue = 4194304
06-04 20:45:03.504 I/android.hardware.media.c2@1.2-service( 497): (null) is not set, used defaultValue = 0
06-04 20:45:03.504 I/VDA ( 497): [0##39]"sendMessagetoDecoder set AML_V4L2_SET_UEVENT_DURATION"
06-04 20:45:03.504 I/VDA ( 497): [0##39]"decoderID:39"
06-04 20:45:03.504 I/BufferPoolWraper( 497): [10]"Init:190 fd:15 phyadr:0xffffffffceed2000 size:400000(400000)"
06-04 20:45:03.504 I/VideoDecWraper( 497): [0##-1]"Query decoderID(39) success."
06-04 20:45:03.504 I/android.hardware.media.c2@1.2-service( 497): (null) is not set, used defaultValue = 8
06-04 20:45:03.504 I/VDA ( 497): [0##39]"CreateInputBuffers count 8 instance_num_: 0\n"
06-04 20:45:03.504 I/C2VdecDequeueThreadUtil( 497): [0##39][setComponent:86]
06-04 20:45:03.504 I/SystemControl( 318): [/UEventObserver.cpp, HDMITxUenventThreadLoop, 451] HDMI TX switch_name:3200, switch_state:
06-04 20:45:03.504 I/VDA ( 497): [0##39]"----create input VIDIOC_STREAMON----\n"
06-04 20:45:03.504 I/VDA ( 497): [0##39]"StartDevicePoll\n"
06-04 20:45:03.504 I/C2VdecComponent( 497): [0##39]"[start] done"
06-04 20:45:03.505 I/android.hardware.media.c2@1.2-service( 497): (null) is not set, used defaultValue = 0
06-04 20:45:03.505 I/android.hardware.media.c2@1.2-service( 497): (null) is not set, used defaultValue = 0
06-04 20:45:03.505 I/SystemControl-FRA( 318): [/FrameRateAutoAdaption.cpp, isFrameRateOn, 176] hdmi frame rate is on
06-04 20:45:03.505 W/Codec2Client( 7501): query -- param skipped: index = 1342179345.
06-04 20:45:03.505 W/Codec2Client( 7501): query -- param skipped: index = 2415921170.
06-04 20:45:03.507 D/CCodecBufferChannel( 7501): [c2.amlogic.hevc.decoder#413] Created input block pool with allocatorID 16 => poolID 19 - OK (0)
06-04 20:45:03.508 I/CCodecBufferChannel( 7501): [c2.amlogic.hevc.decoder#413] Created output block pool with allocatorID 18 => poolID 25 - OK
06-04 20:45:03.508 D/CCodecBufferChannel( 7501): [c2.amlogic.hevc.decoder#413] Configured output block pool ids 25 => OK
06-04 20:45:03.508 D/Codec2-OutputBufferQueue( 7501): C2SurfaceSyncMemory created 20(20)
06-04 20:45:03.508 D/Codec2-OutputBufferQueue( 7501): remote graphic buffer migration 0/0
06-04 20:45:03.509 D/Codec2Client( 7501): setOutputSurface -- generation=7681029 consumer usage=0x900 sync
06-04 20:45:03.509 D/C2BqBuffer( 497): local generation change 7681029 , bqId: 32216549687297 migrated buffers # 0
06-04 20:45:03.509 D/Codec2Client( 7501): Surface configure completed
06-04 20:45:03.509 I/C2VendorComponentStore( 497): setDmaBufUsage 5
06-04 20:45:03.511 W/ResourceManagerService( 627): Ignoring request to add new resource entry with value <= 0
06-04 20:45:03.513 D/BufferPoolAccessor2.0( 7501): bufferpool2 0xe41749a8 : 0(0 size) total buffers - 0(0 size) used buffers - 0/9 (recycle/alloc) - 9/2126 (fetch/transfer)
06-04 20:45:03.513 D/BufferPoolAccessor2.0( 7501): Destruction - bufferpool2 0xe41749a8 cached: 0/0M, 0/0% in use; allocs: 9, 0% recycled; transfers: 2126, 100% unfetched
06-04 20:45:03.514 I/C2VdecBlockPoolUtil( 497): vendor.media.c2.loglevels is not set used def = 1
06-04 20:45:03.514 I/C2VdecBlockPoolUtil( 497): Create block pool success, allocatorId:18 poolId:25 use surface:1
06-04 20:45:03.514 I/C2VdecBlockPoolUtil( 497): pool id:25 use surface:1
06-04 20:45:03.514 I/C2VdecComponent( 497): [0##39]"Bufferqueue-backed block pool is used. blockPool->getAllocatorId() 18, C2PlatformAllocatorStore::BUFFERQUEUE 18 "
06-04 20:45:03.514 I/VideoDecWraper( 497): [0##39]"destroy"
06-04 20:45:03.514 D/ResmanWrapper( 497): ~resManWrapper fd = 10
06-04 20:45:03.514 D/resman ( 497): release all resource, fd = 10
06-04 20:45:03.514 I/VDA ( 497): [0##39]"Destroy:1702"
06-04 20:45:03.514 I/VDA ( 497): [0##39]"DestroyTask INS=0/0, OUTS=0/0"" {IN=0/8, OUT=0/0[kAtAccelerator(0) kAtDevice(0) kAtClient(0)]}"
06-04 20:45:03.514 I/VDA ( 497): [0##39]"StopDevicePoll\n"
06-04 20:45:03.515 I/VDA ( 497): [0##39]"StopInputStream input_streamon 1, input_buffer_map_.size 8\n"
06-04 20:45:03.516 I/virtual bool MediaDecoder::open(DecodeParam)( 7501): open success: video/hevc hevc_mp4toannexb
06-04 20:45:03.516 I/virtual void IDecoder::pause(bool, bool)( 7501): pause success: 0
06-04 20:45:03.516 I/void Player::setState(PLAYER_STATE)( 7501): state changed newState: 2 oldState: 1
06-04 20:45:03.516 D/LeradPlayer( 7501): player newState: 2 oldState: 1
06-04 20:45:03.516 D/LeradPlayer( 7501): openSuccess: 1002
06-04 20:45:03.516 I/VDA ( 497): [0##39]"----stop input VIDIOC_STREAMOFF----\n"
06-04 20:45:03.516 I/AmlManagePts( 497): [0]"resetPtsInfo into\n"
06-04 20:45:03.516 I/AmlManagePts( 497): [0]"resetOutPutInfo into\n"
06-04 20:45:03.516 I/VDA ( 497): [0##39]"DestroyInputBuffers:5083"
06-04 20:45:03.516 I/VDA ( 497): [0##39]"DestroyOutputBuffers:5126"
06-04 20:45:03.516 I/VDA ( 497): [0##39]"DestroyTask:4223"
06-04 20:45:03.516 I/VDA ( 497): [0##39]"DestroyTask:4225 destroy done signal."
06-04 20:45:03.517 I/BufferPoolWraper( 497): [10]"free bufferpool region memory"
06-04 20:45:03.517 I/dmabufmanage( 497): dmabufmanage_uninit-122 UnRegister dmabuf manager success 11
06-04 20:45:03.517 I/BufferPoolWraper( 497): [10]"~BufferPoolWraper:163"
06-04 20:45:03.517 I/AmlManagePts( 497): [0]"~AmlManagePts into\n"
06-04 20:45:03.517 I/VDA ( 497): [0##39]"~V4L2VideoDecodeAccelerator:679"
06-04 20:45:03.517 E/screen_saver2( 7501): mute player true
06-04 20:45:03.518 I/SystemControl( 318): [/UEventObserver.cpp, HDMITxUenventThreadLoop, 451] HDMI TX switch_name:0, switch_state:
06-04 20:45:03.518 I/SystemControl-FRA( 318): [/FrameRateAutoAdaption.cpp, isFrameRateOn, 176] hdmi frame rate is on
06-04 20:45:03.519 I/void PlayerProxy::play(long)( 7501): start play
06-04 20:45:03.519 D/void Thread::start()( 7501): Thread-MediaDecoder start
06-04 20:45:03.519 D/void Thread::start()( 7501): Thread-FFDemuxer start
06-04 20:45:03.520 D/void Thread::start()( 7501): Thread-Player start
06-04 20:45:03.520 I/virtual void MediaDecoder::run()( 7501): start 2
06-04 20:45:03.520 I/void Player::play()( 7501): start success
06-04 20:45:03.521 I/virtual void Player::run()( 7501): start
06-04 20:45:03.521 I/virtual void IDemuxer::run()( 7501): start
06-04 20:45:03.521 I/void MediaDecoder::render()( 7501): start 2
06-04 20:45:03.522 D/XM_HIDREAD( 1910): remove@ remove@/devices/platform/vdec/ammvdec_h265_v4l.0
06-04 20:45:03.525 I/virtual Data FFDemuxer::read()( 7501): read frame ret: End of file latestReceivedTime: 7433 getTotalTimeMillis: 7500 is exit: 0
06-04 20:45:03.525 I/virtual Data FFDemuxer::read()( 7501): list smooth loop
06-04 20:45:03.526 I/C2VdecDeviceUtil( 497): [0#39]"[codecConfig:499] query frame rate:30.000000 updata mDurationUs = 33333, unstablePts :0 isAviDiscard :0"
06-04 20:45:03.526 I/C2VdecDeviceUtil( 497): [0#39]"Disable low latency mode to v4l2 decoder."
06-04 20:45:03.527 I/C2VdecDeviceUtil( 497): [codecConfig:522] clear vendor.media.llp
06-04 20:45:03.527 I/C2VdecDeviceUtil( 497): vendor.media.c2.vdec.h264_mmu_width is not set used def = 2560
06-04 20:45:03.527 I/C2VdecDeviceUtil( 497): vendor.media.c2.vdec.h264_mmu_height is not set used def = 2160
06-04 20:45:03.527 I/C2VdecDeviceUtil( 497): [0#39]"mEnableAvc4kMMU = 1, mmu open width:2560, height:2160"
06-04 20:45:03.527 I/C2VdecDeviceUtil( 497): [0#39]"configure width:1920 height:1080"
06-04 20:45:03.527 E/C2VdecCodecConfig( 497): can support 8K
06-04 20:45:03.527 I/C2VdecDeviceUtil( 497): [0#39]"[codecConfig:569] Codec is Support 8k"
06-04 20:45:03.527 I/C2VdecDeviceUtil( 497): [0#39]"DoubleWriteMode 1, margin:6 \n"
06-04 20:45:03.527 I/C2VdecDeviceUtil( 497): [0#39]"SurfaceText or noSurface unuse avbc out"
06-04 20:45:03.527 I/C2VdecDeviceUtil( 497): [0#39]"Enable DIPOST"
06-04 20:45:03.527 I/C2VdecDeviceUtil( 497): [0#39]"Buf dma mode 0x180000"
06-04 20:45:03.527 I/C2VdecDeviceUtil( 497): [0#39]"C2 need disable error policy"
06-04 20:45:03.527 I/C2VdecDeviceUtil( 497): [codecConfig] set triple write:0
06-04 20:45:03.527 I/VideoDecWraper( 497): [0##39]"initialize:mime:video/hevc secureMode is 0 flags is 0x8001"
06-04 20:45:03.527 D/ResmanWrapper( 497): resManWrapper CODEC2-0 init, fd = 10
06-04 20:45:03.527 I/AmVideoDec( 497): [No--1]-[0]"checkResource.-- mem size:60--dim:0 w:[1920]H[1080]\n"
06-04 20:45:03.529 I/virtual StreamInfo FFDemuxer::getVideoStreamInfo()( 7501): video width: 1920 video height: 1080 video pixelFormat: 0 fps: 30
06-04 20:45:03.530 D/virtual Data FFDemuxer::read()( 7501): open next url: /data/user/0/com.dangbei.lerad.screensaver/files/download/61/city_2.mp4
06-04 20:45:03.532 I/virtual Data FFDemuxer::read()( 7501): read frame ret: End of file latestReceivedTime: 14100 getTotalTimeMillis: 6666 is exit: 0
06-04 20:45:03.532 I/virtual Data FFDemuxer::read()( 7501): list smooth loop
06-04 20:45:03.535 I/virtual StreamInfo FFDemuxer::getVideoStreamInfo()( 7501): video width: 1920 video height: 1080 video pixelFormat: 0 fps: 30
06-04 20:45:03.535 D/virtual Data FFDemuxer::read()( 7501): open next url: /data/user/0/com.dangbei.lerad.screensaver/files/download/61/city_1.mp4
06-04 20:45:03.537 I/virtual Data FFDemuxer::read()( 7501): read frame ret: End of file latestReceivedTime: 21599 getTotalTimeMillis: 7500 is exit: 0
06-04 20:45:03.537 I/virtual Data FFDemuxer::read()( 7501): list smooth loop
06-04 20:45:03.540 I/virtual StreamInfo FFDemuxer::getVideoStreamInfo()( 7501): video width: 1920 video height: 1080 video pixelFormat: 0 fps: 30
06-04 20:45:03.540 D/virtual Data FFDemuxer::read()( 7501): open next url: /data/user/0/com.dangbei.lerad.screensaver/files/download/61/city_2.mp4
06-04 20:45:03.543 I/virtual Data FFDemuxer::read()( 7501): read frame ret: End of file latestReceivedTime: 28266 getTotalTimeMillis: 6666 is exit: 0
06-04 20:45:03.543 I/virtual Data FFDemuxer::read()( 7501): list smooth loop
06-04 20:45:03.546 I/virtual StreamInfo FFDemuxer::getVideoStreamInfo()( 7501): video width: 1920 video height: 1080 video pixelFormat: 0 fps: 30
06-04 20:45:03.546 D/virtual Data FFDemuxer::read()( 7501): open next url: /data/user/0/com.dangbei.lerad.screensaver/files/download/61/city_1.mp4
06-04 20:45:03.549 I/virtual Data FFDemuxer::read()( 7501): read frame ret: End of file latestReceivedTime: 35765 getTotalTimeMillis: 7500 is exit: 0
06-04 20:45:03.549 I/virtual Data FFDemuxer::read()( 7501): list smooth loop
06-04 20:45:03.551 I/virtual StreamInfo FFDemuxer::getVideoStreamInfo()( 7501): video width: 1920 video height: 1080 video pixelFormat: 0 fps: 30
06-04 20:45:03.551 D/virtual Data FFDemuxer::read()( 7501): open next url: /data/user/0/com.dangbei.lerad.screensaver/files/download/61/city_2.mp4
06-04 20:45:03.554 I/virtual Data FFDemuxer::read()( 7501): read frame ret: End of file latestReceivedTime: 42432 getTotalTimeMillis: 6666 is exit: 0
06-04 20:45:03.554 I/virtual Data FFDemuxer::read()( 7501): list smooth loop
06-04 20:45:03.557 I/virtual StreamInfo FFDemuxer::getVideoStreamInfo()( 7501): video width: 1920 video height: 1080 video pixelFormat: 0 fps: 30
06-04 20:45:03.557 D/virtual Data FFDemuxer::read()( 7501): open next url: /data/user/0/com.dangbei.lerad.screensaver/files/download/61/city_1.mp4
06-04 20:45:03.559 I/virtual Data FFDemuxer::read()( 7501): read frame ret: End of file latestReceivedTime: 49931 getTotalTimeMillis: 7500 is exit: 0
06-04 20:45:03.559 I/virtual Data FFDemuxer::read()( 7501): list smooth loop
06-04 20:45:03.562 I/virtual StreamInfo FFDemuxer::getVideoStreamInfo()( 7501): video width: 1920 video height: 1080 video pixelFormat: 0 fps: 30
06-04 20:45:03.562 D/virtual Data FFDemuxer::read()( 7501): open next url: /data/user/0/com.dangbei.lerad.screensaver/files/download/61/city_2.mp4
06-04 20:45:03.565 I/virtual Data FFDemuxer::read()( 7501): read frame ret: End of file latestReceivedTime: 56598 getTotalTimeMillis: 6666 is exit: 0
06-04 20:45:03.565 I/virtual Data FFDemuxer::read()( 7501): list smooth loop
06-04 20:45:03.568 I/virtual StreamInfo FFDemuxer::getVideoStreamInfo()( 7501): video width: 1920 video height: 1080 video pixelFormat: 0 fps: 30
06-04 20:45:03.568 D/virtual Data FFDemuxer::read()( 7501): open next url: /data/user/0/com.dangbei.lerad.screensaver/files/download/61/city_1.mp4
06-04 20:45:03.570 I/virtual Data FFDemuxer::read()( 7501): read frame ret: End of file latestReceivedTime: 64097 getTotalTimeMillis: 7500 is exit: 0
06-04 20:45:03.570 I/virtual Data FFDemuxer::read()( 7501): list smooth loop
06-04 20:45:03.573 I/virtual StreamInfo FFDemuxer::getVideoStreamInfo()( 7501): video width: 1920 video height: 1080 video pixelFormat: 0 fps: 30
06-04 20:45:03.573 D/virtual Data FFDemuxer::read()( 7501): open next url: /data/user/0/com.dangbei.lerad.screensaver/files/download/61/city_2.mp4
06-04 20:45:03.573 I/AmVideoDec( 497): [No--1]-[0]"res_status.v.query.avail 283 -mmsize: 60 -adjust 0\n"
06-04 20:45:03.573 I/resman ( 497): acquire fd:10, resid:7, preempt:1, time_out:10000, arg:
06-04 20:45:03.576 I/virtual Data FFDemuxer::read()( 7501): read frame ret: End of file latestReceivedTime: 70764 getTotalTimeMillis: 6666 is exit: 0
06-04 20:45:03.576 I/virtual Data FFDemuxer::read()( 7501): list smooth loop
06-04 20:45:03.579 I/virtual StreamInfo FFDemuxer::getVideoStreamInfo()( 7501): video width: 1920 video height: 1080 video pixelFormat: 0 fps: 30
06-04 20:45:03.579 D/virtual Data FFDemuxer::read()( 7501): open next url: /data/user/0/com.dangbei.lerad.screensaver/files/download/61/city_1.mp4
06-04 20:45:03.582 I/virtual Data FFDemuxer::read()( 7501): read frame ret: End of file latestReceivedTime: 78263 getTotalTimeMillis: 7500 is exit: 0
06-04 20:45:03.582 I/virtual Data FFDemuxer::read()( 7501): list smooth loop
06-04 20:45:03.585 I/virtual StreamInfo FFDemuxer::getVideoStreamInfo()( 7501): video width: 1920 video height: 1080 video pixelFormat: 0 fps: 30
06-04 20:45:03.585 D/virtual Data FFDemuxer::read()( 7501): open next url: /data/user/0/com.dangbei.lerad.screensaver/files/download/61/city_2.mp4
06-04 20:45:03.587 I/virtual Data FFDemuxer::read()( 7501): read frame ret: End of file latestReceivedTime: 84930 getTotalTimeMillis: 6666 is exit: 0
06-04 20:45:03.587 I/virtual Data FFDemuxer::read()( 7501): list smooth loop
06-04 20:45:03.590 I/virtual StreamInfo FFDemuxer::getVideoStreamInfo()( 7501): video width: 1920 video height: 1080 video pixelFormat: 0 fps: 30
06-04 20:45:03.590 D/virtual Data FFDemuxer::read()( 7501): open next url: /data/user/0/com.dangbei.lerad.screensaver/files/download/61/city_1.mp4
06-04 20:45:03.593 I/virtual Data FFDemuxer::read()( 7501): read frame ret: End of file latestReceivedTime: 92429 getTotalTimeMillis: 7500 is exit: 0
06-04 20:45:03.593 I/virtual Data FFDemuxer::read()( 7501): list smooth loop
06-04 20:45:03.596 I/virtual StreamInfo FFDemuxer::getVideoStreamInfo()( 7501): video width: 1920 video height: 1080 video pixelFormat: 0 fps: 30
06-04 20:45:03.596 D/virtual Data FFDemuxer::read()( 7501): open next url: /data/user/0/com.dangbei.lerad.screensaver/files/download/61/city_2.mp4
06-04 20:45:03.599 I/virtual Data FFDemuxer::read()( 7501): read frame ret: End of file latestReceivedTime: 99096 getTotalTimeMillis: 6666 is exit: 0
06-04 20:45:03.599 I/virtual Data FFDemuxer::read()( 7501): list smooth loop
06-04 20:45:03.602 I/virtual StreamInfo FFDemuxer::getVideoStreamInfo()( 7501): video width: 1920 video height: 1080 video pixelFormat: 0 fps: 30
06-04 20:45:03.602 D/virtual Data FFDemuxer::read()( 7501): open next url: /data/user/0/com.dangbei.lerad.screensaver/files/download/61/city_1.mp4
06-04 20:45:03.604 I/virtual Data FFDemuxer::read()( 7501): read frame ret: End of file latestReceivedTime: 106595 getTotalTimeMillis: 7500 is exit: 0
06-04 20:45:03.604 I/virtual Data FFDemuxer::read()( 7501): list smooth loop
06-04 20:45:03.607 I/virtual StreamInfo FFDemuxer::getVideoStreamInfo()( 7501): video width: 1920 video height: 1080 video pixelFormat: 0 fps: 30
06-04 20:45:03.607 D/virtual Data FFDemuxer::read()( 7501): open next url: /data/user/0/com.dangbei.lerad.screensaver/files/download/61/city_2.mp4
06-04 20:45:03.609 I/virtual Data FFDemuxer::read()( 7501): read frame ret: End of file latestReceivedTime: 113262 getTotalTimeMillis: 6666 is exit: 0
06-04 20:45:03.609 I/virtual Data FFDemuxer::read()( 7501): list smooth loop
06-04 20:45:03.612 I/virtual StreamInfo FFDemuxer::getVideoStreamInfo()( 7501): video width: 1920 video height: 1080 video pixelFormat: 0 fps: 30
06-04 20:45:03.612 D/virtual Data FFDemuxer::read()( 7501): open next url: /data/user/0/com.dangbei.lerad.screensaver/files/download/61/city_1.mp4
06-04 20:45:03.615 I/virtual Data FFDemuxer::read()( 7501): read frame ret: End of file latestReceivedTime: 120761 getTotalTimeMillis: 7500 is exit: 0
06-04 20:45:03.615 I/virtual Data FFDemuxer::read()( 7501): list smooth loop
06-04 20:45:03.618 I/virtual StreamInfo FFDemuxer::getVideoStreamInfo()( 7501): video width: 1920 video height: 1080 video pixelFormat: 0 fps: 30
06-04 20:45:03.618 D/virtual Data FFDemuxer::read()( 7501): open next url: /data/user/0/com.dangbei.lerad.screensaver/files/download/61/city_2.mp4
06-04 20:45:03.620 I/virtual Data FFDemuxer::read()( 7501): read frame ret: End of file latestReceivedTime: 127428 getTotalTimeMillis: 6666 is exit: 0
06-04 20:45:03.620 I/virtual Data FFDemuxer::read()( 7501): list smooth loop
06-04 20:45:03.621 I/resman ( 497): acquire fd:10, resid:5, preempt:1, time_out:10000, arg:size:60
06-04 20:45:03.621 I/V4l2Adaptor( 497): V4l2Adaptor::initialize flags is 0x8001
06-04 20:45:03.621 I/V4l2Adaptor( 497): V4l2Adaptor::onInit
06-04 20:45:03.621 I/android.hardware.media.c2@1.2-service( 497): vendor.mediahal.loglevels is not set, used defaultValue = 1
06-04 20:45:03.621 I/android.hardware.media.c2@1.2-service( 497): vendor.mediahal.loglevels is not set, used defaultValue = 1
06-04 20:45:03.621 I/VDA ( 497): [-1##-1]"open dec_stat fd -1, gloglevel 1 use_pts_id_ is 0 force dmabuf mode 0\n"
06-04 20:45:03.621 I/VDA ( 497): [-1##-1]"VDA Initialize flags is 32769\n"
06-04 20:45:03.621 I/VDA ( 497): [-1##-1]"Disabled LCEVC"
06-04 20:45:03.621 I/android.hardware.media.c2@1.2-service( 497): vendor.mediahal.loglevels is not set, used defaultValue = 1
06-04 20:45:03.621 I/VDA ( 497): [-1##-1]"Initialize codec2_mode_:1," "stream_mode_:0," "use_pts_id_:0," "force_dmabuf_mode_:0," "use_input_buffercache_:0," "use_input_bufferpool_ :1," "use_dynamic_capture_buffer_:1," "use_uvm_:1," "use_pts_calculator_:1," "use_high_prio_:1," "use_secure_vdec_hal_:1," "use_low_latency_mode_:0," "add_csd_:1"
06-04 20:45:03.623 I/virtual StreamInfo FFDemuxer::getVideoStreamInfo()( 7501): video width: 1920 video height: 1080 video pixelFormat: 0 fps: 30
06-04 20:45:03.623 D/virtual Data FFDemuxer::read()( 7501): open next url: /data/user/0/com.dangbei.lerad.screensaver/files/download/61/city_1.mp4
06-04 20:45:03.626 I/virtual Data FFDemuxer::read()( 7501): read frame ret: End of file latestReceivedTime: 134927 getTotalTimeMillis: 7500 is exit: 0
06-04 20:45:03.626 I/virtual Data FFDemuxer::read()( 7501): list smooth loop
06-04 20:45:03.629 I/virtual StreamInfo FFDemuxer::getVideoStreamInfo()( 7501): video width: 1920 video height: 1080 video pixelFormat: 0 fps: 30
06-04 20:45:03.629 D/virtual Data FFDemuxer::read()( 7501): open next url: /data/user/0/com.dangbei.lerad.screensaver/files/download/61/city_2.mp4
06-04 20:45:03.632 I/virtual Data FFDemuxer::read()( 7501): read frame ret: End of file latestReceivedTime: 141594 getTotalTimeMillis: 6666 is exit: 0
06-04 20:45:03.632 I/virtual Data FFDemuxer::read()( 7501): list smooth loop
06-04 20:45:03.634 I/virtual StreamInfo FFDemuxer::getVideoStreamInfo()( 7501): video width: 1920 video height: 1080 video pixelFormat: 0 fps: 30
06-04 20:45:03.634 D/virtual Data FFDemuxer::read()( 7501): open next url: /data/user/0/com.dangbei.lerad.screensaver/files/download/61/city_1.mp4
06-04 20:45:03.637 I/virtual Data FFDemuxer::read()( 7501): read frame ret: End of file latestReceivedTime: 149093 getTotalTimeMillis: 7500 is exit: 0
06-04 20:45:03.637 I/virtual Data FFDemuxer::read()( 7501): list smooth loop
06-04 20:45:03.638 I/VDA ( 497): [-1##41]"Initialize decoder_instance_num_ = 41"
06-04 20:45:03.638 I/VDA ( 497): [-1##41]"v4l2 private parms, magic:1437256755 len:5, adaptiveback:0 height:1920 width:1080\n"
06-04 20:45:03.639 I/android.hardware.media.c2@1.2-service( 497): vendor.media.mediahal.videodec.pts.loglevels is not set, used defaultValue = 1
06-04 20:45:03.639 I/AmlManagePts( 497): [0]"AmlManagePts into\n"
06-04 20:45:03.639 I/android.hardware.media.c2@1.2-service( 497): (null) is not set, used defaultValue = 0
06-04 20:45:03.639 I/VDA ( 497): V4l2Adaptor::postAndReplyMsg callerinstanceid : 0
06-04 20:45:03.639 I/C2VdecDeviceUtil( 497): [0#39]"into set mUnstablePts = 0 "
06-04 20:45:03.639 I/VDA ( 497): [0##41]"InitializeTask"
06-04 20:45:03.639 I/AmlManagePts( 497): [0]"setUnstablePts set unstable[0]\n"
06-04 20:45:03.639 I/VDA ( 497): [0##41]"not 8k use max input size\n"
06-04 20:45:03.639 I/C2VdecDeviceUtil( 497): [0#39]"into set mIsAviDiscard = 0 "
06-04 20:45:03.639 I/AmlManagePts( 497): [0]"setAviDiscard set avi discard[0]\n"
06-04 20:45:03.639 I/C2VdecDeviceUtil( 497): [0#39]"into set mDurationUs = 33333 afr:0 mFramerate:30.000000"
06-04 20:45:03.639 I/AmlManagePts( 497): [0]"setDuration set duration[33333]type[2]mDuration[33333]\n"
06-04 20:45:03.639 I/VDA ( 497): [0##41]"postAndReplyMsg set framerate [30.000000] afr_force_on:0"
06-04 20:45:03.639 I/VDA ( 497): [0##41]"setDurationToDecoder set [3200][30.000000]"
06-04 20:45:03.639 I/VDA ( 497): [0##41]"setDurationToDecoder set [3200]"
06-04 20:45:03.639 I/VDA ( 497): [0##41]"sendMessagetoDecoder set AML_V4L2_SET_VF_DURATION"
06-04 20:45:03.640 I/virtual StreamInfo FFDemuxer::getVideoStreamInfo()( 7501): video width: 1920 video height: 1080 video pixelFormat: 0 fps: 30
06-04 20:45:03.640 D/virtual Data FFDemuxer::read()( 7501): open next url: /data/user/0/com.dangbei.lerad.screensaver/files/download/61/city_2.mp4
06-04 20:45:03.642 D/XM_HIDREAD( 1910): add@ add@/devices/platform/vdec/ammvdec_h265_v4l.0
06-04 20:45:03.645 I/VDA ( 497): [0##41]"SetupOutputFormat set outformat:NV21"
06-04 20:45:03.645 I/VDA ( 497): IsSupportedOutputFormat v4l2_format 3132564e
06-04 20:45:03.645 I/android.hardware.media.c2@1.2-service( 497): (null) is not set, used defaultValue = 0
06-04 20:45:03.645 I/VDA ( 497): [0##41]"sendMessagetoDecoder set AML_V4L2_SET_UEVENT_DURATION"
06-04 20:45:03.645 I/dmabufmanage( 497): dmabufmanage_init-105 Register dmabuf manager success 12 1
06-04 20:45:03.645 I/BufferPoolWraper( 497): [0]"BufferPoolWraper use dmabuf manager version 1"
06-04 20:45:03.645 I/android.hardware.media.c2@1.2-service( 497): (null) is not set, used defaultValue = 1
06-04 20:45:03.645 I/BufferPoolWraper( 497): [11]"BufferPoolWraper:149"
06-04 20:45:03.645 I/android.hardware.media.c2@1.2-service( 497): (null) is not set, used defaultValue = 4194304
06-04 20:45:03.646 I/VDA ( 497): [0##41]"decoderID:41"
06-04 20:45:03.646 I/VideoDecWraper( 497): [0##39]"Query decoderID(41) success."
06-04 20:45:03.646 I/SystemControl( 318): [/UEventObserver.cpp, HDMITxUenventThreadLoop, 451] HDMI TX switch_name:3200, switch_state:
06-04 20:45:03.646 I/SystemControl-FRA( 318): [/FrameRateAutoAdaption.cpp, isFrameRateOn, 176] hdmi frame rate is on
06-04 20:45:03.647 I/BufferPoolWraper( 497): [11]"Init:190 fd:48 phyadr:0xffffffffceed2000 size:400000(400000)"
06-04 20:45:03.647 I/android.hardware.media.c2@1.2-service( 497): (null) is not set, used defaultValue = 8
06-04 20:45:03.647 I/VDA ( 497): [0##41]"CreateInputBuffers count 8 instance_num_: 0\n"
06-04 20:45:03.647 I/VDA ( 497): [0##41]"----create input VIDIOC_STREAMON----\n"
06-04 20:45:03.647 I/VDA ( 497): [0##41]"StartDevicePoll\n"
06-04 20:45:03.648 I/android.hardware.media.c2@1.2-service( 497): (null) is not set, used defaultValue = 0
06-04 20:45:03.648 D/CCodecBufferChannel( 7501): [c2.amlogic.hevc.decoder#413] Ignoring stale input buffer done callback: last flush index = 0, frameIndex = 0
06-04 20:45:03.653 I/android.hardware.media.c2@1.2-service( 497): (null) is not set, used defaultValue = 0
06-04 20:45:03.653 I/VDA ( 497): [0##41]"got resolution change event.\n"
06-04 20:45:03.653 I/VDA ( 497): [0##41]"VIDIOC_G_FMT format.fmt.pix.width 1920\n"
06-04 20:45:03.653 I/VDA ( 497): [0##41]"[GetVisibleSize] visible width 1920, height 1080\n"
06-04 20:45:03.653 I/VDA ( 497): [0##41]"[NeedResolutionChange] dpb(0->13),size(0x0->1920x1080)"
06-04 20:45:03.653 I/VDA ( 497): [0##41]"StopDevicePoll\n"
06-04 20:45:03.654 I/VDA ( 497): [0##41]"DestroyOutputBuffers:5126"
06-04 20:45:03.654 I/VDA ( 497): [0##41]"[StartResolutionChange] into resolution"
06-04 20:45:03.654 I/AmlManagePts( 497): [0]"resetOutPutInfo into\n"
06-04 20:45:03.654 I/VDA ( 497): [0##41]"VIDIOC_G_FMT format.fmt.pix.width 1920\n"
06-04 20:45:03.654 I/VDA ( 497): [0##41]"[GetVisibleSize] visible width 1920, height 1080\n"
06-04 20:45:03.654 V/android.hardware.media.c2@1.2-service( 497): [0604/204503.654806:VERBOSE1:v4l2_video_decode_accelerator.cc(4614)] CheckInterlaced():
06-04 20:45:03.654 I/VDA ( 497): [0##41]"CheckInterlaced: format.fmt.pix.field 1\n"
06-04 20:45:03.654 V/android.hardware.media.c2@1.2-service( 497): [0604/204503.654922:VERBOSE1:v4l2_video_decode_accelerator.cc(4638)] NotifyEvent():
06-04 20:45:03.654 I/VideoDecWraper( 497): [0##41]"event 2, param 0x0, paramsize:0\n"
06-04 20:45:03.655 I/C2VdecComponent( 497): NotifyEvent:event:2
06-04 20:45:03.655 I/AmlManagePts( 497): [0]"setInterlace set interlace[0]\n"
06-04 20:45:03.655 I/VDA ( 497): [0##41]"output_planes_count_ 1, format.fmt.pix.width 1920\n"
06-04 20:45:03.655 I/VDA ( 497): [0##41]"[CreateOutputBuffers@5031] got widthalign:64"
06-04 20:45:03.655 I/VDA ( 497): [0##41]"output_dpb_size_ 13, output buffer 13, coded_size_ 1920 x 1088 width_align:64\n"
06-04 20:45:03.655 I/VDA ( 497): [0##41]"CreateOutputBuffers decoder_state_ change to kAwaitingPictureBuffers\n"
06-04 20:45:03.655 I/VDA ( 497): [0##41]"StartDevicePoll\n"
06-04 20:45:03.655 I/V4l2Adaptor( 497): V4l2Adaptor::ProvidePictureBuffers 13
06-04 20:45:03.655 I/VideoDecWraper( 497): [0##41]"providePictureBuffers:minNumBuffers:13, w:1920, h:1080"
06-04 20:45:03.655 I/VDA ( 497): [0##41]"bitdepth:8"
06-04 20:45:03.655 I/C2VdecDeviceUtil( 497): [0#41]"Query the stream bit depth(8) success."
06-04 20:45:03.655 E/C2VdecCodecConfig( 497): c2.amlogic.hevc.decoder can support 4K
06-04 20:45:03.655 I/C2VdecDeviceUtil( 497): setSkipReallocBufMode:0
06-04 20:45:03.655 D/VDA ( 497): [0##41]"DecodeBufferTask DecodeBufferTask early out: state=kAwaitingPictureBuffers\n"
06-04 20:45:03.655 D/VDA ( 497): [0##41]"DecodeBufferTask DecodeBufferTask early out: state=kAwaitingPictureBuffers\n"
06-04 20:45:03.655 I/C2VdecComponent( 497): [0##41]"[onOutputFormatChanged:1978]New output format(pixel_format=0x11, min_num_buffers=13, coded_size=1920x1080, crop_rect=(0,0) 1920x1080)"
06-04 20:45:03.655 I/C2VdecDeviceUtil( 497): vendor.media.c2.vdec.disable_vpp_thres is not set used def = 0
06-04 20:45:03.655 I/android.hardware.media.c2@1.2-service( 497): (null) is not set, used defaultValue = 0
06-04 20:45:03.655 E/C2VdecCodecConfig( 497): c2.amlogic.hevc.decoder can support 4K
06-04 20:45:03.656 I/C2VdecComponent( 497): [0##41]"Update dequeue buffer num: 13 -> 5 out delay buffer margin:0"
06-04 20:45:03.656 I/C2VdecComponent( 497): [0##41]"AllocateBuffersFromBlockPool(1920x1080, 0x11)"
06-04 20:45:03.656 I/C2VdecDeviceUtil( 497): setSkipReallocBufMode:0
06-04 20:45:03.656 D/CCodecConfig( 7501): c2 config diff is c2::u32 output.delay.value = 5
06-04 20:45:03.657 D/Codec2-OutputBufferQueue( 7501): set max dequeue count 12 from update
06-04 20:45:03.658 I/gralloc ( 497): am_gralloc_set_uvm_decoder_para: parameters:[slot_id=0,w*h(0*0),w_align=0,h_align=0,size=0]
06-04 20:45:03.658 I/C2VdecGrallocWraper( 497): [0#41 getSlotID@504]"Got SlotID:0"
06-04 20:45:03.658 I/C2VdecDeviceUtil( 497): setSkipReallocBufMode:0
06-04 20:45:03.658 I/VDA ( 497): [0##41]"[postAndReplyMsg@1913] got widthalign:64"
06-04 20:45:03.658 I/C2VdecDeviceUtil( 497): [0#41]"Query the decoder width align(64) success."
06-04 20:45:03.658 I/C2VdecGrallocWraper( 497): [0#41 setParameters@543]"setParam WxH(1920 x 1088), Align(64 : 64) for slot id:0"
06-04 20:45:03.658 I/gralloc ( 497): am_gralloc_set_uvm_decoder_para: parameters:[slot_id=0,w*h(1920*1088),w_align=64,h_align=64,size=0]
06-04 20:45:03.658 E/C2VdecCodecConfig( 497): c2.amlogic.hevc.decoder can support 4K
06-04 20:45:03.658 I/AmVideoDec( 497): [No--1]-[0]"setupOutputBufferNum 13\n"
06-04 20:45:03.658 I/V4l2Adaptor( 497): assignPictureBuffers numOutputBuffers 13
06-04 20:45:03.658 I/V4l2Adaptor( 497): onAssignPictureBuffers numOutputBuffers 13
06-04 20:45:03.658 I/VDA ( 497): [0##41]"AssignPictureBuffers buffer_count=13"
06-04 20:45:03.658 I/VDA ( 497): [0##41]"AssignPictureBuffersTask decoder_state_=kAwaitingPictureBuffers"
06-04 20:45:03.658 I/mali_gralloc( 264): am_gralloc_get_uvm_decoder_para: parameters:[slot_id=0,w*h(1920*1088),w_align=64,h_align=64,size=0]
06-04 20:45:03.659 I/mali_gralloc( 264): am_gralloc_get_uvm_decoder_para: parameters:[slot_id=0,w*h(1920*1088),w_align=64,h_align=64,size=0]
06-04 20:45:03.660 I/C2VdecBlockPoolUtil( 497): Fetch the new block(ino:41715 fd:63 dup fd:66 id:0) and append.
06-04 20:45:03.660 I/V4l2Adaptor( 497): importBufferForPicture pictureBufferId 0, dmabufFd 67, metaFd -1
06-04 20:45:03.661 I/V4l2Adaptor( 497): onImportBufferForPicture pictureBufferId 0, dmabufFd 67, metaFd -1, plane size 1
06-04 20:45:03.661 I/V4l2Adaptor( 497): onImportBufferForPicture addr 0x0, stride 0, offset 0, size 0
06-04 20:45:03.661 I/VDA ( 497): [0##41]"ImportDynamicCaptureBufferForPictureTask fd=67, index=0\n"" {IN=7/8, OUT=0/1[kAtAccelerator(1) kAtDevice(0) kAtClient(0)]}"
06-04 20:45:03.661 I/mali_gralloc( 264): am_gralloc_get_uvm_decoder_para: parameters:[slot_id=0,w*h(1920*1088),w_align=64,h_align=64,size=0]
06-04 20:45:03.661 I/mali_gralloc( 264): am_gralloc_get_uvm_decoder_para: parameters:[slot_id=0,w*h(1920*1088),w_align=64,h_align=64,size=0]
06-04 20:45:03.661 I/VDA ( 497): [0##41]"----enqueue output STREAMON----\n"
06-04 20:45:03.662 I/VDA ( 497): [0##41]"DecodeBufferTask decoder_state_ = kPictureBuffersReady -> kDecoding"
06-04 20:45:03.663 I/C2VdecBlockPoolUtil( 497): Fetch the new block(ino:41717 fd:72 dup fd:75 id:1) and append.
06-04 20:45:03.663 I/V4l2Adaptor( 497): importBufferForPicture pictureBufferId 1, dmabufFd 76, metaFd -1
06-04 20:45:03.663 I/V4l2Adaptor( 497): onImportBufferForPicture pictureBufferId 1, dmabufFd 76, metaFd -1, plane size 1
06-04 20:45:03.663 I/V4l2Adaptor( 497): onImportBufferForPicture addr 0x0, stride 0, offset 0, size 0
06-04 20:45:03.663 I/VDA ( 497): [0##41]"ImportDynamicCaptureBufferForPictureTask fd=76, index=1\n"" {IN=8/8, OUT=0/2[kAtAccelerator(1) kAtDevice(1) kAtClient(0)]}"
06-04 20:45:03.663 I/mali_gralloc( 264): am_gralloc_get_uvm_decoder_para: parameters:[slot_id=0,w*h(1920*1088),w_align=64,h_align=64,size=0]
06-04 20:45:03.663 I/mali_gralloc( 264): am_gralloc_get_uvm_decoder_para: parameters:[slot_id=0,w*h(1920*1088),w_align=64,h_align=64,size=0]
06-04 20:45:03.665 I/C2VdecBlockPoolUtil( 497): Fetch the new block(ino:41720 fd:80 dup fd:83 id:2) and append.
06-04 20:45:03.665 I/V4l2Adaptor( 497): importBufferForPicture pictureBufferId 2, dmabufFd 84, metaFd -1
06-04 20:45:03.665 I/V4l2Adaptor( 497): onImportBufferForPicture pictureBufferId 2, dmabufFd 84, metaFd -1, plane size 1
06-04 20:45:03.665 I/V4l2Adaptor( 497): onImportBufferForPicture addr 0x0, stride 0, offset 0, size 0
06-04 20:45:03.665 I/VDA ( 497): [0##41]"ImportDynamicCaptureBufferForPictureTask fd=84, index=2\n"" {IN=8/8, OUT=0/3[kAtAccelerator(1) kAtDevice(2) kAtClient(0)]}"
06-04 20:45:03.665 I/mali_gralloc( 264): am_gralloc_get_uvm_decoder_para: parameters:[slot_id=0,w*h(1920*1088),w_align=64,h_align=64,size=0]
06-04 20:45:03.665 I/mali_gralloc( 264): am_gralloc_get_uvm_decoder_para: parameters:[slot_id=0,w*h(1920*1088),w_align=64,h_align=64,size=0]
06-04 20:45:03.666 I/VDA ( 497): [0##41]"reportFrameRate set [3200] framerate[30.000000]"
06-04 20:45:03.667 V/android.hardware.media.c2@1.2-service( 497): [0604/204503.666958:VERBOSE1:v4l2_video_decode_accelerator.cc(4638)] NotifyEvent():
06-04 20:45:03.667 I/VideoDecWraper( 497): [0##41]"event 5, param 0xea1f8a74, paramsize:4\n"
06-04 20:45:03.667 I/C2VdecComponent( 497): NotifyEvent:event:5
06-04 20:45:03.667 I/C2VdecDeviceUtil( 497): [0#41]"Update color aspect p:1/1, r:2/2, m:1/1, t:3/3"
06-04 20:45:03.667 V/android.hardware.media.c2@1.2-service( 497): [0604/204503.667316:VERBOSE1:v4l2_video_decode_accelerator.cc(4580)] CheckInterlaced():
06-04 20:45:03.667 I/VDA ( 497): [0##41]"VIDIOC_G_FMT format.fmt.pix.width 1920\n"
06-04 20:45:03.667 I/VDA ( 497): [0##41]"[GetVisibleSize] visible width 1920, height 1080\n"
06-04 20:45:03.667 I/VDA ( 497): [0##41]"CheckInterlaced format.fmt.pix.field 1\n"
06-04 20:45:03.667 V/android.hardware.media.c2@1.2-service( 497): [0604/204503.667480:VERBOSE1:v4l2_video_decode_accelerator.cc(4638)] NotifyEvent():
06-04 20:45:03.667 I/VideoDecWraper( 497): [0##41]"event 2, param 0x0, paramsize:0\n"
06-04 20:45:03.667 I/C2VdecComponent( 497): NotifyEvent:event:2
06-04 20:45:03.667 I/AmlManagePts( 497): [0]"setInterlace set interlace[0]\n"
06-04 20:45:03.668 I/C2VdecBlockPoolUtil( 497): Fetch the new block(ino:41722 fd:86 dup fd:89 id:3) and append.
06-04 20:45:03.668 I/V4l2Adaptor( 497): importBufferForPicture pictureBufferId 3, dmabufFd 90, metaFd -1
06-04 20:45:03.668 I/V4l2Adaptor( 497): onImportBufferForPicture pictureBufferId 3, dmabufFd 90, metaFd -1, plane size 1
06-04 20:45:03.668 I/V4l2Adaptor( 497): onImportBufferForPicture addr 0x0, stride 0, offset 0, size 0
06-04 20:45:03.668 I/VDA ( 497): [0##41]"ImportDynamicCaptureBufferForPictureTask fd=90, index=3\n"" {IN=7/8, OUT=1/4[kAtAccelerator(1) kAtDevice(2) kAtClient(1)]}"
06-04 20:45:03.669 I/mali_gralloc( 264): am_gralloc_get_uvm_decoder_para: parameters:[slot_id=0,w*h(1920*1088),w_align=64,h_align=64,size=0]
06-04 20:45:03.669 I/mali_gralloc( 264): am_gralloc_get_uvm_decoder_para: parameters:[slot_id=0,w*h(1920*1088),w_align=64,h_align=64,size=0]
06-04 20:45:03.672 I/C2VdecBlockPoolUtil( 497): Fetch the new block(ino:41724 fd:58 dup fd:93 id:4) and append.
06-04 20:45:03.672 I/V4l2Adaptor( 497): importBufferForPicture pictureBufferId 4, dmabufFd 94, metaFd -1
06-04 20:45:03.672 I/V4l2Adaptor( 497): onImportBufferForPicture pictureBufferId 4, dmabufFd 94, metaFd -1, plane size 1
06-04 20:45:03.672 I/V4l2Adaptor( 497): onImportBufferForPicture addr 0x0, stride 0, offset 0, size 0
06-04 20:45:03.672 I/VDA ( 497): [0##41]"ImportDynamicCaptureBufferForPictureTask fd=94, index=4\n"" {IN=5/8, OUT=1/5[kAtAccelerator(1) kAtDevice(3) kAtClient(1)]}"
06-04 20:45:03.673 I/mali_gralloc( 264): am_gralloc_get_uvm_decoder_para: parameters:[slot_id=0,w*h(1920*1088),w_align=64,h_align=64,size=0]
06-04 20:45:03.673 I/mali_gralloc( 264): am_gralloc_get_uvm_decoder_para: parameters:[slot_id=0,w*h(1920*1088),w_align=64,h_align=64,size=0]
06-04 20:45:03.674 V/android.hardware.media.c2@1.2-service( 497): [0604/204503.673974:VERBOSE1:v4l2_video_decode_accelerator.cc(4580)] CheckInterlaced():
06-04 20:45:03.674 I/VDA ( 497): [0##41]"VIDIOC_G_FMT format.fmt.pix.width 1920\n"
06-04 20:45:03.674 I/VDA ( 497): [0##41]"[GetVisibleSize] visible width 1920, height 1080\n"
06-04 20:45:03.675 I/VDA ( 497): [0##41]"CheckInterlaced format.fmt.pix.field 1\n"
06-04 20:45:03.675 V/android.hardware.media.c2@1.2-service( 497): [0604/204503.675079:VERBOSE1:v4l2_video_decode_accelerator.cc(4638)] NotifyEvent():
06-04 20:45:03.675 I/VideoDecWraper( 497): [0##41]"event 2, param 0x0, paramsize:0\n"
06-04 20:45:03.675 I/C2VdecComponent( 497): NotifyEvent:event:2
06-04 20:45:03.675 I/AmlManagePts( 497): [0]"setInterlace set interlace[0]\n"
06-04 20:45:03.675 I/C2VdecBlockPoolUtil( 497): Fetch the new block(ino:41726 fd:96 dup fd:99 id:5) and append.
06-04 20:45:03.675 I/V4l2Adaptor( 497): importBufferForPicture pictureBufferId 5, dmabufFd 100, metaFd -1
06-04 20:45:03.675 I/V4l2Adaptor( 497): onImportBufferForPicture pictureBufferId 5, dmabufFd 100, metaFd -1, plane size 1
06-04 20:45:03.675 I/V4l2Adaptor( 497): onImportBufferForPicture addr 0x0, stride 0, offset 0, size 0
06-04 20:45:03.676 I/mali_gralloc( 264): am_gralloc_get_uvm_decoder_para: parameters:[slot_id=0,w*h(1920*1088),w_align=64,h_align=64,size=0]
06-04 20:45:03.676 I/mali_gralloc( 264): am_gralloc_get_uvm_decoder_para: parameters:[slot_id=0,w*h(1920*1088),w_align=64,h_align=64,size=0]
06-04 20:45:03.676 I/VDA ( 497): [0##41]"ImportDynamicCaptureBufferForPictureTask fd=100, index=5\n"" {IN=3/8, OUT=2/6[kAtAccelerator(1) kAtDevice(3) kAtClient(2)]}"
06-04 20:45:03.678 I/C2VdecBlockPoolUtil( 497): Fetch the new block(ino:41728 fd:102 dup fd:105 id:6) and append.
06-04 20:45:03.679 I/V4l2Adaptor( 497): importBufferForPicture pictureBufferId 6, dmabufFd 106, metaFd -1
06-04 20:45:03.679 I/V4l2Adaptor( 497): onImportBufferForPicture pictureBufferId 6, dmabufFd 106, metaFd -1, plane size 1
06-04 20:45:03.679 I/V4l2Adaptor( 497): onImportBufferForPicture addr 0x0, stride 0, offset 0, size 0
06-04 20:45:03.679 I/VDA ( 497): [0##41]"ImportDynamicCaptureBufferForPictureTask fd=106, index=6\n"" {IN=2/8, OUT=4/7[kAtAccelerator(1) kAtDevice(2) kAtClient(4)]}"
06-04 20:45:03.679 I/mali_gralloc( 264): am_gralloc_get_uvm_decoder_para: parameters:[slot_id=0,w*h(1920*1088),w_align=64,h_align=64,size=0]
06-04 20:45:03.679 I/mali_gralloc( 264): am_gralloc_get_uvm_decoder_para: parameters:[slot_id=0,w*h(1920*1088),w_align=64,h_align=64,size=0]
06-04 20:45:03.682 I/C2VdecBlockPoolUtil( 497): Fetch the new block(ino:41730 fd:108 dup fd:111 id:7) and append.
06-04 20:45:03.682 I/V4l2Adaptor( 497): importBufferForPicture pictureBufferId 7, dmabufFd 112, metaFd -1
06-04 20:45:03.682 I/V4l2Adaptor( 497): onImportBufferForPicture pictureBufferId 7, dmabufFd 112, metaFd -1, plane size 1
06-04 20:45:03.682 I/V4l2Adaptor( 497): onImportBufferForPicture addr 0x0, stride 0, offset 0, size 0
06-04 20:45:03.682 I/VDA ( 497): [0##41]"ImportDynamicCaptureBufferForPictureTask fd=112, index=7\n"" {IN=1/8, OUT=5/8[kAtAccelerator(1) kAtDevice(2) kAtClient(5)]}"
06-04 20:45:03.682 I/mali_gralloc( 264): am_gralloc_get_uvm_decoder_para: parameters:[slot_id=0,w*h(1920*1088),w_align=64,h_align=64,size=0]
06-04 20:45:03.682 I/mali_gralloc( 264): am_gralloc_get_uvm_decoder_para: parameters:[slot_id=0,w*h(1920*1088),w_align=64,h_align=64,size=0]
06-04 20:45:03.685 I/C2VdecBlockPoolUtil( 497): Fetch the new block(ino:41732 fd:114 dup fd:117 id:8) and append.
06-04 20:45:03.685 I/V4l2Adaptor( 497): importBufferForPicture pictureBufferId 8, dmabufFd 56, metaFd -1
06-04 20:45:03.685 I/V4l2Adaptor( 497): onImportBufferForPicture pictureBufferId 8, dmabufFd 56, metaFd -1, plane size 1
06-04 20:45:03.685 I/V4l2Adaptor( 497): onImportBufferForPicture addr 0x0, stride 0, offset 0, size 0
