06-04 20:48:35.655 E/ccc ( 4242): cccccc i will start scan
06-04 20:48:35.668 D/InstantWifi( 707): Drop, size: 1
06-04 20:48:35.671 D/WifiNl80211Manager( 707): Scan result ready event
06-04 20:48:35.671 D/WifiNative( 707): Scan result ready event
06-04 20:48:35.673 D/WificondScannerImpl( 707): Filtering out 1 scan results.
06-04 20:48:35.675 I/WifiHAL ( 524): call wifi_get_link_stats handler
06-04 20:48:35.675 I/WifiHAL ( 524): Creating message to get link statistics; iface = 16
06-04 20:48:35.675 D/WifiHAL ( 524): error code -95 mapped to -3
06-04 20:48:35.676 E/WifiStaIfaceAidlImpl( 707): getLinkLayerStats failed with service-specific exception: android.os.ServiceSpecificException: (code 4)
06-04 20:48:35.677 E/ccc ( 4242): cccccc SCAN_RESULTS_AVAILABLE_ACTION hhhh
06-04 20:48:35.678 E/ccc ( 4242): cccccc result is empty start scan
06-04 20:48:35.679 W/ScanResultUtil( 707): Empty or null ScanResult list
06-04 20:48:35.679 W/WifiService( 707): Attempt to retrieve WifiConfiguration with invalid scanResult List
06-04 20:48:35.679 I/WifiService( 707): startScan uid=1000
06-04 20:48:35.680 W/ScanResultUtil( 707): Empty or null ScanResult list
06-04 20:48:35.680 E/WifiService( 707): Attempt to retrieve passpoint with invalid scanResult List
06-04 20:48:35.681 W/ScanResultUtil( 707): Empty or null ScanResult list
06-04 20:48:35.681 W/WifiService( 707): Attempt to retrieve OsuProviders with invalid scanResult List
06-04 20:48:35.682 E/hq ( 1414): NetWorkStateReceiver:::NetWorkStateReceiver onReceive: 网络变化广播 >>>> intent.action=android.net.wifi.SCAN_RESULTS
06-04 20:48:35.684 W/eventbuscore( 1414): post Event:com.dangbei.leard.base.entity.event.NetWifiRssiEvent
06-04 20:48:35.688 D/InstantWifi( 707): Drop, size: 1
06-04 20:48:35.751 D/hdmicecd( 501): [CEC]:printCecMsgBuf, msg: 0f 87 6d 74 6b
06-04 20:48:35.752 D/HDMI ( 707): [R]: 0F:87:6D:74:6B
06-04 20:48:35.753 D/hdmicecd( 501): [HdmiCecControl]:getPhysicalAddress, physical addr: 3000, last pa: 3000, ret = 0
06-04 20:48:35.912 D/hdmicecd( 501): [CEC]:printCecMsgBuf, msg: 0f 82 00 00
06-04 20:48:35.912 D/hdmicecd( 501): [HdmiCecControl]:updateActiveState received messag:82 active state:0
06-04 20:48:35.913 D/HDMI ( 707): [R]: 0F:82:00:00
06-04 20:48:35.913 D/HDMI ( 707): setActiveSource logical:0x00 physical:0x0000 HdmiCecLocalDeviceSource#handleActiveSource()
06-04 20:48:35.915 D/hdmicecd( 501): [HdmiCecControl]:getPhysicalAddress, physical addr: 3000, last pa: 3000, ret = 0
06-04 20:48:35.916 D/HDMI ( 707): ActiveSourceHistoryRecord active source=(0x00, 0x0000) isActiveSource=false from=HdmiCecLocalDeviceSource#handleActiveSource()
06-04 20:48:35.916 D/HDMI ( 707): pauseActiveMediaSessions
06-04 20:48:35.916 D/HDMI ( 707): onActiveSourceLost with mode:standby_now
06-04 20:48:35.916 I/HDMI ( 707): Hdmi cec standby
06-04 20:48:35.917 I/PowerGroup( 707): Powering off display group due to hdmi (groupId= 0, uid= 1000, millisSinceLastUserActivity=9532, lastUserActivityEvent=other)...
06-04 20:48:35.917 I/PowerManagerService( 707): Going to sleep due to hdmi (uid 1000, screenOffTimeout=300000, activityTimeoutWM=-1, maxDimRatio=0.20000005, maxDimDur=7000)...
06-04 20:48:35.919 D/HdmiControlService( 707): Switching to full volume behavior
06-04 20:48:35.920 D/WindowManager( 707): updateCecScreenStatus 1
06-04 20:48:35.920 D/HDMI ( 707): setCecSettingIntValue name:cec_screen_state, value:1
06-04 20:48:35.922 I/ActivityManager( 707): Killing 1203:com.android.tv.settings/1000 (adj 985): empty #17
06-04 20:48:35.927 I/DefaultIMS( 1396): onStartInput attribute=android.view.inputmethod.EditorInfo@ea8e542 restarting=false inputType: 0
06-04 20:48:35.928 I/HDMI ( 707): screen state is changing to 1
06-04 20:48:35.928 D/HDMI ( 707): onStandby action:0, current power:0 initiatedByCec:true
06-04 20:48:35.928 D/HDMI ( 707): standby acquireWakeLock 0
06-04 20:48:35.928 D/HDMI ( 707): standby releaseWakeLock
06-04 20:48:35.931 D/hdmicecd( 501): [HdmiCecControl]:getPhysicalAddress, physical addr: 3000, last pa: 3000, ret = 0
06-04 20:48:35.932 D/hdmicecd( 501): [HdmiCecControl]:getPhysicalAddress, physical addr: 3000, last pa: 3000, ret = 0
06-04 20:48:35.932 V/HdmiControlService( 707): On standby-action cleared:4
06-04 20:48:35.932 V/HdmiControlService( 707): onPendingActionsCleared
06-04 20:48:35.932 D/HDMI ( 707): setActiveSource logical:0xffffffff physical:0xffff HdmiCecLocalDevicePlayback#onStandby()
06-04 20:48:35.933 D/hdmicecd( 501): [HdmiCecControl]:getPhysicalAddress, physical addr: 3000, last pa: 3000, ret = 0
06-04 20:48:35.935 D/HDMI ( 707): ActiveSourceHistoryRecord active source=(invalid, invalid) isActiveSource=false from=HdmiCecLocalDevicePlayback#onStandby()
06-04 20:48:35.935 D/HDMI ( 707): onStandby sendStandbyNoneActive:false, wasActiveSource:false
06-04 20:48:35.936 I/HDMI ( 707): onStandby finally completed
06-04 20:48:35.936 D/HDMI ( 707): enableSystemCecControl: false
06-04 20:48:35.939 I/libprocessgroup( 707): Successfully killed process cgroup uid 1000 pid 1203 in 0ms
06-04 20:48:35.947 D/hdmicecd( 501): [HdmiCecControl]:setOption, flag:0x3, value:0x0, ret:0, is_cec_controlled:0
06-04 20:48:35.948 D/HdmiControlService( 707): Switching to full volume behavior
06-04 20:48:35.948 D/HdmiControlService( 707): Switching to full volume behavior
06-04 20:48:35.948 D/HDMI ( 707): standby releaseWakeLock
06-04 20:48:35.983 W/ActivityManager( 707): setHasOverlayUi called on unknown pid: 1203
06-04 20:48:35.983 I/Zygote ( 462): Process 1203 exited due to signal 9 (Killed)
06-04 20:48:36.107 I/WifiHAL ( 524): call wifi_get_link_stats handler
06-04 20:48:36.109 I/WifiHAL ( 524): Creating message to get link statistics; iface = 16
06-04 20:48:36.109 D/WifiHAL ( 524): error code -95 mapped to -3
06-04 20:48:36.110 E/WifiStaIfaceAidlImpl( 707): getLinkLayerStats failed with service-specific exception: android.os.ServiceSpecificException: (code 4)
06-04 20:48:36.342 I/DisplayPowerController2[0]( 707): Blocking screen off
06-04 20:48:36.342 I/DisplayPowerController2[0]( 707): Unblocked screen off after 0 ms
06-04 20:48:36.344 D/ActivityTaskManager( 707): Top Process State changed to PROCESS_STATE_TOP_SLEEPING
06-04 20:48:36.348 V/WindowManager( 707): Sent Transition #18 createdAt=06-04 20:48:36.346 via request=TransitionRequestInfo { type = 12, triggerTask = null, remoteTransition = null, displayChange = null, flags = 0 }
06-04 20:48:36.348 V/WindowManager( 707): startWCT=null
06-04 20:48:36.349 V/WindowManager( 707): info={id=18 t=SLEEP f=0x0 trk=0 r=[] c=[]}
06-04 20:48:36.353 I/DisplayBrightnessStrategySelector( 707): Changing the DisplayBrightnessStrategy from InvalidBrightnessStrategy toScreenOffBrightnessStrategy for display 0
06-04 20:48:36.354 V/WindowManagerShell( 912): Transition requested: android.os.BinderProxy@5350d75 TransitionRequestInfo { type = 12, triggerTask = null, remoteTransition = null, displayChange = null, flags = 0 }
06-04 20:48:36.356 V/DisplayPowerController2[0]( 707): Brightness [0.0] reason changing to: 'screen_off', previous reason: 'manual'.
06-04 20:48:36.357 I/DisplayPowerController2[0]( 707): BrightnessEvent: disp=0, physDisp=local:4625716335649126413, brt=0.0, initBrt=0.39763778, rcmdBrt=NaN, preBrt=NaN, lux=0.0, preLux=0.0, hbmMax=1.0, hbmMode=off, rbcStrength=0, thrmMax=1.0, powerFactor=1.0, wasShortTermModelActive=false, flags=, reason=screen_off, autoBrightness=false, strategy=ScreenOffBrightnessStrategy
06-04 20:48:36.361 W/Transition( 707): Transition already started id=18 state=2
06-04 20:48:36.361 I/BpBinder( 265): onLastStrongRef automatically unlinking death recipients:
06-04 20:48:36.361 V/WindowManagerShell( 912): onTransitionReady android.os.BinderProxy@5350d75: {id=18 t=SLEEP f=0x0 trk=0 r=[] c=[]}
06-04 20:48:36.361 V/WindowManagerShell( 912): No transition roots in (#18)android.os.BinderProxy@5350d75@0 so abort
06-04 20:48:36.362 V/WindowManagerShell( 912): Transition animation finished (aborted=true), notifying core (#18)android.os.BinderProxy@5350d75@0
06-04 20:48:36.364 V/WindowManager( 707): Finish Transition #18: created at
06-04 20:48:36.346 collect-started=0.125ms request-sent=0.246ms started=0.606ms ready=0.596ms sent=1.046ms finished=17.064ms
06-04 20:48:36.365 V/WindowManagerShell( 912): Track 0 became idle
06-04 20:48:36.365 V/WindowManagerShell( 912): All active transition animations finished
06-04 20:48:36.367 D/SurfaceFlinger( 265): Setting power mode 0 on display 4625716335649126413
06-04 20:48:36.369 I/DisplayDeviceRepository( 707): Display device changed state: "内置屏幕", OFF
06-04 20:48:36.371 I/InputManager-JNI( 707): Viewport [0] to add: local:4625716335649126413, isActive: false
06-04 20:48:36.372 W/SurfaceControl( 707): Invalid layer stack -1
06-04 20:48:36.372 I/DisplayDevice( 707): [0] Layerstack set to -1 for local:4625716335649126413
06-04 20:48:36.373 I/InputReader( 707): Reconfiguring input devices, changes=DISPLAY_INFO
06-04 20:48:36.376 I/bt_stack( 8611): [INFO:le_scanning_manager.cc(168)] Scan in shim layer stopped
06-04 20:48:36.376 I/bluetooth( 8611): packages/modules/Bluetooth/system/gd/hci/le_address_manager.cc:193 unregister_client: Client unregistered
06-04 20:48:36.376 I/bt_stack( 8611): [INFO:le_scanning_manager.cc(346)] SetScanParameters in shim layer
06-04 20:48:36.376 I/bt_stack( 8611): [INFO:le_scanning_manager.cc(168)] Scan in shim layer started
06-04 20:48:36.377 I/bluetooth( 8611): packages/modules/Bluetooth/system/gd/hci/le_scanning_manager.cc:588 stop_scan: Scanning already stopped, return!
06-04 20:48:36.377 I/bluetooth( 8611): packages/modules/Bluetooth/system/gd/hci/le_address_manager.cc:178 register_client: Client registered
06-04 20:48:36.390 I/SystemControl( 318): [/Ubootenv.cpp, get, 345] [ubootenv] search end and not find env:connector_type
06-04 20:48:36.395 W/UsageStatsService( 707): Unexpected activity event reported! (com.dangbei.leard.leradlauncher/com.dangbei.launcher.home.LauncherActivity event : 23 instanceId : 175997722)
06-04 20:48:36.402 E/MesonHwc( 296): dolby vision driver is not ready
06-04 20:48:36.402 E/MesonHwc( 296): dolby vision driver is not ready
06-04 20:48:36.403 D/MesonHwc( 296): ERR: PLEASE FIX NON-IMPLEMENT FUN(update).
06-04 20:48:36.403 I/SystemControl( 318): [/Ubootenv.cpp, get, 345] [ubootenv] search end and not find env:connector_type
06-04 20:48:36.403 E/MesonHwc( 296): FixedDisplayPipe::getConnectorCfg 15
06-04 20:48:36.403 E/MesonHwc( 296): read screen size 1150x650 from vinfo
06-04 20:48:36.403 E/MesonHwc( 296): dolby vision driver is not ready
06-04 20:48:36.404 I/SystemControl( 318): [/Ubootenv.cpp, get, 345] [ubootenv] search end and not find env:connector_type
06-04 20:48:36.404 E/MesonHwc( 296): FixedDisplayPipe::getConnectorCfg 15
06-04 20:48:36.404 D/MesonHwc( 296): ERR: PLEASE FIX NON-IMPLEMENT FUN(update).
06-04 20:48:36.404 E/MesonHwc( 296): read screen size 1150x650 from vinfo
06-04 20:48:36.404 E/MesonHwc( 296): dolby vision driver is not ready
06-04 20:48:36.405 E/MesonHwc( 296): Do Nothing in updateDisplayMode .
06-04 20:48:36.405 V/MesonDisplayServer( 296): GetDisplayMode:2160p60hz
06-04 20:48:36.472 D/WindowManagerShell( 912): TvPipController: onTaskStackChanged()
06-04 20:48:36.506 D/MesonDisplayServer( 296): SetDisplay[CVBS] Mode to "dummy_l"
06-04 20:48:36.509 I/SystemControl( 318): [/UEventObserver.cpp, HDMITxUenventThreadLoop, 451] HDMI TX switch_name:hdmitx_current_status, switch_state: 83
06-04 20:48:36.514 I/SystemControl( 318): [/UEventObserver.cpp, HDMITxUenventThreadLoop, 451] HDMI TX switch_name:hdmitx_current_status, switch_state: 84
06-04 20:48:36.551 D/MesonComposer3( 296): halEventcallback onHotplug client3.0
06-04 20:48:36.552 D/SurfaceFlinger( 265): Finished setting power mode 0 on display 4625716335649126413
06-04 20:48:36.552 D/SurfaceControl( 707): Excessive delay in setPowerMode()
06-04 20:48:36.553 I/android.hardware.power-service.libperfmgr( 499): Power setMode: INTERACTIVE to: 0
06-04 20:48:36.553 I/DisplayDeviceRepository( 707): Display device changed state: "内置屏幕", OFF
06-04 20:48:36.556 D/DisplayManagerService( 707): Ignore redundant display event 0/2 to 10075/3469
06-04 20:48:36.559 E/MesonHwc( 296): getPort 15
06-04 20:48:36.559 E/MesonHwc( 296): getPort 15
06-04 20:48:36.560 I/PowerGroup( 707): Sleeping power group (groupId=0, uid=1000, reason=timeout)...
06-04 20:48:36.560 I/PowerManagerService( 707): Sleeping (uid 1000)...
06-04 20:48:36.563 I/SurfaceFlinger( 265): Reconnecting display 4625716335649126413 (HAL ID 0)
06-04 20:48:36.564 E/MesonComposer3( 296): destroyLayer: display:0 failed to destroy layer:574
06-04 20:48:36.564 E/HwcComposer( 265): destroyLayer failed Status(-8, EX_SERVICE_SPECIFIC): '3: '
06-04 20:48:36.565 E/HWC2 ( 265): destroyLayer(0, 574) failed: BadLayer (3)
06-04 20:48:36.566 E/HwcComposer( 265): setClientTargetSlotCount failed Status(-8, EX_SERVICE_SPECIFIC): '4: '
06-04 20:48:36.566 I/FramebufferSurface( 265): Framebuffer size has been limited to [1920x1080] from [3840x2160]
06-04 20:48:36.570 I/audio_hw_hal_primary( 491): [adev_set_parameters:4123] dev:0xe71c0010, kv: screen_state=off
06-04 20:48:36.570 D/audio_hw_hal_hfp( 491): [audio_extn_hfp_set_parameters:739] audio_extn_hfp_set_parameters
06-04 20:48:36.570 E/audio_route( 491): unable to find path 'speaker_fadein'
06-04 20:48:36.570 E/audio_route( 491): unable to find path 'speaker_fadeout'
06-04 20:48:36.570 I/audio_hw_hal_resourcemgr( 491): [set_output_device_mute:690] device:0x2 mute:1 port_mute:1 using_fade:1
06-04 20:48:36.583 D/MesonDisplay( 296): read /sys/class/amhdmitx/amhdmitx0/hdcp_lstore, result length:0, val:
06-04 20:48:36.585 I/Scheduler( 265): Display 4625716335649126413 is the pacesetter
06-04 20:48:36.585 E/SchedulerTimer( 265): Terminated
06-04 20:48:36.586 W/EventThread( 265): Failed dispatching Hotplug{displayId=4625716335649126413, connected} for Connection{0xf1443110, VSyncRequest::None}
06-04 20:48:36.586 W/EventThread( 265): Failed dispatching Hotplug{displayId=4625716335649126413, connected} for Connection{0xf1444090, VSyncRequest::None}
06-04 20:48:36.586 W/EventThread( 265): Failed dispatching Hotplug{displayId=4625716335649126413, connected} for Connection{0xf1443f90, VSyncRequest::None}
06-04 20:48:36.586 D/SurfaceFlinger( 265): Setting power mode 2 on display 4625716335649126413
06-04 20:48:36.586 W/EventThread( 265): Failed dispatching Hotplug{displayId=4625716335649126413, connected} for Connection{0xf1442a90, VSyncRequest::None}
06-04 20:48:36.587 D/SurfaceFlinger( 265): Finished setting power mode 2 on display 4625716335649126413
06-04 20:48:36.589 I/PowerManagerService( 707): onFlip(): Face up.
06-04 20:48:36.601 D/LocalDisplayAdapter( 707): The active mode was changed from SurfaceFlinger or the display device to {id=147, width=3840, height=2160, fps=59.94006, alternativeRefreshRates=[], supportedHdrTypes=[]}
06-04 20:48:36.601 D/LocalDisplayAdapter( 707): New display modes are added and the active mode has changed, use active mode as default mode.
06-04 20:48:36.602 W/LocalDisplayAdapter( 707): DisplayModeSpecs base mode no longer available, using currently active mode.
06-04 20:48:36.603 I/DisplayDeviceRepository( 707): Display device changed: DisplayDeviceInfo{"内置屏幕": uniqueId="local:4625716335649126413", 3840 x 2160, modeId 127, renderFrameRate 59.94006, defaultModeId 127, supportedModes [{id=125, width=1920, height=1080, fps=119.88013, alternativeRefreshRates=[], supportedHdrTypes=[2, 3]}, {id=126, width=1920, height=1080, fps=120.00001, alternativeRefreshRates=[], supportedHdrTypes=[2, 3]}, {id=127, width=3840, height=2160, fps=59.94006, alternativeRefreshRates=[], supportedHdrTypes=[2, 3]}, {id=128, width=3840, height=2160, fps=60.000004, alternativeRefreshRates=[], supportedHdrTypes=[2, 3]}, {id=129, width=3840, height=2160, fps=50.0, alternativeRefreshRates=[], supportedHdrTypes=[2, 3]}, {id=130, width=3840, height=2160, fps=29.97003, alternativeRefreshRates=[], supportedHdrTypes=[2, 3]}, {id=131, width=3840, height=2160, fps=30.000002, alternativeRefreshRates=[], supportedHdrTypes=[2, 3]}, {id=132, width=3840, height=2160, fps=25.0, alternativeRefreshRates=[], supportedHdrTypes=[2, 3]}, {id=133, width=3840, height=2160, fps=23.976025, alternativeRefreshRates=[], supportedHdrTypes=[2, 3]}, {id=134, width=3840, height=2160, fps=24.000002, alternativeRefreshRates=[], supportedHdrTypes=[2, 3]}, {id=135, width=1920, height=1080, fps=100.0, alternativeRefreshRates=[], supportedHdrTypes=[2, 3]}, {id=136, width=1920, height=1080, fps=59.94006, alternativeRefreshRates=[], supportedHdrTypes=[2, 3]}, {id=137, width=1920, height=1080, fps=60.000004, alternativeRefreshRates=[], supportedHdrTypes=[2, 3]}, {id=138, width=1920, height=1080, fps=50.0, alternativeRefreshRates=[], supportedHdrTypes=[2, 3]}, {id=139, width=1920, height=1080, fps=29.97003, alternativeRefreshRates=[], supportedHdrTypes=[2, 3]}, {id=140, width=1920, height=1080, fps=30.000002, alternativeRefreshRates=[], supportedHdrTypes=[2, 3]}, {id=141, width=1920, height=1080, fps=25.0, alternativeRefreshRates=[], supportedHdrTypes=[2, 3]}, {id=142, width=1920, height=1080, fps=23.976025, alternativeRefreshRates=[], supportedHdrTypes=[2, 3]}, {id=143, width=1920, height=1080, fps=24.000002, alternativeRefreshRates=[], supportedHdrTypes=[2, 3]}, {id=144, width=1280, height=720, fps=59.94006, alternativeRefreshRates=[], supportedHdrTypes=[2, 3]}, {id=145, width=1280, height=720, fps=60.000004, alternativeRefreshRates=[], supportedHdrTypes=[2, 3]}, {id=146, width=1280, height=720, fps=50.0, alternativeRefreshRates=[], supportedHdrTypes=[2, 3]}], colorMode 0, supportedColorModes [0], hdrCapabilities HdrCapabilities{mSupportedHdrTypes=[2, 3], mMaxLuminance=500.0, mMaxAverageLuminance=500.0, mMinLuminance=0.0}, allmSupported true, gameContentTypeSupported false, density 480, 84.813 x 84.406 dpi, appVsyncOff 2000000, presDeadline 13683333, touch INTERNAL, rotation 0, type INTERNAL, address {port=13, model=0x4031d87fca1678}, deviceProductInfo DeviceProductInfo{name=Dangbei , manufacturerPnpId=DBP, productId=48, modelYear=null, manufactureDate=ManufactureDate{week=10, year=2014}, connectionToSinkType=2}, state OFF, committedState OFF, frameRateOverride , brightnessMinimum 0.0, brightnessMaximum 1.0, brightnessDefault 0.39763778, hdrSdrRatio NaN, FLAG_ALLOWED_TO_BE_DEFAULT_DISPLAY, FLAG_ROTATES_WITH_CONTENT, FLAG_SECURE, FLAG_SUPPORTS_PROTECTED_BUFFERS, FLAG_TRUSTED, installOrientation 0, displayShape DisplayShape{ spec=-545313861 displayWidth=3840 displayHeight=2160 physicalPixelDisplaySizeRatio=1.0 rotation=0 offsetX=0 offsetY=0 scale=1.0}}
06-04 20:48:36.604 I/AudioVideoDevReconnectService( 1030): onReceive:android.intent.action.SCREEN_OFF,mWaitForDisconnct:true
06-04 20:48:36.606 W/LocalDisplayAdapter( 707): Ignoring request for invalid base mode id 127
06-04 20:48:36.607 D/DisplayManagerService( 707): Ignore redundant display event 0/2 to 10075/3469
06-04 20:48:36.607 W/libperfmgr( 499): Slow writing to file: '/sys/class/meson_pm/early_suspend_trigger' with value: '1' took: 53 ms
06-04 20:48:36.607 E/hq ( 1414): AdHelper:::StrReceiver onReceive=android.intent.action.SCREEN_OFF
06-04 20:48:36.607 I/SystemControl( 318): [/UEventObserver.cpp, HDMITxUenventThreadLoop, 451] HDMI TX switch_name:hdmitx_hdcppwr, switch_state: 0
06-04 20:48:36.607 W/eventbuscore( 1414): post Event:com.dangbei.leard.base.entity.event.SwitchLauncherPageEvent
06-04 20:48:36.607 E/SystemControl( 318): [/SysWrite.cpp, writeSys, 280] writeSysFs, open /sys/class/amhdmitx/amhdmitx0/hdcp_pwr fail.
06-04 20:48:36.607 I/SystemControl( 318): [/DisplayMode.cpp, onTxEvent, 3267] onTxEvent switchName:hdmitx_hdcppwr hpdstate:0 state: 1
06-04 20:48:36.608 I/SystemControl( 318): [/SysWrite.cpp, getKernelReleaseVersion, 701] getKernelReleaseVersion: 5.15
06-04 20:48:36.608 I/SystemControl( 318): [/Ubootenv.cpp, get, 336] [ubootenv] get key:hdmimode envValue: none
06-04 20:48:36.608 I/SystemControl( 318): [/Ubootenv.cpp, get, 336] [ubootenv] get key:user_colorattribute envValue: 420,10bit
06-04 20:48:36.608 I/SystemControl( 318): [/Ubootenv.cpp, get, 345] [ubootenv] search end and not find env:hdr_force_mode
06-04 20:48:36.608 I/SystemControl( 318): [/DisplayMode.cpp, gethdrforcemode, 2742] get hdr force mode is [2]
06-04 20:48:36.608 I/SystemControl( 318): [/Ubootenv.cpp, get, 336] [ubootenv] get key:hdr_policy envValue: 0
06-04 20:48:36.608 I/SystemControl( 318): [/DisplayMode.cpp, getHdrStrategy, 2758] getHdrStrategy is [0]
06-04 20:48:36.608 I/SystemControl( 318): [/Ubootenv.cpp, get, 336] [ubootenv] get key:hdr_priority envValue: 268435472
06-04 20:48:36.608 I/SystemControl( 318): [/DisplayMode.cpp, getHdrPriority, 2891] getHdrPriority is [0x10000010]
06-04 20:48:36.608 I/SystemControl( 318): [/DisplayMode.cpp, getCommonData, 1534] isbestcolorspace:0, isbestpolicy:1, hdr_policy:0, hdr_priority :268435472, hdr_force_mode:2
06-04 20:48:36.608 D/OsInitLaunch( 1414): send: strOpen, null, null, null
06-04 20:48:36.609 E/hq ( 1414): AdHelper:::str 广告刷新
06-04 20:48:36.609 E/MesonHwc( 296): getCrtc by id(0) failed.
06-04 20:48:36.609 V/MesonDisplayServer( 296): GetDisplayMode:
06-04 20:48:36.613 I/SystemControl( 318): [/DisplayMode.cpp, getDisplayMode, 2331] getDisplayMode mode:
06-04 20:48:36.614 I/SystemControl( 318): [/Ubootenv.cpp, get, 336] [ubootenv] get key:hdmimode envValue: none
06-04 20:48:36.614 I/SystemControl( 318): [/Ubootenv.cpp, get, 336] [ubootenv] get key:cvbsmode envValue: 576cvbs
06-04 20:48:36.614 I/SystemControl( 318): [/DisplayMode.cpp, getCommonData, 1542] hdmi_current_mode:, ubootenv hdmimode:none cvbsmode:576cvbs
06-04 20:48:36.615 E/MesonHwc( 296): getCrtc by id(0) failed.
06-04 20:48:36.615 D/MesonDisplayServer( 296): use connector getDisplayAttribute "HDMI Color ATTR": "420,10bit"
06-04 20:48:36.616 D/aaa ( 1430): aaa screen off
06-04 20:48:36.616 I/SystemControl( 318): [/Ubootenv.cpp, get, 336] [ubootenv] get key:user_colorattribute envValue: 420,10bit
06-04 20:48:36.616 I/SystemControl( 318): [/DisplayMode.cpp, getCommonData, 1554] hdmi_current_attr:420,10bit, ubootenv_colorattribute:420,10bit
06-04 20:48:36.616 I/SystemControl( 318): [/Ubootenv.cpp, get, 345] [ubootenv] search end and not find env:dv_enable
06-04 20:48:36.616 I/SystemControl( 318): [/DisplayMode.cpp, getCommonData, 1567] dv_enable:0
06-04 20:48:36.616 I/SystemControl( 318): [/Ubootenv.cpp, get, 345] [ubootenv] search end and not find env:user_prefer_dv_type
06-04 20:48:36.616 I/SystemControl( 318): [/DisplayMode.cpp, getCommonData, 1578] ubootenv_dv_type:0
06-04 20:48:36.617 I/DisplayDeviceRepository( 707): Display device changed: DisplayDeviceInfo{"内置屏幕": uniqueId="local:4625716335649126413", 3840 x 2160, modeId 147, renderFrameRate 59.94006, defaultModeId 147, supportedModes [{id=147, width=3840, height=2160, fps=59.94006, alternativeRefreshRates=[], supportedHdrTypes=[]}], colorMode 0, supportedColorModes [0], hdrCapabilities HdrCapabilities{mSupportedHdrTypes=[], mMaxLuminance=500.0, mMaxAverageLuminance=500.0, mMinLuminance=0.0}, allmSupported false, gameContentTypeSupported false, density 480, 84.813 x 84.406 dpi, appVsyncOff 2000000, presDeadline 13683333, touch INTERNAL, rotation 0, type INTERNAL, address {port=13, model=0x4031d87fca1678}, deviceProductInfo DeviceProductInfo{name=Linux FHD, manufacturerPnpId=LNX, productId=0, modelYear=null, manufactureDate=ManufactureDate{week=5, year=2012}, connectionToSinkType=0}, state OFF, committedState OFF, frameRateOverride , brightnessMinimum 0.0, brightnessMaximum 1.0, brightnessDefault 0.39763778, hdrSdrRatio NaN, FLAG_ALLOWED_TO_BE_DEFAULT_DISPLAY, FLAG_ROTATES_WITH_CONTENT, FLAG_SECURE, FLAG_SUPPORTS_PROTECTED_BUFFERS, FLAG_TRUSTED, installOrientation 0, displayShape DisplayShape{ spec=-545313861 displayWidth=3840 displayHeight=2160 physicalPixelDisplaySizeRatio=1.0 rotation=0 offsetX=0 offsetY=0 scale=1.0}}
06-04 20:48:36.618 I/RefreshRateSelector( 265): Display 4625716335649126413 policy changed
06-04 20:48:36.618 I/RefreshRateSelector( 265): Previous: {defaultModeId=182, allowGroupSwitching=false, primaryRanges={physical=[0.00 Hz, 340282346638528859811704183484516925440.00 Hz], render=[0.00 Hz, 340282346638528859811704183484516925440.00 Hz]}, appRequestRanges={physical=[0.00 Hz, 340282346638528859811704183484516925440.00 Hz], render=[0.00 Hz, 340282346638528859811704183484516925440.00 Hz]}}
06-04 20:48:36.618 I/RefreshRateSelector( 265): Current: DisplayManagerPolicy{defaultModeId=182, allowGroupSwitching=false, primaryRanges={physical=[0.00 Hz, inf Hz], render=[0.00 Hz, 120.00 Hz]}, appRequestRanges={physical=[0.00 Hz, inf Hz], render=[0.00 Hz, inf Hz]}}
06-04 20:48:36.618 I/RefreshRateSelector( 265): 0 mode changes were performed under the previous policy
06-04 20:48:36.621 I/vol.VolumeDialogImpl( 912): mDialog.dismiss() reason: screen_off from: com.android.systemui.volume.VolumeDialogImpl$7.onScreenOff:4
06-04 20:48:36.624 I/WifiHAL ( 524): wifi_set_latency_mode set to 0
06-04 20:48:36.624 D/dangbei ad sdk( 1414): AdSdk::current server =online
06-04 20:48:36.625 D/FrameWorkHelper( 1414): strRestart:
06-04 20:48:36.625 D/TrafficStats( 1414): tagSocket(107) with statsTag=0xffffffff, statsUid=-1
06-04 20:48:36.628 I/SystemControl( 318): [/DisplayMode.cpp, getHdmiData, 1721] display sink type:1 [0:none, 1:sink, 2:repeater]
06-04 20:48:36.629 I/SystemControl( 318): [/DisplayMode.cpp, filterHdmiDispcap, 1398] before filtered HdmiDispcap: 1080i60hz
06-04 20:48:36.629 I/SystemControl( 318): 720p60hz
06-04 20:48:36.629 I/SystemControl( 318): 480p60hz
06-04 20:48:36.629 I/SystemControl( 318): 576p50hz
06-04 20:48:36.629 I/SystemControl( 318): 720p50hz
06-04 20:48:36.629 I/SystemControl( 318): 1080i50hz
06-04 20:48:36.629 I/SystemControl( 318): 480i60hz
06-04 20:48:36.629 I/SystemControl( 318): 1080p60hz
06-04 20:48:36.629 I/SystemControl( 318): 1080p50hz
06-04 20:48:36.629 I/SystemControl( 318): 1080p24hz
06-04 20:48:36.629 I/SystemControl( 318): 1080p30hz
06-04 20:48:36.629 I/SystemControl( 318): 2160p24hz
06-04 20:48:36.629 I/SystemControl( 318): 2160p30hz
06-04 20:48:36.629 I/SystemControl( 318): 2160p50hz
06-04 20:48:36.629 I/SystemControl( 318): 2160p60hz
06-04 20:48:36.629 I/SystemControl( 318): smpte24hz
06-04 20:48:36.629 I/SystemControl( 318): smpte30hz
06-04 20:48:36.629 I/SystemControl( 318): smpte50hz
06-04 20:48:36.629 I/SystemControl( 318): smpte60hz
06-04 20:48:36.629 I/SystemControl( 318): 2160p25hz
06-04 20:48:36.629 I/SystemControl( 318): smpte25hz
06-04 20:48:36.629 I/SystemControl( 318): 1080p25hz
06-04 20:48:36.629 I/SystemControl( 318): 1920x1080p120hz
06-04 20:48:36.629 I/SystemControl( 318): 1920x1080p100hz
06-04 20:48:36.629 I/SystemControl( 318):
06-04 20:48:36.631 I/SystemControl( 318): [/DisplayMode.cpp, filterHdmiDispcap, 1427] after filtered HdmiDispcap: 1080i60hz
06-04 20:48:36.631 I/SystemControl( 318): 720p60hz
06-04 20:48:36.631 I/SystemControl( 318): 480p60hz
06-04 20:48:36.631 I/SystemControl( 318): 576p50hz
06-04 20:48:36.631 I/SystemControl( 318): 720p50hz
06-04 20:48:36.631 I/SystemControl( 318): 1080i50hz
06-04 20:48:36.631 I/SystemControl( 318): 480i60hz
06-04 20:48:36.631 I/SystemControl( 318): 1080p60hz
06-04 20:48:36.631 I/SystemControl( 318): 1080p50hz
06-04 20:48:36.631 I/SystemControl( 318): 1080p24hz
06-04 20:48:36.631 I/SystemControl( 318): 1080p30hz
06-04 20:48:36.631 I/SystemControl( 318): 2160p24hz
06-04 20:48:36.631 I/SystemControl( 318): 2160p30hz
06-04 20:48:36.631 I/SystemControl( 318): 2160p50hz
06-04 20:48:36.631 I/SystemControl( 318): 2160p60hz
06-04 20:48:36.631 I/SystemControl( 318): smpte24hz
06-04 20:48:36.631 I/SystemControl( 318): smpte30hz
06-04 20:48:36.631 I/SystemControl( 318): smpte50hz
06-04 20:48:36.631 I/SystemControl( 318): smpte60hz
06-04 20:48:36.631 I/SystemControl( 318): 2160p25hz
06-04 20:48:36.631 I/SystemControl( 318): smpte25hz
06-04 20:48:36.631 I/SystemControl( 318): 1080p25hz
06-04 20:48:36.631 I/SystemControl( 318): 1920x1080p120hz
06-04 20:48:36.631 I/SystemControl( 318): 1920x1080p100hz
06-04 20:48:36.631 I/SystemControl( 318):
06-04 20:48:36.631 E/MesonHwc( 296): getCrtc by id(0) failed.
06-04 20:48:36.632 D/MesonDisplayServer( 296): getDisplayAttribute "Dolby Vision CAP2": "The Rx don't support DolbyVision"
06-04 20:48:36.632 E/SystemControl( 318): [/DisplayMode.cpp, getHdmiDvCap, 1618] TV isn't support dolby vision: The Rx don't support DolbyVision
06-04 20:48:36.632 I/SystemControl( 318): [/DisplayMode.cpp, onTxEvent, 3294] onTxEvent boot config enable do nothing, just return
06-04 20:48:36.632 I/SystemControl( 318): [/UEventObserver.cpp, HDMITxUenventThreadLoop, 451] HDMI TX switch_name:hdmitx_audio, switch_state: 0
06-04 20:48:36.632 I/SystemControl( 318): [/DisplayMode.cpp, onTxEvent, 3267] onTxEvent switchName:hdmitx_audio hpdstate:0 state: 1
06-04 20:48:36.632 I/SystemControl( 318): [/SysWrite.cpp, getKernelReleaseVersion, 701] getKernelReleaseVersion: 5.15
06-04 20:48:36.632 I/SystemControl( 318): [/SystemControlHal.cpp, onEvent, 72] onEvent event:4, client size:5
06-04 20:48:36.633 I/SystemControlClient( 499): notifyCallback event type:4
06-04 20:48:36.633 I/SystemControlClient( 499): notifyCallback: listener is NULL.
06-04 20:48:36.634 I/SystemControlClient( 497): notifyCallback event type:4
06-04 20:48:36.634 I/SystemControlClient( 497): notifyCallback: listener is NULL.
06-04 20:48:36.634 I/SystemControlClient( 498): notifyCallback event type:4
06-04 20:48:36.634 I/SystemControlClient( 498): notifyCallback: listener is NULL.
06-04 20:48:36.634 I/SystemControlClient( 245): notifyCallback event type:4
06-04 20:48:36.634 I/SystemControlClient( 245): notifyCallback: listener is NULL.
06-04 20:48:36.635 I/SystemControlEvent( 1030): system control callback event: 4
06-04 20:48:36.635 I/SystemControl( 318): [/UEventObserver.cpp, HDMITxUenventThreadLoop, 451] HDMI TX switch_name:hdmitx_current_status, switch_state: 85
06-04 20:48:36.642 D/HDMI ( 707): receive android.intent.action.SCREEN_OFF
06-04 20:48:36.652 D/InstantWifi( 707): mScreenOn is changed to false
06-04 20:48:36.654 I/WifiHAL ( 524): call wifi_get_link_stats handler
06-04 20:48:36.654 I/WifiHAL ( 524): Creating message to get link statistics; iface = 16
06-04 20:48:36.654 D/WifiHAL ( 524): error code -95 mapped to -3
06-04 20:48:36.655 E/WifiStaIfaceAidlImpl( 707): getLinkLayerStats failed with service-specific exception: android.os.ServiceSpecificException: (code 4)
06-04 20:48:36.656 I/wpa_supplicant( 965): wpa_driver_nl80211_driver_cmd: wifi vendor: aml_w2_s
06-04 20:48:36.656 I/wpa_supplicant( 965): wpa_driver_nl80211_driver_cmd: wlan0: private command: SETSUSPENDMODE 1
06-04 20:48:36.629 I/systemcontrol( 318): type=1400 audit(0.0:1674): avc: denied { call } for scontext=u:r:system_control:s0 tcontext=u:r:hal_power_default:s0 tclass=binder permissive=1
06-04 20:48:36.629 I/systemcontrol( 318): type=1400 audit(0.0:1675): avc: denied { call } for scontext=u:r:system_control:s0 tcontext=u:r:hal_oemlock_default:s0 tclass=binder permissive=1
06-04 20:48:36.629 I/systemcontrol( 318): type=1400 audit(0.0:1676): avc: denied { call } for scontext=u:r:system_control:s0 tcontext=u:r:mediacodec:s0 tclass=binder permissive=1
06-04 20:48:36.681 I/stop ( 8765): type=1400 audit(0.0:1677): avc: denied { write } for name="property_service" dev="tmpfs" ino=411 scontext=u:r:vendor_toolbox:s0 tcontext=u:object_r:property_socket:s0 tclass=sock_file permissive=1
06-04 20:48:36.681 I/stop ( 8765): type=1400 audit(0.0:1678): avc: denied { connectto } for path="/dev/socket/property_service" scontext=u:r:vendor_toolbox:s0 tcontext=u:r:init:s0 tclass=unix_stream_socket permissive=1
06-04 20:48:36.693 I/led_switch.sh( 8766): type=1400 audit(0.0:1679): avc: denied { execute_no_trans } for path="/vendor/bin/rgb_led_ctl" dev="dm-11" ino=334364 scontext=u:r:init:s0 tcontext=u:object_r:vendor_file:s0 tclass=file permissive=1
06-04 20:48:36.703 I/bt_btif_dm( 8611): packages/modules/Bluetooth/system/btif/src/btif_dm.cc:691 btif_update_remote_properties: cod from storage is also unclassified
06-04 20:48:36.720 D/AndroidRuntime( 1430): Shutting down VM --------- beginning of crash
06-04 20:48:36.728 E/AndroidRuntime( 1430): FATAL EXCEPTION: main
06-04 20:48:36.728 E/AndroidRuntime( 1430): Process: com.oranth.ledstatus, PID: 1430
06-04 20:48:36.728 E/AndroidRuntime( 1430): java.lang.RuntimeException: WakeLock under-locked MYTAG
06-04 20:48:36.728 E/AndroidRuntime( 1430): at android.os.PowerManager$WakeLock.release(PowerManager.java:3796)
06-04 20:48:36.728 E/AndroidRuntime( 1430): at android.os.PowerManager$WakeLock.release(PowerManager.java:3757)
06-04 20:48:36.728 E/AndroidRuntime( 1430): at com.oranth.ledstatus.LedStatusService$a.b(LedStatusService.java:276)
06-04 20:48:36.728 E/AndroidRuntime( 1430): at com.oranth.ledstatus.a.run(Unknown Source:2)
06-04 20:48:36.728 E/AndroidRuntime( 1430): at android.os.Handler.handleCallback(Handler.java:958)
06-04 20:48:36.728 E/AndroidRuntime( 1430): at android.os.Handler.dispatchMessage(Handler.java:99)
06-04 20:48:36.728 E/AndroidRuntime( 1430): at android.os.Looper.loopOnce(Looper.java:205)
06-04 20:48:36.728 E/AndroidRuntime( 1430): at android.os.Looper.loop(Looper.java:294)
06-04 20:48:36.728 E/AndroidRuntime( 1430): at android.app.ActivityThread.main(ActivityThread.java:8255)
06-04 20:48:36.728 E/AndroidRuntime( 1430): at java.lang.reflect.Method.invoke(Native Method)
06-04 20:48:36.728 E/AndroidRuntime( 1430): at com.android.internal.os.RuntimeInit$MethodAndArgsCaller.run(RuntimeInit.java:552)
06-04 20:48:36.728 E/AndroidRuntime( 1430): at com.android.internal.os.ZygoteInit.main(ZygoteInit.java:978)
06-04 20:48:36.737 I/DropBoxManagerService( 707): add tag=system_app_crash isTagEnabled=true flags=0x2
06-04 20:48:36.739 I/Process ( 1430): Sending signal. PID: 1430 SIG: 9
06-04 20:48:36.756 I/ActivityManager( 707): Process com.oranth.ledstatus (pid 1430) has died: svc SVC
06-04 20:48:36.757 I/libprocessgroup( 707): Successfully killed process cgroup uid 1000 pid 1430 in 0ms
06-04 20:48:36.757 W/ActivityManager( 707): Scheduling restart of crashed service com.oranth.ledstatus/.LedStatusService in 1000ms for start-requested
06-04 20:48:36.757 I/Zygote ( 462): Process 1430 exited due to signal 9 (Killed)
06-04 20:48:36.827 I/bt_btif_dm( 8611): packages/modules/Bluetooth/system/btif/src/btif_dm.cc:691 btif_update_remote_properties: cod from storage is also unclassified
06-04 20:48:37.100 D/AudioService( 707): Volume controller visible: false
06-04 20:48:37.110 I/bt_btif_dm( 8611): packages/modules/Bluetooth/system/btif/src/btif_dm.cc:691 btif_update_remote_properties: cod from storage is also unclassified
06-04 20:48:37.584 D/MesonDisplay( 296): read /sys/class/amhdmitx/amhdmitx0/hdcp_lstore, result length:0, val:
06-04 20:48:37.676 D/hdmicecd( 501): [CEC]:printCecMsgBuf, msg: 04 83
06-04 20:48:37.677 D/HDMI ( 707): [R]: 04:83
06-04 20:48:37.678 D/hdmicecd( 501): [HdmiCecControl]:getPhysicalAddress, physical addr: 3000, last pa: 3000, ret = 0
06-04 20:48:37.678 D/HDMI ( 707): addCecDevice new:CEC: logical_address: 0x00 device_type: 0 cec_version: 5 vendor_id: 16777215 display_name: TV power_status: -1 physical_address: 0xFFFF port_id: -1 old:null
06-04 20:48:37.679 D/HdmiControlService( 707): Switching to full volume behavior
06-04 20:48:37.680 D/hdmicecd( 501): [HdmiCecControl]:getPhysicalAddress, physical addr: 3000, last pa: 3000, ret = 0
06-04 20:48:37.681 D/HDMI ( 707): [S]: 4F:84:30:00:04
06-04 20:48:37.759 I/ActivityManager( 707): com.oranth.ledstatus is exempt from freezer
06-04 20:48:37.760 D/CompatibilityChangeReporter( 707): Compat change id reported: 135634846; UID 1000; state: DISABLED
06-04 20:48:37.779 D/Zygote ( 462): Forked child process 8773
06-04 20:48:37.780 I/ActivityManager( 707): Start proc 8773:com.oranth.ledstatus/1000 for service {com.oranth.ledstatus/com.oranth.ledstatus.LedStatusService}
06-04 20:48:37.787 I/Zygote ( 8773): seccomp disabled by setenforce 0
06-04 20:48:37.796 I/ranth.ledstatus( 8773): Late-enabling -Xcheck:jni
06-04 20:48:37.827 I/ranth.ledstatus( 8773): Using CollectorTypeCC GC.
06-04 20:48:37.834 D/hdmicecd( 501): [CEC]:printCecMessage, [4 -> f] len: 4, body: 84 30 00 04, result:success
06-04 20:48:37.834 E/IPCThreadState( 501): binder thread pool (1 threads) starved for 153 ms
06-04 20:48:37.834 I/adbd ( 1306): jdwp connection from 8773
06-04 20:48:37.884 D/CompatibilityChangeReporter( 707): Compat change id reported: 168419799; UID 1000; state: DISABLED
06-04 20:48:37.884 D/CompatibilityChangeReporter( 707): Compat change id reported: 273564678; UID 1000; state: DISABLED
06-04 20:48:37.897 D/CompatibilityChangeReporter( 8773): Compat change id reported: 171979766; UID 1000; state: DISABLED
06-04 20:48:37.897 D/CompatibilityChangeReporter( 8773): Compat change id reported: 242716250; UID 1000; state: DISABLED
06-04 20:48:37.917 D/ApplicationLoaders( 8773): Returning zygote-cached class loader: /system/framework/android.test.base.jar
06-04 20:48:37.917 D/ApplicationLoaders( 8773): Returning zygote-cached class loader: /system/framework/android.hidl.manager-V1.0-java.jar
06-04 20:48:37.917 D/ApplicationLoaders( 8773): Returning zygote-cached class loader: /system/framework/android.hidl.base-V1.0-java.jar
06-04 20:48:37.925 D/nativeloader( 8773): Configuring clns-shared-4 for other apk /system/framework/org.apache.http.legacy.jar. target_sdk_version=1, uses_libraries=ALL, library_path=/system/app/LedCtrl/lib/arm:/system/fake-libs:/system/app/LedCtrl/LedCtrl.apk!/lib/armeabi-v7a:/system/lib:/system_ext/lib, permitted_path=/data:/mnt/expand:/data/user/0/com.oranth.ledstatus:/system/app/LedCtrl:/system/lib:/system_ext/lib
06-04 20:48:37.931 W/ranth.ledstatus( 8773): ClassLoaderContext shared library size mismatch. Expected=0, found=4 (PCL[] | PCL[]{PCL[/system/framework/android.test.base.jar*1004523826]#PCL[/system/framework/android.hidl.manager-V1.0-java.jar*1860506820]#PCL[/system/framework/android.hidl.base-V1.0-java.jar*741655320]#PCL[/system/framework/org.apache.http.legacy.jar*2889266191]})
06-04 20:48:37.936 D/nativeloader( 8773): Configuring clns-shared-5 for other apk /system/app/LedCtrl/LedCtrl.apk. target_sdk_version=1, uses_libraries=, library_path=/system/app/LedCtrl/lib/arm:/system/fake-libs:/system/app/LedCtrl/LedCtrl.apk!/lib/armeabi-v7a:/system/lib:/system_ext/lib, permitted_path=/data:/mnt/expand:/data/user/0/com.oranth.ledstatus:/system/app/LedCtrl:/system/lib:/system_ext/lib
06-04 20:48:37.957 V/GraphicsEnvironment( 8773): Currently set values for:
06-04 20:48:37.957 V/GraphicsEnvironment( 8773): angle_gl_driver_selection_pkgs=[]
06-04 20:48:37.958 V/GraphicsEnvironment( 8773): angle_gl_driver_selection_values=[]
06-04 20:48:37.958 V/GraphicsEnvironment( 8773): ANGLE GameManagerService for com.oranth.ledstatus: false
06-04 20:48:37.958 V/GraphicsEnvironment( 8773): com.oranth.ledstatus is not listed in per-application setting
06-04 20:48:37.959 V/GraphicsEnvironment( 8773): Neither updatable production driver nor prerelease driver is supported.
06-04 20:48:37.983 D/aaa ( 8773): onCreate()
06-04 20:48:37.999 D/aaa ( 8773): LedStatusService onStartCommand begin
06-04 20:48:38.002 D/aaa ( 8773): action:android.net.conn.CONNECTIVITY_CHANGE
06-04 20:48:38.003 D/aaa ( 8773): topPkg is -------------- :com.dangbei.haqusetting
06-04 20:48:38.124 I/keystore2( 285): system/security/keystore2/src/watchdog.rs:319 - Watchdog thread idle -> terminating. Have a great day.
06-04 20:48:38.176 D/hdmicecd( 501): [CEC]:printCecMsgBuf, msg: 04 46
06-04 20:48:38.176 D/hdmicecd( 501): [CMsgQueue]:sendmsg now = 2363188 msg[0] when = 2364188
06-04 20:48:38.173 I/xm_hidread( 1910): type=1400 audit(0.0:1680): avc: denied { read } for scontext=u:r:init:s0 tcontext=u:r:init:s0 tclass=netlink_kobject_uevent_socket permissive=1
06-04 20:48:38.179 D/HDMI ( 707): [R]: 04:46
06-04 20:48:38.180 D/HDMI ( 707): [S]: 40:47:44:42:42:4F:58:2D:41:33
06-04 20:48:38.181 D/hdmicecd( 501): [CMsgQueue]:msg size is 0, break
06-04 20:48:38.373 D/WifiNl80211Manager( 707): Scan result ready event
06-04 20:48:38.373 D/WifiNative( 707): Scan result ready event
06-04 20:48:38.431 E/hq ( 1414): NetWorkStateReceiver:::NetWorkStateReceiver onReceive: 网络变化广播 >>>> intent.action=android.net.wifi.SCAN_RESULTS
06-04 20:48:38.434 E/ccc ( 4242): cccccc SCAN_RESULTS_AVAILABLE_ACTION hhhh
06-04 20:48:38.441 I/WifiHAL ( 524): call wifi_get_link_stats handler
06-04 20:48:38.441 I/WifiHAL ( 524): Creating message to get link statistics; iface = 16
06-04 20:48:38.442 D/WifiHAL ( 524): error code -95 mapped to -3
06-04 20:48:38.442 E/WifiStaIfaceAidlImpl( 707): getLinkLayerStats failed with service-specific exception: android.os.ServiceSpecificException: (code 4)
06-04 20:48:38.455 W/eventbuscore( 1414): post Event:com.dangbei.leard.base.entity.event.NetWifiRssiEvent
06-04 20:48:38.462 D/hdmicecd( 501): [CEC]:printCecMessage, [4 -> 0] len: 9, body: 47 44 42 42 4f 58 2d 41 33, result:success
06-04 20:48:38.462 E/IPCThreadState( 501): binder thread pool (1 threads) starved for 282 ms
06-04 20:48:38.468 E/ccc ( 4242): cccccc result is not empty call back
06-04 20:48:38.468 E/ccc ( 4242): cccccc 666666666666666
06-04 20:48:38.491 E/ccc ( 4242): cccccc sort 4 53
06-04 20:48:38.495 D/EventBus( 4242): No subscribers registered for event class com.dangbei.haqusetting.model.bean.event.net.WifiEvent
06-04 20:48:38.495 D/EventBus( 4242): No subscribers registered for event class org.greenrobot.eventbus.NoSubscriberEvent
06-04 20:48:38.510 D/aaa ( 8773): WiFi is connect
06-04 20:48:38.518 D/aaa ( 8773): WiFi is connect
06-04 20:48:38.505 I/ranth.ledstatus( 8773): type=1400 audit(0.0:1681): avc: denied { open } for path="/dev/__properties__/u:object_r:vendor_default_prop:s0" dev="tmpfs" ino=377 scontext=u:r:system_app:s0 tcontext=u:object_r:vendor_default_prop:s0 tclass=file permissive=1
06-04 20:48:38.509 I/ranth.ledstatus( 8773): type=1400 audit(0.0:1682): avc: denied { getattr } for path="/dev/__properties__/u:object_r:vendor_default_prop:s0" dev="tmpfs" ino=377 scontext=u:r:system_app:s0 tcontext=u:object_r:vendor_default_prop:s0 tclass=file permissive=1
06-04 20:48:38.509 I/ranth.ledstatus( 8773): type=1400 audit(0.0:1683): avc: denied { map } for path="/dev/__properties__/u:object_r:vendor_default_prop:s0" dev="tmpfs" ino=377 scontext=u:r:system_app:s0 tcontext=u:object_r:vendor_default_prop:s0 tclass=file permissive=1
06-04 20:48:38.545 I/led_switch.sh( 8794): type=1400 audit(0.0:1684): avc: denied { write } for name="led_swith.txt" dev="dm-50" ino=349 scontext=u:r:init:s0 tcontext=u:object_r:shell_data_file:s0 tclass=file permissive=1 bug=b/77873135
06-04 20:48:38.582 I/ndroid.systemui( 912): Background concurrent copying GC freed 106162(4197KB) AllocSpace objects, 0(0B) LOS objects, 49% free, 4627KB/9255KB, paused 153us,53us total 116.416ms
06-04 20:48:38.583 W/System ( 912): A resource failed to call release.
06-04 20:48:38.583 W/System ( 912): A resource failed to call release.
06-04 20:48:38.583 W/System ( 912): A resource failed to call release.
06-04 20:48:38.583 W/System ( 912): A resource failed to call release.
06-04 20:48:38.583 W/System ( 912): A resource failed to call release.
06-04 20:48:38.583 W/System ( 912): A resource failed to call release.
06-04 20:48:38.584 W/System ( 912): A resource failed to call release.
06-04 20:48:38.584 D/MesonDisplay( 296): read /sys/class/amhdmitx/amhdmitx0/hdcp_lstore, result length:0, val:
06-04 20:48:38.659 D/AvrcpBrowsablePlayerConnector( 8611): Received a message: msg.what=2
06-04 20:48:38.659 V/AvrcpBrowsablePlayerConnector( 8611): Timed out waiting for players
06-04 20:48:38.659 I/AvrcpBrowsablePlayerConnector( 8611): Successfully connected to 0 browsable players.
06-04 20:48:38.659 I/MediaPlayerList( 8611): init: Browsable Player list size is 0
06-04 20:48:38.811 D/hdmicecd( 501): [CEC]:printCecMsgBuf, msg: 04 8c
06-04 20:48:38.812 D/HDMI ( 707): [R]: 04:8C
06-04 20:48:38.813 D/hdmicecd( 501): [HdmiCecControl]:getVendorId, vendorId: 0x1CA410
06-04 20:48:38.813 D/HDMI ( 707): [S]: 4F:87:1C:A4:10
06-04 20:48:38.966 D/hdmicecd( 501): [CEC]:printCecMessage, [4 -> f] len: 4, body: 87 1c a4 10, result:success
06-04 20:48:38.966 E/IPCThreadState( 501): binder thread pool (1 threads) starved for 152 ms
06-04 20:48:38.967 D/ActivityManager( 707): freezing 8682 com.android.music
06-04 20:48:39.221 I/cling--ap-139( 2892): type=1400 audit(0.0:1686): avc: denied { search } for name="net" dev="sysfs" ino=12344 scontext=u:r:untrusted_app_27:s0:c43,c256,c512,c768 tcontext=u:object_r:sysfs_net:s0 tclass=dir permissive=1 app=com.dangbei.screencast
06-04 20:48:39.221 I/cling--ap-139( 2892): type=1400 audit(0.0:1687): avc: denied { read } for name="address" dev="sysfs" ino=22126 scontext=u:r:untrusted_app_27:s0:c43,c256,c512,c768 tcontext=u:object_r:sysfs_net:s0 tclass=file permissive=1 app=com.dangbei.screencast
06-04 20:48:39.221 I/cling--ap-139( 2892): type=1400 audit(0.0:1688): avc: denied { open } for path="/sys/devices/virtual/net/dummy0/address" dev="sysfs" ino=22126 scontext=u:r:untrusted_app_27:s0:c43,c256,c512,c768 tcontext=u:object_r:sysfs_net:s0 tclass=file permissive=1 app=com.dangbei.screencast
06-04 20:48:39.221 I/cling--ap-139( 2892): type=1400 audit(0.0:1689): avc: denied { getattr } for path="/sys/devices/virtual/net/dummy0/address" dev="sysfs" ino=22126 scontext=u:r:untrusted_app_27:s0:c43,c256,c512,c768 tcontext=u:object_r:sysfs_net:s0 tclass=file permissive=1 app=com.dangbei.screencast
06-04 20:48:39.284 D/hdmicecd( 501): [CEC]:printCecMsgBuf, msg: 04 8f
06-04 20:48:39.285 D/HDMI ( 707): [R]: 04:8F
06-04 20:48:39.285 D/HDMI ( 707): [S]: 40:90:01
06-04 20:48:39.389 D/hdmicecd( 501): [CEC]:printCecMessage, [4 -> 0] len: 2, body: 90 01, result:success
06-04 20:48:39.389 E/IPCThreadState( 501): binder thread pool (1 threads) starved for 103 ms
06-04 20:48:39.551 I/bt_btif_dm( 8611): packages/modules/Bluetooth/system/btif/src/btif_dm.cc:691 btif_update_remote_properties: cod from storage is also unclassified
06-04 20:48:39.584 D/MesonDisplay( 296): read /sys/class/amhdmitx/amhdmitx0/hdcp_lstore, result length:0, val:
06-04 20:48:39.671 D/hdmicecd( 501): [CEC]:printCecMsgBuf, msg: 04 8f
06-04 20:48:39.673 D/HDMI ( 707): [R]: 04:8F
06-04 20:48:39.674 D/HDMI ( 707): [S]: 40:90:01
06-04 20:48:39.777 D/hdmicecd( 501): [CEC]:printCecMessage, [4 -> 0] len: 2, body: 90 01, result:success
06-04 20:48:39.777 E/IPCThreadState( 501): binder thread pool (1 threads) starved for 103 ms
06-04 20:48:39.875 D/WanClient( 1349): sendHeartMessage
06-04 20:48:39.877 D/WanClient( 1349): -----final------sendMessage: {"type":"2bKPMh2jwmQ="}
06-04 20:48:39.901 D/WanClient( 1349): onMessage:Thread[WebSocketConnectReadThread-71,5,main]--{"msg":"+MSejyjwlbc="}
06-04 20:48:39.903 D/WanClient( 1349): onMessageReceived:Thread[WebSocketConnectReadThread-71,5,main] {"msg":"+MSejyjwlbc="}
06-04 20:48:39.903 D/WanClient( 1349): type: null
06-04 20:48:39.903 D/WanClient( 1349): send:HB7FxtN64oc=
06-04 20:48:39.903 D/WanClient( 1349): leave:uQ3qCmhm4oA=
06-04 20:48:39.903 D/WanClient( 1349): join:7EsoetslBbs=
06-04 20:48:39.903 D/WanClient( 1349): ITtylgY8LAxdmHmRQSo49Q==
06-04 20:48:40.002 D/aaa ( 8773): WiFi is connect
06-04 20:48:40.006 D/aaa ( 8773): WiFi is connect
06-04 20:48:40.585 D/MesonDisplay( 296): read /sys/class/amhdmitx/amhdmitx0/hdcp_lstore, result length:0, val:
06-04 20:48:40.585 D/MesonDisplay( 296): read /sys/class/amhdmitx/amhdmitx0/hdcp_lstore, result length:0, val:
06-04 20:48:40.585 I/MesonDisplay( 296): [/HDCPTxAuth.cpp, authInit, 223] hdcp_tx key:
06-04 20:48:41.127 E/ccc ( 1349): cccccc sendCycleCheckBroadcast
06-04 20:48:41.127 W/ContextImpl( 1349): Calling a method in the system process without a qualified user: android.app.ContextImpl.sendBroadcast:1220 android.content.ContextWrapper.sendBroadcast:504 com.dangbei.etna.setting.core.SettingHelper.sendCycleToProjector:257 com.dangbei.etna.setting.core.SettingHelper.sendCycleCheckBroadcast:226 com.dangbei.etna.setting.core.SettingHelper.startLoop$lambda-0:185
06-04 20:48:41.129 W/ContextImpl( 1349): Calling a method in the system process without a qualified user: android.app.ContextImpl.sendBroadcast:1220 android.content.ContextWrapper.sendBroadcast:504 com.dangbei.etna.setting.core.SettingHelper.sendCycleToVoice:242 com.dangbei.etna.setting.core.SettingHelper.sendCycleCheckBroadcast:227 com.dangbei.etna.setting.core.SettingHelper.startLoop$lambda-0:185
06-04 20:48:41.132 D/RockyVoice( 1642): RestartReceiver onReceive
06-04 20:48:41.323 D/UtilLog ( 2071): 日志批量上报 进行正常循环 !!!!!!本次有0次请求,共0条数据
06-04 20:48:41.876 D/hdmicecd( 501): [CEC]:printCecMsgBuf, msg: 04 83
06-04 20:48:41.877 D/HDMI ( 707): [R]: 04:83
06-04 20:48:41.878 D/hdmicecd( 501): [HdmiCecControl]:getPhysicalAddress, physical addr: 3000, last pa: 3000, ret = 0
06-04 20:48:41.879 D/HDMI ( 707): [S]: 4F:84:30:00:04
06-04 20:48:42.034 D/hdmicecd( 501): [CEC]:printCecMessage, [4 -> f] len: 4, body: 84 30 00 04, result:success
06-04 20:48:42.034 E/IPCThreadState( 501): binder thread pool (1 threads) starved for 155 ms
06-04 20:48:42.265 D/hdmicecd( 501): [CEC]:printCecMsgBuf, msg: 04 46
06-04 20:48:42.265 D/hdmicecd( 501): [CMsgQueue]:sendmsg now = 2367278 msg[0] when = 2368278
06-04 20:48:42.266 D/HDMI ( 707): [R]: 04:46
06-04 20:48:42.267 D/HDMI ( 707): [S]: 40:47:44:42:42:4F:58:2D:41:33
06-04 20:48:42.268 D/hdmicecd( 501): [CMsgQueue]:msg size is 0, break
06-04 20:48:42.548 D/hdmicecd( 501): [CEC]:printCecMessage, [4 -> 0] len: 9, body: 47 44 42 42 4f 58 2d 41 33, result:success
06-04 20:48:42.548 E/IPCThreadState( 501): binder thread pool (1 threads) starved for 281 ms
06-04 20:48:42.642 D/hdmicecd( 501): [CEC]:printCecMsgBuf, msg: 04 83
06-04 20:48:42.644 D/HDMI ( 707): [R]: 04:83
06-04 20:48:42.644 D/hdmicecd( 501): [HdmiCecControl]:getPhysicalAddress, physical addr: 3000, last pa: 3000, ret = 0
06-04 20:48:42.645 D/HDMI ( 707): [S]: 4F:84:30:00:04
