06-04 20:47:39.673 I/bt_btif_dm( 1011): packages/modules/Bluetooth/system/btif/src/btif_dm.cc:2470 btif_dm_cancel_discovery: Cancel search
06-04 20:47:39.673 I/bluetooth( 1011): packages/modules/Bluetooth/system/bta/dm/bta_dm_main.cc:96 bta_dm_search_sm_execute: state:BTA_DM_SEARCH_IDLE, event:BTA_DM_API_SEARCH_CANCEL_EVT[0x201]
06-04 20:47:39.687 I/audio_hw_hal_primary( 491): [audiohal_get_latency:1333] io 13: out:0xe6245d80 frames:1280 rate:48000 whole_latency:26 alsa_latency:26
06-04 20:47:39.687 I/audio_hw_hal_primary( 491): [audiohal_get_latency:1333] io 13: out:0xe6245d80 frames:1280 rate:48000 whole_latency:26 alsa_latency:26
06-04 20:47:39.709 I/audio_hw_hal_primary( 491): [audiohal_get_latency:1333] io 13: out:0xe6245d80 frames:1024 rate:48000 whole_latency:21 alsa_latency:21
06-04 20:47:39.709 I/audio_hw_hal_primary( 491): [audiohal_get_latency:1333] io 13: out:0xe6245d80 frames:1280 rate:48000 whole_latency:26 alsa_latency:26
06-04 20:47:39.730 I/audio_hw_hal_primary( 491): [audiohal_get_latency:1333] io 13: out:0xe6245d80 frames:1024 rate:48000 whole_latency:21 alsa_latency:21
06-04 20:47:39.730 I/audio_hw_hal_primary( 491): [audiohal_get_latency:1333] io 13: out:0xe6245d80 frames:1024 rate:48000 whole_latency:21 alsa_latency:21
06-04 20:47:39.738 D/hdmicecd( 501): [CEC]:printCecMsgBuf, msg: 04 83
06-04 20:47:39.744 D/HDMI ( 707): [R]: 04:83
06-04 20:47:39.745 D/hdmicecd( 501): [HdmiCecControl]:getPhysicalAddress, physical addr: 3000, last pa: 3000, ret = 0
06-04 20:47:39.745 D/HDMI ( 707): [S]: 4F:84:30:00:04
06-04 20:47:39.753 I/audio_hw_hal_primary( 491): [audiohal_get_latency:1333] io 13: out:0xe6245d80 frames:1152 rate:48000 whole_latency:24 alsa_latency:24
06-04 20:47:39.754 I/audio_hw_hal_primary( 491): [audiohal_get_latency:1333] io 13: out:0xe6245d80 frames:1152 rate:48000 whole_latency:24 alsa_latency:24
06-04 20:47:39.772 I/audio_hw_hal_primary( 491): [audiohal_get_latency:1333] io 13: out:0xe6245d80 frames:1024 rate:48000 whole_latency:21 alsa_latency:21
06-04 20:47:39.772 I/audio_hw_hal_primary( 491): [audiohal_get_latency:1333] io 13: out:0xe6245d80 frames:1024 rate:48000 whole_latency:21 alsa_latency:21
06-04 20:47:39.794 I/audio_hw_hal_primary( 491): [audiohal_get_latency:1333] io 13: out:0xe6245d80 frames:1280 rate:48000 whole_latency:26 alsa_latency:26
06-04 20:47:39.794 I/audio_hw_hal_primary( 491): [audiohal_get_latency:1333] io 13: out:0xe6245d80 frames:1280 rate:48000 whole_latency:26 alsa_latency:26
06-04 20:47:39.794 D/audioserver( 542): logFgsApiEnd: FGS Logger Transaction failed, -129
06-04 20:47:39.795 I/audio_hw_hal_primary( 491): out_update_source_metadata_v7() line 2013 usage:13 content_type:4
06-04 20:47:39.815 I/audio_hw_hal_primary( 491): [audiohal_get_latency:1333] io 13: out:0xe6245d80 frames:1024 rate:48000 whole_latency:21 alsa_latency:21
06-04 20:47:39.837 I/audio_hw_hal_primary( 491): [audiohal_get_latency:1333] io 13: out:0xe6245d80 frames:1280 rate:48000 whole_latency:26 alsa_latency:26
06-04 20:47:39.838 D/audioserver( 542): logFgsApiEnd: FGS Logger Transaction failed, -129
06-04 20:47:39.898 D/hdmicecd( 501): [CEC]:printCecMessage, [4 -> f] len: 4, body: 84 30 00 04, result:success
06-04 20:47:39.898 E/IPCThreadState( 501): binder thread pool (1 threads) starved for 154 ms
06-04 20:47:40.017 D/hdmicecd( 501): [CEC]:printCecMsgBuf, msg: 04 83
06-04 20:47:40.020 D/HDMI ( 707): [R]: 04:83
06-04 20:47:40.021 D/hdmicecd( 501): [HdmiCecControl]:getPhysicalAddress, physical addr: 3000, last pa: 3000, ret = 0
06-04 20:47:40.023 D/HDMI ( 707): [S]: 4F:84:30:00:04
06-04 20:47:40.178 D/hdmicecd( 501): [CEC]:printCecMessage, [4 -> f] len: 4, body: 84 30 00 04, result:success
06-04 20:47:40.179 E/IPCThreadState( 501): binder thread pool (1 threads) starved for 156 ms
06-04 20:47:40.309 I/WifiHAL ( 524): call wifi_get_link_stats handler
06-04 20:47:40.310 I/WifiHAL ( 524): Creating message to get link statistics; iface = 16
06-04 20:47:40.310 D/WifiHAL ( 524): error code -95 mapped to -3
06-04 20:47:40.310 E/WifiStaIfaceAidlImpl( 707): getLinkLayerStats failed with service-specific exception: android.os.ServiceSpecificException: (code 4)
06-04 20:47:40.317 D/hdmicecd( 501): [CEC]:printCecMsgBuf, msg: 04 44 02
06-04 20:47:40.318 D/HDMI ( 707): [R]: 04:44
06-04 20:47:40.336 I/audio_hw_hal_primary( 491): [register_audio_patch:8215] Patch 9:id:9 mix(io:13)->dev_0[OUT_HDMI(id:77)] found, register the same patch, do nothing.
06-04 20:47:40.336 I/audio_hw_hal_primary( 491): [adev_create_audio_patch:8316] Patch 9: MIX->DEVICE, num_src:1 num_sink:1 patch_src:INVAL
06-04 20:47:40.336 I/audio_hw_hal_primary( 491): [adev_create_audio_patch:8320] sink[0]: OUT_HDMI(id:77)
06-04 20:47:40.336 I/audio_hw_hal_primary( 491): [adev_create_audio_patch:8377] Patch 9: mix(io:13) -> dev[OUT_HDMI(id:77)]
06-04 20:47:40.336 I/audio_hw_hal_primary( 491): [adev_create_audio_patch:8445] dev=0xe71c0010 cur_out_device=0x400
06-04 20:47:40.341 W/IPCThreadState( 542): Sending oneway calls to frozen process.
06-04 20:47:40.345 D/audioserver( 542): logFgsApiBegin: FGS Logger Transaction failed, -129
06-04 20:47:40.345 D/UEventObserver( 1030): change@/devices/platform/auge_sound/sound/card0/controlC0ACTION=changeDEVPATH=/devices/platform/auge_sound/sound/card0/controlC0SUBSYSTEM=soundAUDIO_FORMAT=0MAJOR=116MINOR=13DEVNAME=snd/controlC0SEQNUM=3919
06-04 20:47:40.349 I/SogouIME( 1396): onKeyDown: keyoCode=20
06-04 20:47:40.349 I/DefaultIMS( 1396): onKeyDown: keyoCode=20
06-04 20:47:40.370 I/audio_hw_hal_primary( 491): out_update_source_metadata_v7() line 2013 usage:1 content_type:2
06-04 20:47:40.375 I/gbei.screencast( 2892): Background concurrent copying GC freed 75627(5162KB) AllocSpace objects, 4(80KB) LOS objects, 49% free, 5186KB/10MB, paused 145us,61us total 102.297ms
06-04 20:47:40.412 I/audio_hw_hal_primary( 491): [register_audio_patch:8215] Patch 9:id:9 mix(io:13)->dev_0[OUT_HDMI(id:77)] found, register the same patch, do nothing.
06-04 20:47:40.413 I/audio_hw_hal_primary( 491): [adev_create_audio_patch:8316] Patch 9: MIX->DEVICE, num_src:1 num_sink:1 patch_src:INVAL
06-04 20:47:40.413 I/audio_hw_hal_primary( 491): [adev_create_audio_patch:8320] sink[0]: OUT_HDMI(id:77)
06-04 20:47:40.413 I/audio_hw_hal_primary( 491): [adev_create_audio_patch:8377] Patch 9: mix(io:13) -> dev[OUT_HDMI(id:77)]
06-04 20:47:40.413 I/audio_hw_hal_primary( 491): [adev_create_audio_patch:8445] dev=0xe71c0010 cur_out_device=0x400
06-04 20:47:40.413 D/UEventObserver( 1030): change@/devices/platform/auge_sound/sound/card0/controlC0ACTION=changeDEVPATH=/devices/platform/auge_sound/sound/card0/controlC0SUBSYSTEM=soundAUDIO_FORMAT=0MAJOR=116MINOR=13DEVNAME=snd/controlC0SEQNUM=3920
06-04 20:47:40.413 D/audioserver( 542): logFgsApiEnd: FGS Logger Transaction failed, -129
06-04 20:47:40.413 D/audioserver( 542): logFgsApiBegin: FGS Logger Transaction failed, -129
06-04 20:47:40.415 I/audio_hw_hal_primary( 491): out_update_source_metadata_v7() line 2013 usage:1 content_type:2
06-04 20:47:40.416 W/IPCThreadState( 542): Sending oneway calls to frozen process.
06-04 20:47:40.418 D/audioserver( 542): logFgsApiBegin: FGS Logger Transaction failed, -129
06-04 20:47:40.420 D/hdmicecd( 501): [CEC]:printCecMsgBuf, msg: 04 46
06-04 20:47:40.420 D/hdmicecd( 501): [CMsgQueue]:sendmsg now = 2327176 msg[0] when = 2328176
06-04 20:47:40.421 D/HDMI ( 707): [R]: 04:46
06-04 20:47:40.422 D/HDMI ( 707): [S]: 40:47:44:42:42:4F:58:2D:41:33
06-04 20:47:40.423 D/hdmicecd( 501): [CMsgQueue]:msg size is 0, break
06-04 20:47:40.455 I/audio_hw_hal_primary( 491): out_update_source_metadata_v7() line 2013 usage:13 content_type:4
06-04 20:47:40.541 I/audio_hw_hal_primary( 491): [audiohal_get_latency:1333] io 13: out:0xe6245d80 frames:1280 rate:48000 whole_latency:26 alsa_latency:26
06-04 20:47:40.583 I/audio_hw_hal_primary( 491): [audiohal_get_latency:1333] io 13: out:0xe6245d80 frames:1280 rate:48000 whole_latency:26 alsa_latency:26
06-04 20:47:40.583 I/audio_hw_hal_primary( 491): [audiohal_get_latency:1333] io 13: out:0xe6245d80 frames:1280 rate:48000 whole_latency:26 alsa_latency:26
06-04 20:47:40.605 I/audio_hw_hal_primary( 491): [audiohal_get_latency:1333] io 13: out:0xe6245d80 frames:1280 rate:48000 whole_latency:26 alsa_latency:26
06-04 20:47:40.605 I/audio_hw_hal_primary( 491): [audiohal_get_latency:1333] io 13: out:0xe6245d80 frames:1280 rate:48000 whole_latency:26 alsa_latency:26
06-04 20:47:40.626 I/audio_hw_hal_primary( 491): [audiohal_get_latency:1333] io 13: out:0xe6245d80 frames:1280 rate:48000 whole_latency:26 alsa_latency:26
06-04 20:47:40.626 I/audio_hw_hal_primary( 491): [audiohal_get_latency:1333] io 13: out:0xe6245d80 frames:1280 rate:48000 whole_latency:26 alsa_latency:26
06-04 20:47:40.647 I/audio_hw_hal_primary( 491): [audiohal_get_latency:1333] io 13: out:0xe6245d80 frames:1024 rate:48000 whole_latency:21 alsa_latency:21
06-04 20:47:40.648 I/audio_hw_hal_primary( 491): [audiohal_get_latency:1333] io 13: out:0xe6245d80 frames:1024 rate:48000 whole_latency:21 alsa_latency:21
06-04 20:47:40.669 I/audio_hw_hal_primary( 491): [audiohal_get_latency:1333] io 13: out:0xe6245d80 frames:1024 rate:48000 whole_latency:21 alsa_latency:21
06-04 20:47:40.669 I/audio_hw_hal_primary( 491): [audiohal_get_latency:1333] io 13: out:0xe6245d80 frames:1280 rate:48000 whole_latency:26 alsa_latency:26
06-04 20:47:40.691 I/audio_hw_hal_primary( 491): [audiohal_get_latency:1333] io 13: out:0xe6245d80 frames:1280 rate:48000 whole_latency:26 alsa_latency:26
06-04 20:47:40.691 I/audio_hw_hal_primary( 491): [audiohal_get_latency:1333] io 13: out:0xe6245d80 frames:1280 rate:48000 whole_latency:26 alsa_latency:26
06-04 20:47:40.691 D/audioserver( 542): logFgsApiEnd: FGS Logger Transaction failed, -129
06-04 20:47:40.692 I/audio_hw_hal_primary( 491): out_update_source_metadata_v7() line 2013 usage:13 content_type:4
06-04 20:47:40.696 D/hdmicecd( 501): [CEC]:printCecMessage, [4 -> 0] len: 9, body: 47 44 42 42 4f 58 2d 41 33, result:success
06-04 20:47:40.697 E/IPCThreadState( 501): binder thread pool (1 threads) starved for 274 ms
06-04 20:47:40.711 I/audio_hw_hal_primary( 491): [audiohal_get_latency:1333] io 13: out:0xe6245d80 frames:1280 rate:48000 whole_latency:26 alsa_latency:26
06-04 20:47:40.733 I/audio_hw_hal_primary( 491): [audiohal_get_latency:1333] io 13: out:0xe6245d80 frames:1024 rate:48000 whole_latency:21 alsa_latency:21
06-04 20:47:40.734 D/audioserver( 542): logFgsApiEnd: FGS Logger Transaction failed, -129
06-04 20:47:40.781 D/hdmicecd( 501): [CEC]:printCecMsgBuf, msg: 04 45
06-04 20:47:40.782 D/HDMI ( 707): [R]: 04:45
06-04 20:47:40.786 I/SogouIME( 1396): onKeyUp: keyoCode=20
06-04 20:47:40.786 I/DefaultIMS( 1396): onKeyUp: keyoCode=20
06-04 20:47:40.907 D/hdmicecd( 501): [CEC]:printCecMsgBuf, msg: 04 44 02
06-04 20:47:40.907 D/HDMI ( 707): [R]: 04:44
06-04 20:47:40.924 I/audio_hw_hal_primary( 491): [register_audio_patch:8215] Patch 9:id:9 mix(io:13)->dev_0[OUT_HDMI(id:77)] found, register the same patch, do nothing.
06-04 20:47:40.924 I/audio_hw_hal_primary( 491): [adev_create_audio_patch:8316] Patch 9: MIX->DEVICE, num_src:1 num_sink:1 patch_src:INVAL
06-04 20:47:40.924 I/audio_hw_hal_primary( 491): [adev_create_audio_patch:8320] sink[0]: OUT_HDMI(id:77)
06-04 20:47:40.924 I/audio_hw_hal_primary( 491): [adev_create_audio_patch:8377] Patch 9: mix(io:13) -> dev[OUT_HDMI(id:77)]
06-04 20:47:40.925 I/audio_hw_hal_primary( 491): [adev_create_audio_patch:8445] dev=0xe71c0010 cur_out_device=0x400
06-04 20:47:40.925 D/UEventObserver( 1030): change@/devices/platform/auge_sound/sound/card0/controlC0ACTION=changeDEVPATH=/devices/platform/auge_sound/sound/card0/controlC0SUBSYSTEM=soundAUDIO_FORMAT=0MAJOR=116MINOR=13DEVNAME=snd/controlC0SEQNUM=3927
06-04 20:47:40.931 W/IPCThreadState( 542): Sending oneway calls to frozen process.
06-04 20:47:40.934 D/audioserver( 542): logFgsApiBegin: FGS Logger Transaction failed, -129
06-04 20:47:40.937 I/audio_hw_hal_primary( 491): out_update_source_metadata_v7() line 2013 usage:1 content_type:2
06-04 20:47:40.938 I/SogouIME( 1396): onKeyDown: keyoCode=20
06-04 20:47:40.938 I/DefaultIMS( 1396): onKeyDown: keyoCode=20
06-04 20:47:40.967 I/audio_hw_hal_primary( 491): [register_audio_patch:8215] Patch 9:id:9 mix(io:13)->dev_0[OUT_HDMI(id:77)] found, register the same patch, do nothing.
06-04 20:47:40.967 I/audio_hw_hal_primary( 491): [adev_create_audio_patch:8316] Patch 9: MIX->DEVICE, num_src:1 num_sink:1 patch_src:INVAL
06-04 20:47:40.967 I/audio_hw_hal_primary( 491): [adev_create_audio_patch:8320] sink[0]: OUT_HDMI(id:77)
06-04 20:47:40.967 I/audio_hw_hal_primary( 491): [adev_create_audio_patch:8377] Patch 9: mix(io:13) -> dev[OUT_HDMI(id:77)]
06-04 20:47:40.968 I/audio_hw_hal_primary( 491): [adev_create_audio_patch:8445] dev=0xe71c0010 cur_out_device=0x400
06-04 20:47:40.968 D/UEventObserver( 1030): change@/devices/platform/auge_sound/sound/card0/controlC0ACTION=changeDEVPATH=/devices/platform/auge_sound/sound/card0/controlC0SUBSYSTEM=soundAUDIO_FORMAT=0MAJOR=116MINOR=13DEVNAME=snd/controlC0SEQNUM=3928
06-04 20:47:40.968 D/audioserver( 542): logFgsApiEnd: FGS Logger Transaction failed, -129
06-04 20:47:40.968 D/audioserver( 542): logFgsApiBegin: FGS Logger Transaction failed, -129
06-04 20:47:40.970 I/audio_hw_hal_primary( 491): out_update_source_metadata_v7() line 2013 usage:1 content_type:2
06-04 20:47:40.974 W/IPCThreadState( 542): Sending oneway calls to frozen process.
06-04 20:47:40.974 D/audioserver( 542): logFgsApiBegin: FGS Logger Transaction failed, -129
06-04 20:47:41.010 I/audio_hw_hal_primary( 491): out_update_source_metadata_v7() line 2013 usage:13 content_type:4
06-04 20:47:41.025 I/audio_hw_hal_alsamgr( 491): alsa format =0x1 delay frames =1024 total frames=111202560
06-04 20:47:41.095 I/audio_hw_hal_primary( 491): [audiohal_get_latency:1333] io 13: out:0xe6245d80 frames:1280 rate:48000 whole_latency:26 alsa_latency:26
06-04 20:47:41.106 I/WifiService( 707): startScan uid=1000
06-04 20:47:41.109 E/ccc ( 4242): cccccc i will start scan
06-04 20:47:41.118 D/hdmicecd( 501): [CEC]:printCecMsgBuf, msg: 04 45
06-04 20:47:41.120 D/HDMI ( 707): [R]: 04:45
06-04 20:47:41.122 D/InstantWifi( 707): Drop, size: 1
06-04 20:47:41.124 I/SogouIME( 1396): onKeyUp: keyoCode=20
06-04 20:47:41.124 I/DefaultIMS( 1396): onKeyUp: keyoCode=20
06-04 20:47:41.138 I/audio_hw_hal_primary( 491): [audiohal_get_latency:1333] io 13: out:0xe6245d80 frames:1280 rate:48000 whole_latency:26 alsa_latency:26
06-04 20:47:41.138 I/audio_hw_hal_primary( 491): [audiohal_get_latency:1333] io 13: out:0xe6245d80 frames:1280 rate:48000 whole_latency:26 alsa_latency:26
06-04 20:47:41.146 E/ccc ( 1349): cccccc led current is 100 标准
06-04 20:47:41.146 E/ccc ( 1349): cccccc led current is null
06-04 20:47:41.149 D/BluetoothAdapterService( 1011): cancelDiscovery
06-04 20:47:41.149 I/bt_btif_dm( 1011): packages/modules/Bluetooth/system/btif/src/btif_dm.cc:2470 btif_dm_cancel_discovery: Cancel search
06-04 20:47:41.149 I/bluetooth( 1011): packages/modules/Bluetooth/system/bta/dm/bta_dm_main.cc:96 bta_dm_search_sm_execute: state:BTA_DM_SEARCH_IDLE, event:BTA_DM_API_SEARCH_CANCEL_EVT[0x201]
06-04 20:47:41.160 I/audio_hw_hal_primary( 491): [audiohal_get_latency:1333] io 13: out:0xe6245d80 frames:1280 rate:48000 whole_latency:26 alsa_latency:26
06-04 20:47:41.160 I/audio_hw_hal_primary( 491): [audiohal_get_latency:1333] io 13: out:0xe6245d80 frames:1280 rate:48000 whole_latency:26 alsa_latency:26
06-04 20:47:41.181 I/audio_hw_hal_primary( 491): [audiohal_get_latency:1333] io 13: out:0xe6245d80 frames:1280 rate:48000 whole_latency:26 alsa_latency:26
06-04 20:47:41.181 I/audio_hw_hal_primary( 491): [audiohal_get_latency:1333] io 13: out:0xe6245d80 frames:1280 rate:48000 whole_latency:26 alsa_latency:26
06-04 20:47:41.205 I/audio_hw_hal_primary( 491): [audiohal_get_latency:1333] io 13: out:0xe6245d80 frames:1152 rate:48000 whole_latency:24 alsa_latency:24
06-04 20:47:41.205 I/audio_hw_hal_primary( 491): [audiohal_get_latency:1333] io 13: out:0xe6245d80 frames:1152 rate:48000 whole_latency:24 alsa_latency:24
06-04 20:47:41.224 I/audio_hw_hal_primary( 491): [audiohal_get_latency:1333] io 13: out:0xe6245d80 frames:1280 rate:48000 whole_latency:26 alsa_latency:26
06-04 20:47:41.224 I/audio_hw_hal_primary( 491): [audiohal_get_latency:1333] io 13: out:0xe6245d80 frames:1280 rate:48000 whole_latency:26 alsa_latency:26
06-04 20:47:41.242 D/hdmicecd( 501): [CEC]:printCecMsgBuf, msg: 04 44 02
06-04 20:47:41.242 D/HDMI ( 707): [R]: 04:44
06-04 20:47:41.246 I/audio_hw_hal_primary( 491): [audiohal_get_latency:1333] io 13: out:0xe6245d80 frames:1152 rate:48000 whole_latency:24 alsa_latency:24
06-04 20:47:41.248 I/SogouIME( 1396): onKeyDown: keyoCode=20
06-04 20:47:41.248 I/DefaultIMS( 1396): onKeyDown: keyoCode=20
06-04 20:47:41.322 D/UtilLog ( 2071): 日志批量上报 进行正常循环 !!!!!!本次有0次请求,共0条数据
06-04 20:47:41.339 D/hdmicecd( 501): [CEC]:printCecMsgBuf, msg: 04 8c
06-04 20:47:41.340 D/HDMI ( 707): [R]: 04:8C
06-04 20:47:41.341 D/hdmicecd( 501): [HdmiCecControl]:getVendorId, vendorId: 0x1CA410
06-04 20:47:41.341 D/HDMI ( 707): [S]: 4F:87:1C:A4:10
06-04 20:47:41.394 I/audio_hw_hal_primary( 491): [audiohal_get_latency:1333] io 13: out:0xe6245d80 frames:1024 rate:48000 whole_latency:21 alsa_latency:21
06-04 20:47:41.394 I/audio_hw_hal_primary( 491): [audiohal_get_latency:1333] io 13: out:0xe6245d80 frames:1024 rate:48000 whole_latency:21 alsa_latency:21
06-04 20:47:41.415 I/audio_hw_hal_primary( 491): [audiohal_get_latency:1333] io 13: out:0xe6245d80 frames:1280 rate:48000 whole_latency:26 alsa_latency:26
06-04 20:47:41.416 I/audio_hw_hal_primary( 491): [audiohal_get_latency:1333] io 13: out:0xe6245d80 frames:1280 rate:48000 whole_latency:26 alsa_latency:26
06-04 20:47:41.436 I/audio_hw_hal_primary( 491): [audiohal_get_latency:1333] io 13: out:0xe6245d80 frames:1280 rate:48000 whole_latency:26 alsa_latency:26
06-04 20:47:41.437 I/audio_hw_hal_primary( 491): [audiohal_get_latency:1333] io 13: out:0xe6245d80 frames:1280 rate:48000 whole_latency:26 alsa_latency:26
06-04 20:47:41.459 I/audio_hw_hal_primary( 491): [audiohal_get_latency:1333] io 13: out:0xe6245d80 frames:1280 rate:48000 whole_latency:26 alsa_latency:26
06-04 20:47:41.459 I/audio_hw_hal_primary( 491): [audiohal_get_latency:1333] io 13: out:0xe6245d80 frames:1152 rate:48000 whole_latency:24 alsa_latency:24
06-04 20:47:41.479 I/audio_hw_hal_primary( 491): [audiohal_get_latency:1333] io 13: out:0xe6245d80 frames:1024 rate:48000 whole_latency:21 alsa_latency:21
06-04 20:47:41.479 I/audio_hw_hal_primary( 491): [audiohal_get_latency:1333] io 13: out:0xe6245d80 frames:1280 rate:48000 whole_latency:26 alsa_latency:26
06-04 20:47:41.494 D/hdmicecd( 501): [CEC]:printCecMessage, [4 -> f] len: 4, body: 87 1c a4 10, result:success
06-04 20:47:41.494 E/IPCThreadState( 501): binder thread pool (1 threads) starved for 153 ms
06-04 20:47:41.501 I/audio_hw_hal_primary( 491): [audiohal_get_latency:1333] io 13: out:0xe6245d80 frames:1024 rate:48000 whole_latency:21 alsa_latency:21
06-04 20:47:41.501 I/audio_hw_hal_primary( 491): [audiohal_get_latency:1333] io 13: out:0xe6245d80 frames:1024 rate:48000 whole_latency:21 alsa_latency:21
06-04 20:47:41.522 I/audio_hw_hal_primary( 491): [audiohal_get_latency:1333] io 13: out:0xe6245d80 frames:1024 rate:48000 whole_latency:21 alsa_latency:21
06-04 20:47:41.522 I/audio_hw_hal_primary( 491): [audiohal_get_latency:1333] io 13: out:0xe6245d80 frames:1024 rate:48000 whole_latency:21 alsa_latency:21
06-04 20:47:41.544 I/audio_hw_hal_primary( 491): [audiohal_get_latency:1333] io 13: out:0xe6245d80 frames:1280 rate:48000 whole_latency:26 alsa_latency:26
06-04 20:47:41.544 I/audio_hw_hal_primary( 491): [audiohal_get_latency:1333] io 13: out:0xe6245d80 frames:1280 rate:48000 whole_latency:26 alsa_latency:26
06-04 20:47:41.544 D/audioserver( 542): logFgsApiEnd: FGS Logger Transaction failed, -129
06-04 20:47:41.546 D/audioserver( 542): logFgsApiEnd: FGS Logger Transaction failed, -129
06-04 20:47:41.621 D/hdmicecd( 501): [CEC]:printCecMsgBuf, msg: 04 45
06-04 20:47:41.622 D/HDMI ( 707): [R]: 04:45
06-04 20:47:41.628 I/SogouIME( 1396): onKeyUp: keyoCode=20
06-04 20:47:41.628 I/DefaultIMS( 1396): onKeyUp: keyoCode=20
06-04 20:47:42.387 D/bbb ( 1502): onStartCommand begin !!!!!!! data分区剩余 52810MB
06-04 20:47:42.695 I/audio_hw_hal_stream( 491): aml_stream_out_info_print: out:0xe6245d80, stream_type:pcm, sync_mode:non tunnel, input_size:301432832 bytes
06-04 20:47:42.695 I/audio_hw_hal_stream( 491): aml_stream_out_info_print: last_time:2329425 ms (sec:2329, nsec:425312276), last_position:1569820 ms (75351376), cur_time:2329450 ms (sec:2329, nsec:450698235), cur_position:1569847 ms (75352656)
06-04 20:47:42.695 I/audio_hw_hal_stream( 491): aml_stream_out_info_print: time_gap:25 ms (thr:100 ms), position_gap:26 ms, delay:115 ms, jitter: Position gap is ahead of system time gap by 1 ms (thr:100 ms)
06-04 20:47:43.316 I/WifiHAL ( 524): call wifi_get_link_stats handler
06-04 20:47:43.316 I/WifiHAL ( 524): Creating message to get link statistics; iface = 16
06-04 20:47:43.316 D/WifiHAL ( 524): error code -95 mapped to -3
06-04 20:47:43.316 E/WifiStaIfaceAidlImpl( 707): getLinkLayerStats failed with service-specific exception: android.os.ServiceSpecificException: (code 4)
06-04 20:47:43.810 D/WifiNl80211Manager( 707): Scan result ready event
06-04 20:47:43.810 D/WifiNative( 707): Scan result ready event
06-04 20:47:43.867 E/hq ( 1414): NetWorkStateReceiver:::NetWorkStateReceiver onReceive: 网络变化广播 >>>> intent.action=android.net.wifi.SCAN_RESULTS
06-04 20:47:43.869 E/ccc ( 4242): cccccc SCAN_RESULTS_AVAILABLE_ACTION hhhh
06-04 20:47:43.873 I/WifiHAL ( 524): call wifi_get_link_stats handler
06-04 20:47:43.874 I/WifiHAL ( 524): Creating message to get link statistics; iface = 16
06-04 20:47:43.874 D/WifiHAL ( 524): error code -95 mapped to -3
06-04 20:47:43.874 E/WifiStaIfaceAidlImpl( 707): getLinkLayerStats failed with service-specific exception: android.os.ServiceSpecificException: (code 4)
06-04 20:47:43.881 W/eventbuscore( 1414): post Event:com.dangbei.leard.base.entity.event.NetWifiRssiEvent
06-04 20:47:43.892 E/ccc ( 4242): cccccc result is not empty call back
06-04 20:47:43.892 E/ccc ( 4242): cccccc 666666666666666
06-04 20:47:43.903 E/ccc ( 4242): cccccc sort 4 44
06-04 20:47:44.359 D/audio_hw_hal_primary( 491): [out_standby_new:5767] io 13: out:0xe6245d80 usecase:PCM_NORMAL
06-04 20:47:44.359 I/audio_hw_hal_primary( 491): [do_output_standby_l:5663] io 13: out:0xe6245d80, stream usecase:PCM_NORMAL, continuous:1
06-04 20:47:44.359 I/audio_hw_hal_primary( 491): [usecase_change_validate_l:7436] ++ io 13: out:0xe6245d80 dev masks:0x1 is_standby:1 out usecase:PCM_NORMAL
06-04 20:47:44.359 I/audio_hw_hal_ms12common( 491): aml_set_ms12_scheduler_state ms12_scheduler_state:1, sch_state:1 SCHEDULER_STANDBY is sent to ms12
06-04 20:47:44.359 I/audio_hw_hal_primary( 491): [usecase_change_validate_l:7477] -- dev masks:0 is_standby:1 out usecase PCM_NORMAL
06-04 20:47:44.359 D/audio_hw_hal_primary( 491): [out_standby_new:5790] io 13: out:0xe6245d80 usecase:PCM_NORMAL exit
06-04 20:47:44.422 D/libdolbyms12( 491): continuous underrun 2
06-04 20:47:46.234 D/hdmicecd( 501): [CEC]:printCecMsgBuf, msg: 04 83
06-04 20:47:46.237 D/HDMI ( 707): [R]: 04:83
06-04 20:47:46.239 D/hdmicecd( 501): [HdmiCecControl]:getPhysicalAddress, physical addr: 3000, last pa: 3000, ret = 0
06-04 20:47:46.240 D/HDMI ( 707): [S]: 4F:84:30:00:04
06-04 20:47:46.323 I/WifiHAL ( 524): call wifi_get_link_stats handler
06-04 20:47:46.323 I/WifiHAL ( 524): Creating message to get link statistics; iface = 16
06-04 20:47:46.323 D/WifiHAL ( 524): error code -95 mapped to -3
06-04 20:47:46.324 E/WifiStaIfaceAidlImpl( 707): getLinkLayerStats failed with service-specific exception: android.os.ServiceSpecificException: (code 4)
06-04 20:47:46.360 I/audio_hw_hal_alsamgr( 491): alsa format =0x1 delay frames =1024 total frames=111458560
06-04 20:47:46.394 D/hdmicecd( 501): [CEC]:printCecMessage, [4 -> f] len: 4, body: 84 30 00 04, result:success
06-04 20:47:46.395 E/IPCThreadState( 501): binder thread pool (1 threads) starved for 155 ms
06-04 20:47:46.512 D/hdmicecd( 501): [CEC]:printCecMsgBuf, msg: 04 83
06-04 20:47:46.520 D/HDMI ( 707): [R]: 04:83
06-04 20:47:46.523 D/hdmicecd( 501): [HdmiCecControl]:getPhysicalAddress, physical addr: 3000, last pa: 3000, ret = 0
06-04 20:47:46.524 D/HDMI ( 707): [S]: 4F:84:30:00:04
06-04 20:47:46.678 D/hdmicecd( 501): [CEC]:printCecMessage, [4 -> f] len: 4, body: 84 30 00 04, result:success
06-04 20:47:46.678 E/IPCThreadState( 501): binder thread pool (1 threads) starved for 155 ms
06-04 20:47:46.785 D/hdmicecd( 501): [CEC]:printCecMsgBuf, msg: 04 46
06-04 20:47:46.785 D/hdmicecd( 501): [CMsgQueue]:sendmsg now = 2333541 msg[0] when = 2334541
06-04 20:47:46.786 D/HDMI ( 707): [R]: 04:46
06-04 20:47:46.787 D/HDMI ( 707): [S]: 40:47:44:42:42:4F:58:2D:41:33
06-04 20:47:46.788 D/hdmicecd( 501): [CMsgQueue]:msg size is 0, break
06-04 20:47:47.065 D/hdmicecd( 501): [CEC]:printCecMessage, [4 -> 0] len: 9, body: 47 44 42 42 4f 58 2d 41 33, result:success
06-04 20:47:47.065 E/IPCThreadState( 501): binder thread pool (1 threads) starved for 277 ms
06-04 20:47:47.359 D/audio_hw_hal_ms12common( 491): func:ms12_timer_callback_handler sigv:0 ~~~~~~~~~~
06-04 20:47:47.359 D/audio_hw_hal_ms12v2( 491): set_dolby_ms12_continuous_state audio_continuous_standby_set status 1
06-04 20:47:47.359 D/audio_hw_hal_continuous_standby( 491): audio_continuous_standby_set, type 0, params 1
06-04 20:47:47.359 D/audio_hw_hal_ms12common( 491): aml_send_ms12_scheduler_state_2_ms12 adev:0xe71c0010, sch_state:1(SCHEDULER_STANDBY)
06-04 20:47:47.374 D/hdmicecd( 501): [CEC]:printCecMsgBuf, msg: 04 8c
06-04 20:47:47.375 D/HDMI ( 707): [R]: 04:8C
06-04 20:47:47.376 D/hdmicecd( 501): [HdmiCecControl]:getVendorId, vendorId: 0x1CA410
06-04 20:47:47.377 D/HDMI ( 707): [S]: 4F:87:1C:A4:10
06-04 20:47:47.534 D/hdmicecd( 501): [CEC]:printCecMessage, [4 -> f] len: 4, body: 87 1c a4 10, result:success
06-04 20:47:47.535 E/IPCThreadState( 501): binder thread pool (1 threads) starved for 157 ms
06-04 20:47:48.722 D/hdmicecd( 501): [CEC]:printCecMsgBuf, msg: 0f 36
06-04 20:47:48.722 D/hdmicecd( 501): [HdmiCecControl]:updateActiveState received standby message!
06-04 20:47:48.724 D/HDMI ( 707): [R]: 0F:36
06-04 20:47:48.725 I/HDMI ( 707): Hdmi cec standby
06-04 20:47:48.725 I/PowerGroup( 707): Powering off display group due to hdmi (groupId= 0, uid= 1000, millisSinceLastUserActivity=7102, lastUserActivityEvent=button)...
06-04 20:47:48.726 I/PowerManagerService( 707): Going to sleep due to hdmi (uid 1000, screenOffTimeout=300000, activityTimeoutWM=-1, maxDimRatio=0.20000005, maxDimDur=7000)...
06-04 20:47:48.729 D/WindowManager( 707): updateCecScreenStatus 1
06-04 20:47:48.729 D/HDMI ( 707): setCecSettingIntValue name:cec_screen_state, value:1
06-04 20:47:48.731 I/HDMI ( 707): screen state is changing to 1
06-04 20:47:48.731 D/HDMI ( 707): onStandby action:0, current power:0 initiatedByCec:true
06-04 20:47:48.731 D/HDMI ( 707): standby acquireWakeLock 0
06-04 20:47:48.731 D/HDMI ( 707): standby releaseWakeLock
06-04 20:47:48.737 D/CompatibilityChangeReporter( 707): Compat change id reported: 156215187; UID 10039; state: DISABLED
06-04 20:47:48.737 D/PermissionCache( 265): checking android.permission.READ_FRAME_BUFFER for uid=1000 => granted (1192 us)
06-04 20:47:48.740 D/hdmicecd( 501): [HdmiCecControl]:getPhysicalAddress, physical addr: 3000, last pa: 3000, ret = 0
06-04 20:47:48.741 D/hdmicecd( 501): [HdmiCecControl]:getPhysicalAddress, physical addr: 3000, last pa: 3000, ret = 0
06-04 20:47:48.741 V/HdmiControlService( 707): On standby-action cleared:4
06-04 20:47:48.741 V/HdmiControlService( 707): onPendingActionsCleared
06-04 20:47:48.742 D/HDMI ( 707): setActiveSource logical:0xffffffff physical:0xffff HdmiCecLocalDevicePlayback#onStandby()
06-04 20:47:48.742 D/hdmicecd( 501): [HdmiCecControl]:getPhysicalAddress, physical addr: 3000, last pa: 3000, ret = 0
06-04 20:47:48.743 D/HDMI ( 707): ActiveSourceHistoryRecord active source=(invalid, invalid) isActiveSource=false from=HdmiCecLocalDevicePlayback#onStandby()
06-04 20:47:48.743 D/HDMI ( 707): onStandby sendStandbyNoneActive:false, wasActiveSource:true
06-04 20:47:48.743 D/HDMI ( 707): onStandby sendStandbyNoneActive:false, wasActiveSource:true
06-04 20:47:48.743 I/HDMI ( 707): onStandby finally completed
06-04 20:47:48.743 D/HDMI ( 707): enableSystemCecControl: false
06-04 20:47:48.744 I/DefaultIMS( 1396): onStartInput attribute=android.view.inputmethod.EditorInfo@6a35824 restarting=false inputType: 0
06-04 20:47:48.753 D/hdmicecd( 501): [HdmiCecControl]:setOption, flag:0x3, value:0x0, ret:0, is_cec_controlled:0
06-04 20:47:48.754 D/HdmiControlService( 707): Switching to full volume behavior
06-04 20:47:48.754 D/HDMI ( 707): standby releaseWakeLock
06-04 20:47:48.755 D/HdmiControlService( 707): Switching to full volume behavior
06-04 20:47:48.822 D/hdmicecd( 501): [CEC]:printCecMsgBuf, msg: 0f 36
06-04 20:47:48.822 D/hdmicecd( 501): [HdmiCecControl]:updateActiveState received standby message!
06-04 20:47:48.823 D/HDMI ( 707): [R]: 0F:36
06-04 20:47:48.824 D/hdmicecd( 501): [HdmiCecControl]:getPhysicalAddress, physical addr: 3000, last pa: 3000, ret = 0
06-04 20:47:48.826 D/HDMI ( 707): addCecDevice new:CEC: logical_address: 0x00 device_type: 0 cec_version: 5 vendor_id: 16777215 display_name: TV power_status: -1 physical_address: 0xFFFF port_id: -1 old:null
06-04 20:47:48.826 D/HdmiControlService( 707): Switching to full volume behavior
06-04 20:47:49.193 I/DisplayPowerController2[0]( 707): Blocking screen off
06-04 20:47:49.193 I/DisplayPowerController2[0]( 707): Unblocked screen off after 0 ms
06-04 20:47:49.196 D/ActivityTaskManager( 707): Top Process State changed to PROCESS_STATE_TOP_SLEEPING
06-04 20:47:49.199 V/WindowManager( 707): Sent Transition #16 createdAt=06-04 20:47:49.196 via request=TransitionRequestInfo { type = 12, triggerTask = null, remoteTransition = null, displayChange = null, flags = 0 }
06-04 20:47:49.199 V/WindowManager( 707): startWCT=null
06-04 20:47:49.199 V/WindowManager( 707): info={id=16 t=SLEEP f=0x0 trk=0 r=[] c=[]}
06-04 20:47:49.203 V/WindowManagerShell( 912): Transition requested: android.os.BinderProxy@d7c4d4d TransitionRequestInfo { type = 12, triggerTask = null, remoteTransition = null, displayChange = null, flags = 0 }
06-04 20:47:49.205 I/DisplayBrightnessStrategySelector( 707): Changing the DisplayBrightnessStrategy from InvalidBrightnessStrategy toScreenOffBrightnessStrategy for display 0
06-04 20:47:49.207 V/DisplayPowerController2[0]( 707): Brightness [0.0] reason changing to: 'screen_off', previous reason: 'manual'.
06-04 20:47:49.208 W/Transition( 707): Transition already started id=16 state=2
06-04 20:47:49.209 V/WindowManagerShell( 912): onTransitionReady android.os.BinderProxy@d7c4d4d: {id=16 t=SLEEP f=0x0 trk=0 r=[] c=[]}
06-04 20:47:49.209 V/WindowManagerShell( 912): No transition roots in (#16)android.os.BinderProxy@d7c4d4d@0 so abort
06-04 20:47:49.209 I/DisplayPowerController2[0]( 707): BrightnessEvent: disp=0, physDisp=local:4625716335649126413, brt=0.0, initBrt=0.39763778, rcmdBrt=NaN, preBrt=NaN, lux=0.0, preLux=0.0, hbmMax=1.0, hbmMode=off, rbcStrength=0, thrmMax=1.0, powerFactor=1.0, wasShortTermModelActive=false, flags=, reason=screen_off, autoBrightness=false, strategy=ScreenOffBrightnessStrategy
06-04 20:47:49.209 V/WindowManagerShell( 912): Transition animation finished (aborted=true), notifying core (#16)android.os.BinderProxy@d7c4d4d@0
06-04 20:47:49.211 I/BpBinder( 265): onLastStrongRef automatically unlinking death recipients:
06-04 20:47:49.216 D/SurfaceFlinger( 265): Setting power mode 0 on display 4625716335649126413
06-04 20:47:49.219 I/DisplayDeviceRepository( 707): Display device changed state: "内置屏幕", OFF
06-04 20:47:49.223 V/WindowManagerShell( 912): Track 0 became idle
06-04 20:47:49.223 V/WindowManagerShell( 912): All active transition animations finished
06-04 20:47:49.224 V/WindowManager( 707): Finish Transition #16: created at
06-04 20:47:49.196 collect-started=0.912ms request-sent=1.032ms started=1.319ms ready=1.311ms sent=1.854ms finished=24.022ms
06-04 20:47:49.225 I/InputManager-JNI( 707): Viewport [0] to add: local:4625716335649126413, isActive: false
06-04 20:47:49.227 W/SurfaceControl( 707): Invalid layer stack -1
06-04 20:47:49.227 I/DisplayDevice( 707): [0] Layerstack set to -1 for local:4625716335649126413
06-04 20:47:49.233 I/InputReader( 707): Reconfiguring input devices, changes=DISPLAY_INFO
06-04 20:47:49.240 I/SystemControl( 318): [/Ubootenv.cpp, get, 345] [ubootenv] search end and not find env:connector_type
06-04 20:47:49.254 E/MesonHwc( 296): dolby vision driver is not ready
06-04 20:47:49.255 E/MesonHwc( 296): dolby vision driver is not ready
06-04 20:47:49.255 D/MesonHwc( 296): ERR: PLEASE FIX NON-IMPLEMENT FUN(update).
06-04 20:47:49.256 I/SystemControl( 318): [/Ubootenv.cpp, get, 345] [ubootenv] search end and not find env:connector_type
06-04 20:47:49.256 E/MesonHwc( 296): FixedDisplayPipe::getConnectorCfg 15
06-04 20:47:49.256 E/MesonHwc( 296): read screen size 1150x650 from vinfo
06-04 20:47:49.256 E/MesonHwc( 296): dolby vision driver is not ready
06-04 20:47:49.256 I/SystemControl( 318): [/Ubootenv.cpp, get, 345] [ubootenv] search end and not find env:connector_type
06-04 20:47:49.256 E/MesonHwc( 296): FixedDisplayPipe::getConnectorCfg 15
06-04 20:47:49.256 D/MesonHwc( 296): ERR: PLEASE FIX NON-IMPLEMENT FUN(update).
06-04 20:47:49.257 E/MesonHwc( 296): read screen size 1150x650 from vinfo
06-04 20:47:49.257 E/MesonHwc( 296): dolby vision driver is not ready
06-04 20:47:49.258 E/MesonHwc( 296): Do Nothing in updateDisplayMode .
06-04 20:47:49.258 V/MesonDisplayServer( 296): GetDisplayMode:2160p60hz
06-04 20:47:49.321 D/WindowManagerShell( 912): TvPipController: onTaskStackChanged()
06-04 20:47:49.327 I/WifiHAL ( 524): call wifi_get_link_stats handler
06-04 20:47:49.327 I/WifiHAL ( 524): Creating message to get link statistics; iface = 16
06-04 20:47:49.327 D/WifiHAL ( 524): error code -95 mapped to -3
06-04 20:47:49.328 E/WifiStaIfaceAidlImpl( 707): getLinkLayerStats failed with service-specific exception: android.os.ServiceSpecificException: (code 4)
06-04 20:47:49.359 D/MesonDisplayServer( 296): SetDisplay[CVBS] Mode to "dummy_l"
06-04 20:47:49.378 I/SystemControl( 318): [/UEventObserver.cpp, HDMITxUenventThreadLoop, 451] HDMI TX switch_name:hdmitx_current_status, switch_state: 64
06-04 20:47:49.416 D/MesonComposer3( 296): halEventcallback onHotplug client3.0
06-04 20:47:49.417 D/SurfaceFlinger( 265): Finished setting power mode 0 on display 4625716335649126413
06-04 20:47:49.417 D/SurfaceControl( 707): Excessive delay in setPowerMode()
06-04 20:47:49.418 I/android.hardware.power-service.libperfmgr( 499): Power setMode: INTERACTIVE to: 0
06-04 20:47:49.418 I/DisplayDeviceRepository( 707): Display device changed state: "内置屏幕", OFF
06-04 20:47:49.419 E/android.system.suspend-service( 284): error writing zygote_kwl to /sys/power/wake_unlock: Invalid argument
06-04 20:47:49.419 I/android.system.suspend-service( 284): automatic system suspend enabled
06-04 20:47:49.420 E/MesonHwc( 296): getPort 15
06-04 20:47:49.420 E/MesonHwc( 296): getPort 15
06-04 20:47:49.420 D/DisplayManagerService( 707): Ignore redundant display event 0/2 to 10075/3469
06-04 20:47:49.421 I/PowerGroup( 707): Sleeping power group (groupId=0, uid=1000, reason=timeout)...
06-04 20:47:49.421 I/PowerManagerService( 707): Sleeping (uid 1000)...
06-04 20:47:49.421 I/SurfaceFlinger( 265): Reconnecting display 4625716335649126413 (HAL ID 0)
06-04 20:47:49.428 E/MesonComposer3( 296): destroyLayer: display:0 failed to destroy layer:565
06-04 20:47:49.428 E/HwcComposer( 265): destroyLayer failed Status(-8, EX_SERVICE_SPECIFIC): '3: '
06-04 20:47:49.428 E/HWC2 ( 265): destroyLayer(0, 565) failed: BadLayer (3)
06-04 20:47:49.429 E/HwcComposer( 265): setClientTargetSlotCount failed Status(-8, EX_SERVICE_SPECIFIC): '4: '
06-04 20:47:49.430 I/FramebufferSurface( 265): Framebuffer size has been limited to [1920x1080] from [3840x2160]
06-04 20:47:49.432 I/audio_hw_hal_primary( 491): [adev_set_parameters:4123] dev:0xe71c0010, kv: screen_state=off
06-04 20:47:49.432 D/audio_hw_hal_hfp( 491): [audio_extn_hfp_set_parameters:739] audio_extn_hfp_set_parameters
06-04 20:47:49.432 E/audio_route( 491): unable to find path 'speaker_fadein'
06-04 20:47:49.432 E/audio_route( 491): unable to find path 'speaker_fadeout'
06-04 20:47:49.432 I/audio_hw_hal_resourcemgr( 491): [set_output_device_mute:690] device:0x2 mute:1 port_mute:1 using_fade:1
06-04 20:47:49.443 I/Scheduler( 265): Display 4625716335649126413 is the pacesetter
06-04 20:47:49.443 E/SchedulerTimer( 265): Terminated
06-04 20:47:49.444 D/SurfaceFlinger( 265): Setting power mode 2 on display 4625716335649126413
06-04 20:47:49.444 W/EventThread( 265): Failed dispatching Hotplug{displayId=4625716335649126413, connected} for Connection{0xf1443110, VSyncRequest::None}
06-04 20:47:49.444 W/EventThread( 265): Failed dispatching Hotplug{displayId=4625716335649126413, connected} for Connection{0xf1442a90, VSyncRequest::None}
06-04 20:47:49.444 D/SurfaceFlinger( 265): Finished setting power mode 2 on display 4625716335649126413
06-04 20:47:49.449 D/LocalDisplayAdapter( 707): The active mode was changed from SurfaceFlinger or the display device to {id=101, width=3840, height=2160, fps=59.94006, alternativeRefreshRates=[], supportedHdrTypes=[]}
06-04 20:47:49.449 D/LocalDisplayAdapter( 707): New display modes are added and the active mode has changed, use active mode as default mode.
06-04 20:47:49.449 W/LocalDisplayAdapter( 707): DisplayModeSpecs base mode no longer available, using currently active mode.
06-04 20:47:49.451 I/DisplayDeviceRepository( 707): Display device changed: DisplayDeviceInfo{"内置屏幕": uniqueId="local:4625716335649126413", 3840 x 2160, modeId 81, renderFrameRate 59.94006, defaultModeId 81, supportedModes [{id=79, width=1920, height=1080, fps=119.88013, alternativeRefreshRates=[], supportedHdrTypes=[2, 3]}, {id=80, width=1920, height=1080, fps=120.00001, alternativeRefreshRates=[], supportedHdrTypes=[2, 3]}, {id=81, width=3840, height=2160, fps=59.94006, alternativeRefreshRates=[], supportedHdrTypes=[2, 3]}, {id=82, width=3840, height=2160, fps=60.000004, alternativeRefreshRates=[], supportedHdrTypes=[2, 3]}, {id=83, width=3840, height=2160, fps=50.0, alternativeRefreshRates=[], supportedHdrTypes=[2, 3]}, {id=84, width=3840, height=2160, fps=29.97003, alternativeRefreshRates=[], supportedHdrTypes=[2, 3]}, {id=85, width=3840, height=2160, fps=30.000002, alternativeRefreshRates=[], supportedHdrTypes=[2, 3]}, {id=86, width=3840, height=2160, fps=25.0, alternativeRefreshRates=[], supportedHdrTypes=[2, 3]}, {id=87, width=3840, height=2160, fps=23.976025, alternativeRefreshRates=[], supportedHdrTypes=[2, 3]}, {id=88, width=3840, height=2160, fps=24.000002, alternativeRefreshRates=[], supportedHdrTypes=[2, 3]}, {id=89, width=1920, height=1080, fps=100.0, alternativeRefreshRates=[], supportedHdrTypes=[2, 3]}, {id=90, width=1920, height=1080, fps=59.94006, alternativeRefreshRates=[], supportedHdrTypes=[2, 3]}, {id=91, width=1920, height=1080, fps=60.000004, alternativeRefreshRates=[], supportedHdrTypes=[2, 3]}, {id=92, width=1920, height=1080, fps=50.0, alternativeRefreshRates=[], supportedHdrTypes=[2, 3]}, {id=93, width=1920, height=1080, fps=29.97003, alternativeRefreshRates=[], supportedHdrTypes=[2, 3]}, {id=94, width=1920, height=1080, fps=30.000002, alternativeRefreshRates=[], supportedHdrTypes=[2, 3]}, {id=95, width=1920, height=1080, fps=25.0, alternativeRefreshRates=[], supportedHdrTypes=[2, 3]}, {id=96, width=1920, height=1080, fps=23.976025, alternativeRefreshRates=[], supportedHdrTypes=[2, 3]}, {id=97, width=1920, height=1080, fps=24.000002, alternativeRefreshRates=[], supportedHdrTypes=[2, 3]}, {id=98, width=1280, height=720, fps=59.94006, alternativeRefreshRates=[], supportedHdrTypes=[2, 3]}, {id=99, width=1280, height=720, fps=60.000004, alternativeRefreshRates=[], supportedHdrTypes=[2, 3]}, {id=100, width=1280, height=720, fps=50.0, alternativeRefreshRates=[], supportedHdrTypes=[2, 3]}], colorMode 0, supportedColorModes [0], hdrCapabilities HdrCapabilities{mSupportedHdrTypes=[2, 3], mMaxLuminance=500.0, mMaxAverageLuminance=500.0, mMinLuminance=0.0}, allmSupported true, gameContentTypeSupported false, density 480, 84.813 x 84.406 dpi, appVsyncOff 2000000, presDeadline 13683333, touch INTERNAL, rotation 0, type INTERNAL, address {port=13, model=0x4031d87fca1678}, deviceProductInfo DeviceProductInfo{name=Dangbei , manufacturerPnpId=DBP, productId=48, modelYear=null, manufactureDate=ManufactureDate{week=10, year=2014}, connectionToSinkType=2}, state OFF, committedState OFF, frameRateOverride , brightnessMinimum 0.0, brightnessMaximum 1.0, brightnessDefault 0.39763778, hdrSdrRatio NaN, FLAG_ALLOWED_TO_BE_DEFAULT_DISPLAY, FLAG_ROTATES_WITH_CONTENT, FLAG_SECURE, FLAG_SUPPORTS_PROTECTED_BUFFERS, FLAG_TRUSTED, installOrientation 0, displayShape DisplayShape{ spec=-545313861 displayWidth=3840 displayHeight=2160 physicalPixelDisplaySizeRatio=1.0 rotation=0 offsetX=0 offsetY=0 scale=1.0}}
06-04 20:47:49.455 I/PowerManagerService( 707): onFlip(): Face up.
06-04 20:47:49.459 W/LocalDisplayAdapter( 707): Ignoring request for invalid base mode id 81
06-04 20:47:49.460 D/DisplayManagerService( 707): Ignore redundant display event 0/2 to 10075/3469
06-04 20:47:49.460 I/AudioVideoDevReconnectService( 1030): onReceive:android.intent.action.SCREEN_OFF,mWaitForDisconnct:false
06-04 20:47:49.461 I/DisplayDeviceRepository( 707): Display device changed: DisplayDeviceInfo{"内置屏幕": uniqueId="local:4625716335649126413", 3840 x 2160, modeId 101, renderFrameRate 59.94006, defaultModeId 101, supportedModes [{id=101, width=3840, height=2160, fps=59.94006, alternativeRefreshRates=[], supportedHdrTypes=[]}], colorMode 0, supportedColorModes [0], hdrCapabilities HdrCapabilities{mSupportedHdrTypes=[], mMaxLuminance=500.0, mMaxAverageLuminance=500.0, mMinLuminance=0.0}, allmSupported false, gameContentTypeSupported false, density 480, 84.813 x 84.406 dpi, appVsyncOff 2000000, presDeadline 13683333, touch INTERNAL, rotation 0, type INTERNAL, address {port=13, model=0x4031d87fca1678}, deviceProductInfo DeviceProductInfo{name=Linux FHD, manufacturerPnpId=LNX, productId=0, modelYear=null, manufactureDate=ManufactureDate{week=5, year=2012}, connectionToSinkType=0}, state OFF, committedState OFF, frameRateOverride , brightnessMinimum 0.0, brightnessMaximum 1.0, brightnessDefault 0.39763778, hdrSdrRatio NaN, FLAG_ALLOWED_TO_BE_DEFAULT_DISPLAY, FLAG_ROTATES_WITH_CONTENT, FLAG_SECURE, FLAG_SUPPORTS_PROTECTED_BUFFERS, FLAG_TRUSTED, installOrientation 0, displayShape DisplayShape{ spec=-545313861 displayWidth=3840 displayHeight=2160 physicalPixelDisplaySizeRatio=1.0 rotation=0 offsetX=0 offsetY=0 scale=1.0}}
06-04 20:47:49.463 I/vol.VolumeDialogImpl( 912): mDialog.dismiss() reason: screen_off from: com.android.systemui.volume.VolumeDialogImpl$7.onScreenOff:4
06-04 20:47:49.464 E/hq ( 1414): AdHelper:::StrReceiver onReceive=android.intent.action.SCREEN_OFF
06-04 20:47:49.465 W/eventbuscore( 1414): post Event:com.dangbei.leard.base.entity.event.SwitchLauncherPageEvent
06-04 20:47:49.465 I/RefreshRateSelector( 265): Display 4625716335649126413 policy changed
06-04 20:47:49.465 I/RefreshRateSelector( 265): Previous: {defaultModeId=136, allowGroupSwitching=false, primaryRanges={physical=[0.00 Hz, 340282346638528859811704183484516925440.00 Hz], render=[0.00 Hz, 340282346638528859811704183484516925440.00 Hz]}, appRequestRanges={physical=[0.00 Hz, 340282346638528859811704183484516925440.00 Hz], render=[0.00 Hz, 340282346638528859811704183484516925440.00 Hz]}}
06-04 20:47:49.465 I/RefreshRateSelector( 265): Current: DisplayManagerPolicy{defaultModeId=136, allowGroupSwitching=false, primaryRanges={physical=[0.00 Hz, inf Hz], render=[0.00 Hz, 120.00 Hz]}, appRequestRanges={physical=[0.00 Hz, inf Hz], render=[0.00 Hz, inf Hz]}}
06-04 20:47:49.465 I/RefreshRateSelector( 265): 0 mode changes were performed under the previous policy
06-04 20:47:49.467 D/OsInitLaunch( 1414): send: strOpen, null, null, null
06-04 20:47:49.467 E/hq ( 1414): AdHelper:::str 广告刷新
06-04 20:47:49.470 I/WifiHAL ( 524): wifi_set_latency_mode set to 0
06-04 20:47:49.472 D/dangbei ad sdk( 1414): AdSdk::current server =online
06-04 20:47:49.474 D/FrameWorkHelper( 1414): strRestart:
06-04 20:47:49.479 D/aaa ( 1430): aaa screen off
06-04 20:47:49.486 D/HDMI ( 707): receive android.intent.action.SCREEN_OFF
06-04 20:47:49.490 I/SystemControl( 318): [/UEventObserver.cpp, HDMITxUenventThreadLoop, 451] HDMI TX switch_name:hdmitx_current_status, switch_state: 65
06-04 20:47:49.492 W/libperfmgr( 499): Slow writing to file: '/sys/class/meson_pm/early_suspend_trigger' with value: '1' took: 74 ms
06-04 20:47:49.493 I/SystemControl( 318): [/UEventObserver.cpp, HDMITxUenventThreadLoop, 451] HDMI TX switch_name:hdmitx_hdcppwr, switch_state: 0
06-04 20:47:49.493 E/SystemControl( 318): [/SysWrite.cpp, writeSys, 280] writeSysFs, open /sys/class/amhdmitx/amhdmitx0/hdcp_pwr fail.
06-04 20:47:49.493 I/SystemControl( 318): [/DisplayMode.cpp, onTxEvent, 3267] onTxEvent switchName:hdmitx_hdcppwr hpdstate:0 state: 1
06-04 20:47:49.493 I/SystemControl( 318): [/SysWrite.cpp, getKernelReleaseVersion, 701] getKernelReleaseVersion: 5.15
06-04 20:47:49.493 I/SystemControl( 318): [/Ubootenv.cpp, get, 336] [ubootenv] get key:hdmimode envValue: none
06-04 20:47:49.493 I/SystemControl( 318): [/Ubootenv.cpp, get, 336] [ubootenv] get key:user_colorattribute envValue: 420,10bit
06-04 20:47:49.493 I/SystemControl( 318): [/Ubootenv.cpp, get, 345] [ubootenv] search end and not find env:hdr_force_mode
06-04 20:47:49.493 I/SystemControl( 318): [/DisplayMode.cpp, gethdrforcemode, 2742] get hdr force mode is [2]
06-04 20:47:49.494 I/SystemControl( 318): [/Ubootenv.cpp, get, 336] [ubootenv] get key:hdr_policy envValue: 0
06-04 20:47:49.494 I/SystemControl( 318): [/DisplayMode.cpp, getHdrStrategy, 2758] getHdrStrategy is [0]
06-04 20:47:49.494 I/SystemControl( 318): [/Ubootenv.cpp, get, 336] [ubootenv] get key:hdr_priority envValue: 268435472
06-04 20:47:49.494 I/SystemControl( 318): [/DisplayMode.cpp, getHdrPriority, 2891] getHdrPriority is [0x10000010]
06-04 20:47:49.494 I/SystemControl( 318): [/DisplayMode.cpp, getCommonData, 1534] isbestcolorspace:0, isbestpolicy:1, hdr_policy:0, hdr_priority :268435472, hdr_force_mode:2
06-04 20:47:49.497 D/InstantWifi( 707): mScreenOn is changed to false
06-04 20:47:49.498 I/WifiHAL ( 524): call wifi_get_link_stats handler
06-04 20:47:49.498 I/WifiHAL ( 524): Creating message to get link statistics; iface = 16
06-04 20:47:49.499 D/WifiHAL ( 524): error code -95 mapped to -3
06-04 20:47:49.499 E/WifiStaIfaceAidlImpl( 707): getLinkLayerStats failed with service-specific exception: android.os.ServiceSpecificException: (code 4)
06-04 20:47:49.500 I/wpa_supplicant( 965): wpa_driver_nl80211_driver_cmd: wifi vendor: aml_w2_s
06-04 20:47:49.500 I/wpa_supplicant( 965): wpa_driver_nl80211_driver_cmd: wlan0: private command: SETSUSPENDMODE 1
06-04 20:47:49.505 E/MesonHwc( 296): getCrtc by id(0) failed.
06-04 20:47:49.505 V/MesonDisplayServer( 296): GetDisplayMode:
06-04 20:47:49.505 I/SystemControl( 318): [/DisplayMode.cpp, getDisplayMode, 2331] getDisplayMode mode:
06-04 20:47:49.505 I/SystemControl( 318): [/Ubootenv.cpp, get, 336] [ubootenv] get key:hdmimode envValue: none
06-04 20:47:49.505 I/SystemControl( 318): [/Ubootenv.cpp, get, 336] [ubootenv] get key:cvbsmode envValue: 576cvbs
06-04 20:47:49.505 I/SystemControl( 318): [/DisplayMode.cpp, getCommonData, 1542] hdmi_current_mode:, ubootenv hdmimode:none cvbsmode:576cvbs
06-04 20:47:49.505 E/MesonHwc( 296): getCrtc by id(0) failed.
06-04 20:47:49.505 D/MesonDisplayServer( 296): use connector getDisplayAttribute "HDMI Color ATTR": "420,10bit"
06-04 20:47:49.506 I/SystemControl( 318): [/Ubootenv.cpp, get, 336] [ubootenv] get key:user_colorattribute envValue: 420,10bit
06-04 20:47:49.506 I/SystemControl( 318): [/DisplayMode.cpp, getCommonData, 1554] hdmi_current_attr:420,10bit, ubootenv_colorattribute:420,10bit
06-04 20:47:49.506 I/SystemControl( 318): [/Ubootenv.cpp, get, 345] [ubootenv] search end and not find env:dv_enable
06-04 20:47:49.506 I/SystemControl( 318): [/DisplayMode.cpp, getCommonData, 1567] dv_enable:0
06-04 20:47:49.506 I/SystemControl( 318): [/Ubootenv.cpp, get, 345] [ubootenv] search end and not find env:user_prefer_dv_type
06-04 20:47:49.506 I/SystemControl( 318): [/DisplayMode.cpp, getCommonData, 1578] ubootenv_dv_type:0
06-04 20:47:49.506 I/SystemControl( 318): [/DisplayMode.cpp, getHdmiData, 1721] display sink type:1 [0:none, 1:sink, 2:repeater]
06-04 20:47:49.506 I/SystemControl( 318): [/DisplayMode.cpp, filterHdmiDispcap, 1398] before filtered HdmiDispcap: 1080i60hz
06-04 20:47:49.506 I/SystemControl( 318): 720p60hz
06-04 20:47:49.506 I/SystemControl( 318): 480p60hz
06-04 20:47:49.506 I/SystemControl( 318): 576p50hz
06-04 20:47:49.506 I/SystemControl( 318): 720p50hz
06-04 20:47:49.506 I/SystemControl( 318): 1080i50hz
06-04 20:47:49.506 I/SystemControl( 318): 480i60hz
06-04 20:47:49.506 I/SystemControl( 318): 1080p60hz
06-04 20:47:49.506 I/SystemControl( 318): 1080p50hz
06-04 20:47:49.506 I/SystemControl( 318): 1080p24hz
06-04 20:47:49.506 I/SystemControl( 318): 1080p30hz
06-04 20:47:49.506 I/SystemControl( 318): 2160p24hz
06-04 20:47:49.506 I/SystemControl( 318): 2160p30hz
06-04 20:47:49.506 I/SystemControl( 318): 2160p50hz
06-04 20:47:49.506 I/SystemControl( 318): 2160p60hz
06-04 20:47:49.506 I/SystemControl( 318): smpte24hz
06-04 20:47:49.506 I/SystemControl( 318): smpte30hz
06-04 20:47:49.506 I/SystemControl( 318): smpte50hz
06-04 20:47:49.506 I/SystemControl( 318): smpte60hz
06-04 20:47:49.506 I/SystemControl( 318): 2160p25hz
06-04 20:47:49.506 I/SystemControl( 318): smpte25hz
