06-04 20:46:28.144 I/WifiHAL ( 524): Creating message to get link statistics; iface = 16
06-04 20:46:28.145 D/WifiHAL ( 524): error code -95 mapped to -3
06-04 20:46:28.145 E/WifiStaIfaceAidlImpl( 707): getLinkLayerStats failed with service-specific exception: android.os.ServiceSpecificException: (code 4)
06-04 20:46:30.265 I/audio_hw_hal_alsamgr( 491): alsa format =0x1 delay frames =768 total frames=107806720
06-04 20:46:31.152 I/WifiHAL ( 524): call wifi_get_link_stats handler
06-04 20:46:31.152 I/WifiHAL ( 524): Creating message to get link statistics; iface = 16
06-04 20:46:31.152 D/WifiHAL ( 524): error code -95 mapped to -3
06-04 20:46:31.152 E/WifiStaIfaceAidlImpl( 707): getLinkLayerStats failed with service-specific exception: android.os.ServiceSpecificException: (code 4)
06-04 20:46:31.322 D/UtilLog ( 2071): 日志批量上报 进行正常循环 !!!!!!本次有0次请求,共0条数据
06-04 20:46:34.159 I/WifiHAL ( 524): call wifi_get_link_stats handler
06-04 20:46:34.159 I/WifiHAL ( 524): Creating message to get link statistics; iface = 16
06-04 20:46:34.159 D/WifiHAL ( 524): error code -95 mapped to -3
06-04 20:46:34.160 E/WifiStaIfaceAidlImpl( 707): getLinkLayerStats failed with service-specific exception: android.os.ServiceSpecificException: (code 4)
06-04 20:46:34.169 D/InstantWifi( 707): Receive Wifi is connected, freq = 5745 and currentNetworkId : 0, wifiinfo = SSID: , BSSID: 02:00:00:00:00:00, MAC: 02:00:00:00:00:00, IP: /192.168.3.180, Security type: 2, Supplicant state: COMPLETED, Wi-Fi standard: 6, RSSI: -57, Link speed: 1200Mbps, Tx Link speed: 1200Mbps, Max Supported Tx Link speed: 1200Mbps, Rx Link speed: 6Mbps, Max Supported Rx Link speed: 1200Mbps, Frequency: 5745MHz, Net ID: -1, Metered hint: false, score: 60, isUsable: true, CarrierMerged: false, SubscriptionId: -1, IsPrimary: 1, Trusted: true, Restricted: false, Ephemeral: false, OEM paid: false, OEM private: false, OSU AP: false, FQDN: , Provider friendly name: , Requesting package name: MLO Information: , Is TID-To-Link negotiation supported by the AP: false, AP MLD Address: , AP MLO Link Id: , AP MLO Affiliated links:
06-04 20:46:36.434 I/TDLog ( 2071): [APP] New data found, Submitting...
06-04 20:46:36.438 D/TrafficStats( 2071): tagSocket(87) with statsTag=0xffffffff, statsUid=-1
06-04 20:46:36.441 I/TDLog ( 2071): [APP] Failed to submit data!
06-04 20:46:37.169 I/WifiHAL ( 524): call wifi_get_link_stats handler
06-04 20:46:37.169 I/WifiHAL ( 524): Creating message to get link statistics; iface = 16
06-04 20:46:37.169 D/WifiHAL ( 524): error code -95 mapped to -3
06-04 20:46:37.170 E/WifiStaIfaceAidlImpl( 707): getLinkLayerStats failed with service-specific exception: android.os.ServiceSpecificException: (code 4)
06-04 20:46:38.132 D/WanClient( 1349): sendHeartMessage
06-04 20:46:38.133 D/WanClient( 1349): -----final------sendMessage: {"type":"2bKPMh2jwmQ="}
06-04 20:46:38.220 D/WanClient( 1349): onMessage:Thread[WebSocketConnectReadThread-71,5,main]--{"msg":"+MSejyjwlbc="}
06-04 20:46:38.222 D/WanClient( 1349): onMessageReceived:Thread[WebSocketConnectReadThread-71,5,main] {"msg":"+MSejyjwlbc="}
06-04 20:46:38.222 D/WanClient( 1349): type: null
06-04 20:46:38.222 D/WanClient( 1349): send:HB7FxtN64oc=
06-04 20:46:38.222 D/WanClient( 1349): leave:uQ3qCmhm4oA=
06-04 20:46:38.222 D/WanClient( 1349): join:7EsoetslBbs=
06-04 20:46:38.222 D/WanClient( 1349): ITtylgY8LAxdmHmRQSo49Q==
06-04 20:46:40.174 I/WifiHAL ( 524): call wifi_get_link_stats handler
06-04 20:46:40.174 I/WifiHAL ( 524): Creating message to get link statistics; iface = 16
06-04 20:46:40.174 D/WifiHAL ( 524): error code -95 mapped to -3
06-04 20:46:40.175 E/WifiStaIfaceAidlImpl( 707): getLinkLayerStats failed with service-specific exception: android.os.ServiceSpecificException: (code 4)
06-04 20:46:40.283 I/SystemControl( 318): [/UEventObserver.cpp, HDMITxUenventThreadLoop, 451] HDMI TX switch_name:hdmitx_current_status, switch_state: 60
06-04 20:46:40.320 I/SystemControl( 318): [/UEventObserver.cpp, HDMITxUenventThreadLoop, 451] HDMI TX switch_name:hdmitx_current_status, switch_state: 61
06-04 20:46:40.328 I/SystemControl( 318): [/UEventObserver.cpp, HDMITxUenventThreadLoop, 451] HDMI TX switch_name:hdmitx_hpd, switch_state: 1
06-04 20:46:40.328 I/SystemControl( 318): [/DisplayMode.cpp, onTxEvent, 3267] onTxEvent switchName:hdmitx_hpd hpdstate:1 state: 1
06-04 20:46:40.328 I/SystemControl( 318): [/SysWrite.cpp, getKernelReleaseVersion, 701] getKernelReleaseVersion: 5.15
06-04 20:46:40.328 I/SystemControl( 318): [/Ubootenv.cpp, get, 345] [ubootenv] search end and not find env:connector_type
06-04 20:46:40.329 I/SystemControl( 318): [/Ubootenv.cpp, updateValue, 68] [ubootenv] update value name [ubootenv.var.bestdolbyvision]: value [true]
06-04 20:46:40.329 I/SystemControl( 318): [/Ubootenv.cpp, get, 336] [ubootenv] get key:bestdolbyvision envValue: true
06-04 20:46:40.329 I/SystemControl( 318): [/Ubootenv.cpp, get, 336] [ubootenv] get key:hdmimode envValue: none
06-04 20:46:40.329 I/SystemControl( 318): [/Ubootenv.cpp, get, 336] [ubootenv] get key:user_colorattribute envValue: 420,10bit
06-04 20:46:40.329 I/SystemControl( 318): [/Ubootenv.cpp, get, 345] [ubootenv] search end and not find env:hdr_force_mode
06-04 20:46:40.329 I/SystemControl( 318): [/DisplayMode.cpp, gethdrforcemode, 2742] get hdr force mode is [2]
06-04 20:46:40.329 I/SystemControl( 318): [/Ubootenv.cpp, get, 336] [ubootenv] get key:hdr_policy envValue: 0
06-04 20:46:40.329 I/SystemControl( 318): [/DisplayMode.cpp, getHdrStrategy, 2758] getHdrStrategy is [0]
06-04 20:46:40.329 I/SystemControl( 318): [/Ubootenv.cpp, get, 336] [ubootenv] get key:hdr_priority envValue: 268435472
06-04 20:46:40.329 I/SystemControl( 318): [/DisplayMode.cpp, getHdrPriority, 2891] getHdrPriority is [0x10000010]
06-04 20:46:40.329 I/SystemControl( 318): [/DisplayMode.cpp, getCommonData, 1534] isbestcolorspace:0, isbestpolicy:1, hdr_policy:0, hdr_priority :268435472, hdr_force_mode:2
06-04 20:46:40.329 E/MesonHwc( 296): getCrtc by id(0) failed.
06-04 20:46:40.330 V/MesonDisplayServer( 296): GetDisplayMode:
06-04 20:46:40.330 V/WindowManager( 707): app ------------- force_land :0
06-04 20:46:40.330 I/SystemControl( 318): [/DisplayMode.cpp, getDisplayMode, 2331] getDisplayMode mode:
06-04 20:46:40.330 I/SystemControl( 318): [/Ubootenv.cpp, get, 336] [ubootenv] get key:hdmimode envValue: none
06-04 20:46:40.330 I/SystemControl( 318): [/Ubootenv.cpp, get, 336] [ubootenv] get key:cvbsmode envValue: 576cvbs
06-04 20:46:40.330 I/SystemControl( 318): [/DisplayMode.cpp, getCommonData, 1542] hdmi_current_mode:, ubootenv hdmimode:none cvbsmode:576cvbs
06-04 20:46:40.331 E/MesonHwc( 296): getCrtc by id(0) failed.
06-04 20:46:40.331 D/MesonDisplayServer( 296): use connector getDisplayAttribute "HDMI Color ATTR": "420,10bit"
06-04 20:46:40.331 I/hdmicecd( 509): [HdmiCecControl]:Hotplug event port:0, now:1, prevStatus:0 power:1
06-04 20:46:40.331 I/SystemControl( 318): [/Ubootenv.cpp, get, 336] [ubootenv] get key:user_colorattribute envValue: 420,10bit
06-04 20:46:40.331 I/SystemControl( 318): [/DisplayMode.cpp, getCommonData, 1554] hdmi_current_attr:420,10bit, ubootenv_colorattribute:420,10bit
06-04 20:46:40.331 I/SystemControl( 318): [/Ubootenv.cpp, get, 345] [ubootenv] search end and not find env:dv_enable
06-04 20:46:40.331 I/SystemControl( 318): [/DisplayMode.cpp, getCommonData, 1567] dv_enable:0
06-04 20:46:40.331 I/SystemControl( 318): [/Ubootenv.cpp, get, 345] [ubootenv] search end and not find env:user_prefer_dv_type
06-04 20:46:40.331 I/SystemControl( 318): [/DisplayMode.cpp, getCommonData, 1578] ubootenv_dv_type:0
06-04 20:46:40.332 E/MesonHwc( 296): read screen size 0x0 from vinfo
06-04 20:46:40.333 D/DisplayManagerService( 707): Ignore redundant display event 0/2 to 10075/3469
06-04 20:46:40.333 E/MesonHwc( 296): dolby vision driver is not ready
06-04 20:46:40.333 D/MesonHwc( 296): ERR: PLEASE FIX NON-IMPLEMENT FUN(update).
06-04 20:46:40.334 I/SystemControl( 318): [/Ubootenv.cpp, get, 345] [ubootenv] search end and not find env:connector_type
06-04 20:46:40.334 E/MesonHwc( 296): FixedDisplayPipe::getConnectorCfg 11
06-04 20:46:40.336 I/SystemControl( 318): [/DisplayMode.cpp, getHdmiData, 1721] display sink type:1 [0:none, 1:sink, 2:repeater]
06-04 20:46:40.336 I/SystemControl( 318): [/DisplayMode.cpp, filterHdmiDispcap, 1398] before filtered HdmiDispcap: 1080i60hz
06-04 20:46:40.336 I/SystemControl( 318): 720p60hz
06-04 20:46:40.336 I/SystemControl( 318): 480p60hz
06-04 20:46:40.336 I/SystemControl( 318): 576p50hz
06-04 20:46:40.336 I/SystemControl( 318): 720p50hz
06-04 20:46:40.336 I/SystemControl( 318): 1080i50hz
06-04 20:46:40.336 I/SystemControl( 318): 480i60hz
06-04 20:46:40.336 I/SystemControl( 318): 1080p60hz
06-04 20:46:40.336 I/SystemControl( 318): 1080p50hz
06-04 20:46:40.336 I/SystemControl( 318): 1080p24hz
06-04 20:46:40.336 I/SystemControl( 318): 1080p30hz
06-04 20:46:40.336 I/SystemControl( 318): 2160p24hz
06-04 20:46:40.336 I/SystemControl( 318): 2160p30hz
06-04 20:46:40.336 I/SystemControl( 318): 2160p50hz
06-04 20:46:40.336 I/SystemControl( 318): 2160p60hz
06-04 20:46:40.336 I/SystemControl( 318): smpte24hz
06-04 20:46:40.336 I/SystemControl( 318): smpte30hz
06-04 20:46:40.336 I/SystemControl( 318): smpte50hz
06-04 20:46:40.336 I/SystemControl( 318): smpte60hz
06-04 20:46:40.336 I/SystemControl( 318): 2160p25hz
06-04 20:46:40.336 I/SystemControl( 318): smpte25hz
06-04 20:46:40.336 I/SystemControl( 318): 1080p25hz
06-04 20:46:40.336 I/SystemControl( 318): 1920x1080p120hz
06-04 20:46:40.336 I/SystemControl( 318): 1920x1080p100hz
06-04 20:46:40.336 I/SystemControl( 318):
06-04 20:46:40.338 E/ccc ( 1349): cccccc hdmi plug reset
06-04 20:46:40.338 I/SystemControl( 318): [/DisplayMode.cpp, filterHdmiDispcap, 1427] after filtered HdmiDispcap: 1080i60hz
06-04 20:46:40.338 I/SystemControl( 318): 720p60hz
06-04 20:46:40.338 I/SystemControl( 318): 480p60hz
06-04 20:46:40.338 I/SystemControl( 318): 576p50hz
06-04 20:46:40.338 I/SystemControl( 318): 720p50hz
06-04 20:46:40.338 I/SystemControl( 318): 1080i50hz
06-04 20:46:40.338 I/SystemControl( 318): 480i60hz
06-04 20:46:40.338 I/SystemControl( 318): 1080p60hz
06-04 20:46:40.338 I/SystemControl( 318): 1080p50hz
06-04 20:46:40.338 I/SystemControl( 318): 1080p24hz
06-04 20:46:40.338 I/SystemControl( 318): 1080p30hz
06-04 20:46:40.338 I/SystemControl( 318): 2160p24hz
06-04 20:46:40.338 I/SystemControl( 318): 2160p30hz
06-04 20:46:40.338 I/SystemControl( 318): 2160p50hz
06-04 20:46:40.338 I/SystemControl( 318): 2160p60hz
06-04 20:46:40.338 I/SystemControl( 318): smpte24hz
06-04 20:46:40.338 I/SystemControl( 318): smpte30hz
06-04 20:46:40.338 I/SystemControl( 318): smpte50hz
06-04 20:46:40.338 I/SystemControl( 318): smpte60hz
06-04 20:46:40.338 I/SystemControl( 318): 2160p25hz
06-04 20:46:40.338 I/SystemControl( 318): smpte25hz
06-04 20:46:40.338 I/SystemControl( 318): 1080p25hz
06-04 20:46:40.338 I/SystemControl( 318): 1920x1080p120hz
06-04 20:46:40.338 I/SystemControl( 318): 1920x1080p100hz
06-04 20:46:40.338 I/SystemControl( 318):
06-04 20:46:40.339 E/MesonHwc( 296): getCrtc by id(0) failed.
06-04 20:46:40.339 E/xxxxxxxxxxxxxxx( 1414): onReceive:mIsHDMIPlugged = true
06-04 20:46:40.340 I/WiredAccessoryManager( 707): MSG_NEW_DEVICE_STATE
06-04 20:46:40.340 I/AS.AudioDeviceInventory( 707): not sending NOISY: state=1
06-04 20:46:40.341 D/AudioService( 707): setWiredDeviceConnectionState( type:400 state:DEVICE_STATE_AVAILABLE addr: name:) from android
06-04 20:46:40.341 I/AS.AudioDeviceInventory( 707): handleDeviceConnection(true dev:400 address: name:)
06-04 20:46:40.342 I/AS.AudioDeviceInventory( 707): deviceKey:0x400:
06-04 20:46:40.342 I/AS.AudioDeviceInventory( 707): deviceInfo:null is(already)Connected:false
06-04 20:46:40.344 I/audio_hw_hal_primary( 491): [adev_set_parameters:4123] dev:0xe71c0010, kv: set_ARC_hdmi=updated_sad
06-04 20:46:40.344 D/audio_hw_hal_hfp( 491): [audio_extn_hfp_set_parameters:739] audio_extn_hfp_set_parameters
06-04 20:46:40.344 E/MesonHwc( 296): dolby vision driver is not ready
06-04 20:46:40.345 E/MesonHwc( 296): dolby vision driver is not ready
06-04 20:46:40.345 I/SystemControl( 318): [/Ubootenv.cpp, get, 345] [ubootenv] search end and not find env:connector_type
06-04 20:46:40.346 E/MesonHwc( 296): FixedDisplayPipe::getConnectorCfg 11
06-04 20:46:40.346 D/MesonHwc( 296): ERR: PLEASE FIX NON-IMPLEMENT FUN(update).
06-04 20:46:40.346 I/audio_hw_hal_primary( 491): [adev_set_device_connected_state_v7:9037] connected address:, num_descriptors:0, num_profiles:0
06-04 20:46:40.346 I/audio_hw_hal_primary( 491): [set_device_connect_state:4044] state:1, dev:OUT_HDMI(0x400), pre_out:0x80002, pre_in:0x4
06-04 20:46:40.346 D/audio_hw_hal_resourcemgr( 491): [set_output_device_avail:353] device:0x400 avail_out_devices:400 routed_out_devices:0x400
06-04 20:46:40.346 D/audio_hw_hal_stream( 491): update_sink_format_after_hotplug() active stream 0xe6245d80
06-04 20:46:40.346 D/audio_hw_hal_profile( 491): get_hdmi_sink_cap_new is running...
06-04 20:46:40.347 D/audio_hw_hal_profile( 491): query hdmi format...
06-04 20:46:40.347 D/audio_hw_hal_profile( 491): get_hdmi_sink_cap_new ddp is unsupported; ddp-joc(atmos) is unsupported;
06-04 20:46:40.347 I/audio_hw_hal_profile( 491): PCM cap Max channel =2
06-04 20:46:40.347 I/audio_hw_hal_stream( 491): get_sink_capability mbox+dvb case sink_capability = 0x9000000
06-04 20:46:40.347 I/audio_hw_hal_stream( 491): force ddp out =0
06-04 20:46:40.347 D/audio_hw_hal_profile( 491): get_hdmi_sink_cap_new is running...
06-04 20:46:40.347 D/audio_hw_hal_profile( 491): query hdmi format...
06-04 20:46:40.347 D/audio_hw_hal_profile( 491): get_hdmi_sink_cap_new ddp is unsupported; ddp-joc(atmos) is unsupported;
06-04 20:46:40.347 I/audio_hw_hal_profile( 491): PCM cap Max channel =2
06-04 20:46:40.347 I/audio_hw_hal_stream( 491): [get_sink_dts_capability:212] mbox+dvb case sink_capability: PCM_16_BIT(0x1)
06-04 20:46:40.347 D/audio_hw_hal_profile( 491): get_hdmi_sink_cap_new is running...
06-04 20:46:40.347 D/audio_hw_hal_profile( 491): query hdmi format...
06-04 20:46:40.347 D/audio_hw_hal_profile( 491): get_hdmi_sink_cap_new ddp is unsupported; ddp-joc(atmos) is unsupported;
06-04 20:46:40.347 I/audio_hw_hal_profile( 491): PCM cap Max channel =2
06-04 20:46:40.347 I/audio_hw_hal_stream( 491): [get_sink_mpegh_capability:245] mbox+dvb case sink_capability: PCM_16_BIT(0x1)
06-04 20:46:40.347 D/audio_hw_hal_profile( 491): get_hdmi_sink_cap_new is running...
06-04 20:46:40.347 D/audio_hw_hal_profile( 491): [get_hdmi_sink_cap_new:960] query hdmi sample_rate... format: PCM_16_BIT(0x1)
06-04 20:46:40.348 I/audio_hw_hal_profile( 491): get_hdmi_sink_cap_new format =0x1 support rate =sup_sampling_rates=32000|44100|48000|88200|96000|176400|192000
06-04 20:46:40.348 I/audio_hw_hal_stream( 491): pcm_fmt support sample_rate_mask:0x7f
06-04 20:46:40.348 I/audio_hw_hal_stream( 491): get_sink_dv_capability : /sys/class/amhdmitx/amhdmitx0/hdmi_hdr_status = SDR
06-04 20:46:40.348 I/audio_hw_hal_stream( 491): get_sink_dv_capability : dv enable 0
06-04 20:46:40.348 I/audio_hw_hal_stream( 491): [get_sink_format:446] out:0xe6245d80 out devices:0x80002 cur_out_devices:0x400 format:PCM_16_BIT(0x1) digital_mode(PCM) sink cap:AC3(0x9000000)
06-04 20:46:40.348 I/audio_hw_hal_stream( 491): get_sink_format() HDMI ARC or mbox + dvb case
06-04 20:46:40.348 I/audio_hw_hal_stream( 491): [get_sink_format:645] sink_format:PCM_16_BIT(0x1) max channel:2 optical_format:PCM_16_BIT(0x1) dual_output 0
06-04 20:46:40.348 I/audio_hw_hal_ms12common( 491): audiohal_send_msg_2_ms12 mesg_type:MS12_MESG_TYPE_RESET_MS12_ENCODER entry
06-04 20:46:40.348 D/audio_hw_hal_ms12common( 491): ms12_message_threadloop(), msg type: MS12_MESG_TYPE_RESET_MS12_ENCODER
06-04 20:46:40.348 I/audio_hw_hal_ms12v2( 491): +dolby_ms12_encoder_reconfig()
06-04 20:46:40.348 D/libdolbyms12( 491): mch_enable 0
06-04 20:46:40.348 D/audio_hw_hal_continuous_standby( 491): audio_continuous_standby_set, type 1, params 8
06-04 20:46:40.348 D/audio_hw_hal_ms12common( 491): ms12_message_threadloop mesg_list is empty, loop waiting......
06-04 20:46:40.348 I/audio_hw_hal_ms12common( 491): audiohal_send_msg_2_ms12 mesg_type:MS12_MESG_TYPE_RESET_MS12_ENCODER exit
06-04 20:46:40.348 D/audio_hw_hal_ms12v2( 491): set_dolby_ms12_continuous_state audio_continuous_standby_set status 0
06-04 20:46:40.348 D/audio_hw_hal_continuous_standby( 491): audio_continuous_standby_set, type 0, params 0
06-04 20:46:40.348 I/audio_hw_hal_ms12common( 491): aml_set_ms12_scheduler_state ms12_scheduler_state:0, sch_state:0 SCHEDULER_RUNNING is sent to ms12
06-04 20:46:40.348 D/libdolbyms12( 491): set runtime mch_enable 0
06-04 20:46:40.350 W/DeviceHAL( 491): Error from HAL Device in function get_audio_port_v7: Function not implemented
06-04 20:46:40.350 I/AudioFlinger( 542): openOutput() this 0xf5380340, module 10 Device AUDIO_DEVICE_OUT_HDMI, @:, SamplingRate 32000, Format 0x9000000, Channels 0x1, flags 0x51
06-04 20:46:40.351 D/audio_hw_hal_primary( 491): [adev_open_output_stream_new:7868] enter: dev=0xe71c0010 handle=195 devices=0x400/'HDMI,' flags=0x51/'DIRECT,COMPRESS_OFFLOAD,HW_AV_SYNC,' config=(rt=32000 ch_mask=0x1 fmt=0x9000000) address=''
06-04 20:46:40.351 D/audio_hw_hal_primary( 491): adev_open_output_stream_new: enter
06-04 20:46:40.351 I/audio_hw_hal_primary( 491): [adev_open_output_stream:3285] io 405: out:0xe6245650 dev:OUT_HDMI(0x400) addr:
06-04 20:46:40.351 I/audio_hw_hal_primary( 491): [adev_open_output_stream:3287] ch_mask:0x1 rate:32000 format:AC3(0x9000000) flags:0x51
06-04 20:46:40.351 I/audio_hw_hal_primary( 491): adev_open_output_stream: for raw audio output,force alsa stereo output
06-04 20:46:40.351 D/audio_hw_hal_primary( 491): [adev_open_output_stream:3573] format=AC3 rate=32000
06-04 20:46:40.351 I/audio_hw_hal_primary( 491): [adev_open_output_stream:3610] result profile ch_mask:0x1 rate:32000 format:AC3(0x9000000) usecase:RAW_HWSYNC
06-04 20:46:40.351 I/audio_hw_hal_utils( 491): aml_get_stream_dump_file_name line 2929 file_name /data/vendor/audiohal/stream_pid491_tid548.dd
06-04 20:46:40.351 I/audio_hw_hal_primary( 491): [adev_open_output_stream_new:8037] io 405: out: 0xe6245650 card:0 alsa devices:0 exit ------
06-04 20:46:40.353 I/audio_hw_hal_primary( 491): [out_get_buffer_size:552] out:0xe6245650 config.rate=32000, format:AC3(0x9000000), stream format:AC3(0x9000000)
06-04 20:46:40.354 I/AudioFlinger( 542): HAL output buffer size 2048 frames, normal sink buffer size 2048 frames
06-04 20:46:40.354 I/audio_hw_hal_primary( 491): [audiohal_get_latency:1333] io 405: out:0xe6245650 frames:1792 rate:32000 whole_latency:56 alsa_latency:56
06-04 20:46:40.354 I/audio_hw_hal_primary( 491): [out_set_event_callback:3158] io 405: out:0xe6245650, callback:0xe813491d cookie:0xe8a408b0
06-04 20:46:40.355 I/audio_hw_hal_primary( 491): [audiohal_get_latency:1333] io 405: out:0xe6245650 frames:1792 rate:32000 whole_latency:56 alsa_latency:56
06-04 20:46:40.355 I/AudioFlinger( 542): AudioFlinger's thread 0xef7542e0 tid=8260 ready to run
06-04 20:46:40.355 I/audio_hw_hal_primary( 491): [audiohal_get_latency:1333] io 405: out:0xe6245650 frames:1792 rate:32000 whole_latency:56 alsa_latency:56
06-04 20:46:40.355 D/MesonDisplayServer( 296): getDisplayAttribute "Dolby Vision CAP2": "The Rx don't support DolbyVision"
06-04 20:46:40.356 W/IPCThreadState( 542): Sending oneway calls to frozen process.
06-04 20:46:40.356 E/MesonHwc( 296): dolby vision driver is not ready
06-04 20:46:40.357 E/SystemControl( 318): [/DisplayMode.cpp, getHdmiDvCap, 1618] TV isn't support dolby vision: The Rx don't support DolbyVision
06-04 20:46:40.357 I/SystemControl( 318): [/DisplayMode.cpp, onTxEvent, 3294] onTxEvent boot config enable do nothing, just return
06-04 20:46:40.357 I/SystemControl( 318): [/UEventObserver.cpp, HDMITxUenventThreadLoop, 451] HDMI TX switch_name:hdmitx_audio, switch_state: 1
06-04 20:46:40.357 I/SystemControl( 318): [/DisplayMode.cpp, onTxEvent, 3267] onTxEvent switchName:hdmitx_audio hpdstate:1 state: 1
06-04 20:46:40.357 I/SystemControl( 318): [/SysWrite.cpp, getKernelReleaseVersion, 701] getKernelReleaseVersion: 5.15
06-04 20:46:40.357 I/SystemControl( 318): [/SystemControlHal.cpp, onEvent, 72] onEvent event:5, client size:5
06-04 20:46:40.358 D/AudioFlinger( 542): ro.audio.silent is ignored since no output device is set
06-04 20:46:40.359 I/SystemControlClient( 499): notifyCallback event type:5
06-04 20:46:40.359 I/SystemControlClient( 499): notifyCallback: listener is NULL.
06-04 20:46:40.359 I/SystemControlClient( 498): notifyCallback event type:5
06-04 20:46:40.359 I/SystemControlClient( 498): notifyCallback: listener is NULL.
06-04 20:46:40.359 I/SystemControlClient( 245): notifyCallback event type:5
06-04 20:46:40.359 I/SystemControlClient( 245): notifyCallback: listener is NULL.
06-04 20:46:40.359 I/SystemControlClient( 497): notifyCallback event type:5
06-04 20:46:40.359 I/SystemControlClient( 497): notifyCallback: listener is NULL.
06-04 20:46:40.360 I/SystemControlEvent( 1030): system control callback event: 5
06-04 20:46:40.354 I/systemcontrol( 318): type=1400 audit(0.0:1624): avc: denied { call } for scontext=u:r:system_control:s0 tcontext=u:r:hal_power_default:s0 tclass=binder permissive=1
06-04 20:46:40.360 E/MesonHwc( 296): dolby vision driver is not ready
06-04 20:46:40.361 D/AudioFlinger( 542): ro.audio.silent is ignored since no output device is set
06-04 20:46:40.363 V/MesonDisplayServer( 296): GetDisplayMode:dummy_l
06-04 20:46:40.364 I/SystemControl( 318): [/Ubootenv.cpp, get, 336] [ubootenv] get key:hdr_preferred_policy envValue: 0
06-04 20:46:40.366 I/SystemControl( 318): [/Ubootenv.cpp, get, 336] [ubootenv] get key:user_hdr_type envValue: 3
06-04 20:46:40.366 D/MesonDisplayServer( 296): getDisplayAttribute "Dolby Vision CAP2": "The Rx don't support DolbyVision"
06-04 20:46:40.366 I/SystemControl( 318): [/Ubootenv.cpp, updateValue, 68] [ubootenv] update value name [ubootenv.var.hdr_policy]: value [0]
06-04 20:46:40.367 I/SystemControl( 318): [/Ubootenv.cpp, get, 336] [ubootenv] get key:hdr_policy envValue: 0
06-04 20:46:40.367 I/SystemControl( 318): [/Ubootenv.cpp, updateValue, 68] [ubootenv] update value name [ubootenv.var.hdr_priority]: value [268435472]
06-04 20:46:40.368 I/SystemControl( 318): [/Ubootenv.cpp, get, 336] [ubootenv] get key:hdr_priority envValue: 268435472
06-04 20:46:40.368 I/SystemControl( 318): [/Ubootenv.cpp, get, 336] [ubootenv] get key:user_colorattribute envValue: 420,10bit
06-04 20:46:40.368 V/MesonDisplayServer( 296): GetDisplayMode:dummy_l
06-04 20:46:40.368 I/SystemControl( 318): [/Ubootenv.cpp, get, 336] [ubootenv] get key:hdmimode envValue: none
06-04 20:46:40.369 I/SystemControl( 318): [/Ubootenv.cpp, get, 336] [ubootenv] get key:cvbsmode envValue: 576cvbs
06-04 20:46:40.369 I/SystemControl( 318): [/Ubootenv.cpp, get, 336] [ubootenv] get key:user_colorattribute envValue: 420,10bit
06-04 20:46:40.369 I/SystemControl( 318): [/Ubootenv.cpp, get, 345] [ubootenv] search end and not find env:dv_enable
06-04 20:46:40.370 E/MesonHwc( 296): dolby vision driver is not ready
06-04 20:46:40.370 I/SystemControl( 318): [/Ubootenv.cpp, get, 345] [ubootenv] search end and not find env:user_prefer_dv_type
06-04 20:46:40.370 E/MesonHwc( 296): dolby vision driver is not ready
06-04 20:46:40.371 D/MesonDisplayServer( 296): getDisplayAttribute "Dolby Vision CAP2": "The Rx don't support DolbyVision"
06-04 20:46:40.371 E/MesonHwc( 296): TV isn't support dv: The Rx don't support DolbyVision
06-04 20:46:40.371 I/SystemControl( 318): [/Ubootenv.cpp, get, 345] [ubootenv] search end and not find env:hdr_force_mode
06-04 20:46:40.371 I/AudioFlinger( 542): openOutput() this 0xf5380340, module 10 Device AUDIO_DEVICE_OUT_HDMI, @:, SamplingRate 32000, Format 0x000001, Channels 0x1, flags 0x41
06-04 20:46:40.371 D/audio_hw_hal_primary( 491): [adev_open_output_stream_new:7868] enter: dev=0xe71c0010 handle=19d devices=0x400/'HDMI,' flags=0x41/'DIRECT,HW_AV_SYNC,' config=(rt=32000 ch_mask=0x1 fmt=0x1) address=''
06-04 20:46:40.371 D/audio_hw_hal_primary( 491): adev_open_output_stream_new: enter
06-04 20:46:40.371 I/audio_hw_hal_primary( 491): [adev_open_output_stream:3285] io 413: out:0xe62440c0 dev:OUT_HDMI(0x400) addr:
06-04 20:46:40.371 I/audio_hw_hal_primary( 491): [adev_open_output_stream:3287] ch_mask:0x1 rate:32000 format:PCM_16_BIT(0x1) flags:0x41
06-04 20:46:40.371 D/audio_hw_hal_primary( 491): [adev_open_output_stream:3573] format=PCM_16_BIT rate=32000
06-04 20:46:40.371 I/audio_hw_hal_primary( 491): init resampler from 32000 to 48000!
06-04 20:46:40.371 D/audio_hw_utils_resampler( 491): resampler_init, Init Resampler: input_sr = 32000, output_sr = 48000
06-04 20:46:40.371 I/audio_hw_hal_primary( 491): [adev_open_output_stream:3610] result profile ch_mask:0x1 rate:32000 format:PCM_16_BIT(0x1) usecase:PCM_HWSYNC
06-04 20:46:40.372 D/audio_hw_hal_timer( 491): func:audio_timer_create create timer.1 success.
06-04 20:46:40.372 D/audio_hw_hal_timer( 491): func:audio_timer_create create timer.2 success.
06-04 20:46:40.373 D/audio_hw_hal_primary( 491): [adev_open_output_stream_new:7980] timer_id:1
06-04 20:46:40.373 I/audio_hw_hal_utils( 491): aml_get_stream_dump_file_name line 2929 file_name /data/vendor/audiohal/stream_pid491_tid491.pcm
06-04 20:46:40.373 I/audio_hw_hal_primary( 491): [adev_open_output_stream_new:8037] io 413: out: 0xe62440c0 card:0 alsa devices:0 exit ------
06-04 20:46:40.373 I/SystemControl( 318): [/Ubootenv.cpp, get, 336] [ubootenv] get key:hdr_policy envValue: 0
06-04 20:46:40.374 I/SystemControl( 318): [/Ubootenv.cpp, get, 336] [ubootenv] get key:hdr_priority envValue: 268435472
06-04 20:46:40.374 I/audio_hw_hal_primary( 491): [out_get_buffer_size:552] out:0xe62440c0 config.rate=32000, format:PCM_16_BIT(0x1), stream format:PCM_16_BIT(0x1)
06-04 20:46:40.374 I/AudioFlinger( 542): HAL output buffer size 2068 frames, normal sink buffer size 2068 frames
06-04 20:46:40.374 E/MesonHwc( 296): dolby vision driver is not ready
06-04 20:46:40.374 I/audio_hw_hal_primary( 491): [audiohal_get_latency:1333] io 413: out:0xe62440c0 frames:1152 rate:32000 whole_latency:36 alsa_latency:36
06-04 20:46:40.374 D/MesonDisplayServer( 296): getDisplayAttribute "Dolby Vision CAP2": "The Rx don't support DolbyVision"
06-04 20:46:40.374 I/SystemControl( 318): [/Ubootenv.cpp, get, 345] [ubootenv] search end and not find env:hdr_resolution_priority
06-04 20:46:40.374 I/audio_hw_hal_primary( 491): [out_set_event_callback:3158] io 413: out:0xe62440c0, callback:0xe813491d cookie:0xe8a409d0
06-04 20:46:40.375 I/AudioFlinger( 542): AudioFlinger's thread 0xef76c640 tid=8263 ready to run
06-04 20:46:40.375 I/audio_hw_hal_primary( 491): [audiohal_get_latency:1333] io 413: out:0xe62440c0 frames:1024 rate:32000 whole_latency:32 alsa_latency:32
06-04 20:46:40.376 I/audio_hw_hal_primary( 491): [audiohal_get_latency:1333] io 413: out:0xe62440c0 frames:1280 rate:32000 whole_latency:40 alsa_latency:40
06-04 20:46:40.376 D/AudioFlinger( 542): ro.audio.silent is ignored since no output device is set
06-04 20:46:40.376 W/IPCThreadState( 542): Sending oneway calls to frozen process.
06-04 20:46:40.376 D/audio_hw_hal_primary( 491): [out_standby_new:5767] io 413: out:0xe62440c0 usecase:PCM_HWSYNC
06-04 20:46:40.377 I/audio_hw_hal_primary( 491): already standby, do nothing
06-04 20:46:40.377 I/SystemControl( 318): [/Ubootenv.cpp, get, 345] [ubootenv] search end and not find env:user_prefer_dv_type
06-04 20:46:40.377 E/MesonHwc( 296): dolby vision driver is not ready
06-04 20:46:40.377 V/MesonDisplayServer( 296): GetDisplayMode:dummy_l
06-04 20:46:40.378 D/AudioFlinger( 542): ro.audio.silent is ignored since no output device is set
06-04 20:46:40.379 I/SystemControl( 318): [/Ubootenv.cpp, get, 345] [ubootenv] search end and not find env:framerate_priority
06-04 20:46:40.379 D/AudioFlinger( 542): ro.audio.silent is ignored since no output device is set
06-04 20:46:40.380 D/AudioFlinger( 542): ro.audio.silent is ignored since no output device is set
06-04 20:46:40.381 I/SystemControl( 318): [/Ubootenv.cpp, get, 336] [ubootenv] get key:hdmimode envValue: none
06-04 20:46:40.381 D/AudioFlinger( 542): ro.audio.silent is ignored since no output device is set
06-04 20:46:40.382 D/AudioFlinger( 542): ro.audio.silent is ignored since no output device is set
06-04 20:46:40.382 I/MesonDisplay( 296): [/mode_policy.c, meson_mode_set_policy, 1177] connector:0 to policy:0
06-04 20:46:40.382 I/MesonDisplay( 296): [/mode_policy.c, is_dv_prefer, 66] not prefer dv, hdr_priority:10000010
06-04 20:46:40.382 I/MesonDisplay( 296): [/mode_policy.c, is_dv_prefer, 66] not prefer dv, hdr_priority:10000010
06-04 20:46:40.382 I/MesonDisplay( 296): [/mode_policy.c, hdr_scene_process, 724] policy:0 is_bestcolorspace:0 state:1
06-04 20:46:40.382 I/MesonDisplay( 296): [/mode_policy_parser.c, is_support_hdmimode, 115] is_support_hdmimode mode: none not support
06-04 20:46:40.382 I/MesonDisplay( 296): [/mode_policy_parser.c, is_support_hdmimode, 110] is_support_hdmimode mode: 2160p60hz
06-04 20:46:40.383 I/MesonDisplay( 296): [/mode_policy.c, meson_mode_support_mode, 1309] meson_mode_support_mode type:1 mode:2160p60hz
06-04 20:46:40.383 I/MesonDisplay( 296): [/mode_policy_parser.c, is_support_hdmimode, 110] is_support_hdmimode mode: 2160p60hz
06-04 20:46:40.383 D/MesonDisplay( 296): meson_write /sys/class/amhdmitx/amhdmitx0/valid_mode, outputmode:2160p60hz420,10bit
06-04 20:46:40.383 D/MesonDisplay( 296): valid mode is true!
06-04 20:46:40.383 I/MesonDisplay( 296): [/mode_policy.c, meson_mode_support_mode, 1349] support current mode:[2160p60hz], color format:[420,10bit]
06-04 20:46:40.383 I/MesonDisplay( 296): [/mode_policy.c, hdr_scene_process, 812] hdr_scene_process mode:[2160p60hz] support hdr
06-04 20:46:40.383 D/MesonDisplay( 296): meson_write /sys/class/amhdmitx/amhdmitx0/valid_mode, outputmode:2160p60hz420,10bit
06-04 20:46:40.383 D/MesonDisplay( 296): valid mode is true!
06-04 20:46:40.383 I/MesonDisplay( 296): [/mode_policy.c, hdr_scene_process, 826] support current mode:[2160p60hz], deep color:[420,10bit]
06-04 20:46:40.383 I/MesonDisplay( 296): [/mode_policy.c, meson_mode_get_policy_output, 1289] final_displaymode:2160p60hz, final_deepcolor:420,10bit, amdv_type:0
06-04 20:46:40.383 D/AudioFlinger( 542): ro.audio.silent is ignored since no output device is set
06-04 20:46:40.383 I/SystemControl( 318): [/Ubootenv.cpp, get, 336] [ubootenv] get key:hdr_preferred_policy envValue: 0
06-04 20:46:40.384 D/AudioFlinger( 542): ro.audio.silent is ignored since no output device is set
06-04 20:46:40.385 D/AudioFlinger( 542): ro.audio.silent is ignored since no output device is set
06-04 20:46:40.385 D/AudioFlinger( 542): ro.audio.silent is ignored since no output device is set
06-04 20:46:40.386 D/MesonDisplayServer( 296): use connector getDisplayAttribute "HDMI Color ATTR": "420,10bit"
06-04 20:46:40.386 D/MesonDisplayServer( 296): getDisplayAttribute "HDR Policy": "0"
06-04 20:46:40.386 D/AudioFlinger( 542): ro.audio.silent is ignored since no output device is set
06-04 20:46:40.386 D/MesonDisplayServer( 296): getDisplayAttribute "FORCE HDR Mode": "0"
06-04 20:46:40.386 D/MesonDisplayServer( 296): getDisplayAttribute "Dolby Vision Mode": "usage: echo mode > /sys/class/amdolby_vision/dv_mode AMDV_OUTPUT_MODE_BYPASS 0 AMDV_OUTPUT_MODE_IPT 1 AMDV_OUTPUT_MODE_IPT_TUNNEL 2 AMDV_OUTPUT_MODE_HDR10 3 AMDV_OUTPUT_MODE_SDR10 4 AMDV_OUTPUT_MODE_SDR8 5current dv_mode = off"
06-04 20:46:40.386 D/MesonDisplayServer( 296): getDisplayAttribute "Dolby Vision Policy": "0"
06-04 20:46:40.387 D/AudioFlinger( 542): ro.audio.silent is ignored since no output device is set
06-04 20:46:40.387 I/SystemControl( 318): [/Ubootenv.cpp, get, 345] [ubootenv] search end and not find env:hdr_force_mode
06-04 20:46:40.387 D/AudioFlinger( 542): ro.audio.silent is ignored since no output device is set
06-04 20:46:40.388 I/SystemControl( 318): [/Ubootenv.cpp, get, 336] [ubootenv] get key:hdr_policy envValue: 0
06-04 20:46:40.388 D/AudioFlinger( 542): ro.audio.silent is ignored since no output device is set
06-04 20:46:40.389 I/AudioFlinger( 542): openOutput() this 0xf5380340, module 10 Device AUDIO_DEVICE_OUT_HDMI, @:, SamplingRate 0, Format 00000000, Channels 0, flags 0x1
06-04 20:46:40.389 D/audio_hw_hal_primary( 491): [adev_open_output_stream_new:7868] enter: dev=0xe71c0010 handle=1a5 devices=0x400/'HDMI,' flags=0x1/'DIRECT,' config=(rt=0 ch_mask=0x0 fmt=0x0) address=''
06-04 20:46:40.389 D/audio_hw_hal_primary( 491): adev_open_output_stream_new: enter
06-04 20:46:40.389 I/audio_hw_hal_primary( 491): [adev_open_output_stream:3285] io 421: out:0xe6242b30 dev:OUT_HDMI(0x400) addr:
06-04 20:46:40.389 I/audio_hw_hal_primary( 491): [adev_open_output_stream:3287] ch_mask:0 rate:0 format:DEFAULT(0) flags:0x1
06-04 20:46:40.389 I/audio_hw_hal_primary( 491): [adev_open_output_stream:3610] result profile ch_mask:0x3 rate:48000 format:PCM_16_BIT(0x1) usecase:PCM_DIRECT
06-04 20:46:40.389 I/audio_hw_hal_utils( 491): aml_get_stream_dump_file_name line 2929 file_name /data/vendor/audiohal/stream_pid491_tid491.pcm
06-04 20:46:40.389 I/audio_hw_hal_primary( 491): [adev_open_output_stream_new:8037] io 421: out: 0xe6242b30 card:0 alsa devices:0 exit ------
06-04 20:46:40.390 I/audio_hw_hal_primary( 491): [out_get_buffer_size:552] out:0xe6242b30 config.rate=48000, format:PCM_16_BIT(0x1), stream format:PCM_16_BIT(0x1)
06-04 20:46:40.395 E/MesonHwc( 296): dolby vision driver is not ready
06-04 20:46:40.395 D/MesonDisplayServer( 296): use connector getDisplayAttribute "HDR Priority": "268435472"
06-04 20:46:40.396 I/SystemControl( 318): [/Ubootenv.cpp, get, 336] [ubootenv] get key:hdr_priority envValue: 268435472
06-04 20:46:40.396 D/MesonDisplayServer( 296): getDisplayAttribute "Dolby Vision Enable": "N"
06-04 20:46:40.396 D/MesonDisplayServer( 296): getDisplayAttribute "Dolby Vision LL Policy": "0"
06-04 20:46:40.396 E/MesonHwc( 296): dolby vision driver is not ready
06-04 20:46:40.396 V/MesonDisplayServer( 296): GetDisplayMode:dummy_l
06-04 20:46:40.396 I/MesonDisplay( 296): [/HDCPTxAuth.cpp, stopVerAll, 344] hdcp_tx 2.2 & 1.4 stop hdcp pwr
06-04 20:46:40.396 E/MesonDisplay( 296): open /sys/class/amhdmitx/amhdmitx0/hdcp_pwr fail. Error info [No such file or directory]
06-04 20:46:40.398 I/AudioFlinger( 542): HAL output buffer size 2048 frames, normal sink buffer size 2048 frames
06-04 20:46:40.399 I/audio_hw_hal_primary( 491): [audiohal_get_latency:1333] io 421: out:0xe6242b30 frames:1280 rate:48000 whole_latency:26 alsa_latency:26
06-04 20:46:40.399 I/audio_hw_hal_primary( 491): [out_set_event_callback:3158] io 421: out:0xe6242b30, callback:0xe813491d cookie:0xe8a42650
06-04 20:46:40.400 I/AudioFlinger( 542): AudioFlinger's thread 0xef7706d0 tid=8266 ready to run
06-04 20:46:40.400 I/audio_hw_hal_primary( 491): [audiohal_get_latency:1333] io 421: out:0xe6242b30 frames:1152 rate:48000 whole_latency:24 alsa_latency:24
06-04 20:46:40.400 I/audio_hw_hal_primary( 491): [audiohal_get_latency:1333] io 421: out:0xe6242b30 frames:1152 rate:48000 whole_latency:24 alsa_latency:24
06-04 20:46:40.401 W/IPCThreadState( 542): Sending oneway calls to frozen process.
06-04 20:46:40.401 I/audio_hw_hal_profile( 491): [out_get_parameters:2085] out:0xe6242b30 query audio format. ++++++++++ hal_format:PCM_16_BIT
06-04 20:46:40.401 D/audio_hw_hal_profile( 491): get_hdmi_sink_cap_new is running...
06-04 20:46:40.401 D/audio_hw_hal_profile( 491): query hdmi format...
06-04 20:46:40.401 D/audio_hw_hal_profile( 491): get_hdmi_sink_cap_new ddp is unsupported; ddp-joc(atmos) is unsupported;
06-04 20:46:40.401 I/audio_hw_hal_profile( 491): PCM cap Max channel =2
06-04 20:46:40.401 I/audio_hw_hal_profile( 491): [out_get_parameters:2165] sup_formats=AUDIO_FORMAT_PCM_16_BIT|AUDIO_FORMAT_IEC61937|AUDIO_FORMAT_AC3|AUDIO_FORMAT_E_AC3
06-04 20:46:40.401 D/APM_AudioPolicyManager( 542): modifySurroundFormats: forced use = 13
06-04 20:46:40.402 I/audio_hw_hal_profile( 491): [out_get_parameters:2089] out:0xe6242b30 query sample rate. Format:PCM_16_BIT(0x1) ++++++++++ hal_format:PCM_16_BIT
06-04 20:46:40.402 D/audio_hw_hal_profile( 491): get_hdmi_sink_cap_new is running...
06-04 20:46:40.402 D/audio_hw_hal_profile( 491): [get_hdmi_sink_cap_new:960] query hdmi sample_rate... format: PCM_16_BIT(0x1)
06-04 20:46:40.402 I/audio_hw_hal_profile( 491): get_hdmi_sink_cap_new format =0x1 support rate =sup_sampling_rates=32000|44100|48000|88200|96000|176400|192000
06-04 20:46:40.402 I/audio_hw_hal_profile( 491): [out_get_parameters:2165] sup_sampling_rates=32000|44100|48000|88200|96000|176400|192000
06-04 20:46:40.403 D/AudioFlinger( 542): ro.audio.silent is ignored since no output device is set
06-04 20:46:40.403 I/audio_hw_hal_profile( 491): [out_get_parameters:2092] out:0xe6242b30 query channels. Format:PCM_16_BIT(0x1) ++++++++++ hal_format:PCM_16_BIT
06-04 20:46:40.403 D/audio_hw_hal_profile( 491): get_hdmi_sink_cap_new is running...
06-04 20:46:40.403 D/audio_hw_hal_profile( 491): [get_hdmi_sink_cap_new:887] query hdmi channels... format: PCM_16_BIT(0x1)
06-04 20:46:40.403 I/audio_hw_hal_profile( 491): [out_get_parameters:2165] sup_channels=AUDIO_CHANNEL_OUT_STEREO
06-04 20:46:40.404 D/audio_hw_hal_primary( 491): [out_standby_new:5767] io 421: out:0xe6242b30 usecase:PCM_DIRECT
06-04 20:46:40.404 I/audio_hw_hal_primary( 491): already standby, do nothing
06-04 20:46:40.405 I/audio_hw_hal_profile( 491): [out_get_parameters:2089] out:0xe6242b30 query sample rate. Format:IEC61937(0xd000000) ++++++++++ hal_format:PCM_16_BIT
06-04 20:46:40.405 D/audio_hw_hal_profile( 491): get_hdmi_sink_cap_new is running...
06-04 20:46:40.405 D/audio_hw_hal_profile( 491): [get_hdmi_sink_cap_new:960] query hdmi sample_rate... format: IEC61937(0xd000000)
06-04 20:46:40.405 I/audio_hw_hal_profile( 491): [out_get_parameters:2165] sup_sampling_rates=8000|11025|16000|22050|24000|32000|44100|48000|128000|176400|192000
06-04 20:46:40.405 I/audio_hw_hal_profile( 491): [out_get_parameters:2092] out:0xe6242b30 query channels. Format:IEC61937(0xd000000) ++++++++++ hal_format:PCM_16_BIT
06-04 20:46:40.405 D/audio_hw_hal_profile( 491): get_hdmi_sink_cap_new is running...
06-04 20:46:40.406 D/audio_hw_hal_profile( 491): [get_hdmi_sink_cap_new:887] query hdmi channels... format: IEC61937(0xd000000)
06-04 20:46:40.406 I/audio_hw_hal_profile( 491): [out_get_parameters:2165] sup_channels=AUDIO_CHANNEL_OUT_MONO|AUDIO_CHANNEL_OUT_STEREO|AUDIO_CHANNEL_OUT_TRI|AUDIO_CHANNEL_OUT_TRI_BACK|AUDIO_CHANNEL_OUT_3POINT1|AUDIO_CHANNEL_OUT_QUAD|AUDIO_CHANNEL_OUT_SURROUND|AUDIO_CHANNEL_OUT_PENTA|AUDIO_CHANNEL_OUT_5POINT1|AUDIO_CHANNEL_OUT_7POINT1
06-04 20:46:40.407 D/audio_hw_hal_primary( 491): [out_dump:848] io 421: out:0xe6242b30, fd:21
06-04 20:46:40.408 W/IPCThreadState( 542): Sending oneway calls to frozen process.
06-04 20:46:40.408 D/audio_hw_hal_primary( 491): [out_set_parameters:971] out:0xe6242b30 kvpairs:closing=true;exiting=1 out->out_device:0x400, adev->out_device:0x80002
06-04 20:46:40.408 E/audio_hw_hal_primary( 491): out_set_parameters, ret:-2, hw_sync_mode:is false
06-04 20:46:40.408 D/AudioFlinger( 542): ro.audio.silent is ignored since no output device is set
06-04 20:46:40.409 I/audio_hw_hal_primary( 491): [out_set_event_callback:3158] io 421: out:0xe6242b30, callback:0xe813491d cookie:0xe8a42650
06-04 20:46:40.409 I/audio_hw_hal_primary( 491): [adev_close_output_stream_new:8052] io handle 421: out:0xe6242b30
06-04 20:46:40.409 D/audio_hw_hal_primary( 491): adev_close_output_stream_new: enter usecase = PCM_DIRECT
06-04 20:46:40.409 I/audio_hw_hal_primary( 491): [adev_close_output_stream:3695] io 421: out:0xe6242b30 dev:OUT_HDMI(0x400) flags:0x1, usecase:PCM_DIRECT
06-04 20:46:40.409 D/audio_hw_hal_primary( 491): [out_standby_new:5767] io 421: out:0xe6242b30 usecase:PCM_DIRECT
06-04 20:46:40.409 I/audio_hw_hal_primary( 491): already standby, do nothing
06-04 20:46:40.409 I/audio_hw_hal_resourcemgr( 491): [is_output_device_muted:710] device:0x2 port_mute:0, fade_mute:0
06-04 20:46:40.409 I/audio_hw_hal_primary( 491): [adev_close_output_stream:3863] io 421: out:0xe6242b30 exit ------
06-04 20:46:40.410 I/AudioFlinger( 542): openOutput() this 0xf5380340, module 10 Device AUDIO_DEVICE_OUT_HDMI, @:, SamplingRate 8000, Format 0xd000000, Channels 0x1, flags 0x1
06-04 20:46:40.410 D/audio_hw_hal_primary( 491): [adev_open_output_stream_new:7868] enter: dev=0xe71c0010 handle=1ad devices=0x400/'HDMI,' flags=0x401/'DIRECT,IEC958_NONAUDIO,' config=(rt=8000 ch_mask=0x1 fmt=0xd000000) address=''
06-04 20:46:40.410 D/audio_hw_hal_primary( 491): adev_open_output_stream_new: enter
06-04 20:46:40.410 I/audio_hw_hal_primary( 491): [adev_open_output_stream:3285] io 429: out:0xe6242b30 dev:OUT_HDMI(0x400) addr:
06-04 20:46:40.410 I/audio_hw_hal_primary( 491): [adev_open_output_stream:3287] ch_mask:0x1 rate:8000 format:IEC61937(0xd000000) flags:0x401
06-04 20:46:40.410 D/audio_hw_hal_primary( 491): [adev_open_output_stream:3381] current format is IEC61937
06-04 20:46:40.410 I/audio_hw_hal_primary( 491): [adev_open_output_stream:3610] result profile ch_mask:0x1 rate:8000 format:IEC61937(0xd000000) usecase:RAW_DIRECT
06-04 20:46:40.410 I/audio_hw_hal_utils( 491): aml_get_stream_dump_file_name line 2929 file_name /data/vendor/audiohal/stream_pid491_tid703.pcm
06-04 20:46:40.410 I/audio_hw_hal_primary( 491): [adev_open_output_stream_new:8037] io 429: out: 0xe6242b30 card:0 alsa devices:0 exit ------
06-04 20:46:40.411 I/audio_hw_hal_primary( 491): [out_get_buffer_size:552] out:0xe6242b30 config.rate=8000, format:IEC61937(0xd000000), stream format:IEC61937(0xd000000)
06-04 20:46:40.411 I/audio_hw_hal_primary( 491): out_get_buffer_size AUDIO_FORMAT_IEC61937 buffer size = 4096 frames
06-04 20:46:40.411 I/AudioFlinger( 542): HAL output buffer size 2048 frames, normal sink buffer size 2048 frames
06-04 20:46:40.411 I/audio_hw_hal_primary( 491): [audiohal_get_latency:1333] io 429: out:0xe6242b30 frames:1152 rate:8000 whole_latency:144 alsa_latency:144
06-04 20:46:40.412 I/audio_hw_hal_primary( 491): [out_set_event_callback:3158] io 429: out:0xe6242b30, callback:0xe813491d cookie:0xe8a40fd0
06-04 20:46:40.412 I/AudioFlinger( 542): AudioFlinger's thread 0xef7706d0 tid=8268 ready to run
06-04 20:46:40.412 I/audio_hw_hal_primary( 491): [audiohal_get_latency:1333] io 429: out:0xe6242b30 frames:1024 rate:8000 whole_latency:128 alsa_latency:128
06-04 20:46:40.412 I/audio_hw_hal_primary( 491): [audiohal_get_latency:1333] io 429: out:0xe6242b30 frames:1024 rate:8000 whole_latency:128 alsa_latency:128
06-04 20:46:40.412 W/IPCThreadState( 542): Sending oneway calls to frozen process.
06-04 20:46:40.413 D/AudioFlinger( 542): ro.audio.silent is ignored since no output device is set
06-04 20:46:40.413 D/audio_hw_hal_primary( 491): [out_standby_new:5767] io 429: out:0xe6242b30 usecase:RAW_DIRECT
06-04 20:46:40.413 I/audio_hw_hal_primary( 491): already standby, do nothing
06-04 20:46:40.414 D/AudioFlinger( 542): ro.audio.silent is ignored since no output device is set
06-04 20:46:40.422 I/AudioFlinger( 542): openOutput() this 0xf5380340, module 10 Device AUDIO_DEVICE_OUT_HDMI, @:, SamplingRate 44100, Format 0xe000000, Channels 0x1, flags 0x11
06-04 20:46:40.423 D/audio_hw_hal_primary( 491): [adev_open_output_stream_new:7868] enter: dev=0xe71c0010 handle=1b5 devices=0x400/'HDMI,' flags=0x11/'DIRECT,COMPRESS_OFFLOAD,' config=(rt=44100 ch_mask=0x1 fmt=0xe000000) address=''
06-04 20:46:40.423 D/audio_hw_hal_primary( 491): adev_open_output_stream_new: enter
06-04 20:46:40.423 I/audio_hw_hal_primary( 491): [adev_open_output_stream:3285] io 437: out:0xe62447f0 dev:OUT_HDMI(0x400) addr:
06-04 20:46:40.423 I/audio_hw_hal_primary( 491): [adev_open_output_stream:3287] ch_mask:0x1 rate:44100 format:DOLBY_TRUEHD(0xe000000) flags:0x11
06-04 20:46:40.423 I/audio_hw_hal_primary( 491): adev_open_output_stream: for raw audio output,force alsa stereo output
06-04 20:46:40.423 I/audio_hw_hal_primary( 491): [adev_open_output_stream:3610] result profile ch_mask:0x1 rate:44100 format:DOLBY_TRUEHD(0xe000000) usecase:RAW_DIRECT
06-04 20:46:40.423 I/audio_hw_hal_utils( 491): aml_get_stream_dump_file_name line 2929 file_name /data/vendor/audiohal/stream_pid491_tid703.mlp
06-04 20:46:40.423 I/audio_hw_hal_primary( 491): [adev_open_output_stream_new:8037] io 437: out: 0xe62447f0 card:0 alsa devices:0 exit ------
06-04 20:46:40.424 I/audio_hw_hal_primary( 491): [out_get_buffer_size:552] out:0xe62447f0 config.rate=44100, format:DOLBY_TRUEHD(0xe000000), stream format:DOLBY_TRUEHD(0xe000000)
06-04 20:46:40.424 I/AudioFlinger( 542): HAL output buffer size 16384 frames, normal sink buffer size 16384 frames
06-04 20:46:40.424 I/audio_hw_hal_primary( 491): [audiohal_get_latency:1333] io 437: out:0xe62447f0 frames:1024 rate:44100 whole_latency:23 alsa_latency:23
06-04 20:46:40.425 I/audio_hw_hal_primary( 491): [out_set_event_callback:3158] io 437: out:0xe62447f0, callback:0xe813491d cookie:0xe8a41390
06-04 20:46:40.425 I/AudioFlinger( 542): AudioFlinger's thread 0xef75c400 tid=8269 ready to run
06-04 20:46:40.425 I/audio_hw_hal_primary( 491): [audiohal_get_latency:1333] io 437: out:0xe62447f0 frames:1152 rate:44100 whole_latency:26 alsa_latency:26
06-04 20:46:40.426 I/audio_hw_hal_primary( 491): [audiohal_get_latency:1333] io 437: out:0xe62447f0 frames:1152 rate:44100 whole_latency:26 alsa_latency:26
06-04 20:46:40.426 W/IPCThreadState( 542): Sending oneway calls to frozen process.
06-04 20:46:40.426 D/AudioFlinger( 542): ro.audio.silent is ignored since no output device is set
06-04 20:46:40.427 D/AudioFlinger( 542): ro.audio.silent is ignored since no output device is set
06-04 20:46:40.436 I/AudioFlinger( 542): openOutput() this 0xf5380340, module 10 Device AUDIO_DEVICE_OUT_HDMI, @:, SamplingRate 0, Format 00000000, Channels 0, flags 0x41
06-04 20:46:40.437 D/audio_hw_hal_primary( 491): [adev_open_output_stream_new:7868] enter: dev=0xe71c0010 handle=1bd devices=0x400/'HDMI,' flags=0x41/'DIRECT,HW_AV_SYNC,' config=(rt=0 ch_mask=0x0 fmt=0x0) address=''
06-04 20:46:40.437 D/audio_hw_hal_primary( 491): adev_open_output_stream_new: enter
06-04 20:46:40.437 I/audio_hw_hal_primary( 491): [adev_open_output_stream:3285] io 445: out:0xe6241cd0 dev:OUT_HDMI(0x400) addr:
06-04 20:46:40.437 I/audio_hw_hal_primary( 491): [adev_open_output_stream:3287] ch_mask:0 rate:0 format:DEFAULT(0) flags:0x41
06-04 20:46:40.437 D/audio_hw_hal_primary( 491): [adev_open_output_stream:3573] format=PCM_16_BIT rate=48000
06-04 20:46:40.437 I/audio_hw_hal_primary( 491): [adev_open_output_stream:3610] result profile ch_mask:0x3 rate:48000 format:PCM_16_BIT(0x1) usecase:PCM_HWSYNC
06-04 20:46:40.437 D/audio_hw_hal_timer( 491): func:audio_timer_create create timer.3 success.
06-04 20:46:40.437 D/audio_hw_hal_timer( 491): func:audio_timer_create create timer.4 success.
06-04 20:46:40.438 D/audio_hw_hal_primary( 491): [adev_open_output_stream_new:7980] timer_id:3
06-04 20:46:40.438 I/audio_hw_hal_utils( 491): aml_get_stream_dump_file_name line 2929 file_name /data/vendor/audiohal/stream_pid491_tid703.pcm
06-04 20:46:40.438 I/audio_hw_hal_primary( 491): [adev_open_output_stream_new:8037] io 445: out: 0xe6241cd0 card:0 alsa devices:0 exit ------
06-04 20:46:40.438 E/MesonDisplay( 296): open /sys/class/amhdmitx/amhdmitx0/hdcp_pwr fail. Error info [No such file or directory]
06-04 20:46:40.438 E/MesonDisplay( 296): open /sys/class/amhdmitx/amhdmitx0/hdcp_ctrl fail. Error info [No such file or directory]
06-04 20:46:40.438 E/MesonDisplay( 296): open /sys/class/amhdmitx/amhdmitx0/hdcp_ctrl fail. Error info [No such file or directory]
06-04 20:46:40.439 I/audio_hw_hal_primary( 491): [out_get_buffer_size:552] out:0xe6241cd0 config.rate=48000, format:PCM_16_BIT(0x1), stream format:PCM_16_BIT(0x1)
06-04 20:46:40.439 I/AudioFlinger( 542): HAL output buffer size 2058 frames, normal sink buffer size 2058 frames
06-04 20:46:40.439 I/audio_hw_hal_primary( 491): [audiohal_get_latency:1333] io 445: out:0xe6241cd0 frames:1024 rate:48000 whole_latency:21 alsa_latency:21
06-04 20:46:40.440 I/audio_hw_hal_primary( 491): [out_set_event_callback:3158] io 445: out:0xe6241cd0, callback:0xe813491d cookie:0xe8a40eb0
06-04 20:46:40.440 I/AudioFlinger( 542): AudioFlinger's thread 0xef764520 tid=8272 ready to run
06-04 20:46:40.440 I/audio_hw_hal_primary( 491): [audiohal_get_latency:1333] io 445: out:0xe6241cd0 frames:1280 rate:48000 whole_latency:26 alsa_latency:26
06-04 20:46:40.440 I/MesonDisplay( 296): [/HDCPTxAuth.cpp, stop, 137] hdcp_tx pthread exit id = 4012622272, (null) done
06-04 20:46:40.440 I/audio_hw_hal_primary( 491): [audiohal_get_latency:1333] io 445: out:0xe6241cd0 frames:1280 rate:48000 whole_latency:26 alsa_latency:26
06-04 20:46:40.440 D/MesonDisplayServer( 296): SetDisplay[HDMI] Mode to "2160p60hz"
06-04 20:46:40.441 W/IPCThreadState( 542): Sending oneway calls to frozen process.
06-04 20:46:40.441 D/AudioFlinger( 542): ro.audio.silent is ignored since no output device is set
06-04 20:46:40.441 I/audio_hw_hal_profile( 491): [out_get_parameters:2085] out:0xe6241cd0 query audio format. ++++++++++ hal_format:PCM_16_BIT
06-04 20:46:40.441 D/audio_hw_hal_profile( 491): get_hdmi_sink_cap_new is running...
06-04 20:46:40.442 D/audio_hw_hal_profile( 491): query hdmi format...
06-04 20:46:40.442 D/audio_hw_hal_profile( 491): get_hdmi_sink_cap_new ddp is unsupported; ddp-joc(atmos) is unsupported;
06-04 20:46:40.442 I/audio_hw_hal_profile( 491): PCM cap Max channel =2
06-04 20:46:40.442 I/audio_hw_hal_profile( 491): [out_get_parameters:2165] sup_formats=AUDIO_FORMAT_PCM_16_BIT|AUDIO_FORMAT_IEC61937|AUDIO_FORMAT_AC3|AUDIO_FORMAT_E_AC3
06-04 20:46:40.442 D/APM_AudioPolicyManager( 542): modifySurroundFormats: forced use = 13
06-04 20:46:40.442 I/audio_hw_hal_profile( 491): [out_get_parameters:2089] out:0xe6241cd0 query sample rate. Format:PCM_16_BIT(0x1) ++++++++++ hal_format:PCM_16_BIT
06-04 20:46:40.442 D/audio_hw_hal_profile( 491): get_hdmi_sink_cap_new is running...
