06-04 20:50:01.004 E/IPCThreadState( 501): binder thread pool (1 threads) starved for 275 ms
06-04 20:50:01.083 D/hdmicecd( 501): [CEC]:printCecMsgBuf, msg: 04 8c
06-04 20:50:01.084 D/HDMI ( 707): [R]: 04:8C
06-04 20:50:01.085 D/hdmicecd( 501): [HdmiCecControl]:getVendorId, vendorId: 0x1CA410
06-04 20:50:01.086 D/HDMI ( 707): [S]: 4F:87:1C:A4:10
06-04 20:50:01.238 D/hdmicecd( 501): [CEC]:printCecMessage, [4 -> f] len: 4, body: 87 1c a4 10, result:success
06-04 20:50:01.238 E/IPCThreadState( 501): binder thread pool (1 threads) starved for 151 ms
06-04 20:50:01.323 D/UtilLog ( 2071): 日志批量上报 进行正常循环 !!!!!!本次有0次请求,共0条数据
06-04 20:50:09.107 D/hdmicecd( 501): [CEC]:printCecMsgBuf, msg: 04 83
06-04 20:50:09.108 D/HDMI ( 707): [R]: 04:83
06-04 20:50:09.109 D/hdmicecd( 501): [HdmiCecControl]:getPhysicalAddress, physical addr: 3000, last pa: 3000, ret = 0
06-04 20:50:09.109 D/HDMI ( 707): [S]: 4F:84:30:00:04
06-04 20:50:09.262 D/hdmicecd( 501): [CEC]:printCecMessage, [4 -> f] len: 4, body: 84 30 00 04, result:success
06-04 20:50:09.262 E/IPCThreadState( 501): binder thread pool (1 threads) starved for 153 ms
06-04 20:50:09.382 D/hdmicecd( 501): [CEC]:printCecMsgBuf, msg: 04 83
06-04 20:50:09.383 D/HDMI ( 707): [R]: 04:83
06-04 20:50:09.384 D/hdmicecd( 501): [HdmiCecControl]:getPhysicalAddress, physical addr: 3000, last pa: 3000, ret = 0
06-04 20:50:09.385 D/HDMI ( 707): [S]: 4F:84:30:00:04
06-04 20:50:09.542 D/hdmicecd( 501): [CEC]:printCecMessage, [4 -> f] len: 4, body: 84 30 00 04, result:success
06-04 20:50:09.542 E/IPCThreadState( 501): binder thread pool (1 threads) starved for 158 ms
06-04 20:50:09.658 D/hdmicecd( 501): [CEC]:printCecMsgBuf, msg: 04 83
06-04 20:50:09.659 D/HDMI ( 707): [R]: 04:83
06-04 20:50:09.660 D/hdmicecd( 501): [HdmiCecControl]:getPhysicalAddress, physical addr: 3000, last pa: 3000, ret = 0
06-04 20:50:09.661 D/HDMI ( 707): [S]: 4F:84:30:00:04
06-04 20:50:09.818 D/hdmicecd( 501): [CEC]:printCecMessage, [4 -> f] len: 4, body: 84 30 00 04, result:success
06-04 20:50:09.818 E/IPCThreadState( 501): binder thread pool (1 threads) starved for 156 ms
06-04 20:50:09.833 D/TrafficStats( 1414): tagSocket(107) with statsTag=0xffffffff, statsUid=-1
06-04 20:50:09.934 D/hdmicecd( 501): [CEC]:printCecMsgBuf, msg: 04 46
06-04 20:50:09.934 D/hdmicecd( 501): [CMsgQueue]:sendmsg now = 2454947 msg[0] when = 2455947
06-04 20:50:09.936 D/HDMI ( 707): [R]: 04:46
06-04 20:50:09.937 D/HDMI ( 707): [S]: 40:47:44:42:42:4F:58:2D:41:33
06-04 20:50:09.939 D/hdmicecd( 501): [CMsgQueue]:msg size is 0, break
06-04 20:50:10.212 D/hdmicecd( 501): [CEC]:printCecMessage, [4 -> 0] len: 9, body: 47 44 42 42 4f 58 2d 41 33, result:success
06-04 20:50:10.212 E/IPCThreadState( 501): binder thread pool (1 threads) starved for 275 ms
06-04 20:50:10.635 D/hdmicecd( 501): [CEC]:printCecMsgBuf, msg: 04 8c
06-04 20:50:10.636 D/HDMI ( 707): [R]: 04:8C
06-04 20:50:10.637 D/hdmicecd( 501): [HdmiCecControl]:getVendorId, vendorId: 0x1CA410
06-04 20:50:10.638 D/HDMI ( 707): [S]: 4F:87:1C:A4:10
06-04 20:50:10.794 D/hdmicecd( 501): [CEC]:printCecMessage, [4 -> f] len: 4, body: 87 1c a4 10, result:success
06-04 20:50:10.794 E/IPCThreadState( 501): binder thread pool (1 threads) starved for 156 ms
06-04 20:50:11.322 D/UtilLog ( 2071): 日志批量上报 进行正常循环 !!!!!!本次有0次请求,共0条数据
06-04 20:50:14.271 I/WifiService( 707): startScan uid=1000
06-04 20:50:14.275 E/ccc ( 4242): cccccc i will start scan
06-04 20:50:14.278 D/InstantWifi( 707): Drop, size: 1
06-04 20:50:15.199 D/hdmicecd( 501): [CEC]:printCecMsgBuf, msg: 04 83
06-04 20:50:15.200 D/HDMI ( 707): [R]: 04:83
06-04 20:50:15.201 D/hdmicecd( 501): [HdmiCecControl]:getPhysicalAddress, physical addr: 3000, last pa: 3000, ret = 0
06-04 20:50:15.201 D/HDMI ( 707): [S]: 4F:84:30:00:04
06-04 20:50:15.358 D/hdmicecd( 501): [CEC]:printCecMessage, [4 -> f] len: 4, body: 84 30 00 04, result:success
06-04 20:50:15.358 E/IPCThreadState( 501): binder thread pool (1 threads) starved for 156 ms
06-04 20:50:15.474 D/hdmicecd( 501): [CEC]:printCecMsgBuf, msg: 04 83
06-04 20:50:15.475 D/HDMI ( 707): [R]: 04:83
06-04 20:50:15.475 D/hdmicecd( 501): [HdmiCecControl]:getPhysicalAddress, physical addr: 3000, last pa: 3000, ret = 0
06-04 20:50:15.476 D/HDMI ( 707): [S]: 4F:84:30:00:04
06-04 20:50:15.606 I/TDLog ( 2071): [APP] New data found, Submitting...
06-04 20:50:15.615 D/TrafficStats( 2071): tagSocket(92) with statsTag=0xffffffff, statsUid=-1
06-04 20:50:15.626 I/TDLog ( 2071): [APP] Failed to submit data!
06-04 20:50:15.634 D/hdmicecd( 501): [CEC]:printCecMessage, [4 -> f] len: 4, body: 84 30 00 04, result:success
06-04 20:50:15.634 E/IPCThreadState( 501): binder thread pool (1 threads) starved for 157 ms
06-04 20:50:15.750 D/hdmicecd( 501): [CEC]:printCecMsgBuf, msg: 04 46
06-04 20:50:15.750 D/hdmicecd( 501): [CMsgQueue]:sendmsg now = 2460763 msg[0] when = 2461763
06-04 20:50:15.751 D/HDMI ( 707): [R]: 04:46
06-04 20:50:15.751 D/HDMI ( 707): [S]: 40:47:44:42:42:4F:58:2D:41:33
06-04 20:50:15.752 D/hdmicecd( 501): [CMsgQueue]:msg size is 0, break
06-04 20:50:16.032 D/hdmicecd( 501): [CEC]:printCecMessage, [4 -> 0] len: 9, body: 47 44 42 42 4f 58 2d 41 33, result:success
06-04 20:50:16.032 E/IPCThreadState( 501): binder thread pool (1 threads) starved for 281 ms
06-04 20:50:16.167 D/hdmicecd( 501): [CEC]:printCecMsgBuf, msg: 04 8c
06-04 20:50:16.168 D/HDMI ( 707): [R]: 04:8C
06-04 20:50:16.169 D/hdmicecd( 501): [HdmiCecControl]:getVendorId, vendorId: 0x1CA410
06-04 20:50:16.170 D/HDMI ( 707): [S]: 4F:87:1C:A4:10
06-04 20:50:16.322 D/hdmicecd( 501): [CEC]:printCecMessage, [4 -> f] len: 4, body: 87 1c a4 10, result:success
06-04 20:50:16.322 E/IPCThreadState( 501): binder thread pool (1 threads) starved for 153 ms
06-04 20:50:16.954 D/WifiNl80211Manager( 707): Scan result ready event
06-04 20:50:16.954 D/WifiNative( 707): Scan result ready event
06-04 20:50:17.012 E/hq ( 1414): NetWorkStateReceiver:::NetWorkStateReceiver onReceive: 网络变化广播 >>>> intent.action=android.net.wifi.SCAN_RESULTS
06-04 20:50:17.013 E/ccc ( 4242): cccccc SCAN_RESULTS_AVAILABLE_ACTION hhhh
06-04 20:50:17.018 D/PasspointManager( 707): ANQP entry not found for: 10:7c:61:1a:4b:94:<5G>
06-04 20:50:17.019 I/WifiHAL ( 524): call wifi_get_link_stats handler
06-04 20:50:17.019 I/WifiHAL ( 524): Creating message to get link statistics; iface = 16
06-04 20:50:17.019 D/WifiHAL ( 524): error code -95 mapped to -3
06-04 20:50:17.020 E/WifiStaIfaceAidlImpl( 707): getLinkLayerStats failed with service-specific exception: android.os.ServiceSpecificException: (code 4)
06-04 20:50:17.031 W/eventbuscore( 1414): post Event:com.dangbei.leard.base.entity.event.NetWifiRssiEvent
06-04 20:50:17.041 E/ccc ( 4242): cccccc result is not empty call back
06-04 20:50:17.041 E/ccc ( 4242): cccccc 666666666666666
06-04 20:50:17.063 E/ccc ( 4242): cccccc sort 4 55
06-04 20:50:17.065 D/EventBus( 4242): No subscribers registered for event class com.dangbei.haqusetting.model.bean.event.net.WifiEvent
06-04 20:50:17.065 D/EventBus( 4242): No subscribers registered for event class org.greenrobot.eventbus.NoSubscriberEvent
06-04 20:50:19.876 D/WanClient( 1349): sendHeartMessage
06-04 20:50:19.877 D/WanClient( 1349): -----final------sendMessage: {"type":"2bKPMh2jwmQ="}
06-04 20:50:19.886 D/WanClient( 1349): onMessage:Thread[WebSocketConnectReadThread-71,5,main]--{"msg":"+MSejyjwlbc="}
06-04 20:50:19.889 D/WanClient( 1349): onMessageReceived:Thread[WebSocketConnectReadThread-71,5,main] {"msg":"+MSejyjwlbc="}
06-04 20:50:19.889 D/WanClient( 1349): type: null
06-04 20:50:19.889 D/WanClient( 1349): send:HB7FxtN64oc=
06-04 20:50:19.889 D/WanClient( 1349): leave:uQ3qCmhm4oA=
06-04 20:50:19.889 D/WanClient( 1349): join:7EsoetslBbs=
06-04 20:50:19.889 D/WanClient( 1349): ITtylgY8LAxdmHmRQSo49Q==
06-04 20:50:21.322 D/UtilLog ( 2071): 日志批量上报 进行正常循环 !!!!!!本次有0次请求,共0条数据
06-04 20:50:23.629 I/audio_hw_hal_alsamgr( 491): alsa format =0x1 delay frames =768 total frames=117903360
06-04 20:50:24.103 D/hdmicecd( 501): [CEC]:printCecMsgBuf, msg: 04 83
06-04 20:50:24.105 D/HDMI ( 707): [R]: 04:83
06-04 20:50:24.106 D/hdmicecd( 501): [HdmiCecControl]:getPhysicalAddress, physical addr: 3000, last pa: 3000, ret = 0
06-04 20:50:24.106 D/HDMI ( 707): [S]: 4F:84:30:00:04
06-04 20:50:24.258 D/hdmicecd( 501): [CEC]:printCecMessage, [4 -> f] len: 4, body: 84 30 00 04, result:success
06-04 20:50:24.260 E/IPCThreadState( 501): binder thread pool (1 threads) starved for 154 ms
06-04 20:50:24.382 D/hdmicecd( 501): [CEC]:printCecMsgBuf, msg: 04 83
06-04 20:50:24.383 D/HDMI ( 707): [R]: 04:83
06-04 20:50:24.384 D/hdmicecd( 501): [HdmiCecControl]:getPhysicalAddress, physical addr: 3000, last pa: 3000, ret = 0
06-04 20:50:24.385 D/HDMI ( 707): [S]: 4F:84:30:00:04
06-04 20:50:24.538 D/hdmicecd( 501): [CEC]:printCecMessage, [4 -> f] len: 4, body: 84 30 00 04, result:success
06-04 20:50:24.538 E/IPCThreadState( 501): binder thread pool (1 threads) starved for 153 ms
06-04 20:50:24.658 D/hdmicecd( 501): [CEC]:printCecMsgBuf, msg: 04 83
06-04 20:50:24.659 D/HDMI ( 707): [R]: 04:83
06-04 20:50:24.660 D/hdmicecd( 501): [HdmiCecControl]:getPhysicalAddress, physical addr: 3000, last pa: 3000, ret = 0
06-04 20:50:24.661 D/HDMI ( 707): [S]: 4F:84:30:00:04
06-04 20:50:24.814 D/hdmicecd( 501): [CEC]:printCecMessage, [4 -> f] len: 4, body: 84 30 00 04, result:success
06-04 20:50:24.814 E/IPCThreadState( 501): binder thread pool (1 threads) starved for 153 ms
06-04 20:50:24.934 D/hdmicecd( 501): [CEC]:printCecMsgBuf, msg: 04 46
06-04 20:50:24.934 D/hdmicecd( 501): [CMsgQueue]:sendmsg now = 2469947 msg[0] when = 2470947
06-04 20:50:24.936 D/HDMI ( 707): [R]: 04:46
06-04 20:50:24.937 D/HDMI ( 707): [S]: 40:47:44:42:42:4F:58:2D:41:33
06-04 20:50:24.937 D/hdmicecd( 501): [CMsgQueue]:msg size is 0, break
06-04 20:50:25.212 D/hdmicecd( 501): [CEC]:printCecMessage, [4 -> 0] len: 9, body: 47 44 42 42 4f 58 2d 41 33, result:success
06-04 20:50:25.212 E/IPCThreadState( 501): binder thread pool (1 threads) starved for 275 ms
06-04 20:50:25.639 D/hdmicecd( 501): [CEC]:printCecMsgBuf, msg: 04 8c
06-04 20:50:25.640 D/HDMI ( 707): [R]: 04:8C
06-04 20:50:25.641 D/hdmicecd( 501): [HdmiCecControl]:getVendorId, vendorId: 0x1CA410
06-04 20:50:25.641 D/HDMI ( 707): [S]: 4F:87:1C:A4:10
06-04 20:50:25.798 D/hdmicecd( 501): [CEC]:printCecMessage, [4 -> f] len: 4, body: 87 1c a4 10, result:success
06-04 20:50:25.798 E/IPCThreadState( 501): binder thread pool (1 threads) starved for 157 ms
06-04 20:50:30.207 D/hdmicecd( 501): [CEC]:printCecMsgBuf, msg: 04 83
06-04 20:50:30.208 D/HDMI ( 707): [R]: 04:83
06-04 20:50:30.209 D/hdmicecd( 501): [HdmiCecControl]:getPhysicalAddress, physical addr: 3000, last pa: 3000, ret = 0
06-04 20:50:30.210 D/HDMI ( 707): [S]: 4F:84:30:00:04
06-04 20:50:30.366 D/hdmicecd( 501): [CEC]:printCecMessage, [4 -> f] len: 4, body: 84 30 00 04, result:success
06-04 20:50:30.366 E/IPCThreadState( 501): binder thread pool (1 threads) starved for 155 ms
06-04 20:50:30.483 D/hdmicecd( 501): [CEC]:printCecMsgBuf, msg: 04 83
06-04 20:50:30.484 D/HDMI ( 707): [R]: 04:83
06-04 20:50:30.485 D/hdmicecd( 501): [HdmiCecControl]:getPhysicalAddress, physical addr: 3000, last pa: 3000, ret = 0
06-04 20:50:30.485 D/HDMI ( 707): [S]: 4F:84:30:00:04
06-04 20:50:30.642 D/hdmicecd( 501): [CEC]:printCecMessage, [4 -> f] len: 4, body: 84 30 00 04, result:success
06-04 20:50:30.642 E/IPCThreadState( 501): binder thread pool (1 threads) starved for 157 ms
06-04 20:50:30.759 D/hdmicecd( 501): [CEC]:printCecMsgBuf, msg: 04 46
06-04 20:50:30.759 D/hdmicecd( 501): [CMsgQueue]:sendmsg now = 2475771 msg[0] when = 2476771
06-04 20:50:30.759 D/HDMI ( 707): [R]: 04:46
06-04 20:50:30.761 D/HDMI ( 707): [S]: 40:47:44:42:42:4F:58:2D:41:33
06-04 20:50:30.761 D/hdmicecd( 501): [CMsgQueue]:msg size is 0, break
06-04 20:50:31.040 D/hdmicecd( 501): [CEC]:printCecMessage, [4 -> 0] len: 9, body: 47 44 42 42 4f 58 2d 41 33, result:success
06-04 20:50:31.040 E/IPCThreadState( 501): binder thread pool (1 threads) starved for 279 ms
06-04 20:50:31.108 D/hdmicecd( 501): [CEC]:printCecMsgBuf, msg: 04 8c
06-04 20:50:31.108 D/HDMI ( 707): [R]: 04:8C
06-04 20:50:31.109 D/hdmicecd( 501): [HdmiCecControl]:getVendorId, vendorId: 0x1CA410
06-04 20:50:31.110 D/HDMI ( 707): [S]: 4F:87:1C:A4:10
06-04 20:50:31.262 D/hdmicecd( 501): [CEC]:printCecMessage, [4 -> f] len: 4, body: 87 1c a4 10, result:success
06-04 20:50:31.262 E/IPCThreadState( 501): binder thread pool (1 threads) starved for 152 ms
06-04 20:50:31.323 D/UtilLog ( 2071): 日志批量上报 进行正常循环 !!!!!!本次有0次请求,共0条数据