06-04 20:48:27.648 I/BtGdModule( 8611): packages/modules/Bluetooth/system/gd/module.cc:99 Start: Started Btaa Module
06-04 20:48:27.648 I/BtGdModule( 8611): packages/modules/Bluetooth/system/gd/module.cc:93 Start: Finished starting dependencies and calling Start() of HciHalHidl
06-04 20:48:27.650 I/bluetooth( 8611): packages/modules/Bluetooth/system/gd/hal/hci_hal_android_hidl.cc:439 start_hidl: Trying to find a HIDL interface
06-04 20:48:27.653 I/android.hardware.bluetooth@1.1-impl( 492): BluetoothHci::initialize_1_1()
06-04 20:48:27.653 E/android.hardware.bluetooth@1.0-impl( 492): bt_vendor_acquire_wake_lock call in
06-04 20:48:27.653 E/android.hardware.bluetooth@1.0-impl( 492): bt_vendor_acquire_wake_lock get lock
06-04 20:48:27.653 E/fwlog_bt( 492): updateLogFile
06-04 20:48:27.655 E/fwlog_bt( 492): updateLogFile: to open /data/vendor/fw_log.txt
06-04 20:48:27.656 I/android.hardware.bluetooth@1.0-impl( 492): [Open-284]: ro.vendor.btmodule:multibt
06-04 20:48:27.656 E/Multi_BT( 492): [get_config_param-707]: debug config file not exist
06-04 20:48:27.656 I/Multi_BT( 492): [get_bt_prop-353]: bt_prop_val dev_name:aml_w2_s, mod_name:, vnd_lib_name:libbt-vendor_amlMulti.so, wifi_bt_name:,
06-04 20:48:27.656 I/android.hardware.bluetooth@1.0-impl( 492): [Open-290]: cur dev_name:aml_w2_s, wifi_bt_name:, libbt_vendor:libbt-vendor_amlMulti.so,
06-04 20:48:27.656 I/Multi_BT( 492): [mailbox_qca_bt_name-280]: bt_name:aml_w2_s, not qca6174
06-04 20:48:27.656 I/Multi_BT( 492): [get_aml_bt_module-445]: get aml bt module: aml_w2_s
06-04 20:48:27.656 I/Multi_BT( 492): [aml_special_handle-658]: aml modules need rmmod wifi_comm
06-04 20:48:27.656 E/Multi_BT( 492): [rmmod-641]: Unable to unload driver module wifi_comm
06-04 20:48:27.656 I/Multi_BT( 492): [matching_dev_name-418]: matched dev_name:aml_w2_s, cnt:9
06-04 20:48:27.656 I/Multi_BT( 492): [clr_bt_power_bit-798]: aml w2_s needn't clr bt power bit
06-04 20:48:27.656 I/android.hardware.bluetooth@1.0-impl( 492): [Open-310]: open vnd_lib_name:libbt-vendor_aml.so
06-04 20:48:27.664 I/bt_vendor( 492): amlbt release init 0x2024-0821-1954
06-04 20:48:27.664 I/bt_vendor( 492): I1b034743deac6dfde92346a715774f36b96e2c4b
06-04 20:48:27.664 I/bt_vendor( 492): release base commit:bb2e79fb184ca4ddf6686f77cdb0bf91f6a6fe67
06-04 20:48:27.664 E/bt_vnd_conf( 492): load_aml_stack_conf success to open file '/vendor/firmware/aml_bt.conf'
06-04 20:48:27.664 E/bt_vnd_conf( 492): load_aml_stack_conf BtChip 2
06-04 20:48:27.664 E/bt_vnd_conf( 492): load_aml_stack_conf amlbt_chiptype '2'
06-04 20:48:27.664 E/bt_vnd_conf( 492): load_aml_stack_conf BtPowerOn 2
06-04 20:48:27.664 E/bt_vnd_conf( 492): load_aml_stack_conf amlbt_poweron '2'
06-04 20:48:27.664 E/bt_vnd_conf( 492): load_aml_stack_conf RomCheck 0
06-04 20:48:27.664 E/bt_vnd_conf( 492): load_aml_stack_conf BtRecovery 0
06-04 20:48:27.664 E/bt_vnd_conf( 492): load_aml_stack_conf amlbt_btrecovery '0'
06-04 20:48:27.664 E/bt_vnd_conf( 492): load_aml_stack_conf BtSink 0
06-04 20:48:27.664 E/bt_vnd_conf( 492): load_aml_stack_conf amlbt_btsink '0'
06-04 20:48:27.664 E/bt_vnd_conf( 492): load_aml_stack_conf BtAntenna 2
06-04 20:48:27.664 E/bt_vnd_conf( 492): load_aml_stack_conf amlbt_rftype '2'
06-04 20:48:27.664 E/bt_vnd_conf( 492): load_aml_stack_conf FirmwareMode 1
06-04 20:48:27.664 E/bt_vnd_conf( 492): load_aml_stack_conf amlbt_fw_mode '1'
06-04 20:48:27.664 E/bt_vnd_conf( 492): load_aml_stack_conf ChangePinMux 0
06-04 20:48:27.664 E/bt_vnd_conf( 492): load_aml_stack_conf amlbt_pin_mux '0'
06-04 20:48:27.664 E/bt_vnd_conf( 492): load_aml_stack_conf BrDigitGain 66
06-04 20:48:27.664 E/bt_vnd_conf( 492): load_aml_stack_conf amlbt_br_digit_gain '0x42'
06-04 20:48:27.664 E/bt_vnd_conf( 492): load_aml_stack_conf EdrDigitGain 98
06-04 20:48:27.664 E/bt_vnd_conf( 492): load_aml_stack_conf amlbt_edr_digit_gain '0x62'
06-04 20:48:27.664 E/bt_vnd_conf( 492): load_aml_stack_conf Btfwlog 0
06-04 20:48:27.664 E/bt_vnd_conf( 492): load_aml_stack_conf amlbt_edr_digit_gain '0'
06-04 20:48:27.664 E/bt_vnd_conf( 492): load_aml_stack_conf ManfData 0519ff010a0b 051316010406
06-04 20:48:27.664 E/bt_vnd_conf( 492): load_aml_stack_conf manfdata '0519ff010a0b 051316010406' len 25
06-04 20:48:27.664 E/bt_vnd_conf( 492): load_aml_stack_conf manfdata cnt 2 strlen 12
06-04 20:48:27.664 E/bt_vnd_conf( 492): load_aml_stack_conf Btlog 3
06-04 20:48:27.664 E/bt_vnd_conf( 492): load_aml_stack_conf Btfactory 0
06-04 20:48:27.664 E/bt_vnd_conf( 492): load_aml_stack_conf Btsystem 1
06-04 20:48:27.664 D/bt_vendor( 492): [AML_BT] amlbt_transtype_check_by_persist aml_w2_s
06-04 20:48:27.664 D/bt_vendor( 492): [AML_BT] W2S Chip type(3:0:0)
06-04 20:48:27.664 D/bt_vendor( 492): property_get_state: value HW_STATE_SUCCESS
06-04 20:48:27.664 I/bt_vnd_conf( 492): Attempt to load conf from /vendor/etc/bluetooth/bt_vendor.conf
06-04 20:48:27.664 D/android.hardware.bluetooth@1.0-impl( 492): Open vendor library loaded
06-04 20:48:27.664 D/bt_vendor( 492): op for 0
06-04 20:48:27.664 D/bt_vendor( 492): === power on BT ===
06-04 20:48:27.664 D/bt_vendor( 492): bt_power 0
06-04 20:48:27.664 D/bt_upio ( 492): is_rfkill_disabled ? [0]
06-04 20:48:27.664 E/bt_upio ( 492): break
06-04 20:48:27.664 D/bt_upio ( 492): rfkill_state_path : /sys/class/rfkill/rfkill0/state
06-04 20:48:27.664 D/bt_upio ( 492): upio_power_get read 1
06-04 20:48:27.664 D/bt_upio ( 492): upio_power_get buffer 0 , ret 0
06-04 20:48:27.664 D/bt_vendor( 492): first, set bt power
06-04 20:48:27.664 D/bt_upio ( 492): is_emulator_context : 0
06-04 20:48:27.664 D/bt_upio ( 492): is_rfkill_disabled ? [0]
06-04 20:48:27.730 D/hdmicecd( 501): [CEC]:printCecMsgBuf, msg: 0f 87 00 00 00
06-04 20:48:27.731 D/HDMI ( 707): [R]: 0F:87:00:00:00
06-04 20:48:27.732 D/hdmicecd( 501): [HdmiCecControl]:getPhysicalAddress, physical addr: 3000, last pa: 3000, ret = 0
06-04 20:48:27.732 D/HDMI ( 707): addCecDevice new:CEC: logical_address: 0x00 device_type: 0 cec_version: 5 vendor_id: 16777215 display_name: TV power_status: -1 physical_address: 0xFFFF port_id: -1 old:null
06-04 20:48:27.733 D/HdmiControlService( 707): Switching to full volume behavior
06-04 20:48:27.733 D/hdmicecd( 501): [HdmiCecControl]:getPhysicalAddress, physical addr: 3000, last pa: 3000, ret = 0
06-04 20:48:28.072 D/hdmicecd( 501): [CEC]:printCecMessage, [4 -> 0] len: 9, body: 47 44 42 42 4f 58 2d 41 33, result:success
06-04 20:48:28.072 E/IPCThreadState( 501): binder thread pool (1 threads) starved for 483 ms
06-04 20:48:28.072 D/HDMI ( 707): [S]: 45:7D
06-04 20:48:28.080 D/bt_upio ( 492): in upio_set_bluetooth_power(), write 1 to rfkill state.
06-04 20:48:28.080 D/bt_vendor( 492): end, set bt power
06-04 20:48:28.081 W/bt_vendor( 492): driver wifi_comm is not detected! count=1, usleep(20ms)...
06-04 20:48:28.101 D/bt_vendor( 492): op amlbt_if_type=1536
06-04 20:48:28.101 D/bt_vendor( 492): [insmod]driver: /vendor/lib/modules/w2_comm.ko
06-04 20:48:28.103 E/bt_vendor( 492): [insmod]finit_module failed! File exists
06-04 20:48:28.103 W/bt_vendor( 492): driver w2_comm is detected! count=1
06-04 20:48:28.103 D/bt_vendor( 492): [insmod]driver: /vendor/lib/modules/aml_bt.ko
06-04 20:48:28.105 E/bt_vendor( 492): [insmod]finit_module failed! File exists
06-04 20:48:28.105 W/bt_vendor( 492): driver aml_bt is detected! count=1
06-04 20:48:28.105 D/bt_vendor( 492): op for 3
06-04 20:48:28.105 I/bt_userial_vendor( 492): userial vendor open: opening /dev/ttyS1
06-04 20:48:28.105 E/bt_userial_vendor( 492): userial vendor open success!!
06-04 20:48:28.105 I/bt_userial_vendor( 492): device fd = 9 open
06-04 20:48:28.106 D/bt_vendor( 492): op for 1
06-04 20:48:28.106 D/bt_hwcfg( 492): hw_config_start-------------
06-04 20:48:28.106 D/bt_hwcfg( 492): hw_config_start uart-------------
06-04 20:48:28.106 E/bt_hwcfg( 492): userial vendor: set baud speed 115200
06-04 20:48:28.106 D/bt_vendor( 492): op for 7
06-04 20:48:28.106 D/bt_upio ( 492): upio_set : pio 0 action 2, polarity 1
06-04 20:48:28.106 D/bt_upio ( 492): begin open btwrite.
06-04 20:48:28.106 E/bt_upio ( 492): upio_set : open(/proc/bluetooth/sleep/btwrite) for write failed: No such file or directory (2)
06-04 20:48:28.108 E/bt_hwcfg( 492): userial vendor: set baud speed 4000000
06-04 20:48:28.108 D/bt_hwcfg( 492): hw_config_get_iccm_size chip(3:0:0)
06-04 20:48:28.108 D/bt_hwcfg( 492): open file: /vendor/firmware/w2_bt_fw_uart.bin
06-04 20:48:28.108 D/bt_hwcfg( 492): open file: /vendor/firmware/w2_bt_fw_uart.bin successful!
06-04 20:48:28.108 D/bt_hwcfg( 492): ---------hw_config_get_iccm_size iccm_size 524288---------
06-04 20:48:28.108 D/bt_hwcfg( 492): hw_config_get_dccm_size chip(3:0:0)
06-04 20:48:28.108 D/bt_hwcfg( 492): open file: /vendor/firmware/w2_bt_fw_uart.bin
06-04 20:48:28.108 D/bt_hwcfg( 492): open file: /vendor/firmware/w2_bt_fw_uart.bin successful!
06-04 20:48:28.108 D/bt_hwcfg( 492): ---------hw_config_get_dccm_size dccm_size 131072---------
06-04 20:48:28.108 D/bt_hwcfg( 492): uart_target_baud_rate = 4000000
06-04 20:48:28.108 D/bt_hwcfg( 492): open file: /vendor/firmware/w2_bt_fw_uart.bin
06-04 20:48:28.108 D/bt_hwcfg( 492): open file: /vendor/firmware/w2_bt_fw_uart.bin successful!
06-04 20:48:28.113 D/bt_userial_vendor( 492): userial_vendor_devchar_open, device name = /dev/stpbt
06-04 20:48:28.113 D/bt_userial_vendor( 492): device fd = 13 open
06-04 20:48:28.118 D/bt_hwcfg( 492): iccm write over successfully 0x423
06-04 20:48:28.128 D/hdmicecd( 501): [CEC]:printCecMessage, [4 -> 5] len: 1, body: 7d, result:no ack
06-04 20:48:28.145 D/bt_hwcfg( 492): dccm write over successfully 0x211
06-04 20:48:28.146 D/bt_hwcfg( 492): HW_CFG_AML_DOWNLOAD_FIRMWARE_CLOSE_EVENT
06-04 20:48:28.147 D/bt_hwcfg( 492): antenna number=2 sink mode=0
06-04 20:48:28.149 D/bt_hwcfg( 492): amlbt_pin_mux=0 amlbt_br_digit_gain=0x42 amlbt_edr_digit_gain=0x62
06-04 20:48:28.150 D/bt_hwcfg( 492): amlbt_fwlog_config=0
06-04 20:48:28.151 D/bt_hwcfg( 492): HW_CFG_AML_DOWNLOAD_FIRMWARE_STRAT_CPU_UART_BEFORE
06-04 20:48:28.153 D/bt_hwcfg( 492): 0x70000
06-04 20:48:28.153 D/bt_hwcfg( 492): HW_CFG_AML_DOWNLOAD_FIRMWARE_STRAT_CPU_UART
06-04 20:48:28.154 D/bt_hwcfg( 492): Setting local bd addr to 22:22:02:8D:DA:4E
06-04 20:48:28.175 D/MesonDisplay( 296): read /sys/class/amhdmitx/amhdmitx0/hdcp_lstore, result length:0, val:
06-04 20:48:28.178 D/bt_hwcfg( 492): BT Controller model=aml_w2_s,version = 2025.05.31,number = 0x1c65
06-04 20:48:28.181 D/bt_hwcfg( 492): vendor lib fwcfg completed
06-04 20:48:28.181 D/bt_hwcfg( 492): vendor lib config manf data
06-04 20:48:28.183 D/android.hardware.bluetooth@1.0-impl( 492): OnFirmwareConfigured result: 0
06-04 20:48:28.183 I/android.hardware.bluetooth@1.0-impl( 492): Firmware configured in 0.077s
06-04 20:48:28.183 I/bluetooth( 8611): packages/modules/Bluetooth/system/gd/hal/hci_hal_android_hidl.cc:107 initializationComplete: initialization complete with status: 0
06-04 20:48:28.183 I/BtGdModule( 8611): packages/modules/Bluetooth/system/gd/module.cc:99 Start: Started HciHalHidl
06-04 20:48:28.183 I/BtGdModule( 8611): packages/modules/Bluetooth/system/gd/module.cc:85 Start: Constructing next module
06-04 20:48:28.183 D/bt_vendor( 492): op for 5
06-04 20:48:28.183 I/android.hardware.bluetooth@1.0-impl( 492): OnFirmwareConfigured: lpm_timeout_ms 3000
06-04 20:48:28.183 D/bt_vendor( 492): op for 6
06-04 20:48:28.183 D/bt_upio ( 492): upio_set : pio 2 action 2, polarity 0
06-04 20:48:28.183 I/BtGdModule( 8611): packages/modules/Bluetooth/system/gd/module.cc:89 Start: Starting dependencies of Hci Layer
06-04 20:48:28.183 E/bt_upio ( 492): upio_set : open(/proc/bluetooth/sleep/lpm) for write failed: No such file or directory (2)
06-04 20:48:28.183 I/BtGdModule( 8611): packages/modules/Bluetooth/system/gd/module.cc:85 Start: Constructing next module
06-04 20:48:28.183 D/bt_hwcfg( 492): LPM enabled!!
06-04 20:48:28.183 D/android.hardware.bluetooth@1.0-impl( 492): OnFirmwareConfigured Calling StartLowPowerWatchdog()
06-04 20:48:28.183 I/BtGdModule( 8611): packages/modules/Bluetooth/system/gd/module.cc:89 Start: Starting dependencies of Storage Module
06-04 20:48:28.183 E/android.hardware.bluetooth@1.0-impl( 492): bt_vendor_release_wake_lock call in
06-04 20:48:28.183 I/BtGdModule( 8611): packages/modules/Bluetooth/system/gd/module.cc:93 Start: Finished starting dependencies and calling Start() of Storage Module
06-04 20:48:28.184 E/android.hardware.bluetooth@1.0-impl( 492): bt_vendor_release_wake_lock release lock
06-04 20:48:28.184 D/hdmicecd( 501): [CEC]:printCecMessage, [4 -> 5] len: 1, body: 7d, result:no ack
06-04 20:48:28.184 I/droid.bluetooth( 8611): [0604/204828.184790:INFO:btif_keystore.cc(61)] ConvertEncryptOrDecryptKeyIfNeeded callback isn't ready.
06-04 20:48:28.184 I/BtGdModule( 8611): packages/modules/Bluetooth/system/gd/module.cc:99 Start: Started Storage Module
06-04 20:48:28.184 I/BtGdModule( 8611): packages/modules/Bluetooth/system/gd/module.cc:93 Start: Finished starting dependencies and calling Start() of Hci Layer
06-04 20:48:28.185 E/HDMI ( 707): [1]:Failed to send 45:7D with errorCode=1
06-04 20:48:28.185 D/HDMI ( 707): AVR did not respond to
06-04 20:48:28.186 I/BtGdModule( 8611): packages/modules/Bluetooth/system/gd/module.cc:99 Start: Started Hci Layer
06-04 20:48:28.186 I/BtGdModule( 8611): packages/modules/Bluetooth/system/gd/module.cc:85 Start: Constructing next module
06-04 20:48:28.186 I/BtGdModule( 8611): packages/modules/Bluetooth/system/gd/module.cc:89 Start: Starting dependencies of shim::Dumpsys
06-04 20:48:28.186 I/BtGdModule( 8611): packages/modules/Bluetooth/system/gd/module.cc:93 Start: Finished starting dependencies and calling Start() of shim::Dumpsys
06-04 20:48:28.186 I/BtGdModule( 8611): packages/modules/Bluetooth/system/gd/module.cc:99 Start: Started shim::Dumpsys
06-04 20:48:28.186 I/BtGdModule( 8611): packages/modules/Bluetooth/system/gd/module.cc:85 Start: Constructing next module
06-04 20:48:28.186 I/BtGdModule( 8611): packages/modules/Bluetooth/system/gd/module.cc:89 Start: Starting dependencies of Vendor Specific Event Manager
06-04 20:48:28.186 I/BtGdModule( 8611): packages/modules/Bluetooth/system/gd/module.cc:85 Start: Constructing next module
06-04 20:48:28.186 I/BtGdModule( 8611): packages/modules/Bluetooth/system/gd/module.cc:89 Start: Starting dependencies of Controller
06-04 20:48:28.186 D/HdmiControlService( 707): Switching to full volume behavior
06-04 20:48:28.186 I/BtGdModule( 8611): packages/modules/Bluetooth/system/gd/module.cc:85 Start: Constructing next module
06-04 20:48:28.186 I/BtGdModule( 8611): packages/modules/Bluetooth/system/gd/module.cc:89 Start: Starting dependencies of Sysprops Module
06-04 20:48:28.187 I/BtGdModule( 8611): packages/modules/Bluetooth/system/gd/module.cc:93 Start: Finished starting dependencies and calling Start() of Sysprops Module
06-04 20:48:28.187 I/BtGdModule( 8611): packages/modules/Bluetooth/system/gd/module.cc:99 Start: Started Sysprops Module
06-04 20:48:28.187 I/BtGdModule( 8611): packages/modules/Bluetooth/system/gd/module.cc:93 Start: Finished starting dependencies and calling Start() of Controller
06-04 20:48:28.240 D/hdmicecd( 501): [CEC]:printCecMessage, [4 -> e] len: 0, body:, result:no ack
06-04 20:48:28.241 D/HDMI ( 707): [S]: 40:0D
06-04 20:48:28.325 D/hdmicecd( 501): [CEC]:printCecMessage, [4 -> 0] len: 1, body: 0d, result:success
06-04 20:48:28.326 D/HDMI ( 707): [S]: 4F:82:30:00
06-04 20:48:28.326 D/hdmicecd( 501): [HdmiCecControl]:updateActiveState sending messag:82 active state:1
06-04 20:48:28.365 I/bluetooth( 8611): packages/modules/Bluetooth/system/gd/hci/controller.cc:412 read_default_erroneous_data_reporting_handler: erroneous data reporting: 0
06-04 20:48:28.368 E/bluetooth( 8611): packages/modules/Bluetooth/system/gd/hci/controller.cc:574 le_get_vendor_capabilities_handler: invalid data for hci requirements v0.96
06-04 20:48:28.371 I/SystemControl( 318): [/UEventObserver.cpp, HDMITxUenventThreadLoop, 451] HDMI TX switch_name:hdmitx_current_status, switch_state: 75
06-04 20:48:28.371 I/SystemControl( 318): [/UEventObserver.cpp, HDMITxUenventThreadLoop, 451] HDMI TX switch_name:hdmitx_current_status, switch_state: 76
06-04 20:48:28.372 I/BtGdModule( 8611): packages/modules/Bluetooth/system/gd/module.cc:99 Start: Started Controller
06-04 20:48:28.372 I/BtGdModule( 8611): packages/modules/Bluetooth/system/gd/module.cc:93 Start: Finished starting dependencies and calling Start() of Vendor Specific Event Manager
06-04 20:48:28.372 I/BtGdModule( 8611): packages/modules/Bluetooth/system/gd/module.cc:99 Start: Started Vendor Specific Event Manager
06-04 20:48:28.372 I/BtGdModule( 8611): packages/modules/Bluetooth/system/gd/module.cc:85 Start: Constructing next module
06-04 20:48:28.372 I/BtGdModule( 8611): packages/modules/Bluetooth/system/gd/module.cc:89 Start: Starting dependencies of AclSchedulerModule
06-04 20:48:28.372 I/BtGdModule( 8611): packages/modules/Bluetooth/system/gd/module.cc:93 Start: Finished starting dependencies and calling Start() of AclSchedulerModule
06-04 20:48:28.372 I/BtGdModule( 8611): packages/modules/Bluetooth/system/gd/module.cc:99 Start: Started AclSchedulerModule
06-04 20:48:28.372 I/BtGdModule( 8611): packages/modules/Bluetooth/system/gd/module.cc:85 Start: Constructing next module
06-04 20:48:28.372 I/BtGdModule( 8611): packages/modules/Bluetooth/system/gd/module.cc:89 Start: Starting dependencies of Acl Manager
06-04 20:48:28.372 I/BtGdModule( 8611): packages/modules/Bluetooth/system/gd/module.cc:93 Start: Finished starting dependencies and calling Start() of Acl Manager
06-04 20:48:28.373 I/BtGdModule( 8611): packages/modules/Bluetooth/system/gd/module.cc:99 Start: Started Acl Manager
06-04 20:48:28.373 I/BtGdModule( 8611): packages/modules/Bluetooth/system/gd/module.cc:85 Start: Constructing next module
06-04 20:48:28.373 I/BtGdModule( 8611): packages/modules/Bluetooth/system/gd/module.cc:89 Start: Starting dependencies of Le Advertising Manager
06-04 20:48:28.373 I/BtGdModule( 8611): packages/modules/Bluetooth/system/gd/module.cc:93 Start: Finished starting dependencies and calling Start() of Le Advertising Manager
06-04 20:48:28.373 I/bluetooth( 8611): packages/modules/Bluetooth/system/gd/hci/le_advertising_manager.cc:177 get_tx_path_loss_compensation: Tx path loss compensation: 0
06-04 20:48:28.373 I/BtGdModule( 8611): packages/modules/Bluetooth/system/gd/module.cc:99 Start: Started Le Advertising Manager
06-04 20:48:28.373 I/BtGdModule( 8611): packages/modules/Bluetooth/system/gd/module.cc:85 Start: Constructing next module
06-04 20:48:28.373 I/bluetooth( 8611): packages/modules/Bluetooth/system/gd/hci/msft.cc:305 MsftExtensionManager: MsftExtensionManager()
06-04 20:48:28.373 I/BtGdModule( 8611): packages/modules/Bluetooth/system/gd/module.cc:89 Start: Starting dependencies of Microsoft Extension Manager
06-04 20:48:28.373 I/BtGdModule( 8611): packages/modules/Bluetooth/system/gd/module.cc:93 Start: Finished starting dependencies and calling Start() of Microsoft Extension Manager
06-04 20:48:28.373 I/bluetooth( 8611): packages/modules/Bluetooth/system/gd/hci/msft.cc:51 start: MsftExtensionManager start()
06-04 20:48:28.373 I/bluetooth( 8611): packages/modules/Bluetooth/system/gd/hci/msft.cc:63 start: MSFT extension is not supported.
06-04 20:48:28.373 I/BtGdModule( 8611): packages/modules/Bluetooth/system/gd/module.cc:99 Start: Started Microsoft Extension Manager
06-04 20:48:28.373 I/BtGdModule( 8611): packages/modules/Bluetooth/system/gd/module.cc:85 Start: Constructing next module
06-04 20:48:28.373 I/BtGdModule( 8611): packages/modules/Bluetooth/system/gd/module.cc:89 Start: Starting dependencies of Le Scanning Manager
06-04 20:48:28.373 I/BtGdModule( 8611): packages/modules/Bluetooth/system/gd/module.cc:93 Start: Finished starting dependencies and calling Start() of Le Scanning Manager
06-04 20:48:28.373 I/bluetooth( 8611): packages/modules/Bluetooth/system/gd/hci/le_scanning_manager.cc:304 get_rx_path_loss_compensation: Rx path loss compensation: 0
06-04 20:48:28.373 I/BtGdModule( 8611): packages/modules/Bluetooth/system/gd/module.cc:99 Start: Started Le Scanning Manager
06-04 20:48:28.373 I/BtGdModule( 8611): packages/modules/Bluetooth/system/gd/module.cc:85 Start: Constructing next module
06-04 20:48:28.373 I/BtGdModule( 8611): packages/modules/Bluetooth/system/gd/module.cc:89 Start: Starting dependencies of Distance Measurement Manager
06-04 20:48:28.373 I/BtGdModule( 8611): packages/modules/Bluetooth/system/gd/module.cc:93 Start: Finished starting dependencies and calling Start() of Distance Measurement Manager
06-04 20:48:28.373 I/BtGdModule( 8611): packages/modules/Bluetooth/system/gd/module.cc:99 Start: Started Distance Measurement Manager
06-04 20:48:28.374 I/SystemControl( 318): [/UEventObserver.cpp, HDMITxUenventThreadLoop, 451] HDMI TX switch_name:hdmitx_hpd, switch_state: 0
06-04 20:48:28.374 I/SystemControl( 318): [/DisplayMode.cpp, onTxEvent, 3267] onTxEvent switchName:hdmitx_hpd hpdstate:0 state: 1
06-04 20:48:28.374 I/SystemControl( 318): [/SysWrite.cpp, getKernelReleaseVersion, 701] getKernelReleaseVersion: 5.15
06-04 20:48:28.374 I/SystemControl( 318): [/SystemControlHal.cpp, onEvent, 72] onEvent event:2, client size:5
06-04 20:48:28.375 I/SystemControlClient( 499): notifyCallback event type:2
06-04 20:48:28.375 I/SystemControlClient( 499): notifyCallback: listener is NULL.
06-04 20:48:28.375 I/SystemControl( 318): [/Ubootenv.cpp, get, 336] [ubootenv] get key:hdmimode envValue: none
06-04 20:48:28.375 I/SystemControl( 318): [/Ubootenv.cpp, get, 336] [ubootenv] get key:user_colorattribute envValue: 420,10bit
06-04 20:48:28.375 I/SystemControl( 318): [/Ubootenv.cpp, get, 345] [ubootenv] search end and not find env:hdr_force_mode
06-04 20:48:28.375 I/SystemControl( 318): [/DisplayMode.cpp, gethdrforcemode, 2742] get hdr force mode is [2]
06-04 20:48:28.375 I/SystemControl( 318): [/Ubootenv.cpp, get, 336] [ubootenv] get key:hdr_policy envValue: 0
06-04 20:48:28.375 I/SystemControl( 318): [/DisplayMode.cpp, getHdrStrategy, 2758] getHdrStrategy is [0]
06-04 20:48:28.375 I/SystemControl( 318): [/Ubootenv.cpp, get, 336] [ubootenv] get key:hdr_priority envValue: 268435472
06-04 20:48:28.375 I/SystemControl( 318): [/DisplayMode.cpp, getHdrPriority, 2891] getHdrPriority is [0x10000010]
06-04 20:48:28.375 I/SystemControl( 318): [/DisplayMode.cpp, getCommonData, 1534] isbestcolorspace:0, isbestpolicy:1, hdr_policy:0, hdr_priority :268435472, hdr_force_mode:2
06-04 20:48:28.376 I/SystemControlClient( 498): notifyCallback event type:2
06-04 20:48:28.376 I/SystemControlClient( 498): notifyCallback: listener is NULL.
06-04 20:48:28.376 I/SystemControlClient( 245): notifyCallback event type:2
06-04 20:48:28.376 I/SystemControlClient( 245): notifyCallback: listener is NULL.
06-04 20:48:28.376 V/WindowManager( 707): app ------------- force_land :0
06-04 20:48:28.377 I/SystemControl( 318): [/Ubootenv.cpp, get, 345] [ubootenv] search end and not find env:connector_type
06-04 20:48:28.378 I/SystemControlEvent( 1030): system control callback event: 2
06-04 20:48:28.378 E/MesonHwc( 296): DrmConnector[HDMI-A] still DISCONNECTED.
06-04 20:48:28.378 D/MesonHwc( 296): ERR: PLEASE FIX NON-IMPLEMENT FUN(update).
06-04 20:48:28.379 I/SystemControl( 318): [/Ubootenv.cpp, get, 345] [ubootenv] search end and not find env:connector_type
06-04 20:48:28.379 D/DisplayManagerService( 707): Ignore redundant display event 0/2 to 10075/3469
06-04 20:48:28.380 I/hdmicecd( 509): [HdmiCecControl]:Hotplug event port:0, now:0, prevStatus:1 power:1
06-04 20:48:28.383 I/bluetooth( 8611): packages/modules/Bluetooth/system/gd/stack_manager.cc:52 StartUp: init_status == 0
06-04 20:48:28.383 I/bluetooth( 8611): packages/modules/Bluetooth/system/gd/stack_manager.cc:59 StartUp: init complete
06-04 20:48:28.383 I/bt_gd_shim( 8611): packages/modules/Bluetooth/system/main/shim/stack.cc:168 Start: Start Successfully toggled Gd stack
06-04 20:48:28.385 E/MesonHwc( 296): FixedDisplayPipe::getConnectorCfg 15
06-04 20:48:28.385 I/SystemControlClient( 497): notifyCallback event type:2
06-04 20:48:28.385 I/SystemControlClient( 497): notifyCallback: listener is NULL.
06-04 20:48:28.385 E/MesonHwc( 296): read screen size 0x0 from vinfo
06-04 20:48:28.385 E/MesonHwc( 296): dolby vision driver is not ready
06-04 20:48:28.386 E/ccc ( 1349): cccccc hdmi plug reset
06-04 20:48:28.386 I/WiredAccessoryManager( 707): MSG_NEW_DEVICE_STATE
06-04 20:48:28.387 I/SystemControl( 318): [/Ubootenv.cpp, get, 345] [ubootenv] search end and not find env:connector_type
06-04 20:48:28.390 E/MesonHwc( 296): FixedDisplayPipe::getConnectorCfg 15
06-04 20:48:28.390 D/MesonHwc( 296): ERR: PLEASE FIX NON-IMPLEMENT FUN(update).
06-04 20:48:28.390 E/MesonHwc( 296): read screen size 0x0 from vinfo
06-04 20:48:28.390 E/MesonHwc( 296): dolby vision driver is not ready
06-04 20:48:28.392 I/AS.AudioDeviceInventory( 707): NOISY: adding 0x400
06-04 20:48:28.392 I/bt_shim_scanner( 8611): packages/modules/Bluetooth/system/main/shim/le_scanning_manager.cc:144 Init: init BleScannerInterfaceImpl
06-04 20:48:28.392 I/AS.AudioDeviceInventory( 707): NOISY: musicDevice changing from NONE to 0x400
06-04 20:48:28.392 I/bt_core_module( 8611): packages/modules/Bluetooth/system/btcore/src/module.cc:91 module_start_up: module_start_up Started module "gd_shim_module"
06-04 20:48:28.392 E/ccc ( 1349): cccccc hdmi plug reset
06-04 20:48:28.393 I/bt_btif_core( 8611): packages/modules/Bluetooth/system/btif/src/btif_core.cc:228 btif_init_bluetooth: btif_init_bluetooth entered
06-04 20:48:28.393 I/AS.AudioDeviceBroker( 707): broadcast ACTION_AUDIO_BECOMING_NOISY
06-04 20:48:28.394 E/MesonHwc( 296): Do Nothing in updateDisplayMode .
06-04 20:48:28.394 V/MesonDisplayServer( 296): GetDisplayMode:2160p60hz
06-04 20:48:28.396 I/droid.bluetooth( 8611): [0604/204828.396097:INFO:message_loop_thread.cc(184)] Run: message loop starting for thread bt_jni_thread
06-04 20:48:28.396 I/bt_btif_core( 8611): packages/modules/Bluetooth/system/btif/src/btif_core.cc:232 btif_init_bluetooth: btif_init_bluetooth finished
06-04 20:48:28.397 V/MesonDisplayServer( 296): GetDisplayMode:2160p60hz
06-04 20:48:28.397 I/SystemControl( 318): [/DisplayMode.cpp, getDisplayMode, 2331] getDisplayMode mode:2160p60hz
06-04 20:48:28.397 I/SystemControl( 318): [/Ubootenv.cpp, get, 336] [ubootenv] get key:hdmimode envValue: none
06-04 20:48:28.397 I/SystemControl( 318): [/Ubootenv.cpp, get, 336] [ubootenv] get key:cvbsmode envValue: 576cvbs
06-04 20:48:28.397 I/SystemControl( 318): [/DisplayMode.cpp, getCommonData, 1542] hdmi_current_mode:2160p60hz, ubootenv hdmimode:none cvbsmode:576cvbs
06-04 20:48:28.397 D/MesonDisplayServer( 296): use connector getDisplayAttribute "HDMI Color ATTR": "420,10bit"
06-04 20:48:28.369 I/systemcontrol( 318): type=1400 audit(0.0:1650): avc: denied { call } for scontext=u:r:system_control:s0 tcontext=u:r:hal_power_default:s0 tclass=binder permissive=1
06-04 20:48:28.398 I/SystemControl( 318): [/Ubootenv.cpp, get, 336] [ubootenv] get key:user_colorattribute envValue: 420,10bit
06-04 20:48:28.398 I/SystemControl( 318): [/DisplayMode.cpp, getCommonData, 1554] hdmi_current_attr:420,10bit, ubootenv_colorattribute:420,10bit
06-04 20:48:28.398 I/SystemControl( 318): [/Ubootenv.cpp, get, 345] [ubootenv] search end and not find env:dv_enable
06-04 20:48:28.398 I/SystemControl( 318): [/DisplayMode.cpp, getCommonData, 1567] dv_enable:0
06-04 20:48:28.398 I/SystemControl( 318): [/Ubootenv.cpp, get, 345] [ubootenv] search end and not find env:user_prefer_dv_type
06-04 20:48:28.398 I/SystemControl( 318): [/DisplayMode.cpp, getCommonData, 1578] ubootenv_dv_type:0
06-04 20:48:28.398 I/SystemControl( 318): [/DisplayMode.cpp, getHdmiData, 1721] display sink type:0 [0:none, 1:sink, 2:repeater]
06-04 20:48:28.398 I/SystemControl( 318): [/DisplayMode.cpp, filterHdmiDispcap, 1398] before filtered HdmiDispcap:
06-04 20:48:28.398 I/SystemControl( 318): [/DisplayMode.cpp, filterHdmiDispcap, 1427] after filtered HdmiDispcap:
06-04 20:48:28.399 D/MesonDisplayServer( 296): getDisplayAttribute "Dolby Vision CAP2": "The Rx don't support DolbyVision"
06-04 20:48:28.399 E/SystemControl( 318): [/DisplayMode.cpp, getHdmiDvCap, 1618] TV isn't support dolby vision: The Rx don't support DolbyVision
06-04 20:48:28.399 I/SystemControl( 318): [/DisplayMode.cpp, onTxEvent, 3294] onTxEvent boot config enable do nothing, just return
06-04 20:48:28.399 I/SystemControl( 318): [/UEventObserver.cpp, HDMITxUenventThreadLoop, 451] HDMI TX switch_name:hdmitx_audio, switch_state: 0
06-04 20:48:28.399 I/SystemControl( 318): [/DisplayMode.cpp, onTxEvent, 3267] onTxEvent switchName:hdmitx_audio hpdstate:0 state: 1
06-04 20:48:28.399 I/SystemControl( 318): [/SysWrite.cpp, getKernelReleaseVersion, 701] getKernelReleaseVersion: 5.15
06-04 20:48:28.399 I/SystemControl( 318): [/SystemControlHal.cpp, onEvent, 72] onEvent event:4, client size:5
06-04 20:48:28.400 I/SystemControlClient( 499): notifyCallback event type:4
06-04 20:48:28.400 I/SystemControlClient( 499): notifyCallback: listener is NULL.
06-04 20:48:28.400 I/SystemControlClient( 245): notifyCallback event type:4
06-04 20:48:28.400 I/SystemControlClient( 245): notifyCallback: listener is NULL.
06-04 20:48:28.400 I/SystemControlClient( 498): notifyCallback event type:4
06-04 20:48:28.400 I/SystemControlClient( 498): notifyCallback: listener is NULL.
06-04 20:48:28.400 I/SystemControlClient( 497): notifyCallback event type:4
06-04 20:48:28.400 I/SystemControlClient( 497): notifyCallback: listener is NULL.
06-04 20:48:28.400 I/SystemControlEvent( 1030): system control callback event: 4
06-04 20:48:28.409 E/xxxxxxxxxxxxxxx( 1414): onReceive:mIsHDMIPlugged = false
06-04 20:48:28.369 I/systemcontrol( 318): type=1400 audit(0.0:1651): avc: denied { call } for scontext=u:r:system_control:s0 tcontext=u:r:hal_oemlock_default:s0 tclass=binder permissive=1
06-04 20:48:28.369 I/systemcontrol( 318): type=1400 audit(0.0:1652): avc: denied { call } for scontext=u:r:system_control:s0 tcontext=u:r:mediacodec:s0 tclass=binder permissive=1
06-04 20:48:28.417 E/xxxxxxxxxxxxxxx( 1414): onReceive:mIsHDMIPlugged = false
06-04 20:48:28.436 W/bt_device_interop( 8611): packages/modules/Bluetooth/system/device/src/interop.cc:1676 interop_database_save_allowlisted_media_players_list: found feature - INTEROP_BROWSE_PLAYER_ALLOW_LIST
06-04 20:48:28.436 I/bt_stack_config( 8611): packages/modules/Bluetooth/system/main/stack_config.cc:72 init: init attempt to load stack conf from /apex/com.android.btservices/etc/bluetooth/bt_stack.conf
06-04 20:48:28.436 I/bt_stack_manager( 8611): packages/modules/Bluetooth/system/btif/src/stack_manager.cc:285 event_init_stack: finished
06-04 20:48:28.436 I/bt_osi_wakelock( 8611): packages/modules/Bluetooth/system/osi/src/wakelock.cc:99 wakelock_set_os_callouts: wakelock_set_os_callouts set to non-native
06-04 20:48:28.436 I/bt_btif ( 8611): packages/modules/Bluetooth/system/btif/src/bluetooth.cc:829 get_profile_interface: get_profile_interface: id = socket
06-04 20:48:28.436 E/bt_btif_storage( 8611): packages/modules/Bluetooth/system/btif/src/btif_storage.cc:622 btif_storage_get_adapter_property: btif_storage_get_adapter_property: Controller not ready! Unable to return Bluetooth Address
06-04 20:48:28.437 E/BluetoothServiceJni( 8611): adapter_properties_callback: Status 1 is incorrect
06-04 20:48:28.438 D/BluetoothKeystoreService( 8611): initJni()
06-04 20:48:28.440 D/AdapterProperties( 8611): Name is: DBBOX-A3 62cc
06-04 20:48:28.440 I/bt_btif ( 8611): packages/modules/Bluetooth/system/btif/src/bluetooth.cc:829 get_profile_interface: get_profile_interface: id = bluetooth_keystore
06-04 20:48:28.440 I/bluetooth( 8611): packages/modules/Bluetooth/system/gd/storage/config_cache.cc:289 ConvertEncryptOrDecryptKeyIfNeeded: ConvertEncryptOrDecryptKeyIfNeeded
06-04 20:48:28.440 I/droid.bluetooth( 8611): [0604/204828.440319:INFO:com_android_bluetooth_BluetoothQualityReport.cpp(88)] classInitNative: succeeds
06-04 20:48:28.440 I/bt_btif ( 8611): packages/modules/Bluetooth/system/btif/src/bluetooth.cc:829 get_profile_interface: get_profile_interface: id = bqr
06-04 20:48:28.440 I/bluetooth( 8611): packages/modules/Bluetooth/system/btif/src/btif_bqr.cc:739 init: BluetoothQualityReportInterfaceImpl
06-04 20:48:28.440 I/bt_btif ( 8611): packages/modules/Bluetooth/system/btif/src/bluetooth.cc:829 get_profile_interface: get_profile_interface: id = sdp
06-04 20:48:28.440 D/BluetoothManagerService( 707): Bluetooth Adapter name changed to DBBOX-A3 62cc by android
06-04 20:48:28.441 D/BluetoothManagerService( 707): Stored Bluetooth name: DBBOX-A3 62cc
06-04 20:48:28.442 I/BluetoothAdapterService( 8611): loadLeAudioAllowDevices
06-04 20:48:28.442 I/BluetoothAdapterService( 8611): LE Audio allow list is disabled.
06-04 20:48:28.443 D/BluetoothDatabase( 8611): start()
06-04 20:48:28.446 D/BluetoothDatabase( 8611): Load Database
06-04 20:48:28.446 I/BluetoothAdapterService( 8611): Phone policy enabled
06-04 20:48:28.433 I/bt_main_thread( 8611): type=1400 audit(0.0:1653): avc: denied { open } for path="/dev/__properties__/u:object_r:vendor_default_prop:s0" dev="tmpfs" ino=377 scontext=u:r:bluetooth:s0 tcontext=u:object_r:vendor_default_prop:s0 tclass=file permissive=1
06-04 20:48:28.449 D/ActiveDeviceManager( 8611): start()
06-04 20:48:28.453 D/hdmicecd( 501): [CEC]:printCecMessage, [4 -> f] len: 3, body: 82 30 00, result:success
06-04 20:48:28.453 E/IPCThreadState( 501): binder thread pool (1 threads) starved for 127 ms
06-04 20:48:28.454 D/HDMI ( 707): [S]: 40:8E:00
06-04 20:48:28.433 I/bt_main_thread( 8611): type=1400 audit(0.0:1654): avc: denied { getattr } for path="/dev/__properties__/u:object_r:vendor_default_prop:s0" dev="tmpfs" ino=377 scontext=u:r:bluetooth:s0 tcontext=u:object_r:vendor_default_prop:s0 tclass=file permissive=1
06-04 20:48:28.433 I/bt_main_thread( 8611): type=1400 audit(0.0:1655): avc: denied { map } for path="/dev/__properties__/u:object_r:vendor_default_prop:s0" dev="tmpfs" ino=377 scontext=u:r:bluetooth:s0 tcontext=u:object_r:vendor_default_prop:s0 tclass=file permissive=1
06-04 20:48:28.487 D/ActiveDeviceManager( 8611): onAudioDevicesAdded
06-04 20:48:28.488 D/ActiveDeviceManager( 8611): Audio device added: DBBOX-A3 type: 2
06-04 20:48:28.488 D/ActiveDeviceManager( 8611): Audio device added: DBBOX-A3 type: 9
06-04 20:48:28.488 D/ActiveDeviceManager( 8611): Audio device added: DBBOX-A3 type: 14
06-04 20:48:28.488 D/ActiveDeviceManager( 8611): Audio device added: DBBOX-A3 type: 15
06-04 20:48:28.488 D/ActiveDeviceManager( 8611): Audio device added: DBBOX-A3 type: 25
06-04 20:48:28.488 D/ActiveDeviceManager( 8611): Audio device added: DBBOX-A3 type: 17
06-04 20:48:28.488 D/ActiveDeviceManager( 8611): Audio device added: DBBOX-A3 type: 28
06-04 20:48:28.489 I/droid.bluetooth( 8611): [0604/204828.489565:INFO:com_android_bluetooth_btservice_ActivityAttribution.cpp(96)] classInitNative: succeeds
06-04 20:48:28.489 D/BluetoothAdapterService( 8611): setAdapterService() - trying to set service to com.android.bluetooth.btservice.AdapterService@485a62
06-04 20:48:28.491 D/BluetoothDatabase( 8611): compactLastConnectionTime: Compacting metadata after load
06-04 20:48:28.491 D/BluetoothDatabase( 8611): compactLastConnectionTime: Setting last_active_item for device: XX:XX:XX:XX:C0:7A from 1 to 0
06-04 20:48:28.491 D/BluetoothDatabase( 8611): updateDatabase XX:XX:XX:XX:C0:7A
06-04 20:48:28.491 I/BluetoothDatabase( 8611): cacheMetadata
06-04 20:48:28.491 V/BluetoothDatabase( 8611): cacheMetadata: found device XX:XX:XX:XX:C0:7A
06-04 20:48:28.491 V/BluetoothDatabase( 8611): cacheMetadata: found device null
06-04 20:48:28.491 I/BluetoothDatabase( 8611): cacheMetadata: Database is ready
06-04 20:48:28.496 D/MesonDisplayServer( 296): SetDisplay[CVBS] Mode to "dummy_l"
06-04 20:48:28.497 D/BluetoothAdapterService( 8611): onBind()
06-04 20:48:28.497 D/BluetoothManagerService( 707): BluetoothServiceConnection: com.android.bluetooth.btservice.AdapterService
06-04 20:48:28.498 D/BluetoothManagerService( 707): MESSAGE_BLUETOOTH_SERVICE_CONNECTED: 1
06-04 20:48:28.500 D/BluetoothManagerService( 707): BluetoothServiceConnection: com.android.bluetooth.gatt.GattService
06-04 20:48:28.503 D/BluetoothManagerService( 707): Broadcasting onBluetoothServiceUp() to 9 receivers.
06-04 20:48:28.504 D/BluetoothAdapter( 707): onBluetoothServiceUp: android.bluetooth.IBluetooth$Stub$Proxy@cf771ba
06-04 20:48:28.504 D/BluetoothAdapter( 1030): onBluetoothServiceUp: android.bluetooth.IBluetooth$Stub$Proxy@fa85c1b
06-04 20:48:28.504 D/BluetoothAdapter( 912): onBluetoothServiceUp: android.bluetooth.IBluetooth$Stub$Proxy@fd13f14
06-04 20:48:28.504 D/BluetoothAdapter( 4242): onBluetoothServiceUp: android.bluetooth.IBluetooth$Stub$Proxy@5c2a9cb
06-04 20:48:28.504 D/BluetoothAdapter( 1414): onBluetoothServiceUp: android.bluetooth.IBluetooth$Stub$Proxy@908a15f
06-04 20:48:28.504 D/BluetoothAdapter( 1349): onBluetoothServiceUp: android.bluetooth.IBluetooth$Stub$Proxy@a59af97
06-04 20:48:28.505 D/BluetoothAdapter( 2071): onBluetoothServiceUp: android.bluetooth.IBluetooth$Stub$Proxy@ed71228
06-04 20:48:28.505 D/BluetoothAdapter( 1642): onBluetoothServiceUp: android.bluetooth.IBluetooth$Stub$Proxy@aa07392
06-04 20:48:28.504 D/BluetoothAdapter( 8611): onBluetoothServiceUp: com.android.bluetooth.btservice.AdapterService$AdapterServiceBinder@556e06c
06-04 20:48:28.509 D/BluetoothAdapterService( 8611): enable() - Enable called with quiet mode status = false
06-04 20:48:28.510 I/AdapterState( 8611): BLE_TURNING_ON : entered
06-04 20:48:28.510 D/AdapterProperties( 8611): Setting state to BLE_TURNING_ON
06-04 20:48:28.510 D/BluetoothAdapterService( 8611): updateAdapterState() - Broadcasting state BLE_TURNING_ON to 1 receivers.
06-04 20:48:28.510 D/BluetoothManagerService( 707): MESSAGE_BLUETOOTH_SERVICE_CONNECTED: 2
06-04 20:48:28.511 D/BluetoothManagerService( 707): continueFromBleOnState()
06-04 20:48:28.513 D/BluetoothManagerService( 707): Persisting Bluetooth Setting: 1
06-04 20:48:28.513 D/BluetoothManagerService( 707): MESSAGE_BLUETOOTH_STATE_CHANGE: OFF > BLE_TURNING_ON
06-04 20:48:28.513 D/BluetoothManagerService( 707): Sending BLE State Change: OFF > BLE_TURNING_ON
06-04 20:48:28.520 D/AdapterState( 8611): Start Timeout Delay: 4000
06-04 20:48:28.520 D/BluetoothAdapterService( 8611): bleOnProcessStart()
06-04 20:48:28.521 I/AdapterProperties( 8611): init(), maxConnectedAudioDevices, default=5, propertyOverlayed=5, finalValue=5
06-04 20:48:28.526 D/BluetoothAdapterService( 8611): bleOnProcessStart() - Make Bond State Machine
06-04 20:48:28.526 D/BluetoothBondStateMachine( 8611): make
06-04 20:48:28.527 I/SystemControl( 318): [/UEventObserver.cpp, HDMITxUenventThreadLoop, 451] HDMI TX switch_name:hdmitx_current_status, switch_state: 77
06-04 20:48:28.527 I/BluetoothBondStateMachine( 8611): StableState(): Entering Off State
06-04 20:48:28.530 E/Scheduler( 265): trackPendingFrame: Invalid present fence
06-04 20:48:28.533 I/AdapterState( 8611): BLE_TURNING_ON : Unhandled message - USER_TURN_ON
06-04 20:48:28.534 I/SystemControl( 318): [/UEventObserver.cpp, HDMITxUenventThreadLoop, 451] HDMI TX switch_name:hdmitx_current_status, switch_state: 78
06-04 20:48:28.536 I/BtGatt.JNI( 8611): classInitNative(L1347): classInitNative: Success!
06-04 20:48:28.537 I/bt_btif ( 8611): packages/modules/Bluetooth/system/btif/src/bluetooth.cc:829 get_profile_interface: get_profile_interface: id = gatt
06-04 20:48:28.537 I/droid.bluetooth( 8611): [0604/204828.537123:INFO:btif_ble_advertiser.cc(271)] get_ble_advertiser_instance use gd le advertiser
06-04 20:48:28.537 I/droid.bluetooth( 8611): [0604/204828.537793:INFO:bta_gatts_api.cc(379)] BTA_GATTS_InitBonded
06-04 20:48:28.538 I/bt_bta_sys_main( 8611): packages/modules/Bluetooth/system/bta/sys/bta_sys_main.cc:101 bta_sys_event: Ignoring receipt of unregistered event id:GATT server
06-04 20:48:28.541 I/droid.bluetooth( 8611): [0604/204828.538089:INFO:le_scanning_manager.cc(483)] RegisterCallbacks in shim layer
06-04 20:48:28.542 D/CompatibilityChangeReporter( 8611): Compat change id reported: 160794467; UID 1002; state: ENABLED
06-04 20:48:28.546 E/Scheduler( 265): trackPendingFrame: Invalid present fence
06-04 20:48:28.555 I/bt_stack_manager( 8611): packages/modules/Bluetooth/system/btif/src/stack_manager.cc:310 event_start_up_stack: event_start_up_stack is bringing up the stack
06-04 20:48:28.555 I/bt_stack_manager( 8611): packages/modules/Bluetooth/system/btif/src/stack_manager.cc:314 event_start_up_stack: event_start_up_stack Gd shim module enabled
06-04 20:48:28.555 I/bt_core_module( 8611): packages/modules/Bluetooth/system/btcore/src/module.cc:86 module_start_up: module_start_up Starting module "btif_config_module"
06-04 20:48:28.555 I/bt_core_module( 8611): packages/modules/Bluetooth/system/btcore/src/module.cc:91 module_start_up: module_start_up Started module "btif_config_module"
06-04 20:48:28.555 I/bt_l2cap( 8611): packages/modules/Bluetooth/system/stack/l2cap/l2c_api.cc:172 L2CA_Register: L2CAP Registered service classic PSM: 0x0001
06-04 20:48:28.555 I/bt_l2cap( 8611): packages/modules/Bluetooth/system/stack/l2cap/l2c_api.cc:172 L2CA_Register: L2CAP Registered service classic PSM: 0x001f
06-04 20:48:28.555 I/bluetooth( 8611): packages/modules/Bluetooth/system/stack/gatt/gatt_api.cc:1257 GATT_Register: Allocated name:GattProfileDb uuid:81818181-8181-8181-8181-818181818181 gatt_if:1 eatt_support:0
06-04 20:48:28.555 I/droid.bluetooth( 8611): [0604/204828.555815:INFO:gatt_api.cc(174)] GATTS_AddService
06-04 20:48:28.555 I/droid.bluetooth( 8611): [0604/204828.555885:INFO:gatt_api.cc(289)] GATTS_AddService: service parsed correctly, now starting
06-04 20:48:28.555 I/droid.bluetooth( 8611): [0604/204828.555973:INFO:gatt_sr_hash.cc(127)] gatts_calculate_database_hash: hash=80AEB10BC70DCCEFA207489DCED98FED
06-04 20:48:28.556 I/bt_l2cap( 8611): packages/modules/Bluetooth/system/stack/l2cap/l2c_api.cc:472 L2CA_RegisterLECoc: Registered service LE COC PSM: 0x0027
06-04 20:48:28.556 I/bt_l2cap( 8611): packages/modules/Bluetooth/system/stack/l2cap/l2c_api.cc:172 L2CA_Register: L2CAP Registered service classic PSM: 0x0003
06-04 20:48:28.556 I/bluetooth( 8611): packages/modules/Bluetooth/system/stack/gatt/gatt_api.cc:1257 GATT_Register: Allocated name:Gap uuid:82828282-8282-8282-8282-828282828282 gatt_if:2 eatt_support:0
06-04 20:48:28.556 I/droid.bluetooth( 8611): [0604/204828.556129:INFO:gatt_api.cc(174)] GATTS_AddService
06-04 20:48:28.556 I/droid.bluetooth( 8611): [0604/204828.556165:INFO:gatt_api.cc(289)] GATTS_AddService: service parsed correctly, now starting
06-04 20:48:28.556 I/droid.bluetooth( 8611): [0604/204828.556231:INFO:gatt_sr_hash.cc(127)] gatts_calculate_database_hash: hash=8991C462EBE9D90B9EA0DA3E16D0F513
06-04 20:48:28.556 I/bt_bte ( 8611): packages/modules/Bluetooth/system/btif/src/profile_log_levels.cc:146 load_levels_from_config: BTE_InitTraceLevels -- TRC_HCI : Level 2
06-04 20:48:28.556 I/bt_bte ( 8611): packages/modules/Bluetooth/system/btif/src/profile_log_levels.cc:146 load_levels_from_config: BTE_InitTraceLevels -- TRC_L2CAP : Level 2
06-04 20:48:28.556 I/bt_bte ( 8611): packages/modules/Bluetooth/system/btif/src/profile_log_levels.cc:146 load_levels_from_config: BTE_InitTraceLevels -- TRC_RFCOMM : Level 2
06-04 20:48:28.556 I/bt_bte ( 8611): packages/modules/Bluetooth/system/btif/src/profile_log_levels.cc:146 load_levels_from_config: BTE_InitTraceLevels -- TRC_AVCT : Level 2
06-04 20:48:28.556 I/bt_bte ( 8611): packages/modules/Bluetooth/system/btif/src/profile_log_levels.cc:146 load_levels_from_config: BTE_InitTraceLevels -- TRC_AVDT : Level 2
06-04 20:48:28.556 I/bt_bte ( 8611): packages/modules/Bluetooth/system/btif/src/profile_log_levels.cc:146 load_levels_from_config: BTE_InitTraceLevels -- TRC_AVRC : Level 2
06-04 20:48:28.556 I/bt_bte ( 8611): packages/modules/Bluetooth/system/btif/src/profile_log_levels.cc:146 load_levels_from_config: BTE_InitTraceLevels -- TRC_A2D : Level 2
06-04 20:48:28.556 I/bt_bte ( 8611): packages/modules/Bluetooth/system/btif/src/profile_log_levels.cc:146 load_levels_from_config: BTE_InitTraceLevels -- TRC_BNEP : Level 2
06-04 20:48:28.556 I/bt_bte ( 8611): packages/modules/Bluetooth/system/btif/src/profile_log_levels.cc:146 load_levels_from_config: BTE_InitTraceLevels -- TRC_BTM : Level 2
06-04 20:48:28.556 I/bt_bte ( 8611): packages/modules/Bluetooth/system/btif/src/profile_log_levels.cc:146 load_levels_from_config: BTE_InitTraceLevels -- TRC_HID_HOST : Level 2
06-04 20:48:28.556 I/bt_bte ( 8611): packages/modules/Bluetooth/system/btif/src/profile_log_levels.cc:146 load_levels_from_config: BTE_InitTraceLevels -- TRC_PAN : Level 2
06-04 20:48:28.556 I/bt_bte ( 8611): packages/modules/Bluetooth/system/btif/src/profile_log_levels.cc:146 load_levels_from_config: BTE_InitTraceLevels -- TRC_SDP : Level 2
06-04 20:48:28.556 I/bt_bte ( 8611): packages/modules/Bluetooth/system/btif/src/profile_log_levels.cc:146 load_levels_from_config: BTE_InitTraceLevels -- TRC_SMP : Level 2
06-04 20:48:28.556 I/bt_bte ( 8611): packages/modules/Bluetooth/system/btif/src/profile_log_levels.cc:146 load_levels_from_config: BTE_InitTraceLevels -- TRC_HID_DEV : Level 2
06-04 20:48:28.556 I/bt_bte ( 8611): packages/modules/Bluetooth/system/btif/src/profile_log_levels.cc:146 load_levels_from_config: BTE_InitTraceLevels -- TRC_BTAPP : Level 2
06-04 20:48:28.556 I/bt_bte ( 8611): packages/modules/Bluetooth/system/btif/src/profile_log_levels.cc:146 load_levels_from_config: BTE_InitTraceLevels -- TRC_BTIF : Level 2
06-04 20:48:28.556 W/bluetooth( 8611): packages/modules/Bluetooth/system/stack/btm/btm_inq.cc:1073 btm_clr_inq_result_flt: Memory being reset multiple times
06-04 20:48:28.556 I/bt_core_module( 8611): packages/modules/Bluetooth/system/btcore/src/module.cc:86 module_start_up: module_start_up Starting module "gd_controller_module"
06-04 20:48:28.556 I/bt_shim_controller( 8611): packages/modules/Bluetooth/system/main/shim/controller.cc:65 start_up: start_up Starting up
06-04 20:48:28.556 I/bt_shim_controller( 8611): packages/modules/Bluetooth/system/main/shim/controller.cc:84 start_up: Mac address:xx:xx:xx:xx:62:cc
06-04 20:48:28.556 I/bt_core_module( 8611): packages/modules/Bluetooth/system/btcore/src/module.cc:91 module_start_up: module_start_up Started module "gd_controller_module"
06-04 20:48:28.556 I/bt_btm_pm( 8611): packages/modules/Bluetooth/system/stack/acl/btm_pm.cc:381 btm_pm_reset: reset pm
06-04 20:48:28.557 D/hdmicecd( 501): [CEC]:printCecMessage, [4 -> 0] len: 2, body: 8e 00, result:success
06-04 20:48:28.557 E/IPCThreadState( 501): binder thread pool (1 threads) starved for 103 ms
06-04 20:48:28.557 I/bt_bta_dm( 8611): packages/modules/Bluetooth/system/bta/dm/bta_dm_act.cc:393 BTA_dm_on_hw_on: BTA_dm_on_hw_on: Read default class of device {0x2c, 0x4, 0x20}
06-04 20:48:28.558 I/bt_btm_sec( 8611): packages/modules/Bluetooth/system/stack/btm/btm_sec.cc:268 BTM_SecRegister: BTM_SecRegister p_cb_info->p_le_callback == 0x0xbd0e0a11
06-04 20:48:28.558 I/bt_btm_sec( 8611): packages/modules/Bluetooth/system/stack/btm/btm_sec.cc:283 BTM_SecRegister: BTM_SecRegister btm_cb.api.p_le_callback = 0x0xbd0e0a11
06-04 20:48:28.558 D/HDMI ( 707): [S]: 45:70:30:00
06-04 20:48:28.558 I/bt_stack( 8611): [INFO:ble_scanner_hci_interface.cc(329)] Advertiser list in controller can be used
06-04 20:48:28.558 I/bt_stack( 8611): [INFO:ble_scanner_hci_interface.cc(330)] Periodic Adv Sync Transfer Sender role is supported
06-04 20:48:28.558 I/bluetooth( 8611): packages/modules/Bluetooth/system/stack/gatt/gatt_api.cc:1257 GATT_Register: Allocated name:GattClient uuid:17fac601-4e81-79ff-2729-af8e6341e970 gatt_if:3 eatt_support:0
06-04 20:48:28.571 D/MesonComposer3( 296): halEventcallback onHotplug client3.0
06-04 20:48:28.571 E/MesonHwc( 296): (setLayerBrightness) met invalid layer id (313) in display (0xf03c2660)
06-04 20:48:28.571 E/MesonComposer3( 296): executeLayerCommandSetLayerBrightness: display:0 layer:313 failed with:BadLayer
06-04 20:48:28.571 E/MesonHwc( 296): (setLayerBrightness) met invalid layer id (56) in display (0xf03c2660)
06-04 20:48:28.571 E/MesonComposer3( 296): executeLayerCommandSetLayerBrightness: display:0 layer:56 failed with:BadLayer
06-04 20:48:28.571 E/HWComposer( 265): getDeviceCompositionChanges: presentOrValidate failed for display 4625716335649126413: BadLayer (3)
06-04 20:48:28.571 E/CompositionEngine( 265): chooseCompositionStrategy failed for Linux FHD: -2147483648 (Unknown error -2147483648)
06-04 20:48:28.573 E/MesonComposer3( 296): executeDisplayCommandPresentDisplay: display:0 not validated
06-04 20:48:28.574 E/HWComposer( 265): presentAndGetReleaseFences: present failed for display 4625716335649126413: NotValidated (7)
06-04 20:48:28.574 E/Scheduler( 265): trackPendingFrame: Invalid present fence
06-04 20:48:28.574 E/MesonHwc( 296): getPort 15
06-04 20:48:28.574 E/MesonHwc( 296): getPort 15
06-04 20:48:28.574 I/bt_stack( 8611): [INFO:ble_advertiser_hci_interface.cc(775)] Extended advertising will be in use
