06-04 20:47:25.162 D/UEventObserver( 1030): change@/devices/platform/auge_sound/sound/card0/controlC0ACTION=changeDEVPATH=/devices/platform/auge_sound/sound/card0/controlC0SUBSYSTEM=soundAUDIO_FORMAT=0MAJOR=116MINOR=13DEVNAME=snd/controlC0SEQNUM=3843
06-04 20:47:25.163 D/audioserver( 542): logFgsApiEnd: FGS Logger Transaction failed, -129
06-04 20:47:25.163 D/audioserver( 542): logFgsApiBegin: FGS Logger Transaction failed, -129
06-04 20:47:25.164 I/audio_hw_hal_primary( 491): out_update_source_metadata_v7() line 2013 usage:1 content_type:2
06-04 20:47:25.166 W/IPCThreadState( 542): Sending oneway calls to frozen process.
06-04 20:47:25.168 D/audioserver( 542): logFgsApiBegin: FGS Logger Transaction failed, -129
06-04 20:47:25.205 I/audio_hw_hal_primary( 491): out_update_source_metadata_v7() line 2013 usage:1 content_type:2
06-04 20:47:25.223 D/XM_HIDREAD( 1910): poll ret=1, event=1
06-04 20:47:25.223 D/XM_HIDREAD( 1910): [9 bytes]:01 00 00 00 00 00 00 00 00
06-04 20:47:25.225 I/SogouIME( 1396): onKeyUp: keyoCode=19
06-04 20:47:25.225 I/DefaultIMS( 1396): onKeyUp: keyoCode=19
06-04 20:47:25.284 I/WifiHAL ( 524): call wifi_get_link_stats handler
06-04 20:47:25.284 I/WifiHAL ( 524): Creating message to get link statistics; iface = 16
06-04 20:47:25.285 D/WifiHAL ( 524): error code -95 mapped to -3
06-04 20:47:25.285 E/WifiStaIfaceAidlImpl( 707): getLinkLayerStats failed with service-specific exception: android.os.ServiceSpecificException: (code 4)
06-04 20:47:25.290 I/audio_hw_hal_primary( 491): [audiohal_get_latency:1333] io 13: out:0xe6245d80 frames:1152 rate:48000 whole_latency:24 alsa_latency:24
06-04 20:47:25.332 I/audio_hw_hal_primary( 491): [audiohal_get_latency:1333] io 13: out:0xe6245d80 frames:1152 rate:48000 whole_latency:24 alsa_latency:24
06-04 20:47:25.333 I/audio_hw_hal_primary( 491): [audiohal_get_latency:1333] io 13: out:0xe6245d80 frames:1152 rate:48000 whole_latency:24 alsa_latency:24
06-04 20:47:25.343 E/ccc ( 1349): cccccc led current is 100 标准
06-04 20:47:25.343 E/ccc ( 1349): cccccc led current is null
06-04 20:47:25.355 I/audio_hw_hal_primary( 491): [audiohal_get_latency:1333] io 13: out:0xe6245d80 frames:1024 rate:48000 whole_latency:21 alsa_latency:21
06-04 20:47:25.355 I/audio_hw_hal_primary( 491): [audiohal_get_latency:1333] io 13: out:0xe6245d80 frames:1024 rate:48000 whole_latency:21 alsa_latency:21
06-04 20:47:25.375 I/audio_hw_hal_primary( 491): [audiohal_get_latency:1333] io 13: out:0xe6245d80 frames:1152 rate:48000 whole_latency:24 alsa_latency:24
06-04 20:47:25.375 I/audio_hw_hal_primary( 491): [audiohal_get_latency:1333] io 13: out:0xe6245d80 frames:1152 rate:48000 whole_latency:24 alsa_latency:24
06-04 20:47:25.397 I/audio_hw_hal_primary( 491): [audiohal_get_latency:1333] io 13: out:0xe6245d80 frames:1152 rate:48000 whole_latency:24 alsa_latency:24
06-04 20:47:25.397 I/audio_hw_hal_primary( 491): [audiohal_get_latency:1333] io 13: out:0xe6245d80 frames:1152 rate:48000 whole_latency:24 alsa_latency:24
06-04 20:47:25.418 I/audio_hw_hal_primary( 491): [audiohal_get_latency:1333] io 13: out:0xe6245d80 frames:1152 rate:48000 whole_latency:24 alsa_latency:24
06-04 20:47:25.418 I/audio_hw_hal_primary( 491): [audiohal_get_latency:1333] io 13: out:0xe6245d80 frames:1152 rate:48000 whole_latency:24 alsa_latency:24
06-04 20:47:25.440 I/audio_hw_hal_primary( 491): [audiohal_get_latency:1333] io 13: out:0xe6245d80 frames:1152 rate:48000 whole_latency:24 alsa_latency:24
06-04 20:47:25.440 I/audio_hw_hal_primary( 491): [audiohal_get_latency:1333] io 13: out:0xe6245d80 frames:1152 rate:48000 whole_latency:24 alsa_latency:24
06-04 20:47:25.440 D/audioserver( 542): logFgsApiEnd: FGS Logger Transaction failed, -129
06-04 20:47:25.441 I/audio_hw_hal_primary( 491): out_update_source_metadata_v7() line 2013 usage:13 content_type:4
06-04 20:47:25.460 I/audio_hw_hal_primary( 491): [audiohal_get_latency:1333] io 13: out:0xe6245d80 frames:1152 rate:48000 whole_latency:24 alsa_latency:24
06-04 20:47:25.481 D/XM_HIDREAD( 1910): poll ret=1, event=1
06-04 20:47:25.481 D/XM_HIDREAD( 1910): [9 bytes]:01 00 00 50 00 00 00 00 00
06-04 20:47:25.482 I/audio_hw_hal_primary( 491): [audiohal_get_latency:1333] io 13: out:0xe6245d80 frames:1152 rate:48000 whole_latency:24 alsa_latency:24
06-04 20:47:25.484 D/audioserver( 542): logFgsApiEnd: FGS Logger Transaction failed, -129
06-04 20:47:25.506 I/audio_hw_hal_primary( 491): [register_audio_patch:8215] Patch 9:id:9 mix(io:13)->dev_0[OUT_HDMI(id:77)] found, register the same patch, do nothing.
06-04 20:47:25.506 I/audio_hw_hal_primary( 491): [adev_create_audio_patch:8316] Patch 9: MIX->DEVICE, num_src:1 num_sink:1 patch_src:INVAL
06-04 20:47:25.506 I/audio_hw_hal_primary( 491): [adev_create_audio_patch:8320] sink[0]: OUT_HDMI(id:77)
06-04 20:47:25.506 I/audio_hw_hal_primary( 491): [adev_create_audio_patch:8377] Patch 9: mix(io:13) -> dev[OUT_HDMI(id:77)]
06-04 20:47:25.506 I/audio_hw_hal_primary( 491): [adev_create_audio_patch:8445] dev=0xe71c0010 cur_out_device=0x400
06-04 20:47:25.509 D/UEventObserver( 1030): change@/devices/platform/auge_sound/sound/card0/controlC0ACTION=changeDEVPATH=/devices/platform/auge_sound/sound/card0/controlC0SUBSYSTEM=soundAUDIO_FORMAT=0MAJOR=116MINOR=13DEVNAME=snd/controlC0SEQNUM=3844
06-04 20:47:25.512 W/IPCThreadState( 542): Sending oneway calls to frozen process.
06-04 20:47:25.514 D/audioserver( 542): logFgsApiBegin: FGS Logger Transaction failed, -129
06-04 20:47:25.516 I/audio_hw_hal_primary( 491): out_update_source_metadata_v7() line 2013 usage:1 content_type:2
06-04 20:47:25.517 I/SogouIME( 1396): onKeyDown: keyoCode=21
06-04 20:47:25.517 I/DefaultIMS( 1396): onKeyDown: keyoCode=21
06-04 20:47:25.546 I/audio_hw_hal_primary( 491): [register_audio_patch:8215] Patch 9:id:9 mix(io:13)->dev_0[OUT_HDMI(id:77)] found, register the same patch, do nothing.
06-04 20:47:25.546 I/audio_hw_hal_primary( 491): [adev_create_audio_patch:8316] Patch 9: MIX->DEVICE, num_src:1 num_sink:1 patch_src:INVAL
06-04 20:47:25.546 I/audio_hw_hal_primary( 491): [adev_create_audio_patch:8320] sink[0]: OUT_HDMI(id:77)
06-04 20:47:25.546 I/audio_hw_hal_primary( 491): [adev_create_audio_patch:8377] Patch 9: mix(io:13) -> dev[OUT_HDMI(id:77)]
06-04 20:47:25.546 D/UEventObserver( 1030): change@/devices/platform/auge_sound/sound/card0/controlC0ACTION=changeDEVPATH=/devices/platform/auge_sound/sound/card0/controlC0SUBSYSTEM=soundAUDIO_FORMAT=0MAJOR=116MINOR=13DEVNAME=snd/controlC0SEQNUM=3845
06-04 20:47:25.546 I/audio_hw_hal_primary( 491): [adev_create_audio_patch:8445] dev=0xe71c0010 cur_out_device=0x400
06-04 20:47:25.547 D/audioserver( 542): logFgsApiEnd: FGS Logger Transaction failed, -129
06-04 20:47:25.547 D/audioserver( 542): logFgsApiBegin: FGS Logger Transaction failed, -129
06-04 20:47:25.548 I/audio_hw_hal_primary( 491): out_update_source_metadata_v7() line 2013 usage:1 content_type:2
06-04 20:47:25.549 W/IPCThreadState( 542): Sending oneway calls to frozen process.
06-04 20:47:25.551 D/audioserver( 542): logFgsApiBegin: FGS Logger Transaction failed, -129
06-04 20:47:25.590 I/audio_hw_hal_primary( 491): out_update_source_metadata_v7() line 2013 usage:1 content_type:2
06-04 20:47:25.628 D/XM_HIDREAD( 1910): poll ret=1, event=1
06-04 20:47:25.628 D/XM_HIDREAD( 1910): [9 bytes]:01 00 00 00 00 00 00 00 00
06-04 20:47:25.631 I/SogouIME( 1396): onKeyUp: keyoCode=21
06-04 20:47:25.631 I/DefaultIMS( 1396): onKeyUp: keyoCode=21
06-04 20:47:25.674 I/audio_hw_hal_primary( 491): [audiohal_get_latency:1333] io 13: out:0xe6245d80 frames:1152 rate:48000 whole_latency:24 alsa_latency:24
06-04 20:47:25.717 I/audio_hw_hal_primary( 491): [audiohal_get_latency:1333] io 13: out:0xe6245d80 frames:1152 rate:48000 whole_latency:24 alsa_latency:24
06-04 20:47:25.717 I/audio_hw_hal_primary( 491): [audiohal_get_latency:1333] io 13: out:0xe6245d80 frames:1152 rate:48000 whole_latency:24 alsa_latency:24
06-04 20:47:25.739 I/audio_hw_hal_primary( 491): [audiohal_get_latency:1333] io 13: out:0xe6245d80 frames:1152 rate:48000 whole_latency:24 alsa_latency:24
06-04 20:47:25.739 I/audio_hw_hal_primary( 491): [audiohal_get_latency:1333] io 13: out:0xe6245d80 frames:1152 rate:48000 whole_latency:24 alsa_latency:24
06-04 20:47:25.759 I/audio_hw_hal_primary( 491): [audiohal_get_latency:1333] io 13: out:0xe6245d80 frames:1152 rate:48000 whole_latency:24 alsa_latency:24
06-04 20:47:25.759 I/audio_hw_hal_primary( 491): [audiohal_get_latency:1333] io 13: out:0xe6245d80 frames:1152 rate:48000 whole_latency:24 alsa_latency:24
06-04 20:47:25.781 I/audio_hw_hal_primary( 491): [audiohal_get_latency:1333] io 13: out:0xe6245d80 frames:1152 rate:48000 whole_latency:24 alsa_latency:24
06-04 20:47:25.781 I/audio_hw_hal_primary( 491): [audiohal_get_latency:1333] io 13: out:0xe6245d80 frames:1152 rate:48000 whole_latency:24 alsa_latency:24
06-04 20:47:25.802 I/audio_hw_hal_primary( 491): [audiohal_get_latency:1333] io 13: out:0xe6245d80 frames:1152 rate:48000 whole_latency:24 alsa_latency:24
06-04 20:47:25.802 I/audio_hw_hal_primary( 491): [audiohal_get_latency:1333] io 13: out:0xe6245d80 frames:1152 rate:48000 whole_latency:24 alsa_latency:24
06-04 20:47:25.824 I/audio_hw_hal_primary( 491): [audiohal_get_latency:1333] io 13: out:0xe6245d80 frames:1152 rate:48000 whole_latency:24 alsa_latency:24
06-04 20:47:25.824 I/audio_hw_hal_primary( 491): [audiohal_get_latency:1333] io 13: out:0xe6245d80 frames:1152 rate:48000 whole_latency:24 alsa_latency:24
06-04 20:47:25.825 D/audioserver( 542): logFgsApiEnd: FGS Logger Transaction failed, -129
06-04 20:47:25.826 I/audio_hw_hal_primary( 491): out_update_source_metadata_v7() line 2013 usage:13 content_type:4
06-04 20:47:25.841 D/XM_HIDREAD( 1910): poll ret=1, event=1
06-04 20:47:25.841 D/XM_HIDREAD( 1910): [9 bytes]:01 00 00 51 00 00 00 00 00
06-04 20:47:25.844 I/audio_hw_hal_primary( 491): [audiohal_get_latency:1333] io 13: out:0xe6245d80 frames:1152 rate:48000 whole_latency:24 alsa_latency:24
06-04 20:47:25.859 I/audio_hw_hal_primary( 491): [register_audio_patch:8215] Patch 9:id:9 mix(io:13)->dev_0[OUT_HDMI(id:77)] found, register the same patch, do nothing.
06-04 20:47:25.859 I/audio_hw_hal_primary( 491): [adev_create_audio_patch:8316] Patch 9: MIX->DEVICE, num_src:1 num_sink:1 patch_src:INVAL
06-04 20:47:25.859 I/audio_hw_hal_primary( 491): [adev_create_audio_patch:8320] sink[0]: OUT_HDMI(id:77)
06-04 20:47:25.860 I/audio_hw_hal_primary( 491): [adev_create_audio_patch:8377] Patch 9: mix(io:13) -> dev[OUT_HDMI(id:77)]
06-04 20:47:25.860 I/audio_hw_hal_primary( 491): [adev_create_audio_patch:8445] dev=0xe71c0010 cur_out_device=0x400
06-04 20:47:25.860 D/UEventObserver( 1030): change@/devices/platform/auge_sound/sound/card0/controlC0ACTION=changeDEVPATH=/devices/platform/auge_sound/sound/card0/controlC0SUBSYSTEM=soundAUDIO_FORMAT=0MAJOR=116MINOR=13DEVNAME=snd/controlC0SEQNUM=3846
06-04 20:47:25.860 D/audioserver( 542): logFgsApiEnd: FGS Logger Transaction failed, -129
06-04 20:47:25.860 D/audioserver( 542): logFgsApiBegin: FGS Logger Transaction failed, -129
06-04 20:47:25.861 I/audio_hw_hal_primary( 491): [audiohal_get_latency:1333] io 13: out:0xe6245d80 frames:1152 rate:48000 whole_latency:24 alsa_latency:24
06-04 20:47:25.862 D/audioserver( 542): logFgsApiEnd: FGS Logger Transaction failed, -129
06-04 20:47:25.867 D/audioserver( 542): logFgsApiBegin: FGS Logger Transaction failed, -129
06-04 20:47:25.868 W/IPCThreadState( 542): Sending oneway calls to frozen process.
06-04 20:47:25.869 I/SogouIME( 1396): onKeyDown: keyoCode=20
06-04 20:47:25.869 I/DefaultIMS( 1396): onKeyDown: keyoCode=20
06-04 20:47:25.888 I/audio_hw_hal_primary( 491): out_update_source_metadata_v7() line 2013 usage:1 content_type:2
06-04 20:47:25.930 I/audio_hw_hal_primary( 491): [register_audio_patch:8215] Patch 9:id:9 mix(io:13)->dev_0[OUT_HDMI(id:77)] found, register the same patch, do nothing.
06-04 20:47:25.930 I/audio_hw_hal_primary( 491): [adev_create_audio_patch:8316] Patch 9: MIX->DEVICE, num_src:1 num_sink:1 patch_src:INVAL
06-04 20:47:25.930 I/audio_hw_hal_primary( 491): [adev_create_audio_patch:8320] sink[0]: OUT_HDMI(id:77)
06-04 20:47:25.930 I/audio_hw_hal_primary( 491): [adev_create_audio_patch:8377] Patch 9: mix(io:13) -> dev[OUT_HDMI(id:77)]
06-04 20:47:25.930 D/UEventObserver( 1030): change@/devices/platform/auge_sound/sound/card0/controlC0ACTION=changeDEVPATH=/devices/platform/auge_sound/sound/card0/controlC0SUBSYSTEM=soundAUDIO_FORMAT=0MAJOR=116MINOR=13DEVNAME=snd/controlC0SEQNUM=3847
06-04 20:47:25.930 I/audio_hw_hal_primary( 491): [adev_create_audio_patch:8445] dev=0xe71c0010 cur_out_device=0x400
06-04 20:47:25.931 D/audioserver( 542): logFgsApiEnd: FGS Logger Transaction failed, -129
06-04 20:47:25.931 D/audioserver( 542): logFgsApiBegin: FGS Logger Transaction failed, -129
06-04 20:47:25.933 I/audio_hw_hal_primary( 491): out_update_source_metadata_v7() line 2013 usage:1 content_type:2
06-04 20:47:25.935 I/SogouIME( 1396): onKeyUp: keyoCode=20
06-04 20:47:25.935 D/XM_HIDREAD( 1910): poll ret=1, event=1
06-04 20:47:25.935 D/XM_HIDREAD( 1910): [9 bytes]:01 00 00 00 00 00 00 00 00
06-04 20:47:25.935 I/DefaultIMS( 1396): onKeyUp: keyoCode=20
06-04 20:47:25.937 W/IPCThreadState( 542): Sending oneway calls to frozen process.
06-04 20:47:25.940 D/audioserver( 542): logFgsApiBegin: FGS Logger Transaction failed, -129
06-04 20:47:25.973 I/audio_hw_hal_primary( 491): out_update_source_metadata_v7() line 2013 usage:1 content_type:2
06-04 20:47:26.055 D/XM_HIDREAD( 1910): poll ret=1, event=1
06-04 20:47:26.055 D/XM_HIDREAD( 1910): [9 bytes]:01 00 00 51 00 00 00 00 00
06-04 20:47:26.058 I/SogouIME( 1396): onKeyDown: keyoCode=20
06-04 20:47:26.059 I/DefaultIMS( 1396): onKeyDown: keyoCode=20
06-04 20:47:26.065 W/AudioFlinger( 542): createTrack_l(): mismatch between requested flags (00000004) and output flags (00000002)
06-04 20:47:26.067 I/audio_hw_hal_primary( 491): [audiohal_get_latency:1333] io 13: out:0xe6245d80 frames:1152 rate:48000 whole_latency:24 alsa_latency:24
06-04 20:47:26.076 D/audioserver( 542): logFgsApiBegin: FGS Logger Transaction failed, -129
06-04 20:47:26.101 I/audio_hw_hal_primary( 491): [audiohal_get_latency:1333] io 13: out:0xe6245d80 frames:1152 rate:48000 whole_latency:24 alsa_latency:24
06-04 20:47:26.101 I/audio_hw_hal_primary( 491): out_update_source_metadata_v7() line 2013 usage:13 content_type:4
06-04 20:47:26.134 D/XM_HIDREAD( 1910): poll ret=1, event=1
06-04 20:47:26.134 D/XM_HIDREAD( 1910): [9 bytes]:01 00 00 00 00 00 00 00 00
06-04 20:47:26.136 I/SogouIME( 1396): onKeyUp: keyoCode=20
06-04 20:47:26.136 I/DefaultIMS( 1396): onKeyUp: keyoCode=20
06-04 20:47:26.143 I/audio_hw_hal_primary( 491): [audiohal_get_latency:1333] io 13: out:0xe6245d80 frames:1152 rate:48000 whole_latency:24 alsa_latency:24
06-04 20:47:26.186 I/audio_hw_hal_primary( 491): [audiohal_get_latency:1333] io 13: out:0xe6245d80 frames:1152 rate:48000 whole_latency:24 alsa_latency:24
06-04 20:47:26.228 I/audio_hw_hal_primary( 491): [audiohal_get_latency:1333] io 13: out:0xe6245d80 frames:1152 rate:48000 whole_latency:24 alsa_latency:24
06-04 20:47:26.229 I/audio_hw_hal_primary( 491): [audiohal_get_latency:1333] io 13: out:0xe6245d80 frames:1152 rate:48000 whole_latency:24 alsa_latency:24
06-04 20:47:26.229 I/audio_hw_hal_primary( 491): [audiohal_get_latency:1333] io 13: out:0xe6245d80 frames:1152 rate:48000 whole_latency:24 alsa_latency:24
06-04 20:47:26.251 I/audio_hw_hal_primary( 491): [audiohal_get_latency:1333] io 13: out:0xe6245d80 frames:1152 rate:48000 whole_latency:24 alsa_latency:24
06-04 20:47:26.251 I/audio_hw_hal_primary( 491): [audiohal_get_latency:1333] io 13: out:0xe6245d80 frames:1024 rate:48000 whole_latency:21 alsa_latency:21
06-04 20:47:26.251 I/audio_hw_hal_primary( 491): [audiohal_get_latency:1333] io 13: out:0xe6245d80 frames:1024 rate:48000 whole_latency:21 alsa_latency:21
06-04 20:47:26.252 D/audioserver( 542): logFgsApiEnd: FGS Logger Transaction failed, -129
06-04 20:47:26.253 I/audio_hw_hal_primary( 491): out_update_source_metadata_v7() line 2013 usage:13 content_type:4
06-04 20:47:26.258 D/XM_HIDREAD( 1910): poll ret=1, event=1
06-04 20:47:26.258 D/XM_HIDREAD( 1910): [9 bytes]:01 00 00 51 00 00 00 00 00
06-04 20:47:26.260 I/SogouIME( 1396): onKeyDown: keyoCode=20
06-04 20:47:26.260 I/DefaultIMS( 1396): onKeyDown: keyoCode=20
06-04 20:47:26.325 D/XM_HIDREAD( 1910): poll ret=1, event=1
06-04 20:47:26.325 D/XM_HIDREAD( 1910): [9 bytes]:01 00 00 00 00 00 00 00 00
06-04 20:47:26.328 I/SogouIME( 1396): onKeyUp: keyoCode=20
06-04 20:47:26.328 I/DefaultIMS( 1396): onKeyUp: keyoCode=20
06-04 20:47:26.399 I/audio_hw_hal_primary( 491): [audiohal_get_latency:1333] io 13: out:0xe6245d80 frames:1152 rate:48000 whole_latency:24 alsa_latency:24
06-04 20:47:26.442 I/audio_hw_hal_primary( 491): [audiohal_get_latency:1333] io 13: out:0xe6245d80 frames:1152 rate:48000 whole_latency:24 alsa_latency:24
06-04 20:47:26.442 I/audio_hw_hal_primary( 491): [audiohal_get_latency:1333] io 13: out:0xe6245d80 frames:1152 rate:48000 whole_latency:24 alsa_latency:24
06-04 20:47:26.464 I/audio_hw_hal_primary( 491): [audiohal_get_latency:1333] io 13: out:0xe6245d80 frames:1152 rate:48000 whole_latency:24 alsa_latency:24
06-04 20:47:26.464 I/audio_hw_hal_primary( 491): [audiohal_get_latency:1333] io 13: out:0xe6245d80 frames:1152 rate:48000 whole_latency:24 alsa_latency:24
06-04 20:47:26.482 D/XM_HIDREAD( 1910): poll ret=1, event=1
06-04 20:47:26.483 D/XM_HIDREAD( 1910): [9 bytes]:01 00 00 51 00 00 00 00 00
06-04 20:47:26.485 I/audio_hw_hal_primary( 491): [audiohal_get_latency:1333] io 13: out:0xe6245d80 frames:1152 rate:48000 whole_latency:24 alsa_latency:24
06-04 20:47:26.485 I/audio_hw_hal_primary( 491): [audiohal_get_latency:1333] io 13: out:0xe6245d80 frames:1152 rate:48000 whole_latency:24 alsa_latency:24
06-04 20:47:26.486 I/audio_hw_hal_primary( 491): [audiohal_get_latency:1333] io 13: out:0xe6245d80 frames:1024 rate:48000 whole_latency:21 alsa_latency:21
06-04 20:47:26.487 I/SogouIME( 1396): onKeyDown: keyoCode=20
06-04 20:47:26.487 I/DefaultIMS( 1396): onKeyDown: keyoCode=20
06-04 20:47:26.584 D/XM_HIDREAD( 1910): poll ret=1, event=1
06-04 20:47:26.584 D/XM_HIDREAD( 1910): [9 bytes]:01 00 00 00 00 00 00 00 00
06-04 20:47:26.586 I/SogouIME( 1396): onKeyUp: keyoCode=20
06-04 20:47:26.586 I/DefaultIMS( 1396): onKeyUp: keyoCode=20
06-04 20:47:26.655 I/audio_hw_hal_primary( 491): [audiohal_get_latency:1333] io 13: out:0xe6245d80 frames:1152 rate:48000 whole_latency:24 alsa_latency:24
06-04 20:47:26.655 I/audio_hw_hal_primary( 491): [audiohal_get_latency:1333] io 13: out:0xe6245d80 frames:1152 rate:48000 whole_latency:24 alsa_latency:24
06-04 20:47:26.677 I/audio_hw_hal_primary( 491): [audiohal_get_latency:1333] io 13: out:0xe6245d80 frames:1152 rate:48000 whole_latency:24 alsa_latency:24
06-04 20:47:26.677 I/audio_hw_hal_primary( 491): [audiohal_get_latency:1333] io 13: out:0xe6245d80 frames:1152 rate:48000 whole_latency:24 alsa_latency:24
06-04 20:47:26.698 I/audio_hw_hal_primary( 491): [audiohal_get_latency:1333] io 13: out:0xe6245d80 frames:1152 rate:48000 whole_latency:24 alsa_latency:24
06-04 20:47:26.698 I/audio_hw_hal_primary( 491): [audiohal_get_latency:1333] io 13: out:0xe6245d80 frames:1152 rate:48000 whole_latency:24 alsa_latency:24
06-04 20:47:26.720 I/audio_hw_hal_primary( 491): [audiohal_get_latency:1333] io 13: out:0xe6245d80 frames:1152 rate:48000 whole_latency:24 alsa_latency:24
06-04 20:47:26.720 I/audio_hw_hal_primary( 491): [audiohal_get_latency:1333] io 13: out:0xe6245d80 frames:1152 rate:48000 whole_latency:24 alsa_latency:24
06-04 20:47:26.740 I/audio_hw_hal_primary( 491): [audiohal_get_latency:1333] io 13: out:0xe6245d80 frames:1152 rate:48000 whole_latency:24 alsa_latency:24
06-04 20:47:26.741 I/audio_hw_hal_primary( 491): [audiohal_get_latency:1333] io 13: out:0xe6245d80 frames:1152 rate:48000 whole_latency:24 alsa_latency:24
06-04 20:47:26.762 I/audio_hw_hal_primary( 491): [audiohal_get_latency:1333] io 13: out:0xe6245d80 frames:1152 rate:48000 whole_latency:24 alsa_latency:24
06-04 20:47:26.763 I/audio_hw_hal_primary( 491): [audiohal_get_latency:1333] io 13: out:0xe6245d80 frames:1024 rate:48000 whole_latency:21 alsa_latency:21
06-04 20:47:26.783 I/audio_hw_hal_primary( 491): [audiohal_get_latency:1333] io 13: out:0xe6245d80 frames:1152 rate:48000 whole_latency:24 alsa_latency:24
06-04 20:47:26.783 I/audio_hw_hal_primary( 491): [audiohal_get_latency:1333] io 13: out:0xe6245d80 frames:1152 rate:48000 whole_latency:24 alsa_latency:24
06-04 20:47:26.805 I/audio_hw_hal_primary( 491): [audiohal_get_latency:1333] io 13: out:0xe6245d80 frames:1152 rate:48000 whole_latency:24 alsa_latency:24
06-04 20:47:26.805 I/audio_hw_hal_primary( 491): [audiohal_get_latency:1333] io 13: out:0xe6245d80 frames:1152 rate:48000 whole_latency:24 alsa_latency:24
06-04 20:47:26.805 D/audioserver( 542): logFgsApiEnd: FGS Logger Transaction failed, -129
06-04 20:47:26.807 D/audioserver( 542): logFgsApiEnd: FGS Logger Transaction failed, -129
06-04 20:47:26.966 D/XM_HIDREAD( 1910): poll ret=1, event=1
06-04 20:47:26.966 D/XM_HIDREAD( 1910): [9 bytes]:01 00 00 28 00 00 00 00 00
06-04 20:47:26.997 I/audio_hw_hal_primary( 491): [register_audio_patch:8215] Patch 9:id:9 mix(io:13)->dev_0[OUT_HDMI(id:77)] found, register the same patch, do nothing.
06-04 20:47:26.997 I/audio_hw_hal_primary( 491): [adev_create_audio_patch:8316] Patch 9: MIX->DEVICE, num_src:1 num_sink:1 patch_src:INVAL
06-04 20:47:26.997 I/audio_hw_hal_primary( 491): [adev_create_audio_patch:8320] sink[0]: OUT_HDMI(id:77)
06-04 20:47:26.997 I/audio_hw_hal_primary( 491): [adev_create_audio_patch:8377] Patch 9: mix(io:13) -> dev[OUT_HDMI(id:77)]
06-04 20:47:26.997 D/UEventObserver( 1030): change@/devices/platform/auge_sound/sound/card0/controlC0ACTION=changeDEVPATH=/devices/platform/auge_sound/sound/card0/controlC0SUBSYSTEM=soundAUDIO_FORMAT=0MAJOR=116MINOR=13DEVNAME=snd/controlC0SEQNUM=3848
06-04 20:47:26.997 I/audio_hw_hal_primary( 491): [adev_create_audio_patch:8445] dev=0xe71c0010 cur_out_device=0x400
06-04 20:47:27.000 W/IPCThreadState( 542): Sending oneway calls to frozen process.
06-04 20:47:27.005 D/audioserver( 542): logFgsApiBegin: FGS Logger Transaction failed, -129
06-04 20:47:27.007 I/audio_hw_hal_primary( 491): out_update_source_metadata_v7() line 2013 usage:1 content_type:2
06-04 20:47:27.009 I/SogouIME( 1396): onKeyDown: keyoCode=23
06-04 20:47:27.009 I/DefaultIMS( 1396): onKeyDown: keyoCode=23
06-04 20:47:27.079 D/XM_HIDREAD( 1910): poll ret=1, event=1
06-04 20:47:27.079 D/XM_HIDREAD( 1910): [9 bytes]:01 00 00 00 00 00 00 00 00
06-04 20:47:27.081 I/SogouIME( 1396): onKeyUp: keyoCode=23
06-04 20:47:27.081 I/DefaultIMS( 1396): onKeyUp: keyoCode=23
06-04 20:47:27.084 D/HDMI ( 707): setCecSettingIntValue name:hdmi_cec_enabled, value:1
06-04 20:47:27.084 D/HDMI ( 707): Updating CEC setting 'hdmi_cec_enabled' to '1'.
06-04 20:47:27.084 D/HDMI ( 707): Setting 'hdmi_cec_enabled' shared pref.
06-04 20:47:27.086 D/HDMI ( 707): cec config onchange hdmi_cec_enabled 1
06-04 20:47:27.086 D/HDMI ( 707): enableCec: true
06-04 20:47:27.093 D/hdmicecd( 501): [HdmiCecControl]:setOption, flag:0x2, value:0x1, ret:0, is_cec_controlled:1
06-04 20:47:27.093 D/HDMI ( 707): enableSystemCecControl: true
06-04 20:47:27.098 I/hdmicecd( 501): [HdmiCecControl]:setOption boot initialize hdmi cec config!
06-04 20:47:27.099 D/hdmicecd( 501): [HdmiCecControl]:setOption, flag:0x3, value:0x1, ret:0, is_cec_controlled:1
06-04 20:47:27.099 D/hdmicecd( 501): [HdmiCecControl]:getVersion, version:5, ret = 0
06-04 20:47:27.099 D/HDMI ( 707): enableSystemCecControl: true
06-04 20:47:27.094 I/rainbow_flow( 8106): type=1400 audit(0.0:1634): avc: denied { ioctl } for path="/dev/spidev1.0" dev="tmpfs" ino=534 ioctlcmd=0x6b00 scontext=u:r:init:s0 tcontext=u:object_r:device:s0 tclass=chr_file permissive=1
06-04 20:47:27.103 D/hdmicecd( 501): [HdmiCecControl]:setOption, flag:0x3, value:0x1, ret:0, is_cec_controlled:1
06-04 20:47:27.104 I/HdmiCec ( 501): setLanguage 7a686f
06-04 20:47:27.106 I/hdmicecd( 501): [HdmiCecControl]:clearLogicaladdress
06-04 20:47:27.106 I/hdmicecd( 501): [HdmiCecControl]:clearLogicaladdress
06-04 20:47:27.107 D/AudioService( 707): onHdmiCecVolumeControlFeature enabled:false
06-04 20:47:27.108 D/AudioService( 707): TV, no CEC: setting HDMI as regular vol device
06-04 20:47:27.108 D/AudioService( 707): Removing DeviceType: 0x400 from mFullVolumeDevices
06-04 20:47:27.108 D/AudioService( 707): Removing DeviceType: 0x400 from mFixedVolumeDevices
06-04 20:47:27.108 D/AudioService( 707): Removing DeviceType: 0x400 from mAbsoluteVolumeDeviceInfoMap
06-04 20:47:27.125 I/audio_hw_hal_primary( 491): [register_audio_patch:8215] Patch 9:id:9 mix(io:13)->dev_0[OUT_HDMI(id:77)] found, register the same patch, do nothing.
06-04 20:47:27.125 I/audio_hw_hal_primary( 491): [adev_create_audio_patch:8316] Patch 9: MIX->DEVICE, num_src:1 num_sink:1 patch_src:INVAL
06-04 20:47:27.125 I/audio_hw_hal_primary( 491): [adev_create_audio_patch:8320] sink[0]: OUT_HDMI(id:77)
06-04 20:47:27.125 I/audio_hw_hal_primary( 491): [adev_create_audio_patch:8377] Patch 9: mix(io:13) -> dev[OUT_HDMI(id:77)]
06-04 20:47:27.125 I/audio_hw_hal_primary( 491): [adev_create_audio_patch:8445] dev=0xe71c0010 cur_out_device=0x400
06-04 20:47:27.125 D/audioserver( 542): logFgsApiEnd: FGS Logger Transaction failed, -129
06-04 20:47:27.125 D/audioserver( 542): logFgsApiBegin: FGS Logger Transaction failed, -129
06-04 20:47:27.126 D/UEventObserver( 1030): change@/devices/platform/auge_sound/sound/card0/controlC0ACTION=changeDEVPATH=/devices/platform/auge_sound/sound/card0/controlC0SUBSYSTEM=soundAUDIO_FORMAT=0MAJOR=116MINOR=13DEVNAME=snd/controlC0SEQNUM=3849
06-04 20:47:27.128 I/audio_hw_hal_primary( 491): out_update_source_metadata_v7() line 2013 usage:1 content_type:2
06-04 20:47:27.130 W/IPCThreadState( 542): Sending oneway calls to frozen process.
06-04 20:47:27.131 D/audioserver( 542): logFgsApiBegin: FGS Logger Transaction failed, -129
06-04 20:47:27.134 D/xm_audio( 491): adev_get_parameters
06-04 20:47:27.136 D/xm_audio( 491): adev_get_parameters
06-04 20:47:27.148 D/xm_audio( 491): adev_get_parameters
06-04 20:47:27.149 D/xm_audio( 491): adev_get_parameters
06-04 20:47:27.154 D/xm_audio( 491): adev_get_parameters
06-04 20:47:27.156 D/xm_audio( 491): adev_get_parameters
06-04 20:47:27.161 D/xm_audio( 491): adev_get_parameters
06-04 20:47:27.162 D/xm_audio( 491): adev_get_parameters
06-04 20:47:27.165 D/hdmicecd( 501): [CEC]:printCecMessage, [4 -> 4] len: 0, body:, result:no ack
06-04 20:47:27.167 D/xm_audio( 491): adev_get_parameters
06-04 20:47:27.167 I/audio_hw_hal_primary( 491): [audiohal_get_latency:1333] io 13: out:0xe6245d80 frames:1152 rate:48000 whole_latency:24 alsa_latency:24
06-04 20:47:27.167 I/audio_hw_hal_primary( 491): out_update_source_metadata_v7() line 2013 usage:13 content_type:4
06-04 20:47:27.168 D/xm_audio( 491): adev_get_parameters
06-04 20:47:27.176 D/xm_audio( 491): adev_get_parameters
06-04 20:47:27.177 D/xm_audio( 491): adev_get_parameters
06-04 20:47:27.181 D/xm_audio( 491): adev_get_parameters
06-04 20:47:27.182 D/xm_audio( 491): adev_get_parameters
06-04 20:47:27.186 D/xm_audio( 491): adev_get_parameters
06-04 20:47:27.188 D/xm_audio( 491): adev_get_parameters
06-04 20:47:27.193 D/xm_audio( 491): adev_get_parameters
06-04 20:47:27.195 D/xm_audio( 491): adev_get_parameters
06-04 20:47:27.199 D/xm_audio( 491): adev_get_parameters
06-04 20:47:27.200 D/xm_audio( 491): adev_get_parameters
06-04 20:47:27.208 D/xm_audio( 491): adev_get_parameters
06-04 20:47:27.209 D/xm_audio( 491): adev_get_parameters
06-04 20:47:27.210 I/audio_hw_hal_primary( 491): [audiohal_get_latency:1333] io 13: out:0xe6245d80 frames:1152 rate:48000 whole_latency:24 alsa_latency:24
06-04 20:47:27.214 D/xm_audio( 491): adev_get_parameters
06-04 20:47:27.215 D/xm_audio( 491): adev_get_parameters
06-04 20:47:27.219 D/xm_audio( 491): adev_get_parameters
06-04 20:47:27.221 D/xm_audio( 491): adev_get_parameters
06-04 20:47:27.227 D/xm_audio( 491): adev_get_parameters
06-04 20:47:27.229 D/xm_audio( 491): adev_get_parameters
06-04 20:47:27.233 D/xm_audio( 491): adev_get_parameters
06-04 20:47:27.235 D/xm_audio( 491): adev_get_parameters
06-04 20:47:27.241 D/xm_audio( 491): adev_get_parameters
06-04 20:47:27.244 D/xm_audio( 491): adev_get_parameters
06-04 20:47:27.248 D/xm_audio( 491): adev_get_parameters
06-04 20:47:27.249 D/xm_audio( 491): adev_get_parameters
06-04 20:47:27.253 I/audio_hw_hal_primary( 491): [audiohal_get_latency:1333] io 13: out:0xe6245d80 frames:1152 rate:48000 whole_latency:24 alsa_latency:24
06-04 20:47:27.254 D/xm_audio( 491): adev_get_parameters
06-04 20:47:27.255 D/xm_audio( 491): adev_get_parameters
06-04 20:47:27.260 D/xm_audio( 491): adev_get_parameters
06-04 20:47:27.262 D/xm_audio( 491): adev_get_parameters
06-04 20:47:27.266 D/xm_audio( 491): adev_get_parameters
06-04 20:47:27.267 D/xm_audio( 491): adev_get_parameters
06-04 20:47:27.295 I/audio_hw_hal_primary( 491): [audiohal_get_latency:1333] io 13: out:0xe6245d80 frames:1152 rate:48000 whole_latency:24 alsa_latency:24
06-04 20:47:27.295 I/audio_hw_hal_primary( 491): [audiohal_get_latency:1333] io 13: out:0xe6245d80 frames:1152 rate:48000 whole_latency:24 alsa_latency:24
06-04 20:47:27.317 I/audio_hw_hal_primary( 491): [audiohal_get_latency:1333] io 13: out:0xe6245d80 frames:1152 rate:48000 whole_latency:24 alsa_latency:24
06-04 20:47:27.317 I/audio_hw_hal_primary( 491): [audiohal_get_latency:1333] io 13: out:0xe6245d80 frames:1152 rate:48000 whole_latency:24 alsa_latency:24
06-04 20:47:27.317 D/audioserver( 542): logFgsApiEnd: FGS Logger Transaction failed, -129
06-04 20:47:27.318 I/audio_hw_hal_primary( 491): out_update_source_metadata_v7() line 2013 usage:13 content_type:4
06-04 20:47:27.338 I/audio_hw_hal_primary( 491): [audiohal_get_latency:1333] io 13: out:0xe6245d80 frames:1152 rate:48000 whole_latency:24 alsa_latency:24
06-04 20:47:27.359 I/audio_hw_hal_primary( 491): [audiohal_get_latency:1333] io 13: out:0xe6245d80 frames:1152 rate:48000 whole_latency:24 alsa_latency:24
06-04 20:47:27.380 I/audio_hw_hal_primary( 491): [audiohal_get_latency:1333] io 13: out:0xe6245d80 frames:1152 rate:48000 whole_latency:24 alsa_latency:24
06-04 20:47:27.402 I/audio_hw_hal_primary( 491): [audiohal_get_latency:1333] io 13: out:0xe6245d80 frames:1152 rate:48000 whole_latency:24 alsa_latency:24
06-04 20:47:27.423 I/audio_hw_hal_primary( 491): [audiohal_get_latency:1333] io 13: out:0xe6245d80 frames:1152 rate:48000 whole_latency:24 alsa_latency:24
06-04 20:47:27.445 I/audio_hw_hal_primary( 491): [audiohal_get_latency:1333] io 13: out:0xe6245d80 frames:1152 rate:48000 whole_latency:24 alsa_latency:24
06-04 20:47:27.447 D/audioserver( 542): logFgsApiEnd: FGS Logger Transaction failed, -129
06-04 20:47:27.564 D/hdmicecd( 501): [CEC]:printCecMessage, [4 -> 4] len: 0, body:, result:fail other
06-04 20:47:27.564 E/IPCThreadState( 501): binder thread pool (1 threads) starved for 399 ms
06-04 20:47:27.565 W/HDMI ( 707): [1]:Failed to send a polling message(4->4) with return code 3
06-04 20:47:27.621 D/hdmicecd( 501): [CEC]:printCecMessage, [4 -> 4] len: 0, body:, result:no ack
06-04 20:47:27.621 D/HDMI ( 707): New logical address for device [4]: [preferred:15, assigned:4]
06-04 20:47:27.623 D/hdmicecd( 501): [HdmiCecControl]:getPhysicalAddress, physical addr: 3000, last pa: ffff, ret = 0
06-04 20:47:27.624 D/hdmicecd( 501): [HdmiCecControl]:getPhysicalAddress, physical addr: 3000, last pa: 3000, ret = 0
06-04 20:47:27.624 D/hdmicecd( 501): [HdmiCecControl]:getPhysicalAddress, physical addr: 3000, last pa: 3000, ret = 0
06-04 20:47:27.625 D/hdmicecd( 501): [HdmiCecControl]:getVendorId, vendorId: 0x1CA410
06-04 20:47:27.626 D/hdmicecd( 501): [HdmiCecControl]:getPhysicalAddress, physical addr: 3000, last pa: 3000, ret = 0
06-04 20:47:27.627 D/HDMI ( 707): addCecDevice new:CEC: logical_address: 0x04 device_type: 4 cec_version: 5 vendor_id: 1877008 display_name: DBBOX-A3 power_status: 0 physical_address: 0x3000 port_id: 0 old:null
06-04 20:47:27.627 I/hdmicecd( 501): [HdmiCecControl]:addr:4, allocate result:0
06-04 20:47:27.632 D/hdmicecd( 501): [HdmiCecControl]:onAddressAllocated:4
06-04 20:47:27.632 D/HDMI ( 707): onInitializeCecComplete 0
06-04 20:47:27.633 D/HdmiControlService( 707): Local device is under address allocation. Queue display callback for later process.
06-04 20:47:27.634 D/HDMI ( 707): onAddressAllocated address:4 reason:0
06-04 20:47:27.634 D/hdmicecd( 501): [HdmiCecControl]:getPhysicalAddress, physical addr: 3000, last pa: 3000, ret = 0
06-04 20:47:27.634 D/HDMI ( 707): setActiveSource logical:0x04 physical:0x3000 HdmiCecLocalDevicePlayback#onAddressAllocated()
06-04 20:47:27.635 D/hdmicecd( 501): [HdmiCecControl]:getPhysicalAddress, physical addr: 3000, last pa: 3000, ret = 0
06-04 20:47:27.636 D/hdmicecd( 501): [HdmiCecControl]:getPhysicalAddress, physical addr: 3000, last pa: 3000, ret = 0
06-04 20:47:27.637 D/HDMI ( 707): ActiveSourceHistoryRecord active source=(0x04, 0x3000) isActiveSource=true from=HdmiCecLocalDevicePlayback#onAddressAllocated()
06-04 20:47:27.638 D/HDMI ( 707): No wakelock is used to keep the display on.
06-04 20:47:27.645 E/HDMI ( 707): [1]:Invalid message type: 4F:8E:00
06-04 20:47:27.645 D/HDMI ( 707): setActiveSource logical:0x04 physical:0x3000 ActiveSourceAction
06-04 20:47:27.645 D/hdmicecd( 501): [HdmiCecControl]:getPhysicalAddress, physical addr: 3000, last pa: 3000, ret = 0
06-04 20:47:27.646 D/HDMI ( 707): [S]: 4F:82:30:00
06-04 20:47:27.646 D/hdmicecd( 501): [HdmiCecControl]:updateActiveState sending messag:82 active state:1
06-04 20:47:27.646 D/hdmicecd( 501): [HdmiCecControl]:getPhysicalAddress, physical addr: 3000, last pa: 3000, ret = 0
06-04 20:47:27.647 D/HDMI ( 707): ActiveSourceHistoryRecord active source=(0x04, 0x3000) isActiveSource=true from=ActiveSourceAction
06-04 20:47:27.647 D/hdmicecd( 501): [HdmiCecControl]:getPhysicalAddress, physical addr: 3000, last pa: 3000, ret = 0
06-04 20:47:27.648 D/hdmicecd( 501): [HdmiCecControl]:getVendorId, vendorId: 0x1CA410
06-04 20:47:27.649 D/hdmicecd( 501): [HdmiCecControl]:getPhysicalAddress, physical addr: 3000, last pa: 3000, ret = 0
06-04 20:47:27.649 D/HDMI ( 707): DeviceDiscoveryAction start com.android.server.hdmi.DeviceDiscoveryAction@f39cff2
06-04 20:47:27.654 D/HDMI ( 707): oneTouchPlay com.android.server.hdmi.OneTouchPlayAction@257643
06-04 20:47:27.655 D/HDMI ( 707): setActiveSource logical:0x04 physical:0x3000 OneTouchPlayAction#broadcastActiveSource()
06-04 20:47:27.655 D/hdmicecd( 501): [HdmiCecControl]:getPhysicalAddress, physical addr: 3000, last pa: 3000, ret = 0
06-04 20:47:27.656 D/hdmicecd( 501): [HdmiCecControl]:getPhysicalAddress, physical addr: 3000, last pa: 3000, ret = 0
06-04 20:47:27.656 D/HDMI ( 707): ActiveSourceHistoryRecord active source=(0x04, 0x3000) isActiveSource=true from=OneTouchPlayAction#broadcastActiveSource()
06-04 20:47:27.657 D/HDMI ( 707): setActiveSource logical:0x04 physical:0x3000 ActiveSourceAction
06-04 20:47:27.657 D/hdmicecd( 501): [HdmiCecControl]:getPhysicalAddress, physical addr: 3000, last pa: 3000, ret = 0
06-04 20:47:27.657 D/hdmicecd( 501): [HdmiCecControl]:getPhysicalAddress, physical addr: 3000, last pa: 3000, ret = 0
06-04 20:47:27.658 I/audio_hw_hal_stream( 491): aml_stream_out_info_print: out:0xe6245d80, stream_type:pcm, sync_mode:non tunnel, input_size:299008000 bytes
06-04 20:47:27.658 I/audio_hw_hal_stream( 491): aml_stream_out_info_print: last_time:2314391 ms (sec:2314, nsec:391527019), last_position:1557193 ms (74745296), cur_time:2314412 ms (sec:2314, nsec:412585519), cur_position:1557212 ms (74746192)
06-04 20:47:27.658 I/audio_hw_hal_stream( 491): aml_stream_out_info_print: time_gap:21 ms (thr:100 ms), position_gap:18 ms, delay:121 ms, jitter: Position gap is behind system time gap by 3 ms (thr:100 ms)
06-04 20:47:27.658 D/HDMI ( 707): ActiveSourceHistoryRecord active source=(0x04, 0x3000) isActiveSource=true from=ActiveSourceAction
06-04 20:47:27.660 D/CompatibilityChangeReporter( 707): Compat change id reported: 240663182; UID 1000; state: ENABLED
06-04 20:47:27.660 D/HdmiControlService( 707): Switching to full volume behavior
06-04 20:47:27.661 D/HdmiControlService( 707): Switching to full volume behavior
06-04 20:47:27.662 D/HdmiControlService( 707): Switching to full volume behavior
06-04 20:47:27.662 D/HdmiControlService( 707): Switching to full volume behavior
06-04 20:47:27.775 D/hdmicecd( 501): [CEC]:printCecMessage, [4 -> f] len: 3, body: 82 30 00, result:success
06-04 20:47:27.776 E/IPCThreadState( 501): binder thread pool (1 threads) starved for 130 ms
06-04 20:47:27.777 D/HDMI ( 707): [S]: 4F:84:30:00:04
06-04 20:47:28.122 D/hdmicecd( 501): [CEC]:printCecMessage, [4 -> f] len: 4, body: 84 30 00 04, result:success
06-04 20:47:28.123 E/IPCThreadState( 501): binder thread pool (1 threads) starved for 346 ms
06-04 20:47:28.124 D/HDMI ( 707): [S]: 4F:87:1C:A4:10
06-04 20:47:28.185 D/hdmicecd( 501): [CEC]:printCecMessage, [4 -> f] len: 4, body: 87 1c a4 10, result:no ack
06-04 20:47:28.238 D/XM_HIDREAD( 1910): poll ret=1, event=1
06-04 20:47:28.238 D/XM_HIDREAD( 1910): [9 bytes]:01 00 00 52 00 00 00 00 00
06-04 20:47:28.254 I/audio_hw_hal_primary( 491): [register_audio_patch:8215] Patch 9:id:9 mix(io:13)->dev_0[OUT_HDMI(id:77)] found, register the same patch, do nothing.
06-04 20:47:28.254 I/audio_hw_hal_primary( 491): [adev_create_audio_patch:8316] Patch 9: MIX->DEVICE, num_src:1 num_sink:1 patch_src:INVAL
06-04 20:47:28.254 I/audio_hw_hal_primary( 491): [adev_create_audio_patch:8320] sink[0]: OUT_HDMI(id:77)
06-04 20:47:28.254 I/audio_hw_hal_primary( 491): [adev_create_audio_patch:8377] Patch 9: mix(io:13) -> dev[OUT_HDMI(id:77)]
06-04 20:47:28.254 I/audio_hw_hal_primary( 491): [adev_create_audio_patch:8445] dev=0xe71c0010 cur_out_device=0x400
06-04 20:47:28.255 D/UEventObserver( 1030): change@/devices/platform/auge_sound/sound/card0/controlC0ACTION=changeDEVPATH=/devices/platform/auge_sound/sound/card0/controlC0SUBSYSTEM=soundAUDIO_FORMAT=0MAJOR=116MINOR=13DEVNAME=snd/controlC0SEQNUM=3852
06-04 20:47:28.259 W/IPCThreadState( 542): Sending oneway calls to frozen process.
06-04 20:47:28.262 D/audioserver( 542): logFgsApiBegin: FGS Logger Transaction failed, -129
06-04 20:47:28.264 I/SogouIME( 1396): onKeyDown: keyoCode=19
06-04 20:47:28.264 I/DefaultIMS( 1396): onKeyDown: keyoCode=19
06-04 20:47:28.277 I/audio_hw_hal_primary( 491): out_update_source_metadata_v7() line 2013 usage:1 content_type:2
06-04 20:47:28.278 D/AF::Track( 542): interceptBuffer: took 648us to intercept 0 tracks
06-04 20:47:28.289 I/WifiHAL ( 524): call wifi_get_link_stats handler
06-04 20:47:28.289 I/WifiHAL ( 524): Creating message to get link statistics; iface = 16
06-04 20:47:28.290 D/WifiHAL ( 524): error code -95 mapped to -3
06-04 20:47:28.290 E/WifiStaIfaceAidlImpl( 707): getLinkLayerStats failed with service-specific exception: android.os.ServiceSpecificException: (code 4)
06-04 20:47:28.320 I/audio_hw_hal_primary( 491): [register_audio_patch:8215] Patch 9:id:9 mix(io:13)->dev_0[OUT_HDMI(id:77)] found, register the same patch, do nothing.
06-04 20:47:28.320 I/audio_hw_hal_primary( 491): [adev_create_audio_patch:8316] Patch 9: MIX->DEVICE, num_src:1 num_sink:1 patch_src:INVAL
06-04 20:47:28.320 I/audio_hw_hal_primary( 491): [adev_create_audio_patch:8320] sink[0]: OUT_HDMI(id:77)
06-04 20:47:28.320 I/audio_hw_hal_primary( 491): [adev_create_audio_patch:8377] Patch 9: mix(io:13) -> dev[OUT_HDMI(id:77)]
06-04 20:47:28.320 D/UEventObserver( 1030): change@/devices/platform/auge_sound/sound/card0/controlC0ACTION=changeDEVPATH=/devices/platform/auge_sound/sound/card0/controlC0SUBSYSTEM=soundAUDIO_FORMAT=0MAJOR=116MINOR=13DEVNAME=snd/controlC0SEQNUM=3853
06-04 20:47:28.320 I/audio_hw_hal_primary( 491): [adev_create_audio_patch:8445] dev=0xe71c0010 cur_out_device=0x400
06-04 20:47:28.321 D/audioserver( 542): logFgsApiEnd: FGS Logger Transaction failed, -129
06-04 20:47:28.321 D/audioserver( 542): logFgsApiBegin: FGS Logger Transaction failed, -129
06-04 20:47:28.323 I/audio_hw_hal_primary( 491): out_update_source_metadata_v7() line 2013 usage:1 content_type:2
06-04 20:47:28.327 W/IPCThreadState( 542): Sending oneway calls to frozen process.
06-04 20:47:28.329 D/audioserver( 542): logFgsApiBegin: FGS Logger Transaction failed, -129
06-04 20:47:28.363 I/audio_hw_hal_primary( 491): out_update_source_metadata_v7() line 2013 usage:13 content_type:4
06-04 20:47:28.384 D/XM_HIDREAD( 1910): poll ret=1, event=1
06-04 20:47:28.384 D/XM_HIDREAD( 1910): [9 bytes]:01 00 00 00 00 00 00 00 00
06-04 20:47:28.387 I/SogouIME( 1396): onKeyUp: keyoCode=19
06-04 20:47:28.387 I/DefaultIMS( 1396): onKeyUp: keyoCode=19
06-04 20:47:28.447 I/audio_hw_hal_primary( 491): [audiohal_get_latency:1333] io 13: out:0xe6245d80 frames:1152 rate:48000 whole_latency:24 alsa_latency:24
06-04 20:47:28.490 I/audio_hw_hal_primary( 491): [audiohal_get_latency:1333] io 13: out:0xe6245d80 frames:1152 rate:48000 whole_latency:24 alsa_latency:24
06-04 20:47:28.490 I/audio_hw_hal_primary( 491): [audiohal_get_latency:1333] io 13: out:0xe6245d80 frames:1152 rate:48000 whole_latency:24 alsa_latency:24
06-04 20:47:28.512 I/audio_hw_hal_primary( 491): [audiohal_get_latency:1333] io 13: out:0xe6245d80 frames:1152 rate:48000 whole_latency:24 alsa_latency:24
06-04 20:47:28.512 I/audio_hw_hal_primary( 491): [audiohal_get_latency:1333] io 13: out:0xe6245d80 frames:1152 rate:48000 whole_latency:24 alsa_latency:24
06-04 20:47:28.532 I/audio_hw_hal_primary( 491): [audiohal_get_latency:1333] io 13: out:0xe6245d80 frames:1152 rate:48000 whole_latency:24 alsa_latency:24
06-04 20:47:28.533 I/audio_hw_hal_primary( 491): [audiohal_get_latency:1333] io 13: out:0xe6245d80 frames:1152 rate:48000 whole_latency:24 alsa_latency:24
06-04 20:47:28.546 D/hdmicecd( 501): [CEC]:printCecMessage, [4 -> f] len: 4, body: 87 1c a4 10, result:success
06-04 20:47:28.546 E/IPCThreadState( 501): binder thread pool (1 threads) starved for 361 ms
06-04 20:47:28.547 D/HDMI ( 707): [S]: 40:8C
06-04 20:47:28.554 I/audio_hw_hal_primary( 491): [audiohal_get_latency:1333] io 13: out:0xe6245d80 frames:1152 rate:48000 whole_latency:24 alsa_latency:24
06-04 20:47:28.554 I/audio_hw_hal_primary( 491): [audiohal_get_latency:1333] io 13: out:0xe6245d80 frames:1152 rate:48000 whole_latency:24 alsa_latency:24
06-04 20:47:28.575 I/audio_hw_hal_primary( 491): [audiohal_get_latency:1333] io 13: out:0xe6245d80 frames:1152 rate:48000 whole_latency:24 alsa_latency:24
06-04 20:47:28.575 I/audio_hw_hal_primary( 491): [audiohal_get_latency:1333] io 13: out:0xe6245d80 frames:1152 rate:48000 whole_latency:24 alsa_latency:24
06-04 20:47:28.587 D/XM_HIDREAD( 1910): poll ret=1, event=1
06-04 20:47:28.587 D/XM_HIDREAD( 1910): [9 bytes]:01 00 00 28 00 00 00 00 00
06-04 20:47:28.589 I/audio_hw_hal_primary( 491): [audiohal_get_latency:1333] io 13: out:0xe6245d80 frames:1280 rate:48000 whole_latency:26 alsa_latency:26
06-04 20:47:28.590 I/SogouIME( 1396): onKeyDown: keyoCode=23
06-04 20:47:28.590 I/DefaultIMS( 1396): onKeyDown: keyoCode=23
06-04 20:47:28.605 D/hdmicecd( 501): [CEC]:printCecMessage, [4 -> 0] len: 1, body: 8c, result:no ack
06-04 20:47:28.618 I/audio_hw_hal_primary( 491): [audiohal_get_latency:1333] io 13: out:0xe6245d80 frames:1152 rate:48000 whole_latency:24 alsa_latency:24
06-04 20:47:28.661 I/audio_hw_hal_primary( 491): [audiohal_get_latency:1333] io 13: out:0xe6245d80 frames:1152 rate:48000 whole_latency:24 alsa_latency:24
06-04 20:47:28.661 D/audioserver( 542): logFgsApiEnd: FGS Logger Transaction failed, -129
06-04 20:47:28.663 I/audio_hw_hal_primary( 491): out_update_source_metadata_v7() line 2013 usage:1 content_type:2
06-04 20:47:28.676 D/XM_HIDREAD( 1910): poll ret=1, event=1
06-04 20:47:28.676 D/XM_HIDREAD( 1910): [9 bytes]:01 00 00 00 00 00 00 00 00
06-04 20:47:28.678 I/SogouIME( 1396): onKeyUp: keyoCode=23
06-04 20:47:28.678 I/DefaultIMS( 1396): onKeyUp: keyoCode=23
06-04 20:47:28.685 D/hdmicecd( 501): [CEC]:printCecMessage, [4 -> 0] len: 1, body: 8c, result:success
06-04 20:47:28.686 D/HDMI ( 707): [S]: 40:47:44:42:42:4F:58:2D:41:33
06-04 20:47:28.688 E/ccc ( 1349): cccccc led current is 100 标准
06-04 20:47:28.688 E/ccc ( 1349): cccccc led current is null
06-04 20:47:28.690 E/ccc ( 1349): cccccc led current is 100 标准
06-04 20:47:28.690 E/ccc ( 1349): cccccc led current is null
06-04 20:47:28.703 I/audio_hw_hal_primary( 491): [register_audio_patch:8215] Patch 9:id:9 mix(io:13)->dev_0[OUT_HDMI(id:77)] found, register the same patch, do nothing.
06-04 20:47:28.704 I/audio_hw_hal_primary( 491): [adev_create_audio_patch:8316] Patch 9: MIX->DEVICE, num_src:1 num_sink:1 patch_src:INVAL
06-04 20:47:28.704 I/audio_hw_hal_primary( 491): [adev_create_audio_patch:8320] sink[0]: OUT_HDMI(id:77)
06-04 20:47:28.704 I/audio_hw_hal_primary( 491): [adev_create_audio_patch:8377] Patch 9: mix(io:13) -> dev[OUT_HDMI(id:77)]
06-04 20:47:28.704 D/UEventObserver( 1030): change@/devices/platform/auge_sound/sound/card0/controlC0ACTION=changeDEVPATH=/devices/platform/auge_sound/sound/card0/controlC0SUBSYSTEM=soundAUDIO_FORMAT=0MAJOR=116MINOR=13DEVNAME=snd/controlC0SEQNUM=3854
06-04 20:47:28.704 I/audio_hw_hal_primary( 491): [adev_create_audio_patch:8445] dev=0xe71c0010 cur_out_device=0x400
06-04 20:47:28.705 D/audioserver( 542): logFgsApiEnd: FGS Logger Transaction failed, -129
06-04 20:47:28.705 D/audioserver( 542): logFgsApiBegin: FGS Logger Transaction failed, -129
06-04 20:47:28.706 I/audio_hw_hal_primary( 491): out_update_source_metadata_v7() line 2013 usage:1 content_type:2
06-04 20:47:28.709 W/IPCThreadState( 542): Sending oneway calls to frozen process.
06-04 20:47:28.711 D/audioserver( 542): logFgsApiBegin: FGS Logger Transaction failed, -129
06-04 20:47:28.746 I/audio_hw_hal_primary( 491): [audiohal_get_latency:1333] io 13: out:0xe6245d80 frames:1152 rate:48000 whole_latency:24 alsa_latency:24
06-04 20:47:28.747 I/audio_hw_hal_primary( 491): out_update_source_metadata_v7() line 2013 usage:13 content_type:4
06-04 20:47:28.788 I/audio_hw_hal_primary( 491): [audiohal_get_latency:1333] io 13: out:0xe6245d80 frames:1152 rate:48000 whole_latency:24 alsa_latency:24
06-04 20:47:28.831 I/audio_hw_hal_primary( 491): [audiohal_get_latency:1333] io 13: out:0xe6245d80 frames:1152 rate:48000 whole_latency:24 alsa_latency:24
06-04 20:47:28.865 D/hdmicecd( 501): [CEC]:printCecMsgBuf, msg: 04 46
06-04 20:47:28.866 D/hdmicecd( 501): [CMsgQueue]:sendmsg now = 2315622 msg[0] when = 2316622
06-04 20:47:28.867 D/HDMI ( 707): [R]: 04:46
06-04 20:47:28.868 D/hdmicecd( 501): [HdmiCecControl]:getPhysicalAddress, physical addr: 3000, last pa: 3000, ret = 0
06-04 20:47:28.869 D/HDMI ( 707): addCecDevice new:CEC: logical_address: 0x00 device_type: 0 cec_version: 5 vendor_id: 16777215 display_name: TV power_status: -1 physical_address: 0xFFFF port_id: -1 old:null
06-04 20:47:28.870 D/HdmiControlService( 707): Switching to full volume behavior
06-04 20:47:28.870 D/HDMI ( 707): TV is available now for receiving its message
06-04 20:47:28.870 D/AudioService( 707): onStatusChange cecEnabled:true available:true
06-04 20:47:28.871 D/AudioService( 707): TV, no CEC: setting HDMI as regular vol device
06-04 20:47:28.871 D/AudioService( 707): Removing DeviceType: 0x400 from mFullVolumeDevices
06-04 20:47:28.871 D/AudioService( 707): Removing DeviceType: 0x400 from mFixedVolumeDevices
06-04 20:47:28.871 D/AudioService( 707): Removing DeviceType: 0x400 from mAbsoluteVolumeDeviceInfoMap
06-04 20:47:28.874 I/audio_hw_hal_primary( 491): [audiohal_get_latency:1333] io 13: out:0xe6245d80 frames:1152 rate:48000 whole_latency:24 alsa_latency:24
06-04 20:47:28.874 I/audio_hw_hal_primary( 491): [audiohal_get_latency:1333] io 13: out:0xe6245d80 frames:1152 rate:48000 whole_latency:24 alsa_latency:24
06-04 20:47:28.876 D/xm_audio( 491): adev_get_parameters
06-04 20:47:28.879 D/xm_audio( 491): adev_get_parameters
06-04 20:47:28.885 D/xm_audio( 491): adev_get_parameters
06-04 20:47:28.888 D/xm_audio( 491): adev_get_parameters
06-04 20:47:28.898 D/xm_audio( 491): adev_get_parameters
06-04 20:47:28.900 I/audio_hw_hal_primary( 491): [audiohal_get_latency:1333] io 13: out:0xe6245d80 frames:1152 rate:48000 whole_latency:24 alsa_latency:24
06-04 20:47:28.901 D/xm_audio( 491): adev_get_parameters
06-04 20:47:28.903 I/audio_hw_hal_primary( 491): [audiohal_get_latency:1333] io 13: out:0xe6245d80 frames:1024 rate:48000 whole_latency:21 alsa_latency:21
06-04 20:47:28.904 D/audioserver( 542): logFgsApiEnd: FGS Logger Transaction failed, -129
06-04 20:47:28.905 I/audio_hw_hal_primary( 491): out_update_source_metadata_v7() line 2013 usage:13 content_type:4
06-04 20:47:28.913 D/xm_audio( 491): adev_get_parameters
06-04 20:47:28.914 D/xm_audio( 491): adev_get_parameters
06-04 20:47:28.916 I/audio_hw_hal_primary( 491): [audiohal_get_latency:1333] io 13: out:0xe6245d80 frames:1152 rate:48000 whole_latency:24 alsa_latency:24
06-04 20:47:28.920 D/xm_audio( 491): adev_get_parameters
06-04 20:47:28.921 D/xm_audio( 491): adev_get_parameters
06-04 20:47:28.925 D/xm_audio( 491): adev_get_parameters
06-04 20:47:28.926 D/xm_audio( 491): adev_get_parameters
06-04 20:47:28.929 D/xm_audio( 491): adev_get_parameters
06-04 20:47:28.930 D/xm_audio( 491): adev_get_parameters
06-04 20:47:28.933 D/xm_audio( 491): adev_get_parameters
06-04 20:47:28.934 D/xm_audio( 491): adev_get_parameters
06-04 20:47:28.937 D/xm_audio( 491): adev_get_parameters
06-04 20:47:28.938 I/audio_hw_hal_primary( 491): [audiohal_get_latency:1333] io 13: out:0xe6245d80 frames:1152 rate:48000 whole_latency:24 alsa_latency:24
06-04 20:47:28.938 D/xm_audio( 491): adev_get_parameters
06-04 20:47:28.943 D/xm_audio( 491): adev_get_parameters
06-04 20:47:28.945 D/xm_audio( 491): adev_get_parameters
06-04 20:47:28.952 D/xm_audio( 491): adev_get_parameters
06-04 20:47:28.953 D/xm_audio( 491): adev_get_parameters
06-04 20:47:28.959 D/xm_audio( 491): adev_get_parameters
