06-04 20:45:19.066 E/Scheduler( 265): trackPendingFrame: Invalid present fence
06-04 20:45:19.099 E/Scheduler( 265): trackPendingFrame: Invalid present fence
06-04 20:45:19.133 E/Scheduler( 265): trackPendingFrame: Invalid present fence
06-04 20:45:19.166 E/Scheduler( 265): trackPendingFrame: Invalid present fence
06-04 20:45:19.199 E/Scheduler( 265): trackPendingFrame: Invalid present fence
06-04 20:45:19.228 D/BufferPoolAccessor2.0( 7501): bufferpool2 0xe417aee8 : 8(12582912 size) total buffers - 8(12582912 size) used buffers - 0/9 (recycle/alloc) - 9/488 (fetch/transfer)
06-04 20:45:19.233 E/Scheduler( 265): trackPendingFrame: Invalid present fence
06-04 20:45:19.266 E/Scheduler( 265): trackPendingFrame: Invalid present fence
06-04 20:45:19.282 E/ccc ( 1349): cccccc sendCycleCheckBroadcast --------- beginning of system
06-04 20:45:19.283 W/ContextImpl( 1349): Calling a method in the system process without a qualified user: android.app.ContextImpl.sendBroadcast:1220 android.content.ContextWrapper.sendBroadcast:504 com.dangbei.etna.setting.core.SettingHelper.sendCycleToProjector:257 com.dangbei.etna.setting.core.SettingHelper.sendCycleCheckBroadcast:226 com.dangbei.etna.setting.core.SettingHelper.startLoop$lambda-0:185
06-04 20:45:19.285 W/ContextImpl( 1349): Calling a method in the system process without a qualified user: android.app.ContextImpl.sendBroadcast:1220 android.content.ContextWrapper.sendBroadcast:504 com.dangbei.etna.setting.core.SettingHelper.sendCycleToVoice:242 com.dangbei.etna.setting.core.SettingHelper.sendCycleCheckBroadcast:227 com.dangbei.etna.setting.core.SettingHelper.startLoop$lambda-0:185
06-04 20:45:19.289 D/RockyVoice( 1642): RestartReceiver onReceive
06-04 20:45:19.299 E/Scheduler( 265): trackPendingFrame: Invalid present fence
06-04 20:45:19.333 E/Scheduler( 265): trackPendingFrame: Invalid present fence
06-04 20:45:19.366 E/Scheduler( 265): trackPendingFrame: Invalid present fence
06-04 20:45:19.400 E/Scheduler( 265): trackPendingFrame: Invalid present fence
06-04 20:45:19.433 E/Scheduler( 265): trackPendingFrame: Invalid present fence
06-04 20:45:19.467 E/Scheduler( 265): trackPendingFrame: Invalid present fence
06-04 20:45:19.500 E/Scheduler( 265): trackPendingFrame: Invalid present fence
06-04 20:45:19.533 E/Scheduler( 265): trackPendingFrame: Invalid present fence
06-04 20:45:19.567 E/Scheduler( 265): trackPendingFrame: Invalid present fence
06-04 20:45:19.600 E/Scheduler( 265): trackPendingFrame: Invalid present fence
06-04 20:45:19.633 E/Scheduler( 265): trackPendingFrame: Invalid present fence
06-04 20:45:19.667 E/Scheduler( 265): trackPendingFrame: Invalid present fence
06-04 20:45:19.700 E/Scheduler( 265): trackPendingFrame: Invalid present fence
06-04 20:45:19.733 E/Scheduler( 265): trackPendingFrame: Invalid present fence
06-04 20:45:19.767 E/Scheduler( 265): trackPendingFrame: Invalid present fence
06-04 20:45:19.800 E/Scheduler( 265): trackPendingFrame: Invalid present fence
06-04 20:45:19.833 E/Scheduler( 265): trackPendingFrame: Invalid present fence
06-04 20:45:19.867 E/Scheduler( 265): trackPendingFrame: Invalid present fence
06-04 20:45:19.900 E/Scheduler( 265): trackPendingFrame: Invalid present fence
06-04 20:45:19.934 E/Scheduler( 265): trackPendingFrame: Invalid present fence
06-04 20:45:19.967 E/Scheduler( 265): trackPendingFrame: Invalid present fence
06-04 20:45:20.000 E/Scheduler( 265): trackPendingFrame: Invalid present fence
06-04 20:45:20.033 E/Scheduler( 265): trackPendingFrame: Invalid present fence
06-04 20:45:20.067 E/Scheduler( 265): trackPendingFrame: Invalid present fence
06-04 20:45:20.085 I/VDA ( 497): [0##41]"ServiceDeviceTask INs=505/512, OUTs=503/506"" {IN=7/8, OUT=10/13[kAtAccelerator(0) kAtDevice(3) kAtClient(10)]}"
06-04 20:45:20.100 E/Scheduler( 265): trackPendingFrame: Invalid present fence
06-04 20:45:20.134 E/Scheduler( 265): trackPendingFrame: Invalid present fence
06-04 20:45:20.167 E/Scheduler( 265): trackPendingFrame: Invalid present fence
06-04 20:45:20.200 E/Scheduler( 265): trackPendingFrame: Invalid present fence
06-04 20:45:20.234 E/Scheduler( 265): trackPendingFrame: Invalid present fence
06-04 20:45:20.258 I/virtual Data FFDemuxer::read()( 7501): read frame ret: End of file latestReceivedTime: 169926 getTotalTimeMillis: 6666 is exit: 0
06-04 20:45:20.258 I/virtual Data FFDemuxer::read()( 7501): list smooth loop
06-04 20:45:20.262 I/virtual StreamInfo FFDemuxer::getVideoStreamInfo()( 7501): video width: 1920 video height: 1080 video pixelFormat: 0 fps: 30
06-04 20:45:20.262 D/virtual Data FFDemuxer::read()( 7501): open next url: /data/user/0/com.dangbei.lerad.screensaver/files/download/61/city_1.mp4
06-04 20:45:20.267 E/Scheduler( 265): trackPendingFrame: Invalid present fence
06-04 20:45:20.300 E/Scheduler( 265): trackPendingFrame: Invalid present fence
06-04 20:45:20.334 E/Scheduler( 265): trackPendingFrame: Invalid present fence
06-04 20:45:20.367 E/Scheduler( 265): trackPendingFrame: Invalid present fence
06-04 20:45:20.401 E/Scheduler( 265): trackPendingFrame: Invalid present fence
06-04 20:45:20.434 E/Scheduler( 265): trackPendingFrame: Invalid present fence
06-04 20:45:20.467 E/Scheduler( 265): trackPendingFrame: Invalid present fence
06-04 20:45:20.501 E/Scheduler( 265): trackPendingFrame: Invalid present fence
06-04 20:45:20.534 E/Scheduler( 265): trackPendingFrame: Invalid present fence
06-04 20:45:20.568 E/Scheduler( 265): trackPendingFrame: Invalid present fence
06-04 20:45:20.601 E/Scheduler( 265): trackPendingFrame: Invalid present fence
06-04 20:45:20.634 E/Scheduler( 265): trackPendingFrame: Invalid present fence
06-04 20:45:20.668 E/Scheduler( 265): trackPendingFrame: Invalid present fence
06-04 20:45:20.701 E/Scheduler( 265): trackPendingFrame: Invalid present fence
06-04 20:45:20.734 E/Scheduler( 265): trackPendingFrame: Invalid present fence
06-04 20:45:20.768 E/Scheduler( 265): trackPendingFrame: Invalid present fence
06-04 20:45:20.801 E/Scheduler( 265): trackPendingFrame: Invalid present fence
06-04 20:45:20.834 E/Scheduler( 265): trackPendingFrame: Invalid present fence
06-04 20:45:20.868 E/Scheduler( 265): trackPendingFrame: Invalid present fence
06-04 20:45:20.901 E/Scheduler( 265): trackPendingFrame: Invalid present fence
06-04 20:45:20.934 E/Scheduler( 265): trackPendingFrame: Invalid present fence
06-04 20:45:20.968 E/Scheduler( 265): trackPendingFrame: Invalid present fence
06-04 20:45:21.001 E/Scheduler( 265): trackPendingFrame: Invalid present fence
06-04 20:45:21.034 E/Scheduler( 265): trackPendingFrame: Invalid present fence
06-04 20:45:21.068 E/Scheduler( 265): trackPendingFrame: Invalid present fence
06-04 20:45:21.101 E/Scheduler( 265): trackPendingFrame: Invalid present fence
06-04 20:45:21.113 I/VDA ( 497): [0##41]"ServiceDeviceTask INs=536/543, OUTs=533/537"" {IN=7/8, OUT=9/13[kAtAccelerator(0) kAtDevice(4) kAtClient(9)]}"
06-04 20:45:21.134 E/Scheduler( 265): trackPendingFrame: Invalid present fence
06-04 20:45:21.168 E/Scheduler( 265): trackPendingFrame: Invalid present fence
06-04 20:45:21.201 E/Scheduler( 265): trackPendingFrame: Invalid present fence
06-04 20:45:21.235 E/Scheduler( 265): trackPendingFrame: Invalid present fence
06-04 20:45:21.268 E/Scheduler( 265): trackPendingFrame: Invalid present fence
06-04 20:45:21.301 E/Scheduler( 265): trackPendingFrame: Invalid present fence
06-04 20:45:21.323 D/UtilLog ( 2071): 日志批量上报 进行正常循环 !!!!!!本次有0次请求,共0条数据
06-04 20:45:21.335 E/Scheduler( 265): trackPendingFrame: Invalid present fence
06-04 20:45:21.368 E/Scheduler( 265): trackPendingFrame: Invalid present fence
06-04 20:45:21.401 E/Scheduler( 265): trackPendingFrame: Invalid present fence
06-04 20:45:21.435 E/Scheduler( 265): trackPendingFrame: Invalid present fence
06-04 20:45:21.468 E/Scheduler( 265): trackPendingFrame: Invalid present fence
06-04 20:45:21.501 E/Scheduler( 265): trackPendingFrame: Invalid present fence
06-04 20:45:21.535 E/Scheduler( 265): trackPendingFrame: Invalid present fence
06-04 20:45:21.568 E/Scheduler( 265): trackPendingFrame: Invalid present fence
06-04 20:45:21.602 E/Scheduler( 265): trackPendingFrame: Invalid present fence
06-04 20:45:21.635 E/Scheduler( 265): trackPendingFrame: Invalid present fence
06-04 20:45:21.668 E/Scheduler( 265): trackPendingFrame: Invalid present fence
06-04 20:45:21.702 E/Scheduler( 265): trackPendingFrame: Invalid present fence
06-04 20:45:21.735 E/Scheduler( 265): trackPendingFrame: Invalid present fence
06-04 20:45:21.769 E/Scheduler( 265): trackPendingFrame: Invalid present fence
06-04 20:45:21.802 E/Scheduler( 265): trackPendingFrame: Invalid present fence
06-04 20:45:21.835 E/Scheduler( 265): trackPendingFrame: Invalid present fence
06-04 20:45:21.869 E/Scheduler( 265): trackPendingFrame: Invalid present fence
06-04 20:45:21.902 E/Scheduler( 265): trackPendingFrame: Invalid present fence
06-04 20:45:21.935 E/Scheduler( 265): trackPendingFrame: Invalid present fence
06-04 20:45:21.969 E/Scheduler( 265): trackPendingFrame: Invalid present fence
06-04 20:45:21.990 I/WifiHAL ( 524): call wifi_get_link_stats handler
06-04 20:45:21.990 I/WifiHAL ( 524): Creating message to get link statistics; iface = 16
06-04 20:45:21.991 D/WifiHAL ( 524): error code -95 mapped to -3
06-04 20:45:21.991 E/WifiStaIfaceAidlImpl( 707): getLinkLayerStats failed with service-specific exception: android.os.ServiceSpecificException: (code 4)
06-04 20:45:22.000 D/InstantWifi( 707): Receive Wifi is connected, freq = 5745 and currentNetworkId : 0, wifiinfo = SSID: , BSSID: 02:00:00:00:00:00, MAC: 02:00:00:00:00:00, IP: /192.168.3.180, Security type: 2, Supplicant state: COMPLETED, Wi-Fi standard: 6, RSSI: -54, Link speed: 1200Mbps, Tx Link speed: 1200Mbps, Max Supported Tx Link speed: 1200Mbps, Rx Link speed: 567Mbps, Max Supported Rx Link speed: 1200Mbps, Frequency: 5745MHz, Net ID: -1, Metered hint: false, score: 60, isUsable: true, CarrierMerged: false, SubscriptionId: -1, IsPrimary: 1, Trusted: true, Restricted: false, Ephemeral: false, OEM paid: false, OEM private: false, OSU AP: false, FQDN: , Provider friendly name: , Requesting package name: MLO Information: , Is TID-To-Link negotiation supported by the AP: false, AP MLD Address: , AP MLO Link Id: , AP MLO Affiliated links:
06-04 20:45:22.002 E/Scheduler( 265): trackPendingFrame: Invalid present fence
06-04 20:45:22.036 E/Scheduler( 265): trackPendingFrame: Invalid present fence
06-04 20:45:22.069 E/Scheduler( 265): trackPendingFrame: Invalid present fence
06-04 20:45:22.102 E/Scheduler( 265): trackPendingFrame: Invalid present fence
06-04 20:45:22.136 E/Scheduler( 265): trackPendingFrame: Invalid present fence
06-04 20:45:22.140 I/VDA ( 497): [0##41]"ServiceDeviceTask INs=566/573, OUTs=564/568"" {IN=7/8, OUT=9/13[kAtAccelerator(0) kAtDevice(4) kAtClient(9)]}"
06-04 20:45:22.169 E/Scheduler( 265): trackPendingFrame: Invalid present fence
06-04 20:45:22.202 E/Scheduler( 265): trackPendingFrame: Invalid present fence
06-04 20:45:22.236 E/Scheduler( 265): trackPendingFrame: Invalid present fence
06-04 20:45:22.269 E/Scheduler( 265): trackPendingFrame: Invalid present fence
06-04 20:45:22.302 E/Scheduler( 265): trackPendingFrame: Invalid present fence
06-04 20:45:22.335 E/Scheduler( 265): trackPendingFrame: Invalid present fence
06-04 20:45:22.369 E/Scheduler( 265): trackPendingFrame: Invalid present fence
06-04 20:45:22.402 E/Scheduler( 265): trackPendingFrame: Invalid present fence
06-04 20:45:22.436 E/Scheduler( 265): trackPendingFrame: Invalid present fence
06-04 20:45:22.469 E/Scheduler( 265): trackPendingFrame: Invalid present fence
06-04 20:45:22.503 E/Scheduler( 265): trackPendingFrame: Invalid present fence
06-04 20:45:22.536 E/Scheduler( 265): trackPendingFrame: Invalid present fence
06-04 20:45:22.569 E/Scheduler( 265): trackPendingFrame: Invalid present fence
06-04 20:45:22.603 E/Scheduler( 265): trackPendingFrame: Invalid present fence
06-04 20:45:22.628 I/TDLog ( 2071): [APP] New data found, Submitting...
06-04 20:45:22.633 D/TrafficStats( 2071): tagSocket(92) with statsTag=0xffffffff, statsUid=-1
06-04 20:45:22.635 I/TDLog ( 2071): [APP] Failed to submit data!
06-04 20:45:22.636 E/Scheduler( 265): trackPendingFrame: Invalid present fence
06-04 20:45:22.669 E/Scheduler( 265): trackPendingFrame: Invalid present fence
06-04 20:45:22.703 E/Scheduler( 265): trackPendingFrame: Invalid present fence
06-04 20:45:22.736 E/Scheduler( 265): trackPendingFrame: Invalid present fence
06-04 20:45:22.770 E/Scheduler( 265): trackPendingFrame: Invalid present fence
06-04 20:45:22.787 E/Scheduler( 265): trackPendingFrame: Invalid present fence
06-04 20:45:22.837 E/Scheduler( 265): trackPendingFrame: Invalid present fence
06-04 20:45:22.870 E/Scheduler( 265): trackPendingFrame: Invalid present fence
06-04 20:45:22.903 E/Scheduler( 265): trackPendingFrame: Invalid present fence
06-04 20:45:22.936 E/Scheduler( 265): trackPendingFrame: Invalid present fence
06-04 20:45:22.970 E/Scheduler( 265): trackPendingFrame: Invalid present fence
06-04 20:45:23.003 E/Scheduler( 265): trackPendingFrame: Invalid present fence
06-04 20:45:23.037 E/Scheduler( 265): trackPendingFrame: Invalid present fence
06-04 20:45:23.053 E/Scheduler( 265): trackPendingFrame: Invalid present fence
06-04 20:45:23.097 I/SystemControl( 318): [/UEventObserver.cpp, HDMITxUenventThreadLoop, 451] HDMI TX switch_name:hdmitx_current_status, switch_state: 54
06-04 20:45:23.103 E/Scheduler( 265): trackPendingFrame: Invalid present fence
06-04 20:45:23.137 E/Scheduler( 265): trackPendingFrame: Invalid present fence
06-04 20:45:23.143 I/SystemControl( 318): [/UEventObserver.cpp, HDMITxUenventThreadLoop, 451] HDMI TX switch_name:hdmitx_hpd, switch_state: 1
06-04 20:45:23.143 I/SystemControl( 318): [/DisplayMode.cpp, onTxEvent, 3267] onTxEvent switchName:hdmitx_hpd hpdstate:1 state: 1
06-04 20:45:23.143 I/SystemControl( 318): [/SysWrite.cpp, getKernelReleaseVersion, 701] getKernelReleaseVersion: 5.15
06-04 20:45:23.143 I/SystemControl( 318): [/Ubootenv.cpp, get, 336] [ubootenv] get key:hdmimode envValue: none
06-04 20:45:23.143 I/SystemControl( 318): [/Ubootenv.cpp, get, 336] [ubootenv] get key:user_colorattribute envValue: 420,10bit
06-04 20:45:23.143 I/SystemControl( 318): [/Ubootenv.cpp, get, 345] [ubootenv] search end and not find env:hdr_force_mode
06-04 20:45:23.143 I/SystemControl( 318): [/DisplayMode.cpp, gethdrforcemode, 2742] get hdr force mode is [2]
06-04 20:45:23.143 I/SystemControl( 318): [/Ubootenv.cpp, get, 336] [ubootenv] get key:hdr_policy envValue: 0
06-04 20:45:23.143 I/SystemControl( 318): [/DisplayMode.cpp, getHdrStrategy, 2758] getHdrStrategy is [0]
06-04 20:45:23.143 I/SystemControl( 318): [/Ubootenv.cpp, get, 336] [ubootenv] get key:hdr_priority envValue: 268435472
06-04 20:45:23.143 I/SystemControl( 318): [/DisplayMode.cpp, getHdrPriority, 2891] getHdrPriority is [0x10000010]
06-04 20:45:23.143 I/SystemControl( 318): [/DisplayMode.cpp, getCommonData, 1534] isbestcolorspace:0, isbestpolicy:1, hdr_policy:0, hdr_priority :268435472, hdr_force_mode:2
06-04 20:45:23.144 I/SystemControl( 318): [/Ubootenv.cpp, get, 345] [ubootenv] search end and not find env:connector_type
06-04 20:45:23.144 E/MesonHwc( 296): getCrtc by id(0) failed.
06-04 20:45:23.144 V/MesonDisplayServer( 296): GetDisplayMode:
06-04 20:45:23.144 E/MesonHwc( 296): read screen size 0x0 from vinfo
06-04 20:45:23.144 E/MesonHwc( 296): dolby vision driver is not ready
06-04 20:45:23.145 I/SystemControl( 318): [/DisplayMode.cpp, getDisplayMode, 2331] getDisplayMode mode:
06-04 20:45:23.145 I/SystemControl( 318): [/Ubootenv.cpp, get, 336] [ubootenv] get key:hdmimode envValue: none
06-04 20:45:23.145 D/MesonHwc( 296): ERR: PLEASE FIX NON-IMPLEMENT FUN(update).
06-04 20:45:23.145 I/SystemControl( 318): [/Ubootenv.cpp, get, 336] [ubootenv] get key:cvbsmode envValue: 576cvbs
06-04 20:45:23.145 I/SystemControl( 318): [/DisplayMode.cpp, getCommonData, 1542] hdmi_current_mode:, ubootenv hdmimode:none cvbsmode:576cvbs
06-04 20:45:23.145 I/SystemControl( 318): [/Ubootenv.cpp, get, 345] [ubootenv] search end and not find env:connector_type
06-04 20:45:23.145 E/MesonHwc( 296): FixedDisplayPipe::getConnectorCfg 11
06-04 20:45:23.145 E/MesonHwc( 296): getCrtc by id(0) failed.
06-04 20:45:23.145 D/MesonDisplayServer( 296): use connector getDisplayAttribute "HDMI Color ATTR": "420,10bit"
06-04 20:45:23.145 I/SystemControl( 318): [/Ubootenv.cpp, get, 336] [ubootenv] get key:user_colorattribute envValue: 420,10bit
06-04 20:45:23.146 I/SystemControl( 318): [/DisplayMode.cpp, getCommonData, 1554] hdmi_current_attr:420,10bit, ubootenv_colorattribute:420,10bit
06-04 20:45:23.146 I/SystemControl( 318): [/Ubootenv.cpp, get, 345] [ubootenv] search end and not find env:dv_enable
06-04 20:45:23.146 I/SystemControl( 318): [/DisplayMode.cpp, getCommonData, 1567] dv_enable:0
06-04 20:45:23.146 I/SystemControl( 318): [/Ubootenv.cpp, get, 345] [ubootenv] search end and not find env:user_prefer_dv_type
06-04 20:45:23.146 I/SystemControl( 318): [/DisplayMode.cpp, getCommonData, 1578] ubootenv_dv_type:0
06-04 20:45:23.146 I/SystemControl( 318): [/DisplayMode.cpp, getHdmiData, 1721] display sink type:1 [0:none, 1:sink, 2:repeater]
06-04 20:45:23.146 E/MesonHwc( 296): dolby vision driver is not ready
06-04 20:45:23.146 I/SystemControl( 318): [/DisplayMode.cpp, filterHdmiDispcap, 1398] before filtered HdmiDispcap: 2160p50hz
06-04 20:45:23.146 I/SystemControl( 318): 2160p60hz
06-04 20:45:23.146 I/SystemControl( 318): smpte50hz
06-04 20:45:23.146 I/SystemControl( 318): smpte60hz
06-04 20:45:23.146 I/SystemControl( 318): 576p50hz
06-04 20:45:23.146 I/SystemControl( 318): 720p50hz
06-04 20:45:23.146 I/SystemControl( 318): 1080i50hz
06-04 20:45:23.146 I/SystemControl( 318): 576i50hz
06-04 20:45:23.146 I/SystemControl( 318): 480i60hz
06-04 20:45:23.146 I/SystemControl( 318): 1080p60hz
06-04 20:45:23.146 I/SystemControl( 318): 1080p50hz
06-04 20:45:23.146 I/SystemControl( 318): 1080p24hz
06-04 20:45:23.146 I/SystemControl( 318): 1080p30hz
06-04 20:45:23.146 I/SystemControl( 318): 2160p24hz
06-04 20:45:23.146 I/SystemControl( 318): 2160p30hz
06-04 20:45:23.146 I/SystemControl( 318): 480p60hz
06-04 20:45:23.146 I/SystemControl( 318): smpte24hz
06-04 20:45:23.146 I/SystemControl( 318): smpte30hz
06-04 20:45:23.146 I/SystemControl( 318): 720p60hz
06-04 20:45:23.146 I/SystemControl( 318): 1080i60hz
06-04 20:45:23.146 I/SystemControl( 318): 2160p25hz
06-04 20:45:23.146 I/SystemControl( 318): smpte25hz
06-04 20:45:23.146 I/SystemControl( 318):
06-04 20:45:23.146 E/MesonHwc( 296): dolby vision driver is not ready
06-04 20:45:23.147 I/SystemControl( 318): [/Ubootenv.cpp, get, 345] [ubootenv] search end and not find env:connector_type
06-04 20:45:23.147 E/MesonHwc( 296): FixedDisplayPipe::getConnectorCfg 11
06-04 20:45:23.148 D/MesonHwc( 296): ERR: PLEASE FIX NON-IMPLEMENT FUN(update).
06-04 20:45:23.148 I/SystemControl( 318): [/DisplayMode.cpp, filterHdmiDispcap, 1427] after filtered HdmiDispcap: 2160p50hz
06-04 20:45:23.148 I/SystemControl( 318): 2160p60hz
06-04 20:45:23.148 I/SystemControl( 318): smpte50hz
06-04 20:45:23.148 I/SystemControl( 318): smpte60hz
06-04 20:45:23.148 I/SystemControl( 318): 576p50hz
06-04 20:45:23.148 I/SystemControl( 318): 720p50hz
06-04 20:45:23.148 I/SystemControl( 318): 1080i50hz
06-04 20:45:23.148 I/SystemControl( 318): 576i50hz
06-04 20:45:23.148 I/SystemControl( 318): 480i60hz
06-04 20:45:23.148 I/SystemControl( 318): 1080p60hz
06-04 20:45:23.148 I/SystemControl( 318): 1080p50hz
06-04 20:45:23.148 I/SystemControl( 318): 1080p24hz
06-04 20:45:23.148 I/SystemControl( 318): 1080p30hz
06-04 20:45:23.148 I/SystemControl( 318): 2160p24hz
06-04 20:45:23.148 I/SystemControl( 318): 2160p30hz
06-04 20:45:23.148 I/SystemControl( 318): 480p60hz
06-04 20:45:23.148 I/SystemControl( 318): smpte24hz
06-04 20:45:23.148 I/SystemControl( 318): smpte30hz
06-04 20:45:23.148 I/SystemControl( 318): 720p60hz
06-04 20:45:23.148 I/SystemControl( 318): 1080i60hz
06-04 20:45:23.148 I/SystemControl( 318): 2160p25hz
06-04 20:45:23.148 I/SystemControl( 318): smpte25hz
06-04 20:45:23.148 I/SystemControl( 318):
06-04 20:45:23.148 I/hdmicecd( 509): [HdmiCecControl]:Hotplug event port:0, now:1, prevStatus:0 power:1
06-04 20:45:23.149 E/MesonHwc( 296): dolby vision driver is not ready
06-04 20:45:23.149 E/MesonHwc( 296): dolby vision driver is not ready
06-04 20:45:23.150 V/WindowManager( 707): app ------------- force_land :0
06-04 20:45:23.155 V/MesonDisplayServer( 296): GetDisplayMode:dummy_l
06-04 20:45:23.156 I/SystemControl( 318): [/Ubootenv.cpp, get, 336] [ubootenv] get key:hdr_preferred_policy envValue: 0
06-04 20:45:23.157 D/MesonDisplayServer( 296): getDisplayAttribute "Dolby Vision CAP2": "The Rx don't support DolbyVision"
06-04 20:45:23.158 E/SystemControl( 318): [/DisplayMode.cpp, getHdmiDvCap, 1618] TV isn't support dolby vision: The Rx don't support DolbyVision
06-04 20:45:23.158 I/SystemControl( 318): [/DisplayMode.cpp, onTxEvent, 3294] onTxEvent boot config enable do nothing, just return
06-04 20:45:23.158 I/SystemControl( 318): [/UEventObserver.cpp, HDMITxUenventThreadLoop, 451] HDMI TX switch_name:hdmitx_audio, switch_state: 1
06-04 20:45:23.158 I/SystemControl( 318): [/DisplayMode.cpp, onTxEvent, 3267] onTxEvent switchName:hdmitx_audio hpdstate:1 state: 1
06-04 20:45:23.158 I/SystemControl( 318): [/SysWrite.cpp, getKernelReleaseVersion, 701] getKernelReleaseVersion: 5.15
06-04 20:45:23.158 I/SystemControl( 318): [/SystemControlHal.cpp, onEvent, 72] onEvent event:5, client size:5
06-04 20:45:23.159 I/SystemControlClient( 499): notifyCallback event type:5
06-04 20:45:23.159 I/SystemControlClient( 499): notifyCallback: listener is NULL.
06-04 20:45:23.160 I/SystemControlClient( 498): notifyCallback event type:5
06-04 20:45:23.160 I/SystemControlClient( 498): notifyCallback: listener is NULL.
06-04 20:45:23.160 I/SystemControlClient( 245): notifyCallback event type:5
06-04 20:45:23.160 I/SystemControlClient( 245): notifyCallback: listener is NULL.
06-04 20:45:23.162 I/SystemControlClient( 497): notifyCallback event type:5
06-04 20:45:23.163 I/SystemControlClient( 497): notifyCallback: listener is NULL.
06-04 20:45:23.163 I/SystemControlEvent( 1030): system control callback event: 5
06-04 20:45:23.164 I/SystemControl( 318): [/UEventObserver.cpp, HDMITxUenventThreadLoop, 451] HDMI TX switch_name:hdmitx_current_status, switch_state: 55
06-04 20:45:23.165 I/VDA ( 497): [0##41]"ServiceDeviceTask INs=597/604, OUTs=595/599"" {IN=7/8, OUT=9/13[kAtAccelerator(0) kAtDevice(4) kAtClient(9)]}"
06-04 20:45:23.167 E/xxxxxxxxxxxxxxx( 1414): onReceive:mIsHDMIPlugged = true
06-04 20:45:23.154 I/systemcontrol( 318): type=1400 audit(0.0:1602): avc: denied { call } for scontext=u:r:system_control:s0 tcontext=u:r:hal_power_default:s0 tclass=binder permissive=1
06-04 20:45:23.167 I/SystemControl( 318): [/Ubootenv.cpp, get, 336] [ubootenv] get key:user_hdr_type envValue: 3
06-04 20:45:23.168 E/ccc ( 1349): cccccc hdmi plug reset
06-04 20:45:23.170 E/Scheduler( 265): trackPendingFrame: Invalid present fence
06-04 20:45:23.171 D/MesonDisplayServer( 296): getDisplayAttribute "Dolby Vision CAP2": "The Rx don't support DolbyVision"
06-04 20:45:23.172 I/SystemControl( 318): [/Ubootenv.cpp, updateValue, 68] [ubootenv] update value name [ubootenv.var.hdr_policy]: value [0]
06-04 20:45:23.172 I/SystemControl( 318): [/Ubootenv.cpp, get, 336] [ubootenv] get key:hdr_policy envValue: 0
06-04 20:45:23.172 I/WiredAccessoryManager( 707): MSG_NEW_DEVICE_STATE
06-04 20:45:23.173 I/AS.AudioDeviceInventory( 707): not sending NOISY: state=1
06-04 20:45:23.173 I/SystemControl( 318): [/Ubootenv.cpp, updateValue, 68] [ubootenv] update value name [ubootenv.var.hdr_priority]: value [268435472]
06-04 20:45:23.173 I/SystemControl( 318): [/Ubootenv.cpp, get, 336] [ubootenv] get key:hdr_priority envValue: 268435472
06-04 20:45:23.174 I/SystemControl( 318): [/Ubootenv.cpp, get, 336] [ubootenv] get key:user_colorattribute envValue: 420,10bit
06-04 20:45:23.174 D/AudioService( 707): setWiredDeviceConnectionState( type:400 state:DEVICE_STATE_AVAILABLE addr: name:) from android
06-04 20:45:23.175 I/AS.AudioDeviceInventory( 707): handleDeviceConnection(true dev:400 address: name:)
06-04 20:45:23.175 I/AS.AudioDeviceInventory( 707): deviceKey:0x400:
06-04 20:45:23.175 I/AS.AudioDeviceInventory( 707): deviceInfo:null is(already)Connected:false
06-04 20:45:23.174 V/MesonDisplayServer( 296): GetDisplayMode:dummy_l
06-04 20:45:23.176 I/SystemControl( 318): [/Ubootenv.cpp, get, 336] [ubootenv] get key:hdmimode envValue: none
06-04 20:45:23.154 I/systemcontrol( 318): type=1400 audit(0.0:1603): avc: denied { call } for scontext=u:r:system_control:s0 tcontext=u:r:hal_oemlock_default:s0 tclass=binder permissive=1
06-04 20:45:23.176 I/SystemControl( 318): [/Ubootenv.cpp, get, 336] [ubootenv] get key:cvbsmode envValue: 576cvbs
06-04 20:45:23.177 I/audio_hw_hal_primary( 491): [adev_set_parameters:4123] dev:0xe71c0010, kv: set_ARC_hdmi=updated_sad
06-04 20:45:23.177 D/audio_hw_hal_hfp( 491): [audio_extn_hfp_set_parameters:739] audio_extn_hfp_set_parameters
06-04 20:45:23.158 I/systemcontrol( 318): type=1400 audit(0.0:1604): avc: denied { call } for scontext=u:r:system_control:s0 tcontext=u:r:mediacodec:s0 tclass=binder permissive=1
06-04 20:45:23.179 I/SystemControl( 318): [/Ubootenv.cpp, get, 336] [ubootenv] get key:user_colorattribute envValue: 420,10bit
06-04 20:45:23.180 I/audio_hw_hal_primary( 491): [adev_set_device_connected_state_v7:9037] connected address:, num_descriptors:0, num_profiles:0
06-04 20:45:23.180 I/audio_hw_hal_primary( 491): [set_device_connect_state:4044] state:1, dev:OUT_HDMI(0x400), pre_out:0x80002, pre_in:0x4
06-04 20:45:23.180 D/audio_hw_hal_resourcemgr( 491): [set_output_device_avail:353] device:0x400 avail_out_devices:400 routed_out_devices:0x400
06-04 20:45:23.180 D/audio_hw_hal_stream( 491): update_sink_format_after_hotplug() active stream 0xe6245d80
06-04 20:45:23.180 D/audio_hw_hal_profile( 491): get_hdmi_sink_cap_new is running...
06-04 20:45:23.180 D/audio_hw_hal_profile( 491): query hdmi format...
06-04 20:45:23.180 D/audio_hw_hal_profile( 491): get_hdmi_sink_cap_new ddp is supported; ddp-joc(atmos) is unsupported;
06-04 20:45:23.180 I/audio_hw_hal_profile( 491): get_hdmi_sink_cap_new dts-hd vendor special byte3:0x1
06-04 20:45:23.180 I/audio_hw_hal_profile( 491): PCM cap Max channel =2
06-04 20:45:23.180 I/audio_hw_hal_stream( 491): get_sink_capability mbox+dvb case sink_capability = 0x24000000
06-04 20:45:23.180 I/audio_hw_hal_stream( 491): force ddp out =0
06-04 20:45:23.180 D/audio_hw_hal_profile( 491): get_hdmi_sink_cap_new is running...
06-04 20:45:23.181 D/audio_hw_hal_profile( 491): query hdmi format...
06-04 20:45:23.181 D/audio_hw_hal_profile( 491): get_hdmi_sink_cap_new ddp is supported; ddp-joc(atmos) is unsupported;
06-04 20:45:23.181 I/audio_hw_hal_profile( 491): get_hdmi_sink_cap_new dts-hd vendor special byte3:0x1
06-04 20:45:23.181 I/audio_hw_hal_profile( 491): PCM cap Max channel =2
06-04 20:45:23.181 I/audio_hw_hal_stream( 491): [get_sink_dts_capability:212] mbox+dvb case sink_capability: DTS(0xb000000)
06-04 20:45:23.181 D/audio_hw_hal_profile( 491): get_hdmi_sink_cap_new is running...
06-04 20:45:23.181 D/audio_hw_hal_profile( 491): query hdmi format...
06-04 20:45:23.181 D/audio_hw_hal_profile( 491): get_hdmi_sink_cap_new ddp is supported; ddp-joc(atmos) is unsupported;
06-04 20:45:23.181 I/audio_hw_hal_profile( 491): get_hdmi_sink_cap_new dts-hd vendor special byte3:0x1
06-04 20:45:23.181 I/audio_hw_hal_profile( 491): PCM cap Max channel =2
06-04 20:45:23.181 I/audio_hw_hal_stream( 491): [get_sink_mpegh_capability:245] mbox+dvb case sink_capability: PCM_16_BIT(0x1)
06-04 20:45:23.181 D/audio_hw_hal_profile( 491): get_hdmi_sink_cap_new is running...
06-04 20:45:23.181 D/audio_hw_hal_profile( 491): [get_hdmi_sink_cap_new:960] query hdmi sample_rate... format: PCM_16_BIT(0x1)
06-04 20:45:23.181 I/audio_hw_hal_profile( 491): get_hdmi_sink_cap_new format =0x1 support rate =sup_sampling_rates=32000|44100|48000
06-04 20:45:23.181 I/audio_hw_hal_stream( 491): pcm_fmt support sample_rate_mask:0x7
06-04 20:45:23.181 I/audio_hw_hal_stream( 491): get_sink_dv_capability : /sys/class/amhdmitx/amhdmitx0/hdmi_hdr_status = SDR
06-04 20:45:23.181 I/audio_hw_hal_stream( 491): get_sink_dv_capability : dv enable 0
06-04 20:45:23.181 I/audio_hw_hal_stream( 491): [get_sink_format:446] out:0xe6245d80 out devices:0x80002 cur_out_devices:0x400 format:PCM_16_BIT(0x1) digital_mode(PCM) sink cap:MAT(0x24000000)
06-04 20:45:23.181 I/audio_hw_hal_stream( 491): get_sink_format() HDMI ARC or mbox + dvb case
06-04 20:45:23.181 I/audio_hw_hal_stream( 491): [get_sink_format:645] sink_format:PCM_16_BIT(0x1) max channel:2 optical_format:PCM_16_BIT(0x1) dual_output 0
06-04 20:45:23.181 I/audio_hw_hal_ms12common( 491): audiohal_send_msg_2_ms12 mesg_type:MS12_MESG_TYPE_RESET_MS12_ENCODER entry
06-04 20:45:23.181 I/audio_hw_hal_ms12common( 491): audiohal_send_msg_2_ms12 mesg_type:MS12_MESG_TYPE_RESET_MS12_ENCODER exit
06-04 20:45:23.181 D/audio_hw_hal_ms12common( 491): ms12_message_threadloop(), msg type: MS12_MESG_TYPE_RESET_MS12_ENCODER
06-04 20:45:23.181 D/audio_hw_hal_ms12v2( 491): set_dolby_ms12_continuous_state audio_continuous_standby_set status 0
06-04 20:45:23.181 I/audio_hw_hal_ms12v2( 491): +dolby_ms12_encoder_reconfig()
06-04 20:45:23.181 D/audio_hw_hal_continuous_standby( 491): audio_continuous_standby_set, type 0, params 0
06-04 20:45:23.181 I/audio_hw_hal_ms12common( 491): aml_set_ms12_scheduler_state ms12_scheduler_state:0, sch_state:0 SCHEDULER_RUNNING is sent to ms12
06-04 20:45:23.181 D/libdolbyms12( 491): mch_enable 0
06-04 20:45:23.181 D/audio_hw_hal_continuous_standby( 491): audio_continuous_standby_set, type 1, params 8
06-04 20:45:23.181 D/audio_hw_hal_ms12common( 491): ms12_message_threadloop mesg_list is empty, loop waiting......
06-04 20:45:23.181 D/libdolbyms12( 491): set runtime mch_enable 0
06-04 20:45:23.182 I/SystemControl( 318): [/Ubootenv.cpp, get, 345] [ubootenv] search end and not find env:dv_enable
06-04 20:45:23.182 E/MesonHwc( 296): dolby vision driver is not ready
06-04 20:45:23.183 I/SystemControl( 318): [/Ubootenv.cpp, get, 345] [ubootenv] search end and not find env:user_prefer_dv_type
06-04 20:45:23.183 W/DeviceHAL( 491): Error from HAL Device in function get_audio_port_v7: Function not implemented
06-04 20:45:23.183 E/MesonHwc( 296): dolby vision driver is not ready
06-04 20:45:23.184 I/AudioFlinger( 542): openOutput() this 0xf5380340, module 10 Device AUDIO_DEVICE_OUT_HDMI, @:, SamplingRate 32000, Format 0x9000000, Channels 0x1, flags 0x51
06-04 20:45:23.184 D/audio_hw_hal_primary( 491): [adev_open_output_stream_new:7868] enter: dev=0xe71c0010 handle=145 devices=0x400/'HDMI,' flags=0x51/'DIRECT,COMPRESS_OFFLOAD,HW_AV_SYNC,' config=(rt=32000 ch_mask=0x1 fmt=0x9000000) address=''
06-04 20:45:23.184 D/audio_hw_hal_primary( 491): adev_open_output_stream_new: enter
06-04 20:45:23.184 I/audio_hw_hal_primary( 491): [adev_open_output_stream:3285] io 325: out:0xe62415a0 dev:OUT_HDMI(0x400) addr:
06-04 20:45:23.184 I/audio_hw_hal_primary( 491): [adev_open_output_stream:3287] ch_mask:0x1 rate:32000 format:AC3(0x9000000) flags:0x51
06-04 20:45:23.184 I/audio_hw_hal_primary( 491): adev_open_output_stream: for raw audio output,force alsa stereo output
06-04 20:45:23.185 D/audio_hw_hal_primary( 491): [adev_open_output_stream:3573] format=AC3 rate=32000
06-04 20:45:23.185 I/audio_hw_hal_primary( 491): [adev_open_output_stream:3610] result profile ch_mask:0x1 rate:32000 format:AC3(0x9000000) usecase:RAW_HWSYNC
06-04 20:45:23.185 I/audio_hw_hal_utils( 491): aml_get_stream_dump_file_name line 2929 file_name /data/vendor/audiohal/stream_pid491_tid6812.dd
06-04 20:45:23.185 I/audio_hw_hal_primary( 491): [adev_open_output_stream_new:8037] io 325: out: 0xe62415a0 card:0 alsa devices:0 exit ------
06-04 20:45:23.187 I/audio_hw_hal_primary( 491): [out_get_buffer_size:552] out:0xe62415a0 config.rate=32000, format:AC3(0x9000000), stream format:AC3(0x9000000)
06-04 20:45:23.187 I/AudioFlinger( 542): HAL output buffer size 2048 frames, normal sink buffer size 2048 frames
06-04 20:45:23.187 I/audio_hw_hal_primary( 491): [audiohal_get_latency:1333] io 325: out:0xe62415a0 frames:1664 rate:32000 whole_latency:52 alsa_latency:52
06-04 20:45:23.187 I/audio_hw_hal_primary( 491): [out_set_event_callback:3158] io 325: out:0xe62415a0, callback:0xe813491d cookie:0xe8a40c70
06-04 20:45:23.188 D/MesonDisplayServer( 296): getDisplayAttribute "Dolby Vision CAP2": "The Rx don't support DolbyVision"
06-04 20:45:23.188 I/audio_hw_hal_primary( 491): [audiohal_get_latency:1333] io 325: out:0xe62415a0 frames:1664 rate:32000 whole_latency:52 alsa_latency:52
06-04 20:45:23.188 E/MesonHwc( 296): TV isn't support dv: The Rx don't support DolbyVision
06-04 20:45:23.188 I/audio_hw_hal_primary( 491): [audiohal_get_latency:1333] io 325: out:0xe62415a0 frames:1664 rate:32000 whole_latency:52 alsa_latency:52
06-04 20:45:23.188 I/AudioFlinger( 542): AudioFlinger's thread 0xef764520 tid=8011 ready to run
06-04 20:45:23.188 I/SystemControl( 318): [/Ubootenv.cpp, get, 345] [ubootenv] search end and not find env:hdr_force_mode
06-04 20:45:23.189 W/IPCThreadState( 542): Sending oneway calls to frozen process.
06-04 20:45:23.190 I/SystemControl( 318): [/Ubootenv.cpp, get, 336] [ubootenv] get key:hdr_policy envValue: 0
06-04 20:45:23.191 I/SystemControl( 318): [/Ubootenv.cpp, get, 336] [ubootenv] get key:hdr_priority envValue: 268435472
06-04 20:45:23.191 D/AudioFlinger( 542): ro.audio.silent is ignored since no output device is set
06-04 20:45:23.193 E/MesonHwc( 296): dolby vision driver is not ready
06-04 20:45:23.193 D/AudioFlinger( 542): ro.audio.silent is ignored since no output device is set
06-04 20:45:23.196 D/MesonDisplayServer( 296): getDisplayAttribute "Dolby Vision CAP2": "The Rx don't support DolbyVision"
06-04 20:45:23.196 I/SystemControl( 318): [/Ubootenv.cpp, get, 345] [ubootenv] search end and not find env:hdr_resolution_priority
06-04 20:45:23.197 I/SystemControl( 318): [/Ubootenv.cpp, get, 345] [ubootenv] search end and not find env:user_prefer_dv_type
06-04 20:45:23.197 E/MesonHwc( 296): dolby vision driver is not ready
06-04 20:45:23.203 V/MesonDisplayServer( 296): GetDisplayMode:dummy_l
06-04 20:45:23.203 E/Scheduler( 265): trackPendingFrame: Invalid present fence
06-04 20:45:23.204 I/SystemControl( 318): [/Ubootenv.cpp, get, 345] [ubootenv] search end and not find env:framerate_priority
06-04 20:45:23.205 I/AudioFlinger( 542): openOutput() this 0xf5380340, module 10 Device AUDIO_DEVICE_OUT_HDMI, @:, SamplingRate 32000, Format 0x000001, Channels 0x1, flags 0x41
06-04 20:45:23.205 D/audio_hw_hal_primary( 491): [adev_open_output_stream_new:7868] enter: dev=0xe71c0010 handle=14d devices=0x400/'HDMI,' flags=0x41/'DIRECT,HW_AV_SYNC,' config=(rt=32000 ch_mask=0x1 fmt=0x1) address=''
06-04 20:45:23.205 D/audio_hw_hal_primary( 491): adev_open_output_stream_new: enter
06-04 20:45:23.205 I/audio_hw_hal_primary( 491): [adev_open_output_stream:3285] io 333: out:0xe6246be0 dev:OUT_HDMI(0x400) addr:
06-04 20:45:23.205 I/audio_hw_hal_primary( 491): [adev_open_output_stream:3287] ch_mask:0x1 rate:32000 format:PCM_16_BIT(0x1) flags:0x41
06-04 20:45:23.205 D/audio_hw_hal_primary( 491): [adev_open_output_stream:3573] format=PCM_16_BIT rate=32000
06-04 20:45:23.205 I/audio_hw_hal_primary( 491): init resampler from 32000 to 48000!
06-04 20:45:23.205 D/audio_hw_utils_resampler( 491): resampler_init, Init Resampler: input_sr = 32000, output_sr = 48000
06-04 20:45:23.205 I/audio_hw_hal_primary( 491): [adev_open_output_stream:3610] result profile ch_mask:0x1 rate:32000 format:PCM_16_BIT(0x1) usecase:PCM_HWSYNC
06-04 20:45:23.206 D/audio_hw_hal_timer( 491): func:audio_timer_create create timer.1 success.
06-04 20:45:23.206 D/audio_hw_hal_timer( 491): func:audio_timer_create create timer.2 success.
06-04 20:45:23.206 D/audio_hw_hal_primary( 491): [adev_open_output_stream_new:7980] timer_id:1
06-04 20:45:23.206 I/audio_hw_hal_utils( 491): aml_get_stream_dump_file_name line 2929 file_name /data/vendor/audiohal/stream_pid491_tid491.pcm
06-04 20:45:23.206 I/audio_hw_hal_primary( 491): [adev_open_output_stream_new:8037] io 333: out: 0xe6246be0 card:0 alsa devices:0 exit ------
06-04 20:45:23.206 I/SystemControl( 318): [/Ubootenv.cpp, get, 336] [ubootenv] get key:hdmimode envValue: none
06-04 20:45:23.207 I/MesonDisplay( 296): [/mode_policy.c, meson_mode_set_policy, 1177] connector:0 to policy:0
06-04 20:45:23.208 I/MesonDisplay( 296): [/mode_policy.c, is_dv_prefer, 66] not prefer dv, hdr_priority:10000010
06-04 20:45:23.208 I/MesonDisplay( 296): [/mode_policy.c, is_dv_prefer, 66] not prefer dv, hdr_priority:10000010
06-04 20:45:23.208 I/MesonDisplay( 296): [/mode_policy.c, hdr_scene_process, 724] policy:0 is_bestcolorspace:0 state:1
06-04 20:45:23.208 I/MesonDisplay( 296): [/mode_policy_parser.c, is_support_hdmimode, 115] is_support_hdmimode mode: none not support
06-04 20:45:23.208 I/MesonDisplay( 296): [/mode_policy_parser.c, is_support_hdmimode, 110] is_support_hdmimode mode: 2160p60hz
06-04 20:45:23.208 I/MesonDisplay( 296): [/mode_policy.c, meson_mode_support_mode, 1309] meson_mode_support_mode type:1 mode:2160p60hz
06-04 20:45:23.208 I/MesonDisplay( 296): [/mode_policy_parser.c, is_support_hdmimode, 110] is_support_hdmimode mode: 2160p60hz
06-04 20:45:23.208 D/MesonDisplay( 296): meson_write /sys/class/amhdmitx/amhdmitx0/valid_mode, outputmode:2160p60hz420,10bit
06-04 20:45:23.208 D/MesonDisplay( 296): valid mode is true!
06-04 20:45:23.208 I/MesonDisplay( 296): [/mode_policy.c, meson_mode_support_mode, 1349] support current mode:[2160p60hz], color format:[420,10bit]
06-04 20:45:23.208 I/MesonDisplay( 296): [/mode_policy.c, hdr_scene_process, 812] hdr_scene_process mode:[2160p60hz] support hdr
06-04 20:45:23.208 D/MesonDisplay( 296): meson_write /sys/class/amhdmitx/amhdmitx0/valid_mode, outputmode:2160p60hz420,10bit
06-04 20:45:23.208 D/MesonDisplay( 296): valid mode is true!
06-04 20:45:23.208 I/MesonDisplay( 296): [/mode_policy.c, hdr_scene_process, 826] support current mode:[2160p60hz], deep color:[420,10bit]
06-04 20:45:23.208 I/MesonDisplay( 296): [/mode_policy.c, meson_mode_get_policy_output, 1289] final_displaymode:2160p60hz, final_deepcolor:420,10bit, amdv_type:0
06-04 20:45:23.208 I/audio_hw_hal_primary( 491): [out_get_buffer_size:552] out:0xe6246be0 config.rate=32000, format:PCM_16_BIT(0x1), stream format:PCM_16_BIT(0x1)
06-04 20:45:23.208 I/SystemControl( 318): [/Ubootenv.cpp, get, 336] [ubootenv] get key:hdr_preferred_policy envValue: 0
06-04 20:45:23.208 I/AudioFlinger( 542): HAL output buffer size 2068 frames, normal sink buffer size 2068 frames
06-04 20:45:23.208 I/audio_hw_hal_primary( 491): [audiohal_get_latency:1333] io 333: out:0xe6246be0 frames:1152 rate:32000 whole_latency:36 alsa_latency:36
06-04 20:45:23.209 I/audio_hw_hal_primary( 491): [out_set_event_callback:3158] io 333: out:0xe6246be0, callback:0xe813491d cookie:0xe8a40df0
06-04 20:45:23.209 I/audio_hw_hal_primary( 491): [audiohal_get_latency:1333] io 333: out:0xe6246be0 frames:1152 rate:32000 whole_latency:36 alsa_latency:36
06-04 20:45:23.210 I/audio_hw_hal_primary( 491): [audiohal_get_latency:1333] io 333: out:0xe6246be0 frames:1152 rate:32000 whole_latency:36 alsa_latency:36
06-04 20:45:23.210 D/MesonDisplayServer( 296): use connector getDisplayAttribute "HDMI Color ATTR": "420,10bit"
06-04 20:45:23.210 D/MesonDisplayServer( 296): getDisplayAttribute "HDR Policy": "0"
06-04 20:45:23.210 D/MesonDisplayServer( 296): getDisplayAttribute "FORCE HDR Mode": "0"
06-04 20:45:23.210 D/MesonDisplayServer( 296): getDisplayAttribute "Dolby Vision Mode": "usage: echo mode > /sys/class/amdolby_vision/dv_mode AMDV_OUTPUT_MODE_BYPASS 0 AMDV_OUTPUT_MODE_IPT 1 AMDV_OUTPUT_MODE_IPT_TUNNEL 2 AMDV_OUTPUT_MODE_HDR10 3 AMDV_OUTPUT_MODE_SDR10 4 AMDV_OUTPUT_MODE_SDR8 5current dv_mode = off"
06-04 20:45:23.210 W/IPCThreadState( 542): Sending oneway calls to frozen process.
06-04 20:45:23.210 D/MesonDisplayServer( 296): getDisplayAttribute "Dolby Vision Policy": "0"
06-04 20:45:23.210 I/SystemControl( 318): [/Ubootenv.cpp, get, 345] [ubootenv] search end and not find env:hdr_force_mode
06-04 20:45:23.210 I/AudioFlinger( 542): AudioFlinger's thread 0xef7685b0 tid=8014 ready to run
06-04 20:45:23.211 D/AudioFlinger( 542): ro.audio.silent is ignored since no output device is set
06-04 20:45:23.212 D/audio_hw_hal_primary( 491): [out_standby_new:5767] io 333: out:0xe6246be0 usecase:PCM_HWSYNC
06-04 20:45:23.212 I/audio_hw_hal_primary( 491): already standby, do nothing
06-04 20:45:23.213 I/SystemControl( 318): [/Ubootenv.cpp, get, 336] [ubootenv] get key:hdr_policy envValue: 0
06-04 20:45:23.213 D/AudioFlinger( 542): ro.audio.silent is ignored since no output device is set
06-04 20:45:23.213 D/AudioFlinger( 542): ro.audio.silent is ignored since no output device is set
06-04 20:45:23.215 E/MesonHwc( 296): dolby vision driver is not ready
06-04 20:45:23.215 D/AudioFlinger( 542): ro.audio.silent is ignored since no output device is set
06-04 20:45:23.215 D/MesonDisplayServer( 296): use connector getDisplayAttribute "HDR Priority": "268435472"
06-04 20:45:23.215 I/SystemControl( 318): [/Ubootenv.cpp, get, 336] [ubootenv] get key:hdr_priority envValue: 268435472
06-04 20:45:23.216 D/AudioFlinger( 542): ro.audio.silent is ignored since no output device is set
06-04 20:45:23.216 D/MesonDisplayServer( 296): getDisplayAttribute "Dolby Vision Enable": "N"
06-04 20:45:23.216 D/MesonDisplayServer( 296): getDisplayAttribute "Dolby Vision LL Policy": "0"
06-04 20:45:23.216 E/MesonHwc( 296): dolby vision driver is not ready
06-04 20:45:23.216 V/MesonDisplayServer( 296): GetDisplayMode:dummy_l
06-04 20:45:23.216 I/MesonDisplay( 296): [/HDCPTxAuth.cpp, stopVerAll, 344] hdcp_tx 2.2 & 1.4 stop hdcp pwr
06-04 20:45:23.216 E/MesonDisplay( 296): open /sys/class/amhdmitx/amhdmitx0/hdcp_pwr fail. Error info [No such file or directory]
06-04 20:45:23.220 D/AudioFlinger( 542): ro.audio.silent is ignored since no output device is set
06-04 20:45:23.221 D/AudioFlinger( 542): ro.audio.silent is ignored since no output device is set
06-04 20:45:23.221 D/AudioFlinger( 542): ro.audio.silent is ignored since no output device is set
06-04 20:45:23.222 D/AudioFlinger( 542): ro.audio.silent is ignored since no output device is set
06-04 20:45:23.223 D/AudioFlinger( 542): ro.audio.silent is ignored since no output device is set
06-04 20:45:23.224 D/AudioFlinger( 542): ro.audio.silent is ignored since no output device is set
06-04 20:45:23.224 D/AudioFlinger( 542): ro.audio.silent is ignored since no output device is set
06-04 20:45:23.227 D/AudioFlinger( 542): ro.audio.silent is ignored since no output device is set
06-04 20:45:23.235 I/AudioFlinger( 542): openOutput() this 0xf5380340, module 10 Device AUDIO_DEVICE_OUT_HDMI, @:, SamplingRate 0, Format 00000000, Channels 0, flags 0x1
06-04 20:45:23.235 D/audio_hw_hal_primary( 491): [adev_open_output_stream_new:7868] enter: dev=0xe71c0010 handle=155 devices=0x400/'HDMI,' flags=0x1/'DIRECT,' config=(rt=0 ch_mask=0x0 fmt=0x0) address=''
06-04 20:45:23.235 D/audio_hw_hal_primary( 491): adev_open_output_stream_new: enter
06-04 20:45:23.235 I/audio_hw_hal_primary( 491): [adev_open_output_stream:3285] io 341: out:0xe62440c0 dev:OUT_HDMI(0x400) addr:
06-04 20:45:23.235 I/audio_hw_hal_primary( 491): [adev_open_output_stream:3287] ch_mask:0 rate:0 format:DEFAULT(0) flags:0x1
06-04 20:45:23.235 I/audio_hw_hal_primary( 491): [adev_open_output_stream:3610] result profile ch_mask:0x3 rate:48000 format:PCM_16_BIT(0x1) usecase:PCM_DIRECT
06-04 20:45:23.235 I/audio_hw_hal_utils( 491): aml_get_stream_dump_file_name line 2929 file_name /data/vendor/audiohal/stream_pid491_tid491.pcm
06-04 20:45:23.235 I/audio_hw_hal_primary( 491): [adev_open_output_stream_new:8037] io 341: out: 0xe62440c0 card:0 alsa devices:0 exit ------
06-04 20:45:23.237 E/Scheduler( 265): trackPendingFrame: Invalid present fence
06-04 20:45:23.240 I/audio_hw_hal_primary( 491): [out_get_buffer_size:552] out:0xe62440c0 config.rate=48000, format:PCM_16_BIT(0x1), stream format:PCM_16_BIT(0x1)
06-04 20:45:23.240 I/AudioFlinger( 542): HAL output buffer size 2048 frames, normal sink buffer size 2048 frames
06-04 20:45:23.241 I/audio_hw_hal_primary( 491): [audiohal_get_latency:1333] io 341: out:0xe62440c0 frames:1152 rate:48000 whole_latency:24 alsa_latency:24
06-04 20:45:23.241 I/audio_hw_hal_primary( 491): [out_set_event_callback:3158] io 341: out:0xe62440c0, callback:0xe813491d cookie:0xe8a40310
06-04 20:45:23.241 I/audio_hw_hal_primary( 491): [audiohal_get_latency:1333] io 341: out:0xe62440c0 frames:1152 rate:48000 whole_latency:24 alsa_latency:24
06-04 20:45:23.242 I/audio_hw_hal_primary( 491): [audiohal_get_latency:1333] io 341: out:0xe62440c0 frames:1152 rate:48000 whole_latency:24 alsa_latency:24
06-04 20:45:23.242 I/AudioFlinger( 542): AudioFlinger's thread 0xef760490 tid=8015 ready to run
06-04 20:45:23.242 W/IPCThreadState( 542): Sending oneway calls to frozen process.
06-04 20:45:23.243 D/AudioFlinger( 542): ro.audio.silent is ignored since no output device is set
06-04 20:45:23.243 I/audio_hw_hal_profile( 491): [out_get_parameters:2085] out:0xe62440c0 query audio format. ++++++++++ hal_format:PCM_16_BIT
06-04 20:45:23.243 D/audio_hw_hal_profile( 491): get_hdmi_sink_cap_new is running...
06-04 20:45:23.243 D/audio_hw_hal_profile( 491): query hdmi format...
06-04 20:45:23.243 D/audio_hw_hal_profile( 491): get_hdmi_sink_cap_new ddp is supported; ddp-joc(atmos) is unsupported;
06-04 20:45:23.243 I/audio_hw_hal_profile( 491): get_hdmi_sink_cap_new dts-hd vendor special byte3:0x1
06-04 20:45:23.243 I/audio_hw_hal_profile( 491): PCM cap Max channel =2
06-04 20:45:23.243 I/audio_hw_hal_profile( 491): [out_get_parameters:2165] sup_formats=AUDIO_FORMAT_PCM_16_BIT|AUDIO_FORMAT_IEC61937|AUDIO_FORMAT_E_AC3|AUDIO_FORMAT_AC3|AUDIO_FORMAT_DTS
06-04 20:45:23.244 D/APM_AudioPolicyManager( 542): modifySurroundFormats: forced use = 13
06-04 20:45:23.244 D/audio_hw_hal_primary( 491): [out_standby_new:5767] io 341: out:0xe62440c0 usecase:PCM_DIRECT
06-04 20:45:23.244 I/audio_hw_hal_primary( 491): already standby, do nothing
06-04 20:45:23.245 I/audio_hw_hal_profile( 491): [out_get_parameters:2089] out:0xe62440c0 query sample rate. Format:PCM_16_BIT(0x1) ++++++++++ hal_format:PCM_16_BIT
06-04 20:45:23.245 D/audio_hw_hal_profile( 491): get_hdmi_sink_cap_new is running...
06-04 20:45:23.245 D/audio_hw_hal_profile( 491): [get_hdmi_sink_cap_new:960] query hdmi sample_rate... format: PCM_16_BIT(0x1)
06-04 20:45:23.245 I/audio_hw_hal_profile( 491): get_hdmi_sink_cap_new format =0x1 support rate =sup_sampling_rates=32000|44100|48000
06-04 20:45:23.245 I/audio_hw_hal_profile( 491): [out_get_parameters:2165] sup_sampling_rates=32000|44100|48000
06-04 20:45:23.246 I/audio_hw_hal_profile( 491): [out_get_parameters:2092] out:0xe62440c0 query channels. Format:PCM_16_BIT(0x1) ++++++++++ hal_format:PCM_16_BIT
06-04 20:45:23.246 D/audio_hw_hal_profile( 491): get_hdmi_sink_cap_new is running...
06-04 20:45:23.246 D/audio_hw_hal_profile( 491): [get_hdmi_sink_cap_new:887] query hdmi channels... format: PCM_16_BIT(0x1)
06-04 20:45:23.246 I/audio_hw_hal_profile( 491): [out_get_parameters:2165] sup_channels=AUDIO_CHANNEL_OUT_STEREO
06-04 20:45:23.246 I/audio_hw_hal_profile( 491): [out_get_parameters:2089] out:0xe62440c0 query sample rate. Format:IEC61937(0xd000000) ++++++++++ hal_format:PCM_16_BIT
06-04 20:45:23.246 D/audio_hw_hal_profile( 491): get_hdmi_sink_cap_new is running...
06-04 20:45:23.246 D/audio_hw_hal_profile( 491): [get_hdmi_sink_cap_new:960] query hdmi sample_rate... format: IEC61937(0xd000000)
06-04 20:45:23.246 I/audio_hw_hal_profile( 491): [out_get_parameters:2165] sup_sampling_rates=8000|11025|16000|22050|24000|32000|44100|48000|128000|176400|192000
06-04 20:45:23.247 I/audio_hw_hal_profile( 491): [out_get_parameters:2092] out:0xe62440c0 query channels. Format:IEC61937(0xd000000) ++++++++++ hal_format:PCM_16_BIT
06-04 20:45:23.247 D/audio_hw_hal_profile( 491): get_hdmi_sink_cap_new is running...
06-04 20:45:23.247 D/audio_hw_hal_profile( 491): [get_hdmi_sink_cap_new:887] query hdmi channels... format: IEC61937(0xd000000)
06-04 20:45:23.247 I/audio_hw_hal_profile( 491): [out_get_parameters:2165] sup_channels=AUDIO_CHANNEL_OUT_MONO|AUDIO_CHANNEL_OUT_STEREO|AUDIO_CHANNEL_OUT_TRI|AUDIO_CHANNEL_OUT_TRI_BACK|AUDIO_CHANNEL_OUT_3POINT1|AUDIO_CHANNEL_OUT_QUAD|AUDIO_CHANNEL_OUT_SURROUND|AUDIO_CHANNEL_OUT_PENTA|AUDIO_CHANNEL_OUT_5POINT1|AUDIO_CHANNEL_OUT_7POINT1
06-04 20:45:23.248 D/audio_hw_hal_primary( 491): [out_dump:848] io 341: out:0xe62440c0, fd:21
06-04 20:45:23.250 W/IPCThreadState( 542): Sending oneway calls to frozen process.
06-04 20:45:23.250 D/audio_hw_hal_primary( 491): [out_set_parameters:971] out:0xe62440c0 kvpairs:closing=true;exiting=1 out->out_device:0x400, adev->out_device:0x80002
06-04 20:45:23.250 E/audio_hw_hal_primary( 491): out_set_parameters, ret:-2, hw_sync_mode:is false
06-04 20:45:23.251 D/AudioFlinger( 542): ro.audio.silent is ignored since no output device is set
06-04 20:45:23.251 I/audio_hw_hal_primary( 491): [out_set_event_callback:3158] io 341: out:0xe62440c0, callback:0xe813491d cookie:0xe8a40310
06-04 20:45:23.251 I/audio_hw_hal_primary( 491): [adev_close_output_stream_new:8052] io handle 341: out:0xe62440c0
06-04 20:45:23.251 D/audio_hw_hal_primary( 491): adev_close_output_stream_new: enter usecase = PCM_DIRECT
06-04 20:45:23.251 I/audio_hw_hal_primary( 491): [adev_close_output_stream:3695] io 341: out:0xe62440c0 dev:OUT_HDMI(0x400) flags:0x1, usecase:PCM_DIRECT
06-04 20:45:23.251 D/audio_hw_hal_primary( 491): [out_standby_new:5767] io 341: out:0xe62440c0 usecase:PCM_DIRECT
06-04 20:45:23.251 I/audio_hw_hal_primary( 491): already standby, do nothing
06-04 20:45:23.251 I/audio_hw_hal_resourcemgr( 491): [is_output_device_muted:710] device:0x2 port_mute:0, fade_mute:0
