06-04 20:48:42.802 D/hdmicecd( 501): [CEC]:printCecMessage, [4 -> f] len: 4, body: 84 30 00 04, result:success
06-04 20:48:42.802 E/IPCThreadState( 501): binder thread pool (1 threads) starved for 157 ms
06-04 20:48:42.925 D/hdmicecd( 501): [CEC]:printCecMsgBuf, msg: 04 8c
06-04 20:48:42.926 D/HDMI ( 707): [R]: 04:8C
06-04 20:48:42.927 D/hdmicecd( 501): [HdmiCecControl]:getVendorId, vendorId: 0x1CA410
06-04 20:48:42.928 D/HDMI ( 707): [S]: 4F:87:1C:A4:10
06-04 20:48:43.082 D/hdmicecd( 501): [CEC]:printCecMessage, [4 -> f] len: 4, body: 87 1c a4 10, result:success
06-04 20:48:43.082 E/IPCThreadState( 501): binder thread pool (1 threads) starved for 154 ms
06-04 20:48:43.397 I/bt_btif_dm( 8611): packages/modules/Bluetooth/system/btif/src/btif_dm.cc:691 btif_update_remote_properties: cod from storage is also unclassified
06-04 20:48:46.329 I/bt_btif_dm( 8611): packages/modules/Bluetooth/system/btif/src/btif_dm.cc:691 btif_update_remote_properties: cod from storage is also unclassified
06-04 20:48:46.958 I/bt_btif_dm( 8611): packages/modules/Bluetooth/system/btif/src/btif_dm.cc:691 btif_update_remote_properties: cod from storage is also unclassified
06-04 20:48:47.489 W/System ( 8611): A resource failed to call close.
06-04 20:48:47.627 I/audio_hw_hal_alsamgr( 491): alsa format =0x1 delay frames =768 total frames=113295360
06-04 20:48:49.735 E/dangbei111( 1349): cccccc 检查遥控器是否连接: Dangbei E4:BB:D3:57:C0:7A
06-04 20:48:49.738 E/dangbei111( 1349): cccccc 检查遥控器是否连接: 蓝牙的结果 Dangbei E4:BB:D3:57:C0:7A true
06-04 20:48:49.740 E/dangbei111( 1349): cccccc 确实有遥控器 存在
06-04 20:48:49.740 D/BluetoothAdapter( 1349): isLeEnabled(): ON
06-04 20:48:49.743 D/ActivityAttributionService( 8611): notifyActivityAttributionInfo UID=1002 packageName=com.android.bluetooth deviceAddress=no_active_device_address
06-04 20:48:49.743 I/bt_btif ( 8611): packages/modules/Bluetooth/system/btif/src/bluetooth.cc:829 get_profile_interface: get_profile_interface: id = activity_attribution
06-04 20:48:49.743 I/bt_stack( 8611): [INFO:le_scanning_manager.cc(168)] Scan in shim layer stopped
06-04 20:48:49.743 I/bluetooth( 8611): packages/modules/Bluetooth/system/gd/hci/le_address_manager.cc:193 unregister_client: Client unregistered
06-04 20:48:49.745 I/bt_stack( 8611): [INFO:le_scanning_manager.cc(162)] Unregister in shim layer, scanner_id:1
06-04 20:48:49.745 E/dangbei111( 1349): cccccc rc is connected, stop scan =E4:BB:D3:57:C0:7A
06-04 20:48:51.220 D/hdmicecd( 501): [CEC]:printCecMsgBuf, msg: 04 83
06-04 20:48:51.221 D/HDMI ( 707): [R]: 04:83
06-04 20:48:51.222 D/hdmicecd( 501): [HdmiCecControl]:getPhysicalAddress, physical addr: 3000, last pa: 3000, ret = 0
06-04 20:48:51.222 D/HDMI ( 707): [S]: 4F:84:30:00:04
06-04 20:48:51.323 D/UtilLog ( 2071): 日志批量上报 进行正常循环 !!!!!!本次有0次请求,共0条数据
06-04 20:48:51.378 D/hdmicecd( 501): [CEC]:printCecMessage, [4 -> f] len: 4, body: 84 30 00 04, result:success
06-04 20:48:51.378 E/IPCThreadState( 501): binder thread pool (1 threads) starved for 155 ms
06-04 20:48:51.499 D/hdmicecd( 501): [CEC]:printCecMsgBuf, msg: 04 83
06-04 20:48:51.501 D/HDMI ( 707): [R]: 04:83
06-04 20:48:51.501 D/hdmicecd( 501): [HdmiCecControl]:getPhysicalAddress, physical addr: 3000, last pa: 3000, ret = 0
06-04 20:48:51.502 D/HDMI ( 707): [S]: 4F:84:30:00:04
06-04 20:48:51.561 I/TDLog ( 2071): [APP] New data found, Submitting...
06-04 20:48:51.565 D/TrafficStats( 2071): tagSocket(87) with statsTag=0xffffffff, statsUid=-1
06-04 20:48:51.567 I/TDLog ( 2071): [APP] Failed to submit data!
06-04 20:48:51.654 D/hdmicecd( 501): [CEC]:printCecMessage, [4 -> f] len: 4, body: 84 30 00 04, result:success
06-04 20:48:51.654 E/IPCThreadState( 501): binder thread pool (1 threads) starved for 152 ms
06-04 20:48:51.888 D/hdmicecd( 501): [CEC]:printCecMsgBuf, msg: 04 46
06-04 20:48:51.888 D/hdmicecd( 501): [CMsgQueue]:sendmsg now = 2376900 msg[0] when = 2377900
06-04 20:48:51.889 D/HDMI ( 707): [R]: 04:46
06-04 20:48:51.890 D/HDMI ( 707): [S]: 40:47:44:42:42:4F:58:2D:41:33
06-04 20:48:51.891 D/hdmicecd( 501): [CMsgQueue]:msg size is 0, break
06-04 20:48:52.164 D/hdmicecd( 501): [CEC]:printCecMessage, [4 -> 0] len: 9, body: 47 44 42 42 4f 58 2d 41 33, result:success
06-04 20:48:52.164 E/IPCThreadState( 501): binder thread pool (1 threads) starved for 274 ms
06-04 20:48:52.264 D/nStackXCoAP( 3037): IsInSameNetwork:[276] :IsInSameNetwork exec
06-04 20:48:52.264 I/nStackXDFinder( 3037): GetLocalInterfaceDetail:[461] :GetLocalInterfaceDetail in
06-04 20:48:52.264 E/nStackXCoAP( 3037): IsInSameNetwork:[281] :IsInSameNetwork: not priority process
06-04 20:48:52.264 D/nStackXCoAP( 3037): ParseServiceDiscover:[330] :new device join
06-04 20:48:52.265 E/nStackXDFinder( 3037): GetLocalIp:[401] :GetLocalIp exec
06-04 20:48:52.293 D/nStackXCoAP( 3037): CoapMessageHandler:[133] :2.01
06-04 20:48:52.368 D/hdmicecd( 501): [CEC]:printCecMsgBuf, msg: 04 8c
06-04 20:48:52.369 D/nStackXCoAP( 3037): IsInSameNetwork:[276] :IsInSameNetwork exec
06-04 20:48:52.369 I/nStackXDFinder( 3037): GetLocalInterfaceDetail:[461] :GetLocalInterfaceDetail in
06-04 20:48:52.369 E/nStackXCoAP( 3037): IsInSameNetwork:[281] :IsInSameNetwork: not priority process
06-04 20:48:52.369 D/HDMI ( 707): [R]: 04:8C
06-04 20:48:52.370 D/nStackXCoAP( 3037): ParseServiceDiscover:[330] :new device join
06-04 20:48:52.370 E/nStackXDFinder( 3037): GetLocalIp:[401] :GetLocalIp exec
06-04 20:48:52.371 D/hdmicecd( 501): [HdmiCecControl]:getVendorId, vendorId: 0x1CA410
06-04 20:48:52.372 D/HDMI ( 707): [S]: 4F:87:1C:A4:10
06-04 20:48:52.373 I/cling--ap-142( 2892): type=1400 audit(0.0:1690): avc: denied { search } for name="net" dev="sysfs" ino=12344 scontext=u:r:untrusted_app_27:s0:c43,c256,c512,c768 tcontext=u:object_r:sysfs_net:s0 tclass=dir permissive=1 app=com.dangbei.screencast
06-04 20:48:52.530 D/hdmicecd( 501): [CEC]:printCecMessage, [4 -> f] len: 4, body: 87 1c a4 10, result:success
06-04 20:48:52.530 E/IPCThreadState( 501): binder thread pool (1 threads) starved for 158 ms
06-04 20:48:52.569 D/nStackXCoAP( 3037): IsInSameNetwork:[276] :IsInSameNetwork exec
06-04 20:48:52.569 I/nStackXDFinder( 3037): GetLocalInterfaceDetail:[461] :GetLocalInterfaceDetail in
06-04 20:48:52.569 E/nStackXCoAP( 3037): IsInSameNetwork:[281] :IsInSameNetwork: not priority process
06-04 20:48:52.569 D/nStackXCoAP( 3037): ParseServiceDiscover:[330] :new device join
06-04 20:48:52.569 E/nStackXDFinder( 3037): GetLocalIp:[401] :GetLocalIp exec
06-04 20:48:52.631 D/nStackXCoAP( 3037): CoapMessageHandler:[133] :2.01
06-04 20:48:52.633 D/nStackXCoAP( 3037): CoapMessageHandler:[133] :2.01
06-04 20:48:52.770 D/nStackXCoAP( 3037): IsInSameNetwork:[276] :IsInSameNetwork exec
06-04 20:48:52.770 I/nStackXDFinder( 3037): GetLocalInterfaceDetail:[461] :GetLocalInterfaceDetail in
06-04 20:48:52.770 E/nStackXCoAP( 3037): IsInSameNetwork:[281] :IsInSameNetwork: not priority process
06-04 20:48:52.770 D/nStackXCoAP( 3037): ParseServiceDiscover:[330] :new device join
06-04 20:48:52.770 E/nStackXDFinder( 3037): GetLocalIp:[401] :GetLocalIp exec
06-04 20:48:52.785 D/nStackXCoAP( 3037): CoapMessageHandler:[133] :2.01
06-04 20:48:53.286 D/nStackXCoAP( 3037): IsInSameNetwork:[276] :IsInSameNetwork exec
06-04 20:48:53.286 I/nStackXDFinder( 3037): GetLocalInterfaceDetail:[461] :GetLocalInterfaceDetail in
06-04 20:48:53.286 E/nStackXCoAP( 3037): IsInSameNetwork:[281] :IsInSameNetwork: not priority process
06-04 20:48:53.286 D/nStackXCoAP( 3037): ParseServiceDiscover:[330] :new device join
06-04 20:48:53.287 E/nStackXDFinder( 3037): GetLocalIp:[401] :GetLocalIp exec
06-04 20:48:53.315 D/nStackXCoAP( 3037): CoapMessageHandler:[133] :2.01
06-04 20:48:53.794 D/nStackXCoAP( 3037): IsInSameNetwork:[276] :IsInSameNetwork exec
06-04 20:48:53.794 I/nStackXDFinder( 3037): GetLocalInterfaceDetail:[461] :GetLocalInterfaceDetail in
06-04 20:48:53.794 E/nStackXCoAP( 3037): IsInSameNetwork:[281] :IsInSameNetwork: not priority process
06-04 20:48:53.794 D/nStackXCoAP( 3037): ParseServiceDiscover:[330] :new device join
06-04 20:48:53.795 E/nStackXDFinder( 3037): GetLocalIp:[401] :GetLocalIp exec
06-04 20:48:54.116 D/nStackXCoAP( 3037): CoapMessageHandler:[133] :2.01
06-04 20:48:54.327 D/nStackXCoAP( 3037): IsInSameNetwork:[276] :IsInSameNetwork exec
06-04 20:48:54.327 I/nStackXDFinder( 3037): GetLocalInterfaceDetail:[461] :GetLocalInterfaceDetail in
06-04 20:48:54.327 E/nStackXCoAP( 3037): IsInSameNetwork:[281] :IsInSameNetwork: not priority process
06-04 20:48:54.327 D/nStackXCoAP( 3037): ParseServiceDiscover:[330] :new device join
06-04 20:48:54.327 E/nStackXDFinder( 3037): GetLocalIp:[401] :GetLocalIp exec
06-04 20:48:54.441 D/hdmicecd( 501): [CEC]:printCecMsgBuf, msg: 0f 82 00 00
06-04 20:48:54.441 D/hdmicecd( 501): [HdmiCecControl]:updateActiveState received messag:82 active state:0
06-04 20:48:54.442 D/HDMI ( 707): [R]: 0F:82:00:00
06-04 20:48:54.443 D/HDMI ( 707): setActiveSource logical:0x00 physical:0x0000 HdmiCecLocalDeviceSource#handleActiveSource()
06-04 20:48:54.444 D/hdmicecd( 501): [HdmiCecControl]:getPhysicalAddress, physical addr: 3000, last pa: 3000, ret = 0
06-04 20:48:54.444 D/HDMI ( 707): ActiveSourceHistoryRecord active source=(0x00, 0x0000) isActiveSource=false from=HdmiCecLocalDeviceSource#handleActiveSource()
06-04 20:48:54.445 D/HdmiControlService( 707): Switching to full volume behavior
06-04 20:48:54.637 D/nStackXCoAP( 3037): CoapMessageHandler:[133] :2.01
06-04 20:48:54.656 D/hdmicecd( 501): [CEC]:printCecMsgBuf, msg: 04 83
06-04 20:48:54.657 D/HDMI ( 707): [R]: 04:83
06-04 20:48:54.658 D/hdmicecd( 501): [HdmiCecControl]:getPhysicalAddress, physical addr: 3000, last pa: 3000, ret = 0
06-04 20:48:54.659 D/HDMI ( 707): [S]: 4F:84:30:00:04
06-04 20:48:54.721 D/nStackXCoAP( 3037): IsInSameNetwork:[276] :IsInSameNetwork exec
06-04 20:48:54.721 I/nStackXDFinder( 3037): GetLocalInterfaceDetail:[461] :GetLocalInterfaceDetail in
06-04 20:48:54.721 E/nStackXCoAP( 3037): IsInSameNetwork:[281] :IsInSameNetwork: not priority process
06-04 20:48:54.721 D/nStackXCoAP( 3037): ParseServiceDiscover:[330] :new device join
06-04 20:48:54.721 E/nStackXDFinder( 3037): GetLocalIp:[401] :GetLocalIp exec
06-04 20:48:54.732 D/nStackXCoAP( 3037): CoapMessageHandler:[133] :2.01
06-04 20:48:54.818 D/hdmicecd( 501): [CEC]:printCecMessage, [4 -> f] len: 4, body: 84 30 00 04, result:success
06-04 20:48:54.818 E/IPCThreadState( 501): binder thread pool (1 threads) starved for 159 ms
06-04 20:48:55.245 D/nStackXCoAP( 3037): IsInSameNetwork:[276] :IsInSameNetwork exec
06-04 20:48:55.245 I/nStackXDFinder( 3037): GetLocalInterfaceDetail:[461] :GetLocalInterfaceDetail in
06-04 20:48:55.245 E/nStackXCoAP( 3037): IsInSameNetwork:[281] :IsInSameNetwork: not priority process
06-04 20:48:55.245 D/nStackXCoAP( 3037): ParseServiceDiscover:[330] :new device join
06-04 20:48:55.246 E/nStackXDFinder( 3037): GetLocalIp:[401] :GetLocalIp exec
06-04 20:48:55.266 D/nStackXCoAP( 3037): CoapMessageHandler:[133] :2.01
06-04 20:48:55.268 D/hdmicecd( 501): [CEC]:printCecMsgBuf, msg: 04 46
06-04 20:48:55.268 D/hdmicecd( 501): [CMsgQueue]:sendmsg now = 2380281 msg[0] when = 2381281
06-04 20:48:55.269 D/HDMI ( 707): [R]: 04:46
06-04 20:48:55.270 D/HDMI ( 707): [S]: 40:47:44:42:42:4F:58:2D:41:33
06-04 20:48:55.270 D/hdmicecd( 501): [CMsgQueue]:msg size is 0, break
06-04 20:48:55.548 D/hdmicecd( 501): [CEC]:printCecMessage, [4 -> 0] len: 9, body: 47 44 42 42 4f 58 2d 41 33, result:success
06-04 20:48:55.548 E/IPCThreadState( 501): binder thread pool (1 threads) starved for 278 ms
06-04 20:48:55.653 I/binder:461_6( 461): type=1400 audit(0.0:1691): avc: denied { add_name } for name="globalAlert" scontext=u:r:netd:s0 tcontext=u:object_r:proc_net:s0 tclass=dir permissive=1
06-04 20:48:55.746 D/bt_vendor( 492): op for 7
06-04 20:48:55.746 D/bt_upio ( 492): upio_set : pio 0 action 1, polarity 1
06-04 20:48:55.746 D/bt_upio ( 492): begin open btwrite.
06-04 20:48:55.746 E/bt_upio ( 492): upio_set : open(/proc/bluetooth/sleep/btwrite) for write failed: No such file or directory (2)
06-04 20:48:55.753 D/nStackXCoAP( 3037): IsInSameNetwork:[276] :IsInSameNetwork exec
06-04 20:48:55.753 I/nStackXDFinder( 3037): GetLocalInterfaceDetail:[461] :GetLocalInterfaceDetail in
06-04 20:48:55.753 E/nStackXCoAP( 3037): IsInSameNetwork:[281] :IsInSameNetwork: not priority process
06-04 20:48:55.753 D/nStackXCoAP( 3037): ParseServiceDiscover:[330] :new device join
06-04 20:48:55.753 E/nStackXDFinder( 3037): GetLocalIp:[401] :GetLocalIp exec
06-04 20:48:55.790 D/nStackXCoAP( 3037): CoapMessageHandler:[133] :2.01
06-04 20:48:55.968 D/hdmicecd( 501): [CEC]:printCecMsgBuf, msg: 04 8c
06-04 20:48:55.969 D/HDMI ( 707): [R]: 04:8C
06-04 20:48:55.970 D/hdmicecd( 501): [HdmiCecControl]:getVendorId, vendorId: 0x1CA410
06-04 20:48:55.972 D/HDMI ( 707): [S]: 4F:87:1C:A4:10
06-04 20:48:56.126 D/hdmicecd( 501): [CEC]:printCecMessage, [4 -> f] len: 4, body: 87 1c a4 10, result:success
06-04 20:48:56.126 E/IPCThreadState( 501): binder thread pool (1 threads) starved for 154 ms
06-04 20:48:56.257 D/nStackXCoAP( 3037): IsInSameNetwork:[276] :IsInSameNetwork exec
06-04 20:48:56.257 I/nStackXDFinder( 3037): GetLocalInterfaceDetail:[461] :GetLocalInterfaceDetail in
06-04 20:48:56.257 E/nStackXCoAP( 3037): IsInSameNetwork:[281] :IsInSameNetwork: not priority process
06-04 20:48:56.257 D/nStackXCoAP( 3037): ParseServiceDiscover:[330] :new device join
06-04 20:48:56.257 E/nStackXDFinder( 3037): GetLocalIp:[401] :GetLocalIp exec
06-04 20:48:56.382 D/nStackXCoAP( 3037): CoapMessageHandler:[133] :2.01
06-04 20:48:56.769 D/nStackXCoAP( 3037): IsInSameNetwork:[276] :IsInSameNetwork exec
06-04 20:48:56.769 I/nStackXDFinder( 3037): GetLocalInterfaceDetail:[461] :GetLocalInterfaceDetail in
06-04 20:48:56.769 E/nStackXCoAP( 3037): IsInSameNetwork:[281] :IsInSameNetwork: not priority process
06-04 20:48:56.769 D/nStackXCoAP( 3037): ParseServiceDiscover:[330] :new device join
06-04 20:48:56.769 E/nStackXDFinder( 3037): GetLocalIp:[401] :GetLocalIp exec
06-04 20:48:56.854 D/nStackXCoAP( 3037): CoapMessageHandler:[133] :2.01
06-04 20:48:58.457 D/hdmicecd( 501): [CEC]:printCecMsgBuf, msg: 04 83
06-04 20:48:58.458 D/HDMI ( 707): [R]: 04:83
06-04 20:48:58.459 D/hdmicecd( 501): [HdmiCecControl]:getPhysicalAddress, physical addr: 3000, last pa: 3000, ret = 0
06-04 20:48:58.460 D/HDMI ( 707): [S]: 4F:84:30:00:04
06-04 20:48:58.618 D/hdmicecd( 501): [CEC]:printCecMessage, [4 -> f] len: 4, body: 84 30 00 04, result:success
06-04 20:48:58.618 E/IPCThreadState( 501): binder thread pool (1 threads) starved for 158 ms
06-04 20:48:58.735 D/hdmicecd( 501): [CEC]:printCecMsgBuf, msg: 04 83
06-04 20:48:58.736 D/HDMI ( 707): [R]: 04:83
06-04 20:48:58.737 D/hdmicecd( 501): [HdmiCecControl]:getPhysicalAddress, physical addr: 3000, last pa: 3000, ret = 0
06-04 20:48:58.738 D/HDMI ( 707): [S]: 4F:84:30:00:04
06-04 20:48:58.890 D/hdmicecd( 501): [CEC]:printCecMessage, [4 -> f] len: 4, body: 84 30 00 04, result:success
06-04 20:48:58.890 E/IPCThreadState( 501): binder thread pool (1 threads) starved for 153 ms
06-04 20:48:59.124 D/hdmicecd( 501): [CEC]:printCecMsgBuf, msg: 04 46
06-04 20:48:59.124 D/hdmicecd( 501): [CMsgQueue]:sendmsg now = 2384137 msg[0] when = 2385137
06-04 20:48:59.126 D/HDMI ( 707): [R]: 04:46
06-04 20:48:59.129 D/HDMI ( 707): [S]: 40:47:44:42:42:4F:58:2D:41:33
06-04 20:48:59.130 D/hdmicecd( 501): [CMsgQueue]:msg size is 0, break
06-04 20:48:59.408 D/hdmicecd( 501): [CEC]:printCecMessage, [4 -> 0] len: 9, body: 47 44 42 42 4f 58 2d 41 33, result:success
06-04 20:48:59.408 E/IPCThreadState( 501): binder thread pool (1 threads) starved for 279 ms
06-04 20:48:59.600 D/hdmicecd( 501): [CEC]:printCecMsgBuf, msg: 04 8c
06-04 20:48:59.601 D/HDMI ( 707): [R]: 04:8C
06-04 20:48:59.602 D/hdmicecd( 501): [HdmiCecControl]:getVendorId, vendorId: 0x1CA410
06-04 20:48:59.603 D/HDMI ( 707): [S]: 4F:87:1C:A4:10
06-04 20:48:59.762 D/hdmicecd( 501): [CEC]:printCecMessage, [4 -> f] len: 4, body: 87 1c a4 10, result:success
06-04 20:48:59.762 E/IPCThreadState( 501): binder thread pool (1 threads) starved for 158 ms
06-04 20:48:59.875 D/WanClient( 1349): sendHeartMessage
06-04 20:48:59.876 D/WanClient( 1349): -----final------sendMessage: {"type":"2bKPMh2jwmQ="}
06-04 20:48:59.887 D/WanClient( 1349): onMessage:Thread[WebSocketConnectReadThread-71,5,main]--{"msg":"+MSejyjwlbc="}
06-04 20:48:59.889 D/WanClient( 1349): onMessageReceived:Thread[WebSocketConnectReadThread-71,5,main] {"msg":"+MSejyjwlbc="}
06-04 20:48:59.889 D/WanClient( 1349): type: null
06-04 20:48:59.889 D/WanClient( 1349): send:HB7FxtN64oc=
06-04 20:48:59.889 D/WanClient( 1349): leave:uQ3qCmhm4oA=
06-04 20:48:59.889 D/WanClient( 1349): join:7EsoetslBbs=
06-04 20:48:59.889 D/WanClient( 1349): ITtylgY8LAxdmHmRQSo49Q==
06-04 20:49:01.322 D/UtilLog ( 2071): 日志批量上报 进行正常循环 !!!!!!本次有0次请求,共0条数据
06-04 20:49:06.128 D/hdmicecd( 501): [CEC]:printCecMsgBuf, msg: 04 83
06-04 20:49:06.129 D/HDMI ( 707): [R]: 04:83
06-04 20:49:06.130 D/hdmicecd( 501): [HdmiCecControl]:getPhysicalAddress, physical addr: 3000, last pa: 3000, ret = 0
06-04 20:49:06.131 D/HDMI ( 707): [S]: 4F:84:30:00:04
06-04 20:49:06.286 D/hdmicecd( 501): [CEC]:printCecMessage, [4 -> f] len: 4, body: 84 30 00 04, result:success
06-04 20:49:06.286 E/IPCThreadState( 501): binder thread pool (1 threads) starved for 155 ms
06-04 20:49:06.516 D/hdmicecd( 501): [CEC]:printCecMsgBuf, msg: 04 83
06-04 20:49:06.517 D/HDMI ( 707): [R]: 04:83
06-04 20:49:06.518 D/hdmicecd( 501): [HdmiCecControl]:getPhysicalAddress, physical addr: 3000, last pa: 3000, ret = 0
06-04 20:49:06.518 D/HDMI ( 707): [S]: 4F:84:30:00:04
06-04 20:49:06.678 D/hdmicecd( 501): [CEC]:printCecMessage, [4 -> f] len: 4, body: 84 30 00 04, result:success
06-04 20:49:06.678 E/IPCThreadState( 501): binder thread pool (1 threads) starved for 159 ms
06-04 20:49:06.791 D/hdmicecd( 501): [CEC]:printCecMsgBuf, msg: 04 46
06-04 20:49:06.792 D/hdmicecd( 501): [CMsgQueue]:sendmsg now = 2391804 msg[0] when = 2392804
06-04 20:49:06.792 D/HDMI ( 707): [R]: 04:46
06-04 20:49:06.793 D/HDMI ( 707): [S]: 40:47:44:42:42:4F:58:2D:41:33
06-04 20:49:06.794 D/hdmicecd( 501): [CMsgQueue]:msg size is 0, break
06-04 20:49:07.068 D/hdmicecd( 501): [CEC]:printCecMessage, [4 -> 0] len: 9, body: 47 44 42 42 4f 58 2d 41 33, result:success
06-04 20:49:07.068 E/IPCThreadState( 501): binder thread pool (1 threads) starved for 274 ms
06-04 20:49:07.268 D/hdmicecd( 501): [CEC]:printCecMsgBuf, msg: 04 8c
06-04 20:49:07.269 D/HDMI ( 707): [R]: 04:8C
06-04 20:49:07.270 D/hdmicecd( 501): [HdmiCecControl]:getVendorId, vendorId: 0x1CA410
06-04 20:49:07.271 D/HDMI ( 707): [S]: 4F:87:1C:A4:10
06-04 20:49:07.426 D/hdmicecd( 501): [CEC]:printCecMessage, [4 -> f] len: 4, body: 87 1c a4 10, result:success
06-04 20:49:07.426 E/IPCThreadState( 501): binder thread pool (1 threads) starved for 155 ms
06-04 20:49:08.526 I/WifiService( 707): startScan uid=1000
06-04 20:49:08.528 E/ccc ( 4242): cccccc i will start scan
06-04 20:49:08.536 D/InstantWifi( 707): Drop, size: 1
06-04 20:49:08.540 D/WifiNl80211Manager( 707): Scan result ready event
06-04 20:49:08.540 D/WifiNative( 707): Scan result ready event
06-04 20:49:08.542 D/WificondScannerImpl( 707): Filtering out 1 scan results.
06-04 20:49:08.548 I/WifiHAL ( 524): call wifi_get_link_stats handler
06-04 20:49:08.548 I/WifiHAL ( 524): Creating message to get link statistics; iface = 16
06-04 20:49:08.548 D/WifiHAL ( 524): error code -95 mapped to -3
06-04 20:49:08.549 E/hq ( 1414): NetWorkStateReceiver:::NetWorkStateReceiver onReceive: 网络变化广播 >>>> intent.action=android.net.wifi.SCAN_RESULTS
06-04 20:49:08.549 E/WifiStaIfaceAidlImpl( 707): getLinkLayerStats failed with service-specific exception: android.os.ServiceSpecificException: (code 4)
06-04 20:49:08.550 E/ccc ( 4242): cccccc SCAN_RESULTS_AVAILABLE_ACTION hhhh
06-04 20:49:08.553 W/eventbuscore( 1414): post Event:com.dangbei.leard.base.entity.event.NetWifiRssiEvent
06-04 20:49:08.553 E/ccc ( 4242): cccccc result is empty start scan
06-04 20:49:08.554 I/WifiService( 707): startScan uid=1000
06-04 20:49:08.557 W/ScanResultUtil( 707): Empty or null ScanResult list
06-04 20:49:08.557 W/WifiService( 707): Attempt to retrieve WifiConfiguration with invalid scanResult List
06-04 20:49:08.558 W/ScanResultUtil( 707): Empty or null ScanResult list
06-04 20:49:08.558 E/WifiService( 707): Attempt to retrieve passpoint with invalid scanResult List
06-04 20:49:08.559 W/ScanResultUtil( 707): Empty or null ScanResult list
06-04 20:49:08.559 W/WifiService( 707): Attempt to retrieve OsuProviders with invalid scanResult List
06-04 20:49:08.584 D/InstantWifi( 707): Drop, size: 1
06-04 20:49:09.836 D/hdmicecd( 501): [CEC]:printCecMsgBuf, msg: 04 83
06-04 20:49:09.837 D/HDMI ( 707): [R]: 04:83
06-04 20:49:09.838 D/hdmicecd( 501): [HdmiCecControl]:getPhysicalAddress, physical addr: 3000, last pa: 3000, ret = 0
06-04 20:49:09.839 D/HDMI ( 707): [S]: 4F:84:30:00:04
06-04 20:49:09.998 D/hdmicecd( 501): [CEC]:printCecMessage, [4 -> f] len: 4, body: 84 30 00 04, result:success
06-04 20:49:09.998 E/IPCThreadState( 501): binder thread pool (1 threads) starved for 159 ms
06-04 20:49:10.449 D/hdmicecd( 501): [CEC]:printCecMsgBuf, msg: 04 46
06-04 20:49:10.449 D/hdmicecd( 501): [CMsgQueue]:sendmsg now = 2395461 msg[0] when = 2396461
06-04 20:49:10.449 D/HDMI ( 707): [R]: 04:46
06-04 20:49:10.451 D/HDMI ( 707): [S]: 40:47:44:42:42:4F:58:2D:41:33
06-04 20:49:10.451 D/hdmicecd( 501): [CMsgQueue]:msg size is 0, break
06-04 20:49:10.732 D/hdmicecd( 501): [CEC]:printCecMessage, [4 -> 0] len: 9, body: 47 44 42 42 4f 58 2d 41 33, result:success
06-04 20:49:10.732 E/IPCThreadState( 501): binder thread pool (1 threads) starved for 281 ms
06-04 20:49:10.802 D/nStackXCoAP( 3037): IsInSameNetwork:[276] :IsInSameNetwork exec
06-04 20:49:10.802 I/nStackXDFinder( 3037): GetLocalInterfaceDetail:[461] :GetLocalInterfaceDetail in
06-04 20:49:10.802 E/nStackXCoAP( 3037): IsInSameNetwork:[281] :IsInSameNetwork: not priority process
06-04 20:49:10.802 D/nStackXCoAP( 3037): ParseServiceDiscover:[330] :new device join
06-04 20:49:10.802 E/nStackXDFinder( 3037): GetLocalIp:[401] :GetLocalIp exec
06-04 20:49:11.149 D/hdmicecd( 501): [CEC]:printCecMsgBuf, msg: 04 8c
06-04 20:49:11.149 D/HDMI ( 707): [R]: 04:8C
06-04 20:49:11.150 D/hdmicecd( 501): [HdmiCecControl]:getVendorId, vendorId: 0x1CA410
06-04 20:49:11.151 D/HDMI ( 707): [S]: 4F:87:1C:A4:10
06-04 20:49:11.283 D/WifiNl80211Manager( 707): Scan result ready event
06-04 20:49:11.283 D/WifiNative( 707): Scan result ready event
06-04 20:49:11.310 D/hdmicecd( 501): [CEC]:printCecMessage, [4 -> f] len: 4, body: 87 1c a4 10, result:success
06-04 20:49:11.310 E/IPCThreadState( 501): binder thread pool (1 threads) starved for 159 ms
06-04 20:49:11.334 D/UtilLog ( 2071): 日志批量上报 进行正常循环 !!!!!!本次有0次请求,共0条数据
06-04 20:49:11.350 E/ccc ( 4242): cccccc SCAN_RESULTS_AVAILABLE_ACTION hhhh
06-04 20:49:11.351 E/hq ( 1414): NetWorkStateReceiver:::NetWorkStateReceiver onReceive: 网络变化广播 >>>> intent.action=android.net.wifi.SCAN_RESULTS
06-04 20:49:11.355 D/PasspointManager( 707): ANQP entry not found for: 10:7c:61:1a:4b:94:<5G>
06-04 20:49:11.356 I/WifiHAL ( 524): call wifi_get_link_stats handler
06-04 20:49:11.356 I/WifiHAL ( 524): Creating message to get link statistics; iface = 16
06-04 20:49:11.356 D/WifiHAL ( 524): error code -95 mapped to -3
06-04 20:49:11.357 E/WifiStaIfaceAidlImpl( 707): getLinkLayerStats failed with service-specific exception: android.os.ServiceSpecificException: (code 4)
06-04 20:49:11.367 W/eventbuscore( 1414): post Event:com.dangbei.leard.base.entity.event.NetWifiRssiEvent
06-04 20:49:11.374 E/ccc ( 4242): cccccc result is not empty call back
06-04 20:49:11.374 E/ccc ( 4242): cccccc 666666666666666
06-04 20:49:11.389 E/ccc ( 4242): cccccc sort 4 65
06-04 20:49:11.391 D/EventBus( 4242): No subscribers registered for event class com.dangbei.haqusetting.model.bean.event.net.WifiEvent
06-04 20:49:11.391 D/EventBus( 4242): No subscribers registered for event class org.greenrobot.eventbus.NoSubscriberEvent
06-04 20:49:11.524 D/nStackXCoAP( 3037): IsInSameNetwork:[276] :IsInSameNetwork exec
06-04 20:49:11.524 I/nStackXDFinder( 3037): GetLocalInterfaceDetail:[461] :GetLocalInterfaceDetail in
06-04 20:49:11.524 E/nStackXCoAP( 3037): IsInSameNetwork:[281] :IsInSameNetwork: not priority process
06-04 20:49:11.524 D/nStackXCoAP( 3037): ParseServiceDiscover:[330] :new device join
06-04 20:49:11.524 E/nStackXDFinder( 3037): GetLocalIp:[401] :GetLocalIp exec
06-04 20:49:11.548 I/system_server( 707): Background concurrent copying GC freed 367390(15MB) AllocSpace objects, 2(40KB) LOS objects, 49% free, 14MB/28MB, paused 470us,143us total 239.831ms
06-04 20:49:11.557 W/System ( 707): A resource failed to call HardwareBuffer.close.
06-04 20:49:11.564 W/System ( 707): A resource failed to call close.
06-04 20:49:12.032 D/nStackXCoAP( 3037): IsInSameNetwork:[276] :IsInSameNetwork exec
06-04 20:49:12.032 I/nStackXDFinder( 3037): GetLocalInterfaceDetail:[461] :GetLocalInterfaceDetail in
06-04 20:49:12.032 E/nStackXCoAP( 3037): IsInSameNetwork:[281] :IsInSameNetwork: not priority process
06-04 20:49:12.032 D/nStackXCoAP( 3037): ParseServiceDiscover:[330] :new device join
06-04 20:49:12.032 E/nStackXDFinder( 3037): GetLocalIp:[401] :GetLocalIp exec
06-04 20:49:12.548 D/nStackXCoAP( 3037): IsInSameNetwork:[276] :IsInSameNetwork exec
06-04 20:49:12.548 I/nStackXDFinder( 3037): GetLocalInterfaceDetail:[461] :GetLocalInterfaceDetail in
06-04 20:49:12.548 E/nStackXCoAP( 3037): IsInSameNetwork:[281] :IsInSameNetwork: not priority process
06-04 20:49:12.548 D/nStackXCoAP( 3037): ParseServiceDiscover:[330] :new device join
06-04 20:49:12.548 E/nStackXDFinder( 3037): GetLocalIp:[401] :GetLocalIp exec
06-04 20:49:13.072 D/hdmicecd( 501): [CEC]:printCecMsgBuf, msg: 04 83
06-04 20:49:13.073 D/HDMI ( 707): [R]: 04:83
06-04 20:49:13.074 D/hdmicecd( 501): [HdmiCecControl]:getPhysicalAddress, physical addr: 3000, last pa: 3000, ret = 0
06-04 20:49:13.074 D/HDMI ( 707): [S]: 4F:84:30:00:04
06-04 20:49:13.226 D/hdmicecd( 501): [CEC]:printCecMessage, [4 -> f] len: 4, body: 84 30 00 04, result:success
06-04 20:49:13.226 E/IPCThreadState( 501): binder thread pool (1 threads) starved for 152 ms
06-04 20:49:13.562 D/nStackXCoAP( 3037): IsInSameNetwork:[276] :IsInSameNetwork exec
06-04 20:49:13.562 I/nStackXDFinder( 3037): GetLocalInterfaceDetail:[461] :GetLocalInterfaceDetail in
06-04 20:49:13.562 E/nStackXCoAP( 3037): IsInSameNetwork:[281] :IsInSameNetwork: not priority process
06-04 20:49:13.562 D/nStackXCoAP( 3037): ParseServiceDiscover:[330] :new device join
06-04 20:49:13.562 E/nStackXDFinder( 3037): GetLocalIp:[401] :GetLocalIp exec
06-04 20:49:13.576 D/hdmicecd( 501): [CEC]:printCecMsgBuf, msg: 04 46
06-04 20:49:13.576 D/hdmicecd( 501): [CMsgQueue]:sendmsg now = 2398589 msg[0] when = 2399589
06-04 20:49:13.577 D/HDMI ( 707): [R]: 04:46
06-04 20:49:13.579 D/HDMI ( 707): [S]: 40:47:44:42:42:4F:58:2D:41:33
06-04 20:49:13.579 D/hdmicecd( 501): [CMsgQueue]:msg size is 0, break
06-04 20:49:13.856 D/hdmicecd( 501): [CEC]:printCecMessage, [4 -> 0] len: 9, body: 47 44 42 42 4f 58 2d 41 33, result:success
06-04 20:49:13.856 E/IPCThreadState( 501): binder thread pool (1 threads) starved for 277 ms
06-04 20:49:13.940 D/hdmicecd( 501): [CEC]:printCecMsgBuf, msg: 04 83
06-04 20:49:13.941 D/HDMI ( 707): [R]: 04:83
06-04 20:49:13.941 D/hdmicecd( 501): [HdmiCecControl]:getPhysicalAddress, physical addr: 3000, last pa: 3000, ret = 0
06-04 20:49:13.942 D/HDMI ( 707): [S]: 4F:84:30:00:04
06-04 20:49:14.071 D/nStackXCoAP( 3037): IsInSameNetwork:[276] :IsInSameNetwork exec
06-04 20:49:14.071 I/nStackXDFinder( 3037): GetLocalInterfaceDetail:[461] :GetLocalInterfaceDetail in
06-04 20:49:14.071 E/nStackXCoAP( 3037): IsInSameNetwork:[281] :IsInSameNetwork: not priority process
06-04 20:49:14.071 D/nStackXCoAP( 3037): ParseServiceDiscover:[330] :new device join
06-04 20:49:14.072 E/nStackXDFinder( 3037): GetLocalIp:[401] :GetLocalIp exec
06-04 20:49:14.098 D/hdmicecd( 501): [CEC]:printCecMessage, [4 -> f] len: 4, body: 84 30 00 04, result:success
06-04 20:49:14.098 E/IPCThreadState( 501): binder thread pool (1 threads) starved for 155 ms
06-04 20:49:14.336 D/hdmicecd( 501): [CEC]:printCecMsgBuf, msg: 04 8c
06-04 20:49:14.337 D/HDMI ( 707): [R]: 04:8C
06-04 20:49:14.338 D/hdmicecd( 501): [HdmiCecControl]:getVendorId, vendorId: 0x1CA410
06-04 20:49:14.339 D/HDMI ( 707): [S]: 4F:87:1C:A4:10
06-04 20:49:14.498 D/hdmicecd( 501): [CEC]:printCecMessage, [4 -> f] len: 4, body: 87 1c a4 10, result:success
06-04 20:49:14.498 E/IPCThreadState( 501): binder thread pool (1 threads) starved for 158 ms
06-04 20:49:15.095 D/nStackXCoAP( 3037): IsInSameNetwork:[276] :IsInSameNetwork exec
06-04 20:49:15.096 I/nStackXDFinder( 3037): GetLocalInterfaceDetail:[461] :GetLocalInterfaceDetail in
06-04 20:49:15.096 E/nStackXCoAP( 3037): IsInSameNetwork:[281] :IsInSameNetwork: not priority process
06-04 20:49:15.096 D/nStackXCoAP( 3037): ParseServiceDiscover:[330] :new device join
06-04 20:49:15.096 E/nStackXDFinder( 3037): GetLocalIp:[401] :GetLocalIp exec
06-04 20:49:19.629 I/audio_hw_hal_alsamgr( 491): alsa format =0x1 delay frames =640 total frames=114831360
06-04 20:49:19.875 D/WanClient( 1349): sendHeartMessage
06-04 20:49:19.877 D/WanClient( 1349): -----final------sendMessage: {"type":"2bKPMh2jwmQ="}
06-04 20:49:19.888 D/WanClient( 1349): onMessage:Thread[WebSocketConnectReadThread-71,5,main]--{"msg":"+MSejyjwlbc="}
06-04 20:49:19.890 D/WanClient( 1349): onMessageReceived:Thread[WebSocketConnectReadThread-71,5,main] {"msg":"+MSejyjwlbc="}
06-04 20:49:19.890 D/WanClient( 1349): type: null
06-04 20:49:19.890 D/WanClient( 1349): send:HB7FxtN64oc=
06-04 20:49:19.890 D/WanClient( 1349): leave:uQ3qCmhm4oA=
06-04 20:49:19.890 D/WanClient( 1349): join:7EsoetslBbs=
06-04 20:49:19.890 D/WanClient( 1349): ITtylgY8LAxdmHmRQSo49Q==
06-04 20:49:21.117 D/hdmicecd( 501): [CEC]:printCecMsgBuf, msg: 04 83
06-04 20:49:21.117 D/HDMI ( 707): [R]: 04:83
06-04 20:49:21.118 D/hdmicecd( 501): [HdmiCecControl]:getPhysicalAddress, physical addr: 3000, last pa: 3000, ret = 0
06-04 20:49:21.120 D/HDMI ( 707): [S]: 4F:84:30:00:04
06-04 20:49:21.274 D/hdmicecd( 501): [CEC]:printCecMessage, [4 -> f] len: 4, body: 84 30 00 04, result:success
06-04 20:49:21.274 E/IPCThreadState( 501): binder thread pool (1 threads) starved for 154 ms
06-04 20:49:21.323 D/UtilLog ( 2071): 日志批量上报 进行正常循环 !!!!!!本次有0次请求,共0条数据
06-04 20:49:21.505 D/hdmicecd( 501): [CEC]:printCecMsgBuf, msg: 04 83
06-04 20:49:21.506 D/HDMI ( 707): [R]: 04:83
06-04 20:49:21.507 D/hdmicecd( 501): [HdmiCecControl]:getPhysicalAddress, physical addr: 3000, last pa: 3000, ret = 0
06-04 20:49:21.507 D/HDMI ( 707): [S]: 4F:84:30:00:04
06-04 20:49:21.662 D/hdmicecd( 501): [CEC]:printCecMessage, [4 -> f] len: 4, body: 84 30 00 04, result:success
06-04 20:49:21.662 E/IPCThreadState( 501): binder thread pool (1 threads) starved for 155 ms
06-04 20:49:21.780 D/hdmicecd( 501): [CEC]:printCecMsgBuf, msg: 04 46
06-04 20:49:21.780 D/hdmicecd( 501): [CMsgQueue]:sendmsg now = 2406793 msg[0] when = 2407793
06-04 20:49:21.781 D/HDMI ( 707): [R]: 04:46
06-04 20:49:21.783 D/HDMI ( 707): [S]: 40:47:44:42:42:4F:58:2D:41:33
06-04 20:49:21.783 D/hdmicecd( 501): [CMsgQueue]:msg size is 0, break
06-04 20:49:22.060 D/hdmicecd( 501): [CEC]:printCecMessage, [4 -> 0] len: 9, body: 47 44 42 42 4f 58 2d 41 33, result:success
06-04 20:49:22.060 E/IPCThreadState( 501): binder thread pool (1 threads) starved for 277 ms
06-04 20:49:22.261 D/hdmicecd( 501): [CEC]:printCecMsgBuf, msg: 04 8c
06-04 20:49:22.264 D/HDMI ( 707): [R]: 04:8C
06-04 20:49:22.264 D/hdmicecd( 501): [HdmiCecControl]:getVendorId, vendorId: 0x1CA410
06-04 20:49:22.265 D/HDMI ( 707): [S]: 4F:87:1C:A4:10
06-04 20:49:22.422 D/hdmicecd( 501): [CEC]:printCecMessage, [4 -> f] len: 4, body: 87 1c a4 10, result:success
06-04 20:49:22.422 E/IPCThreadState( 501): binder thread pool (1 threads) starved for 157 ms
06-04 20:49:24.834 D/hdmicecd( 501): [CEC]:printCecMsgBuf, msg: 04 83
06-04 20:49:24.835 D/HDMI ( 707): [R]: 04:83
06-04 20:49:24.836 D/hdmicecd( 501): [HdmiCecControl]:getPhysicalAddress, physical addr: 3000, last pa: 3000, ret = 0
06-04 20:49:24.836 D/HDMI ( 707): [S]: 4F:84:30:00:04
06-04 20:49:24.994 D/hdmicecd( 501): [CEC]:printCecMessage, [4 -> f] len: 4, body: 84 30 00 04, result:success
06-04 20:49:24.994 E/IPCThreadState( 501): binder thread pool (1 threads) starved for 157 ms
06-04 20:49:25.445 D/hdmicecd( 501): [CEC]:printCecMsgBuf, msg: 04 46
06-04 20:49:25.445 D/hdmicecd( 501): [CMsgQueue]:sendmsg now = 2410458 msg[0] when = 2411458
06-04 20:49:25.447 D/HDMI ( 707): [R]: 04:46
06-04 20:49:25.449 D/HDMI ( 707): [S]: 40:47:44:42:42:4F:58:2D:41:33
06-04 20:49:25.449 D/hdmicecd( 501): [CMsgQueue]:msg size is 0, break
06-04 20:49:25.728 D/hdmicecd( 501): [CEC]:printCecMessage, [4 -> 0] len: 9, body: 47 44 42 42 4f 58 2d 41 33, result:success
06-04 20:49:25.728 E/IPCThreadState( 501): binder thread pool (1 threads) starved for 279 ms
06-04 20:49:26.145 D/hdmicecd( 501): [CEC]:printCecMsgBuf, msg: 04 8c
06-04 20:49:26.146 D/HDMI ( 707): [R]: 04:8C
06-04 20:49:26.147 D/hdmicecd( 501): [HdmiCecControl]:getVendorId, vendorId: 0x1CA410
06-04 20:49:26.147 D/HDMI ( 707): [S]: 4F:87:1C:A4:10
06-04 20:49:26.306 D/hdmicecd( 501): [CEC]:printCecMessage, [4 -> f] len: 4, body: 87 1c a4 10, result:success
06-04 20:49:26.306 E/IPCThreadState( 501): binder thread pool (1 threads) starved for 159 ms
06-04 20:49:28.073 D/hdmicecd( 501): [CEC]:printCecMsgBuf, msg: 04 83
06-04 20:49:28.074 D/HDMI ( 707): [R]: 04:83
06-04 20:49:28.074 D/hdmicecd( 501): [HdmiCecControl]:getPhysicalAddress, physical addr: 3000, last pa: 3000, ret = 0
06-04 20:49:28.075 D/HDMI ( 707): [S]: 4F:84:30:00:04
06-04 20:49:28.234 D/hdmicecd( 501): [CEC]:printCecMessage, [4 -> f] len: 4, body: 84 30 00 04, result:success
06-04 20:49:28.234 E/IPCThreadState( 501): binder thread pool (1 threads) starved for 160 ms
06-04 20:49:28.573 D/hdmicecd( 501): [CEC]:printCecMsgBuf, msg: 04 46
06-04 20:49:28.573 D/hdmicecd( 501): [CMsgQueue]:sendmsg now = 2413586 msg[0] when = 2414586
06-04 20:49:28.575 D/HDMI ( 707): [R]: 04:46
06-04 20:49:28.577 D/HDMI ( 707): [S]: 40:47:44:42:42:4F:58:2D:41:33
06-04 20:49:28.577 D/hdmicecd( 501): [CMsgQueue]:msg size is 0, break
06-04 20:49:28.856 D/hdmicecd( 501): [CEC]:printCecMessage, [4 -> 0] len: 9, body: 47 44 42 42 4f 58 2d 41 33, result:success
06-04 20:49:28.856 E/IPCThreadState( 501): binder thread pool (1 threads) starved for 279 ms
06-04 20:49:28.937 D/hdmicecd( 501): [CEC]:printCecMsgBuf, msg: 04 83
06-04 20:49:28.938 D/HDMI ( 707): [R]: 04:83
06-04 20:49:28.939 D/hdmicecd( 501): [HdmiCecControl]:getPhysicalAddress, physical addr: 3000, last pa: 3000, ret = 0
06-04 20:49:28.940 D/HDMI ( 707): [S]: 4F:84:30:00:04
06-04 20:49:29.098 D/hdmicecd( 501): [CEC]:printCecMessage, [4 -> f] len: 4, body: 84 30 00 04, result:success
06-04 20:49:29.098 E/IPCThreadState( 501): binder thread pool (1 threads) starved for 158 ms
06-04 20:49:29.325 D/hdmicecd( 501): [CEC]:printCecMsgBuf, msg: 04 8c
06-04 20:49:29.326 D/HDMI ( 707): [R]: 04:8C
06-04 20:49:29.327 D/hdmicecd( 501): [HdmiCecControl]:getVendorId, vendorId: 0x1CA410
06-04 20:49:29.328 D/HDMI ( 707): [S]: 4F:87:1C:A4:10
06-04 20:49:29.486 D/hdmicecd( 501): [CEC]:printCecMessage, [4 -> f] len: 4, body: 87 1c a4 10, result:success
06-04 20:49:29.486 E/IPCThreadState( 501): binder thread pool (1 threads) starved for 158 ms
06-04 20:49:30.389 I/UsageStatsService( 707): User[0] Flushing usage stats to disk
06-04 20:49:31.322 D/UtilLog ( 2071): 日志批量上报 进行正常循环 !!!!!!本次有0次请求,共0条数据
06-04 20:49:31.783 D/TrafficStats( 2892): tagSocket(125) with statsTag=0xffffffff, statsUid=-1
06-04 20:49:36.113 D/hdmicecd( 501): [CEC]:printCecMsgBuf, msg: 04 83
06-04 20:49:36.115 D/HDMI ( 707): [R]: 04:83
06-04 20:49:36.116 D/hdmicecd( 501): [HdmiCecControl]:getPhysicalAddress, physical addr: 3000, last pa: 3000, ret = 0
06-04 20:49:36.116 D/HDMI ( 707): [S]: 4F:84:30:00:04
06-04 20:49:36.274 D/hdmicecd( 501): [CEC]:printCecMessage, [4 -> f] len: 4, body: 84 30 00 04, result:success
06-04 20:49:36.274 E/IPCThreadState( 501): binder thread pool (1 threads) starved for 158 ms
06-04 20:49:36.501 D/hdmicecd( 501): [CEC]:printCecMsgBuf, msg: 04 83
06-04 20:49:36.502 D/HDMI ( 707): [R]: 04:83
06-04 20:49:36.503 D/hdmicecd( 501): [HdmiCecControl]:getPhysicalAddress, physical addr: 3000, last pa: 3000, ret = 0
06-04 20:49:36.504 D/HDMI ( 707): [S]: 4F:84:30:00:04
06-04 20:49:36.658 D/hdmicecd( 501): [CEC]:printCecMessage, [4 -> f] len: 4, body: 84 30 00 04, result:success
06-04 20:49:36.658 E/IPCThreadState( 501): binder thread pool (1 threads) starved for 154 ms
06-04 20:49:36.777 D/hdmicecd( 501): [CEC]:printCecMsgBuf, msg: 04 46
06-04 20:49:36.777 D/hdmicecd( 501): [CMsgQueue]:sendmsg now = 2421790 msg[0] when = 2422790
06-04 20:49:36.778 D/HDMI ( 707): [R]: 04:46
06-04 20:49:36.779 D/HDMI ( 707): [S]: 40:47:44:42:42:4F:58:2D:41:33
06-04 20:49:36.779 D/hdmicecd( 501): [CMsgQueue]:msg size is 0, break
06-04 20:49:37.056 D/hdmicecd( 501): [CEC]:printCecMessage, [4 -> 0] len: 9, body: 47 44 42 42 4f 58 2d 41 33, result:success
06-04 20:49:37.056 E/IPCThreadState( 501): binder thread pool (1 threads) starved for 277 ms
06-04 20:49:37.254 D/hdmicecd( 501): [CEC]:printCecMsgBuf, msg: 04 8c
06-04 20:49:37.255 D/HDMI ( 707): [R]: 04:8C
06-04 20:49:37.256 D/hdmicecd( 501): [HdmiCecControl]:getVendorId, vendorId: 0x1CA410
06-04 20:49:37.256 D/HDMI ( 707): [S]: 4F:87:1C:A4:10
06-04 20:49:37.414 D/hdmicecd( 501): [CEC]:printCecMessage, [4 -> f] len: 4, body: 87 1c a4 10, result:success
06-04 20:49:37.414 E/IPCThreadState( 501): binder thread pool (1 threads) starved for 158 ms
06-04 20:49:38.509 I/xm_hidread( 1910): type=1400 audit(0.0:1692): avc: denied { read } for scontext=u:r:init:s0 tcontext=u:r:init:s0 tclass=netlink_kobject_uevent_socket permissive=1
06-04 20:49:39.245 I/cling--ap-142( 2892): type=1400 audit(0.0:1693): avc: denied { read } for name="address" dev="sysfs" ino=22126 scontext=u:r:untrusted_app_27:s0:c43,c256,c512,c768 tcontext=u:object_r:sysfs_net:s0 tclass=file permissive=1 app=com.dangbei.screencast
06-04 20:49:39.245 I/cling--ap-142( 2892): type=1400 audit(0.0:1694): avc: denied { open } for path="/sys/devices/virtual/net/dummy0/address" dev="sysfs" ino=22126 scontext=u:r:untrusted_app_27:s0:c43,c256,c512,c768 tcontext=u:object_r:sysfs_net:s0 tclass=file permissive=1 app=com.dangbei.screencast
06-04 20:49:39.245 I/cling--ap-142( 2892): type=1400 audit(0.0:1695): avc: denied { getattr } for path="/sys/devices/virtual/net/dummy0/address" dev="sysfs" ino=22126 scontext=u:r:untrusted_app_27:s0:c43,c256,c512,c768 tcontext=u:object_r:sysfs_net:s0 tclass=file permissive=1 app=com.dangbei.screencast
06-04 20:49:39.706 D/hdmicecd( 501): [CEC]:printCecMsgBuf, msg: 04 8f
06-04 20:49:39.707 D/HDMI ( 707): [R]: 04:8F
06-04 20:49:39.708 D/HDMI ( 707): [S]: 40:90:01
06-04 20:49:39.813 D/hdmicecd( 501): [CEC]:printCecMessage, [4 -> 0] len: 2, body: 90 01, result:success
06-04 20:49:39.813 E/IPCThreadState( 501): binder thread pool (1 threads) starved for 105 ms
06-04 20:49:39.875 D/WanClient( 1349): sendHeartMessage
06-04 20:49:39.876 D/WanClient( 1349): -----final------sendMessage: {"type":"2bKPMh2jwmQ="}
06-04 20:49:39.919 D/WanClient( 1349): onMessage:Thread[WebSocketConnectReadThread-71,5,main]--{"msg":"+MSejyjwlbc="}
06-04 20:49:39.921 D/WanClient( 1349): onMessageReceived:Thread[WebSocketConnectReadThread-71,5,main] {"msg":"+MSejyjwlbc="}
06-04 20:49:39.921 D/WanClient( 1349): type: null
06-04 20:49:39.921 D/WanClient( 1349): send:HB7FxtN64oc=
06-04 20:49:39.921 D/WanClient( 1349): leave:uQ3qCmhm4oA=
06-04 20:49:39.921 D/WanClient( 1349): join:7EsoetslBbs=
06-04 20:49:39.921 D/WanClient( 1349): ITtylgY8LAxdmHmRQSo49Q==
06-04 20:49:40.006 D/hdmicecd( 501): [CEC]:printCecMsgBuf, msg: 04 83
06-04 20:49:40.006 D/HDMI ( 707): [R]: 04:83
06-04 20:49:40.007 D/hdmicecd( 501): [HdmiCecControl]:getPhysicalAddress, physical addr: 3000, last pa: 3000, ret = 0
06-04 20:49:40.008 D/HDMI ( 707): [S]: 4F:84:30:00:04
06-04 20:49:40.162 D/hdmicecd( 501): [CEC]:printCecMessage, [4 -> f] len: 4, body: 84 30 00 04, result:success
06-04 20:49:40.162 E/IPCThreadState( 501): binder thread pool (1 threads) starved for 154 ms
06-04 20:49:40.617 D/hdmicecd( 501): [CEC]:printCecMsgBuf, msg: 04 46
06-04 20:49:40.617 D/hdmicecd( 501): [CMsgQueue]:sendmsg now = 2425630 msg[0] when = 2426630
06-04 20:49:40.618 D/HDMI ( 707): [R]: 04:46
06-04 20:49:40.620 D/HDMI ( 707): [S]: 40:47:44:42:42:4F:58:2D:41:33
06-04 20:49:40.620 D/hdmicecd( 501): [CMsgQueue]:msg size is 0, break
06-04 20:49:40.900 D/hdmicecd( 501): [CEC]:printCecMessage, [4 -> 0] len: 9, body: 47 44 42 42 4f 58 2d 41 33, result:success
06-04 20:49:40.900 E/IPCThreadState( 501): binder thread pool (1 threads) starved for 280 ms
06-04 20:49:41.322 D/UtilLog ( 2071): 日志批量上报 进行正常循环 !!!!!!本次有0次请求,共0条数据
06-04 20:49:41.422 I/WifiService( 707): startScan uid=1000
06-04 20:49:41.425 E/ccc ( 4242): cccccc i will start scan
06-04 20:49:41.432 D/InstantWifi( 707): Drop, size: 1
06-04 20:49:43.538 I/TDLog ( 2071): [APP] New data found, Submitting...
06-04 20:49:43.547 D/TrafficStats( 2071): tagSocket(87) with statsTag=0xffffffff, statsUid=-1
06-04 20:49:43.556 I/TDLog ( 2071): [APP] Failed to submit data!
06-04 20:49:43.646 D/TrafficStats( 2071): tagSocket(87) with statsTag=0xffffffff, statsUid=-1
06-04 20:49:44.120 D/WifiNl80211Manager( 707): Scan result ready event
06-04 20:49:44.120 D/WifiNative( 707): Scan result ready event
06-04 20:49:44.194 E/hq ( 1414): NetWorkStateReceiver:::NetWorkStateReceiver onReceive: 网络变化广播 >>>> intent.action=android.net.wifi.SCAN_RESULTS
06-04 20:49:44.199 I/WifiHAL ( 524): call wifi_get_link_stats handler
06-04 20:49:44.199 I/WifiHAL ( 524): Creating message to get link statistics; iface = 16
06-04 20:49:44.199 D/WifiHAL ( 524): error code -95 mapped to -3
06-04 20:49:44.200 E/WifiStaIfaceAidlImpl( 707): getLinkLayerStats failed with service-specific exception: android.os.ServiceSpecificException: (code 4)
06-04 20:49:44.209 E/ccc ( 4242): cccccc SCAN_RESULTS_AVAILABLE_ACTION hhhh
06-04 20:49:44.211 W/eventbuscore( 1414): post Event:com.dangbei.leard.base.entity.event.NetWifiRssiEvent
06-04 20:49:44.218 E/ccc ( 4242): cccccc result is not empty call back
06-04 20:49:44.218 E/ccc ( 4242): cccccc 666666666666666
06-04 20:49:44.233 E/ccc ( 4242): cccccc sort 4 70
06-04 20:49:44.235 D/EventBus( 4242): No subscribers registered for event class com.dangbei.haqusetting.model.bean.event.net.WifiEvent
06-04 20:49:44.235 D/EventBus( 4242): No subscribers registered for event class org.greenrobot.eventbus.NoSubscriberEvent
06-04 20:49:44.678 D/hdmicecd( 501): [CEC]:printCecMsgBuf, msg: 04 8c
06-04 20:49:44.679 D/HDMI ( 707): [R]: 04:8C
06-04 20:49:44.680 D/hdmicecd( 501): [HdmiCecControl]:getVendorId, vendorId: 0x1CA410
06-04 20:49:44.680 D/HDMI ( 707): [S]: 4F:87:1C:A4:10
06-04 20:49:44.838 D/hdmicecd( 501): [CEC]:printCecMessage, [4 -> f] len: 4, body: 87 1c a4 10, result:success
06-04 20:49:44.838 E/IPCThreadState( 501): binder thread pool (1 threads) starved for 158 ms
06-04 20:49:46.602 D/hdmicecd( 501): [CEC]:printCecMsgBuf, msg: 04 83
06-04 20:49:46.603 D/HDMI ( 707): [R]: 04:83
06-04 20:49:46.604 D/hdmicecd( 501): [HdmiCecControl]:getPhysicalAddress, physical addr: 3000, last pa: 3000, ret = 0
06-04 20:49:46.604 D/HDMI ( 707): [S]: 4F:84:30:00:04
06-04 20:49:46.758 D/hdmicecd( 501): [CEC]:printCecMessage, [4 -> f] len: 4, body: 84 30 00 04, result:success
06-04 20:49:46.758 E/IPCThreadState( 501): binder thread pool (1 threads) starved for 154 ms
06-04 20:49:47.102 D/hdmicecd( 501): [CEC]:printCecMsgBuf, msg: 04 46
06-04 20:49:47.102 D/hdmicecd( 501): [CMsgQueue]:sendmsg now = 2432115 msg[0] when = 2433115
06-04 20:49:47.103 D/HDMI ( 707): [R]: 04:46
06-04 20:49:47.104 D/HDMI ( 707): [S]: 40:47:44:42:42:4F:58:2D:41:33
06-04 20:49:47.104 D/hdmicecd( 501): [CMsgQueue]:msg size is 0, break
06-04 20:49:47.380 D/hdmicecd( 501): [CEC]:printCecMessage, [4 -> 0] len: 9, body: 47 44 42 42 4f 58 2d 41 33, result:success
06-04 20:49:47.380 E/IPCThreadState( 501): binder thread pool (1 threads) starved for 276 ms
06-04 20:49:47.465 D/hdmicecd( 501): [CEC]:printCecMsgBuf, msg: 04 83
06-04 20:49:47.466 D/HDMI ( 707): [R]: 04:83
06-04 20:49:47.467 D/hdmicecd( 501): [HdmiCecControl]:getPhysicalAddress, physical addr: 3000, last pa: 3000, ret = 0
06-04 20:49:47.467 D/HDMI ( 707): [S]: 4F:84:30:00:04
06-04 20:49:47.626 D/hdmicecd( 501): [CEC]:printCecMessage, [4 -> f] len: 4, body: 84 30 00 04, result:success
06-04 20:49:47.626 E/IPCThreadState( 501): binder thread pool (1 threads) starved for 158 ms
06-04 20:49:47.854 D/hdmicecd( 501): [CEC]:printCecMsgBuf, msg: 04 8c
06-04 20:49:47.855 D/HDMI ( 707): [R]: 04:8C
06-04 20:49:47.856 D/hdmicecd( 501): [HdmiCecControl]:getVendorId, vendorId: 0x1CA410
06-04 20:49:47.856 D/HDMI ( 707): [S]: 4F:87:1C:A4:10
06-04 20:49:48.014 D/hdmicecd( 501): [CEC]:printCecMessage, [4 -> f] len: 4, body: 87 1c a4 10, result:success
06-04 20:49:48.014 E/IPCThreadState( 501): binder thread pool (1 threads) starved for 157 ms
06-04 20:49:51.323 D/UtilLog ( 2071): 日志批量上报 进行正常循环 !!!!!!本次有0次请求,共0条数据
06-04 20:49:51.627 I/audio_hw_hal_alsamgr( 491): alsa format =0x1 delay frames =768 total frames=116367360
06-04 20:49:54.087 D/hdmicecd( 501): [CEC]:printCecMsgBuf, msg: 04 83
06-04 20:49:54.089 D/HDMI ( 707): [R]: 04:83
06-04 20:49:54.089 D/hdmicecd( 501): [HdmiCecControl]:getPhysicalAddress, physical addr: 3000, last pa: 3000, ret = 0
06-04 20:49:54.090 D/HDMI ( 707): [S]: 4F:84:30:00:04
06-04 20:49:54.242 D/hdmicecd( 501): [CEC]:printCecMessage, [4 -> f] len: 4, body: 84 30 00 04, result:success
06-04 20:49:54.242 E/IPCThreadState( 501): binder thread pool (1 threads) starved for 151 ms
06-04 20:49:54.361 D/hdmicecd( 501): [CEC]:printCecMsgBuf, msg: 04 83
06-04 20:49:54.363 D/HDMI ( 707): [R]: 04:83
06-04 20:49:54.364 D/hdmicecd( 501): [HdmiCecControl]:getPhysicalAddress, physical addr: 3000, last pa: 3000, ret = 0
06-04 20:49:54.364 D/HDMI ( 707): [S]: 4F:84:30:00:04
06-04 20:49:54.522 D/hdmicecd( 501): [CEC]:printCecMessage, [4 -> f] len: 4, body: 84 30 00 04, result:success
06-04 20:49:54.522 E/IPCThreadState( 501): binder thread pool (1 threads) starved for 158 ms
06-04 20:49:54.637 D/hdmicecd( 501): [CEC]:printCecMsgBuf, msg: 04 83
06-04 20:49:54.638 D/HDMI ( 707): [R]: 04:83
06-04 20:49:54.639 D/hdmicecd( 501): [HdmiCecControl]:getPhysicalAddress, physical addr: 3000, last pa: 3000, ret = 0
06-04 20:49:54.640 D/HDMI ( 707): [S]: 4F:84:30:00:04
06-04 20:49:54.794 D/hdmicecd( 501): [CEC]:printCecMessage, [4 -> f] len: 4, body: 84 30 00 04, result:success
06-04 20:49:54.794 E/IPCThreadState( 501): binder thread pool (1 threads) starved for 154 ms
06-04 20:49:54.913 D/hdmicecd( 501): [CEC]:printCecMsgBuf, msg: 04 46
06-04 20:49:54.913 D/hdmicecd( 501): [CMsgQueue]:sendmsg now = 2439926 msg[0] when = 2440926
06-04 20:49:54.915 D/HDMI ( 707): [R]: 04:46
06-04 20:49:54.916 D/HDMI ( 707): [S]: 40:47:44:42:42:4F:58:2D:41:33
06-04 20:49:54.916 D/hdmicecd( 501): [CMsgQueue]:msg size is 0, break
06-04 20:49:55.192 D/hdmicecd( 501): [CEC]:printCecMessage, [4 -> 0] len: 9, body: 47 44 42 42 4f 58 2d 41 33, result:success
06-04 20:49:55.192 E/IPCThreadState( 501): binder thread pool (1 threads) starved for 276 ms
06-04 20:49:55.622 D/hdmicecd( 501): [CEC]:printCecMsgBuf, msg: 04 8c
06-04 20:49:55.623 D/HDMI ( 707): [R]: 04:8C
06-04 20:49:55.623 D/hdmicecd( 501): [HdmiCecControl]:getVendorId, vendorId: 0x1CA410
06-04 20:49:55.624 D/HDMI ( 707): [S]: 4F:87:1C:A4:10
06-04 20:49:55.778 D/hdmicecd( 501): [CEC]:printCecMessage, [4 -> f] len: 4, body: 87 1c a4 10, result:success
06-04 20:49:55.778 E/IPCThreadState( 501): binder thread pool (1 threads) starved for 153 ms
06-04 20:49:59.875 D/WanClient( 1349): sendHeartMessage
06-04 20:49:59.876 D/WanClient( 1349): -----final------sendMessage: {"type":"2bKPMh2jwmQ="}
06-04 20:49:59.886 D/WanClient( 1349): onMessage:Thread[WebSocketConnectReadThread-71,5,main]--{"msg":"+MSejyjwlbc="}
06-04 20:49:59.889 D/WanClient( 1349): onMessageReceived:Thread[WebSocketConnectReadThread-71,5,main] {"msg":"+MSejyjwlbc="}
06-04 20:49:59.889 D/WanClient( 1349): type: null
06-04 20:49:59.889 D/WanClient( 1349): send:HB7FxtN64oc=
06-04 20:49:59.889 D/WanClient( 1349): leave:uQ3qCmhm4oA=
06-04 20:49:59.889 D/WanClient( 1349): join:7EsoetslBbs=
06-04 20:49:59.889 D/WanClient( 1349): ITtylgY8LAxdmHmRQSo49Q==
06-04 20:50:00.174 D/hdmicecd( 501): [CEC]:printCecMsgBuf, msg: 04 83
06-04 20:50:00.175 D/HDMI ( 707): [R]: 04:83
06-04 20:50:00.176 D/hdmicecd( 501): [HdmiCecControl]:getPhysicalAddress, physical addr: 3000, last pa: 3000, ret = 0
06-04 20:50:00.177 D/HDMI ( 707): [S]: 4F:84:30:00:04
06-04 20:50:00.330 D/hdmicecd( 501): [CEC]:printCecMessage, [4 -> f] len: 4, body: 84 30 00 04, result:success
06-04 20:50:00.330 E/IPCThreadState( 501): binder thread pool (1 threads) starved for 153 ms
06-04 20:50:00.449 D/hdmicecd( 501): [CEC]:printCecMsgBuf, msg: 04 83
06-04 20:50:00.450 D/HDMI ( 707): [R]: 04:83
06-04 20:50:00.451 D/hdmicecd( 501): [HdmiCecControl]:getPhysicalAddress, physical addr: 3000, last pa: 3000, ret = 0
06-04 20:50:00.452 D/HDMI ( 707): [S]: 4F:84:30:00:04
06-04 20:50:00.610 D/hdmicecd( 501): [CEC]:printCecMessage, [4 -> f] len: 4, body: 84 30 00 04, result:success
06-04 20:50:00.610 E/IPCThreadState( 501): binder thread pool (1 threads) starved for 158 ms
06-04 20:50:00.726 D/hdmicecd( 501): [CEC]:printCecMsgBuf, msg: 04 46
06-04 20:50:00.726 D/hdmicecd( 501): [CMsgQueue]:sendmsg now = 2445738 msg[0] when = 2446738
06-04 20:50:00.727 D/HDMI ( 707): [R]: 04:46
06-04 20:50:00.728 D/HDMI ( 707): [S]: 40:47:44:42:42:4F:58:2D:41:33
06-04 20:50:00.730 D/hdmicecd( 501): [CMsgQueue]:msg size is 0, break
06-04 20:50:01.004 D/hdmicecd( 501): [CEC]:printCecMessage, [4 -> 0] len: 9, body: 47 44 42 42 4f 58 2d 41 33, result:success
