06-04 20:45:03.685 I/VDA ( 497): [0##41]"ImportDynamicCaptureBufferForPictureTask fd=56, index=8\n"" {IN=0/8, OUT=5/9[kAtAccelerator(1) kAtDevice(3) kAtClient(5)]}"
06-04 20:45:03.686 I/mali_gralloc( 264): am_gralloc_get_uvm_decoder_para: parameters:[slot_id=0,w*h(1920*1088),w_align=64,h_align=64,size=0]
06-04 20:45:03.686 I/mali_gralloc( 264): am_gralloc_get_uvm_decoder_para: parameters:[slot_id=0,w*h(1920*1088),w_align=64,h_align=64,size=0]
06-04 20:45:03.687 I/C2VdecBlockPoolUtil( 497): Fetch the new block(ino:41734 fd:120 dup fd:123 id:9) and append.
06-04 20:45:03.687 I/V4l2Adaptor( 497): importBufferForPicture pictureBufferId 9, dmabufFd 124, metaFd -1
06-04 20:45:03.687 I/C2VdecComponent( 497): [0##41]"Update dequeue buffer num: 13 -> 5 out delay buffer margin:0"
06-04 20:45:03.687 I/V4l2Adaptor( 497): onImportBufferForPicture pictureBufferId 9, dmabufFd 124, metaFd -1, plane size 1
06-04 20:45:03.687 I/V4l2Adaptor( 497): onImportBufferForPicture addr 0x0, stride 0, offset 0, size 0
06-04 20:45:03.687 I/VDA ( 497): [0##41]"ImportDynamicCaptureBufferForPictureTask fd=124, index=9\n"" {IN=0/8, OUT=5/10[kAtAccelerator(1) kAtDevice(4) kAtClient(5)]}"
06-04 20:45:03.688 D/Codec2-OutputBufferQueue( 7501): set max dequeue count 12 from update
06-04 20:45:03.688 I/C2VdecDequeueThreadUtil( 497): [0##41]"StartRunDequeueTask task loop:1 alloc loop:0 duration:33333 minfetchinterval:8333"
06-04 20:45:03.688 I/C2VdecComponentIntfImpl( 497): [10##0]config picture w:1920 h:1080
06-04 20:45:03.688 I/C2VdecDequeueThreadUtil( 497): debug.vendor.media.c2.vdec.priority is not set used def = 0
06-04 20:45:03.688 I/mali_gralloc( 264): am_gralloc_get_uvm_decoder_para: parameters:[slot_id=0,w*h(1920*1088),w_align=64,h_align=64,size=0]
06-04 20:45:03.689 I/mali_gralloc( 264): am_gralloc_get_uvm_decoder_para: parameters:[slot_id=0,w*h(1920*1088),w_align=64,h_align=64,size=0]
06-04 20:45:03.689 I/C2VdecComponent( 497): video size changed
06-04 20:45:03.692 I/C2VdecBlockPoolUtil( 497): Fetch the new block(ino:41736 fd:40 dup fd:126 id:10) and append.
06-04 20:45:03.693 D/CCodecConfig( 7501): c2 config diff is c2::u32 raw.color.matrix = 1
06-04 20:45:03.693 D/CCodecConfig( 7501): c2::u32 raw.color.primaries = 1
06-04 20:45:03.693 D/CCodecConfig( 7501): c2::u32 raw.color.range = 2
06-04 20:45:03.693 D/CCodecConfig( 7501): c2::u32 raw.color.transfer = 3
06-04 20:45:03.693 D/CCodecConfig( 7501): c2::u32 raw.crop.height = 1080
06-04 20:45:03.693 D/CCodecConfig( 7501): c2::u32 raw.crop.left = 0
06-04 20:45:03.693 D/CCodecConfig( 7501): c2::u32 raw.crop.top = 0
06-04 20:45:03.693 D/CCodecConfig( 7501): c2::u32 raw.crop.width = 1920
06-04 20:45:03.693 I/V4l2Adaptor( 497): importBufferForPicture pictureBufferId 10, dmabufFd 16, metaFd -1
06-04 20:45:03.693 I/V4l2Adaptor( 497): onImportBufferForPicture pictureBufferId 10, dmabufFd 16, metaFd -1, plane size 1
06-04 20:45:03.693 I/V4l2Adaptor( 497): onImportBufferForPicture addr 0x0, stride 0, offset 0, size 0
06-04 20:45:03.693 I/VDA ( 497): [0##41]"ImportDynamicCaptureBufferForPictureTask fd=16, index=10\n"" {IN=0/8, OUT=6/11[kAtAccelerator(1) kAtDevice(4) kAtClient(6)]}"
06-04 20:45:03.694 I/mali_gralloc( 264): am_gralloc_get_uvm_decoder_para: parameters:[slot_id=0,w*h(1920*1088),w_align=64,h_align=64,size=0]
06-04 20:45:03.694 I/mali_gralloc( 264): am_gralloc_get_uvm_decoder_para: parameters:[slot_id=0,w*h(1920*1088),w_align=64,h_align=64,size=0]
06-04 20:45:03.697 I/void Player::setState(PLAYER_STATE)( 7501): state changed newState: 3 oldState: 2
06-04 20:45:03.697 D/LeradPlayer( 7501): player newState: 3 oldState: 2
06-04 20:45:03.698 I/C2VdecBlockPoolUtil( 497): Fetch the new block(ino:41739 fd:131 dup fd:134 id:11) and append.
06-04 20:45:03.698 I/V4l2Adaptor( 497): importBufferForPicture pictureBufferId 11, dmabufFd 137, metaFd -1
06-04 20:45:03.698 I/V4l2Adaptor( 497): onImportBufferForPicture pictureBufferId 11, dmabufFd 137, metaFd -1, plane size 1
06-04 20:45:03.698 I/V4l2Adaptor( 497): onImportBufferForPicture addr 0x0, stride 0, offset 0, size 0
06-04 20:45:03.700 I/mali_gralloc( 264): am_gralloc_get_uvm_decoder_para: parameters:[slot_id=0,w*h(1920*1088),w_align=64,h_align=64,size=0]
06-04 20:45:03.701 I/mali_gralloc( 264): am_gralloc_get_uvm_decoder_para: parameters:[slot_id=0,w*h(1920*1088),w_align=64,h_align=64,size=0]
06-04 20:45:03.703 I/VDA ( 497): [0##41]"ImportDynamicCaptureBufferForPictureTask fd=137, index=11\n"" {IN=1/8, OUT=7/12[kAtAccelerator(1) kAtDevice(4) kAtClient(7)]}"
06-04 20:45:03.706 I/C2VdecBlockPoolUtil( 497): Fetch the new block(ino:41743 fd:150 dup fd:153 id:12) and append.
06-04 20:45:03.706 I/V4l2Adaptor( 497): importBufferForPicture pictureBufferId 12, dmabufFd 147, metaFd -1
06-04 20:45:03.706 I/V4l2Adaptor( 497): onImportBufferForPicture pictureBufferId 12, dmabufFd 147, metaFd -1, plane size 1
06-04 20:45:03.707 I/V4l2Adaptor( 497): onImportBufferForPicture addr 0x0, stride 0, offset 0, size 0
06-04 20:45:03.709 I/VDA ( 497): [0##41]"ImportDynamicCaptureBufferForPictureTask fd=147, index=12\n"" {IN=3/8, OUT=7/13[kAtAccelerator(1) kAtDevice(5) kAtClient(7)]}"
06-04 20:45:03.717 E/Scheduler( 265): trackPendingFrame: Invalid present fence
06-04 20:45:03.734 E/Scheduler( 265): trackPendingFrame: Invalid present fence
06-04 20:45:03.750 E/Scheduler( 265): trackPendingFrame: Invalid present fence
06-04 20:45:03.767 E/Scheduler( 265): trackPendingFrame: Invalid present fence
06-04 20:45:03.801 E/Scheduler( 265): trackPendingFrame: Invalid present fence
06-04 20:45:03.834 E/Scheduler( 265): trackPendingFrame: Invalid present fence
06-04 20:45:03.868 E/Scheduler( 265): trackPendingFrame: Invalid present fence
06-04 20:45:03.901 E/Scheduler( 265): trackPendingFrame: Invalid present fence
06-04 20:45:03.934 E/Scheduler( 265): trackPendingFrame: Invalid present fence
06-04 20:45:03.952 I/WifiHAL ( 524): call wifi_get_link_stats handler
06-04 20:45:03.952 I/WifiHAL ( 524): Creating message to get link statistics; iface = 16
06-04 20:45:03.952 D/WifiHAL ( 524): error code -95 mapped to -3
06-04 20:45:03.953 E/WifiStaIfaceAidlImpl( 707): getLinkLayerStats failed with service-specific exception: android.os.ServiceSpecificException: (code 4)
06-04 20:45:03.967 E/Scheduler( 265): trackPendingFrame: Invalid present fence
06-04 20:45:04.001 E/Scheduler( 265): trackPendingFrame: Invalid present fence
06-04 20:45:04.034 E/Scheduler( 265): trackPendingFrame: Invalid present fence
06-04 20:45:04.067 E/Scheduler( 265): trackPendingFrame: Invalid present fence
06-04 20:45:04.101 E/Scheduler( 265): trackPendingFrame: Invalid present fence
06-04 20:45:04.134 E/Scheduler( 265): trackPendingFrame: Invalid present fence
06-04 20:45:04.168 E/Scheduler( 265): trackPendingFrame: Invalid present fence
06-04 20:45:04.201 E/Scheduler( 265): trackPendingFrame: Invalid present fence
06-04 20:45:04.234 E/Scheduler( 265): trackPendingFrame: Invalid present fence
06-04 20:45:04.268 E/Scheduler( 265): trackPendingFrame: Invalid present fence
06-04 20:45:04.301 E/Scheduler( 265): trackPendingFrame: Invalid present fence
06-04 20:45:04.335 E/Scheduler( 265): trackPendingFrame: Invalid present fence
06-04 20:45:04.368 E/Scheduler( 265): trackPendingFrame: Invalid present fence
06-04 20:45:04.401 E/Scheduler( 265): trackPendingFrame: Invalid present fence
06-04 20:45:04.435 E/Scheduler( 265): trackPendingFrame: Invalid present fence
06-04 20:45:04.468 E/Scheduler( 265): trackPendingFrame: Invalid present fence
06-04 20:45:04.501 E/Scheduler( 265): trackPendingFrame: Invalid present fence
06-04 20:45:04.535 E/Scheduler( 265): trackPendingFrame: Invalid present fence
06-04 20:45:04.568 E/Scheduler( 265): trackPendingFrame: Invalid present fence
06-04 20:45:04.602 E/Scheduler( 265): trackPendingFrame: Invalid present fence
06-04 20:45:04.636 E/Scheduler( 265): trackPendingFrame: Invalid present fence
06-04 20:45:04.637 I/VDA ( 497): [0##41]"ServiceDeviceTask INs=41/47, OUTs=39/43"" {IN=6/8, OUT=9/13[kAtAccelerator(0) kAtDevice(4) kAtClient(9)]}"
06-04 20:45:04.669 E/Scheduler( 265): trackPendingFrame: Invalid present fence
06-04 20:45:04.703 E/Scheduler( 265): trackPendingFrame: Invalid present fence
06-04 20:45:04.736 E/Scheduler( 265): trackPendingFrame: Invalid present fence
06-04 20:45:04.768 E/Scheduler( 265): trackPendingFrame: Invalid present fence
06-04 20:45:04.802 E/Scheduler( 265): trackPendingFrame: Invalid present fence
06-04 20:45:04.835 E/Scheduler( 265): trackPendingFrame: Invalid present fence
06-04 20:45:04.869 E/Scheduler( 265): trackPendingFrame: Invalid present fence
06-04 20:45:04.902 E/Scheduler( 265): trackPendingFrame: Invalid present fence
06-04 20:45:04.935 E/Scheduler( 265): trackPendingFrame: Invalid present fence
06-04 20:45:04.968 E/Scheduler( 265): trackPendingFrame: Invalid present fence
06-04 20:45:05.002 E/Scheduler( 265): trackPendingFrame: Invalid present fence
06-04 20:45:05.035 E/Scheduler( 265): trackPendingFrame: Invalid present fence
06-04 20:45:05.069 E/Scheduler( 265): trackPendingFrame: Invalid present fence
06-04 20:45:05.102 E/Scheduler( 265): trackPendingFrame: Invalid present fence
06-04 20:45:05.135 E/Scheduler( 265): trackPendingFrame: Invalid present fence
06-04 20:45:05.169 E/Scheduler( 265): trackPendingFrame: Invalid present fence
06-04 20:45:05.202 E/Scheduler( 265): trackPendingFrame: Invalid present fence
06-04 20:45:05.235 E/Scheduler( 265): trackPendingFrame: Invalid present fence
06-04 20:45:05.269 E/Scheduler( 265): trackPendingFrame: Invalid present fence
06-04 20:45:05.302 E/Scheduler( 265): trackPendingFrame: Invalid present fence
06-04 20:45:05.336 E/Scheduler( 265): trackPendingFrame: Invalid present fence
06-04 20:45:05.369 E/Scheduler( 265): trackPendingFrame: Invalid present fence
06-04 20:45:05.402 E/Scheduler( 265): trackPendingFrame: Invalid present fence
06-04 20:45:05.436 E/Scheduler( 265): trackPendingFrame: Invalid present fence
06-04 20:45:05.469 E/Scheduler( 265): trackPendingFrame: Invalid present fence
06-04 20:45:05.503 E/Scheduler( 265): trackPendingFrame: Invalid present fence
06-04 20:45:05.536 E/Scheduler( 265): trackPendingFrame: Invalid present fence
06-04 20:45:05.569 E/Scheduler( 265): trackPendingFrame: Invalid present fence
06-04 20:45:05.603 E/Scheduler( 265): trackPendingFrame: Invalid present fence
06-04 20:45:05.636 E/Scheduler( 265): trackPendingFrame: Invalid present fence
06-04 20:45:05.662 I/VDA ( 497): [0##41]"ServiceDeviceTask INs=72/79, OUTs=69/74"" {IN=7/8, OUT=8/13[kAtAccelerator(0) kAtDevice(5) kAtClient(8)]}"
06-04 20:45:05.669 E/Scheduler( 265): trackPendingFrame: Invalid present fence
06-04 20:45:05.702 E/Scheduler( 265): trackPendingFrame: Invalid present fence
06-04 20:45:05.736 E/Scheduler( 265): trackPendingFrame: Invalid present fence
06-04 20:45:05.769 E/Scheduler( 265): trackPendingFrame: Invalid present fence
06-04 20:45:05.803 E/Scheduler( 265): trackPendingFrame: Invalid present fence
06-04 20:45:05.836 E/Scheduler( 265): trackPendingFrame: Invalid present fence
06-04 20:45:05.870 E/Scheduler( 265): trackPendingFrame: Invalid present fence
06-04 20:45:05.903 E/Scheduler( 265): trackPendingFrame: Invalid present fence
06-04 20:45:05.936 E/Scheduler( 265): trackPendingFrame: Invalid present fence
06-04 20:45:05.970 E/Scheduler( 265): trackPendingFrame: Invalid present fence
06-04 20:45:06.004 E/Scheduler( 265): trackPendingFrame: Invalid present fence
06-04 20:45:06.037 E/Scheduler( 265): trackPendingFrame: Invalid present fence
06-04 20:45:06.070 E/Scheduler( 265): trackPendingFrame: Invalid present fence
06-04 20:45:06.103 E/Scheduler( 265): trackPendingFrame: Invalid present fence
06-04 20:45:06.109 I/virtual Data FFDemuxer::read()( 7501): read frame ret: End of file latestReceivedTime: 155760 getTotalTimeMillis: 6666 is exit: 0
06-04 20:45:06.109 I/virtual Data FFDemuxer::read()( 7501): list smooth loop
06-04 20:45:06.115 I/virtual StreamInfo FFDemuxer::getVideoStreamInfo()( 7501): video width: 1920 video height: 1080 video pixelFormat: 0 fps: 30
06-04 20:45:06.115 D/virtual Data FFDemuxer::read()( 7501): open next url: /data/user/0/com.dangbei.lerad.screensaver/files/download/61/city_1.mp4
06-04 20:45:06.136 E/Scheduler( 265): trackPendingFrame: Invalid present fence
06-04 20:45:06.170 E/Scheduler( 265): trackPendingFrame: Invalid present fence
06-04 20:45:06.203 E/Scheduler( 265): trackPendingFrame: Invalid present fence
06-04 20:45:06.237 E/Scheduler( 265): trackPendingFrame: Invalid present fence
06-04 20:45:06.270 E/Scheduler( 265): trackPendingFrame: Invalid present fence
06-04 20:45:06.304 E/Scheduler( 265): trackPendingFrame: Invalid present fence
06-04 20:45:06.337 E/Scheduler( 265): trackPendingFrame: Invalid present fence
06-04 20:45:06.370 E/Scheduler( 265): trackPendingFrame: Invalid present fence
06-04 20:45:06.403 E/Scheduler( 265): trackPendingFrame: Invalid present fence
06-04 20:45:06.437 E/Scheduler( 265): trackPendingFrame: Invalid present fence
06-04 20:45:06.470 E/Scheduler( 265): trackPendingFrame: Invalid present fence
06-04 20:45:06.504 E/Scheduler( 265): trackPendingFrame: Invalid present fence
06-04 20:45:06.537 E/Scheduler( 265): trackPendingFrame: Invalid present fence
06-04 20:45:06.570 E/Scheduler( 265): trackPendingFrame: Invalid present fence
06-04 20:45:06.603 E/Scheduler( 265): trackPendingFrame: Invalid present fence
06-04 20:45:06.637 E/Scheduler( 265): trackPendingFrame: Invalid present fence
06-04 20:45:06.670 E/Scheduler( 265): trackPendingFrame: Invalid present fence
06-04 20:45:06.692 I/VDA ( 497): [0##41]"ServiceDeviceTask INs=104/111, OUTs=101/105"" {IN=7/8, OUT=9/13[kAtAccelerator(0) kAtDevice(4) kAtClient(9)]}"
06-04 20:45:06.704 E/Scheduler( 265): trackPendingFrame: Invalid present fence
06-04 20:45:06.737 E/Scheduler( 265): trackPendingFrame: Invalid present fence
06-04 20:45:06.770 E/Scheduler( 265): trackPendingFrame: Invalid present fence
06-04 20:45:06.804 E/Scheduler( 265): trackPendingFrame: Invalid present fence
06-04 20:45:06.837 E/Scheduler( 265): trackPendingFrame: Invalid present fence
06-04 20:45:06.865 D/BufferPoolAccessor2.0( 7501): bufferpool2 0xe4143088 : 0(0 size) total buffers - 0(0 size) used buffers - 0/9 (recycle/alloc) - 9/2126 (fetch/transfer)
06-04 20:45:06.865 D/BufferPoolAccessor2.0( 7501): evictor expired: 1, evicted: 1
06-04 20:45:06.871 E/Scheduler( 265): trackPendingFrame: Invalid present fence
06-04 20:45:06.904 E/Scheduler( 265): trackPendingFrame: Invalid present fence
06-04 20:45:06.937 E/Scheduler( 265): trackPendingFrame: Invalid present fence
06-04 20:45:06.959 I/WifiHAL ( 524): call wifi_get_link_stats handler
06-04 20:45:06.959 I/WifiHAL ( 524): Creating message to get link statistics; iface = 16
06-04 20:45:06.959 D/WifiHAL ( 524): error code -95 mapped to -3
06-04 20:45:06.960 E/WifiStaIfaceAidlImpl( 707): getLinkLayerStats failed with service-specific exception: android.os.ServiceSpecificException: (code 4)
06-04 20:45:06.970 E/Scheduler( 265): trackPendingFrame: Invalid present fence
06-04 20:45:07.004 E/Scheduler( 265): trackPendingFrame: Invalid present fence
06-04 20:45:07.037 E/Scheduler( 265): trackPendingFrame: Invalid present fence
06-04 20:45:07.071 E/Scheduler( 265): trackPendingFrame: Invalid present fence
06-04 20:45:07.104 E/Scheduler( 265): trackPendingFrame: Invalid present fence
06-04 20:45:07.137 E/Scheduler( 265): trackPendingFrame: Invalid present fence
06-04 20:45:07.171 E/Scheduler( 265): trackPendingFrame: Invalid present fence
06-04 20:45:07.205 E/Scheduler( 265): trackPendingFrame: Invalid present fence
06-04 20:45:07.238 E/Scheduler( 265): trackPendingFrame: Invalid present fence
06-04 20:45:07.271 E/Scheduler( 265): trackPendingFrame: Invalid present fence
06-04 20:45:07.304 E/Scheduler( 265): trackPendingFrame: Invalid present fence
06-04 20:45:07.337 E/Scheduler( 265): trackPendingFrame: Invalid present fence
06-04 20:45:07.371 E/Scheduler( 265): trackPendingFrame: Invalid present fence
06-04 20:45:07.404 E/Scheduler( 265): trackPendingFrame: Invalid present fence
06-04 20:45:07.438 E/Scheduler( 265): trackPendingFrame: Invalid present fence
06-04 20:45:07.471 E/Scheduler( 265): trackPendingFrame: Invalid present fence
06-04 20:45:07.505 E/Scheduler( 265): trackPendingFrame: Invalid present fence
06-04 20:45:07.521 E/Scheduler( 265): trackPendingFrame: Invalid present fence
06-04 20:45:07.554 E/Scheduler( 265): trackPendingFrame: Invalid present fence
06-04 20:45:07.605 E/Scheduler( 265): trackPendingFrame: Invalid present fence
06-04 20:45:07.638 E/Scheduler( 265): trackPendingFrame: Invalid present fence
06-04 20:45:07.671 E/Scheduler( 265): trackPendingFrame: Invalid present fence
06-04 20:45:07.689 E/Scheduler( 265): trackPendingFrame: Invalid present fence
06-04 20:45:07.721 E/Scheduler( 265): trackPendingFrame: Invalid present fence
06-04 20:45:07.722 I/VDA ( 497): [0##41]"ServiceDeviceTask INs=134/141, OUTs=132/136"" {IN=7/8, OUT=9/13[kAtAccelerator(0) kAtDevice(4) kAtClient(9)]}"
06-04 20:45:07.755 E/Scheduler( 265): trackPendingFrame: Invalid present fence
06-04 20:45:07.805 E/Scheduler( 265): trackPendingFrame: Invalid present fence
06-04 20:45:07.822 E/Scheduler( 265): trackPendingFrame: Invalid present fence
06-04 20:45:07.872 E/Scheduler( 265): trackPendingFrame: Invalid present fence
06-04 20:45:07.888 E/Scheduler( 265): trackPendingFrame: Invalid present fence
06-04 20:45:07.922 E/Scheduler( 265): trackPendingFrame: Invalid present fence
06-04 20:45:07.955 E/Scheduler( 265): trackPendingFrame: Invalid present fence
06-04 20:45:07.988 E/Scheduler( 265): trackPendingFrame: Invalid present fence
06-04 20:45:08.022 E/Scheduler( 265): trackPendingFrame: Invalid present fence
06-04 20:45:08.071 E/Scheduler( 265): trackPendingFrame: Invalid present fence
06-04 20:45:08.105 E/Scheduler( 265): trackPendingFrame: Invalid present fence
06-04 20:45:08.138 E/Scheduler( 265): trackPendingFrame: Invalid present fence
06-04 20:45:08.172 E/Scheduler( 265): trackPendingFrame: Invalid present fence
06-04 20:45:08.205 E/Scheduler( 265): trackPendingFrame: Invalid present fence
06-04 20:45:08.239 E/Scheduler( 265): trackPendingFrame: Invalid present fence
06-04 20:45:08.272 E/Scheduler( 265): trackPendingFrame: Invalid present fence
06-04 20:45:08.305 E/Scheduler( 265): trackPendingFrame: Invalid present fence
06-04 20:45:08.322 E/Scheduler( 265): trackPendingFrame: Invalid present fence
06-04 20:45:08.372 E/Scheduler( 265): trackPendingFrame: Invalid present fence
06-04 20:45:08.388 E/Scheduler( 265): trackPendingFrame: Invalid present fence
06-04 20:45:08.439 E/Scheduler( 265): trackPendingFrame: Invalid present fence
06-04 20:45:08.472 E/Scheduler( 265): trackPendingFrame: Invalid present fence
06-04 20:45:08.505 I/DebugUtil( 497): [0##41]in/out status {INS/OUTS=165(1)/154(0)}, pipeline status {IN=8/8, OUT=7/13[Component(0) Accelerator(6) Client(7)]}
06-04 20:45:08.506 E/Scheduler( 265): trackPendingFrame: Invalid present fence
06-04 20:45:08.522 E/Scheduler( 265): trackPendingFrame: Invalid present fence
06-04 20:45:08.572 E/Scheduler( 265): trackPendingFrame: Invalid present fence
06-04 20:45:08.589 E/Scheduler( 265): trackPendingFrame: Invalid present fence
06-04 20:45:08.622 E/Scheduler( 265): trackPendingFrame: Invalid present fence
06-04 20:45:08.656 E/Scheduler( 265): trackPendingFrame: Invalid present fence
06-04 20:45:08.706 E/Scheduler( 265): trackPendingFrame: Invalid present fence
06-04 20:45:08.715 D/BufferPoolAccessor2.0( 7501): bufferpool2 0xe417aee8 : 9(14155776 size) total buffers - 8(12582912 size) used buffers - 0/9 (recycle/alloc) - 9/172 (fetch/transfer)
06-04 20:45:08.722 E/Scheduler( 265): trackPendingFrame: Invalid present fence
06-04 20:45:08.747 I/VDA ( 497): [0##41]"ServiceDeviceTask INs=165/172, OUTs=162/167"" {IN=7/8, OUT=8/13[kAtAccelerator(0) kAtDevice(5) kAtClient(8)]}"
06-04 20:45:08.755 E/Scheduler( 265): trackPendingFrame: Invalid present fence
06-04 20:45:08.789 E/Scheduler( 265): trackPendingFrame: Invalid present fence
06-04 20:45:08.822 E/Scheduler( 265): trackPendingFrame: Invalid present fence
06-04 20:45:08.866 D/BufferPoolAccessor2.0( 7501): evictor expired: 2, evicted: 1
06-04 20:45:08.873 E/Scheduler( 265): trackPendingFrame: Invalid present fence
06-04 20:45:08.889 E/Scheduler( 265): trackPendingFrame: Invalid present fence
06-04 20:45:08.922 E/Scheduler( 265): trackPendingFrame: Invalid present fence
06-04 20:45:08.973 E/Scheduler( 265): trackPendingFrame: Invalid present fence
06-04 20:45:08.990 E/Scheduler( 265): trackPendingFrame: Invalid present fence
06-04 20:45:09.039 E/Scheduler( 265): trackPendingFrame: Invalid present fence
06-04 20:45:09.057 E/Scheduler( 265): trackPendingFrame: Invalid present fence
06-04 20:45:09.089 E/Scheduler( 265): trackPendingFrame: Invalid present fence
06-04 20:45:09.124 E/Scheduler( 265): trackPendingFrame: Invalid present fence
06-04 20:45:09.156 E/Scheduler( 265): trackPendingFrame: Invalid present fence
06-04 20:45:09.189 E/Scheduler( 265): trackPendingFrame: Invalid present fence
06-04 20:45:09.223 E/Scheduler( 265): trackPendingFrame: Invalid present fence
06-04 20:45:09.256 E/Scheduler( 265): trackPendingFrame: Invalid present fence
06-04 20:45:09.289 E/Scheduler( 265): trackPendingFrame: Invalid present fence
06-04 20:45:09.323 E/Scheduler( 265): trackPendingFrame: Invalid present fence
06-04 20:45:09.356 E/Scheduler( 265): trackPendingFrame: Invalid present fence
06-04 20:45:09.389 E/Scheduler( 265): trackPendingFrame: Invalid present fence
06-04 20:45:09.423 E/Scheduler( 265): trackPendingFrame: Invalid present fence
06-04 20:45:09.456 E/Scheduler( 265): trackPendingFrame: Invalid present fence
06-04 20:45:09.490 E/Scheduler( 265): trackPendingFrame: Invalid present fence
06-04 20:45:09.523 E/Scheduler( 265): trackPendingFrame: Invalid present fence
06-04 20:45:09.573 E/Scheduler( 265): trackPendingFrame: Invalid present fence
06-04 20:45:09.590 E/Scheduler( 265): trackPendingFrame: Invalid present fence
06-04 20:45:09.623 E/Scheduler( 265): trackPendingFrame: Invalid present fence
06-04 20:45:09.656 E/Scheduler( 265): trackPendingFrame: Invalid present fence
06-04 20:45:09.689 E/Scheduler( 265): trackPendingFrame: Invalid present fence
06-04 20:45:09.741 E/Scheduler( 265): trackPendingFrame: Invalid present fence
06-04 20:45:09.756 E/Scheduler( 265): trackPendingFrame: Invalid present fence
06-04 20:45:09.772 I/VDA ( 497): [0##41]"ServiceDeviceTask INs=196/203, OUTs=194/197"" {IN=7/8, OUT=10/13[kAtAccelerator(0) kAtDevice(3) kAtClient(10)]}"
06-04 20:45:09.790 E/Scheduler( 265): trackPendingFrame: Invalid present fence
06-04 20:45:09.823 E/Scheduler( 265): trackPendingFrame: Invalid present fence
06-04 20:45:09.857 E/Scheduler( 265): trackPendingFrame: Invalid present fence
06-04 20:45:09.890 E/Scheduler( 265): trackPendingFrame: Invalid present fence
06-04 20:45:09.923 E/Scheduler( 265): trackPendingFrame: Invalid present fence
06-04 20:45:09.957 E/Scheduler( 265): trackPendingFrame: Invalid present fence
06-04 20:45:09.963 I/WifiHAL ( 524): call wifi_get_link_stats handler
06-04 20:45:09.963 I/WifiHAL ( 524): Creating message to get link statistics; iface = 16
06-04 20:45:09.963 D/WifiHAL ( 524): error code -95 mapped to -3
06-04 20:45:09.963 E/WifiStaIfaceAidlImpl( 707): getLinkLayerStats failed with service-specific exception: android.os.ServiceSpecificException: (code 4)
06-04 20:45:09.990 E/Scheduler( 265): trackPendingFrame: Invalid present fence
06-04 20:45:10.023 E/Scheduler( 265): trackPendingFrame: Invalid present fence
06-04 20:45:10.057 E/Scheduler( 265): trackPendingFrame: Invalid present fence
06-04 20:45:10.091 E/Scheduler( 265): trackPendingFrame: Invalid present fence
06-04 20:45:10.123 E/Scheduler( 265): trackPendingFrame: Invalid present fence
06-04 20:45:10.157 E/Scheduler( 265): trackPendingFrame: Invalid present fence
06-04 20:45:10.191 E/Scheduler( 265): trackPendingFrame: Invalid present fence
06-04 20:45:10.224 E/Scheduler( 265): trackPendingFrame: Invalid present fence
06-04 20:45:10.257 E/Scheduler( 265): trackPendingFrame: Invalid present fence
06-04 20:45:10.291 E/Scheduler( 265): trackPendingFrame: Invalid present fence
06-04 20:45:10.324 E/Scheduler( 265): trackPendingFrame: Invalid present fence
06-04 20:45:10.357 E/Scheduler( 265): trackPendingFrame: Invalid present fence
06-04 20:45:10.391 E/Scheduler( 265): trackPendingFrame: Invalid present fence
06-04 20:45:10.424 E/Scheduler( 265): trackPendingFrame: Invalid present fence
06-04 20:45:10.458 E/Scheduler( 265): trackPendingFrame: Invalid present fence
06-04 20:45:10.463 I/virtual void MediaDecoder::run()( 7501): notify decode next url: /data/user/0/com.dangbei.lerad.screensaver/files/download/61/city_2.mp4
06-04 20:45:10.463 E/screen_saver2( 7501): onDecodeNextStream: 1
06-04 20:45:10.464 D/AdManager( 7501): advertisementNum: 9
06-04 20:45:10.491 E/Scheduler( 265): trackPendingFrame: Invalid present fence
06-04 20:45:10.524 E/Scheduler( 265): trackPendingFrame: Invalid present fence
06-04 20:45:10.558 E/Scheduler( 265): trackPendingFrame: Invalid present fence
06-04 20:45:10.592 E/Scheduler( 265): trackPendingFrame: Invalid present fence
06-04 20:45:10.625 E/Scheduler( 265): trackPendingFrame: Invalid present fence
06-04 20:45:10.657 E/Scheduler( 265): trackPendingFrame: Invalid present fence
06-04 20:45:10.691 E/Scheduler( 265): trackPendingFrame: Invalid present fence
06-04 20:45:10.724 E/Scheduler( 265): trackPendingFrame: Invalid present fence
06-04 20:45:10.757 E/Scheduler( 265): trackPendingFrame: Invalid present fence
06-04 20:45:10.791 E/Scheduler( 265): trackPendingFrame: Invalid present fence
06-04 20:45:10.796 I/VDA ( 497): [0##41]"ServiceDeviceTask INs=227/234, OUTs=225/228"" {IN=7/8, OUT=10/13[kAtAccelerator(0) kAtDevice(3) kAtClient(10)]}"
06-04 20:45:10.824 E/Scheduler( 265): trackPendingFrame: Invalid present fence
06-04 20:45:10.858 E/Scheduler( 265): trackPendingFrame: Invalid present fence
06-04 20:45:10.891 E/Scheduler( 265): trackPendingFrame: Invalid present fence
06-04 20:45:10.925 E/Scheduler( 265): trackPendingFrame: Invalid present fence
06-04 20:45:10.958 E/Scheduler( 265): trackPendingFrame: Invalid present fence
06-04 20:45:10.991 E/Scheduler( 265): trackPendingFrame: Invalid present fence
06-04 20:45:11.024 E/Scheduler( 265): trackPendingFrame: Invalid present fence
06-04 20:45:11.058 E/Scheduler( 265): trackPendingFrame: Invalid present fence
06-04 20:45:11.091 E/Scheduler( 265): trackPendingFrame: Invalid present fence
06-04 20:45:11.124 E/Scheduler( 265): trackPendingFrame: Invalid present fence
06-04 20:45:11.158 E/Scheduler( 265): trackPendingFrame: Invalid present fence
06-04 20:45:11.192 E/Scheduler( 265): trackPendingFrame: Invalid present fence
06-04 20:45:11.225 E/Scheduler( 265): trackPendingFrame: Invalid present fence
06-04 20:45:11.258 E/Scheduler( 265): trackPendingFrame: Invalid present fence
06-04 20:45:11.291 E/Scheduler( 265): trackPendingFrame: Invalid present fence
06-04 20:45:11.322 D/UtilLog ( 2071): 日志批量上报 进行正常循环 !!!!!!本次有0次请求,共0条数据
06-04 20:45:11.325 E/Scheduler( 265): trackPendingFrame: Invalid present fence
06-04 20:45:11.358 E/Scheduler( 265): trackPendingFrame: Invalid present fence
06-04 20:45:11.392 E/Scheduler( 265): trackPendingFrame: Invalid present fence
06-04 20:45:11.425 E/Scheduler( 265): trackPendingFrame: Invalid present fence
06-04 20:45:11.458 E/Scheduler( 265): trackPendingFrame: Invalid present fence
06-04 20:45:11.491 E/Scheduler( 265): trackPendingFrame: Invalid present fence
06-04 20:45:11.525 E/Scheduler( 265): trackPendingFrame: Invalid present fence
06-04 20:45:11.558 E/Scheduler( 265): trackPendingFrame: Invalid present fence
06-04 20:45:11.592 E/Scheduler( 265): trackPendingFrame: Invalid present fence
06-04 20:45:11.625 E/Scheduler( 265): trackPendingFrame: Invalid present fence
06-04 20:45:11.658 E/Scheduler( 265): trackPendingFrame: Invalid present fence
06-04 20:45:11.692 E/Scheduler( 265): trackPendingFrame: Invalid present fence
06-04 20:45:11.725 E/Scheduler( 265): trackPendingFrame: Invalid present fence
06-04 20:45:11.759 E/Scheduler( 265): trackPendingFrame: Invalid present fence
06-04 20:45:11.792 E/Scheduler( 265): trackPendingFrame: Invalid present fence
06-04 20:45:11.825 I/VDA ( 497): [0##41]"ServiceDeviceTask INs=258/265, OUTs=256/259"" {IN=7/8, OUT=10/13[kAtAccelerator(0) kAtDevice(3) kAtClient(10)]}"
06-04 20:45:11.825 E/Scheduler( 265): trackPendingFrame: Invalid present fence
06-04 20:45:11.858 E/Scheduler( 265): trackPendingFrame: Invalid present fence
06-04 20:45:11.893 E/Scheduler( 265): trackPendingFrame: Invalid present fence
06-04 20:45:11.926 E/Scheduler( 265): trackPendingFrame: Invalid present fence
06-04 20:45:11.960 E/Scheduler( 265): trackPendingFrame: Invalid present fence
06-04 20:45:11.992 E/Scheduler( 265): trackPendingFrame: Invalid present fence
06-04 20:45:12.026 E/Scheduler( 265): trackPendingFrame: Invalid present fence
06-04 20:45:12.059 E/Scheduler( 265): trackPendingFrame: Invalid present fence
06-04 20:45:12.092 E/Scheduler( 265): trackPendingFrame: Invalid present fence
06-04 20:45:12.126 E/Scheduler( 265): trackPendingFrame: Invalid present fence
06-04 20:45:12.159 E/Scheduler( 265): trackPendingFrame: Invalid present fence
06-04 20:45:12.192 E/Scheduler( 265): trackPendingFrame: Invalid present fence
06-04 20:45:12.226 E/Scheduler( 265): trackPendingFrame: Invalid present fence
06-04 20:45:12.259 E/Scheduler( 265): trackPendingFrame: Invalid present fence
06-04 20:45:12.293 E/Scheduler( 265): trackPendingFrame: Invalid present fence
06-04 20:45:12.326 E/Scheduler( 265): trackPendingFrame: Invalid present fence
06-04 20:45:12.359 E/Scheduler( 265): trackPendingFrame: Invalid present fence
06-04 20:45:12.393 E/Scheduler( 265): trackPendingFrame: Invalid present fence
06-04 20:45:12.426 E/Scheduler( 265): trackPendingFrame: Invalid present fence
06-04 20:45:12.460 E/Scheduler( 265): trackPendingFrame: Invalid present fence
06-04 20:45:12.493 E/Scheduler( 265): trackPendingFrame: Invalid present fence
06-04 20:45:12.526 E/Scheduler( 265): trackPendingFrame: Invalid present fence
06-04 20:45:12.560 E/Scheduler( 265): trackPendingFrame: Invalid present fence
06-04 20:45:12.593 E/Scheduler( 265): trackPendingFrame: Invalid present fence
06-04 20:45:12.626 E/Scheduler( 265): trackPendingFrame: Invalid present fence
06-04 20:45:12.659 E/Scheduler( 265): trackPendingFrame: Invalid present fence
06-04 20:45:12.686 I/virtual Data FFDemuxer::read()( 7501): read frame ret: End of file latestReceivedTime: 163259 getTotalTimeMillis: 7500 is exit: 0
06-04 20:45:12.686 I/virtual Data FFDemuxer::read()( 7501): list smooth loop
06-04 20:45:12.690 I/virtual StreamInfo FFDemuxer::getVideoStreamInfo()( 7501): video width: 1920 video height: 1080 video pixelFormat: 0 fps: 30
06-04 20:45:12.690 D/virtual Data FFDemuxer::read()( 7501): open next url: /data/user/0/com.dangbei.lerad.screensaver/files/download/61/city_2.mp4
06-04 20:45:12.693 E/Scheduler( 265): trackPendingFrame: Invalid present fence
06-04 20:45:12.726 E/Scheduler( 265): trackPendingFrame: Invalid present fence
06-04 20:45:12.760 E/Scheduler( 265): trackPendingFrame: Invalid present fence
06-04 20:45:12.793 E/Scheduler( 265): trackPendingFrame: Invalid present fence
06-04 20:45:12.827 E/Scheduler( 265): trackPendingFrame: Invalid present fence
06-04 20:45:12.854 I/VDA ( 497): [0##41]"ServiceDeviceTask INs=288/295, OUTs=286/290"" {IN=7/8, OUT=9/13[kAtAccelerator(0) kAtDevice(4) kAtClient(9)]}"
06-04 20:45:12.859 E/Scheduler( 265): trackPendingFrame: Invalid present fence
06-04 20:45:12.893 E/Scheduler( 265): trackPendingFrame: Invalid present fence
06-04 20:45:12.926 E/Scheduler( 265): trackPendingFrame: Invalid present fence
06-04 20:45:12.960 E/Scheduler( 265): trackPendingFrame: Invalid present fence
06-04 20:45:12.970 I/WifiHAL ( 524): call wifi_get_link_stats handler
06-04 20:45:12.970 I/WifiHAL ( 524): Creating message to get link statistics; iface = 16
06-04 20:45:12.970 D/WifiHAL ( 524): error code -95 mapped to -3
06-04 20:45:12.971 E/WifiStaIfaceAidlImpl( 707): getLinkLayerStats failed with service-specific exception: android.os.ServiceSpecificException: (code 4)
06-04 20:45:12.993 E/Scheduler( 265): trackPendingFrame: Invalid present fence
06-04 20:45:13.027 E/Scheduler( 265): trackPendingFrame: Invalid present fence
06-04 20:45:13.060 E/Scheduler( 265): trackPendingFrame: Invalid present fence
06-04 20:45:13.093 E/Scheduler( 265): trackPendingFrame: Invalid present fence
06-04 20:45:13.128 E/Scheduler( 265): trackPendingFrame: Invalid present fence
06-04 20:45:13.161 E/Scheduler( 265): trackPendingFrame: Invalid present fence
06-04 20:45:13.193 E/Scheduler( 265): trackPendingFrame: Invalid present fence
06-04 20:45:13.227 E/Scheduler( 265): trackPendingFrame: Invalid present fence
06-04 20:45:13.260 E/Scheduler( 265): trackPendingFrame: Invalid present fence
06-04 20:45:13.294 E/Scheduler( 265): trackPendingFrame: Invalid present fence
06-04 20:45:13.327 E/Scheduler( 265): trackPendingFrame: Invalid present fence
06-04 20:45:13.360 E/Scheduler( 265): trackPendingFrame: Invalid present fence
06-04 20:45:13.394 E/Scheduler( 265): trackPendingFrame: Invalid present fence
06-04 20:45:13.416 I/audio_hw_hal_alsamgr( 491): alsa format =0x1 delay frames =768 total frames=104117760
06-04 20:45:13.427 E/Scheduler( 265): trackPendingFrame: Invalid present fence
06-04 20:45:13.460 E/Scheduler( 265): trackPendingFrame: Invalid present fence
06-04 20:45:13.493 E/Scheduler( 265): trackPendingFrame: Invalid present fence
06-04 20:45:13.505 I/DebugUtil( 497): [0##41]in/out status {INS/OUTS=315(1)/305(0)}, pipeline status {IN=7/8, OUT=9/13[Component(0) Accelerator(4) Client(9)]}
06-04 20:45:13.527 E/Scheduler( 265): trackPendingFrame: Invalid present fence
06-04 20:45:13.560 E/Scheduler( 265): trackPendingFrame: Invalid present fence
06-04 20:45:13.593 E/Scheduler( 265): trackPendingFrame: Invalid present fence
06-04 20:45:13.627 E/Scheduler( 265): trackPendingFrame: Invalid present fence
06-04 20:45:13.661 E/Scheduler( 265): trackPendingFrame: Invalid present fence
06-04 20:45:13.694 E/Scheduler( 265): trackPendingFrame: Invalid present fence
06-04 20:45:13.712 D/PipelineWatcher( 7501): onInputBufferReleased: frameIndex not found (314); ignored
06-04 20:45:13.727 E/Scheduler( 265): trackPendingFrame: Invalid present fence
06-04 20:45:13.761 E/Scheduler( 265): trackPendingFrame: Invalid present fence
06-04 20:45:13.794 E/Scheduler( 265): trackPendingFrame: Invalid present fence
06-04 20:45:13.827 E/Scheduler( 265): trackPendingFrame: Invalid present fence
06-04 20:45:13.861 E/Scheduler( 265): trackPendingFrame: Invalid present fence
06-04 20:45:13.882 I/VDA ( 497): [0##41]"ServiceDeviceTask INs=320/327, OUTs=317/321"" {IN=7/8, OUT=9/13[kAtAccelerator(0) kAtDevice(4) kAtClient(9)]}"
06-04 20:45:13.894 E/Scheduler( 265): trackPendingFrame: Invalid present fence
06-04 20:45:13.928 E/Scheduler( 265): trackPendingFrame: Invalid present fence
06-04 20:45:13.961 E/Scheduler( 265): trackPendingFrame: Invalid present fence
06-04 20:45:13.994 E/Scheduler( 265): trackPendingFrame: Invalid present fence
06-04 20:45:14.028 E/Scheduler( 265): trackPendingFrame: Invalid present fence
06-04 20:45:14.055 D/BufferPoolAccessor2.0( 7501): bufferpool2 0xe417aee8 : 8(12582912 size) total buffers - 8(12582912 size) used buffers - 0/9 (recycle/alloc) - 9/334 (fetch/transfer)
06-04 20:45:14.061 E/Scheduler( 265): trackPendingFrame: Invalid present fence
06-04 20:45:14.094 E/Scheduler( 265): trackPendingFrame: Invalid present fence
06-04 20:45:14.128 E/Scheduler( 265): trackPendingFrame: Invalid present fence
06-04 20:45:14.161 E/Scheduler( 265): trackPendingFrame: Invalid present fence
06-04 20:45:14.194 E/Scheduler( 265): trackPendingFrame: Invalid present fence
06-04 20:45:14.228 E/Scheduler( 265): trackPendingFrame: Invalid present fence
06-04 20:45:14.261 E/Scheduler( 265): trackPendingFrame: Invalid present fence
06-04 20:45:14.294 E/Scheduler( 265): trackPendingFrame: Invalid present fence
06-04 20:45:14.329 E/Scheduler( 265): trackPendingFrame: Invalid present fence
06-04 20:45:14.362 E/Scheduler( 265): trackPendingFrame: Invalid present fence
06-04 20:45:14.395 E/Scheduler( 265): trackPendingFrame: Invalid present fence
06-04 20:45:14.428 E/Scheduler( 265): trackPendingFrame: Invalid present fence
06-04 20:45:14.461 E/Scheduler( 265): trackPendingFrame: Invalid present fence
06-04 20:45:14.495 E/Scheduler( 265): trackPendingFrame: Invalid present fence
06-04 20:45:14.528 E/Scheduler( 265): trackPendingFrame: Invalid present fence
06-04 20:45:14.561 E/Scheduler( 265): trackPendingFrame: Invalid present fence
06-04 20:45:14.595 E/Scheduler( 265): trackPendingFrame: Invalid present fence
06-04 20:45:14.628 E/Scheduler( 265): trackPendingFrame: Invalid present fence
06-04 20:45:14.662 E/Scheduler( 265): trackPendingFrame: Invalid present fence
06-04 20:45:14.695 E/Scheduler( 265): trackPendingFrame: Invalid present fence
06-04 20:45:14.728 E/Scheduler( 265): trackPendingFrame: Invalid present fence
06-04 20:45:14.761 E/Scheduler( 265): trackPendingFrame: Invalid present fence
06-04 20:45:14.795 E/Scheduler( 265): trackPendingFrame: Invalid present fence
06-04 20:45:14.828 E/Scheduler( 265): trackPendingFrame: Invalid present fence
06-04 20:45:14.862 E/Scheduler( 265): trackPendingFrame: Invalid present fence
06-04 20:45:14.895 E/Scheduler( 265): trackPendingFrame: Invalid present fence
06-04 20:45:14.910 I/VDA ( 497): [0##41]"ServiceDeviceTask INs=350/357, OUTs=348/351"" {IN=7/8, OUT=10/13[kAtAccelerator(0) kAtDevice(3) kAtClient(10)]}"
06-04 20:45:14.929 E/Scheduler( 265): trackPendingFrame: Invalid present fence
06-04 20:45:14.962 E/Scheduler( 265): trackPendingFrame: Invalid present fence
06-04 20:45:14.996 E/Scheduler( 265): trackPendingFrame: Invalid present fence
06-04 20:45:15.029 E/Scheduler( 265): trackPendingFrame: Invalid present fence
06-04 20:45:15.062 E/Scheduler( 265): trackPendingFrame: Invalid present fence
06-04 20:45:15.095 E/Scheduler( 265): trackPendingFrame: Invalid present fence
06-04 20:45:15.129 E/Scheduler( 265): trackPendingFrame: Invalid present fence
06-04 20:45:15.162 E/Scheduler( 265): trackPendingFrame: Invalid present fence
06-04 20:45:15.195 E/Scheduler( 265): trackPendingFrame: Invalid present fence
06-04 20:45:15.229 E/Scheduler( 265): trackPendingFrame: Invalid present fence
06-04 20:45:15.262 E/Scheduler( 265): trackPendingFrame: Invalid present fence
06-04 20:45:15.295 E/Scheduler( 265): trackPendingFrame: Invalid present fence
06-04 20:45:15.329 E/Scheduler( 265): trackPendingFrame: Invalid present fence
06-04 20:45:15.362 E/Scheduler( 265): trackPendingFrame: Invalid present fence
06-04 20:45:15.396 E/Scheduler( 265): trackPendingFrame: Invalid present fence
06-04 20:45:15.429 E/Scheduler( 265): trackPendingFrame: Invalid present fence
06-04 20:45:15.462 E/Scheduler( 265): trackPendingFrame: Invalid present fence
06-04 20:45:15.496 E/Scheduler( 265): trackPendingFrame: Invalid present fence
06-04 20:45:15.529 E/Scheduler( 265): trackPendingFrame: Invalid present fence
06-04 20:45:15.563 E/Scheduler( 265): trackPendingFrame: Invalid present fence
06-04 20:45:15.597 E/Scheduler( 265): trackPendingFrame: Invalid present fence
06-04 20:45:15.629 E/Scheduler( 265): trackPendingFrame: Invalid present fence
06-04 20:45:15.663 E/Scheduler( 265): trackPendingFrame: Invalid present fence
06-04 20:45:15.696 E/Scheduler( 265): trackPendingFrame: Invalid present fence
06-04 20:45:15.729 E/Scheduler( 265): trackPendingFrame: Invalid present fence
06-04 20:45:15.762 E/Scheduler( 265): trackPendingFrame: Invalid present fence
06-04 20:45:15.796 E/Scheduler( 265): trackPendingFrame: Invalid present fence
06-04 20:45:15.829 E/Scheduler( 265): trackPendingFrame: Invalid present fence
06-04 20:45:15.862 E/Scheduler( 265): trackPendingFrame: Invalid present fence
06-04 20:45:15.896 E/Scheduler( 265): trackPendingFrame: Invalid present fence
06-04 20:45:15.929 E/Scheduler( 265): trackPendingFrame: Invalid present fence
06-04 20:45:15.963 E/Scheduler( 265): trackPendingFrame: Invalid present fence
06-04 20:45:15.971 I/VDA ( 497): [0##41]"ServiceDeviceTask INs=381/388, OUTs=379/383"" {IN=7/8, OUT=9/13[kAtAccelerator(0) kAtDevice(4) kAtClient(9)]}"
06-04 20:45:15.976 I/WifiHAL ( 524): call wifi_get_link_stats handler
06-04 20:45:15.976 I/WifiHAL ( 524): Creating message to get link statistics; iface = 16
06-04 20:45:15.977 D/WifiHAL ( 524): error code -95 mapped to -3
06-04 20:45:15.980 E/WifiStaIfaceAidlImpl( 707): getLinkLayerStats failed with service-specific exception: android.os.ServiceSpecificException: (code 4)
06-04 20:45:15.996 E/Scheduler( 265): trackPendingFrame: Invalid present fence
06-04 20:45:16.030 E/Scheduler( 265): trackPendingFrame: Invalid present fence
06-04 20:45:16.063 E/Scheduler( 265): trackPendingFrame: Invalid present fence
06-04 20:45:16.097 E/Scheduler( 265): trackPendingFrame: Invalid present fence
06-04 20:45:16.130 E/Scheduler( 265): trackPendingFrame: Invalid present fence
06-04 20:45:16.163 E/Scheduler( 265): trackPendingFrame: Invalid present fence
06-04 20:45:16.196 E/Scheduler( 265): trackPendingFrame: Invalid present fence
06-04 20:45:16.230 E/Scheduler( 265): trackPendingFrame: Invalid present fence
06-04 20:45:16.263 E/Scheduler( 265): trackPendingFrame: Invalid present fence
06-04 20:45:16.297 E/Scheduler( 265): trackPendingFrame: Invalid present fence
06-04 20:45:16.330 E/Scheduler( 265): trackPendingFrame: Invalid present fence
06-04 20:45:16.363 E/Scheduler( 265): trackPendingFrame: Invalid present fence
06-04 20:45:16.397 E/Scheduler( 265): trackPendingFrame: Invalid present fence
06-04 20:45:16.430 E/Scheduler( 265): trackPendingFrame: Invalid present fence
06-04 20:45:16.463 E/Scheduler( 265): trackPendingFrame: Invalid present fence
06-04 20:45:16.497 E/Scheduler( 265): trackPendingFrame: Invalid present fence
06-04 20:45:16.530 E/Scheduler( 265): trackPendingFrame: Invalid present fence
06-04 20:45:16.563 E/Scheduler( 265): trackPendingFrame: Invalid present fence
06-04 20:45:16.597 E/Scheduler( 265): trackPendingFrame: Invalid present fence
06-04 20:45:16.630 E/Scheduler( 265): trackPendingFrame: Invalid present fence
06-04 20:45:16.663 E/Scheduler( 265): trackPendingFrame: Invalid present fence
06-04 20:45:16.697 E/Scheduler( 265): trackPendingFrame: Invalid present fence
06-04 20:45:16.730 E/Scheduler( 265): trackPendingFrame: Invalid present fence
06-04 20:45:16.764 E/Scheduler( 265): trackPendingFrame: Invalid present fence
06-04 20:45:16.797 E/Scheduler( 265): trackPendingFrame: Invalid present fence
06-04 20:45:16.830 E/Scheduler( 265): trackPendingFrame: Invalid present fence
06-04 20:45:16.864 E/Scheduler( 265): trackPendingFrame: Invalid present fence
06-04 20:45:16.897 E/Scheduler( 265): trackPendingFrame: Invalid present fence
06-04 20:45:16.931 E/Scheduler( 265): trackPendingFrame: Invalid present fence
06-04 20:45:16.965 E/Scheduler( 265): trackPendingFrame: Invalid present fence
06-04 20:45:16.998 E/Scheduler( 265): trackPendingFrame: Invalid present fence
06-04 20:45:16.999 I/VDA ( 497): [0##41]"ServiceDeviceTask INs=413/420, OUTs=411/414"" {IN=7/8, OUT=10/13[kAtAccelerator(0) kAtDevice(3) kAtClient(10)]}"
06-04 20:45:17.031 E/Scheduler( 265): trackPendingFrame: Invalid present fence
06-04 20:45:17.064 E/Scheduler( 265): trackPendingFrame: Invalid present fence
06-04 20:45:17.097 E/Scheduler( 265): trackPendingFrame: Invalid present fence
06-04 20:45:17.131 E/Scheduler( 265): trackPendingFrame: Invalid present fence
06-04 20:45:17.142 I/virtual void MediaDecoder::run()( 7501): notify decode next url: /data/user/0/com.dangbei.lerad.screensaver/files/download/61/city_1.mp4
06-04 20:45:17.142 E/screen_saver2( 7501): onDecodeNextStream: 0
06-04 20:45:17.142 E/screen_saver2( 7501): 本地记录index和回调的不一致
06-04 20:45:17.145 D/AdManager( 7501): advertisementNum: 8
06-04 20:45:17.164 E/Scheduler( 265): trackPendingFrame: Invalid present fence
06-04 20:45:17.197 E/Scheduler( 265): trackPendingFrame: Invalid present fence
06-04 20:45:17.231 E/Scheduler( 265): trackPendingFrame: Invalid present fence
06-04 20:45:17.264 E/Scheduler( 265): trackPendingFrame: Invalid present fence
06-04 20:45:17.297 E/Scheduler( 265): trackPendingFrame: Invalid present fence
06-04 20:45:17.331 E/Scheduler( 265): trackPendingFrame: Invalid present fence
06-04 20:45:17.364 E/Scheduler( 265): trackPendingFrame: Invalid present fence
06-04 20:45:17.398 E/Scheduler( 265): trackPendingFrame: Invalid present fence
06-04 20:45:17.431 E/Scheduler( 265): trackPendingFrame: Invalid present fence
06-04 20:45:17.465 E/Scheduler( 265): trackPendingFrame: Invalid present fence
06-04 20:45:17.498 E/Scheduler( 265): trackPendingFrame: Invalid present fence
06-04 20:45:17.531 E/Scheduler( 265): trackPendingFrame: Invalid present fence
06-04 20:45:17.565 E/Scheduler( 265): trackPendingFrame: Invalid present fence
06-04 20:45:17.598 E/Scheduler( 265): trackPendingFrame: Invalid present fence
06-04 20:45:17.631 E/Scheduler( 265): trackPendingFrame: Invalid present fence
06-04 20:45:17.665 E/Scheduler( 265): trackPendingFrame: Invalid present fence
06-04 20:45:17.698 E/Scheduler( 265): trackPendingFrame: Invalid present fence
06-04 20:45:17.731 E/Scheduler( 265): trackPendingFrame: Invalid present fence
06-04 20:45:17.765 E/Scheduler( 265): trackPendingFrame: Invalid present fence
06-04 20:45:17.798 E/Scheduler( 265): trackPendingFrame: Invalid present fence
06-04 20:45:17.831 E/Scheduler( 265): trackPendingFrame: Invalid present fence
06-04 20:45:17.865 E/Scheduler( 265): trackPendingFrame: Invalid present fence
06-04 20:45:17.898 E/Scheduler( 265): trackPendingFrame: Invalid present fence
06-04 20:45:17.931 E/Scheduler( 265): trackPendingFrame: Invalid present fence
06-04 20:45:17.965 E/Scheduler( 265): trackPendingFrame: Invalid present fence
06-04 20:45:17.998 E/Scheduler( 265): trackPendingFrame: Invalid present fence
06-04 20:45:18.028 I/VDA ( 497): [0##41]"ServiceDeviceTask INs=444/451, OUTs=441/445"" {IN=7/8, OUT=9/13[kAtAccelerator(0) kAtDevice(4) kAtClient(9)]}"
06-04 20:45:18.031 E/Scheduler( 265): trackPendingFrame: Invalid present fence
06-04 20:45:18.065 E/Scheduler( 265): trackPendingFrame: Invalid present fence
06-04 20:45:18.098 E/Scheduler( 265): trackPendingFrame: Invalid present fence
06-04 20:45:18.132 D/WanClient( 1349): sendHeartMessage
06-04 20:45:18.132 E/Scheduler( 265): trackPendingFrame: Invalid present fence
06-04 20:45:18.133 D/WanClient( 1349): -----final------sendMessage: {"type":"2bKPMh2jwmQ="}
06-04 20:45:18.165 E/Scheduler( 265): trackPendingFrame: Invalid present fence
06-04 20:45:18.179 D/WanClient( 1349): onMessage:Thread[WebSocketConnectReadThread-71,5,main]--{"msg":"+MSejyjwlbc="}
06-04 20:45:18.181 D/WanClient( 1349): onMessageReceived:Thread[WebSocketConnectReadThread-71,5,main] {"msg":"+MSejyjwlbc="}
06-04 20:45:18.181 D/WanClient( 1349): type: null
06-04 20:45:18.181 D/WanClient( 1349): send:HB7FxtN64oc=
06-04 20:45:18.181 D/WanClient( 1349): leave:uQ3qCmhm4oA=
06-04 20:45:18.181 D/WanClient( 1349): join:7EsoetslBbs=
06-04 20:45:18.181 D/WanClient( 1349): ITtylgY8LAxdmHmRQSo49Q==
06-04 20:45:18.199 E/Scheduler( 265): trackPendingFrame: Invalid present fence
06-04 20:45:18.232 E/Scheduler( 265): trackPendingFrame: Invalid present fence
06-04 20:45:18.265 E/Scheduler( 265): trackPendingFrame: Invalid present fence
06-04 20:45:18.298 E/Scheduler( 265): trackPendingFrame: Invalid present fence
06-04 20:45:18.332 E/Scheduler( 265): trackPendingFrame: Invalid present fence
06-04 20:45:18.365 E/Scheduler( 265): trackPendingFrame: Invalid present fence
06-04 20:45:18.398 E/Scheduler( 265): trackPendingFrame: Invalid present fence
06-04 20:45:18.432 E/Scheduler( 265): trackPendingFrame: Invalid present fence
06-04 20:45:18.465 E/Scheduler( 265): trackPendingFrame: Invalid present fence
06-04 20:45:18.499 E/Scheduler( 265): trackPendingFrame: Invalid present fence
06-04 20:45:18.506 I/DebugUtil( 497): [0##41]in/out status {INS/OUTS=465(1)/454(0)}, pipeline status {IN=8/8, OUT=8/13[Component(0) Accelerator(5) Client(8)]}
06-04 20:45:18.532 E/Scheduler( 265): trackPendingFrame: Invalid present fence
06-04 20:45:18.565 E/Scheduler( 265): trackPendingFrame: Invalid present fence
06-04 20:45:18.599 E/Scheduler( 265): trackPendingFrame: Invalid present fence
06-04 20:45:18.632 E/Scheduler( 265): trackPendingFrame: Invalid present fence
06-04 20:45:18.666 E/Scheduler( 265): trackPendingFrame: Invalid present fence
06-04 20:45:18.699 E/Scheduler( 265): trackPendingFrame: Invalid present fence
06-04 20:45:18.732 E/Scheduler( 265): trackPendingFrame: Invalid present fence
06-04 20:45:18.766 E/Scheduler( 265): trackPendingFrame: Invalid present fence
06-04 20:45:18.799 E/Scheduler( 265): trackPendingFrame: Invalid present fence
06-04 20:45:18.833 E/Scheduler( 265): trackPendingFrame: Invalid present fence
06-04 20:45:18.866 E/Scheduler( 265): trackPendingFrame: Invalid present fence
06-04 20:45:18.899 E/Scheduler( 265): trackPendingFrame: Invalid present fence
06-04 20:45:18.933 E/Scheduler( 265): trackPendingFrame: Invalid present fence
06-04 20:45:18.966 E/Scheduler( 265): trackPendingFrame: Invalid present fence
06-04 20:45:18.984 I/WifiHAL ( 524): call wifi_get_link_stats handler
06-04 20:45:18.985 I/WifiHAL ( 524): Creating message to get link statistics; iface = 16
06-04 20:45:18.985 D/WifiHAL ( 524): error code -95 mapped to -3
06-04 20:45:18.985 E/WifiStaIfaceAidlImpl( 707): getLinkLayerStats failed with service-specific exception: android.os.ServiceSpecificException: (code 4)
06-04 20:45:18.999 E/Scheduler( 265): trackPendingFrame: Invalid present fence
06-04 20:45:19.032 E/Scheduler( 265): trackPendingFrame: Invalid present fence
06-04 20:45:19.056 I/VDA ( 497): [0##41]"ServiceDeviceTask INs=473/480, OUTs=470/476"" {IN=7/8, OUT=7/13[kAtAccelerator(0) kAtDevice(6) kAtClient(7)]}"
