06-04 20:45:23.251 I/audio_hw_hal_primary( 491): [adev_close_output_stream:3863] io 341: out:0xe62440c0 exit ------
06-04 20:45:23.252 I/AudioFlinger( 542): openOutput() this 0xf5380340, module 10 Device AUDIO_DEVICE_OUT_HDMI, @:, SamplingRate 8000, Format 0xd000000, Channels 0x1, flags 0x1
06-04 20:45:23.253 D/audio_hw_hal_primary( 491): [adev_open_output_stream_new:7868] enter: dev=0xe71c0010 handle=15d devices=0x400/'HDMI,' flags=0x401/'DIRECT,IEC958_NONAUDIO,' config=(rt=8000 ch_mask=0x1 fmt=0xd000000) address=''
06-04 20:45:23.253 D/audio_hw_hal_primary( 491): adev_open_output_stream_new: enter
06-04 20:45:23.253 I/audio_hw_hal_primary( 491): [adev_open_output_stream:3285] io 349: out:0xe6243260 dev:OUT_HDMI(0x400) addr:
06-04 20:45:23.253 I/audio_hw_hal_primary( 491): [adev_open_output_stream:3287] ch_mask:0x1 rate:8000 format:IEC61937(0xd000000) flags:0x401
06-04 20:45:23.253 D/audio_hw_hal_primary( 491): [adev_open_output_stream:3381] current format is IEC61937
06-04 20:45:23.253 I/audio_hw_hal_primary( 491): [adev_open_output_stream:3610] result profile ch_mask:0x1 rate:8000 format:IEC61937(0xd000000) usecase:RAW_DIRECT
06-04 20:45:23.253 I/audio_hw_hal_utils( 491): aml_get_stream_dump_file_name line 2929 file_name /data/vendor/audiohal/stream_pid491_tid548.pcm
06-04 20:45:23.253 I/audio_hw_hal_primary( 491): [adev_open_output_stream_new:8037] io 349: out: 0xe6243260 card:0 alsa devices:0 exit ------
06-04 20:45:23.255 I/audio_hw_hal_primary( 491): [out_get_buffer_size:552] out:0xe6243260 config.rate=8000, format:IEC61937(0xd000000), stream format:IEC61937(0xd000000)
06-04 20:45:23.255 I/audio_hw_hal_primary( 491): out_get_buffer_size AUDIO_FORMAT_IEC61937 buffer size = 4096 frames
06-04 20:45:23.255 I/AudioFlinger( 542): HAL output buffer size 2048 frames, normal sink buffer size 2048 frames
06-04 20:45:23.255 I/audio_hw_hal_primary( 491): [audiohal_get_latency:1333] io 349: out:0xe6243260 frames:1280 rate:8000 whole_latency:160 alsa_latency:160
06-04 20:45:23.256 I/audio_hw_hal_primary( 491): [out_set_event_callback:3158] io 349: out:0xe6243260, callback:0xe813491d cookie:0xe8a414b0
06-04 20:45:23.257 I/AudioFlinger( 542): AudioFlinger's thread 0xef760490 tid=8017 ready to run
06-04 20:45:23.257 I/audio_hw_hal_primary( 491): [audiohal_get_latency:1333] io 349: out:0xe6243260 frames:1152 rate:8000 whole_latency:144 alsa_latency:144
06-04 20:45:23.257 I/audio_hw_hal_primary( 491): [audiohal_get_latency:1333] io 349: out:0xe6243260 frames:1152 rate:8000 whole_latency:144 alsa_latency:144
06-04 20:45:23.258 W/IPCThreadState( 542): Sending oneway calls to frozen process.
06-04 20:45:23.258 D/AudioFlinger( 542): ro.audio.silent is ignored since no output device is set
06-04 20:45:23.258 D/audio_hw_hal_primary( 491): [out_standby_new:5767] io 349: out:0xe6243260 usecase:RAW_DIRECT
06-04 20:45:23.258 I/audio_hw_hal_primary( 491): already standby, do nothing
06-04 20:45:23.259 E/MesonDisplay( 296): open /sys/class/amhdmitx/amhdmitx0/hdcp_pwr fail. Error info [No such file or directory]
06-04 20:45:23.259 E/MesonDisplay( 296): open /sys/class/amhdmitx/amhdmitx0/hdcp_ctrl fail. Error info [No such file or directory]
06-04 20:45:23.259 E/MesonDisplay( 296): open /sys/class/amhdmitx/amhdmitx0/hdcp_ctrl fail. Error info [No such file or directory]
06-04 20:45:23.260 D/AudioFlinger( 542): ro.audio.silent is ignored since no output device is set
06-04 20:45:23.262 I/MesonDisplay( 296): [/HDCPTxAuth.cpp, stop, 137] hdcp_tx pthread exit id = 4012622272, (null) done
06-04 20:45:23.264 D/MesonDisplayServer( 296): SetDisplay[HDMI] Mode to "2160p60hz"
06-04 20:45:23.270 I/AudioFlinger( 542): openOutput() this 0xf5380340, module 10 Device AUDIO_DEVICE_OUT_HDMI, @:, SamplingRate 44100, Format 0xe000000, Channels 0x1, flags 0x11
06-04 20:45:23.270 D/audio_hw_hal_primary( 491): [adev_open_output_stream_new:7868] enter: dev=0xe71c0010 handle=165 devices=0x400/'HDMI,' flags=0x11/'DIRECT,COMPRESS_OFFLOAD,' config=(rt=44100 ch_mask=0x1 fmt=0xe000000) address=''
06-04 20:45:23.270 D/audio_hw_hal_primary( 491): adev_open_output_stream_new: enter
06-04 20:45:23.271 I/audio_hw_hal_primary( 491): [adev_open_output_stream:3285] io 357: out:0xe6249e30 dev:OUT_HDMI(0x400) addr:
06-04 20:45:23.271 I/audio_hw_hal_primary( 491): [adev_open_output_stream:3287] ch_mask:0x1 rate:44100 format:DOLBY_TRUEHD(0xe000000) flags:0x11
06-04 20:45:23.271 I/audio_hw_hal_primary( 491): adev_open_output_stream: for raw audio output,force alsa stereo output
06-04 20:45:23.271 I/audio_hw_hal_primary( 491): [adev_open_output_stream:3610] result profile ch_mask:0x1 rate:44100 format:DOLBY_TRUEHD(0xe000000) usecase:RAW_DIRECT
06-04 20:45:23.271 I/audio_hw_hal_utils( 491): aml_get_stream_dump_file_name line 2929 file_name /data/vendor/audiohal/stream_pid491_tid548.mlp
06-04 20:45:23.271 I/audio_hw_hal_primary( 491): [adev_open_output_stream_new:8037] io 357: out: 0xe6249e30 card:0 alsa devices:0 exit ------
06-04 20:45:23.272 I/audio_hw_hal_primary( 491): [out_get_buffer_size:552] out:0xe6249e30 config.rate=44100, format:DOLBY_TRUEHD(0xe000000), stream format:DOLBY_TRUEHD(0xe000000)
06-04 20:45:23.272 I/AudioFlinger( 542): HAL output buffer size 16384 frames, normal sink buffer size 16384 frames
06-04 20:45:23.272 I/audio_hw_hal_primary( 491): [audiohal_get_latency:1333] io 357: out:0xe6249e30 frames:1152 rate:44100 whole_latency:26 alsa_latency:26
06-04 20:45:23.273 I/audio_hw_hal_primary( 491): [out_set_event_callback:3158] io 357: out:0xe6249e30, callback:0xe813491d cookie:0xe8a419f0
06-04 20:45:23.273 I/audio_hw_hal_primary( 491): [audiohal_get_latency:1333] io 357: out:0xe6249e30 frames:1152 rate:44100 whole_latency:26 alsa_latency:26
06-04 20:45:23.273 I/AudioFlinger( 542): AudioFlinger's thread 0xef7542e0 tid=8018 ready to run
06-04 20:45:23.273 I/audio_hw_hal_primary( 491): [audiohal_get_latency:1333] io 357: out:0xe6249e30 frames:1152 rate:44100 whole_latency:26 alsa_latency:26
06-04 20:45:23.274 D/AudioFlinger( 542): ro.audio.silent is ignored since no output device is set
06-04 20:45:23.274 W/IPCThreadState( 542): Sending oneway calls to frozen process.
06-04 20:45:23.277 E/Scheduler( 265): trackPendingFrame: Invalid present fence
06-04 20:45:23.279 D/AudioFlinger( 542): ro.audio.silent is ignored since no output device is set
06-04 20:45:23.296 I/AudioFlinger( 542): openOutput() this 0xf5380340, module 10 Device AUDIO_DEVICE_OUT_HDMI, @:, SamplingRate 0, Format 00000000, Channels 0, flags 0x41
06-04 20:45:23.296 D/audio_hw_hal_primary( 491): [adev_open_output_stream_new:7868] enter: dev=0xe71c0010 handle=16d devices=0x400/'HDMI,' flags=0x41/'DIRECT,HW_AV_SYNC,' config=(rt=0 ch_mask=0x0 fmt=0x0) address=''
06-04 20:45:23.296 D/audio_hw_hal_primary( 491): adev_open_output_stream_new: enter
06-04 20:45:23.296 I/audio_hw_hal_primary( 491): [adev_open_output_stream:3285] io 365: out:0xe6249700 dev:OUT_HDMI(0x400) addr:
06-04 20:45:23.296 I/audio_hw_hal_primary( 491): [adev_open_output_stream:3287] ch_mask:0 rate:0 format:DEFAULT(0) flags:0x41
06-04 20:45:23.296 D/audio_hw_hal_primary( 491): [adev_open_output_stream:3573] format=PCM_16_BIT rate=48000
06-04 20:45:23.296 I/audio_hw_hal_primary( 491): [adev_open_output_stream:3610] result profile ch_mask:0x3 rate:48000 format:PCM_16_BIT(0x1) usecase:PCM_HWSYNC
06-04 20:45:23.297 D/audio_hw_hal_timer( 491): func:audio_timer_create create timer.3 success.
06-04 20:45:23.297 D/audio_hw_hal_timer( 491): func:audio_timer_create create timer.4 success.
06-04 20:45:23.297 D/audio_hw_hal_primary( 491): [adev_open_output_stream_new:7980] timer_id:3
06-04 20:45:23.297 I/audio_hw_hal_utils( 491): aml_get_stream_dump_file_name line 2929 file_name /data/vendor/audiohal/stream_pid491_tid6812.pcm
06-04 20:45:23.297 I/audio_hw_hal_primary( 491): [adev_open_output_stream_new:8037] io 365: out: 0xe6249700 card:0 alsa devices:0 exit ------
06-04 20:45:23.299 I/audio_hw_hal_primary( 491): [out_get_buffer_size:552] out:0xe6249700 config.rate=48000, format:PCM_16_BIT(0x1), stream format:PCM_16_BIT(0x1)
06-04 20:45:23.300 I/AudioFlinger( 542): HAL output buffer size 2058 frames, normal sink buffer size 2058 frames
06-04 20:45:23.300 I/audio_hw_hal_primary( 491): [audiohal_get_latency:1333] io 365: out:0xe6249700 frames:1152 rate:48000 whole_latency:24 alsa_latency:24
06-04 20:45:23.303 E/Scheduler( 265): trackPendingFrame: Invalid present fence
06-04 20:45:23.304 I/audio_hw_hal_primary( 491): [out_set_event_callback:3158] io 365: out:0xe6249700, callback:0xe813491d cookie:0xe8a42830
06-04 20:45:23.306 I/audio_hw_hal_primary( 491): [audiohal_get_latency:1333] io 365: out:0xe6249700 frames:1152 rate:48000 whole_latency:24 alsa_latency:24
06-04 20:45:23.306 I/audio_hw_hal_primary( 491): [audiohal_get_latency:1333] io 365: out:0xe6249700 frames:1152 rate:48000 whole_latency:24 alsa_latency:24
06-04 20:45:23.307 W/IPCThreadState( 542): Sending oneway calls to frozen process.
06-04 20:45:23.307 I/audio_hw_hal_profile( 491): [out_get_parameters:2085] out:0xe6249700 query audio format. ++++++++++ hal_format:PCM_16_BIT
06-04 20:45:23.307 D/audio_hw_hal_profile( 491): get_hdmi_sink_cap_new is running...
06-04 20:45:23.307 D/audio_hw_hal_profile( 491): query hdmi format...
06-04 20:45:23.307 D/audio_hw_hal_profile( 491): get_hdmi_sink_cap_new ddp is supported; ddp-joc(atmos) is unsupported;
06-04 20:45:23.307 I/audio_hw_hal_profile( 491): get_hdmi_sink_cap_new dts-hd vendor special byte3:0x1
06-04 20:45:23.307 I/audio_hw_hal_profile( 491): PCM cap Max channel =2
06-04 20:45:23.307 I/audio_hw_hal_profile( 491): [out_get_parameters:2165] sup_formats=AUDIO_FORMAT_PCM_16_BIT|AUDIO_FORMAT_IEC61937|AUDIO_FORMAT_E_AC3|AUDIO_FORMAT_AC3|AUDIO_FORMAT_DTS
06-04 20:45:23.307 D/APM_AudioPolicyManager( 542): modifySurroundFormats: forced use = 13
06-04 20:45:23.308 I/AudioFlinger( 542): AudioFlinger's thread 0xef75c400 tid=8021 ready to run
06-04 20:45:23.308 D/AudioFlinger( 542): ro.audio.silent is ignored since no output device is set
06-04 20:45:23.308 I/audio_hw_hal_profile( 491): [out_get_parameters:2089] out:0xe6249700 query sample rate. Format:PCM_16_BIT(0x1) ++++++++++ hal_format:PCM_16_BIT
06-04 20:45:23.309 D/audio_hw_hal_profile( 491): get_hdmi_sink_cap_new is running...
06-04 20:45:23.309 D/audio_hw_hal_profile( 491): [get_hdmi_sink_cap_new:960] query hdmi sample_rate... format: PCM_16_BIT(0x1)
06-04 20:45:23.309 I/audio_hw_hal_profile( 491): get_hdmi_sink_cap_new format =0x1 support rate =sup_sampling_rates=32000|44100|48000
06-04 20:45:23.309 I/audio_hw_hal_profile( 491): [out_get_parameters:2165] sup_sampling_rates=32000|44100|48000
06-04 20:45:23.309 D/audio_hw_hal_primary( 491): [out_standby_new:5767] io 365: out:0xe6249700 usecase:PCM_HWSYNC
06-04 20:45:23.309 I/audio_hw_hal_primary( 491): already standby, do nothing
06-04 20:45:23.310 I/audio_hw_hal_profile( 491): [out_get_parameters:2092] out:0xe6249700 query channels. Format:PCM_16_BIT(0x1) ++++++++++ hal_format:PCM_16_BIT
06-04 20:45:23.310 D/audio_hw_hal_profile( 491): get_hdmi_sink_cap_new is running...
06-04 20:45:23.310 D/audio_hw_hal_profile( 491): [get_hdmi_sink_cap_new:887] query hdmi channels... format: PCM_16_BIT(0x1)
06-04 20:45:23.310 I/audio_hw_hal_profile( 491): [out_get_parameters:2165] sup_channels=AUDIO_CHANNEL_OUT_STEREO
06-04 20:45:23.311 I/audio_hw_hal_profile( 491): [out_get_parameters:2089] out:0xe6249700 query sample rate. Format:IEC61937(0xd000000) ++++++++++ hal_format:PCM_16_BIT
06-04 20:45:23.311 D/audio_hw_hal_profile( 491): get_hdmi_sink_cap_new is running...
06-04 20:45:23.311 D/audio_hw_hal_profile( 491): [get_hdmi_sink_cap_new:960] query hdmi sample_rate... format: IEC61937(0xd000000)
06-04 20:45:23.311 I/audio_hw_hal_profile( 491): [out_get_parameters:2165] sup_sampling_rates=8000|11025|16000|22050|24000|32000|44100|48000|128000|176400|192000
06-04 20:45:23.311 I/audio_hw_hal_profile( 491): [out_get_parameters:2092] out:0xe6249700 query channels. Format:IEC61937(0xd000000) ++++++++++ hal_format:PCM_16_BIT
06-04 20:45:23.311 D/audio_hw_hal_profile( 491): get_hdmi_sink_cap_new is running...
06-04 20:45:23.312 D/audio_hw_hal_profile( 491): [get_hdmi_sink_cap_new:887] query hdmi channels... format: IEC61937(0xd000000)
06-04 20:45:23.312 I/audio_hw_hal_profile( 491): [out_get_parameters:2165] sup_channels=AUDIO_CHANNEL_OUT_MONO|AUDIO_CHANNEL_OUT_STEREO|AUDIO_CHANNEL_OUT_TRI|AUDIO_CHANNEL_OUT_TRI_BACK|AUDIO_CHANNEL_OUT_3POINT1|AUDIO_CHANNEL_OUT_QUAD|AUDIO_CHANNEL_OUT_SURROUND|AUDIO_CHANNEL_OUT_PENTA|AUDIO_CHANNEL_OUT_5POINT1|AUDIO_CHANNEL_OUT_7POINT1
06-04 20:45:23.312 D/audio_hw_hal_primary( 491): [out_dump:848] io 365: out:0xe6249700, fd:21
06-04 20:45:23.313 W/IPCThreadState( 542): Sending oneway calls to frozen process.
06-04 20:45:23.314 D/audio_hw_hal_primary( 491): [out_set_parameters:971] out:0xe6249700 kvpairs:closing=true;exiting=1 out->out_device:0x400, adev->out_device:0x80002
06-04 20:45:23.314 E/audio_hw_hal_primary( 491): out_set_parameters, ret:-2, hw_sync_mode:is false
06-04 20:45:23.315 D/AudioFlinger( 542): ro.audio.silent is ignored since no output device is set
06-04 20:45:23.315 I/audio_hw_hal_primary( 491): [out_set_event_callback:3158] io 365: out:0xe6249700, callback:0xe813491d cookie:0xe8a42830
06-04 20:45:23.315 I/audio_hw_hal_primary( 491): [adev_close_output_stream_new:8052] io handle 365: out:0xe6249700
06-04 20:45:23.315 D/audio_hw_hal_primary( 491): adev_close_output_stream_new: enter usecase = PCM_HWSYNC
06-04 20:45:23.315 D/audio_hw_hal_timer( 491): func:audio_timer_delete delete timer.3 success.
06-04 20:45:23.315 D/audio_hw_hal_timer( 491): func:audio_timer_delete delete timer.4 success.
06-04 20:45:23.315 D/audio_hw_hal_primary( 491): [adev_close_output_stream_new:8076] timer_id:3 ret:4
06-04 20:45:23.315 I/audio_hw_hal_primary( 491): [adev_close_output_stream:3695] io 365: out:0xe6249700 dev:OUT_HDMI(0x400) flags:0x41, usecase:PCM_HWSYNC
06-04 20:45:23.315 D/audio_hw_hal_primary( 491): [out_standby_new:5767] io 365: out:0xe6249700 usecase:PCM_HWSYNC
06-04 20:45:23.315 I/audio_hw_hal_primary( 491): already standby, do nothing
06-04 20:45:23.315 I/audio_hw_hal_resourcemgr( 491): [is_output_device_muted:710] device:0x2 port_mute:0, fade_mute:0
06-04 20:45:23.315 I/audio_hw_hal_primary( 491): [adev_close_output_stream:3863] io 365: out:0xe6249700 exit ------
06-04 20:45:23.316 I/AudioFlinger( 542): openOutput() this 0xf5380340, module 10 Device AUDIO_DEVICE_OUT_HDMI, @:, SamplingRate 8000, Format 0xd000000, Channels 0x1, flags 0x41
06-04 20:45:23.317 D/audio_hw_hal_primary( 491): [adev_open_output_stream_new:7868] enter: dev=0xe71c0010 handle=175 devices=0x400/'HDMI,' flags=0x441/'DIRECT,HW_AV_SYNC,IEC958_NONAUDIO,' config=(rt=8000 ch_mask=0x1 fmt=0xd000000) address=''
06-04 20:45:23.317 D/audio_hw_hal_primary( 491): adev_open_output_stream_new: enter
06-04 20:45:23.317 I/audio_hw_hal_primary( 491): [adev_open_output_stream:3285] io 373: out:0xe6249700 dev:OUT_HDMI(0x400) addr:
06-04 20:45:23.317 I/audio_hw_hal_primary( 491): [adev_open_output_stream:3287] ch_mask:0x1 rate:8000 format:IEC61937(0xd000000) flags:0x441
06-04 20:45:23.317 D/audio_hw_hal_primary( 491): [adev_open_output_stream:3381] current format is IEC61937
06-04 20:45:23.317 D/audio_hw_hal_primary( 491): [adev_open_output_stream:3573] format=IEC61937 rate=8000
06-04 20:45:23.317 I/audio_hw_hal_primary( 491): [adev_open_output_stream:3610] result profile ch_mask:0x1 rate:8000 format:IEC61937(0xd000000) usecase:RAW_DIRECT
06-04 20:45:23.317 I/audio_hw_hal_utils( 491): aml_get_stream_dump_file_name line 2929 file_name /data/vendor/audiohal/stream_pid491_tid548.pcm
06-04 20:45:23.317 I/audio_hw_hal_primary( 491): [adev_open_output_stream_new:8037] io 373: out: 0xe6249700 card:0 alsa devices:0 exit ------
06-04 20:45:23.320 I/audio_hw_hal_primary( 491): [out_get_buffer_size:552] out:0xe6249700 config.rate=8000, format:IEC61937(0xd000000), stream format:IEC61937(0xd000000)
06-04 20:45:23.320 I/audio_hw_hal_primary( 491): out_get_buffer_size AUDIO_FORMAT_IEC61937 buffer size = 4096 frames
06-04 20:45:23.321 I/AudioFlinger( 542): HAL output buffer size 2048 frames, normal sink buffer size 2048 frames
06-04 20:45:23.321 I/audio_hw_hal_primary( 491): [audiohal_get_latency:1333] io 373: out:0xe6249700 frames:1152 rate:8000 whole_latency:144 alsa_latency:144
06-04 20:45:23.321 I/audio_hw_hal_primary( 491): [out_set_event_callback:3158] io 373: out:0xe6249700, callback:0xe813491d cookie:0xe8a40f10
06-04 20:45:23.321 I/audio_hw_hal_primary( 491): [audiohal_get_latency:1333] io 373: out:0xe6249700 frames:1152 rate:8000 whole_latency:144 alsa_latency:144
06-04 20:45:23.321 I/AudioFlinger( 542): AudioFlinger's thread 0xef75c400 tid=8023 ready to run
06-04 20:45:23.322 I/audio_hw_hal_primary( 491): [audiohal_get_latency:1333] io 373: out:0xe6249700 frames:1152 rate:8000 whole_latency:144 alsa_latency:144
06-04 20:45:23.322 W/IPCThreadState( 542): Sending oneway calls to frozen process.
06-04 20:45:23.322 D/AudioFlinger( 542): ro.audio.silent is ignored since no output device is set
06-04 20:45:23.323 D/audio_hw_hal_primary( 491): [out_standby_new:5767] io 373: out:0xe6249700 usecase:RAW_DIRECT
06-04 20:45:23.323 I/audio_hw_hal_primary( 491): already standby, do nothing
06-04 20:45:23.324 D/AudioFlinger( 542): ro.audio.silent is ignored since no output device is set
06-04 20:45:23.324 D/AudioFlinger( 542): ro.audio.silent is ignored since no output device is set
06-04 20:45:23.326 D/AudioFlinger( 542): ro.audio.silent is ignored since no output device is set
06-04 20:45:23.328 D/AudioFlinger( 542): ro.audio.silent is ignored since no output device is set
06-04 20:45:23.329 D/AudioFlinger( 542): ro.audio.silent is ignored since no output device is set
06-04 20:45:23.330 D/AudioFlinger( 542): ro.audio.silent is ignored since no output device is set
06-04 20:45:23.331 D/AudioFlinger( 542): ro.audio.silent is ignored since no output device is set
06-04 20:45:23.332 D/AudioFlinger( 542): ro.audio.silent is ignored since no output device is set
06-04 20:45:23.334 D/AudioFlinger( 542): ro.audio.silent is ignored since no output device is set
06-04 20:45:23.335 D/AudioFlinger( 542): ro.audio.silent is ignored since no output device is set
06-04 20:45:23.337 E/Scheduler( 265): trackPendingFrame: Invalid present fence
06-04 20:45:23.338 I/AudioFlinger( 542): openOutput() this 0xf5380340, module 10 Device AUDIO_DEVICE_OUT_HDMI, @:, SamplingRate 32000, Format 0x9000000, Channels 0x1, flags 0x1
06-04 20:45:23.338 D/audio_hw_hal_primary( 491): [adev_open_output_stream_new:7868] enter: dev=0xe71c0010 handle=17d devices=0x400/'HDMI,' flags=0x1/'DIRECT,' config=(rt=32000 ch_mask=0x1 fmt=0x9000000) address=''
06-04 20:45:23.338 D/audio_hw_hal_primary( 491): adev_open_output_stream_new: enter
06-04 20:45:23.338 I/audio_hw_hal_primary( 491): [adev_open_output_stream:3285] io 381: out:0xe62464b0 dev:OUT_HDMI(0x400) addr:
06-04 20:45:23.338 I/audio_hw_hal_primary( 491): [adev_open_output_stream:3287] ch_mask:0x1 rate:32000 format:AC3(0x9000000) flags:0x1
06-04 20:45:23.338 I/audio_hw_hal_primary( 491): adev_open_output_stream: for raw audio output,force alsa stereo output
06-04 20:45:23.338 I/audio_hw_hal_primary( 491): [adev_open_output_stream:3610] result profile ch_mask:0x1 rate:32000 format:AC3(0x9000000) usecase:RAW_DIRECT
06-04 20:45:23.338 I/audio_hw_hal_utils( 491): aml_get_stream_dump_file_name line 2929 file_name /data/vendor/audiohal/stream_pid491_tid548.dd
06-04 20:45:23.338 I/audio_hw_hal_primary( 491): [adev_open_output_stream_new:8037] io 381: out: 0xe62464b0 card:0 alsa devices:0 exit ------
06-04 20:45:23.340 D/AudioFlinger( 542): ro.audio.silent is ignored since no output device is set
06-04 20:45:23.340 I/audio_hw_hal_primary( 491): [out_get_buffer_size:552] out:0xe62464b0 config.rate=32000, format:AC3(0x9000000), stream format:AC3(0x9000000)
06-04 20:45:23.340 I/AudioFlinger( 542): HAL output buffer size 2048 frames, normal sink buffer size 2048 frames
06-04 20:45:23.341 I/audio_hw_hal_primary( 491): [audiohal_get_latency:1333] io 381: out:0xe62464b0 frames:1280 rate:32000 whole_latency:40 alsa_latency:40
06-04 20:45:23.341 I/audio_hw_hal_primary( 491): [out_set_event_callback:3158] io 381: out:0xe62464b0, callback:0xe813491d cookie:0xe8a40c10
06-04 20:45:23.342 I/audio_hw_hal_primary( 491): [audiohal_get_latency:1333] io 381: out:0xe62464b0 frames:1152 rate:32000 whole_latency:36 alsa_latency:36
06-04 20:45:23.342 I/AudioFlinger( 542): AudioFlinger's thread 0xef76c640 tid=8024 ready to run
06-04 20:45:23.342 I/audio_hw_hal_primary( 491): [audiohal_get_latency:1333] io 381: out:0xe62464b0 frames:1152 rate:32000 whole_latency:36 alsa_latency:36
06-04 20:45:23.342 W/IPCThreadState( 542): Sending oneway calls to frozen process.
06-04 20:45:23.343 D/AudioFlinger( 542): ro.audio.silent is ignored since no output device is set
06-04 20:45:23.343 D/audio_hw_hal_primary( 491): [out_standby_new:5767] io 381: out:0xe62464b0 usecase:RAW_DIRECT
06-04 20:45:23.343 I/audio_hw_hal_primary( 491): already standby, do nothing
06-04 20:45:23.344 D/AudioFlinger( 542): ro.audio.silent is ignored since no output device is set
06-04 20:45:23.350 I/audio_hw_hal_primary( 491): [adev_uevent_callback:9131] uevent type=0
06-04 20:45:23.351 I/SystemControl( 318): [/UEventObserver.cpp, HDMITxUenventThreadLoop, 451] HDMI TX switch_name:hdmitx_vmode_audio, switch_state: 1
06-04 20:45:23.352 I/audio_hw_hal_alsamgr( 491): raw to lpcm switch aml_alsa_output_write
06-04 20:45:23.354 I/SystemControl( 318): [/UEventObserver.cpp, HDMITxUenventThreadLoop, 451] HDMI TX switch_name:hdmitx_current_status, switch_state: 56
06-04 20:45:23.364 V/MesonDisplayServer( 296): GetDisplayMode:2160p60hz
06-04 20:45:23.370 E/Scheduler( 265): trackPendingFrame: Invalid present fence
06-04 20:45:23.370 D/AudioFlinger( 542): ro.audio.silent is ignored since no output device is set
06-04 20:45:23.371 I/audio_hw_hal_ms12v2( 491): dolby_ms12_threadloop alsa is not running
06-04 20:45:23.372 I/audio_hw_hal_ms12v2( 491): dolby_ms12_threadloop alsa is not running
06-04 20:45:23.372 I/SystemControl( 318): [/UEventObserver.cpp, HDMITxUenventThreadLoop, 451] HDMI TX switch_name:hdmitx_current_status, switch_state: 57
06-04 20:45:23.372 I/audio_hw_hal_ms12v2( 491): dolby_ms12_threadloop alsa is not running
06-04 20:45:23.373 I/audio_hw_hal_ms12v2( 491): dolby_ms12_threadloop alsa is not running
06-04 20:45:23.373 I/audio_hw_hal_alsamgr( 491): aml_alsa_output_write alsa_running_status[0xe6244f20] change from 0 to 1
06-04 20:45:23.377 I/AudioFlinger( 542): openOutput() this 0xf5380340, module 10 Device AUDIO_DEVICE_OUT_HDMI, @:, SamplingRate 0, Format 00000000, Channels 0, flags 0x4001
06-04 20:45:23.377 D/audio_hw_hal_primary( 491): [adev_open_output_stream_new:7868] enter: dev=0xe71c0010 handle=185 devices=0x400/'HDMI,' flags=0x4001/'DIRECT,MMAP_NOIRQ,' config=(rt=0 ch_mask=0x0 fmt=0x0) address=''
06-04 20:45:23.377 D/audio_hw_hal_primary( 491): adev_open_output_stream_new: enter
06-04 20:45:23.377 I/audio_hw_hal_primary( 491): [adev_open_output_stream:3285] io 389: out:0xe6245650 dev:OUT_HDMI(0x400) addr:
06-04 20:45:23.377 I/audio_hw_hal_primary( 491): [adev_open_output_stream:3287] ch_mask:0 rate:0 format:DEFAULT(0) flags:0x4001
06-04 20:45:23.377 I/audio_hw_hal_primary( 491): when open aaudio stream, send RUNNING msg to submix & ms12
06-04 20:45:23.377 W/audio_hw_hal_ms12common( 491): aml_set_ms12_scheduler_state sch_state:0 SCHEDULER_RUNNING, ms12 scheduler state not changed.
06-04 20:45:23.377 I/audio_hw_hal_mmap( 491): [outMmapInit:680] stream:0xe6245650
06-04 20:45:23.377 I/audio_hw_hal_mmap( 491): [dma_buffer_allocate:639] enter
06-04 20:45:23.377 I/DMABUFHEAPS( 491): Using DMA-BUF heap named: system-uncached
06-04 20:45:23.377 I/audio_hw_hal_mmap( 491): [dma_buffer_allocate:673] s32DmaFd:23, pu8MmapAddr:0xe9dba000
06-04 20:45:23.377 I/audio_hw_hal_mmap( 491): [mmap_audio_register_client:927] OK ! stream 0xe6245650, client id 0
06-04 20:45:23.377 I/audio_hw_hal_primary( 491): [adev_open_output_stream:3540] vendor.media.llp 0
06-04 20:45:23.377 I/audio_hw_hal_primary( 491): [adev_open_output_stream:3610] result profile ch_mask:0x3 rate:48000 format:PCM_16_BIT(0x1) usecase:PCM_MMAP
06-04 20:45:23.377 I/audio_hw_hal_utils( 491): aml_get_stream_dump_file_name line 2929 file_name /data/vendor/audiohal/stream_pid491_tid6812.pcm
06-04 20:45:23.377 I/audio_hw_hal_primary( 491): [adev_open_output_stream_new:8037] io 389: out: 0xe6245650 card:0 alsa devices:0 exit ------
06-04 20:45:23.378 I/audio_hw_hal_primary( 491): [out_get_buffer_size:552] out:0xe6245650 config.rate=48000, format:PCM_16_BIT(0x1), stream format:PCM_16_BIT(0x1)
06-04 20:45:23.379 I/AudioFlinger( 542): AudioFlinger's thread 0xef580010 tid=8025 ready to run
06-04 20:45:23.380 W/IPCThreadState( 542): Sending oneway calls to frozen process.
06-04 20:45:23.380 I/SystemControl( 318): [/Ubootenv.cpp, get, 336] [ubootenv] get key:2160p_x envValue: 0
06-04 20:45:23.380 I/audio_hw_hal_profile( 491): [out_get_parameters:2092] out:0xe6245650 query channels. Format:PCM_16_BIT(0x1) ++++++++++ hal_format:PCM_16_BIT
06-04 20:45:23.380 D/audio_hw_hal_profile( 491): get_hdmi_sink_cap_new is running...
06-04 20:45:23.380 D/audio_hw_hal_profile( 491): [get_hdmi_sink_cap_new:887] query hdmi channels... format: PCM_16_BIT(0x1)
06-04 20:45:23.380 I/SystemControl( 318): [/Ubootenv.cpp, get, 336] [ubootenv] get key:2160p_y envValue: 0
06-04 20:45:23.380 I/audio_hw_hal_profile( 491): [out_get_parameters:2165] sup_channels=AUDIO_CHANNEL_OUT_STEREO
06-04 20:45:23.381 I/SystemControl( 318): [/Ubootenv.cpp, get, 336] [ubootenv] get key:2160p_w envValue: 3840
06-04 20:45:23.381 I/SystemControl( 318): [/Ubootenv.cpp, get, 336] [ubootenv] get key:2160p_h envValue: 2160
06-04 20:45:23.382 I/SystemControl( 318): [/Ubootenv.cpp, updateValue, 68] [ubootenv] update value name [ubootenv.var.2160p_x]: value [0]
06-04 20:45:23.382 D/AudioFlinger( 542): closing mmapThread 0xef580010
06-04 20:45:23.382 I/SystemControl( 318): [/Ubootenv.cpp, get, 336] [ubootenv] get key:2160p_x envValue: 0
06-04 20:45:23.382 W/IPCThreadState( 542): Sending oneway calls to frozen process.
06-04 20:45:23.382 D/AudioFlinger( 542): mmapThread exit()
06-04 20:45:23.382 I/SystemControl( 318): [/Ubootenv.cpp, updateValue, 68] [ubootenv] update value name [ubootenv.var.2160p_y]: value [0]
06-04 20:45:23.382 I/SystemControl( 318): [/Ubootenv.cpp, get, 336] [ubootenv] get key:2160p_y envValue: 0
06-04 20:45:23.382 I/SystemControl( 318): [/Ubootenv.cpp, updateValue, 68] [ubootenv] update value name [ubootenv.var.2160p_w]: value [3840]
06-04 20:45:23.382 I/SystemControl( 318): [/Ubootenv.cpp, get, 336] [ubootenv] get key:2160p_w envValue: 3840
06-04 20:45:23.382 I/audio_hw_hal_primary( 491): [adev_close_output_stream_new:8052] io handle 389: out:0xe6245650
06-04 20:45:23.382 D/audio_hw_hal_primary( 491): adev_close_output_stream_new: enter usecase = PCM_MMAP
06-04 20:45:23.382 I/audio_hw_hal_primary( 491): [adev_close_output_stream:3695] io 389: out:0xe6245650 dev:OUT_HDMI(0x400) flags:0x4001, usecase:PCM_MMAP
06-04 20:45:23.382 I/SystemControl( 318): [/Ubootenv.cpp, updateValue, 68] [ubootenv] update value name [ubootenv.var.2160p_h]: value [2160]
06-04 20:45:23.382 D/audio_hw_hal_primary( 491): [out_standby_new:5767] io 389: out:0xe6245650 usecase:PCM_MMAP
06-04 20:45:23.382 I/audio_hw_hal_primary( 491): already standby, do nothing
06-04 20:45:23.382 I/SystemControl( 318): [/Ubootenv.cpp, get, 336] [ubootenv] get key:2160p_h envValue: 2160
06-04 20:45:23.382 I/audio_hw_hal_mmap( 491): [outMmapDeInit:743] stream:0xe6245650
06-04 20:45:23.383 I/audio_hw_hal_mmap( 491): [mmap_audio_unregister_client:955] OK ! stream 0xe6245650, client id 0
06-04 20:45:23.383 V/MesonDisplayServer( 296): SetDisplay[HDMI] DisplayRect to "(0,0,3840,2160)"
06-04 20:45:23.383 I/audio_hw_hal_primary( 491): when close aaudio stream, send STANDBY msg to submix & ms12
06-04 20:45:23.383 I/audio_hw_hal_ms12common( 491): aml_set_ms12_scheduler_state ms12_scheduler_state:1, sch_state:1 SCHEDULER_STANDBY is sent to ms12
06-04 20:45:23.383 I/audio_hw_hal_resourcemgr( 491): [is_output_device_muted:710] device:0x2 port_mute:0, fade_mute:0
06-04 20:45:23.383 I/audio_hw_hal_primary( 491): [adev_close_output_stream:3863] io 389: out:0xe6245650 exit ------
06-04 20:45:23.383 V/MesonDisplayServer( 296): SetDisplayViewPort done
06-04 20:45:23.383 I/AudioFlinger( 542): openOutput() this 0xf5380340, module 10 Device AUDIO_DEVICE_OUT_HDMI, @:, SamplingRate 48000, Format 0x000001, Channels 0x3, flags 0x4001
06-04 20:45:23.384 D/audio_hw_hal_primary( 491): [adev_open_output_stream_new:7868] enter: dev=0xe71c0010 handle=18d devices=0x400/'HDMI,' flags=0x4001/'DIRECT,MMAP_NOIRQ,' config=(rt=48000 ch_mask=0x3 fmt=0x1) address=''
06-04 20:45:23.384 D/audio_hw_hal_primary( 491): adev_open_output_stream_new: enter
06-04 20:45:23.384 I/audio_hw_hal_primary( 491): [adev_open_output_stream:3285] io 397: out:0xe6245650 dev:OUT_HDMI(0x400) addr:
06-04 20:45:23.384 I/audio_hw_hal_primary( 491): [adev_open_output_stream:3287] ch_mask:0x3 rate:48000 format:PCM_16_BIT(0x1) flags:0x4001
06-04 20:45:23.384 I/audio_hw_hal_primary( 491): when open aaudio stream, send RUNNING msg to submix & ms12
06-04 20:45:23.384 D/audio_hw_hal_ms12v2( 491): set_dolby_ms12_continuous_state audio_continuous_standby_set status 0
06-04 20:45:23.384 D/audio_hw_hal_continuous_standby( 491): audio_continuous_standby_set, type 0, params 0
06-04 20:45:23.384 I/audio_hw_hal_ms12common( 491): aml_set_ms12_scheduler_state ms12_scheduler_state:0, sch_state:0 SCHEDULER_RUNNING is sent to ms12
06-04 20:45:23.384 I/audio_hw_hal_mmap( 491): [outMmapInit:680] stream:0xe6245650
06-04 20:45:23.384 I/audio_hw_hal_mmap( 491): [dma_buffer_allocate:639] enter
06-04 20:45:23.384 I/DMABUFHEAPS( 491): Using DMA-BUF heap named: system-uncached
06-04 20:45:23.384 I/audio_hw_hal_mmap( 491): [dma_buffer_allocate:673] s32DmaFd:23, pu8MmapAddr:0xe9dba000
06-04 20:45:23.384 I/audio_hw_hal_mmap( 491): [mmap_audio_register_client:927] OK ! stream 0xe6245650, client id 0
06-04 20:45:23.384 I/audio_hw_hal_primary( 491): [adev_open_output_stream:3540] vendor.media.llp 0
06-04 20:45:23.384 I/audio_hw_hal_primary( 491): [adev_open_output_stream:3610] result profile ch_mask:0x3 rate:48000 format:PCM_16_BIT(0x1) usecase:PCM_MMAP
06-04 20:45:23.384 I/audio_hw_hal_utils( 491): aml_get_stream_dump_file_name line 2929 file_name /data/vendor/audiohal/stream_pid491_tid6812.pcm
06-04 20:45:23.384 I/audio_hw_hal_primary( 491): [adev_open_output_stream_new:8037] io 397: out: 0xe6245650 card:0 alsa devices:0 exit ------
06-04 20:45:23.386 E/Scheduler( 265): trackPendingFrame: Invalid present fence
06-04 20:45:23.387 I/audio_hw_hal_primary( 491): [out_get_buffer_size:552] out:0xe6245650 config.rate=48000, format:PCM_16_BIT(0x1), stream format:PCM_16_BIT(0x1)
06-04 20:45:23.388 I/AudioFlinger( 542): AudioFlinger's thread 0xef580010 tid=8027 ready to run
06-04 20:45:23.388 W/IPCThreadState( 542): Sending oneway calls to frozen process.
06-04 20:45:23.391 I/audio_hw_hal_primary( 491): [out_set_volume:1406] out:0xe6245650 left:1.000000 continuous:1 internal_format:PCM_16_BIT dolby:0 direct pcm:1 mmap_pcm:1
06-04 20:45:23.398 D/xm_audio( 491): adev_get_parameters
06-04 20:45:23.403 E/MesonHwc( 296): open file [/sys/class/amhdmitx/amhdmitx0/aud_mute] error:Permission denied
06-04 20:45:23.403 E/MesonHwc( 296): open file [/sys/class/amhdmitx/amhdmitx0/aud_mute] error:Permission denied
06-04 20:45:23.403 E/MesonHwc( 296): dolby vision driver is not ready
06-04 20:45:23.403 E/Scheduler( 265): trackPendingFrame: Invalid present fence
06-04 20:45:23.405 D/audio_hw_hal_primary( 491): [out_dump:848] io 325: out:0xe62415a0, fd:24
06-04 20:45:23.406 W/IPCThreadState( 542): Sending oneway calls to frozen process.
06-04 20:45:23.406 D/audio_hw_hal_primary( 491): [out_set_parameters:971] out:0xe62415a0 kvpairs:closing=true;exiting=1 out->out_device:0x400, adev->out_device:0x80002
06-04 20:45:23.406 E/audio_hw_hal_primary( 491): out_set_parameters, ret:-2, hw_sync_mode:is false
06-04 20:45:23.408 I/audio_hw_hal_primary( 491): [out_set_event_callback:3158] io 325: out:0xe62415a0, callback:0xe813491d cookie:0xe8a40c70
06-04 20:45:23.408 I/audio_hw_hal_primary( 491): [adev_close_output_stream_new:8052] io handle 325: out:0xe62415a0
06-04 20:45:23.408 D/audio_hw_hal_primary( 491): adev_close_output_stream_new: enter usecase = RAW_HWSYNC
06-04 20:45:23.408 I/audio_hw_hal_primary( 491): [adev_close_output_stream:3695] io 325: out:0xe62415a0 dev:OUT_HDMI(0x400) flags:0x51, usecase:RAW_HWSYNC
06-04 20:45:23.408 D/audio_hw_hal_primary( 491): [out_standby_new:5767] io 325: out:0xe62415a0 usecase:RAW_HWSYNC
06-04 20:45:23.408 I/audio_hw_hal_primary( 491): already standby, do nothing
06-04 20:45:23.408 I/audio_hw_hal_resourcemgr( 491): [is_output_device_muted:710] device:0x2 port_mute:0, fade_mute:0
06-04 20:45:23.408 I/audio_hw_hal_primary( 491): [adev_close_output_stream:3863] io 325: out:0xe62415a0 exit ------
06-04 20:45:23.409 D/audio_hw_hal_primary( 491): [out_dump:848] io 333: out:0xe6246be0, fd:24
06-04 20:45:23.410 W/IPCThreadState( 542): Sending oneway calls to frozen process.
06-04 20:45:23.410 I/MesonDisplay( 296): [/HDCPTxAuth.cpp, authThread, 173] hdcp_tx thread loop entry
06-04 20:45:23.410 D/MesonDisplay( 296): read /sys/class/amhdmitx/amhdmitx0/hdcp_lstore, result length:0, val:
06-04 20:45:23.410 D/audio_hw_hal_primary( 491): [out_set_parameters:971] out:0xe6246be0 kvpairs:closing=true;exiting=1 out->out_device:0x400, adev->out_device:0x80002
06-04 20:45:23.410 E/audio_hw_hal_primary( 491): out_set_parameters, ret:-2, hw_sync_mode:is false
06-04 20:45:23.411 I/MesonDisplay( 296): [/HDCPTxAuth.cpp, start, 109] hdcp_tx, create hdcp thread id = 4012622272 done
06-04 20:45:23.411 D/AudioFlinger( 542): ro.audio.silent is ignored since no output device is set
06-04 20:45:23.411 I/audio_hw_hal_primary( 491): [out_set_event_callback:3158] io 333: out:0xe6246be0, callback:0xe813491d cookie:0xe8a40df0
06-04 20:45:23.411 I/audio_hw_hal_primary( 491): [adev_close_output_stream_new:8052] io handle 333: out:0xe6246be0
06-04 20:45:23.412 D/audio_hw_hal_primary( 491): adev_close_output_stream_new: enter usecase = PCM_HWSYNC
06-04 20:45:23.412 D/audio_hw_hal_timer( 491): func:audio_timer_delete delete timer.1 success.
06-04 20:45:23.412 I/SystemControl( 318): [/Ubootenv.cpp, get, 345] [ubootenv] search end and not find env:digitaudiooutput
06-04 20:45:23.412 D/audio_hw_hal_timer( 491): func:audio_timer_delete delete timer.2 success.
06-04 20:45:23.412 D/audio_hw_hal_primary( 491): [adev_close_output_stream_new:8076] timer_id:1 ret:2
06-04 20:45:23.412 I/audio_hw_hal_primary( 491): [adev_close_output_stream:3695] io 333: out:0xe6246be0 dev:OUT_HDMI(0x400) flags:0x41, usecase:PCM_HWSYNC
06-04 20:45:23.412 D/audio_hw_hal_primary( 491): [out_standby_new:5767] io 333: out:0xe6246be0 usecase:PCM_HWSYNC
06-04 20:45:23.412 I/audio_hw_hal_primary( 491): already standby, do nothing
06-04 20:45:23.412 I/audio_hw_hal_resourcemgr( 491): [is_output_device_muted:710] device:0x2 port_mute:0, fade_mute:0
06-04 20:45:23.412 I/audio_hw_hal_primary( 491): [adev_close_output_stream:3863] io 333: out:0xe6246be0 exit ------
06-04 20:45:23.413 V/MesonDisplayServer( 296): GetDisplayMode:2160p60hz
06-04 20:45:23.413 D/audio_hw_hal_primary( 491): [out_dump:848] io 349: out:0xe6243260, fd:24
06-04 20:45:23.414 I/SystemControl( 318): [/Ubootenv.cpp, get, 336] [ubootenv] get key:hdmichecksum envValue: 0xbbd00000
06-04 20:45:23.414 D/MesonDisplayServer( 296): use connector getDisplayAttribute "HDMI Color ATTR": "420,10bit"
06-04 20:45:23.414 W/IPCThreadState( 542): Sending oneway calls to frozen process.
06-04 20:45:23.414 I/SystemControl( 318): [/Ubootenv.cpp, updateValue, 68] [ubootenv] update value name [ubootenv.var.2160p60hz_deepcolor]: value [420,10bit]
06-04 20:45:23.414 I/SystemControl( 318): [/Ubootenv.cpp, get, 336] [ubootenv] get key:2160p60hz_deepcolor envValue: 420,10bit
06-04 20:45:23.414 D/audio_hw_hal_primary( 491): [out_set_parameters:971] out:0xe6243260 kvpairs:closing=true;exiting=1 out->out_device:0x400, adev->out_device:0x80002
06-04 20:45:23.414 I/SystemControl( 318): [/Ubootenv.cpp, updateValue, 68] [ubootenv] update value name [ubootenv.var.colorattribute]: value [420,10bit]
06-04 20:45:23.414 I/SystemControl( 318): [/Ubootenv.cpp, get, 336] [ubootenv] get key:colorattribute envValue: 420,10bit
06-04 20:45:23.414 E/audio_hw_hal_primary( 491): out_set_parameters, ret:-2, hw_sync_mode:is false
06-04 20:45:23.415 I/SystemControl( 318): [/Ubootenv.cpp, updateValue, 68] [ubootenv] update value name [ubootenv.var.hdmi_colordepth]: value [8]
06-04 20:45:23.415 I/SystemControl( 318): [/Ubootenv.cpp, get, 336] [ubootenv] get key:hdmi_colordepth envValue: 8
06-04 20:45:23.415 I/audio_hw_hal_primary( 491): [out_set_event_callback:3158] io 349: out:0xe6243260, callback:0xe813491d cookie:0xe8a414b0
06-04 20:45:23.415 I/SystemControl( 318): [/Ubootenv.cpp, updateValue, 68] [ubootenv] update value name [ubootenv.var.hdmi_colorspace]: value [auto]
06-04 20:45:23.416 I/SystemControl( 318): [/Ubootenv.cpp, get, 336] [ubootenv] get key:hdmi_colorspace envValue: auto
06-04 20:45:23.416 I/audio_hw_hal_primary( 491): [adev_close_output_stream_new:8052] io handle 349: out:0xe6243260
06-04 20:45:23.416 D/audio_hw_hal_primary( 491): adev_close_output_stream_new: enter usecase = RAW_DIRECT
06-04 20:45:23.416 I/audio_hw_hal_primary( 491): [adev_close_output_stream:3695] io 349: out:0xe6243260 dev:OUT_HDMI(0x400) flags:0x401, usecase:RAW_DIRECT
06-04 20:45:23.416 D/audio_hw_hal_primary( 491): [out_standby_new:5767] io 349: out:0xe6243260 usecase:RAW_DIRECT
06-04 20:45:23.416 I/audio_hw_hal_primary( 491): already standby, do nothing
06-04 20:45:23.416 I/audio_hw_hal_resourcemgr( 491): [is_output_device_muted:710] device:0x2 port_mute:0, fade_mute:0
06-04 20:45:23.416 I/audio_hw_hal_primary( 491): [adev_close_output_stream:3863] io 349: out:0xe6243260 exit ------
06-04 20:45:23.416 I/SystemControl( 318): [/Ubootenv.cpp, updateValue, 68] [ubootenv] update value name [ubootenv.var.outputmode]: value [2160p60hz]
06-04 20:45:23.416 I/SystemControl( 318): [/Ubootenv.cpp, get, 336] [ubootenv] get key:outputmode envValue: 2160p60hz
06-04 20:45:23.416 E/MesonHwc( 296): dolby vision driver is not ready
06-04 20:45:23.417 D/audio_hw_hal_primary( 491): [out_dump:848] io 357: out:0xe6249e30, fd:24
06-04 20:45:23.418 W/IPCThreadState( 542): Sending oneway calls to frozen process.
06-04 20:45:23.419 D/audio_hw_hal_primary( 491): [out_set_parameters:971] out:0xe6249e30 kvpairs:closing=true;exiting=1 out->out_device:0x400, adev->out_device:0x80002
06-04 20:45:23.419 E/audio_hw_hal_primary( 491): out_set_parameters, ret:-2, hw_sync_mode:is false
06-04 20:45:23.420 I/audio_hw_hal_primary( 491): [out_set_event_callback:3158] io 357: out:0xe6249e30, callback:0xe813491d cookie:0xe8a419f0
06-04 20:45:23.420 I/audio_hw_hal_primary( 491): [adev_close_output_stream_new:8052] io handle 357: out:0xe6249e30
06-04 20:45:23.420 D/audio_hw_hal_primary( 491): adev_close_output_stream_new: enter usecase = RAW_DIRECT
06-04 20:45:23.420 I/audio_hw_hal_primary( 491): [adev_close_output_stream:3695] io 357: out:0xe6249e30 dev:OUT_HDMI(0x400) flags:0x11, usecase:RAW_DIRECT
06-04 20:45:23.420 D/audio_hw_hal_primary( 491): [out_standby_new:5767] io 357: out:0xe6249e30 usecase:RAW_DIRECT
06-04 20:45:23.420 I/audio_hw_hal_primary( 491): already standby, do nothing
06-04 20:45:23.420 I/audio_hw_hal_resourcemgr( 491): [is_output_device_muted:710] device:0x2 port_mute:0, fade_mute:0
06-04 20:45:23.420 I/audio_hw_hal_primary( 491): [adev_close_output_stream:3863] io 357: out:0xe6249e30 exit ------
06-04 20:45:23.420 E/MesonHwc( 296): dolby vision driver is not ready
06-04 20:45:23.421 D/audio_hw_hal_primary( 491): [out_dump:848] io 373: out:0xe6249700, fd:24
06-04 20:45:23.423 E/MesonHwc( 296): dolby vision driver is not ready
06-04 20:45:23.423 W/IPCThreadState( 542): Sending oneway calls to frozen process.
06-04 20:45:23.424 D/audio_hw_hal_primary( 491): [out_set_parameters:971] out:0xe6249700 kvpairs:closing=true;exiting=1 out->out_device:0x400, adev->out_device:0x80002
06-04 20:45:23.424 E/audio_hw_hal_primary( 491): out_set_parameters, ret:-2, hw_sync_mode:is false
06-04 20:45:23.424 D/MesonHwc( 296): ERR: PLEASE FIX NON-IMPLEMENT FUN(update).
06-04 20:45:23.424 D/MesonComposer3( 296): halEventcallback onHotplug client3.0
06-04 20:45:23.424 D/AudioFlinger( 542): ro.audio.silent is ignored since no output device is set
06-04 20:45:23.425 E/MesonHwc( 296): getPort 11
06-04 20:45:23.425 E/MesonHwc( 296): getPort 11
06-04 20:45:23.425 I/SystemControl( 318): notify plugin
06-04 20:45:23.425 I/SystemControl( 318): [/SystemControlHal.cpp, onEvent, 72] onEvent event:3, client size:5
06-04 20:45:23.425 I/SystemControlClient( 499): notifyCallback event type:3
06-04 20:45:23.425 I/SystemControlClient( 499): notifyCallback: listener is NULL.
06-04 20:45:23.425 I/SystemControlClient( 498): notifyCallback event type:3
06-04 20:45:23.425 I/SystemControlClient( 498): notifyCallback: listener is NULL.
06-04 20:45:23.425 I/SystemControlClient( 245): notifyCallback event type:3
06-04 20:45:23.425 I/SystemControlClient( 245): notifyCallback: listener is NULL.
06-04 20:45:23.425 I/SystemControlClient( 497): notifyCallback event type:3
06-04 20:45:23.425 I/SystemControlClient( 497): notifyCallback: listener is NULL.
06-04 20:45:23.422 I/HwBinder:318_A( 318): type=1400 audit(0.0:1605): avc: denied { call } for scontext=u:r:system_control:s0 tcontext=u:r:hal_power_default:s0 tclass=binder permissive=1
06-04 20:45:23.429 I/SystemControlEvent( 1030): system control callback event: 3
06-04 20:45:23.422 I/HwBinder:318_A( 318): type=1400 audit(0.0:1606): avc: denied { call } for scontext=u:r:system_control:s0 tcontext=u:r:hal_oemlock_default:s0 tclass=binder permissive=1
06-04 20:45:23.431 E/ccc ( 1349): cccccc hdmi plug reset
06-04 20:45:23.432 E/xxxxxxxxxxxxxxx( 1414): onReceive:mIsHDMIPlugged = true
06-04 20:45:23.422 I/HwBinder:318_A( 318): type=1400 audit(0.0:1607): avc: denied { call } for scontext=u:r:system_control:s0 tcontext=u:r:mediacodec:s0 tclass=binder permissive=1
06-04 20:45:23.432 I/SurfaceFlinger( 265): Reconnecting display 4625716335649126413 (HAL ID 0)
06-04 20:45:23.433 I/audio_hw_hal_primary( 491): [out_set_event_callback:3158] io 373: out:0xe6249700, callback:0xe813491d cookie:0xe8a40f10
06-04 20:45:23.434 I/audio_hw_hal_primary( 491): [adev_close_output_stream_new:8052] io handle 373: out:0xe6249700
06-04 20:45:23.434 D/audio_hw_hal_primary( 491): adev_close_output_stream_new: enter usecase = RAW_DIRECT
06-04 20:45:23.434 I/audio_hw_hal_primary( 491): [adev_close_output_stream:3695] io 373: out:0xe6249700 dev:OUT_HDMI(0x400) flags:0x441, usecase:RAW_DIRECT
06-04 20:45:23.434 D/audio_hw_hal_primary( 491): [out_standby_new:5767] io 373: out:0xe6249700 usecase:RAW_DIRECT
06-04 20:45:23.434 I/audio_hw_hal_primary( 491): already standby, do nothing
06-04 20:45:23.434 I/audio_hw_hal_resourcemgr( 491): [is_output_device_muted:710] device:0x2 port_mute:0, fade_mute:0
06-04 20:45:23.434 I/audio_hw_hal_primary( 491): [adev_close_output_stream:3863] io 373: out:0xe6249700 exit ------
06-04 20:45:23.436 E/MesonComposer3( 296): destroyLayer: display:0 failed to destroy layer:46
06-04 20:45:23.436 E/HwcComposer( 265): destroyLayer failed Status(-8, EX_SERVICE_SPECIFIC): '3: '
06-04 20:45:23.436 E/HWC2 ( 265): destroyLayer(0, 46) failed: BadLayer (3)
06-04 20:45:23.437 E/HwcComposer( 265): setClientTargetSlotCount failed Status(-8, EX_SERVICE_SPECIFIC): '4: '
06-04 20:45:23.437 I/FramebufferSurface( 265): Framebuffer size has been limited to [1920x1080] from [3840x2160]
06-04 20:45:23.437 D/audio_hw_hal_primary( 491): [out_dump:848] io 381: out:0xe62464b0, fd:24
06-04 20:45:23.440 W/IPCThreadState( 542): Sending oneway calls to frozen process.
06-04 20:45:23.440 D/audio_hw_hal_primary( 491): [out_set_parameters:971] out:0xe62464b0 kvpairs:closing=true;exiting=1 out->out_device:0x400, adev->out_device:0x80002
06-04 20:45:23.440 E/audio_hw_hal_primary( 491): out_set_parameters, ret:-2, hw_sync_mode:is false
06-04 20:45:23.441 D/AudioFlinger( 542): ro.audio.silent is ignored since no output device is set
06-04 20:45:23.441 I/audio_hw_hal_primary( 491): [out_set_event_callback:3158] io 381: out:0xe62464b0, callback:0xe813491d cookie:0xe8a40c10
06-04 20:45:23.441 I/audio_hw_hal_primary( 491): [adev_close_output_stream_new:8052] io handle 381: out:0xe62464b0
06-04 20:45:23.441 D/audio_hw_hal_primary( 491): adev_close_output_stream_new: enter usecase = RAW_DIRECT
06-04 20:45:23.441 I/audio_hw_hal_primary( 491): [adev_close_output_stream:3695] io 381: out:0xe62464b0 dev:OUT_HDMI(0x400) flags:0x1, usecase:RAW_DIRECT
06-04 20:45:23.441 D/audio_hw_hal_primary( 491): [out_standby_new:5767] io 381: out:0xe62464b0 usecase:RAW_DIRECT
06-04 20:45:23.441 I/audio_hw_hal_primary( 491): already standby, do nothing
06-04 20:45:23.441 I/audio_hw_hal_resourcemgr( 491): [is_output_device_muted:710] device:0x2 port_mute:0, fade_mute:0
06-04 20:45:23.441 I/audio_hw_hal_primary( 491): [adev_close_output_stream:3863] io 381: out:0xe62464b0 exit ------
06-04 20:45:23.444 D/AudioFlinger( 542): closing mmapThread 0xef580010
06-04 20:45:23.445 W/IPCThreadState( 542): Sending oneway calls to frozen process.
06-04 20:45:23.445 D/AudioFlinger( 542): mmapThread exit()
06-04 20:45:23.445 I/audio_hw_hal_primary( 491): [adev_close_output_stream_new:8052] io handle 397: out:0xe6245650
06-04 20:45:23.446 D/audio_hw_hal_primary( 491): adev_close_output_stream_new: enter usecase = PCM_MMAP
06-04 20:45:23.446 I/audio_hw_hal_primary( 491): [adev_close_output_stream:3695] io 397: out:0xe6245650 dev:OUT_HDMI(0x400) flags:0x4001, usecase:PCM_MMAP
06-04 20:45:23.446 D/audio_hw_hal_primary( 491): [out_standby_new:5767] io 397: out:0xe6245650 usecase:PCM_MMAP
06-04 20:45:23.446 I/audio_hw_hal_primary( 491): already standby, do nothing
06-04 20:45:23.446 I/audio_hw_hal_mmap( 491): [outMmapDeInit:743] stream:0xe6245650
06-04 20:45:23.446 I/audio_hw_hal_mmap( 491): [mmap_audio_unregister_client:955] OK ! stream 0xe6245650, client id 0
06-04 20:45:23.446 I/audio_hw_hal_primary( 491): when close aaudio stream, send STANDBY msg to submix & ms12
06-04 20:45:23.446 I/audio_hw_hal_ms12common( 491): aml_set_ms12_scheduler_state ms12_scheduler_state:1, sch_state:1 SCHEDULER_STANDBY is sent to ms12
06-04 20:45:23.446 I/audio_hw_hal_resourcemgr( 491): [is_output_device_muted:710] device:0x2 port_mute:0, fade_mute:0
06-04 20:45:23.446 I/audio_hw_hal_primary( 491): [adev_close_output_stream:3863] io 397: out:0xe6245650 exit ------
06-04 20:45:23.448 W/IPCThreadState( 542): Sending oneway calls to frozen process.
06-04 20:45:23.449 I/AudioService( 707): onAccessoryPlugMediaUnmute newDevice=1024 [hdmi]
06-04 20:45:23.450 I/AS.AudioDeviceInventory( 707): sendDeviceConnectionIntent(dev:0x400 state:0x1 address: name:);
06-04 20:45:23.457 I/Scheduler( 265): Display 4625716335649126413 is the pacesetter
06-04 20:45:23.457 E/SchedulerTimer( 265): Terminated
06-04 20:45:23.458 D/SurfaceFlinger( 265): Setting power mode 2 on display 4625716335649126413
06-04 20:45:23.458 W/EventThread( 265): Failed dispatching Hotplug{displayId=4625716335649126413, connected} for Connection{0xf1442a90, VSyncRequest::None}
06-04 20:45:23.458 W/EventThread( 265): Failed dispatching Hotplug{displayId=4625716335649126413, connected} for Connection{0xf1443110, VSyncRequest::None}
06-04 20:45:23.458 D/SurfaceFlinger( 265): Finished setting power mode 2 on display 4625716335649126413
06-04 20:45:23.463 I/MesonDisplay( 296): [/mode_policy.c, meson_mode_set_policy, 1177] connector:0 to policy:0
06-04 20:45:23.463 I/MesonDisplay( 296): [/mode_policy.c, is_dv_prefer, 66] not prefer dv, hdr_priority:10000010
06-04 20:45:23.463 I/MesonDisplay( 296): [/mode_policy.c, is_dv_prefer, 66] not prefer dv, hdr_priority:10000010
06-04 20:45:23.463 I/MesonDisplay( 296): [/mode_policy.c, hdr_scene_process, 724] policy:0 is_bestcolorspace:1 state:0
06-04 20:45:23.463 I/MesonDisplay( 296): [/mode_policy_parser.c, is_support_hdmimode, 115] is_support_hdmimode mode: none not support
06-04 20:45:23.463 I/MesonDisplay( 296): [/mode_policy_parser.c, is_support_hdmimode, 110] is_support_hdmimode mode: 2160p60hz
06-04 20:45:23.463 D/MesonDisplay( 296): meson_write /sys/class/amhdmitx/amhdmitx0/valid_mode, outputmode:2160p60hz420,10bit
06-04 20:45:23.463 D/MesonDisplay( 296): valid mode is true!
06-04 20:45:23.463 I/MesonDisplay( 296): [/mode_policy.c, is_support_4kHDR, 499] is_support_4kHDR mode:[420,10bit], deep color:[2160p60hz]
06-04 20:45:23.463 I/MesonDisplay( 296): [/mode_policy.c, meson_mode_get_policy_output, 1289] final_displaymode:2160p60hz, final_deepcolor:420,10bit, amdv_type:0
06-04 20:45:23.463 I/MesonDisplay( 296): [/mode_policy.c, meson_mode_set_policy, 1177] connector:0 to policy:0
06-04 20:45:23.466 D/LocalDisplayAdapter( 707): The active mode was changed from SurfaceFlinger or the display device to {id=62, width=3840, height=2160, fps=59.94006, alternativeRefreshRates=[], supportedHdrTypes=[2, 3]}
06-04 20:45:23.466 D/LocalDisplayAdapter( 707): New display modes are added and the active mode has changed, use active mode as default mode.
06-04 20:45:23.466 W/LocalDisplayAdapter( 707): DisplayModeSpecs base mode no longer available, using currently active mode.
