06-04 20:47:11.079 W/eventbuscore( 1414): post Event:com.dangbei.leard.base.entity.event.NetWifiRssiEvent
06-04 20:47:11.088 E/ccc ( 4242): cccccc result is not empty call back
06-04 20:47:11.088 E/ccc ( 4242): cccccc 666666666666666
06-04 20:47:11.101 E/ccc ( 4242): cccccc sort 4 42
06-04 20:47:11.160 D/XM_HIDREAD( 1910): poll ret=1, event=1
06-04 20:47:11.160 D/XM_HIDREAD( 1910): [9 bytes]:01 00 00 29 00 00 00 00 00
06-04 20:47:11.193 I/audio_hw_hal_primary( 491): [register_audio_patch:8215] Patch 9:id:9 mix(io:13)->dev_0[OUT_HDMI(id:77)] found, register the same patch, do nothing.
06-04 20:47:11.193 I/audio_hw_hal_primary( 491): [adev_create_audio_patch:8316] Patch 9: MIX->DEVICE, num_src:1 num_sink:1 patch_src:INVAL
06-04 20:47:11.193 I/audio_hw_hal_primary( 491): [adev_create_audio_patch:8320] sink[0]: OUT_HDMI(id:77)
06-04 20:47:11.193 I/audio_hw_hal_primary( 491): [adev_create_audio_patch:8377] Patch 9: mix(io:13) -> dev[OUT_HDMI(id:77)]
06-04 20:47:11.193 I/audio_hw_hal_primary( 491): [adev_create_audio_patch:8445] dev=0xe71c0010 cur_out_device=0x400
06-04 20:47:11.194 D/UEventObserver( 1030): change@/devices/platform/auge_sound/sound/card0/controlC0ACTION=changeDEVPATH=/devices/platform/auge_sound/sound/card0/controlC0SUBSYSTEM=soundAUDIO_FORMAT=0MAJOR=116MINOR=13DEVNAME=snd/controlC0SEQNUM=3830
06-04 20:47:11.197 W/IPCThreadState( 542): Sending oneway calls to frozen process.
06-04 20:47:11.200 D/audioserver( 542): logFgsApiBegin: FGS Logger Transaction failed, -129
06-04 20:47:11.203 I/audio_hw_hal_primary( 491): out_update_source_metadata_v7() line 2013 usage:1 content_type:2
06-04 20:47:11.205 I/SogouIME( 1396): onKeyDown: keyoCode=4
06-04 20:47:11.205 I/DefaultIMS( 1396): onKeyDown: keyoCode=4
06-04 20:47:11.244 E/TaskPersister( 707): File error accessing recents directory (directory doesn't exist?).
06-04 20:47:11.284 D/XM_HIDREAD( 1910): poll ret=1, event=1
06-04 20:47:11.284 D/XM_HIDREAD( 1910): [9 bytes]:01 00 00 00 00 00 00 00 00
06-04 20:47:11.287 I/SogouIME( 1396): onKeyUp: keyoCode=4
06-04 20:47:11.287 I/DefaultIMS( 1396): onKeyUp: keyoCode=4
06-04 20:47:11.323 D/UtilLog ( 2071): 日志批量上报 进行正常循环 !!!!!!本次有0次请求,共0条数据
06-04 20:47:11.349 W/View ( 4242): requestLayout() improperly called by com.google.android.material.textview.MaterialTextView{d41dfd9 V.ED..... ..S...ID 80,30-298,70 #7f0901c7 app:id/leaf_net_item_name_tv} during layout: running second layout pass
06-04 20:47:11.363 I/audio_hw_hal_primary( 491): [audiohal_get_latency:1333] io 13: out:0xe6245d80 frames:1152 rate:48000 whole_latency:24 alsa_latency:24
06-04 20:47:11.385 I/audio_hw_hal_primary( 491): [audiohal_get_latency:1333] io 13: out:0xe6245d80 frames:1152 rate:48000 whole_latency:24 alsa_latency:24
06-04 20:47:11.406 I/audio_hw_hal_primary( 491): [audiohal_get_latency:1333] io 13: out:0xe6245d80 frames:1152 rate:48000 whole_latency:24 alsa_latency:24
06-04 20:47:11.428 I/audio_hw_hal_primary( 491): [audiohal_get_latency:1333] io 13: out:0xe6245d80 frames:1152 rate:48000 whole_latency:24 alsa_latency:24
06-04 20:47:11.449 I/audio_hw_hal_primary( 491): [audiohal_get_latency:1333] io 13: out:0xe6245d80 frames:1152 rate:48000 whole_latency:24 alsa_latency:24
06-04 20:47:11.470 I/audio_hw_hal_primary( 491): [audiohal_get_latency:1333] io 13: out:0xe6245d80 frames:1152 rate:48000 whole_latency:24 alsa_latency:24
06-04 20:47:11.492 I/audio_hw_hal_primary( 491): [audiohal_get_latency:1333] io 13: out:0xe6245d80 frames:1152 rate:48000 whole_latency:24 alsa_latency:24
06-04 20:47:11.513 I/audio_hw_hal_primary( 491): [audiohal_get_latency:1333] io 13: out:0xe6245d80 frames:1152 rate:48000 whole_latency:24 alsa_latency:24
06-04 20:47:11.536 I/audio_hw_hal_primary( 491): [audiohal_get_latency:1333] io 13: out:0xe6245d80 frames:1152 rate:48000 whole_latency:24 alsa_latency:24
06-04 20:47:11.537 D/audioserver( 542): logFgsApiEnd: FGS Logger Transaction failed, -129
06-04 20:47:12.644 I/audio_hw_hal_stream( 491): aml_stream_out_info_print: out:0xe6245d80, stream_type:pcm, sync_mode:non tunnel, input_size:296919040 bytes
06-04 20:47:12.644 I/audio_hw_hal_stream( 491): aml_stream_out_info_print: last_time:2299376 ms (sec:2299, nsec:376656470), last_position:1546279 ms (74221392), cur_time:2299397 ms (sec:2299, nsec:397922304), cur_position:1546300 ms (74222416)
06-04 20:47:12.644 I/audio_hw_hal_stream( 491): aml_stream_out_info_print: time_gap:21 ms (thr:100 ms), position_gap:21 ms, delay:153 ms, jitter: Position gap is ahead of system time gap by 0 ms (thr:100 ms)
06-04 20:47:13.252 I/WifiHAL ( 524): call wifi_get_link_stats handler
06-04 20:47:13.253 I/WifiHAL ( 524): Creating message to get link statistics; iface = 16
06-04 20:47:13.253 D/WifiHAL ( 524): error code -95 mapped to -3
06-04 20:47:13.253 E/WifiStaIfaceAidlImpl( 707): getLinkLayerStats failed with service-specific exception: android.os.ServiceSpecificException: (code 4)
06-04 20:47:14.329 D/audio_hw_hal_primary( 491): [out_standby_new:5767] io 13: out:0xe6245d80 usecase:PCM_NORMAL
06-04 20:47:14.329 I/audio_hw_hal_primary( 491): [do_output_standby_l:5663] io 13: out:0xe6245d80, stream usecase:PCM_NORMAL, continuous:1
06-04 20:47:14.329 I/audio_hw_hal_primary( 491): [usecase_change_validate_l:7436] ++ io 13: out:0xe6245d80 dev masks:0x1 is_standby:1 out usecase:PCM_NORMAL
06-04 20:47:14.329 I/audio_hw_hal_ms12common( 491): aml_set_ms12_scheduler_state ms12_scheduler_state:1, sch_state:1 SCHEDULER_STANDBY is sent to ms12
06-04 20:47:14.329 I/audio_hw_hal_primary( 491): [usecase_change_validate_l:7477] -- dev masks:0 is_standby:1 out usecase PCM_NORMAL
06-04 20:47:14.329 D/audio_hw_hal_primary( 491): [out_standby_new:5790] io 13: out:0xe6245d80 usecase:PCM_NORMAL exit
06-04 20:47:14.359 I/audio_hw_hal_alsamgr( 491): alsa format =0x1 delay frames =1024 total frames=109922560
06-04 20:47:14.406 D/libdolbyms12( 491): continuous underrun 2
06-04 20:47:15.998 D/XM_HIDREAD( 1910): poll ret=1, event=1
06-04 20:47:15.998 D/XM_HIDREAD( 1910): [9 bytes]:01 00 00 51 00 00 00 00 00
06-04 20:47:16.014 I/audio_hw_hal_primary( 491): [register_audio_patch:8215] Patch 9:id:9 mix(io:13)->dev_0[OUT_HDMI(id:77)] found, register the same patch, do nothing.
06-04 20:47:16.014 I/audio_hw_hal_primary( 491): [adev_create_audio_patch:8316] Patch 9: MIX->DEVICE, num_src:1 num_sink:1 patch_src:INVAL
06-04 20:47:16.014 I/audio_hw_hal_primary( 491): [adev_create_audio_patch:8320] sink[0]: OUT_HDMI(id:77)
06-04 20:47:16.014 I/audio_hw_hal_primary( 491): [adev_create_audio_patch:8377] Patch 9: mix(io:13) -> dev[OUT_HDMI(id:77)]
06-04 20:47:16.015 I/audio_hw_hal_primary( 491): [adev_create_audio_patch:8445] dev=0xe71c0010 cur_out_device=0x400
06-04 20:47:16.016 D/UEventObserver( 1030): change@/devices/platform/auge_sound/sound/card0/controlC0ACTION=changeDEVPATH=/devices/platform/auge_sound/sound/card0/controlC0SUBSYSTEM=soundAUDIO_FORMAT=0MAJOR=116MINOR=13DEVNAME=snd/controlC0SEQNUM=3831
06-04 20:47:16.019 W/IPCThreadState( 542): Sending oneway calls to frozen process.
06-04 20:47:16.024 D/audioserver( 542): logFgsApiBegin: FGS Logger Transaction failed, -129
06-04 20:47:16.026 I/audio_hw_hal_primary( 491): out_update_source_metadata_v7() line 2013 usage:1 content_type:2
06-04 20:47:16.027 D/audio_hw_hal_ms12v2( 491): set_dolby_ms12_continuous_state audio_continuous_standby_set status 0
06-04 20:47:16.028 D/audio_hw_hal_continuous_standby( 491): audio_continuous_standby_set, type 0, params 0
06-04 20:47:16.028 I/audio_hw_hal_ms12common( 491): aml_set_ms12_scheduler_state ms12_scheduler_state:0, sch_state:0 SCHEDULER_RUNNING is sent to ms12
06-04 20:47:16.028 I/audio_hw_hal_primary( 491): [mixer_aux_buffer_write:7017] io 13: out:0xe6245d80 usecase:PCM_NORMAL standby to unstandby
06-04 20:47:16.028 E/audio_hw_hal_virtualbuf( 491): ms12 system input underrun happens read=8420767088 write=6826666560 diff=1594100528
06-04 20:47:16.035 I/SogouIME( 1396): onKeyDown: keyoCode=20
06-04 20:47:16.035 I/DefaultIMS( 1396): onKeyDown: keyoCode=20
06-04 20:47:16.050 I/audio_hw_hal_stream( 491): aml_stream_out_info_print: out:0xe6245d80, stream_type:pcm, sync_mode:non tunnel, input_size:297246720 bytes
06-04 20:47:16.050 I/audio_hw_hal_stream( 491): aml_stream_out_info_print: last_time:2301083 ms (sec:2301, nsec:83424013), last_position:1547985 ms (74303312), cur_time:2302799 ms (sec:2302, nsec:799949722), cur_position:1548081 ms (74307920)
06-04 20:47:16.050 I/audio_hw_hal_stream( 491): aml_stream_out_info_print: time_gap:1716 ms (thr:100 ms), position_gap:96 ms, delay:78 ms, jitter: Position gap is behind system time gap by 1620 ms (thr:100 ms)
06-04 20:47:16.091 I/audio_hw_hal_primary( 491): [register_audio_patch:8215] Patch 9:id:9 mix(io:13)->dev_0[OUT_HDMI(id:77)] found, register the same patch, do nothing.
06-04 20:47:16.091 I/audio_hw_hal_primary( 491): [adev_create_audio_patch:8316] Patch 9: MIX->DEVICE, num_src:1 num_sink:1 patch_src:INVAL
06-04 20:47:16.091 I/audio_hw_hal_primary( 491): [adev_create_audio_patch:8320] sink[0]: OUT_HDMI(id:77)
06-04 20:47:16.091 I/audio_hw_hal_primary( 491): [adev_create_audio_patch:8377] Patch 9: mix(io:13) -> dev[OUT_HDMI(id:77)]
06-04 20:47:16.091 D/UEventObserver( 1030): change@/devices/platform/auge_sound/sound/card0/controlC0ACTION=changeDEVPATH=/devices/platform/auge_sound/sound/card0/controlC0SUBSYSTEM=soundAUDIO_FORMAT=0MAJOR=116MINOR=13DEVNAME=snd/controlC0SEQNUM=3832
06-04 20:47:16.091 I/audio_hw_hal_primary( 491): [adev_create_audio_patch:8445] dev=0xe71c0010 cur_out_device=0x400
06-04 20:47:16.092 D/audioserver( 542): logFgsApiEnd: FGS Logger Transaction failed, -129
06-04 20:47:16.092 D/audioserver( 542): logFgsApiBegin: FGS Logger Transaction failed, -129
06-04 20:47:16.093 I/audio_hw_hal_primary( 491): out_update_source_metadata_v7() line 2013 usage:1 content_type:2
06-04 20:47:16.094 W/IPCThreadState( 542): Sending oneway calls to frozen process.
06-04 20:47:16.096 D/audioserver( 542): logFgsApiBegin: FGS Logger Transaction failed, -129
06-04 20:47:16.132 I/audio_hw_hal_primary( 491): out_update_source_metadata_v7() line 2013 usage:1 content_type:2
06-04 20:47:16.133 D/XM_HIDREAD( 1910): poll ret=1, event=1
06-04 20:47:16.133 D/XM_HIDREAD( 1910): [9 bytes]:01 00 00 00 00 00 00 00 00
06-04 20:47:16.136 I/SogouIME( 1396): onKeyUp: keyoCode=20
06-04 20:47:16.136 I/DefaultIMS( 1396): onKeyUp: keyoCode=20
06-04 20:47:16.171 I/audio_hw_hal_primary( 491): [audiohal_get_latency:1333] io 13: out:0xe6245d80 frames:1152 rate:48000 whole_latency:24 alsa_latency:24
06-04 20:47:16.211 I/audio_hw_hal_primary( 491): [audiohal_get_latency:1333] io 13: out:0xe6245d80 frames:1152 rate:48000 whole_latency:24 alsa_latency:24
06-04 20:47:16.251 I/audio_hw_hal_primary( 491): [audiohal_get_latency:1333] io 13: out:0xe6245d80 frames:1024 rate:48000 whole_latency:21 alsa_latency:21
06-04 20:47:16.252 I/audio_hw_hal_primary( 491): [audiohal_get_latency:1333] io 13: out:0xe6245d80 frames:1024 rate:48000 whole_latency:21 alsa_latency:21
06-04 20:47:16.261 I/WifiHAL ( 524): call wifi_get_link_stats handler
06-04 20:47:16.261 I/WifiHAL ( 524): Creating message to get link statistics; iface = 16
06-04 20:47:16.261 D/WifiHAL ( 524): error code -95 mapped to -3
06-04 20:47:16.261 E/WifiStaIfaceAidlImpl( 707): getLinkLayerStats failed with service-specific exception: android.os.ServiceSpecificException: (code 4)
06-04 20:47:16.273 I/audio_hw_hal_primary( 491): [audiohal_get_latency:1333] io 13: out:0xe6245d80 frames:1024 rate:48000 whole_latency:21 alsa_latency:21
06-04 20:47:16.274 I/audio_hw_hal_primary( 491): [audiohal_get_latency:1333] io 13: out:0xe6245d80 frames:1024 rate:48000 whole_latency:21 alsa_latency:21
06-04 20:47:16.274 D/audioserver( 542): logFgsApiEnd: FGS Logger Transaction failed, -129
06-04 20:47:16.276 I/audio_hw_hal_primary( 491): out_update_source_metadata_v7() line 2013 usage:13 content_type:4
06-04 20:47:16.290 I/audio_hw_hal_primary( 491): [audiohal_get_latency:1333] io 13: out:0xe6245d80 frames:1280 rate:48000 whole_latency:26 alsa_latency:26
06-04 20:47:16.312 I/audio_hw_hal_primary( 491): [audiohal_get_latency:1333] io 13: out:0xe6245d80 frames:1024 rate:48000 whole_latency:21 alsa_latency:21
06-04 20:47:16.330 I/audio_hw_hal_primary( 491): [audiohal_get_latency:1333] io 13: out:0xe6245d80 frames:1152 rate:48000 whole_latency:24 alsa_latency:24
06-04 20:47:16.352 I/audio_hw_hal_primary( 491): [audiohal_get_latency:1333] io 13: out:0xe6245d80 frames:1152 rate:48000 whole_latency:24 alsa_latency:24
06-04 20:47:16.354 D/audioserver( 542): logFgsApiEnd: FGS Logger Transaction failed, -129
06-04 20:47:17.651 I/audio_hw_hal_stream( 491): aml_stream_out_info_print: out:0xe6245d80, stream_type:pcm, sync_mode:non tunnel, input_size:297566208 bytes
06-04 20:47:17.651 I/audio_hw_hal_stream( 491): aml_stream_out_info_print: last_time:2304385 ms (sec:2304, nsec:385198473), last_position:1549665 ms (74383952), cur_time:2304406 ms (sec:2304, nsec:406391348), cur_position:1549687 ms (74384976)
06-04 20:47:17.651 I/audio_hw_hal_stream( 491): aml_stream_out_info_print: time_gap:21 ms (thr:100 ms), position_gap:21 ms, delay:137 ms, jitter: Position gap is ahead of system time gap by 0 ms (thr:100 ms)
06-04 20:47:18.133 D/WanClient( 1349): sendHeartMessage
06-04 20:47:18.133 D/WanClient( 1349): -----final------sendMessage: {"type":"2bKPMh2jwmQ="}
06-04 20:47:18.145 D/WanClient( 1349): onMessage:Thread[WebSocketConnectReadThread-71,5,main]--{"msg":"+MSejyjwlbc="}
06-04 20:47:18.150 D/WanClient( 1349): onMessageReceived:Thread[WebSocketConnectReadThread-71,5,main] {"msg":"+MSejyjwlbc="}
06-04 20:47:18.150 D/WanClient( 1349): type: null
06-04 20:47:18.150 D/WanClient( 1349): send:HB7FxtN64oc=
06-04 20:47:18.150 D/WanClient( 1349): leave:uQ3qCmhm4oA=
06-04 20:47:18.150 D/WanClient( 1349): join:7EsoetslBbs=
06-04 20:47:18.150 D/WanClient( 1349): ITtylgY8LAxdmHmRQSo49Q==
06-04 20:47:19.230 D/audio_hw_hal_primary( 491): [out_standby_new:5767] io 13: out:0xe6245d80 usecase:PCM_NORMAL
06-04 20:47:19.230 I/audio_hw_hal_primary( 491): [do_output_standby_l:5663] io 13: out:0xe6245d80, stream usecase:PCM_NORMAL, continuous:1
06-04 20:47:19.230 I/audio_hw_hal_primary( 491): [usecase_change_validate_l:7436] ++ io 13: out:0xe6245d80 dev masks:0x1 is_standby:1 out usecase:PCM_NORMAL
06-04 20:47:19.230 I/audio_hw_hal_ms12common( 491): aml_set_ms12_scheduler_state ms12_scheduler_state:1, sch_state:1 SCHEDULER_STANDBY is sent to ms12
06-04 20:47:19.230 I/audio_hw_hal_primary( 491): [usecase_change_validate_l:7477] -- dev masks:0 is_standby:1 out usecase PCM_NORMAL
06-04 20:47:19.230 D/audio_hw_hal_primary( 491): [out_standby_new:5790] io 13: out:0xe6245d80 usecase:PCM_NORMAL exit
06-04 20:47:19.269 I/WifiHAL ( 524): call wifi_get_link_stats handler
06-04 20:47:19.269 I/WifiHAL ( 524): Creating message to get link statistics; iface = 16
06-04 20:47:19.269 D/WifiHAL ( 524): error code -95 mapped to -3
06-04 20:47:19.269 E/WifiStaIfaceAidlImpl( 707): getLinkLayerStats failed with service-specific exception: android.os.ServiceSpecificException: (code 4)
06-04 20:47:19.314 D/libdolbyms12( 491): continuous underrun 2
06-04 20:47:19.692 I/audio_hw_hal_alsamgr( 491): alsa format =0x1 delay frames =1024 total frames=110178560
06-04 20:47:20.430 I/cling--ap-139( 2892): type=1400 audit(0.0:1626): avc: denied { read } for name="address" dev="sysfs" ino=22126 scontext=u:r:untrusted_app_27:s0:c43,c256,c512,c768 tcontext=u:object_r:sysfs_net:s0 tclass=file permissive=1 app=com.dangbei.screencast
06-04 20:47:20.430 I/cling--ap-139( 2892): type=1400 audit(0.0:1627): avc: denied { open } for path="/sys/devices/virtual/net/dummy0/address" dev="sysfs" ino=22126 scontext=u:r:untrusted_app_27:s0:c43,c256,c512,c768 tcontext=u:object_r:sysfs_net:s0 tclass=file permissive=1 app=com.dangbei.screencast
06-04 20:47:20.430 I/cling--ap-139( 2892): type=1400 audit(0.0:1628): avc: denied { getattr } for path="/sys/devices/virtual/net/dummy0/address" dev="sysfs" ino=22126 scontext=u:r:untrusted_app_27:s0:c43,c256,c512,c768 tcontext=u:object_r:sysfs_net:s0 tclass=file permissive=1 app=com.dangbei.screencast
06-04 20:47:20.726 I/binder:461_6( 461): type=1400 audit(0.0:1629): avc: denied { add_name } for name="globalAlert" scontext=u:r:netd:s0 tcontext=u:object_r:proc_net:s0 tclass=dir permissive=1
06-04 20:47:21.322 D/UtilLog ( 2071): 日志批量上报 进行正常循环 !!!!!!本次有0次请求,共0条数据
06-04 20:47:21.757 D/XM_HIDREAD( 1910): poll ret=1, event=1
06-04 20:47:21.758 D/XM_HIDREAD( 1910): [9 bytes]:01 00 00 51 00 00 00 00 00
06-04 20:47:21.776 I/audio_hw_hal_primary( 491): [register_audio_patch:8215] Patch 9:id:9 mix(io:13)->dev_0[OUT_HDMI(id:77)] found, register the same patch, do nothing.
06-04 20:47:21.776 I/audio_hw_hal_primary( 491): [adev_create_audio_patch:8316] Patch 9: MIX->DEVICE, num_src:1 num_sink:1 patch_src:INVAL
06-04 20:47:21.776 I/audio_hw_hal_primary( 491): [adev_create_audio_patch:8320] sink[0]: OUT_HDMI(id:77)
06-04 20:47:21.776 I/audio_hw_hal_primary( 491): [adev_create_audio_patch:8377] Patch 9: mix(io:13) -> dev[OUT_HDMI(id:77)]
06-04 20:47:21.776 I/audio_hw_hal_primary( 491): [adev_create_audio_patch:8445] dev=0xe71c0010 cur_out_device=0x400
06-04 20:47:21.776 D/UEventObserver( 1030): change@/devices/platform/auge_sound/sound/card0/controlC0ACTION=changeDEVPATH=/devices/platform/auge_sound/sound/card0/controlC0SUBSYSTEM=soundAUDIO_FORMAT=0MAJOR=116MINOR=13DEVNAME=snd/controlC0SEQNUM=3833
06-04 20:47:21.781 W/IPCThreadState( 542): Sending oneway calls to frozen process.
06-04 20:47:21.787 D/audioserver( 542): logFgsApiBegin: FGS Logger Transaction failed, -129
06-04 20:47:21.788 I/audio_hw_hal_primary( 491): out_update_source_metadata_v7() line 2013 usage:1 content_type:2
06-04 20:47:21.789 D/audio_hw_hal_ms12v2( 491): set_dolby_ms12_continuous_state audio_continuous_standby_set status 0
06-04 20:47:21.789 D/audio_hw_hal_continuous_standby( 491): audio_continuous_standby_set, type 0, params 0
06-04 20:47:21.789 I/audio_hw_hal_ms12common( 491): aml_set_ms12_scheduler_state ms12_scheduler_state:0, sch_state:0 SCHEDULER_RUNNING is sent to ms12
06-04 20:47:21.789 I/audio_hw_hal_primary( 491): [mixer_aux_buffer_write:7017] io 13: out:0xe6245d80 usecase:PCM_NORMAL standby to unstandby
06-04 20:47:21.789 E/audio_hw_hal_virtualbuf( 491): ms12 system input underrun happens read=5761520669 write=3327999948 diff=2433520721
06-04 20:47:21.791 I/SogouIME( 1396): onKeyDown: keyoCode=20
06-04 20:47:21.791 I/DefaultIMS( 1396): onKeyDown: keyoCode=20
06-04 20:47:21.811 I/audio_hw_hal_primary( 491): [register_audio_patch:8215] Patch 9:id:9 mix(io:13)->dev_0[OUT_HDMI(id:77)] found, register the same patch, do nothing.
06-04 20:47:21.811 I/audio_hw_hal_primary( 491): [adev_create_audio_patch:8316] Patch 9: MIX->DEVICE, num_src:1 num_sink:1 patch_src:INVAL
06-04 20:47:21.812 I/audio_hw_hal_primary( 491): [adev_create_audio_patch:8320] sink[0]: OUT_HDMI(id:77)
06-04 20:47:21.812 I/audio_hw_hal_primary( 491): [adev_create_audio_patch:8377] Patch 9: mix(io:13) -> dev[OUT_HDMI(id:77)]
06-04 20:47:21.812 I/audio_hw_hal_primary( 491): [adev_create_audio_patch:8445] dev=0xe71c0010 cur_out_device=0x400
06-04 20:47:21.813 D/audioserver( 542): logFgsApiEnd: FGS Logger Transaction failed, -129
06-04 20:47:21.813 D/audioserver( 542): logFgsApiBegin: FGS Logger Transaction failed, -129
06-04 20:47:21.813 I/audio_hw_hal_stream( 491): aml_stream_out_info_print: out:0xe6245d80, stream_type:pcm, sync_mode:non tunnel, input_size:297877504 bytes
06-04 20:47:21.813 I/audio_hw_hal_stream( 491): aml_stream_out_info_print: last_time:2305985 ms (sec:2305, nsec:985156390), last_position:1551265 ms (74460752), cur_time:2308566 ms (sec:2308, nsec:566167683), cur_position:1551367 ms (74465616)
06-04 20:47:21.813 I/audio_hw_hal_stream( 491): aml_stream_out_info_print: time_gap:2581 ms (thr:100 ms), position_gap:101 ms, delay:78 ms, jitter: Position gap is behind system time gap by 2480 ms (thr:100 ms)
06-04 20:47:21.814 I/audio_hw_hal_primary( 491): out_update_source_metadata_v7() line 2013 usage:1 content_type:2
06-04 20:47:21.815 D/UEventObserver( 1030): change@/devices/platform/auge_sound/sound/card0/controlC0ACTION=changeDEVPATH=/devices/platform/auge_sound/sound/card0/controlC0SUBSYSTEM=soundAUDIO_FORMAT=0MAJOR=116MINOR=13DEVNAME=snd/controlC0SEQNUM=3834
06-04 20:47:21.816 W/IPCThreadState( 542): Sending oneway calls to frozen process.
06-04 20:47:21.818 D/audioserver( 542): logFgsApiBegin: FGS Logger Transaction failed, -129
06-04 20:47:21.853 I/audio_hw_hal_primary( 491): out_update_source_metadata_v7() line 2013 usage:1 content_type:2
06-04 20:47:21.904 D/XM_HIDREAD( 1910): poll ret=1, event=1
06-04 20:47:21.904 D/XM_HIDREAD( 1910): [9 bytes]:01 00 00 00 00 00 00 00 00
06-04 20:47:21.907 I/SogouIME( 1396): onKeyUp: keyoCode=20
06-04 20:47:21.907 I/DefaultIMS( 1396): onKeyUp: keyoCode=20
06-04 20:47:21.932 I/audio_hw_hal_primary( 491): [audiohal_get_latency:1333] io 13: out:0xe6245d80 frames:1024 rate:48000 whole_latency:21 alsa_latency:21
06-04 20:47:21.973 I/audio_hw_hal_primary( 491): [audiohal_get_latency:1333] io 13: out:0xe6245d80 frames:1152 rate:48000 whole_latency:24 alsa_latency:24
06-04 20:47:21.973 I/audio_hw_hal_primary( 491): [audiohal_get_latency:1333] io 13: out:0xe6245d80 frames:1152 rate:48000 whole_latency:24 alsa_latency:24
06-04 20:47:21.995 I/audio_hw_hal_primary( 491): [audiohal_get_latency:1333] io 13: out:0xe6245d80 frames:1152 rate:48000 whole_latency:24 alsa_latency:24
06-04 20:47:21.995 I/audio_hw_hal_primary( 491): [audiohal_get_latency:1333] io 13: out:0xe6245d80 frames:1152 rate:48000 whole_latency:24 alsa_latency:24
06-04 20:47:22.012 I/audio_hw_hal_primary( 491): [audiohal_get_latency:1333] io 13: out:0xe6245d80 frames:1024 rate:48000 whole_latency:21 alsa_latency:21
06-04 20:47:22.012 I/audio_hw_hal_primary( 491): [audiohal_get_latency:1333] io 13: out:0xe6245d80 frames:1024 rate:48000 whole_latency:21 alsa_latency:21
06-04 20:47:22.034 I/audio_hw_hal_primary( 491): [audiohal_get_latency:1333] io 13: out:0xe6245d80 frames:1280 rate:48000 whole_latency:26 alsa_latency:26
06-04 20:47:22.034 I/audio_hw_hal_primary( 491): [audiohal_get_latency:1333] io 13: out:0xe6245d80 frames:1280 rate:48000 whole_latency:26 alsa_latency:26
06-04 20:47:22.035 D/audioserver( 542): logFgsApiEnd: FGS Logger Transaction failed, -129
06-04 20:47:22.036 I/audio_hw_hal_primary( 491): out_update_source_metadata_v7() line 2013 usage:13 content_type:4
06-04 20:47:22.052 I/audio_hw_hal_primary( 491): [audiohal_get_latency:1333] io 13: out:0xe6245d80 frames:1152 rate:48000 whole_latency:24 alsa_latency:24
06-04 20:47:22.074 I/audio_hw_hal_primary( 491): [audiohal_get_latency:1333] io 13: out:0xe6245d80 frames:1152 rate:48000 whole_latency:24 alsa_latency:24
06-04 20:47:22.075 D/audioserver( 542): logFgsApiEnd: FGS Logger Transaction failed, -129
06-04 20:47:22.276 I/WifiHAL ( 524): call wifi_get_link_stats handler
06-04 20:47:22.277 I/WifiHAL ( 524): Creating message to get link statistics; iface = 16
06-04 20:47:22.277 D/WifiHAL ( 524): error code -95 mapped to -3
06-04 20:47:22.277 E/WifiStaIfaceAidlImpl( 707): getLinkLayerStats failed with service-specific exception: android.os.ServiceSpecificException: (code 4)
06-04 20:47:22.387 D/XM_HIDREAD( 1910): poll ret=1, event=1
06-04 20:47:22.388 D/XM_HIDREAD( 1910): [9 bytes]:01 00 00 4F 00 00 00 00 00
06-04 20:47:22.414 I/audio_hw_hal_primary( 491): [register_audio_patch:8215] Patch 9:id:9 mix(io:13)->dev_0[OUT_HDMI(id:77)] found, register the same patch, do nothing.
06-04 20:47:22.414 I/audio_hw_hal_primary( 491): [adev_create_audio_patch:8316] Patch 9: MIX->DEVICE, num_src:1 num_sink:1 patch_src:INVAL
06-04 20:47:22.414 I/audio_hw_hal_primary( 491): [adev_create_audio_patch:8320] sink[0]: OUT_HDMI(id:77)
06-04 20:47:22.414 I/audio_hw_hal_primary( 491): [adev_create_audio_patch:8377] Patch 9: mix(io:13) -> dev[OUT_HDMI(id:77)]
06-04 20:47:22.410 I/xm_hidread( 1910): type=1400 audit(0.0:1630): avc: denied { read } for scontext=u:r:init:s0 tcontext=u:r:init:s0 tclass=netlink_kobject_uevent_socket permissive=1
06-04 20:47:22.414 I/audio_hw_hal_primary( 491): [adev_create_audio_patch:8445] dev=0xe71c0010 cur_out_device=0x400
06-04 20:47:22.415 D/UEventObserver( 1030): change@/devices/platform/auge_sound/sound/card0/controlC0ACTION=changeDEVPATH=/devices/platform/auge_sound/sound/card0/controlC0SUBSYSTEM=soundAUDIO_FORMAT=0MAJOR=116MINOR=13DEVNAME=snd/controlC0SEQNUM=3835
06-04 20:47:22.420 W/IPCThreadState( 542): Sending oneway calls to frozen process.
06-04 20:47:22.422 D/audioserver( 542): logFgsApiBegin: FGS Logger Transaction failed, -129
06-04 20:47:22.424 I/audio_hw_hal_primary( 491): out_update_source_metadata_v7() line 2013 usage:1 content_type:2
06-04 20:47:22.427 I/SogouIME( 1396): onKeyDown: keyoCode=22
06-04 20:47:22.427 I/DefaultIMS( 1396): onKeyDown: keyoCode=22
06-04 20:47:22.501 D/XM_HIDREAD( 1910): poll ret=1, event=1
06-04 20:47:22.501 D/XM_HIDREAD( 1910): [9 bytes]:01 00 00 00 00 00 00 00 00
06-04 20:47:22.503 I/SogouIME( 1396): onKeyUp: keyoCode=22
06-04 20:47:22.503 I/DefaultIMS( 1396): onKeyUp: keyoCode=22
06-04 20:47:22.575 I/audio_hw_hal_primary( 491): [audiohal_get_latency:1333] io 13: out:0xe6245d80 frames:1152 rate:48000 whole_latency:24 alsa_latency:24
06-04 20:47:22.597 I/audio_hw_hal_primary( 491): [audiohal_get_latency:1333] io 13: out:0xe6245d80 frames:1152 rate:48000 whole_latency:24 alsa_latency:24
06-04 20:47:22.614 I/audio_hw_hal_primary( 491): [audiohal_get_latency:1333] io 13: out:0xe6245d80 frames:1024 rate:48000 whole_latency:21 alsa_latency:21
06-04 20:47:22.635 I/audio_hw_hal_primary( 491): [audiohal_get_latency:1333] io 13: out:0xe6245d80 frames:1024 rate:48000 whole_latency:21 alsa_latency:21
06-04 20:47:22.654 I/audio_hw_hal_stream( 491): aml_stream_out_info_print: out:0xe6245d80, stream_type:pcm, sync_mode:non tunnel, input_size:298049536 bytes
06-04 20:47:22.654 I/audio_hw_hal_stream( 491): aml_stream_out_info_print: last_time:2309388 ms (sec:2309, nsec:388369267), last_position:1552188 ms (74505040), cur_time:2309409 ms (sec:2309, nsec:409343517), cur_position:1552209 ms (74506064)
06-04 20:47:22.654 I/audio_hw_hal_stream( 491): aml_stream_out_info_print: time_gap:21 ms (thr:100 ms), position_gap:21 ms, delay:131 ms, jitter: Position gap is ahead of system time gap by 0 ms (thr:100 ms)
06-04 20:47:22.654 I/audio_hw_hal_primary( 491): [audiohal_get_latency:1333] io 13: out:0xe6245d80 frames:1152 rate:48000 whole_latency:24 alsa_latency:24
06-04 20:47:22.676 I/audio_hw_hal_primary( 491): [audiohal_get_latency:1333] io 13: out:0xe6245d80 frames:1152 rate:48000 whole_latency:24 alsa_latency:24
06-04 20:47:22.694 I/audio_hw_hal_primary( 491): [audiohal_get_latency:1333] io 13: out:0xe6245d80 frames:1024 rate:48000 whole_latency:21 alsa_latency:21
06-04 20:47:22.716 I/audio_hw_hal_primary( 491): [audiohal_get_latency:1333] io 13: out:0xe6245d80 frames:1024 rate:48000 whole_latency:21 alsa_latency:21
06-04 20:47:22.717 D/audioserver( 542): logFgsApiEnd: FGS Logger Transaction failed, -129
06-04 20:47:22.725 D/XM_HIDREAD( 1910): poll ret=1, event=1
06-04 20:47:22.725 D/XM_HIDREAD( 1910): [9 bytes]:01 00 00 51 00 00 00 00 00
06-04 20:47:22.745 I/audio_hw_hal_primary( 491): [register_audio_patch:8215] Patch 9:id:9 mix(io:13)->dev_0[OUT_HDMI(id:77)] found, register the same patch, do nothing.
06-04 20:47:22.745 I/audio_hw_hal_primary( 491): [adev_create_audio_patch:8316] Patch 9: MIX->DEVICE, num_src:1 num_sink:1 patch_src:INVAL
06-04 20:47:22.745 I/audio_hw_hal_primary( 491): [adev_create_audio_patch:8320] sink[0]: OUT_HDMI(id:77)
06-04 20:47:22.745 I/audio_hw_hal_primary( 491): [adev_create_audio_patch:8377] Patch 9: mix(io:13) -> dev[OUT_HDMI(id:77)]
06-04 20:47:22.745 I/audio_hw_hal_primary( 491): [adev_create_audio_patch:8445] dev=0xe71c0010 cur_out_device=0x400
06-04 20:47:22.745 D/UEventObserver( 1030): change@/devices/platform/auge_sound/sound/card0/controlC0ACTION=changeDEVPATH=/devices/platform/auge_sound/sound/card0/controlC0SUBSYSTEM=soundAUDIO_FORMAT=0MAJOR=116MINOR=13DEVNAME=snd/controlC0SEQNUM=3836
06-04 20:47:22.748 W/IPCThreadState( 542): Sending oneway calls to frozen process.
06-04 20:47:22.753 D/audioserver( 542): logFgsApiBegin: FGS Logger Transaction failed, -129
06-04 20:47:22.755 I/SogouIME( 1396): onKeyDown: keyoCode=20
06-04 20:47:22.755 I/DefaultIMS( 1396): onKeyDown: keyoCode=20
06-04 20:47:22.775 I/audio_hw_hal_primary( 491): out_update_source_metadata_v7() line 2013 usage:1 content_type:2
06-04 20:47:22.816 I/audio_hw_hal_primary( 491): [register_audio_patch:8215] Patch 9:id:9 mix(io:13)->dev_0[OUT_HDMI(id:77)] found, register the same patch, do nothing.
06-04 20:47:22.816 I/audio_hw_hal_primary( 491): [adev_create_audio_patch:8316] Patch 9: MIX->DEVICE, num_src:1 num_sink:1 patch_src:INVAL
06-04 20:47:22.816 I/audio_hw_hal_primary( 491): [adev_create_audio_patch:8320] sink[0]: OUT_HDMI(id:77)
06-04 20:47:22.816 I/audio_hw_hal_primary( 491): [adev_create_audio_patch:8377] Patch 9: mix(io:13) -> dev[OUT_HDMI(id:77)]
06-04 20:47:22.816 D/UEventObserver( 1030): change@/devices/platform/auge_sound/sound/card0/controlC0ACTION=changeDEVPATH=/devices/platform/auge_sound/sound/card0/controlC0SUBSYSTEM=soundAUDIO_FORMAT=0MAJOR=116MINOR=13DEVNAME=snd/controlC0SEQNUM=3837
06-04 20:47:22.816 I/audio_hw_hal_primary( 491): [adev_create_audio_patch:8445] dev=0xe71c0010 cur_out_device=0x400
06-04 20:47:22.817 D/audioserver( 542): logFgsApiEnd: FGS Logger Transaction failed, -129
06-04 20:47:22.817 D/audioserver( 542): logFgsApiBegin: FGS Logger Transaction failed, -129
06-04 20:47:22.818 I/audio_hw_hal_primary( 491): out_update_source_metadata_v7() line 2013 usage:1 content_type:2
06-04 20:47:22.820 W/IPCThreadState( 542): Sending oneway calls to frozen process.
06-04 20:47:22.821 D/audioserver( 542): logFgsApiBegin: FGS Logger Transaction failed, -129
06-04 20:47:22.849 D/XM_HIDREAD( 1910): poll ret=1, event=1
06-04 20:47:22.849 D/XM_HIDREAD( 1910): [9 bytes]:01 00 00 00 00 00 00 00 00
06-04 20:47:22.851 I/SogouIME( 1396): onKeyUp: keyoCode=20
06-04 20:47:22.851 I/DefaultIMS( 1396): onKeyUp: keyoCode=20
06-04 20:47:22.858 I/audio_hw_hal_primary( 491): out_update_source_metadata_v7() line 2013 usage:1 content_type:2
06-04 20:47:22.943 I/audio_hw_hal_primary( 491): [audiohal_get_latency:1333] io 13: out:0xe6245d80 frames:1152 rate:48000 whole_latency:24 alsa_latency:24
06-04 20:47:22.950 D/XM_HIDREAD( 1910): poll ret=1, event=1
06-04 20:47:22.950 D/XM_HIDREAD( 1910): [9 bytes]:01 00 00 51 00 00 00 00 00
06-04 20:47:22.952 I/SogouIME( 1396): onKeyDown: keyoCode=20
06-04 20:47:22.952 I/DefaultIMS( 1396): onKeyDown: keyoCode=20
06-04 20:47:23.040 D/XM_HIDREAD( 1910): poll ret=1, event=1
06-04 20:47:23.041 D/XM_HIDREAD( 1910): [9 bytes]:01 00 00 00 00 00 00 00 00
06-04 20:47:23.042 I/SogouIME( 1396): onKeyUp: keyoCode=20
06-04 20:47:23.042 I/DefaultIMS( 1396): onKeyUp: keyoCode=20
06-04 20:47:23.114 I/audio_hw_hal_primary( 491): [audiohal_get_latency:1333] io 13: out:0xe6245d80 frames:1152 rate:48000 whole_latency:24 alsa_latency:24
06-04 20:47:23.153 D/XM_HIDREAD( 1910): poll ret=1, event=1
06-04 20:47:23.153 D/XM_HIDREAD( 1910): [9 bytes]:01 00 00 51 00 00 00 00 00
06-04 20:47:23.157 I/audio_hw_hal_primary( 491): [audiohal_get_latency:1333] io 13: out:0xe6245d80 frames:1152 rate:48000 whole_latency:24 alsa_latency:24
06-04 20:47:23.177 I/DroidAudioManager.J( 1349): getService get IDroidAudio service success. ^_^
06-04 20:47:23.178 I/DroidAudio( 245): [registerClient:120] pid:1349, uid:1000
06-04 20:47:23.179 I/DroidAudio( 245): [registerClient:130] client:0xe75045dc, uid:1000 pid:1349, client cout:2
06-04 20:47:23.189 E/ccc ( 1349): cccccc led current is 100 标准
06-04 20:47:23.189 E/ccc ( 1349): cccccc led current is null
06-04 20:47:23.191 I/SogouIME( 1396): onKeyDown: keyoCode=20
06-04 20:47:23.191 I/DefaultIMS( 1396): onKeyDown: keyoCode=20
06-04 20:47:23.186 I/binder:1349_2( 1349): type=1400 audit(0.0:1631): avc: denied { open } for path="/dev/__properties__/u:object_r:vendor_default_prop:s0" dev="tmpfs" ino=377 scontext=u:r:system_app:s0 tcontext=u:object_r:vendor_default_prop:s0 tclass=file permissive=1
06-04 20:47:23.186 I/binder:1349_2( 1349): type=1400 audit(0.0:1632): avc: denied { getattr } for path="/dev/__properties__/u:object_r:vendor_default_prop:s0" dev="tmpfs" ino=377 scontext=u:r:system_app:s0 tcontext=u:object_r:vendor_default_prop:s0 tclass=file permissive=1
06-04 20:47:23.198 E/ccc ( 1349): cccccc led current is 100 标准
06-04 20:47:23.198 E/ccc ( 1349): cccccc led current is null
06-04 20:47:23.186 I/binder:1349_2( 1349): type=1400 audit(0.0:1633): avc: denied { map } for path="/dev/__properties__/u:object_r:vendor_default_prop:s0" dev="tmpfs" ino=377 scontext=u:r:system_app:s0 tcontext=u:object_r:vendor_default_prop:s0 tclass=file permissive=1
06-04 20:47:23.199 I/audio_hw_hal_primary( 491): [audiohal_get_latency:1333] io 13: out:0xe6245d80 frames:1152 rate:48000 whole_latency:24 alsa_latency:24
06-04 20:47:23.254 D/XM_HIDREAD( 1910): poll ret=1, event=1
06-04 20:47:23.254 D/XM_HIDREAD( 1910): [9 bytes]:01 00 00 00 00 00 00 00 00
06-04 20:47:23.258 I/SogouIME( 1396): onKeyUp: keyoCode=20
06-04 20:47:23.258 I/DefaultIMS( 1396): onKeyUp: keyoCode=20
06-04 20:47:23.327 I/audio_hw_hal_primary( 491): [audiohal_get_latency:1333] io 13: out:0xe6245d80 frames:1152 rate:48000 whole_latency:24 alsa_latency:24
06-04 20:47:23.370 I/audio_hw_hal_primary( 491): [audiohal_get_latency:1333] io 13: out:0xe6245d80 frames:1152 rate:48000 whole_latency:24 alsa_latency:24
06-04 20:47:23.370 I/audio_hw_hal_primary( 491): [audiohal_get_latency:1333] io 13: out:0xe6245d80 frames:1152 rate:48000 whole_latency:24 alsa_latency:24
06-04 20:47:23.392 I/audio_hw_hal_primary( 491): [audiohal_get_latency:1333] io 13: out:0xe6245d80 frames:1152 rate:48000 whole_latency:24 alsa_latency:24
06-04 20:47:23.392 I/audio_hw_hal_primary( 491): [audiohal_get_latency:1333] io 13: out:0xe6245d80 frames:1152 rate:48000 whole_latency:24 alsa_latency:24
06-04 20:47:23.412 I/audio_hw_hal_primary( 491): [audiohal_get_latency:1333] io 13: out:0xe6245d80 frames:1152 rate:48000 whole_latency:24 alsa_latency:24
06-04 20:47:23.413 I/audio_hw_hal_primary( 491): [audiohal_get_latency:1333] io 13: out:0xe6245d80 frames:1152 rate:48000 whole_latency:24 alsa_latency:24
06-04 20:47:23.434 I/audio_hw_hal_primary( 491): [audiohal_get_latency:1333] io 13: out:0xe6245d80 frames:1152 rate:48000 whole_latency:24 alsa_latency:24
06-04 20:47:23.434 I/audio_hw_hal_primary( 491): [audiohal_get_latency:1333] io 13: out:0xe6245d80 frames:1152 rate:48000 whole_latency:24 alsa_latency:24
06-04 20:47:23.455 I/audio_hw_hal_primary( 491): [audiohal_get_latency:1333] io 13: out:0xe6245d80 frames:1152 rate:48000 whole_latency:24 alsa_latency:24
06-04 20:47:23.455 I/audio_hw_hal_primary( 491): [audiohal_get_latency:1333] io 13: out:0xe6245d80 frames:1152 rate:48000 whole_latency:24 alsa_latency:24
06-04 20:47:23.477 I/audio_hw_hal_primary( 491): [audiohal_get_latency:1333] io 13: out:0xe6245d80 frames:1152 rate:48000 whole_latency:24 alsa_latency:24
06-04 20:47:23.477 I/audio_hw_hal_primary( 491): [audiohal_get_latency:1333] io 13: out:0xe6245d80 frames:1152 rate:48000 whole_latency:24 alsa_latency:24
06-04 20:47:23.477 D/audioserver( 542): logFgsApiEnd: FGS Logger Transaction failed, -129
06-04 20:47:23.478 I/audio_hw_hal_primary( 491): out_update_source_metadata_v7() line 2013 usage:13 content_type:4
06-04 20:47:23.498 I/audio_hw_hal_primary( 491): [audiohal_get_latency:1333] io 13: out:0xe6245d80 frames:1152 rate:48000 whole_latency:24 alsa_latency:24
06-04 20:47:23.520 I/audio_hw_hal_primary( 491): [audiohal_get_latency:1333] io 13: out:0xe6245d80 frames:1152 rate:48000 whole_latency:24 alsa_latency:24
06-04 20:47:23.521 D/audioserver( 542): logFgsApiEnd: FGS Logger Transaction failed, -129
06-04 20:47:23.839 D/XM_HIDREAD( 1910): poll ret=1, event=1
06-04 20:47:23.839 D/XM_HIDREAD( 1910): [9 bytes]:01 00 00 52 00 00 00 00 00
06-04 20:47:23.856 I/audio_hw_hal_primary( 491): [register_audio_patch:8215] Patch 9:id:9 mix(io:13)->dev_0[OUT_HDMI(id:77)] found, register the same patch, do nothing.
06-04 20:47:23.856 I/audio_hw_hal_primary( 491): [adev_create_audio_patch:8316] Patch 9: MIX->DEVICE, num_src:1 num_sink:1 patch_src:INVAL
06-04 20:47:23.856 I/audio_hw_hal_primary( 491): [adev_create_audio_patch:8320] sink[0]: OUT_HDMI(id:77)
06-04 20:47:23.856 I/audio_hw_hal_primary( 491): [adev_create_audio_patch:8377] Patch 9: mix(io:13) -> dev[OUT_HDMI(id:77)]
06-04 20:47:23.856 I/audio_hw_hal_primary( 491): [adev_create_audio_patch:8445] dev=0xe71c0010 cur_out_device=0x400
06-04 20:47:23.859 D/UEventObserver( 1030): change@/devices/platform/auge_sound/sound/card0/controlC0ACTION=changeDEVPATH=/devices/platform/auge_sound/sound/card0/controlC0SUBSYSTEM=soundAUDIO_FORMAT=0MAJOR=116MINOR=13DEVNAME=snd/controlC0SEQNUM=3838
06-04 20:47:23.860 W/IPCThreadState( 542): Sending oneway calls to frozen process.
06-04 20:47:23.862 D/audioserver( 542): logFgsApiBegin: FGS Logger Transaction failed, -129
06-04 20:47:23.863 I/SogouIME( 1396): onKeyDown: keyoCode=19
06-04 20:47:23.864 I/DefaultIMS( 1396): onKeyDown: keyoCode=19
06-04 20:47:23.882 I/audio_hw_hal_primary( 491): [register_audio_patch:8215] Patch 9:id:9 mix(io:13)->dev_0[OUT_HDMI(id:77)] found, register the same patch, do nothing.
06-04 20:47:23.882 I/audio_hw_hal_primary( 491): [adev_create_audio_patch:8316] Patch 9: MIX->DEVICE, num_src:1 num_sink:1 patch_src:INVAL
06-04 20:47:23.882 I/audio_hw_hal_primary( 491): [adev_create_audio_patch:8320] sink[0]: OUT_HDMI(id:77)
06-04 20:47:23.882 I/audio_hw_hal_primary( 491): [adev_create_audio_patch:8377] Patch 9: mix(io:13) -> dev[OUT_HDMI(id:77)]
06-04 20:47:23.883 D/UEventObserver( 1030): change@/devices/platform/auge_sound/sound/card0/controlC0ACTION=changeDEVPATH=/devices/platform/auge_sound/sound/card0/controlC0SUBSYSTEM=soundAUDIO_FORMAT=0MAJOR=116MINOR=13DEVNAME=snd/controlC0SEQNUM=3839
06-04 20:47:23.883 I/audio_hw_hal_primary( 491): [adev_create_audio_patch:8445] dev=0xe71c0010 cur_out_device=0x400
06-04 20:47:23.883 D/audioserver( 542): logFgsApiEnd: FGS Logger Transaction failed, -129
06-04 20:47:23.883 D/audioserver( 542): logFgsApiBegin: FGS Logger Transaction failed, -129
06-04 20:47:23.884 I/audio_hw_hal_primary( 491): out_update_source_metadata_v7() line 2013 usage:1 content_type:2
06-04 20:47:23.888 W/IPCThreadState( 542): Sending oneway calls to frozen process.
06-04 20:47:23.890 D/audioserver( 542): logFgsApiBegin: FGS Logger Transaction failed, -129
06-04 20:47:23.925 I/audio_hw_hal_primary( 491): out_update_source_metadata_v7() line 2013 usage:1 content_type:2
06-04 20:47:23.962 D/XM_HIDREAD( 1910): poll ret=1, event=1
06-04 20:47:23.962 D/XM_HIDREAD( 1910): [9 bytes]:01 00 00 00 00 00 00 00 00
06-04 20:47:23.964 I/SogouIME( 1396): onKeyUp: keyoCode=19
06-04 20:47:23.965 I/DefaultIMS( 1396): onKeyUp: keyoCode=19
06-04 20:47:24.052 I/audio_hw_hal_primary( 491): [audiohal_get_latency:1333] io 13: out:0xe6245d80 frames:1152 rate:48000 whole_latency:24 alsa_latency:24
06-04 20:47:24.053 I/audio_hw_hal_primary( 491): [audiohal_get_latency:1333] io 13: out:0xe6245d80 frames:1152 rate:48000 whole_latency:24 alsa_latency:24
06-04 20:47:24.074 I/audio_hw_hal_primary( 491): [audiohal_get_latency:1333] io 13: out:0xe6245d80 frames:1152 rate:48000 whole_latency:24 alsa_latency:24
06-04 20:47:24.075 I/audio_hw_hal_primary( 491): [audiohal_get_latency:1333] io 13: out:0xe6245d80 frames:1152 rate:48000 whole_latency:24 alsa_latency:24
06-04 20:47:24.077 E/ccc ( 1349): cccccc led current is 100 标准
06-04 20:47:24.077 E/ccc ( 1349): cccccc led current is null
06-04 20:47:24.095 I/audio_hw_hal_primary( 491): [audiohal_get_latency:1333] io 13: out:0xe6245d80 frames:1152 rate:48000 whole_latency:24 alsa_latency:24
06-04 20:47:24.095 I/audio_hw_hal_primary( 491): [audiohal_get_latency:1333] io 13: out:0xe6245d80 frames:1152 rate:48000 whole_latency:24 alsa_latency:24
06-04 20:47:24.117 I/audio_hw_hal_primary( 491): [audiohal_get_latency:1333] io 13: out:0xe6245d80 frames:1152 rate:48000 whole_latency:24 alsa_latency:24
06-04 20:47:24.117 I/audio_hw_hal_primary( 491): [audiohal_get_latency:1333] io 13: out:0xe6245d80 frames:1152 rate:48000 whole_latency:24 alsa_latency:24
06-04 20:47:24.138 I/audio_hw_hal_primary( 491): [audiohal_get_latency:1333] io 13: out:0xe6245d80 frames:1152 rate:48000 whole_latency:24 alsa_latency:24
06-04 20:47:24.138 I/audio_hw_hal_primary( 491): [audiohal_get_latency:1333] io 13: out:0xe6245d80 frames:1152 rate:48000 whole_latency:24 alsa_latency:24
06-04 20:47:24.160 I/audio_hw_hal_primary( 491): [audiohal_get_latency:1333] io 13: out:0xe6245d80 frames:1152 rate:48000 whole_latency:24 alsa_latency:24
06-04 20:47:24.160 I/audio_hw_hal_primary( 491): [audiohal_get_latency:1333] io 13: out:0xe6245d80 frames:1152 rate:48000 whole_latency:24 alsa_latency:24
06-04 20:47:24.181 I/audio_hw_hal_primary( 491): [audiohal_get_latency:1333] io 13: out:0xe6245d80 frames:1152 rate:48000 whole_latency:24 alsa_latency:24
06-04 20:47:24.181 I/audio_hw_hal_primary( 491): [audiohal_get_latency:1333] io 13: out:0xe6245d80 frames:1152 rate:48000 whole_latency:24 alsa_latency:24
06-04 20:47:24.203 I/audio_hw_hal_primary( 491): [audiohal_get_latency:1333] io 13: out:0xe6245d80 frames:1152 rate:48000 whole_latency:24 alsa_latency:24
06-04 20:47:24.203 I/audio_hw_hal_primary( 491): [audiohal_get_latency:1333] io 13: out:0xe6245d80 frames:1024 rate:48000 whole_latency:21 alsa_latency:21
06-04 20:47:24.204 D/audioserver( 542): logFgsApiEnd: FGS Logger Transaction failed, -129
06-04 20:47:24.206 D/audioserver( 542): logFgsApiEnd: FGS Logger Transaction failed, -129
06-04 20:47:24.435 D/XM_HIDREAD( 1910): poll ret=1, event=1
06-04 20:47:24.435 D/XM_HIDREAD( 1910): [9 bytes]:01 00 00 51 00 00 00 00 00
06-04 20:47:24.452 I/audio_hw_hal_primary( 491): [register_audio_patch:8215] Patch 9:id:9 mix(io:13)->dev_0[OUT_HDMI(id:77)] found, register the same patch, do nothing.
06-04 20:47:24.452 I/audio_hw_hal_primary( 491): [adev_create_audio_patch:8316] Patch 9: MIX->DEVICE, num_src:1 num_sink:1 patch_src:INVAL
06-04 20:47:24.452 I/audio_hw_hal_primary( 491): [adev_create_audio_patch:8320] sink[0]: OUT_HDMI(id:77)
06-04 20:47:24.452 I/audio_hw_hal_primary( 491): [adev_create_audio_patch:8377] Patch 9: mix(io:13) -> dev[OUT_HDMI(id:77)]
06-04 20:47:24.452 I/audio_hw_hal_primary( 491): [adev_create_audio_patch:8445] dev=0xe71c0010 cur_out_device=0x400
06-04 20:47:24.455 D/UEventObserver( 1030): change@/devices/platform/auge_sound/sound/card0/controlC0ACTION=changeDEVPATH=/devices/platform/auge_sound/sound/card0/controlC0SUBSYSTEM=soundAUDIO_FORMAT=0MAJOR=116MINOR=13DEVNAME=snd/controlC0SEQNUM=3840
06-04 20:47:24.456 W/IPCThreadState( 542): Sending oneway calls to frozen process.
06-04 20:47:24.460 D/audioserver( 542): logFgsApiBegin: FGS Logger Transaction failed, -129
06-04 20:47:24.464 I/SogouIME( 1396): onKeyDown: keyoCode=20
06-04 20:47:24.465 I/DefaultIMS( 1396): onKeyDown: keyoCode=20
06-04 20:47:24.480 I/audio_hw_hal_primary( 491): out_update_source_metadata_v7() line 2013 usage:1 content_type:2
06-04 20:47:24.522 I/audio_hw_hal_primary( 491): [register_audio_patch:8215] Patch 9:id:9 mix(io:13)->dev_0[OUT_HDMI(id:77)] found, register the same patch, do nothing.
06-04 20:47:24.522 I/audio_hw_hal_primary( 491): [adev_create_audio_patch:8316] Patch 9: MIX->DEVICE, num_src:1 num_sink:1 patch_src:INVAL
06-04 20:47:24.522 I/audio_hw_hal_primary( 491): [adev_create_audio_patch:8320] sink[0]: OUT_HDMI(id:77)
06-04 20:47:24.522 I/audio_hw_hal_primary( 491): [adev_create_audio_patch:8377] Patch 9: mix(io:13) -> dev[OUT_HDMI(id:77)]
06-04 20:47:24.522 I/audio_hw_hal_primary( 491): [adev_create_audio_patch:8445] dev=0xe71c0010 cur_out_device=0x400
06-04 20:47:24.523 D/audioserver( 542): logFgsApiEnd: FGS Logger Transaction failed, -129
06-04 20:47:24.523 D/audioserver( 542): logFgsApiBegin: FGS Logger Transaction failed, -129
06-04 20:47:24.523 D/UEventObserver( 1030): change@/devices/platform/auge_sound/sound/card0/controlC0ACTION=changeDEVPATH=/devices/platform/auge_sound/sound/card0/controlC0SUBSYSTEM=soundAUDIO_FORMAT=0MAJOR=116MINOR=13DEVNAME=snd/controlC0SEQNUM=3841
06-04 20:47:24.524 I/audio_hw_hal_primary( 491): out_update_source_metadata_v7() line 2013 usage:1 content_type:2
06-04 20:47:24.527 W/IPCThreadState( 542): Sending oneway calls to frozen process.
06-04 20:47:24.528 D/audioserver( 542): logFgsApiBegin: FGS Logger Transaction failed, -129
06-04 20:47:24.538 W/System ( 707): A resource failed to call release.
06-04 20:47:24.565 I/audio_hw_hal_primary( 491): out_update_source_metadata_v7() line 2013 usage:1 content_type:2
06-04 20:47:24.581 D/XM_HIDREAD( 1910): poll ret=1, event=1
06-04 20:47:24.581 D/XM_HIDREAD( 1910): [9 bytes]:01 00 00 00 00 00 00 00 00
06-04 20:47:24.584 I/SogouIME( 1396): onKeyUp: keyoCode=20
06-04 20:47:24.584 I/DefaultIMS( 1396): onKeyUp: keyoCode=20
06-04 20:47:24.650 I/audio_hw_hal_primary( 491): [audiohal_get_latency:1333] io 13: out:0xe6245d80 frames:1152 rate:48000 whole_latency:24 alsa_latency:24
06-04 20:47:24.692 I/audio_hw_hal_primary( 491): [audiohal_get_latency:1333] io 13: out:0xe6245d80 frames:1152 rate:48000 whole_latency:24 alsa_latency:24
06-04 20:47:24.693 I/audio_hw_hal_primary( 491): [audiohal_get_latency:1333] io 13: out:0xe6245d80 frames:1152 rate:48000 whole_latency:24 alsa_latency:24
06-04 20:47:24.714 I/audio_hw_hal_primary( 491): [audiohal_get_latency:1333] io 13: out:0xe6245d80 frames:1152 rate:48000 whole_latency:24 alsa_latency:24
06-04 20:47:24.714 I/audio_hw_hal_primary( 491): [audiohal_get_latency:1333] io 13: out:0xe6245d80 frames:1152 rate:48000 whole_latency:24 alsa_latency:24
06-04 20:47:24.735 I/audio_hw_hal_primary( 491): [audiohal_get_latency:1333] io 13: out:0xe6245d80 frames:1152 rate:48000 whole_latency:24 alsa_latency:24
06-04 20:47:24.735 I/audio_hw_hal_primary( 491): [audiohal_get_latency:1333] io 13: out:0xe6245d80 frames:1152 rate:48000 whole_latency:24 alsa_latency:24
06-04 20:47:24.757 I/audio_hw_hal_primary( 491): [audiohal_get_latency:1333] io 13: out:0xe6245d80 frames:1152 rate:48000 whole_latency:24 alsa_latency:24
06-04 20:47:24.757 I/audio_hw_hal_primary( 491): [audiohal_get_latency:1333] io 13: out:0xe6245d80 frames:1152 rate:48000 whole_latency:24 alsa_latency:24
06-04 20:47:24.778 I/audio_hw_hal_primary( 491): [audiohal_get_latency:1333] io 13: out:0xe6245d80 frames:1152 rate:48000 whole_latency:24 alsa_latency:24
06-04 20:47:24.778 I/audio_hw_hal_primary( 491): [audiohal_get_latency:1333] io 13: out:0xe6245d80 frames:1152 rate:48000 whole_latency:24 alsa_latency:24
06-04 20:47:24.799 I/audio_hw_hal_primary( 491): [audiohal_get_latency:1333] io 13: out:0xe6245d80 frames:1152 rate:48000 whole_latency:24 alsa_latency:24
06-04 20:47:24.800 I/audio_hw_hal_primary( 491): [audiohal_get_latency:1333] io 13: out:0xe6245d80 frames:1152 rate:48000 whole_latency:24 alsa_latency:24
06-04 20:47:24.800 D/audioserver( 542): logFgsApiEnd: FGS Logger Transaction failed, -129
06-04 20:47:24.801 I/audio_hw_hal_primary( 491): out_update_source_metadata_v7() line 2013 usage:13 content_type:4
06-04 20:47:24.820 I/audio_hw_hal_primary( 491): [audiohal_get_latency:1333] io 13: out:0xe6245d80 frames:1152 rate:48000 whole_latency:24 alsa_latency:24
06-04 20:47:24.842 I/audio_hw_hal_primary( 491): [audiohal_get_latency:1333] io 13: out:0xe6245d80 frames:1152 rate:48000 whole_latency:24 alsa_latency:24
06-04 20:47:24.843 D/audioserver( 542): logFgsApiEnd: FGS Logger Transaction failed, -129
06-04 20:47:25.025 I/audio_hw_hal_alsamgr( 491): alsa format =0x1 delay frames =1024 total frames=110434560
06-04 20:47:25.088 D/XM_HIDREAD( 1910): poll ret=1, event=1
06-04 20:47:25.088 D/XM_HIDREAD( 1910): [9 bytes]:01 00 00 52 00 00 00 00 00
06-04 20:47:25.119 I/audio_hw_hal_primary( 491): [register_audio_patch:8215] Patch 9:id:9 mix(io:13)->dev_0[OUT_HDMI(id:77)] found, register the same patch, do nothing.
06-04 20:47:25.119 I/audio_hw_hal_primary( 491): [adev_create_audio_patch:8316] Patch 9: MIX->DEVICE, num_src:1 num_sink:1 patch_src:INVAL
06-04 20:47:25.119 I/audio_hw_hal_primary( 491): [adev_create_audio_patch:8320] sink[0]: OUT_HDMI(id:77)
06-04 20:47:25.119 I/audio_hw_hal_primary( 491): [adev_create_audio_patch:8377] Patch 9: mix(io:13) -> dev[OUT_HDMI(id:77)]
06-04 20:47:25.120 I/audio_hw_hal_primary( 491): [adev_create_audio_patch:8445] dev=0xe71c0010 cur_out_device=0x400
06-04 20:47:25.120 D/UEventObserver( 1030): change@/devices/platform/auge_sound/sound/card0/controlC0ACTION=changeDEVPATH=/devices/platform/auge_sound/sound/card0/controlC0SUBSYSTEM=soundAUDIO_FORMAT=0MAJOR=116MINOR=13DEVNAME=snd/controlC0SEQNUM=3842
06-04 20:47:25.123 W/IPCThreadState( 542): Sending oneway calls to frozen process.
06-04 20:47:25.128 D/audioserver( 542): logFgsApiBegin: FGS Logger Transaction failed, -129
06-04 20:47:25.130 I/audio_hw_hal_primary( 491): out_update_source_metadata_v7() line 2013 usage:1 content_type:2
06-04 20:47:25.130 I/SogouIME( 1396): onKeyDown: keyoCode=19
06-04 20:47:25.130 I/DefaultIMS( 1396): onKeyDown: keyoCode=19
06-04 20:47:25.162 I/audio_hw_hal_primary( 491): [register_audio_patch:8215] Patch 9:id:9 mix(io:13)->dev_0[OUT_HDMI(id:77)] found, register the same patch, do nothing.
06-04 20:47:25.162 I/audio_hw_hal_primary( 491): [adev_create_audio_patch:8316] Patch 9: MIX->DEVICE, num_src:1 num_sink:1 patch_src:INVAL
06-04 20:47:25.162 I/audio_hw_hal_primary( 491): [adev_create_audio_patch:8320] sink[0]: OUT_HDMI(id:77)
06-04 20:47:25.162 I/audio_hw_hal_primary( 491): [adev_create_audio_patch:8377] Patch 9: mix(io:13) -> dev[OUT_HDMI(id:77)]
06-04 20:47:25.162 I/audio_hw_hal_primary( 491): [adev_create_audio_patch:8445] dev=0xe71c0010 cur_out_device=0x400
