06-04 20:48:29.582 I/SystemControl( 318): [/Ubootenv.cpp, get, 336] [ubootenv] get key:hdmichecksum envValue: 0x6a800000
06-04 20:48:29.582 D/MesonDisplayServer( 296): use connector getDisplayAttribute "HDMI Color ATTR": "420,10bit"
06-04 20:48:29.582 I/SystemControl( 318): [/Ubootenv.cpp, updateValue, 68] [ubootenv] update value name [ubootenv.var.2160p60hz_deepcolor]: value [420,10bit]
06-04 20:48:29.582 I/SystemControl( 318): [/Ubootenv.cpp, get, 336] [ubootenv] get key:2160p60hz_deepcolor envValue: 420,10bit
06-04 20:48:29.582 I/SystemControl( 318): [/Ubootenv.cpp, updateValue, 68] [ubootenv] update value name [ubootenv.var.colorattribute]: value [420,10bit]
06-04 20:48:29.582 I/SystemControl( 318): [/Ubootenv.cpp, get, 336] [ubootenv] get key:colorattribute envValue: 420,10bit
06-04 20:48:29.582 I/SystemControl( 318): [/Ubootenv.cpp, updateValue, 68] [ubootenv] update value name [ubootenv.var.hdmi_colordepth]: value [8]
06-04 20:48:29.582 I/SystemControl( 318): [/Ubootenv.cpp, get, 336] [ubootenv] get key:hdmi_colordepth envValue: 8
06-04 20:48:29.583 I/SystemControl( 318): [/Ubootenv.cpp, updateValue, 68] [ubootenv] update value name [ubootenv.var.hdmi_colorspace]: value [auto]
06-04 20:48:29.583 I/SystemControl( 318): [/Ubootenv.cpp, get, 336] [ubootenv] get key:hdmi_colorspace envValue: auto
06-04 20:48:29.583 I/SystemControl( 318): [/Ubootenv.cpp, updateValue, 68] [ubootenv] update value name [ubootenv.var.outputmode]: value [2160p60hz]
06-04 20:48:29.583 I/SystemControl( 318): [/Ubootenv.cpp, get, 336] [ubootenv] get key:outputmode envValue: 2160p60hz
06-04 20:48:29.584 E/MesonHwc( 296): dolby vision driver is not ready
06-04 20:48:29.585 I/AudioFlinger( 542): openOutput() this 0xf5380340, module 10 Device AUDIO_DEVICE_OUT_HDMI, @:, SamplingRate 0, Format 00000000, Channels 0, flags 0x4001
06-04 20:48:29.585 D/audio_hw_hal_primary( 491): [adev_open_output_stream_new:7868] enter: dev=0xe71c0010 handle=225 devices=0x400/'HDMI,' flags=0x4001/'DIRECT,MMAP_NOIRQ,' config=(rt=0 ch_mask=0x0 fmt=0x0) address=''
06-04 20:48:29.585 D/audio_hw_hal_primary( 491): adev_open_output_stream_new: enter
06-04 20:48:29.585 I/audio_hw_hal_primary( 491): [adev_open_output_stream:3285] io 549: out:0xe6248fd0 dev:OUT_HDMI(0x400) addr:
06-04 20:48:29.585 I/audio_hw_hal_primary( 491): [adev_open_output_stream:3287] ch_mask:0 rate:0 format:DEFAULT(0) flags:0x4001
06-04 20:48:29.585 I/audio_hw_hal_primary( 491): when open aaudio stream, send RUNNING msg to submix & ms12
06-04 20:48:29.585 W/audio_hw_hal_ms12common( 491): aml_set_ms12_scheduler_state sch_state:0 SCHEDULER_RUNNING, ms12 scheduler state not changed.
06-04 20:48:29.585 I/audio_hw_hal_mmap( 491): [outMmapInit:680] stream:0xe6248fd0
06-04 20:48:29.585 I/audio_hw_hal_mmap( 491): [dma_buffer_allocate:639] enter
06-04 20:48:29.586 I/DMABUFHEAPS( 491): Using DMA-BUF heap named: system-uncached
06-04 20:48:29.586 I/audio_hw_hal_mmap( 491): [dma_buffer_allocate:673] s32DmaFd:23, pu8MmapAddr:0xe9dba000
06-04 20:48:29.586 I/audio_hw_hal_mmap( 491): [mmap_audio_register_client:927] OK ! stream 0xe6248fd0, client id 0
06-04 20:48:29.586 I/audio_hw_hal_primary( 491): [adev_open_output_stream:3540] vendor.media.llp 0
06-04 20:48:29.586 I/audio_hw_hal_primary( 491): [adev_open_output_stream:3610] result profile ch_mask:0x3 rate:48000 format:PCM_16_BIT(0x1) usecase:PCM_MMAP
06-04 20:48:29.586 I/audio_hw_hal_utils( 491): aml_get_stream_dump_file_name line 2929 file_name /data/vendor/audiohal/stream_pid491_tid550.pcm
06-04 20:48:29.586 I/audio_hw_hal_primary( 491): [adev_open_output_stream_new:8037] io 549: out: 0xe6248fd0 card:0 alsa devices:0 exit ------
06-04 20:48:29.587 I/audio_hw_hal_primary( 491): [out_get_buffer_size:552] out:0xe6248fd0 config.rate=48000, format:PCM_16_BIT(0x1), stream format:PCM_16_BIT(0x1)
06-04 20:48:29.588 I/AudioFlinger( 542): AudioFlinger's thread 0xef580010 tid=8736 ready to run
06-04 20:48:29.588 W/IPCThreadState( 542): Sending oneway calls to frozen process.
06-04 20:48:29.589 I/audio_hw_hal_profile( 491): [out_get_parameters:2092] out:0xe6248fd0 query channels. Format:PCM_16_BIT(0x1) ++++++++++ hal_format:PCM_16_BIT
06-04 20:48:29.589 D/audio_hw_hal_profile( 491): get_hdmi_sink_cap_new is running...
06-04 20:48:29.589 D/audio_hw_hal_profile( 491): [get_hdmi_sink_cap_new:887] query hdmi channels... format: PCM_16_BIT(0x1)
06-04 20:48:29.589 I/audio_hw_hal_profile( 491): [out_get_parameters:2165] sup_channels=AUDIO_CHANNEL_OUT_STEREO
06-04 20:48:29.590 D/AudioFlinger( 542): closing mmapThread 0xef580010
06-04 20:48:29.590 W/IPCThreadState( 542): Sending oneway calls to frozen process.
06-04 20:48:29.590 D/AudioFlinger( 542): mmapThread exit()
06-04 20:48:29.591 I/audio_hw_hal_primary( 491): [adev_close_output_stream_new:8052] io handle 549: out:0xe6248fd0
06-04 20:48:29.591 D/audio_hw_hal_primary( 491): adev_close_output_stream_new: enter usecase = PCM_MMAP
06-04 20:48:29.591 I/audio_hw_hal_primary( 491): [adev_close_output_stream:3695] io 549: out:0xe6248fd0 dev:OUT_HDMI(0x400) flags:0x4001, usecase:PCM_MMAP
06-04 20:48:29.591 D/audio_hw_hal_primary( 491): [out_standby_new:5767] io 549: out:0xe6248fd0 usecase:PCM_MMAP
06-04 20:48:29.591 I/audio_hw_hal_primary( 491): already standby, do nothing
06-04 20:48:29.591 I/audio_hw_hal_mmap( 491): [outMmapDeInit:743] stream:0xe6248fd0
06-04 20:48:29.591 I/audio_hw_hal_mmap( 491): [mmap_audio_unregister_client:955] OK ! stream 0xe6248fd0, client id 0
06-04 20:48:29.591 I/audio_hw_hal_primary( 491): when close aaudio stream, send STANDBY msg to submix & ms12
06-04 20:48:29.591 I/audio_hw_hal_ms12common( 491): aml_set_ms12_scheduler_state ms12_scheduler_state:1, sch_state:1 SCHEDULER_STANDBY is sent to ms12
06-04 20:48:29.591 I/audio_hw_hal_resourcemgr( 491): [is_output_device_muted:710] device:0x2 port_mute:0, fade_mute:0
06-04 20:48:29.591 I/audio_hw_hal_primary( 491): [adev_close_output_stream:3863] io 549: out:0xe6248fd0 exit ------
06-04 20:48:29.592 I/AudioFlinger( 542): openOutput() this 0xf5380340, module 10 Device AUDIO_DEVICE_OUT_HDMI, @:, SamplingRate 48000, Format 0x000001, Channels 0x3, flags 0x4001
06-04 20:48:29.593 D/audio_hw_hal_primary( 491): [adev_open_output_stream_new:7868] enter: dev=0xe71c0010 handle=22d devices=0x400/'HDMI,' flags=0x4001/'DIRECT,MMAP_NOIRQ,' config=(rt=48000 ch_mask=0x3 fmt=0x1) address=''
06-04 20:48:29.593 D/audio_hw_hal_primary( 491): adev_open_output_stream_new: enter
06-04 20:48:29.593 I/audio_hw_hal_primary( 491): [adev_open_output_stream:3285] io 557: out:0xe6248fd0 dev:OUT_HDMI(0x400) addr:
06-04 20:48:29.593 I/audio_hw_hal_primary( 491): [adev_open_output_stream:3287] ch_mask:0x3 rate:48000 format:PCM_16_BIT(0x1) flags:0x4001
06-04 20:48:29.593 I/audio_hw_hal_primary( 491): when open aaudio stream, send RUNNING msg to submix & ms12
06-04 20:48:29.593 D/audio_hw_hal_ms12v2( 491): set_dolby_ms12_continuous_state audio_continuous_standby_set status 0
06-04 20:48:29.593 D/audio_hw_hal_continuous_standby( 491): audio_continuous_standby_set, type 0, params 0
06-04 20:48:29.593 I/audio_hw_hal_ms12common( 491): aml_set_ms12_scheduler_state ms12_scheduler_state:0, sch_state:0 SCHEDULER_RUNNING is sent to ms12
06-04 20:48:29.593 I/audio_hw_hal_mmap( 491): [outMmapInit:680] stream:0xe6248fd0
06-04 20:48:29.593 I/audio_hw_hal_mmap( 491): [dma_buffer_allocate:639] enter
06-04 20:48:29.593 I/DMABUFHEAPS( 491): Using DMA-BUF heap named: system-uncached
06-04 20:48:29.593 I/audio_hw_hal_mmap( 491): [dma_buffer_allocate:673] s32DmaFd:23, pu8MmapAddr:0xe9dba000
06-04 20:48:29.593 I/audio_hw_hal_mmap( 491): [mmap_audio_register_client:927] OK ! stream 0xe6248fd0, client id 0
06-04 20:48:29.593 I/audio_hw_hal_primary( 491): [adev_open_output_stream:3540] vendor.media.llp 0
06-04 20:48:29.593 I/audio_hw_hal_primary( 491): [adev_open_output_stream:3610] result profile ch_mask:0x3 rate:48000 format:PCM_16_BIT(0x1) usecase:PCM_MMAP
06-04 20:48:29.593 I/audio_hw_hal_utils( 491): aml_get_stream_dump_file_name line 2929 file_name /data/vendor/audiohal/stream_pid491_tid6812.pcm
06-04 20:48:29.593 I/audio_hw_hal_primary( 491): [adev_open_output_stream_new:8037] io 557: out: 0xe6248fd0 card:0 alsa devices:0 exit ------
06-04 20:48:29.594 I/audio_hw_hal_primary( 491): [out_get_buffer_size:552] out:0xe6248fd0 config.rate=48000, format:PCM_16_BIT(0x1), stream format:PCM_16_BIT(0x1)
06-04 20:48:29.595 W/IPCThreadState( 542): Sending oneway calls to frozen process.
06-04 20:48:29.595 E/Scheduler( 265): trackPendingFrame: Invalid present fence
06-04 20:48:29.598 E/MesonHwc( 296): dolby vision driver is not ready
06-04 20:48:29.599 E/MesonHwc( 296): dolby vision driver is not ready
06-04 20:48:29.600 D/MesonHwc( 296): ERR: PLEASE FIX NON-IMPLEMENT FUN(update).
06-04 20:48:29.600 D/MesonComposer3( 296): halEventcallback onHotplug client3.0
06-04 20:48:29.600 E/MesonHwc( 296): getPort 11
06-04 20:48:29.600 E/MesonHwc( 296): getPort 11
06-04 20:48:29.608 I/SystemControl( 318): notify plugin
06-04 20:48:29.608 I/SystemControl( 318): [/SystemControlHal.cpp, onEvent, 72] onEvent event:3, client size:5
06-04 20:48:29.608 I/AudioFlinger( 542): AudioFlinger's thread 0xef580010 tid=8738 ready to run
06-04 20:48:29.609 I/audio_hw_hal_primary( 491): [out_set_volume:1406] out:0xe6248fd0 left:1.000000 continuous:1 internal_format:PCM_16_BIT dolby:0 direct pcm:1 mmap_pcm:1
06-04 20:48:29.610 I/SystemControlClient( 499): notifyCallback event type:3
06-04 20:48:29.610 I/SystemControlClient( 499): notifyCallback: listener is NULL.
06-04 20:48:29.610 I/SystemControlClient( 498): notifyCallback event type:3
06-04 20:48:29.610 I/SystemControlClient( 498): notifyCallback: listener is NULL.
06-04 20:48:29.610 I/SystemControlClient( 245): notifyCallback event type:3
06-04 20:48:29.610 I/SystemControlClient( 245): notifyCallback: listener is NULL.
06-04 20:48:29.610 I/SurfaceFlinger( 265): Reconnecting display 4625716335649126413 (HAL ID 0)
06-04 20:48:29.610 I/SystemControlClient( 497): notifyCallback event type:3
06-04 20:48:29.610 I/SystemControlClient( 497): notifyCallback: listener is NULL.
06-04 20:48:29.610 I/SystemControlEvent( 1030): system control callback event: 3
06-04 20:48:29.612 E/MesonComposer3( 296): destroyLayer: display:0 failed to destroy layer:315
06-04 20:48:29.613 E/HwcComposer( 265): destroyLayer failed Status(-8, EX_SERVICE_SPECIFIC): '3: '
06-04 20:48:29.614 E/HWC2 ( 265): destroyLayer(0, 315) failed: BadLayer (3)
06-04 20:48:29.614 E/MesonComposer3( 296): destroyLayer: display:0 failed to destroy layer:58
06-04 20:48:29.614 E/HwcComposer( 265): destroyLayer failed Status(-8, EX_SERVICE_SPECIFIC): '3: '
06-04 20:48:29.614 E/HWC2 ( 265): destroyLayer(0, 58) failed: BadLayer (3)
06-04 20:48:29.614 E/ccc ( 1349): cccccc hdmi plug reset
06-04 20:48:29.614 D/xm_audio( 491): adev_get_parameters
06-04 20:48:29.614 E/HwcComposer( 265): setClientTargetSlotCount failed Status(-8, EX_SERVICE_SPECIFIC): '4: '
06-04 20:48:29.614 I/FramebufferSurface( 265): Framebuffer size has been limited to [1920x1080] from [3840x2160]
06-04 20:48:29.619 E/xxxxxxxxxxxxxxx( 1414): onReceive:mIsHDMIPlugged = true
06-04 20:48:29.622 D/audio_hw_hal_primary( 491): [out_dump:848] io 485: out:0xe62464b0, fd:24
06-04 20:48:29.623 W/IPCThreadState( 542): Sending oneway calls to frozen process.
06-04 20:48:29.623 D/audio_hw_hal_primary( 491): [out_set_parameters:971] out:0xe62464b0 kvpairs:closing=true;exiting=1 out->out_device:0x400, adev->out_device:0x80002
06-04 20:48:29.623 E/audio_hw_hal_primary( 491): out_set_parameters, ret:-2, hw_sync_mode:is false
06-04 20:48:29.627 I/audio_hw_hal_primary( 491): [out_set_event_callback:3158] io 485: out:0xe62464b0, callback:0xe813491d cookie:0xe8a40730
06-04 20:48:29.628 I/audio_hw_hal_primary( 491): [adev_close_output_stream_new:8052] io handle 485: out:0xe62464b0
06-04 20:48:29.628 D/audio_hw_hal_primary( 491): adev_close_output_stream_new: enter usecase = RAW_HWSYNC
06-04 20:48:29.628 I/audio_hw_hal_primary( 491): [adev_close_output_stream:3695] io 485: out:0xe62464b0 dev:OUT_HDMI(0x400) flags:0x51, usecase:RAW_HWSYNC
06-04 20:48:29.628 D/audio_hw_hal_primary( 491): [out_standby_new:5767] io 485: out:0xe62464b0 usecase:RAW_HWSYNC
06-04 20:48:29.628 I/audio_hw_hal_primary( 491): already standby, do nothing
06-04 20:48:29.628 I/audio_hw_hal_resourcemgr( 491): [is_output_device_muted:710] device:0x2 port_mute:0, fade_mute:0
06-04 20:48:29.628 I/audio_hw_hal_primary( 491): [adev_close_output_stream:3863] io 485: out:0xe62464b0 exit ------
06-04 20:48:29.630 D/audio_hw_hal_primary( 491): [out_dump:848] io 493: out:0xe6249700, fd:24
06-04 20:48:29.630 W/IPCThreadState( 542): Sending oneway calls to frozen process.
06-04 20:48:29.631 D/audio_hw_hal_primary( 491): [out_set_parameters:971] out:0xe6249700 kvpairs:closing=true;exiting=1 out->out_device:0x400, adev->out_device:0x80002
06-04 20:48:29.631 E/audio_hw_hal_primary( 491): out_set_parameters, ret:-2, hw_sync_mode:is false
06-04 20:48:29.631 D/AudioFlinger( 542): ro.audio.silent is ignored since no output device is set
06-04 20:48:29.632 I/audio_hw_hal_primary( 491): [out_set_event_callback:3158] io 493: out:0xe6249700, callback:0xe813491d cookie:0xe8a40c10
06-04 20:48:29.632 I/audio_hw_hal_primary( 491): [adev_close_output_stream_new:8052] io handle 493: out:0xe6249700
06-04 20:48:29.632 D/audio_hw_hal_primary( 491): adev_close_output_stream_new: enter usecase = PCM_HWSYNC
06-04 20:48:29.632 D/audio_hw_hal_timer( 491): func:audio_timer_delete delete timer.1 success.
06-04 20:48:29.632 D/audio_hw_hal_timer( 491): func:audio_timer_delete delete timer.2 success.
06-04 20:48:29.632 D/audio_hw_hal_primary( 491): [adev_close_output_stream_new:8076] timer_id:1 ret:2
06-04 20:48:29.632 I/audio_hw_hal_primary( 491): [adev_close_output_stream:3695] io 493: out:0xe6249700 dev:OUT_HDMI(0x400) flags:0x41, usecase:PCM_HWSYNC
06-04 20:48:29.632 D/audio_hw_hal_primary( 491): [out_standby_new:5767] io 493: out:0xe6249700 usecase:PCM_HWSYNC
06-04 20:48:29.632 I/audio_hw_hal_primary( 491): already standby, do nothing
06-04 20:48:29.633 I/audio_hw_hal_resourcemgr( 491): [is_output_device_muted:710] device:0x2 port_mute:0, fade_mute:0
06-04 20:48:29.633 I/audio_hw_hal_primary( 491): [adev_close_output_stream:3863] io 493: out:0xe6249700 exit ------
06-04 20:48:29.634 D/audio_hw_hal_primary( 491): [out_dump:848] io 509: out:0xe6249e30, fd:24
06-04 20:48:29.636 W/IPCThreadState( 542): Sending oneway calls to frozen process.
06-04 20:48:29.637 D/audio_hw_hal_primary( 491): [out_set_parameters:971] out:0xe6249e30 kvpairs:closing=true;exiting=1 out->out_device:0x400, adev->out_device:0x80002
06-04 20:48:29.637 E/audio_hw_hal_primary( 491): out_set_parameters, ret:-2, hw_sync_mode:is false
06-04 20:48:29.637 I/audio_hw_hal_primary( 491): [out_set_event_callback:3158] io 509: out:0xe6249e30, callback:0xe813491d cookie:0xe8a424d0
06-04 20:48:29.637 I/audio_hw_hal_primary( 491): [adev_close_output_stream_new:8052] io handle 509: out:0xe6249e30
06-04 20:48:29.637 D/audio_hw_hal_primary( 491): adev_close_output_stream_new: enter usecase = RAW_DIRECT
06-04 20:48:29.637 I/audio_hw_hal_primary( 491): [adev_close_output_stream:3695] io 509: out:0xe6249e30 dev:OUT_HDMI(0x400) flags:0x401, usecase:RAW_DIRECT
06-04 20:48:29.637 D/audio_hw_hal_primary( 491): [out_standby_new:5767] io 509: out:0xe6249e30 usecase:RAW_DIRECT
06-04 20:48:29.637 I/audio_hw_hal_primary( 491): already standby, do nothing
06-04 20:48:29.637 I/audio_hw_hal_resourcemgr( 491): [is_output_device_muted:710] device:0x2 port_mute:0, fade_mute:0
06-04 20:48:29.637 I/audio_hw_hal_primary( 491): [adev_close_output_stream:3863] io 509: out:0xe6249e30 exit ------
06-04 20:48:29.639 D/audio_hw_hal_primary( 491): [out_dump:848] io 517: out:0xe6243260, fd:24
06-04 20:48:29.640 W/IPCThreadState( 542): Sending oneway calls to frozen process.
06-04 20:48:29.640 D/audio_hw_hal_primary( 491): [out_set_parameters:971] out:0xe6243260 kvpairs:closing=true;exiting=1 out->out_device:0x400, adev->out_device:0x80002
06-04 20:48:29.640 E/audio_hw_hal_primary( 491): out_set_parameters, ret:-2, hw_sync_mode:is false
06-04 20:48:29.640 I/Scheduler( 265): Display 4625716335649126413 is the pacesetter
06-04 20:48:29.641 E/SchedulerTimer( 265): Terminated
06-04 20:48:29.641 D/AudioFlinger( 542): ro.audio.silent is ignored since no output device is set
06-04 20:48:29.641 D/SurfaceFlinger( 265): Setting power mode 2 on display 4625716335649126413
06-04 20:48:29.641 W/EventThread( 265): Failed dispatching Hotplug{displayId=4625716335649126413, connected} for Connection{0xf1442a90, VSyncRequest::None}
06-04 20:48:29.641 W/EventThread( 265): Failed dispatching Hotplug{displayId=4625716335649126413, connected} for Connection{0xf1443110, VSyncRequest::None}
06-04 20:48:29.642 D/SurfaceFlinger( 265): Finished setting power mode 2 on display 4625716335649126413
06-04 20:48:29.643 I/MesonDisplay( 296): [/mode_policy.c, meson_mode_set_policy, 1177] connector:0 to policy:0
06-04 20:48:29.643 I/MesonDisplay( 296): [/mode_policy.c, is_dv_prefer, 66] not prefer dv, hdr_priority:10000010
06-04 20:48:29.643 I/MesonDisplay( 296): [/mode_policy.c, is_dv_prefer, 66] not prefer dv, hdr_priority:10000010
06-04 20:48:29.643 I/MesonDisplay( 296): [/mode_policy.c, hdr_scene_process, 724] policy:0 is_bestcolorspace:1 state:0
06-04 20:48:29.643 I/MesonDisplay( 296): [/mode_policy_parser.c, is_support_hdmimode, 115] is_support_hdmimode mode: none not support
06-04 20:48:29.643 I/MesonDisplay( 296): [/mode_policy_parser.c, is_support_hdmimode, 110] is_support_hdmimode mode: 2160p60hz
06-04 20:48:29.643 D/MesonDisplay( 296): meson_write /sys/class/amhdmitx/amhdmitx0/valid_mode, outputmode:2160p60hz420,10bit
06-04 20:48:29.644 D/MesonDisplay( 296): valid mode is true!
06-04 20:48:29.644 I/MesonDisplay( 296): [/mode_policy.c, is_support_4kHDR, 499] is_support_4kHDR mode:[420,10bit], deep color:[2160p60hz]
06-04 20:48:29.644 I/MesonDisplay( 296): [/mode_policy.c, meson_mode_get_policy_output, 1289] final_displaymode:2160p60hz, final_deepcolor:420,10bit, amdv_type:0
06-04 20:48:29.644 I/MesonDisplay( 296): [/mode_policy.c, meson_mode_set_policy, 1177] connector:0 to policy:0
06-04 20:48:29.646 D/LocalDisplayAdapter( 707): The active mode was changed from SurfaceFlinger or the display device to {id=127, width=3840, height=2160, fps=59.94006, alternativeRefreshRates=[], supportedHdrTypes=[2, 3]}
06-04 20:48:29.647 D/LocalDisplayAdapter( 707): New display modes are added and the active mode has changed, use active mode as default mode.
06-04 20:48:29.647 W/LocalDisplayAdapter( 707): DisplayModeSpecs base mode no longer available, using currently active mode.
06-04 20:48:29.648 I/DisplayDeviceRepository( 707): Display device changed: DisplayDeviceInfo{"内置屏幕": uniqueId="local:4625716335649126413", 3840 x 2160, modeId 124, renderFrameRate 59.94006, defaultModeId 124, supportedModes [{id=124, width=3840, height=2160, fps=59.94006, alternativeRefreshRates=[], supportedHdrTypes=[]}], colorMode 0, supportedColorModes [0], hdrCapabilities HdrCapabilities{mSupportedHdrTypes=[], mMaxLuminance=500.0, mMaxAverageLuminance=500.0, mMinLuminance=0.0}, allmSupported false, gameContentTypeSupported false, density 480, 84.813 x 84.406 dpi, appVsyncOff 2000000, presDeadline 13683333, touch INTERNAL, rotation 0, type INTERNAL, address {port=13, model=0x4031d87fca1678}, deviceProductInfo DeviceProductInfo{name=Linux FHD, manufacturerPnpId=LNX, productId=0, modelYear=null, manufactureDate=ManufactureDate{week=5, year=2012}, connectionToSinkType=0}, state ON, committedState ON, frameRateOverride , brightnessMinimum 0.0, brightnessMaximum 1.0, brightnessDefault 0.39763778, hdrSdrRatio NaN, FLAG_ALLOWED_TO_BE_DEFAULT_DISPLAY, FLAG_ROTATES_WITH_CONTENT, FLAG_SECURE, FLAG_SUPPORTS_PROTECTED_BUFFERS, FLAG_TRUSTED, installOrientation 0, displayShape DisplayShape{ spec=-545313861 displayWidth=3840 displayHeight=2160 physicalPixelDisplaySizeRatio=1.0 rotation=0 offsetX=0 offsetY=0 scale=1.0}}
06-04 20:48:29.651 D/DisplayManagerService( 707): Ignore redundant display event 0/2 to 10075/3469
06-04 20:48:29.651 W/LocalDisplayAdapter( 707): Ignoring request for invalid base mode id 124
06-04 20:48:29.651 E/Scheduler( 265): trackPendingFrame: Invalid present fence
06-04 20:48:29.653 I/DisplayDeviceRepository( 707): Display device changed: DisplayDeviceInfo{"内置屏幕": uniqueId="local:4625716335649126413", 3840 x 2160, modeId 127, renderFrameRate 59.94006, defaultModeId 127, supportedModes [{id=125, width=1920, height=1080, fps=119.88013, alternativeRefreshRates=[], supportedHdrTypes=[2, 3]}, {id=126, width=1920, height=1080, fps=120.00001, alternativeRefreshRates=[], supportedHdrTypes=[2, 3]}, {id=127, width=3840, height=2160, fps=59.94006, alternativeRefreshRates=[], supportedHdrTypes=[2, 3]}, {id=128, width=3840, height=2160, fps=60.000004, alternativeRefreshRates=[], supportedHdrTypes=[2, 3]}, {id=129, width=3840, height=2160, fps=50.0, alternativeRefreshRates=[], supportedHdrTypes=[2, 3]}, {id=130, width=3840, height=2160, fps=29.97003, alternativeRefreshRates=[], supportedHdrTypes=[2, 3]}, {id=131, width=3840, height=2160, fps=30.000002, alternativeRefreshRates=[], supportedHdrTypes=[2, 3]}, {id=132, width=3840, height=2160, fps=25.0, alternativeRefreshRates=[], supportedHdrTypes=[2, 3]}, {id=133, width=3840, height=2160, fps=23.976025, alternativeRefreshRates=[], supportedHdrTypes=[2, 3]}, {id=134, width=3840, height=2160, fps=24.000002, alternativeRefreshRates=[], supportedHdrTypes=[2, 3]}, {id=135, width=1920, height=1080, fps=100.0, alternativeRefreshRates=[], supportedHdrTypes=[2, 3]}, {id=136, width=1920, height=1080, fps=59.94006, alternativeRefreshRates=[], supportedHdrTypes=[2, 3]}, {id=137, width=1920, height=1080, fps=60.000004, alternativeRefreshRates=[], supportedHdrTypes=[2, 3]}, {id=138, width=1920, height=1080, fps=50.0, alternativeRefreshRates=[], supportedHdrTypes=[2, 3]}, {id=139, width=1920, height=1080, fps=29.97003, alternativeRefreshRates=[], supportedHdrTypes=[2, 3]}, {id=140, width=1920, height=1080, fps=30.000002, alternativeRefreshRates=[], supportedHdrTypes=[2, 3]}, {id=141, width=1920, height=1080, fps=25.0, alternativeRefreshRates=[], supportedHdrTypes=[2, 3]}, {id=142, width=1920, height=1080, fps=23.976025, alternativeRefreshRates=[], supportedHdrTypes=[2, 3]}, {id=143, width=1920, height=1080, fps=24.000002, alternativeRefreshRates=[], supportedHdrTypes=[2, 3]}, {id=144, width=1280, height=720, fps=59.94006, alternativeRefreshRates=[], supportedHdrTypes=[2, 3]}, {id=145, width=1280, height=720, fps=60.000004, alternativeRefreshRates=[], supportedHdrTypes=[2, 3]}, {id=146, width=1280, height=720, fps=50.0, alternativeRefreshRates=[], supportedHdrTypes=[2, 3]}], colorMode 0, supportedColorModes [0], hdrCapabilities HdrCapabilities{mSupportedHdrTypes=[2, 3], mMaxLuminance=500.0, mMaxAverageLuminance=500.0, mMinLuminance=0.0}, allmSupported true, gameContentTypeSupported false, density 480, 84.813 x 84.406 dpi, appVsyncOff 2000000, presDeadline 13683333, touch INTERNAL, rotation 0, type INTERNAL, address {port=13, model=0x4031d87fca1678}, deviceProductInfo DeviceProductInfo{name=Dangbei , manufacturerPnpId=DBP, productId=48, modelYear=null, manufactureDate=ManufactureDate{week=10, year=2014}, connectionToSinkType=2}, state ON, committedState ON, frameRateOverride , brightnessMinimum 0.0, brightnessMaximum 1.0, brightnessDefault 0.39763778, hdrSdrRatio NaN, FLAG_ALLOWED_TO_BE_DEFAULT_DISPLAY, FLAG_ROTATES_WITH_CONTENT, FLAG_SECURE, FLAG_SUPPORTS_PROTECTED_BUFFERS, FLAG_TRUSTED, installOrientation 0, displayShape DisplayShape{ spec=-545313861 displayWidth=3840 displayHeight=2160 physicalPixelDisplaySizeRatio=1.0 rotation=0 offsetX=0 offsetY=0 scale=1.0}}
06-04 20:48:29.654 I/audio_hw_hal_primary( 491): [out_set_event_callback:3158] io 517: out:0xe6243260, callback:0xe813491d cookie:0xe8a419f0
06-04 20:48:29.655 I/audio_hw_hal_primary( 491): [adev_close_output_stream_new:8052] io handle 517: out:0xe6243260
06-04 20:48:29.655 D/audio_hw_hal_primary( 491): adev_close_output_stream_new: enter usecase = RAW_DIRECT
06-04 20:48:29.655 I/audio_hw_hal_primary( 491): [adev_close_output_stream:3695] io 517: out:0xe6243260 dev:OUT_HDMI(0x400) flags:0x11, usecase:RAW_DIRECT
06-04 20:48:29.655 D/audio_hw_hal_primary( 491): [out_standby_new:5767] io 517: out:0xe6243260 usecase:RAW_DIRECT
06-04 20:48:29.655 I/audio_hw_hal_primary( 491): already standby, do nothing
06-04 20:48:29.655 I/audio_hw_hal_resourcemgr( 491): [is_output_device_muted:710] device:0x2 port_mute:0, fade_mute:0
06-04 20:48:29.655 I/audio_hw_hal_primary( 491): [adev_close_output_stream:3863] io 517: out:0xe6243260 exit ------
06-04 20:48:29.656 D/audio_hw_hal_primary( 491): [out_dump:848] io 533: out:0xe6246be0, fd:24
06-04 20:48:29.657 W/IPCThreadState( 542): Sending oneway calls to frozen process.
06-04 20:48:29.657 D/audio_hw_hal_primary( 491): [out_set_parameters:971] out:0xe6246be0 kvpairs:closing=true;exiting=1 out->out_device:0x400, adev->out_device:0x80002
06-04 20:48:29.658 E/audio_hw_hal_primary( 491): out_set_parameters, ret:-2, hw_sync_mode:is false
06-04 20:48:29.658 D/AudioFlinger( 542): ro.audio.silent is ignored since no output device is set
06-04 20:48:29.659 I/audio_hw_hal_primary( 491): [out_set_event_callback:3158] io 533: out:0xe6246be0, callback:0xe813491d cookie:0xe8a40af0
06-04 20:48:29.659 I/audio_hw_hal_primary( 491): [adev_close_output_stream_new:8052] io handle 533: out:0xe6246be0
06-04 20:48:29.659 D/audio_hw_hal_primary( 491): adev_close_output_stream_new: enter usecase = RAW_DIRECT
06-04 20:48:29.659 I/audio_hw_hal_primary( 491): [adev_close_output_stream:3695] io 533: out:0xe6246be0 dev:OUT_HDMI(0x400) flags:0x441, usecase:RAW_DIRECT
06-04 20:48:29.659 D/audio_hw_hal_primary( 491): [out_standby_new:5767] io 533: out:0xe6246be0 usecase:RAW_DIRECT
06-04 20:48:29.659 I/audio_hw_hal_primary( 491): already standby, do nothing
06-04 20:48:29.659 I/audio_hw_hal_resourcemgr( 491): [is_output_device_muted:710] device:0x2 port_mute:0, fade_mute:0
06-04 20:48:29.659 I/audio_hw_hal_primary( 491): [adev_close_output_stream:3863] io 533: out:0xe6246be0 exit ------
06-04 20:48:29.661 D/audio_hw_hal_primary( 491): [out_dump:848] io 541: out:0xe62415a0, fd:24
06-04 20:48:29.662 W/IPCThreadState( 542): Sending oneway calls to frozen process.
06-04 20:48:29.662 D/audio_hw_hal_primary( 491): [out_set_parameters:971] out:0xe62415a0 kvpairs:closing=true;exiting=1 out->out_device:0x400, adev->out_device:0x80002
06-04 20:48:29.662 E/audio_hw_hal_primary( 491): out_set_parameters, ret:-2, hw_sync_mode:is false
06-04 20:48:29.662 D/AudioFlinger( 542): ro.audio.silent is ignored since no output device is set
06-04 20:48:29.663 I/audio_hw_hal_primary( 491): [out_set_event_callback:3158] io 541: out:0xe62415a0, callback:0xe813491d cookie:0xe8a40df0
06-04 20:48:29.663 I/RefreshRateSelector( 265): Display 4625716335649126413 policy changed
06-04 20:48:29.663 I/RefreshRateSelector( 265): Previous: {defaultModeId=162, allowGroupSwitching=false, primaryRanges={physical=[0.00 Hz, 340282346638528859811704183484516925440.00 Hz], render=[0.00 Hz, 340282346638528859811704183484516925440.00 Hz]}, appRequestRanges={physical=[0.00 Hz, 340282346638528859811704183484516925440.00 Hz], render=[0.00 Hz, 340282346638528859811704183484516925440.00 Hz]}}
06-04 20:48:29.663 I/RefreshRateSelector( 265): Current: DisplayManagerPolicy{defaultModeId=162, allowGroupSwitching=false, primaryRanges={physical=[0.00 Hz, inf Hz], render=[0.00 Hz, 120.00 Hz]}, appRequestRanges={physical=[0.00 Hz, inf Hz], render=[0.00 Hz, inf Hz]}}
06-04 20:48:29.663 I/RefreshRateSelector( 265): 0 mode changes were performed under the previous policy
06-04 20:48:29.664 I/audio_hw_hal_primary( 491): [adev_close_output_stream_new:8052] io handle 541: out:0xe62415a0
06-04 20:48:29.664 D/audio_hw_hal_primary( 491): adev_close_output_stream_new: enter usecase = RAW_DIRECT
06-04 20:48:29.664 I/audio_hw_hal_primary( 491): [adev_close_output_stream:3695] io 541: out:0xe62415a0 dev:OUT_HDMI(0x400) flags:0x1, usecase:RAW_DIRECT
06-04 20:48:29.664 D/audio_hw_hal_primary( 491): [out_standby_new:5767] io 541: out:0xe62415a0 usecase:RAW_DIRECT
06-04 20:48:29.664 I/audio_hw_hal_primary( 491): already standby, do nothing
06-04 20:48:29.664 I/audio_hw_hal_resourcemgr( 491): [is_output_device_muted:710] device:0x2 port_mute:0, fade_mute:0
06-04 20:48:29.664 I/audio_hw_hal_primary( 491): [adev_close_output_stream:3863] io 541: out:0xe62415a0 exit ------
06-04 20:48:29.665 D/AudioFlinger( 542): closing mmapThread 0xef580010
06-04 20:48:29.665 W/IPCThreadState( 542): Sending oneway calls to frozen process.
06-04 20:48:29.665 D/AudioFlinger( 542): mmapThread exit()
06-04 20:48:29.666 I/audio_hw_hal_primary( 491): [adev_close_output_stream_new:8052] io handle 557: out:0xe6248fd0
06-04 20:48:29.666 D/audio_hw_hal_primary( 491): adev_close_output_stream_new: enter usecase = PCM_MMAP
06-04 20:48:29.666 I/audio_hw_hal_primary( 491): [adev_close_output_stream:3695] io 557: out:0xe6248fd0 dev:OUT_HDMI(0x400) flags:0x4001, usecase:PCM_MMAP
06-04 20:48:29.666 D/audio_hw_hal_primary( 491): [out_standby_new:5767] io 557: out:0xe6248fd0 usecase:PCM_MMAP
06-04 20:48:29.666 I/audio_hw_hal_primary( 491): already standby, do nothing
06-04 20:48:29.666 I/audio_hw_hal_mmap( 491): [outMmapDeInit:743] stream:0xe6248fd0
06-04 20:48:29.666 I/audio_hw_hal_mmap( 491): [mmap_audio_unregister_client:955] OK ! stream 0xe6248fd0, client id 0
06-04 20:48:29.666 I/audio_hw_hal_primary( 491): when close aaudio stream, send STANDBY msg to submix & ms12
06-04 20:48:29.666 I/audio_hw_hal_ms12common( 491): aml_set_ms12_scheduler_state ms12_scheduler_state:1, sch_state:1 SCHEDULER_STANDBY is sent to ms12
06-04 20:48:29.666 I/audio_hw_hal_resourcemgr( 491): [is_output_device_muted:710] device:0x2 port_mute:0, fade_mute:0
06-04 20:48:29.666 I/audio_hw_hal_primary( 491): [adev_close_output_stream:3863] io 557: out:0xe6248fd0 exit ------
06-04 20:48:29.668 W/IPCThreadState( 542): Sending oneway calls to frozen process.
06-04 20:48:29.669 I/AS.AudioDeviceInventory( 707): sendDeviceConnectionIntent(dev:0x400 state:0x1 address: name:);
06-04 20:48:29.683 V/MediaRouter( 707): Audio routes updated: AudioRoutesInfo{ type=HDMI }, a2dp=false
06-04 20:48:29.683 V/MediaRouter( 707): Selecting route: RouteInfo{ name=外部设备, description=null, status=null, category=RouteCategory{ name=系统 types=ROUTE_TYPE_LIVE_AUDIO ROUTE_TYPE_LIVE_VIDEO groupable=false }, supportedTypes=ROUTE_TYPE_LIVE_AUDIO ROUTE_TYPE_LIVE_VIDEO , presentationDisplay=null }
06-04 20:48:29.686 D/xm_audio( 491): adev_get_parameters
06-04 20:48:29.688 D/xm_audio( 491): adev_get_parameters
06-04 20:48:29.688 V/MediaRouter( 912): Audio routes updated: AudioRoutesInfo{ type=HDMI }, a2dp=false
06-04 20:48:29.688 V/MediaRouter( 912): Selecting route: RouteInfo{ name=外部设备, description=null, status=null, category=RouteCategory{ name=系统 types=ROUTE_TYPE_LIVE_AUDIO ROUTE_TYPE_LIVE_VIDEO groupable=false }, supportedTypes=ROUTE_TYPE_LIVE_AUDIO ROUTE_TYPE_LIVE_VIDEO , presentationDisplay=null }
06-04 20:48:29.694 D/ActiveDeviceManager( 8611): onAudioDevicesAdded
06-04 20:48:29.694 D/AvrcpVolumeManager( 8611): onAudioDevicesAdded: Not expecting device changed
06-04 20:48:29.695 D/ActiveDeviceManager( 8611): Audio device added: DBBOX-A3 type: 9
06-04 20:48:29.697 D/xm_audio( 491): adev_get_parameters
06-04 20:48:29.698 D/xm_audio( 491): adev_get_parameters
06-04 20:48:29.706 D/xm_audio( 491): adev_get_parameters
06-04 20:48:29.707 D/xm_audio( 491): adev_get_parameters
06-04 20:48:29.713 D/xm_audio( 491): adev_get_parameters
06-04 20:48:29.714 D/xm_audio( 491): adev_get_parameters
06-04 20:48:29.722 D/xm_audio( 491): adev_get_parameters
06-04 20:48:29.724 D/xm_audio( 491): adev_get_parameters
06-04 20:48:29.730 D/xm_audio( 491): adev_get_parameters
06-04 20:48:29.732 D/xm_audio( 491): adev_get_parameters
06-04 20:48:29.739 D/xm_audio( 491): adev_get_parameters
06-04 20:48:29.740 D/xm_audio( 491): adev_get_parameters
06-04 20:48:29.740 D/hdmicecd( 501): [CEC]:printCecMessage, [4 -> 0] len: 1, body: 8f, result:success
06-04 20:48:29.740 E/IPCThreadState( 501): binder thread pool (1 threads) starved for 395 ms
06-04 20:48:29.747 D/xm_audio( 491): adev_get_parameters
06-04 20:48:29.749 D/xm_audio( 491): adev_get_parameters
06-04 20:48:29.756 D/xm_audio( 491): adev_get_parameters
06-04 20:48:29.758 D/xm_audio( 491): adev_get_parameters
06-04 20:48:29.762 D/xm_audio( 491): adev_get_parameters
06-04 20:48:29.764 D/xm_audio( 491): adev_get_parameters
06-04 20:48:29.771 D/xm_audio( 491): adev_get_parameters
06-04 20:48:29.772 D/xm_audio( 491): adev_get_parameters
06-04 20:48:29.778 D/xm_audio( 491): adev_get_parameters
06-04 20:48:29.780 D/xm_audio( 491): adev_get_parameters
06-04 20:48:29.788 D/xm_audio( 491): adev_get_parameters
06-04 20:48:29.789 D/xm_audio( 491): adev_get_parameters
06-04 20:48:29.793 D/xm_audio( 491): adev_get_parameters
06-04 20:48:29.795 D/xm_audio( 491): adev_get_parameters
06-04 20:48:29.796 D/hdmicecd( 501): [CEC]:printCecMessage, [4 -> 3] len: 0, body:, result:no ack
06-04 20:48:29.797 D/HDMI ( 707): [S]: 40:8F
06-04 20:48:29.799 D/xm_audio( 491): adev_get_parameters
06-04 20:48:29.800 D/xm_audio( 491): adev_get_parameters
06-04 20:48:29.804 D/xm_audio( 491): adev_get_parameters
06-04 20:48:29.805 D/xm_audio( 491): adev_get_parameters
06-04 20:48:29.810 D/xm_audio( 491): adev_get_parameters
06-04 20:48:29.811 D/xm_audio( 491): adev_get_parameters
06-04 20:48:29.816 D/xm_audio( 491): adev_get_parameters
06-04 20:48:29.817 D/xm_audio( 491): adev_get_parameters
06-04 20:48:29.822 D/xm_audio( 491): adev_get_parameters
06-04 20:48:29.824 D/xm_audio( 491): adev_get_parameters
06-04 20:48:29.827 D/xm_audio( 491): adev_get_parameters
06-04 20:48:29.828 D/xm_audio( 491): adev_get_parameters
06-04 20:48:29.833 D/xm_audio( 491): adev_get_parameters
06-04 20:48:29.834 D/xm_audio( 491): adev_get_parameters
06-04 20:48:29.838 D/xm_audio( 491): adev_get_parameters
06-04 20:48:29.839 D/xm_audio( 491): adev_get_parameters
06-04 20:48:29.843 D/xm_audio( 491): adev_get_parameters
06-04 20:48:29.845 D/xm_audio( 491): adev_get_parameters
06-04 20:48:29.849 D/xm_audio( 491): adev_get_parameters
06-04 20:48:29.850 D/xm_audio( 491): adev_get_parameters
06-04 20:48:29.854 D/xm_audio( 491): adev_get_parameters
06-04 20:48:29.855 D/xm_audio( 491): adev_get_parameters
06-04 20:48:29.863 D/xm_audio( 491): adev_get_parameters
06-04 20:48:29.865 D/xm_audio( 491): adev_get_parameters
06-04 20:48:29.870 D/xm_audio( 491): adev_get_parameters
06-04 20:48:29.871 D/xm_audio( 491): adev_get_parameters
06-04 20:48:29.876 D/xm_audio( 491): adev_get_parameters
06-04 20:48:29.878 D/xm_audio( 491): adev_get_parameters
06-04 20:48:29.881 D/xm_audio( 491): adev_get_parameters
06-04 20:48:29.882 D/xm_audio( 491): adev_get_parameters
06-04 20:48:29.887 D/xm_audio( 491): adev_get_parameters
06-04 20:48:29.888 D/xm_audio( 491): adev_get_parameters
06-04 20:48:29.890 I/AudioService( 707): onAccessoryPlugMediaUnmute newDevice=1024 [hdmi]
06-04 20:48:29.893 D/xm_audio( 491): adev_get_parameters
06-04 20:48:29.894 D/xm_audio( 491): adev_get_parameters
06-04 20:48:29.897 D/xm_audio( 491): adev_get_parameters
06-04 20:48:29.898 D/xm_audio( 491): adev_get_parameters
06-04 20:48:29.902 D/xm_audio( 491): adev_get_parameters
06-04 20:48:29.904 D/xm_audio( 491): adev_get_parameters
06-04 20:48:29.910 D/xm_audio( 491): adev_get_parameters
06-04 20:48:29.911 D/xm_audio( 491): adev_get_parameters
06-04 20:48:29.915 D/xm_audio( 491): adev_get_parameters
06-04 20:48:29.917 D/xm_audio( 491): adev_get_parameters
06-04 20:48:29.921 D/xm_audio( 491): adev_get_parameters
06-04 20:48:29.923 D/xm_audio( 491): adev_get_parameters
06-04 20:48:29.928 D/xm_audio( 491): adev_get_parameters
06-04 20:48:29.929 D/xm_audio( 491): adev_get_parameters
06-04 20:48:29.932 D/xm_audio( 491): adev_get_parameters
06-04 20:48:29.934 D/xm_audio( 491): adev_get_parameters
06-04 20:48:29.939 D/xm_audio( 491): adev_get_parameters
06-04 20:48:29.940 D/xm_audio( 491): adev_get_parameters
06-04 20:48:29.945 D/xm_audio( 491): adev_get_parameters
06-04 20:48:29.946 D/xm_audio( 491): adev_get_parameters
06-04 20:48:29.951 D/xm_audio( 491): adev_get_parameters
06-04 20:48:29.952 D/xm_audio( 491): adev_get_parameters
06-04 20:48:29.956 D/xm_audio( 491): adev_get_parameters
06-04 20:48:29.959 D/xm_audio( 491): adev_get_parameters
06-04 20:48:29.963 D/xm_audio( 491): adev_get_parameters
06-04 20:48:29.964 D/xm_audio( 491): adev_get_parameters
06-04 20:48:29.968 D/xm_audio( 491): adev_get_parameters
06-04 20:48:29.969 D/xm_audio( 491): adev_get_parameters
06-04 20:48:29.973 D/xm_audio( 491): adev_get_parameters
06-04 20:48:29.974 D/xm_audio( 491): adev_get_parameters
06-04 20:48:29.979 D/xm_audio( 491): adev_get_parameters
06-04 20:48:29.980 D/xm_audio( 491): adev_get_parameters
06-04 20:48:29.984 D/xm_audio( 491): adev_get_parameters
06-04 20:48:29.985 D/xm_audio( 491): adev_get_parameters
06-04 20:48:29.990 D/xm_audio( 491): adev_get_parameters
06-04 20:48:29.992 D/xm_audio( 491): adev_get_parameters
06-04 20:48:29.997 D/xm_audio( 491): adev_get_parameters
06-04 20:48:29.998 D/xm_audio( 491): adev_get_parameters
06-04 20:48:30.002 D/xm_audio( 491): adev_get_parameters
06-04 20:48:30.003 D/xm_audio( 491): adev_get_parameters
06-04 20:48:30.010 D/xm_audio( 491): adev_get_parameters
06-04 20:48:30.012 D/xm_audio( 491): adev_get_parameters
06-04 20:48:30.068 D/hdmicecd( 501): [CEC]:printCecMessage, [4 -> 0] len: 1, body: 8f, result:success
06-04 20:48:30.068 E/IPCThreadState( 501): binder thread pool (1 threads) starved for 272 ms
06-04 20:48:30.094 I/WifiHAL ( 524): call wifi_get_link_stats handler
06-04 20:48:30.094 I/WifiHAL ( 524): Creating message to get link statistics; iface = 16
06-04 20:48:30.095 D/WifiHAL ( 524): error code -95 mapped to -3
06-04 20:48:30.095 E/WifiStaIfaceAidlImpl( 707): getLinkLayerStats failed with service-specific exception: android.os.ServiceSpecificException: (code 4)
06-04 20:48:30.124 D/hdmicecd( 501): [CEC]:printCecMessage, [4 -> 1] len: 0, body:, result:no ack
06-04 20:48:30.180 D/hdmicecd( 501): [CEC]:printCecMessage, [4 -> 0] len: 0, body:, result:success
06-04 20:48:30.180 D/HdmiCecController( 707): [P]:AllocatedAddress=[0]
06-04 20:48:30.181 D/hdmicecd( 501): [HdmiCecControl]:getPhysicalAddress, physical addr: 3000, last pa: 3000, ret = 0
06-04 20:48:30.182 D/HDMI ( 707): [S]: 40:8F
06-04 20:48:30.210 I/audio_hw_hal_alsamgr( 491): alsa format =0x1 delay frames =1024 total frames=112458240
06-04 20:48:30.237 I/cling--ap-139( 2892): type=1400 audit(0.0:1670): avc: denied { search } for name="net" dev="sysfs" ino=12344 scontext=u:r:untrusted_app_27:s0:c43,c256,c512,c768 tcontext=u:object_r:sysfs_net:s0 tclass=dir permissive=1 app=com.dangbei.screencast
06-04 20:48:30.237 I/cling--ap-139( 2892): type=1400 audit(0.0:1671): avc: denied { read } for name="address" dev="sysfs" ino=22126 scontext=u:r:untrusted_app_27:s0:c43,c256,c512,c768 tcontext=u:object_r:sysfs_net:s0 tclass=file permissive=1 app=com.dangbei.screencast
06-04 20:48:30.237 I/cling--ap-139( 2892): type=1400 audit(0.0:1672): avc: denied { open } for path="/sys/devices/virtual/net/dummy0/address" dev="sysfs" ino=22126 scontext=u:r:untrusted_app_27:s0:c43,c256,c512,c768 tcontext=u:object_r:sysfs_net:s0 tclass=file permissive=1 app=com.dangbei.screencast
06-04 20:48:30.237 I/cling--ap-139( 2892): type=1400 audit(0.0:1673): avc: denied { getattr } for path="/sys/devices/virtual/net/dummy0/address" dev="sysfs" ino=22126 scontext=u:r:untrusted_app_27:s0:c43,c256,c512,c768 tcontext=u:object_r:sysfs_net:s0 tclass=file permissive=1 app=com.dangbei.screencast
06-04 20:48:30.310 D/hdmicecd( 501): [CEC]:printCecMsgBuf, msg: 04 00 8f 00
06-04 20:48:30.314 D/HDMI ( 707): [R]: 04:00:8F:00
06-04 20:48:30.315 W/HDMI ( 707): [1]:Unhandled cec command: 04:00:8F:00
06-04 20:48:30.502 D/hdmicecd( 501): [CEC]:printCecMsgBuf, msg: 0f 84 00 00 00
06-04 20:48:30.503 D/HDMI ( 707): [R]: 0F:84:00:00:00
06-04 20:48:30.504 D/hdmicecd( 501): [HdmiCecControl]:getPhysicalAddress, physical addr: 3000, last pa: 3000, ret = 0
06-04 20:48:30.505 D/hdmicecd( 501): [HdmiCecControl]:getPhysicalAddress, physical addr: 3000, last pa: 3000, ret = 0
06-04 20:48:30.506 D/HDMI ( 707): addCecDevice new:CEC: logical_address: 0x00 device_type: 0 cec_version: 5 vendor_id: 0 display_name: TV power_status: 1 physical_address: 0x0000 port_id: 0 old:CEC: logical_address: 0x00 device_type: 0 cec_version: 5 vendor_id: 0 display_name: TV power_status: 1 physical_address: 0xFFFF port_id: -1
06-04 20:48:30.507 D/HdmiControlService( 707): Switching to full volume behavior
06-04 20:48:30.508 I/HdmiCecLocalDevice( 707): Ignored while Device Discovery Action is in progress: 0F:84:00:00:00
06-04 20:48:30.581 D/MesonDisplay( 296): read /sys/class/amhdmitx/amhdmitx0/hdcp_lstore, result length:0, val:
06-04 20:48:30.587 D/hdmicecd( 501): [CEC]:printCecMessage, [4 -> 0] len: 1, body: 8f, result:fail other
06-04 20:48:30.672 D/hdmicecd( 501): [CEC]:printCecMsgBuf, msg: 0f 87 6d 74 6b
06-04 20:48:30.675 D/HDMI ( 707): [R]: 0F:87:6D:74:6B
06-04 20:48:30.676 D/hdmicecd( 501): [HdmiCecControl]:getPhysicalAddress, physical addr: 3000, last pa: 3000, ret = 0
06-04 20:48:30.848 D/hdmicecd( 501): [CEC]:printCecMessage, [4 -> 0] len: 1, body: 8f, result:success
06-04 20:48:30.849 E/IPCThreadState( 501): binder thread pool (1 threads) starved for 666 ms
06-04 20:48:30.970 D/hdmicecd( 501): [CEC]:printCecMsgBuf, msg: 04 46
06-04 20:48:30.970 D/hdmicecd( 501): [CMsgQueue]:sendmsg now = 2355983 msg[0] when = 2356983
06-04 20:48:30.971 D/HDMI ( 707): [R]: 04:46
06-04 20:48:30.972 D/HDMI ( 707): [S]: 40:47:44:42:42:4F:58:2D:41:33
06-04 20:48:30.972 D/hdmicecd( 501): [CMsgQueue]:msg size is 0, break
06-04 20:48:31.210 D/HDMI ( 707): one touch play retry:2
06-04 20:48:31.248 D/hdmicecd( 501): [CEC]:printCecMessage, [4 -> 0] len: 9, body: 47 44 42 42 4f 58 2d 41 33, result:success
06-04 20:48:31.248 E/IPCThreadState( 501): binder thread pool (1 threads) starved for 276 ms
06-04 20:48:31.249 D/HDMI ( 707): [S]: 40:0D
06-04 20:48:31.313 E/xxxxxxxxxxxxxxx( 1414): onReceive: true , configuration = {1.0 ?mcc0mnc [zh_CN] ldltr sw720dp w1280dp h720dp 240dpi xlrg long land television -touch -keyb/v/h dpad/v winConfig={ mBounds=Rect(0, 0 - 1920, 1080) mAppBounds=Rect(0, 0 - 1920, 1080) mMaxBounds=Rect(0, 0 - 1920, 1080) mDisplayRotation=ROTATION_0 mWindowingMode=fullscreen mDisplayWindowingMode=fullscreen mActivityType=undefined mAlwaysOnTop=undefined mRotation=ROTATION_0} s.6 fontWeightAdjustment=0}
06-04 20:48:31.314 E/xxxxxxxxxxxxxxx( 1414): isScreenSizeChange=false app onConfigurationChanged={1.0 ?mcc0mnc [zh_CN] ldltr sw720dp w1280dp h720dp 240dpi xlrg long land television -touch -keyb/v/h dpad/v winConfig={ mBounds=Rect(0, 0 - 1920, 1080) mAppBounds=Rect(0, 0 - 1920, 1080) mMaxBounds=Rect(0, 0 - 1920, 1080) mDisplayRotation=ROTATION_0 mWindowingMode=fullscreen mDisplayWindowingMode=fullscreen mActivityType=undefined mAlwaysOnTop=undefined mRotation=ROTATION_0} s.6 fontWeightAdjustment=0}
06-04 20:48:31.329 D/hdmicecd( 501): [CEC]:printCecMessage, [4 -> 0] len: 1, body: 0d, result:success
06-04 20:48:31.330 D/HDMI ( 707): [S]: 40:8F
06-04 20:48:31.388 D/hdmicecd( 501): [CEC]:printCecMessage, [4 -> 0] len: 1, body: 8f, result:no ack
06-04 20:48:31.444 D/hdmicecd( 501): [CEC]:printCecMessage, [4 -> 0] len: 1, body: 8f, result:no ack
06-04 20:48:31.444 E/HDMI ( 707): [1]:Failed to send 40:8F with errorCode=1
06-04 20:48:31.538 D/hdmicecd( 501): [CEC]:printCecMsgBuf, msg: 04 90 00
06-04 20:48:31.538 D/hdmicecd( 501): [HdmiCecControl]:updateActiveState received tv power status 0
06-04 20:48:31.542 D/HDMI ( 707): [R]: 04:90:00
06-04 20:48:31.544 D/hdmicecd( 501): [HdmiCecControl]:getPhysicalAddress, physical addr: 3000, last pa: 3000, ret = 0
06-04 20:48:31.544 D/HDMI ( 707): One touch play is done for TV's power is ready
06-04 20:48:31.545 D/HDMI ( 707): setActiveSource logical:0x04 physical:0x3000 ActiveSourceAction
06-04 20:48:31.545 D/HDMI ( 707): [S]: 4F:82:30:00
06-04 20:48:31.545 D/hdmicecd( 501): [HdmiCecControl]:getPhysicalAddress, physical addr: 3000, last pa: 3000, ret = 0
06-04 20:48:31.545 D/hdmicecd( 501): [HdmiCecControl]:updateActiveState sending messag:82 active state:1
06-04 20:48:31.545 D/hdmicecd( 501): [HdmiCecControl]:getPhysicalAddress, physical addr: 3000, last pa: 3000, ret = 0
06-04 20:48:31.546 D/HDMI ( 707): ActiveSourceHistoryRecord active source=(0x04, 0x3000) isActiveSource=true from=ActiveSourceAction
06-04 20:48:31.547 D/hdmicecd( 501): [HdmiCecControl]:getPhysicalAddress, physical addr: 3000, last pa: 3000, ret = 0
06-04 20:48:31.547 D/HDMI ( 707): addCecDevice new:CEC: logical_address: 0x00 device_type: 0 cec_version: 5 vendor_id: 0 display_name: DBX5SPN power_status: 0 physical_address: 0x0000 port_id: 0 old:CEC: logical_address: 0x00 device_type: 0 cec_version: 5 vendor_id: 7173227 display_name: TV power_status: 0 physical_address: 0x0000 port_id: 0
06-04 20:48:31.548 D/HdmiControlService( 707): Switching to full volume behavior
06-04 20:48:31.548 D/hdmicecd( 501): [HdmiCecControl]:getPhysicalAddress, physical addr: 3000, last pa: 3000, ret = 0
06-04 20:48:31.549 D/HDMI ( 707): addCecDevice new:CEC: logical_address: 0x04 device_type: 4 cec_version: 5 vendor_id: 1877008 display_name: DBBOX-A3 power_status: 0 physical_address: 0x3000 port_id: 0 old:null
06-04 20:48:31.549 D/HDMI ( 707): Hot-plug detection started.
06-04 20:48:31.549 D/HdmiControlService( 707): Switching to full volume behavior
06-04 20:48:31.581 D/MesonDisplay( 296): read /sys/class/amhdmitx/amhdmitx0/hdcp_lstore, result length:0, val:
06-04 20:48:31.673 D/hdmicecd( 501): [CEC]:printCecMessage, [4 -> f] len: 3, body: 82 30 00, result:success
06-04 20:48:31.674 E/IPCThreadState( 501): binder thread pool (1 threads) starved for 130 ms
06-04 20:48:31.674 D/HDMI ( 707): [S]: 40:8E:00
06-04 20:48:31.777 D/hdmicecd( 501): [CEC]:printCecMessage, [4 -> 0] len: 2, body: 8e 00, result:success
06-04 20:48:31.777 E/IPCThreadState( 501): binder thread pool (1 threads) starved for 103 ms
06-04 20:48:31.853 D/UtilLog ( 2071): 日志批量上报 进行正常循环 !!!!!!本次有0次请求,共0条数据
06-04 20:48:31.853 D/UtilLog ( 2071): 日志批量上报 进行正常循环 !!!!!!本次有0次请求,共0条数据
06-04 20:48:31.853 D/UtilLog ( 2071): 日志批量上报 进行正常循环 !!!!!!本次有0次请求,共0条数据
06-04 20:48:32.035 D/hdmicecd( 501): [CEC]:printCecMsgBuf, msg: 04 90 00
06-04 20:48:32.035 D/hdmicecd( 501): [HdmiCecControl]:updateActiveState received tv power status 0
06-04 20:48:32.037 D/HDMI ( 707): [R]: 04:90:00
06-04 20:48:32.131 D/hdmicecd( 501): [CEC]:printCecMsgBuf, msg: 04 8c
06-04 20:48:32.132 D/HDMI ( 707): [R]: 04:8C
06-04 20:48:32.133 D/hdmicecd( 501): [HdmiCecControl]:getVendorId, vendorId: 0x1CA410
06-04 20:48:32.134 D/HDMI ( 707): [S]: 4F:87:1C:A4:10
06-04 20:48:32.286 D/hdmicecd( 501): [CEC]:printCecMessage, [4 -> f] len: 4, body: 87 1c a4 10, result:success
06-04 20:48:32.286 E/IPCThreadState( 501): binder thread pool (1 threads) starved for 152 ms
06-04 20:48:32.582 D/MesonDisplay( 296): read /sys/class/amhdmitx/amhdmitx0/hdcp_lstore, result length:0, val:
06-04 20:48:32.666 D/audio_hw_hal_ms12common( 491): func:ms12_timer_callback_handler sigv:0 ~~~~~~~~~~
06-04 20:48:32.666 D/audio_hw_hal_ms12v2( 491): set_dolby_ms12_continuous_state audio_continuous_standby_set status 1
06-04 20:48:32.666 D/audio_hw_hal_continuous_standby( 491): audio_continuous_standby_set, type 0, params 1
06-04 20:48:32.666 D/audio_hw_hal_ms12common( 491): aml_send_ms12_scheduler_state_2_ms12 adev:0xe71c0010, sch_state:1(SCHEDULER_STANDBY)
06-04 20:48:33.102 I/WifiHAL ( 524): call wifi_get_link_stats handler
06-04 20:48:33.102 I/WifiHAL ( 524): Creating message to get link statistics; iface = 16
06-04 20:48:33.102 D/WifiHAL ( 524): error code -95 mapped to -3
06-04 20:48:33.103 E/WifiStaIfaceAidlImpl( 707): getLinkLayerStats failed with service-specific exception: android.os.ServiceSpecificException: (code 4)
06-04 20:48:33.582 D/MesonDisplay( 296): read /sys/class/amhdmitx/amhdmitx0/hdcp_lstore, result length:0, val:
06-04 20:48:34.582 D/MesonDisplay( 296): read /sys/class/amhdmitx/amhdmitx0/hdcp_lstore, result length:0, val:
06-04 20:48:34.975 I/bt_stack( 8611): [INFO:le_scanning_manager.cc(168)] Scan in shim layer stopped
06-04 20:48:34.975 I/bluetooth( 8611): packages/modules/Bluetooth/system/gd/hci/le_address_manager.cc:193 unregister_client: Client unregistered
06-04 20:48:34.975 I/bt_stack( 8611): [INFO:le_scanning_manager.cc(346)] SetScanParameters in shim layer
06-04 20:48:34.976 I/bt_stack( 8611): [INFO:le_scanning_manager.cc(168)] Scan in shim layer started
06-04 20:48:34.976 I/bluetooth( 8611): packages/modules/Bluetooth/system/gd/hci/le_scanning_manager.cc:588 stop_scan: Scanning already stopped, return!
06-04 20:48:34.976 I/bluetooth( 8611): packages/modules/Bluetooth/system/gd/hci/le_address_manager.cc:178 register_client: Client registered
06-04 20:48:35.569 D/hdmicecd( 501): [CEC]:printCecMsgBuf, msg: 0f 84 00 00 00
06-04 20:48:35.571 D/HDMI ( 707): [R]: 0F:84:00:00:00
06-04 20:48:35.572 D/hdmicecd( 501): [HdmiCecControl]:getPhysicalAddress, physical addr: 3000, last pa: 3000, ret = 0
06-04 20:48:35.572 D/hdmicecd( 501): [HdmiCecControl]:getPhysicalAddress, physical addr: 3000, last pa: 3000, ret = 0
06-04 20:48:35.573 D/HDMI ( 707): addCecDevice new:CEC: logical_address: 0x00 device_type: 0 cec_version: 5 vendor_id: 0 display_name: DBX5SPN power_status: 0 physical_address: 0x0000 port_id: 0 old:CEC: logical_address: 0x00 device_type: 0 cec_version: 5 vendor_id: 0 display_name: DBX5SPN power_status: 0 physical_address: 0x0000 port_id: 0
06-04 20:48:35.574 D/HdmiControlService( 707): Switching to full volume behavior
06-04 20:48:35.583 D/MesonDisplay( 296): read /sys/class/amhdmitx/amhdmitx0/hdcp_lstore, result length:0, val:
06-04 20:48:35.652 I/WifiService( 707): startScan uid=1000
