06-04 20:44:52.339 E/Scheduler( 265): trackPendingFrame: Invalid present fence
06-04 20:44:52.373 E/Scheduler( 265): trackPendingFrame: Invalid present fence
06-04 20:44:52.406 E/Scheduler( 265): trackPendingFrame: Invalid present fence
06-04 20:44:52.440 E/Scheduler( 265): trackPendingFrame: Invalid present fence
06-04 20:44:52.473 E/Scheduler( 265): trackPendingFrame: Invalid present fence
06-04 20:44:52.506 E/Scheduler( 265): trackPendingFrame: Invalid present fence
06-04 20:44:52.541 E/Scheduler( 265): trackPendingFrame: Invalid present fence
06-04 20:44:52.573 E/Scheduler( 265): trackPendingFrame: Invalid present fence
06-04 20:44:52.607 E/Scheduler( 265): trackPendingFrame: Invalid present fence
06-04 20:44:52.640 E/Scheduler( 265): trackPendingFrame: Invalid present fence
06-04 20:44:52.673 E/Scheduler( 265): trackPendingFrame: Invalid present fence
06-04 20:44:52.707 E/Scheduler( 265): trackPendingFrame: Invalid present fence
06-04 20:44:52.740 E/Scheduler( 265): trackPendingFrame: Invalid present fence
06-04 20:44:52.773 E/Scheduler( 265): trackPendingFrame: Invalid present fence
06-04 20:44:52.806 E/Scheduler( 265): trackPendingFrame: Invalid present fence
06-04 20:44:52.840 E/Scheduler( 265): trackPendingFrame: Invalid present fence
06-04 20:44:52.873 E/Scheduler( 265): trackPendingFrame: Invalid present fence
06-04 20:44:52.906 E/Scheduler( 265): trackPendingFrame: Invalid present fence
06-04 20:44:52.940 E/Scheduler( 265): trackPendingFrame: Invalid present fence
06-04 20:44:52.973 E/Scheduler( 265): trackPendingFrame: Invalid present fence
06-04 20:44:53.006 E/Scheduler( 265): trackPendingFrame: Invalid present fence
06-04 20:44:53.040 E/Scheduler( 265): trackPendingFrame: Invalid present fence
06-04 20:44:53.073 E/Scheduler( 265): trackPendingFrame: Invalid present fence
06-04 20:44:53.124 E/Scheduler( 265): trackPendingFrame: Invalid present fence
06-04 20:44:53.140 E/Scheduler( 265): trackPendingFrame: Invalid present fence
06-04 20:44:53.173 E/Scheduler( 265): trackPendingFrame: Invalid present fence
06-04 20:44:53.207 E/Scheduler( 265): trackPendingFrame: Invalid present fence
06-04 20:44:53.240 E/Scheduler( 265): trackPendingFrame: Invalid present fence
06-04 20:44:53.274 E/Scheduler( 265): trackPendingFrame: Invalid present fence
06-04 20:44:53.307 E/Scheduler( 265): trackPendingFrame: Invalid present fence
06-04 20:44:53.340 E/Scheduler( 265): trackPendingFrame: Invalid present fence
06-04 20:44:53.361 I/VDA ( 497): [0##35]"ServiceDeviceTask INs=1863/1870, OUTs=1861/1866"" {IN=7/8, OUT=8/13[kAtAccelerator(0) kAtDevice(5) kAtClient(8)]}"
06-04 20:44:53.374 E/Scheduler( 265): trackPendingFrame: Invalid present fence
06-04 20:44:53.407 E/Scheduler( 265): trackPendingFrame: Invalid present fence
06-04 20:44:53.440 E/Scheduler( 265): trackPendingFrame: Invalid present fence
06-04 20:44:53.474 E/Scheduler( 265): trackPendingFrame: Invalid present fence
06-04 20:44:53.507 E/Scheduler( 265): trackPendingFrame: Invalid present fence
06-04 20:44:53.540 E/Scheduler( 265): trackPendingFrame: Invalid present fence
06-04 20:44:53.574 E/Scheduler( 265): trackPendingFrame: Invalid present fence
06-04 20:44:53.607 E/Scheduler( 265): trackPendingFrame: Invalid present fence
06-04 20:44:53.640 E/Scheduler( 265): trackPendingFrame: Invalid present fence
06-04 20:44:53.668 D/BufferPoolAccessor2.0( 7501): bufferpool2 0xe4143088 : 8(12582912 size) total buffers - 8(12582912 size) used buffers - 0/9 (recycle/alloc) - 9/1883 (fetch/transfer)
06-04 20:44:53.674 E/Scheduler( 265): trackPendingFrame: Invalid present fence
06-04 20:44:53.707 E/Scheduler( 265): trackPendingFrame: Invalid present fence
06-04 20:44:53.741 E/Scheduler( 265): trackPendingFrame: Invalid present fence
06-04 20:44:53.774 E/Scheduler( 265): trackPendingFrame: Invalid present fence
06-04 20:44:53.807 E/Scheduler( 265): trackPendingFrame: Invalid present fence
06-04 20:44:53.841 E/Scheduler( 265): trackPendingFrame: Invalid present fence
06-04 20:44:53.874 E/Scheduler( 265): trackPendingFrame: Invalid present fence
06-04 20:44:53.907 E/Scheduler( 265): trackPendingFrame: Invalid present fence
06-04 20:44:53.941 E/Scheduler( 265): trackPendingFrame: Invalid present fence
06-04 20:44:53.975 E/Scheduler( 265): trackPendingFrame: Invalid present fence
06-04 20:44:54.008 E/Scheduler( 265): trackPendingFrame: Invalid present fence
06-04 20:44:54.042 E/Scheduler( 265): trackPendingFrame: Invalid present fence
06-04 20:44:54.074 E/Scheduler( 265): trackPendingFrame: Invalid present fence
06-04 20:44:54.108 E/Scheduler( 265): trackPendingFrame: Invalid present fence
06-04 20:44:54.141 E/Scheduler( 265): trackPendingFrame: Invalid present fence
06-04 20:44:54.175 E/Scheduler( 265): trackPendingFrame: Invalid present fence
06-04 20:44:54.208 E/Scheduler( 265): trackPendingFrame: Invalid present fence
06-04 20:44:54.241 E/Scheduler( 265): trackPendingFrame: Invalid present fence
06-04 20:44:54.274 E/Scheduler( 265): trackPendingFrame: Invalid present fence
06-04 20:44:54.308 E/Scheduler( 265): trackPendingFrame: Invalid present fence
06-04 20:44:54.341 E/Scheduler( 265): trackPendingFrame: Invalid present fence
06-04 20:44:54.375 E/Scheduler( 265): trackPendingFrame: Invalid present fence
06-04 20:44:54.384 I/VDA ( 497): [0##35]"ServiceDeviceTask INs=1894/1901, OUTs=1892/1896"" {IN=7/8, OUT=9/13[kAtAccelerator(0) kAtDevice(4) kAtClient(9)]}"
06-04 20:44:54.408 E/Scheduler( 265): trackPendingFrame: Invalid present fence
06-04 20:44:54.441 E/Scheduler( 265): trackPendingFrame: Invalid present fence
06-04 20:44:54.475 E/Scheduler( 265): trackPendingFrame: Invalid present fence
06-04 20:44:54.508 E/Scheduler( 265): trackPendingFrame: Invalid present fence
06-04 20:44:54.541 E/Scheduler( 265): trackPendingFrame: Invalid present fence
06-04 20:44:54.575 E/Scheduler( 265): trackPendingFrame: Invalid present fence
06-04 20:44:54.608 E/Scheduler( 265): trackPendingFrame: Invalid present fence
06-04 20:44:54.641 E/Scheduler( 265): trackPendingFrame: Invalid present fence
06-04 20:44:54.675 E/Scheduler( 265): trackPendingFrame: Invalid present fence
06-04 20:44:54.708 E/Scheduler( 265): trackPendingFrame: Invalid present fence
06-04 20:44:54.742 E/Scheduler( 265): trackPendingFrame: Invalid present fence
06-04 20:44:54.775 E/Scheduler( 265): trackPendingFrame: Invalid present fence
06-04 20:44:54.809 E/Scheduler( 265): trackPendingFrame: Invalid present fence
06-04 20:44:54.842 E/Scheduler( 265): trackPendingFrame: Invalid present fence
06-04 20:44:54.875 E/Scheduler( 265): trackPendingFrame: Invalid present fence
06-04 20:44:54.909 E/Scheduler( 265): trackPendingFrame: Invalid present fence
06-04 20:44:54.934 I/WifiHAL ( 524): call wifi_get_link_stats handler
06-04 20:44:54.934 I/WifiHAL ( 524): Creating message to get link statistics; iface = 16
06-04 20:44:54.935 D/WifiHAL ( 524): error code -95 mapped to -3
06-04 20:44:54.935 E/WifiStaIfaceAidlImpl( 707): getLinkLayerStats failed with service-specific exception: android.os.ServiceSpecificException: (code 4)
06-04 20:44:54.942 E/Scheduler( 265): trackPendingFrame: Invalid present fence
06-04 20:44:54.975 E/Scheduler( 265): trackPendingFrame: Invalid present fence
06-04 20:44:55.009 E/Scheduler( 265): trackPendingFrame: Invalid present fence
06-04 20:44:55.042 E/Scheduler( 265): trackPendingFrame: Invalid present fence
06-04 20:44:55.075 E/Scheduler( 265): trackPendingFrame: Invalid present fence
06-04 20:44:55.108 I/virtual void MediaDecoder::run()( 7501): notify decode next url: /data/user/0/com.dangbei.lerad.screensaver/files/download/61/city_2.mp4
06-04 20:44:55.108 E/screen_saver2( 7501): onDecodeNextStream: 1
06-04 20:44:55.108 D/AdManager( 7501): advertisementNum: 1
06-04 20:44:55.109 E/Scheduler( 265): trackPendingFrame: Invalid present fence
06-04 20:44:55.142 E/Scheduler( 265): trackPendingFrame: Invalid present fence
06-04 20:44:55.175 E/Scheduler( 265): trackPendingFrame: Invalid present fence
06-04 20:44:55.209 E/Scheduler( 265): trackPendingFrame: Invalid present fence
06-04 20:44:55.243 E/Scheduler( 265): trackPendingFrame: Invalid present fence
06-04 20:44:55.275 E/Scheduler( 265): trackPendingFrame: Invalid present fence
06-04 20:44:55.309 E/Scheduler( 265): trackPendingFrame: Invalid present fence
06-04 20:44:55.343 E/Scheduler( 265): trackPendingFrame: Invalid present fence
06-04 20:44:55.376 E/Scheduler( 265): trackPendingFrame: Invalid present fence
06-04 20:44:55.410 E/Scheduler( 265): trackPendingFrame: Invalid present fence
06-04 20:44:55.410 I/VDA ( 497): [0##35]"ServiceDeviceTask INs=1925/1932, OUTs=1925/1927"" {IN=7/8, OUT=11/13[kAtAccelerator(0) kAtDevice(2) kAtClient(11)]}"
06-04 20:44:55.442 E/Scheduler( 265): trackPendingFrame: Invalid present fence
06-04 20:44:55.476 E/Scheduler( 265): trackPendingFrame: Invalid present fence
06-04 20:44:55.509 E/Scheduler( 265): trackPendingFrame: Invalid present fence
06-04 20:44:55.542 E/Scheduler( 265): trackPendingFrame: Invalid present fence
06-04 20:44:55.576 E/Scheduler( 265): trackPendingFrame: Invalid present fence
06-04 20:44:55.609 E/Scheduler( 265): trackPendingFrame: Invalid present fence
06-04 20:44:55.643 E/Scheduler( 265): trackPendingFrame: Invalid present fence
06-04 20:44:55.676 E/Scheduler( 265): trackPendingFrame: Invalid present fence
06-04 20:44:55.710 E/Scheduler( 265): trackPendingFrame: Invalid present fence
06-04 20:44:55.743 E/Scheduler( 265): trackPendingFrame: Invalid present fence
06-04 20:44:55.776 E/Scheduler( 265): trackPendingFrame: Invalid present fence
06-04 20:44:55.810 E/Scheduler( 265): trackPendingFrame: Invalid present fence
06-04 20:44:55.843 E/Scheduler( 265): trackPendingFrame: Invalid present fence
06-04 20:44:55.876 E/Scheduler( 265): trackPendingFrame: Invalid present fence
06-04 20:44:55.910 E/Scheduler( 265): trackPendingFrame: Invalid present fence
06-04 20:44:55.943 E/Scheduler( 265): trackPendingFrame: Invalid present fence
06-04 20:44:55.977 E/Scheduler( 265): trackPendingFrame: Invalid present fence
06-04 20:44:56.009 E/Scheduler( 265): trackPendingFrame: Invalid present fence
06-04 20:44:56.043 E/Scheduler( 265): trackPendingFrame: Invalid present fence
06-04 20:44:56.076 E/Scheduler( 265): trackPendingFrame: Invalid present fence
06-04 20:44:56.109 E/Scheduler( 265): trackPendingFrame: Invalid present fence
06-04 20:44:56.143 E/Scheduler( 265): trackPendingFrame: Invalid present fence
06-04 20:44:56.176 E/Scheduler( 265): trackPendingFrame: Invalid present fence
06-04 20:44:56.210 E/Scheduler( 265): trackPendingFrame: Invalid present fence
06-04 20:44:56.243 E/Scheduler( 265): trackPendingFrame: Invalid present fence
06-04 20:44:56.276 E/Scheduler( 265): trackPendingFrame: Invalid present fence
06-04 20:44:56.310 E/Scheduler( 265): trackPendingFrame: Invalid present fence
06-04 20:44:56.343 E/Scheduler( 265): trackPendingFrame: Invalid present fence
06-04 20:44:56.377 E/Scheduler( 265): trackPendingFrame: Invalid present fence
06-04 20:44:56.410 E/Scheduler( 265): trackPendingFrame: Invalid present fence
06-04 20:44:56.436 I/VDA ( 497): [0##35]"ServiceDeviceTask INs=1957/1964, OUTs=1954/1958"" {IN=7/8, OUT=9/13[kAtAccelerator(0) kAtDevice(4) kAtClient(9)]}"
06-04 20:44:56.443 E/Scheduler( 265): trackPendingFrame: Invalid present fence
06-04 20:44:56.472 I/DebugUtil( 497): [0##35]in/out status {INS/OUTS=1966(1)/1956(0)}, pipeline status {IN=7/8, OUT=10/13[Component(0) Accelerator(3) Client(10)]}
06-04 20:44:56.477 E/Scheduler( 265): trackPendingFrame: Invalid present fence
06-04 20:44:56.510 E/Scheduler( 265): trackPendingFrame: Invalid present fence
06-04 20:44:56.544 E/Scheduler( 265): trackPendingFrame: Invalid present fence
06-04 20:44:56.577 E/Scheduler( 265): trackPendingFrame: Invalid present fence
06-04 20:44:56.610 E/Scheduler( 265): trackPendingFrame: Invalid present fence
06-04 20:44:56.644 E/Scheduler( 265): trackPendingFrame: Invalid present fence
06-04 20:44:56.677 E/Scheduler( 265): trackPendingFrame: Invalid present fence
06-04 20:44:56.710 E/Scheduler( 265): trackPendingFrame: Invalid present fence
06-04 20:44:56.744 E/Scheduler( 265): trackPendingFrame: Invalid present fence
06-04 20:44:56.778 E/Scheduler( 265): trackPendingFrame: Invalid present fence
06-04 20:44:56.812 E/Scheduler( 265): trackPendingFrame: Invalid present fence
06-04 20:44:56.844 E/Scheduler( 265): trackPendingFrame: Invalid present fence
06-04 20:44:56.877 E/Scheduler( 265): trackPendingFrame: Invalid present fence
06-04 20:44:56.910 E/Scheduler( 265): trackPendingFrame: Invalid present fence
06-04 20:44:56.944 E/Scheduler( 265): trackPendingFrame: Invalid present fence
06-04 20:44:56.977 E/Scheduler( 265): trackPendingFrame: Invalid present fence
06-04 20:44:57.010 E/Scheduler( 265): trackPendingFrame: Invalid present fence
06-04 20:44:57.044 E/Scheduler( 265): trackPendingFrame: Invalid present fence
06-04 20:44:57.077 E/Scheduler( 265): trackPendingFrame: Invalid present fence
06-04 20:44:57.111 E/Scheduler( 265): trackPendingFrame: Invalid present fence
06-04 20:44:57.144 E/Scheduler( 265): trackPendingFrame: Invalid present fence
06-04 20:44:57.177 E/Scheduler( 265): trackPendingFrame: Invalid present fence
06-04 20:44:57.210 E/Scheduler( 265): trackPendingFrame: Invalid present fence
06-04 20:44:57.245 E/Scheduler( 265): trackPendingFrame: Invalid present fence
06-04 20:44:57.277 E/Scheduler( 265): trackPendingFrame: Invalid present fence
06-04 20:44:57.311 E/Scheduler( 265): trackPendingFrame: Invalid present fence
06-04 20:44:57.344 E/Scheduler( 265): trackPendingFrame: Invalid present fence
06-04 20:44:57.363 I/virtual Data FFDemuxer::read()( 7501): read frame ret: End of file latestReceivedTime: 219923 getTotalTimeMillis: 7500 is exit: 0
06-04 20:44:57.363 I/virtual Data FFDemuxer::read()( 7501): list smooth loop
06-04 20:44:57.368 I/virtual StreamInfo FFDemuxer::getVideoStreamInfo()( 7501): video width: 1920 video height: 1080 video pixelFormat: 0 fps: 30
06-04 20:44:57.368 D/virtual Data FFDemuxer::read()( 7501): open next url: /data/user/0/com.dangbei.lerad.screensaver/files/download/61/city_2.mp4
06-04 20:44:57.378 E/Scheduler( 265): trackPendingFrame: Invalid present fence
06-04 20:44:57.411 E/Scheduler( 265): trackPendingFrame: Invalid present fence
06-04 20:44:57.444 E/Scheduler( 265): trackPendingFrame: Invalid present fence
06-04 20:44:57.478 E/Scheduler( 265): trackPendingFrame: Invalid present fence
06-04 20:44:57.498 I/VDA ( 497): [0##35]"ServiceDeviceTask INs=1988/1995, OUTs=1985/1990"" {IN=7/8, OUT=8/13[kAtAccelerator(0) kAtDevice(5) kAtClient(8)]}"
06-04 20:44:57.511 E/Scheduler( 265): trackPendingFrame: Invalid present fence
06-04 20:44:57.545 E/Scheduler( 265): trackPendingFrame: Invalid present fence
06-04 20:44:57.578 E/Scheduler( 265): trackPendingFrame: Invalid present fence
06-04 20:44:57.611 E/Scheduler( 265): trackPendingFrame: Invalid present fence
06-04 20:44:57.645 E/Scheduler( 265): trackPendingFrame: Invalid present fence
06-04 20:44:57.678 E/Scheduler( 265): trackPendingFrame: Invalid present fence
06-04 20:44:57.711 E/Scheduler( 265): trackPendingFrame: Invalid present fence
06-04 20:44:57.745 E/Scheduler( 265): trackPendingFrame: Invalid present fence
06-04 20:44:57.778 E/Scheduler( 265): trackPendingFrame: Invalid present fence
06-04 20:44:57.811 E/Scheduler( 265): trackPendingFrame: Invalid present fence
06-04 20:44:57.845 E/Scheduler( 265): trackPendingFrame: Invalid present fence
06-04 20:44:57.878 E/Scheduler( 265): trackPendingFrame: Invalid present fence
06-04 20:44:57.911 E/Scheduler( 265): trackPendingFrame: Invalid present fence
06-04 20:44:57.939 I/WifiHAL ( 524): call wifi_get_link_stats handler
06-04 20:44:57.939 I/WifiHAL ( 524): Creating message to get link statistics; iface = 16
06-04 20:44:57.939 D/WifiHAL ( 524): error code -95 mapped to -3
06-04 20:44:57.940 E/WifiStaIfaceAidlImpl( 707): getLinkLayerStats failed with service-specific exception: android.os.ServiceSpecificException: (code 4)
06-04 20:44:57.945 E/Scheduler( 265): trackPendingFrame: Invalid present fence
06-04 20:44:57.978 E/Scheduler( 265): trackPendingFrame: Invalid present fence
06-04 20:44:58.012 E/Scheduler( 265): trackPendingFrame: Invalid present fence
06-04 20:44:58.045 E/Scheduler( 265): trackPendingFrame: Invalid present fence
06-04 20:44:58.078 E/Scheduler( 265): trackPendingFrame: Invalid present fence
06-04 20:44:58.113 E/Scheduler( 265): trackPendingFrame: Invalid present fence
06-04 20:44:58.131 D/WanClient( 1349): sendHeartMessage
06-04 20:44:58.132 D/WanClient( 1349): -----final------sendMessage: {"type":"2bKPMh2jwmQ="}
06-04 20:44:58.142 D/WanClient( 1349): onMessage:Thread[WebSocketConnectReadThread-71,5,main]--{"msg":"+MSejyjwlbc="}
06-04 20:44:58.146 E/Scheduler( 265): trackPendingFrame: Invalid present fence
06-04 20:44:58.146 D/WanClient( 1349): onMessageReceived:Thread[WebSocketConnectReadThread-71,5,main] {"msg":"+MSejyjwlbc="}
06-04 20:44:58.146 D/WanClient( 1349): type: null
06-04 20:44:58.146 D/WanClient( 1349): send:HB7FxtN64oc=
06-04 20:44:58.146 D/WanClient( 1349): leave:uQ3qCmhm4oA=
06-04 20:44:58.146 D/WanClient( 1349): join:7EsoetslBbs=
06-04 20:44:58.146 D/WanClient( 1349): ITtylgY8LAxdmHmRQSo49Q==
06-04 20:44:58.179 E/Scheduler( 265): trackPendingFrame: Invalid present fence
06-04 20:44:58.212 E/Scheduler( 265): trackPendingFrame: Invalid present fence
06-04 20:44:58.245 E/Scheduler( 265): trackPendingFrame: Invalid present fence
06-04 20:44:58.279 E/Scheduler( 265): trackPendingFrame: Invalid present fence
06-04 20:44:58.312 E/Scheduler( 265): trackPendingFrame: Invalid present fence
06-04 20:44:58.345 E/Scheduler( 265): trackPendingFrame: Invalid present fence
06-04 20:44:58.378 E/Scheduler( 265): trackPendingFrame: Invalid present fence
06-04 20:44:58.412 E/Scheduler( 265): trackPendingFrame: Invalid present fence
06-04 20:44:58.445 E/Scheduler( 265): trackPendingFrame: Invalid present fence
06-04 20:44:58.479 E/Scheduler( 265): trackPendingFrame: Invalid present fence
06-04 20:44:58.512 E/Scheduler( 265): trackPendingFrame: Invalid present fence
06-04 20:44:58.523 I/VDA ( 497): [0##35]"ServiceDeviceTask INs=2019/2026, OUTs=2016/2020"" {IN=7/8, OUT=9/13[kAtAccelerator(0) kAtDevice(4) kAtClient(9)]}"
06-04 20:44:58.545 E/Scheduler( 265): trackPendingFrame: Invalid present fence
06-04 20:44:58.579 E/Scheduler( 265): trackPendingFrame: Invalid present fence
06-04 20:44:58.612 E/Scheduler( 265): trackPendingFrame: Invalid present fence
06-04 20:44:58.646 E/Scheduler( 265): trackPendingFrame: Invalid present fence
06-04 20:44:58.679 E/Scheduler( 265): trackPendingFrame: Invalid present fence
06-04 20:44:58.712 E/Scheduler( 265): trackPendingFrame: Invalid present fence
06-04 20:44:58.746 E/Scheduler( 265): trackPendingFrame: Invalid present fence
06-04 20:44:58.779 E/Scheduler( 265): trackPendingFrame: Invalid present fence
06-04 20:44:58.812 E/Scheduler( 265): trackPendingFrame: Invalid present fence
06-04 20:44:58.833 D/BufferPoolAccessor2.0( 7501): bufferpool2 0xe4143088 : 8(12582912 size) total buffers - 8(12582912 size) used buffers - 0/9 (recycle/alloc) - 9/2038 (fetch/transfer)
06-04 20:44:58.846 E/Scheduler( 265): trackPendingFrame: Invalid present fence
06-04 20:44:58.879 E/Scheduler( 265): trackPendingFrame: Invalid present fence
06-04 20:44:58.913 E/Scheduler( 265): trackPendingFrame: Invalid present fence
06-04 20:44:58.946 E/Scheduler( 265): trackPendingFrame: Invalid present fence
06-04 20:44:58.979 E/Scheduler( 265): trackPendingFrame: Invalid present fence
06-04 20:44:59.013 E/Scheduler( 265): trackPendingFrame: Invalid present fence
06-04 20:44:59.046 E/Scheduler( 265): trackPendingFrame: Invalid present fence
06-04 20:44:59.079 E/Scheduler( 265): trackPendingFrame: Invalid present fence
06-04 20:44:59.113 E/Scheduler( 265): trackPendingFrame: Invalid present fence
06-04 20:44:59.146 E/Scheduler( 265): trackPendingFrame: Invalid present fence
06-04 20:44:59.180 E/Scheduler( 265): trackPendingFrame: Invalid present fence
06-04 20:44:59.213 E/Scheduler( 265): trackPendingFrame: Invalid present fence
06-04 20:44:59.246 E/Scheduler( 265): trackPendingFrame: Invalid present fence
06-04 20:44:59.279 E/Scheduler( 265): trackPendingFrame: Invalid present fence
06-04 20:44:59.313 E/Scheduler( 265): trackPendingFrame: Invalid present fence
06-04 20:44:59.346 E/Scheduler( 265): trackPendingFrame: Invalid present fence
06-04 20:44:59.379 E/Scheduler( 265): trackPendingFrame: Invalid present fence
06-04 20:44:59.414 E/Scheduler( 265): trackPendingFrame: Invalid present fence
06-04 20:44:59.446 E/Scheduler( 265): trackPendingFrame: Invalid present fence
06-04 20:44:59.480 E/Scheduler( 265): trackPendingFrame: Invalid present fence
06-04 20:44:59.514 E/Scheduler( 265): trackPendingFrame: Invalid present fence
06-04 20:44:59.546 E/Scheduler( 265): trackPendingFrame: Invalid present fence
06-04 20:44:59.549 I/VDA ( 497): [0##35]"ServiceDeviceTask INs=2050/2057, OUTs=2047/2051"" {IN=7/8, OUT=9/13[kAtAccelerator(0) kAtDevice(4) kAtClient(9)]}"
06-04 20:44:59.580 E/Scheduler( 265): trackPendingFrame: Invalid present fence
06-04 20:44:59.613 E/Scheduler( 265): trackPendingFrame: Invalid present fence
06-04 20:44:59.646 E/Scheduler( 265): trackPendingFrame: Invalid present fence
06-04 20:44:59.680 E/Scheduler( 265): trackPendingFrame: Invalid present fence
06-04 20:44:59.713 E/Scheduler( 265): trackPendingFrame: Invalid present fence
06-04 20:44:59.747 E/Scheduler( 265): trackPendingFrame: Invalid present fence
06-04 20:44:59.780 E/Scheduler( 265): trackPendingFrame: Invalid present fence
06-04 20:44:59.813 E/Scheduler( 265): trackPendingFrame: Invalid present fence
06-04 20:44:59.847 E/Scheduler( 265): trackPendingFrame: Invalid present fence
06-04 20:44:59.880 E/Scheduler( 265): trackPendingFrame: Invalid present fence
06-04 20:44:59.914 E/Scheduler( 265): trackPendingFrame: Invalid present fence
06-04 20:44:59.947 E/Scheduler( 265): trackPendingFrame: Invalid present fence
06-04 20:44:59.980 E/Scheduler( 265): trackPendingFrame: Invalid present fence
06-04 20:45:00.014 E/Scheduler( 265): trackPendingFrame: Invalid present fence
06-04 20:45:00.047 E/Scheduler( 265): trackPendingFrame: Invalid present fence
06-04 20:45:00.080 E/Scheduler( 265): trackPendingFrame: Invalid present fence
06-04 20:45:00.114 E/Scheduler( 265): trackPendingFrame: Invalid present fence
06-04 20:45:00.147 E/Scheduler( 265): trackPendingFrame: Invalid present fence
06-04 20:45:00.180 E/Scheduler( 265): trackPendingFrame: Invalid present fence
06-04 20:45:00.214 E/Scheduler( 265): trackPendingFrame: Invalid present fence
06-04 20:45:00.247 E/Scheduler( 265): trackPendingFrame: Invalid present fence
06-04 20:45:00.281 E/Scheduler( 265): trackPendingFrame: Invalid present fence
06-04 20:45:00.314 E/Scheduler( 265): trackPendingFrame: Invalid present fence
06-04 20:45:00.347 E/Scheduler( 265): trackPendingFrame: Invalid present fence
06-04 20:45:00.381 E/Scheduler( 265): trackPendingFrame: Invalid present fence
06-04 20:45:00.414 E/Scheduler( 265): trackPendingFrame: Invalid present fence
06-04 20:45:00.447 E/Scheduler( 265): trackPendingFrame: Invalid present fence
06-04 20:45:00.481 E/Scheduler( 265): trackPendingFrame: Invalid present fence
06-04 20:45:00.514 E/Scheduler( 265): trackPendingFrame: Invalid present fence
06-04 20:45:00.548 E/Scheduler( 265): trackPendingFrame: Invalid present fence
06-04 20:45:00.581 E/Scheduler( 265): trackPendingFrame: Invalid present fence
06-04 20:45:00.612 I/VDA ( 497): [0##35]"ServiceDeviceTask INs=2081/2088, OUTs=2079/2083"" {IN=7/8, OUT=9/13[kAtAccelerator(0) kAtDevice(4) kAtClient(9)]}"
06-04 20:45:00.614 E/Scheduler( 265): trackPendingFrame: Invalid present fence
06-04 20:45:00.648 E/Scheduler( 265): trackPendingFrame: Invalid present fence
06-04 20:45:00.681 E/Scheduler( 265): trackPendingFrame: Invalid present fence
06-04 20:45:00.715 E/Scheduler( 265): trackPendingFrame: Invalid present fence
06-04 20:45:00.748 E/Scheduler( 265): trackPendingFrame: Invalid present fence
06-04 20:45:00.782 E/Scheduler( 265): trackPendingFrame: Invalid present fence
06-04 20:45:00.814 E/Scheduler( 265): trackPendingFrame: Invalid present fence
06-04 20:45:00.848 E/Scheduler( 265): trackPendingFrame: Invalid present fence
06-04 20:45:00.881 E/Scheduler( 265): trackPendingFrame: Invalid present fence
06-04 20:45:00.914 E/Scheduler( 265): trackPendingFrame: Invalid present fence
06-04 20:45:00.945 I/WifiHAL ( 524): call wifi_get_link_stats handler
06-04 20:45:00.945 I/WifiHAL ( 524): Creating message to get link statistics; iface = 16
06-04 20:45:00.946 D/WifiHAL ( 524): error code -95 mapped to -3
06-04 20:45:00.946 E/WifiStaIfaceAidlImpl( 707): getLinkLayerStats failed with service-specific exception: android.os.ServiceSpecificException: (code 4)
06-04 20:45:00.948 E/Scheduler( 265): trackPendingFrame: Invalid present fence
06-04 20:45:00.981 E/Scheduler( 265): trackPendingFrame: Invalid present fence
06-04 20:45:01.015 E/Scheduler( 265): trackPendingFrame: Invalid present fence
06-04 20:45:01.048 E/Scheduler( 265): trackPendingFrame: Invalid present fence
06-04 20:45:01.081 E/Scheduler( 265): trackPendingFrame: Invalid present fence
06-04 20:45:01.115 E/Scheduler( 265): trackPendingFrame: Invalid present fence
06-04 20:45:01.148 E/Scheduler( 265): trackPendingFrame: Invalid present fence
06-04 20:45:01.181 E/Scheduler( 265): trackPendingFrame: Invalid present fence
06-04 20:45:01.215 E/Scheduler( 265): trackPendingFrame: Invalid present fence
06-04 20:45:01.248 E/Scheduler( 265): trackPendingFrame: Invalid present fence
06-04 20:45:01.281 E/Scheduler( 265): trackPendingFrame: Invalid present fence
06-04 20:45:01.315 E/Scheduler( 265): trackPendingFrame: Invalid present fence
06-04 20:45:01.323 D/UtilLog ( 2071): 日志批量上报 进行正常循环 !!!!!!本次有0次请求,共0条数据
06-04 20:45:01.348 E/Scheduler( 265): trackPendingFrame: Invalid present fence
06-04 20:45:01.382 E/Scheduler( 265): trackPendingFrame: Invalid present fence
06-04 20:45:01.415 E/Scheduler( 265): trackPendingFrame: Invalid present fence
06-04 20:45:01.448 E/Scheduler( 265): trackPendingFrame: Invalid present fence
06-04 20:45:01.473 I/DebugUtil( 497): [0##35]in/out status {INS/OUTS=2117(1)/2106(0)}, pipeline status {IN=8/8, OUT=10/13[Component(0) Accelerator(3) Client(10)]}
06-04 20:45:01.482 E/Scheduler( 265): trackPendingFrame: Invalid present fence
06-04 20:45:01.515 E/Scheduler( 265): trackPendingFrame: Invalid present fence
06-04 20:45:01.549 E/Scheduler( 265): trackPendingFrame: Invalid present fence
06-04 20:45:01.582 E/Scheduler( 265): trackPendingFrame: Invalid present fence
06-04 20:45:01.615 E/Scheduler( 265): trackPendingFrame: Invalid present fence
06-04 20:45:01.638 I/VDA ( 497): [0##35]"ServiceDeviceTask INs=2113/2120, OUTs=2110/2114"" {IN=7/8, OUT=9/13[kAtAccelerator(0) kAtDevice(4) kAtClient(9)]}"
06-04 20:45:01.649 E/Scheduler( 265): trackPendingFrame: Invalid present fence
06-04 20:45:01.682 E/Scheduler( 265): trackPendingFrame: Invalid present fence
06-04 20:45:01.715 E/Scheduler( 265): trackPendingFrame: Invalid present fence
06-04 20:45:01.748 E/Scheduler( 265): trackPendingFrame: Invalid present fence
06-04 20:45:01.780 I/virtual void MediaDecoder::run()( 7501): notify decode next url: /data/user/0/com.dangbei.lerad.screensaver/files/download/61/city_1.mp4
06-04 20:45:01.781 E/screen_saver2( 7501): onDecodeNextStream: 0
06-04 20:45:01.781 E/screen_saver2( 7501): 本地记录index和回调的不一致
06-04 20:45:01.781 D/AdManager( 7501): advertisementNum: 0
06-04 20:45:01.781 D/AdManager( 7501): showAdvertisement
06-04 20:45:01.781 I/void PlayerProxy::abortRequest(long)( 7501): abortRequest
06-04 20:45:01.781 I/static int FFDemuxer::interruptCallBack(void *)( 7501): abort request
06-04 20:45:01.781 E/virtual Data FFDemuxer::read()( 7501): read frame failed: Invalid data found when processing input
06-04 20:45:01.782 E/virtual Data FFDemuxer::read()( 7501): read frame failed: Invalid data found when processing input
06-04 20:45:01.782 E/virtual Data FFDemuxer::read()( 7501): read frame failed: Invalid data found when processing input
06-04 20:45:01.782 E/virtual Data FFDemuxer::read()( 7501): read frame failed: Invalid data found when processing input
06-04 20:45:01.782 E/virtual Data FFDemuxer::read()( 7501): read frame failed: Invalid data found when processing input
06-04 20:45:01.782 I/static int FFDemuxer::interruptCallBack(void *)( 7501): abort request
06-04 20:45:01.782 I/static int FFDemuxer::interruptCallBack(void *)( 7501): abort request
06-04 20:45:01.782 I/virtual Data FFDemuxer::read()( 7501): read frame ret: Immediate exit requested latestReceivedTime: 223256 getTotalTimeMillis: 6666 is exit: 1
06-04 20:45:01.782 D/virtual void IDemuxer::run()( 7501): flush packet stop buffer if need
06-04 20:45:01.782 I/void PlayerProxy::release(long)( 7501): start release
06-04 20:45:01.782 D/void Thread::stop()( 7501): Thread-MediaDecoder start stop
06-04 20:45:01.782 I/void JavaCallback::JNIDetachThread()( 7501): detach thread
06-04 20:45:01.782 I/void MediaDecoder::render()( 7501): stop 2
06-04 20:45:01.783 E/Scheduler( 265): trackPendingFrame: Invalid present fence
06-04 20:45:01.784 I/void JavaCallback::JNIDetachThread()( 7501): detach thread
06-04 20:45:01.784 I/virtual void MediaDecoder::run()( 7501): stop 2
06-04 20:45:01.792 D/void Thread::stop()( 7501): Thread-MediaDecoder stop success
06-04 20:45:01.792 D/void Thread::stop()( 7501): Thread-FFDemuxer start stop
06-04 20:45:01.793 I/void JavaCallback::JNIDetachThread()( 7501): detach thread
06-04 20:45:01.793 I/virtual void IDemuxer::run()( 7501): stop
06-04 20:45:01.802 D/void Thread::stop()( 7501): Thread-FFDemuxer stop success
06-04 20:45:01.802 D/void Thread::stop()( 7501): Thread-Player start stop
06-04 20:45:01.806 I/void JavaCallback::JNIDetachThread()( 7501): detach thread
06-04 20:45:01.806 I/virtual void Player::run()( 7501): stop
06-04 20:45:01.812 D/void Thread::stop()( 7501): Thread-Player stop success
06-04 20:45:01.812 I/virtual void IDemuxer::clear()( 7501): clear success
06-04 20:45:01.831 I/virtual void IDecoder::clear(bool)( 7501): clear success 2 serial: 1
06-04 20:45:01.831 I/virtual void MediaDecoder::clear(bool)( 7501): clear success 2
06-04 20:45:01.831 I/virtual void FFDemuxer::close()( 7501): start
06-04 20:45:01.832 I/virtual void FFDemuxer::close()( 7501): close success
06-04 20:45:01.832 D/SurfaceUtils( 7501): connecting to surface 0xb5143278, reason connectToSurface
06-04 20:45:01.832 I/MediaCodec( 7501): [c2.amlogic.hevc.decoder] setting surface generation to 7681028
06-04 20:45:01.832 D/SurfaceUtils( 7501): disconnecting from surface 0xb5143278, reason connectToSurface(reconnect)
06-04 20:45:01.832 D/SurfaceUtils( 7501): connecting to surface 0xb5143278, reason connectToSurface(reconnect)
06-04 20:45:01.832 D/Codec2-OutputBufferQueue( 7501): C2SurfaceSyncMemory created 20(20)
06-04 20:45:01.833 D/Codec2-OutputBufferQueue( 7501): remote graphic buffer migration 9/9
06-04 20:45:01.833 D/Codec2Client( 7501): setOutputSurface -- generation=7681028 consumer usage=0x900 sync
06-04 20:45:01.834 D/C2BqBuffer( 497): local generation change 7681028 , bqId: 32216549687299 migrated buffers # 3
06-04 20:45:01.834 D/Codec2Client( 7501): Surface configure completed
06-04 20:45:01.835 D/SurfaceUtils( 7501): disconnecting from surface 0xeba75878, reason disconnectFromSurface
06-04 20:45:01.835 D/CCodecBufferChannel( 7501): [c2.amlogic.hevc.decoder#255] MediaCodec discarded an unknown buffer
06-04 20:45:01.836 D/CCodecBufferChannel( 7501): [c2.amlogic.hevc.decoder#255] MediaCodec discarded an unknown buffer
06-04 20:45:01.836 D/CCodecBufferChannel( 7501): [c2.amlogic.hevc.decoder#255] MediaCodec discarded an unknown buffer
06-04 20:45:01.836 I/C2VdecComponent( 497): [0##35]"[release]"
06-04 20:45:01.836 D/CCodecBufferChannel( 7501): [c2.amlogic.hevc.decoder#255] MediaCodec discarded an unknown buffer
06-04 20:45:01.836 I/C2VdecComponent( 497): [0##35]"[reset]"
06-04 20:45:01.836 I/C2VdecComponent( 497): [0##35]"[stop]"
06-04 20:45:01.836 D/CCodecBufferChannel( 7501): [c2.amlogic.hevc.decoder#255] MediaCodec discarded an unknown buffer
06-04 20:45:01.836 D/CCodecBufferChannel( 7501): [c2.amlogic.hevc.decoder#255] MediaCodec discarded an unknown buffer
06-04 20:45:01.836 I/C2VdecComponent( 497): [0##35]"[onStop]"
06-04 20:45:01.836 D/CCodecBufferChannel( 7501): [c2.amlogic.hevc.decoder#255] MediaCodec discarded an unknown buffer
06-04 20:45:01.836 D/CCodecBufferChannel( 7501): [c2.amlogic.hevc.decoder#255] MediaCodec discarded an unknown buffer
06-04 20:45:01.836 D/CCodecBufferChannel( 7501): [c2.amlogic.hevc.decoder#255] MediaCodec discarded an unknown buffer
06-04 20:45:01.836 I/VideoDecWraper( 497): [0##35]"stop"
06-04 20:45:01.836 I/AmVideoDec( 497): [No--1]-[0]"reset\n"
06-04 20:45:01.836 I/VDA ( 497): [0##35]"Reset"
06-04 20:45:01.836 I/VDA ( 497): [0##35]"ResetTask\n"
06-04 20:45:01.836 I/AmlManagePts( 497): [0]"resetPtsInfo into\n"
06-04 20:45:01.836 I/AmlManagePts( 497): [0]"resetOutPutInfo into\n"
06-04 20:45:01.837 I/virtual void MediaDecoder::close()( 7501): close success 2
06-04 20:45:01.837 I/void Player::setState(PLAYER_STATE)( 7501): state changed newState: 7 oldState: 3
06-04 20:45:01.837 D/LeradPlayer( 7501): player newState: 7 oldState: 3
06-04 20:45:01.837 I/void Player::close()( 7501): close success
06-04 20:45:01.837 I/JavaCallback::~JavaCallback()( 7501): delete success
06-04 20:45:01.837 I/Player::~Player()( 7501): start delete
06-04 20:45:01.837 I/virtual FFDemuxer::~FFDemuxer()( 7501): delete success
06-04 20:45:01.837 I/virtual FFAVDecoder::~FFAVDecoder()( 7501): delete success
06-04 20:45:01.837 I/virtual MediaDecoder::~MediaDecoder()( 7501): delete success
06-04 20:45:01.837 I/virtual FFAVDecoder::~FFAVDecoder()( 7501): delete success
06-04 20:45:01.837 I/virtual FFSubtitleDecoder::~FFSubtitleDecoder()( 7501): delete success
06-04 20:45:01.837 I/virtual FFResample::~FFResample()( 7501): delete success
06-04 20:45:01.837 I/virtual AudioTrackOutput::~AudioTrackOutput()( 7501): delete success
06-04 20:45:01.837 D/virtual GLVideoOutput::~GLVideoOutput()( 7501): delete success
06-04 20:45:01.837 I/Player::~Player()( 7501): delete success
06-04 20:45:01.837 I/void PlayerProxy::release(long)( 7501): release success
06-04 20:45:01.838 I/VDA ( 497): [0##35]"FinishReset\n"
06-04 20:45:01.838 I/VDA ( 497): [0##35]"StopInputStream input_streamon 1, input_buffer_map_.size 8\n"
06-04 20:45:01.838 I/VDA ( 497): [0##35]"----stop input VIDIOC_STREAMOFF----\n"
06-04 20:45:01.838 I/VDA ( 497): [0##35]"StopDevicePoll\n"
06-04 20:45:01.839 D/PipelineWatcher( 7501): onInputBufferReleased: frameIndex not found (2118); ignored
06-04 20:45:01.839 D/PipelineWatcher( 7501): onInputBufferReleased: frameIndex not found (2119); ignored
06-04 20:45:01.839 I/VDA ( 497): [0##35]"----stop output VIDIOC_STREAMOFF----\n"
06-04 20:45:01.839 D/PipelineWatcher( 7501): onInputBufferReleased: frameIndex not found (2120); ignored
06-04 20:45:01.839 D/PipelineWatcher( 7501): onInputBufferReleased: frameIndex not found (2121); ignored
06-04 20:45:01.839 D/PipelineWatcher( 7501): onInputBufferReleased: frameIndex not found (2122); ignored
06-04 20:45:01.839 D/PipelineWatcher( 7501): onInputBufferReleased: frameIndex not found (2123); ignored
06-04 20:45:01.839 D/PipelineWatcher( 7501): onInputBufferReleased: frameIndex not found (2124); ignored
06-04 20:45:01.839 D/PipelineWatcher( 7501): onInputBufferReleased: frameIndex not found (2125); ignored
06-04 20:45:01.846 I/VDA ( 497): [0##35]"SendPictureReady\n"
06-04 20:45:01.846 I/VDA ( 497): [0##35]"post ResetDoneTask\n"
06-04 20:45:01.846 I/VDA ( 497): [0##35]"ResetDoneTask\n"
06-04 20:45:01.846 I/VDA ( 497): [0##35]"StartDevicePoll\n"
06-04 20:45:01.846 I/VDA ( 497): [0##35]"NotifyResetDone\n"
06-04 20:45:01.847 I/AmVideoDec( 497): [No--1]-[0]"notifyResetDone\n"
06-04 20:45:01.847 I/VideoDecWraper( 497): [0##35]"onResetDone\n"
06-04 20:45:01.847 I/C2VdecComponent( 497): [0##35]"[NotifyFlushOrStopDone]"
06-04 20:45:01.847 I/C2VdecComponent( 497): [0##35]"[onFlushOrStopDone]"
06-04 20:45:01.847 I/C2VdecComponent( 497): [0##35]"[onStopDone]"
06-04 20:45:01.847 I/C2VdecComponent( 497): [reportAbandonedWorks] no-tunnel mode abandon bitstreamid:2116 mediatimeus:70597000
06-04 20:45:01.847 I/C2VdecComponent( 497): [reportAbandonedWorks] no-tunnel mode abandon bitstreamid:2117 mediatimeus:70530000
06-04 20:45:01.847 I/C2VdecComponent( 497): [reportAbandonedWorks] no-tunnel mode abandon bitstreamid:2118 mediatimeus:70497000
06-04 20:45:01.847 I/C2VdecComponent( 497): [reportAbandonedWorks] no-tunnel mode abandon bitstreamid:2119 mediatimeus:70564000
06-04 20:45:01.847 I/C2VdecComponent( 497): [reportAbandonedWorks] no-tunnel mode abandon bitstreamid:2120 mediatimeus:70797000
06-04 20:45:01.847 I/C2VdecComponent( 497): [reportAbandonedWorks] no-tunnel mode abandon bitstreamid:2121 mediatimeus:70697000
06-04 20:45:01.847 I/C2VdecComponent( 497): [reportAbandonedWorks] no-tunnel mode abandon bitstreamid:2122 mediatimeus:70630000
06-04 20:45:01.847 I/C2VdecComponent( 497): [reportAbandonedWorks] no-tunnel mode abandon bitstreamid:2123 mediatimeus:70664000
06-04 20:45:01.847 I/C2VdecComponent( 497): [reportAbandonedWorks] no-tunnel mode abandon bitstreamid:2124 mediatimeus:70730000
06-04 20:45:01.847 I/C2VdecComponent( 497): [reportAbandonedWorks] no-tunnel mode abandon bitstreamid:2125 mediatimeus:70764000
06-04 20:45:01.847 I/C2VdecComponent( 497): [0##35]"[onStopDone] clear decoder duration"
06-04 20:45:01.847 I/C2VdecDeviceUtil( 497): [0#35]"into clearDecoderDuration"
06-04 20:45:01.848 I/AmlManagePts( 497): [0]"setDuration error duration[0]type[2]\n"
06-04 20:45:01.849 I/android.hardware.media.c2@1.2-service( 497): (null) is not set, used defaultValue = 0
06-04 20:45:01.850 I/C2VdecBlockPoolUtil( 497): ~C2VdecBlockPoolUtil success:2118 count:4167 fetch level:0.508279
06-04 20:45:01.850 I/C2VdecComponent( 497): [0##35]"[stop] done"
06-04 20:45:01.850 I/DebugUtil( 497): [~DebugUtil:71]
06-04 20:45:01.850 I/C2VdecComponent( 497): [0##35]"[onDestroy]"
06-04 20:45:01.850 I/C2VdecDequeueThreadUtil( 497): ~DequeueThreadUtil!!
06-04 20:45:01.850 I/VideoDecWraper( 497): [0##35]"destroy"
06-04 20:45:01.850 D/ResmanWrapper( 497): ~resManWrapper fd = 10
06-04 20:45:01.850 D/resman ( 497): release all resource, fd = 10
06-04 20:45:01.850 I/VDA ( 497): [0##35]"Destroy:1702"
06-04 20:45:01.850 I/VDA ( 497): [0##35]"DestroyTask INS=0/0, OUTS=0/0"" {IN=0/8, OUT=13/13[kAtAccelerator(0) kAtDevice(0) kAtClient(13)]}"
06-04 20:45:01.850 I/VDA ( 497): [0##35]"StopDevicePoll\n"
06-04 20:45:01.851 I/VDA ( 497): [0##35]"StopInputStream input_streamon 0, input_buffer_map_.size 8\n"
06-04 20:45:01.851 I/AmlManagePts( 497): [0]"resetPtsInfo into\n"
06-04 20:45:01.851 I/AmlManagePts( 497): [0]"resetOutPutInfo into\n"
06-04 20:45:01.851 I/VDA ( 497): [0##35]"DestroyInputBuffers:5083"
06-04 20:45:01.851 I/VDA ( 497): [0##35]"DestroyOutputBuffers:5126"
06-04 20:45:01.853 I/VDA ( 497): [0##35]"DestroyTask:4223"
06-04 20:45:01.853 I/VDA ( 497): [0##35]"DestroyTask:4225 destroy done signal."
06-04 20:45:01.853 I/BufferPoolWraper( 497): [9]"free bufferpool region memory"
06-04 20:45:01.853 I/dmabufmanage( 497): dmabufmanage_uninit-122 UnRegister dmabuf manager success 10
06-04 20:45:01.853 I/BufferPoolWraper( 497): [9]"~BufferPoolWraper:163"
06-04 20:45:01.853 I/AmlManagePts( 497): [0]"~AmlManagePts into\n"
06-04 20:45:01.853 I/VDA ( 497): [0##35]"~V4L2VideoDecodeAccelerator:679"
06-04 20:45:01.850 I/xm_hidread( 1910): type=1400 audit(0.0:1601): avc: denied { read } for scontext=u:r:init:s0 tcontext=u:r:init:s0 tclass=netlink_kobject_uevent_socket permissive=1
06-04 20:45:01.855 I/SystemControl( 318): [/UEventObserver.cpp, HDMITxUenventThreadLoop, 451] HDMI TX switch_name:0, switch_state:
06-04 20:45:01.860 I/VideoDecWraper( 497): [0##35]"~VideoDecWraper"
06-04 20:45:01.860 I/AmVideoDec( 497): [No--1]-[0]"~AmVideoDec IN[2126:2126] OUT[2118:2115]\n"
06-04 20:45:01.860 I/C2VdecDeviceUtil( 497): [~DeviceUtil:70]
06-04 20:45:01.861 I/C2VdecDeviceUtil( 497): setSkipReallocBufMode:0
06-04 20:45:01.862 I/C2VdecDeviceUtil( 497): [~DeviceUtil:76] clear vendor.media.llp
06-04 20:45:01.862 D/XM_HIDREAD( 1910): remove@ remove@/devices/platform/vdec/ammvdec_h265_v4l.0
06-04 20:45:01.862 I/C2VdecGrallocWraper( 497): free slot:0
06-04 20:45:01.862 I/gralloc ( 497): am_gralloc_set_uvm_decoder_para: parameters:[slot_id=0,w*h(0*0),w_align=0,h_align=0,size=0]
06-04 20:45:01.862 I/C2VdecComponent( 497): [0##35]"[onDestroy] done"
06-04 20:45:01.862 I/SystemControl-FRA( 318): [/FrameRateAutoAdaption.cpp, isFrameRateOn, 176] hdmi frame rate is on
06-04 20:45:01.863 D/C2BqBuffer( 497): configuring null producer: igbp_information(0)
06-04 20:45:01.864 D/SurfaceUtils( 7501): disconnecting from surface 0xb5143278, reason disconnectFromSurface
06-04 20:45:01.866 E/Scheduler( 265): trackPendingFrame: Invalid present fence
06-04 20:45:01.868 D/MediaCodec( 7501): flushMediametrics
06-04 20:45:01.869 I/hw-BpHwBinder( 7501): onLastStrongRef automatically unlinking death recipients
06-04 20:45:01.869 I/hw-BpHwBinder( 497): onLastStrongRef automatically unlinking death recipients
06-04 20:45:01.869 I/C2VdecComponent( 497): [0##35]"~C2VdecComponent start"
06-04 20:45:01.869 I/C2VdecComponent( 497): [0##35]"~C2VdecComponent done"
06-04 20:45:01.869 D/MediaCodec( 7501): flushMediametrics
06-04 20:45:01.869 W/MediaCodec( 7501): no metrics handle found
06-04 20:45:02.329 D/AdManager( 7501): notFetchAd
06-04 20:45:02.329 D/AdManager( 7501): onComplete
06-04 20:45:02.366 E/Scheduler( 265): trackPendingFrame: Invalid present fence
06-04 20:45:03.330 I/Player::Player()( 7501): create success
06-04 20:45:03.330 I/virtual Player *IPlayerBuilder::build()( 7501): build success playType:0, demuxType:0 decodeType:0
06-04 20:45:03.331 I/void Player::setBufferSize(int)( 7501): setBufferSize success 300
06-04 20:45:03.331 D/void PlayerProxy::setDynamicExchangeSurface(long, bool)( 7501): Player setDynamicExchangeSurface:1
06-04 20:45:03.331 I/void PlayerProxy::enableSmoothLoop(long, bool)( 7501): enable smooth: 0
06-04 20:45:03.331 I/void PlayerProxy::enableListSmoothLoop(long, bool)( 7501): enable list smooth: 1
06-04 20:45:03.331 I/void PlayerProxy::initWindow(long, void *)( 7501): start init window
06-04 20:45:03.331 I/void PlayerProxy::initWindow(long, void *)( 7501): init window success
06-04 20:45:03.331 D/LeradPlayer( 7501): open: /data/user/0/com.dangbei.lerad.screensaver/files/download/61/city_1.mp4
06-04 20:45:03.332 D/void Thread::stop()( 7501): Thread-Player start stop
06-04 20:45:03.332 D/void Thread::stop()( 7501): Thread-Player stop success
06-04 20:45:03.332 I/void Player::setState(PLAYER_STATE)( 7501): state changed newState: 7 oldState: 0
06-04 20:45:03.332 D/LeradPlayer( 7501): player newState: 7 oldState: 0
06-04 20:45:03.332 I/void Player::close()( 7501): close success
06-04 20:45:03.332 I/void Player::setState(PLAYER_STATE)( 7501): state changed newState: 1 oldState: 7
06-04 20:45:03.332 D/LeradPlayer( 7501): player newState: 1 oldState: 7
06-04 20:45:03.336 I/virtual bool FFDemuxer::open(const char *)( 7501): open success
06-04 20:45:03.336 D/virtual bool FFDemuxer::open(const char *)( 7501): use avformat_find_stream_info
06-04 20:45:03.337 E/virtual bool FFDemuxer::open(const char *)( 7501): has valid video size: 1 1 0
06-04 20:45:03.337 I/void FFDemuxer::selectDefaultTrack()( 7501): audioStreamIndex: -1 audioTrackCount: 0 videoStreamIndex: 0 videoTrackCount: 1 subtitleStreamIndex: -1 subtitleTrackCount: 0
06-04 20:45:03.337 I/virtual void IDemuxer::pause(bool)( 7501): pause success 0
06-04 20:45:03.337 E/void Player::open(const char *, int, int, int)( 7501): audioDecoder open failed
06-04 20:45:03.337 I/virtual StreamInfo FFDemuxer::getVideoStreamInfo()( 7501): video width: 1920 video height: 1080 video pixelFormat: 0 fps: 30
06-04 20:45:03.338 I/bool DecoderBridge::initMediaCodec(const char *, int, int, int, uint8_t *, int, std::vector, Javause java media codec api level: 34
06-04 20:45:03.338 D/LeradPlayer( 7501): initMediaCodec: video/hevc
06-04 20:45:03.339 D/MediaCodecList( 7501): codecHandlesFormat: no format, so no extra checks
06-04 20:45:03.339 D/MediaCodecList( 7501): codecHandlesFormat: no format, so no extra checks
06-04 20:45:03.341 D/CCodec ( 7501): allocate(c2.amlogic.hevc.decoder)
06-04 20:45:03.343 I/CCodec ( 7501): setting up 'default' as default (vendor) store
06-04 20:45:03.343 I/C2VendorComponentStore( 497): C2VendorComponentStore::createComponent name c2.amlogic.hevc.decoder
06-04 20:45:03.343 I/C2VendorComponentStore( 497): findComponent
06-04 20:45:03.343 I/C2VendorComponentStore( 497): C2VendorComponentStore::createComponent fetchModule
06-04 20:45:03.343 I/C2VendorComponentStore( 497): localModule libpath libcodec2_aml_video_decoder.so 2
06-04 20:45:03.343 V/C2VendorComponentStore( 497): Loading dll
06-04 20:45:03.344 I/C2VendorComponentStore( 497): in init ===> start codec:2 secure:0 isAudio:0
06-04 20:45:03.344 V/C2VendorComponentStore( 497): init libPath:libcodec2_aml_video_decoder.so --> isAudio:0, createFactoryName:CreateC2VdecH265Factory
06-04 20:45:03.344 V/C2VdecComponent( 497): create component H265 secure:0
06-04 20:45:03.344 I/C2VendorComponentStore( 497): GetCodec2VendorComponentStore, line:861
06-04 20:45:03.344 W/C2VdecComponent( 497): Initialize() instances: 0
06-04 20:45:03.344 E/C2VdecCodecConfig( 497): c2.amlogic.hevc.decoder can support 4K
06-04 20:45:03.345 I/C2VdecCodecConfig( 497): isCodecSupportHdr10Plus hdr10:(0)
06-04 20:45:03.345 E/C2VdecCodecConfig( 497): can support 8K
06-04 20:45:03.345 I/C2VdecComponentIntfImpl( 497): [onHdrDeclareParam:1048] mSupportHdr10Plus 0
06-04 20:45:03.346 I/C2VdecComponentIntfImpl( 497): not set prop not support 10bit
06-04 20:45:03.346 I/C2VdecComponent( 497): [10##-1]"Create C2VdecComponent(c2.amlogic.hevc.decoder)"
06-04 20:45:03.347 I/C2VdecComponent( 497): vendor.media.c2.loglevels is not set used def = 1
06-04 20:45:03.347 I/DebugUtil( 497): vendor.media.c2.loglevels is not set used def = 1
06-04 20:45:03.347 I/DebugUtil( 497): [DebugUtil:66]
06-04 20:45:03.347 I/C2VdecDequeueThreadUtil( 497): vendor.media.c2.loglevels is not set used def = 1
06-04 20:45:03.347 I/C2VdecDequeueThreadUtil( 497): Creat DequeueThreadUtil!!
06-04 20:45:03.347 V/C2VendorComponentStore( 497): In ~ComponentModule
06-04 20:45:03.347 V/C2VendorComponentStore( 497): Unloading dll
06-04 20:45:03.348 I/CCodec ( 7501): Created component [c2.amlogic.hevc.decoder]
06-04 20:45:03.348 W/Codec2Client( 7501): query -- param skipped: index = 2684356613.
06-04 20:45:03.348 D/CCodecConfig( 7501): Query domain & kind failed => BAD_INDEX
06-04 20:45:03.348 D/CCodecConfig( 7501): read media type: video/hevc
06-04 20:45:03.349 D/CCodecConfig( 7501): read media type: video/hevc
06-04 20:45:03.351 D/ReflectedParamUpdater( 7501): extent() != 1 for single value type: input.buffers.allocator-ids.values
06-04 20:45:03.351 D/ReflectedParamUpdater( 7501): extent() != 1 for single value type: output.buffers.allocator-ids.values
06-04 20:45:03.351 D/ReflectedParamUpdater( 7501): extent() != 1 for single value type: output.buffers.pool-ids.values
06-04 20:45:03.354 D/ReflectedParamUpdater( 7501): extent() != 1 for single value type: output.tunneled-render.sync-id
06-04 20:45:03.354 D/ReflectedParamUpdater( 7501): extent() != 1 for single value type: output.tunnel-handle.values
06-04 20:45:03.356 D/CCodecConfig( 7501): ignoring local param raw.size (0xd2001800) as it is already supported
06-04 20:45:03.356 D/CCodecConfig( 7501): ignoring local param default.color (0x5200180b) as it is already supported
06-04 20:45:03.356 D/CCodecConfig( 7501): ignoring local param raw.hdr-static-info (0xd200180a) as it is already supported
06-04 20:45:03.357 I/CCodecConfig( 7501): query failed after returning 15 values (BAD_INDEX)
06-04 20:45:03.357 D/CCodecConfig( 7501): c2 config diff is Dict {
06-04 20:45:03.357 D/CCodecConfig( 7501): c2::u32 algo.delay.value = 0
06-04 20:45:03.357 D/CCodecConfig( 7501): c2::u32 algo.low-latency.value = 0
06-04 20:45:03.357 D/CCodecConfig( 7501): c2::float coded.frame-rate.value = 30
06-04 20:45:03.357 D/CCodecConfig( 7501): c2::u32 coded.pl.level = 24838
06-04 20:45:03.357 D/CCodecConfig( 7501): c2::u32 coded.pl.profile = 24576
06-04 20:45:03.357 D/CCodecConfig( 7501): c2::u32 coded.vui.color.matrix = 0
06-04 20:45:03.357 D/CCodecConfig( 7501): c2::u32 coded.vui.color.primaries = 0
06-04 20:45:03.357 D/CCodecConfig( 7501): c2::u32 coded.vui.color.range = 0
06-04 20:45:03.357 D/CCodecConfig( 7501): c2::u32 coded.vui.color.transfer = 0
06-04 20:45:03.357 D/CCodecConfig( 7501): c2::u32 default.color.matrix = 0
06-04 20:45:03.357 D/CCodecConfig( 7501): c2::u32 default.color.primaries = 0
06-04 20:45:03.357 D/CCodecConfig( 7501): c2::u32 default.color.range = 0
06-04 20:45:03.357 D/CCodecConfig( 7501): c2::u32 default.color.transfer = 0
06-04 20:45:03.357 D/CCodecConfig( 7501): c2::u32 input.buffers.max-size.value = 1310720
06-04 20:45:03.357 D/CCodecConfig( 7501): c2::u32 input.delay.value = 4
06-04 20:45:03.357 D/CCodecConfig( 7501): string input.media-type.value = "video/hevc"
06-04 20:45:03.357 D/CCodecConfig( 7501): c2::u32 output.delay.value = 3
06-04 20:45:03.357 D/CCodecConfig( 7501): string output.media-type.value = "video/raw"
06-04 20:45:03.357 D/CCodecConfig( 7501): c2::u32 output.tunnel-start-render.value = 0
06-04 20:45:03.357 D/CCodecConfig( 7501): c2::u32 raw.color.matrix = 0
06-04 20:45:03.357 D/CCodecConfig( 7501): c2::u32 raw.color.primaries = 0
06-04 20:45:03.357 D/CCodecConfig( 7501): c2::u32 raw.color.range = 0
06-04 20:45:03.357 D/CCodecConfig( 7501): c2::u32 raw.color.transfer = 0
06-04 20:45:03.357 D/CCodecConfig( 7501): c2::float raw.hdr-static-info.mastering.blue.x = 0
06-04 20:45:03.357 D/CCodecConfig( 7501): c2::float raw.hdr-static-info.mastering.blue.y = 0
