06-04 20:44:01.322 D/UtilLog ( 2071): 日志批量上报 进行正常循环 !!!!!!本次有0次请求,共0条数据
06-04 20:44:01.355 E/Scheduler( 265): trackPendingFrame: Invalid present fence
06-04 20:44:01.389 E/Scheduler( 265): trackPendingFrame: Invalid present fence
06-04 20:44:01.422 E/Scheduler( 265): trackPendingFrame: Invalid present fence
06-04 20:44:01.455 E/Scheduler( 265): trackPendingFrame: Invalid present fence
06-04 20:44:01.469 I/DebugUtil( 497): [0##35]in/out status {INS/OUTS=315(1)/304(0)}, pipeline status {IN=8/8, OUT=9/13[Component(0) Accelerator(4) Client(9)]}
06-04 20:44:01.488 E/Scheduler( 265): trackPendingFrame: Invalid present fence
06-04 20:44:01.521 E/Scheduler( 265): trackPendingFrame: Invalid present fence
06-04 20:44:01.555 E/Scheduler( 265): trackPendingFrame: Invalid present fence
06-04 20:44:01.589 E/Scheduler( 265): trackPendingFrame: Invalid present fence
06-04 20:44:01.622 E/Scheduler( 265): trackPendingFrame: Invalid present fence
06-04 20:44:01.655 E/Scheduler( 265): trackPendingFrame: Invalid present fence
06-04 20:44:01.689 E/Scheduler( 265): trackPendingFrame: Invalid present fence
06-04 20:44:01.722 E/Scheduler( 265): trackPendingFrame: Invalid present fence
06-04 20:44:01.756 E/Scheduler( 265): trackPendingFrame: Invalid present fence
06-04 20:44:01.789 E/Scheduler( 265): trackPendingFrame: Invalid present fence
06-04 20:44:01.823 E/Scheduler( 265): trackPendingFrame: Invalid present fence
06-04 20:44:01.857 E/Scheduler( 265): trackPendingFrame: Invalid present fence
06-04 20:44:01.889 E/Scheduler( 265): trackPendingFrame: Invalid present fence
06-04 20:44:01.892 I/VDA ( 497): [0##35]"ServiceDeviceTask INs=320/327, OUTs=317/321"" {IN=7/8, OUT=9/13[kAtAccelerator(0) kAtDevice(4) kAtClient(9)]}"
06-04 20:44:01.922 E/Scheduler( 265): trackPendingFrame: Invalid present fence
06-04 20:44:01.956 E/Scheduler( 265): trackPendingFrame: Invalid present fence
06-04 20:44:01.963 D/BufferPoolAccessor2.0( 7501): bufferpool2 0xe4143088 : 8(12582912 size) total buffers - 8(12582912 size) used buffers - 0/9 (recycle/alloc) - 9/331 (fetch/transfer)
06-04 20:44:01.972 E/Scheduler( 265): trackPendingFrame: Invalid present fence
06-04 20:44:02.022 E/Scheduler( 265): trackPendingFrame: Invalid present fence
06-04 20:44:02.056 E/Scheduler( 265): trackPendingFrame: Invalid present fence
06-04 20:44:02.089 E/Scheduler( 265): trackPendingFrame: Invalid present fence
06-04 20:44:02.122 E/Scheduler( 265): trackPendingFrame: Invalid present fence
06-04 20:44:02.156 E/Scheduler( 265): trackPendingFrame: Invalid present fence
06-04 20:44:02.189 E/Scheduler( 265): trackPendingFrame: Invalid present fence
06-04 20:44:02.222 E/Scheduler( 265): trackPendingFrame: Invalid present fence
06-04 20:44:02.256 E/Scheduler( 265): trackPendingFrame: Invalid present fence
06-04 20:44:02.289 E/Scheduler( 265): trackPendingFrame: Invalid present fence
06-04 20:44:02.323 E/Scheduler( 265): trackPendingFrame: Invalid present fence
06-04 20:44:02.356 E/Scheduler( 265): trackPendingFrame: Invalid present fence
06-04 20:44:02.373 E/Scheduler( 265): trackPendingFrame: Invalid present fence
06-04 20:44:02.406 E/Scheduler( 265): trackPendingFrame: Invalid present fence
06-04 20:44:02.439 E/Scheduler( 265): trackPendingFrame: Invalid present fence
06-04 20:44:02.473 E/Scheduler( 265): trackPendingFrame: Invalid present fence
06-04 20:44:02.523 E/Scheduler( 265): trackPendingFrame: Invalid present fence
06-04 20:44:02.557 E/Scheduler( 265): trackPendingFrame: Invalid present fence
06-04 20:44:02.573 E/Scheduler( 265): trackPendingFrame: Invalid present fence
06-04 20:44:02.606 E/Scheduler( 265): trackPendingFrame: Invalid present fence
06-04 20:44:02.656 E/Scheduler( 265): trackPendingFrame: Invalid present fence
06-04 20:44:02.690 E/Scheduler( 265): trackPendingFrame: Invalid present fence
06-04 20:44:02.706 E/Scheduler( 265): trackPendingFrame: Invalid present fence
06-04 20:44:02.756 E/Scheduler( 265): trackPendingFrame: Invalid present fence
06-04 20:44:02.790 E/Scheduler( 265): trackPendingFrame: Invalid present fence
06-04 20:44:02.823 E/Scheduler( 265): trackPendingFrame: Invalid present fence
06-04 20:44:02.857 E/Scheduler( 265): trackPendingFrame: Invalid present fence
06-04 20:44:02.890 E/Scheduler( 265): trackPendingFrame: Invalid present fence
06-04 20:44:02.923 I/VDA ( 497): [0##35]"ServiceDeviceTask INs=351/358, OUTs=349/352"" {IN=7/8, OUT=10/13[kAtAccelerator(0) kAtDevice(3) kAtClient(10)]}"
06-04 20:44:02.923 E/Scheduler( 265): trackPendingFrame: Invalid present fence
06-04 20:44:02.957 E/Scheduler( 265): trackPendingFrame: Invalid present fence
06-04 20:44:02.991 E/Scheduler( 265): trackPendingFrame: Invalid present fence
06-04 20:44:03.024 E/Scheduler( 265): trackPendingFrame: Invalid present fence
06-04 20:44:03.057 E/Scheduler( 265): trackPendingFrame: Invalid present fence
06-04 20:44:03.073 E/Scheduler( 265): trackPendingFrame: Invalid present fence
06-04 20:44:03.124 E/Scheduler( 265): trackPendingFrame: Invalid present fence
06-04 20:44:03.157 E/Scheduler( 265): trackPendingFrame: Invalid present fence
06-04 20:44:03.173 E/Scheduler( 265): trackPendingFrame: Invalid present fence
06-04 20:44:03.207 E/Scheduler( 265): trackPendingFrame: Invalid present fence
06-04 20:44:03.240 E/Scheduler( 265): trackPendingFrame: Invalid present fence
06-04 20:44:03.290 E/Scheduler( 265): trackPendingFrame: Invalid present fence
06-04 20:44:03.324 E/Scheduler( 265): trackPendingFrame: Invalid present fence
06-04 20:44:03.340 E/Scheduler( 265): trackPendingFrame: Invalid present fence
06-04 20:44:03.374 E/Scheduler( 265): trackPendingFrame: Invalid present fence
06-04 20:44:03.407 E/Scheduler( 265): trackPendingFrame: Invalid present fence
06-04 20:44:03.441 E/Scheduler( 265): trackPendingFrame: Invalid present fence
06-04 20:44:03.474 E/Scheduler( 265): trackPendingFrame: Invalid present fence
06-04 20:44:03.508 E/Scheduler( 265): trackPendingFrame: Invalid present fence
06-04 20:44:03.557 E/Scheduler( 265): trackPendingFrame: Invalid present fence
06-04 20:44:03.591 E/Scheduler( 265): trackPendingFrame: Invalid present fence
06-04 20:44:03.624 E/Scheduler( 265): trackPendingFrame: Invalid present fence
06-04 20:44:03.657 E/Scheduler( 265): trackPendingFrame: Invalid present fence
06-04 20:44:03.691 E/Scheduler( 265): trackPendingFrame: Invalid present fence
06-04 20:44:03.707 E/Scheduler( 265): trackPendingFrame: Invalid present fence
06-04 20:44:03.758 E/Scheduler( 265): trackPendingFrame: Invalid present fence
06-04 20:44:03.774 E/Scheduler( 265): trackPendingFrame: Invalid present fence
06-04 20:44:03.808 E/Scheduler( 265): trackPendingFrame: Invalid present fence
06-04 20:44:03.829 I/WifiHAL ( 524): call wifi_get_link_stats handler
06-04 20:44:03.829 I/WifiHAL ( 524): Creating message to get link statistics; iface = 16
06-04 20:44:03.829 D/WifiHAL ( 524): error code -95 mapped to -3
06-04 20:44:03.830 E/WifiStaIfaceAidlImpl( 707): getLinkLayerStats failed with service-specific exception: android.os.ServiceSpecificException: (code 4)
06-04 20:44:03.857 E/Scheduler( 265): trackPendingFrame: Invalid present fence
06-04 20:44:03.891 E/Scheduler( 265): trackPendingFrame: Invalid present fence
06-04 20:44:03.908 E/Scheduler( 265): trackPendingFrame: Invalid present fence
06-04 20:44:03.941 E/Scheduler( 265): trackPendingFrame: Invalid present fence
06-04 20:44:03.953 I/VDA ( 497): [0##35]"ServiceDeviceTask INs=381/388, OUTs=378/383"" {IN=7/8, OUT=8/13[kAtAccelerator(0) kAtDevice(5) kAtClient(8)]}"
06-04 20:44:03.974 E/Scheduler( 265): trackPendingFrame: Invalid present fence
06-04 20:44:04.008 E/Scheduler( 265): trackPendingFrame: Invalid present fence
06-04 20:44:04.058 E/Scheduler( 265): trackPendingFrame: Invalid present fence
06-04 20:44:04.091 E/Scheduler( 265): trackPendingFrame: Invalid present fence
06-04 20:44:04.108 E/Scheduler( 265): trackPendingFrame: Invalid present fence
06-04 20:44:04.141 E/Scheduler( 265): trackPendingFrame: Invalid present fence
06-04 20:44:04.174 E/Scheduler( 265): trackPendingFrame: Invalid present fence
06-04 20:44:04.208 E/Scheduler( 265): trackPendingFrame: Invalid present fence
06-04 20:44:04.258 E/Scheduler( 265): trackPendingFrame: Invalid present fence
06-04 20:44:04.274 E/Scheduler( 265): trackPendingFrame: Invalid present fence
06-04 20:44:04.308 E/Scheduler( 265): trackPendingFrame: Invalid present fence
06-04 20:44:04.341 E/Scheduler( 265): trackPendingFrame: Invalid present fence
06-04 20:44:04.375 E/Scheduler( 265): trackPendingFrame: Invalid present fence
06-04 20:44:04.408 E/Scheduler( 265): trackPendingFrame: Invalid present fence
06-04 20:44:04.441 E/Scheduler( 265): trackPendingFrame: Invalid present fence
06-04 20:44:04.475 E/Scheduler( 265): trackPendingFrame: Invalid present fence
06-04 20:44:04.508 E/Scheduler( 265): trackPendingFrame: Invalid present fence
06-04 20:44:04.542 E/Scheduler( 265): trackPendingFrame: Invalid present fence
06-04 20:44:04.575 E/Scheduler( 265): trackPendingFrame: Invalid present fence
06-04 20:44:04.608 E/Scheduler( 265): trackPendingFrame: Invalid present fence
06-04 20:44:04.642 E/Scheduler( 265): trackPendingFrame: Invalid present fence
06-04 20:44:04.675 E/Scheduler( 265): trackPendingFrame: Invalid present fence
06-04 20:44:04.709 E/Scheduler( 265): trackPendingFrame: Invalid present fence
06-04 20:44:04.742 E/Scheduler( 265): trackPendingFrame: Invalid present fence
06-04 20:44:04.776 E/Scheduler( 265): trackPendingFrame: Invalid present fence
06-04 20:44:04.809 E/Scheduler( 265): trackPendingFrame: Invalid present fence
06-04 20:44:04.842 E/Scheduler( 265): trackPendingFrame: Invalid present fence
06-04 20:44:04.875 E/Scheduler( 265): trackPendingFrame: Invalid present fence
06-04 20:44:04.926 E/Scheduler( 265): trackPendingFrame: Invalid present fence
06-04 20:44:04.958 E/Scheduler( 265): trackPendingFrame: Invalid present fence
06-04 20:44:04.981 I/VDA ( 497): [0##35]"ServiceDeviceTask INs=413/420, OUTs=411/414"" {IN=7/8, OUT=10/13[kAtAccelerator(0) kAtDevice(3) kAtClient(10)]}"
06-04 20:44:04.992 E/Scheduler( 265): trackPendingFrame: Invalid present fence
06-04 20:44:05.009 E/Scheduler( 265): trackPendingFrame: Invalid present fence
06-04 20:44:05.042 E/Scheduler( 265): trackPendingFrame: Invalid present fence
06-04 20:44:05.075 E/Scheduler( 265): trackPendingFrame: Invalid present fence
06-04 20:44:05.109 E/Scheduler( 265): trackPendingFrame: Invalid present fence
06-04 20:44:05.123 I/virtual void MediaDecoder::run()( 7501): notify decode next url: /data/user/0/com.dangbei.lerad.screensaver/files/download/61/city_1.mp4
06-04 20:44:05.124 E/screen_saver2( 7501): onDecodeNextStream: 0
06-04 20:44:05.124 E/screen_saver2( 7501): 本地记录index和回调的不一致
06-04 20:44:05.124 D/AdManager( 7501): advertisementNum: 8
06-04 20:44:05.142 E/Scheduler( 265): trackPendingFrame: Invalid present fence
06-04 20:44:05.175 E/Scheduler( 265): trackPendingFrame: Invalid present fence
06-04 20:44:05.209 E/Scheduler( 265): trackPendingFrame: Invalid present fence
06-04 20:44:05.242 E/Scheduler( 265): trackPendingFrame: Invalid present fence
06-04 20:44:05.276 E/Scheduler( 265): trackPendingFrame: Invalid present fence
06-04 20:44:05.309 E/Scheduler( 265): trackPendingFrame: Invalid present fence
06-04 20:44:05.343 E/Scheduler( 265): trackPendingFrame: Invalid present fence
06-04 20:44:05.376 E/Scheduler( 265): trackPendingFrame: Invalid present fence
06-04 20:44:05.409 E/Scheduler( 265): trackPendingFrame: Invalid present fence
06-04 20:44:05.443 E/Scheduler( 265): trackPendingFrame: Invalid present fence
06-04 20:44:05.476 E/Scheduler( 265): trackPendingFrame: Invalid present fence
06-04 20:44:05.509 E/Scheduler( 265): trackPendingFrame: Invalid present fence
06-04 20:44:05.542 E/Scheduler( 265): trackPendingFrame: Invalid present fence
06-04 20:44:05.576 E/Scheduler( 265): trackPendingFrame: Invalid present fence
06-04 20:44:05.609 E/Scheduler( 265): trackPendingFrame: Invalid present fence
06-04 20:44:05.643 E/Scheduler( 265): trackPendingFrame: Invalid present fence
06-04 20:44:05.676 E/Scheduler( 265): trackPendingFrame: Invalid present fence
06-04 20:44:05.709 E/Scheduler( 265): trackPendingFrame: Invalid present fence
06-04 20:44:05.743 E/Scheduler( 265): trackPendingFrame: Invalid present fence
06-04 20:44:05.776 E/Scheduler( 265): trackPendingFrame: Invalid present fence
06-04 20:44:05.809 E/Scheduler( 265): trackPendingFrame: Invalid present fence
06-04 20:44:05.843 E/Scheduler( 265): trackPendingFrame: Invalid present fence
06-04 20:44:05.876 E/Scheduler( 265): trackPendingFrame: Invalid present fence
06-04 20:44:05.910 E/Scheduler( 265): trackPendingFrame: Invalid present fence
06-04 20:44:05.943 E/Scheduler( 265): trackPendingFrame: Invalid present fence
06-04 20:44:05.976 E/Scheduler( 265): trackPendingFrame: Invalid present fence
06-04 20:44:06.006 I/VDA ( 497): [0##35]"ServiceDeviceTask INs=444/451, OUTs=442/445"" {IN=7/8, OUT=10/13[kAtAccelerator(0) kAtDevice(3) kAtClient(10)]}"
06-04 20:44:06.010 E/Scheduler( 265): trackPendingFrame: Invalid present fence
06-04 20:44:06.043 E/Scheduler( 265): trackPendingFrame: Invalid present fence
06-04 20:44:06.077 E/Scheduler( 265): trackPendingFrame: Invalid present fence
06-04 20:44:06.110 E/Scheduler( 265): trackPendingFrame: Invalid present fence
06-04 20:44:06.144 E/Scheduler( 265): trackPendingFrame: Invalid present fence
06-04 20:44:06.177 E/Scheduler( 265): trackPendingFrame: Invalid present fence
06-04 20:44:06.210 E/Scheduler( 265): trackPendingFrame: Invalid present fence
06-04 20:44:06.244 E/Scheduler( 265): trackPendingFrame: Invalid present fence
06-04 20:44:06.276 E/Scheduler( 265): trackPendingFrame: Invalid present fence
06-04 20:44:06.310 E/Scheduler( 265): trackPendingFrame: Invalid present fence
06-04 20:44:06.343 E/Scheduler( 265): trackPendingFrame: Invalid present fence
06-04 20:44:06.377 E/Scheduler( 265): trackPendingFrame: Invalid present fence
06-04 20:44:06.410 E/Scheduler( 265): trackPendingFrame: Invalid present fence
06-04 20:44:06.443 E/Scheduler( 265): trackPendingFrame: Invalid present fence
06-04 20:44:06.470 I/DebugUtil( 497): [0##35]in/out status {INS/OUTS=465(1)/454(0)}, pipeline status {IN=8/8, OUT=9/13[Component(0) Accelerator(4) Client(9)]}
06-04 20:44:06.477 E/Scheduler( 265): trackPendingFrame: Invalid present fence
06-04 20:44:06.510 E/Scheduler( 265): trackPendingFrame: Invalid present fence
06-04 20:44:06.544 E/Scheduler( 265): trackPendingFrame: Invalid present fence
06-04 20:44:06.577 E/Scheduler( 265): trackPendingFrame: Invalid present fence
06-04 20:44:06.610 E/Scheduler( 265): trackPendingFrame: Invalid present fence
06-04 20:44:06.643 E/Scheduler( 265): trackPendingFrame: Invalid present fence
06-04 20:44:06.677 E/Scheduler( 265): trackPendingFrame: Invalid present fence
06-04 20:44:06.710 E/Scheduler( 265): trackPendingFrame: Invalid present fence
06-04 20:44:06.744 E/Scheduler( 265): trackPendingFrame: Invalid present fence
06-04 20:44:06.777 E/Scheduler( 265): trackPendingFrame: Invalid present fence
06-04 20:44:06.810 E/Scheduler( 265): trackPendingFrame: Invalid present fence
06-04 20:44:06.834 I/WifiHAL ( 524): call wifi_get_link_stats handler
06-04 20:44:06.834 I/WifiHAL ( 524): Creating message to get link statistics; iface = 16
06-04 20:44:06.834 D/WifiHAL ( 524): error code -95 mapped to -3
06-04 20:44:06.835 E/WifiStaIfaceAidlImpl( 707): getLinkLayerStats failed with service-specific exception: android.os.ServiceSpecificException: (code 4)
06-04 20:44:06.843 D/InstantWifi( 707): Receive Wifi is connected, freq = 5745 and currentNetworkId : 0, wifiinfo = SSID: , BSSID: 02:00:00:00:00:00, MAC: 02:00:00:00:00:00, IP: /192.168.3.180, Security type: 2, Supplicant state: COMPLETED, Wi-Fi standard: 6, RSSI: -55, Link speed: 1200Mbps, Tx Link speed: 1200Mbps, Max Supported Tx Link speed: 1200Mbps, Rx Link speed: 567Mbps, Max Supported Rx Link speed: 1200Mbps, Frequency: 5745MHz, Net ID: -1, Metered hint: false, score: 60, isUsable: true, CarrierMerged: false, SubscriptionId: -1, IsPrimary: 1, Trusted: true, Restricted: false, Ephemeral: false, OEM paid: false, OEM private: false, OSU AP: false, FQDN: , Provider friendly name: , Requesting package name: MLO Information: , Is TID-To-Link negotiation supported by the AP: false, AP MLD Address: , AP MLO Link Id: , AP MLO Affiliated links:
06-04 20:44:06.844 E/Scheduler( 265): trackPendingFrame: Invalid present fence
06-04 20:44:06.877 E/Scheduler( 265): trackPendingFrame: Invalid present fence
06-04 20:44:06.910 E/Scheduler( 265): trackPendingFrame: Invalid present fence
06-04 20:44:06.944 E/Scheduler( 265): trackPendingFrame: Invalid present fence
06-04 20:44:06.977 E/Scheduler( 265): trackPendingFrame: Invalid present fence
06-04 20:44:07.011 E/Scheduler( 265): trackPendingFrame: Invalid present fence
06-04 20:44:07.032 I/VDA ( 497): [0##35]"ServiceDeviceTask INs=473/480, OUTs=470/476"" {IN=7/8, OUT=7/13[kAtAccelerator(0) kAtDevice(6) kAtClient(7)]}"
06-04 20:44:07.044 E/Scheduler( 265): trackPendingFrame: Invalid present fence
06-04 20:44:07.077 E/Scheduler( 265): trackPendingFrame: Invalid present fence
06-04 20:44:07.111 E/Scheduler( 265): trackPendingFrame: Invalid present fence
06-04 20:44:07.135 D/BufferPoolAccessor2.0( 7501): bufferpool2 0xe4143088 : 8(12582912 size) total buffers - 8(12582912 size) used buffers - 0/9 (recycle/alloc) - 9/486 (fetch/transfer)
06-04 20:44:07.144 E/Scheduler( 265): trackPendingFrame: Invalid present fence
06-04 20:44:07.178 E/Scheduler( 265): trackPendingFrame: Invalid present fence
06-04 20:44:07.211 E/Scheduler( 265): trackPendingFrame: Invalid present fence
06-04 20:44:07.244 E/Scheduler( 265): trackPendingFrame: Invalid present fence
06-04 20:44:07.278 E/Scheduler( 265): trackPendingFrame: Invalid present fence
06-04 20:44:07.311 E/Scheduler( 265): trackPendingFrame: Invalid present fence
06-04 20:44:07.345 E/Scheduler( 265): trackPendingFrame: Invalid present fence
06-04 20:44:07.378 E/Scheduler( 265): trackPendingFrame: Invalid present fence
06-04 20:44:07.411 E/Scheduler( 265): trackPendingFrame: Invalid present fence
06-04 20:44:07.445 E/Scheduler( 265): trackPendingFrame: Invalid present fence
06-04 20:44:07.479 E/Scheduler( 265): trackPendingFrame: Invalid present fence
06-04 20:44:07.511 E/Scheduler( 265): trackPendingFrame: Invalid present fence
06-04 20:44:07.545 E/Scheduler( 265): trackPendingFrame: Invalid present fence
06-04 20:44:07.579 E/Scheduler( 265): trackPendingFrame: Invalid present fence
06-04 20:44:07.612 E/Scheduler( 265): trackPendingFrame: Invalid present fence
06-04 20:44:07.645 E/Scheduler( 265): trackPendingFrame: Invalid present fence
06-04 20:44:07.678 E/Scheduler( 265): trackPendingFrame: Invalid present fence
06-04 20:44:07.711 E/Scheduler( 265): trackPendingFrame: Invalid present fence
06-04 20:44:07.745 E/Scheduler( 265): trackPendingFrame: Invalid present fence
06-04 20:44:07.778 E/Scheduler( 265): trackPendingFrame: Invalid present fence
06-04 20:44:07.812 E/Scheduler( 265): trackPendingFrame: Invalid present fence
06-04 20:44:07.845 E/Scheduler( 265): trackPendingFrame: Invalid present fence
06-04 20:44:07.878 E/Scheduler( 265): trackPendingFrame: Invalid present fence
06-04 20:44:07.911 E/Scheduler( 265): trackPendingFrame: Invalid present fence
06-04 20:44:07.945 E/Scheduler( 265): trackPendingFrame: Invalid present fence
06-04 20:44:07.978 E/Scheduler( 265): trackPendingFrame: Invalid present fence
06-04 20:44:08.012 E/Scheduler( 265): trackPendingFrame: Invalid present fence
06-04 20:44:08.045 E/Scheduler( 265): trackPendingFrame: Invalid present fence
06-04 20:44:08.060 I/VDA ( 497): [0##35]"ServiceDeviceTask INs=505/512, OUTs=503/506"" {IN=7/8, OUT=10/13[kAtAccelerator(0) kAtDevice(3) kAtClient(10)]}"
06-04 20:44:08.078 E/Scheduler( 265): trackPendingFrame: Invalid present fence
06-04 20:44:08.112 E/Scheduler( 265): trackPendingFrame: Invalid present fence
06-04 20:44:08.145 E/Scheduler( 265): trackPendingFrame: Invalid present fence
06-04 20:44:08.178 E/Scheduler( 265): trackPendingFrame: Invalid present fence
06-04 20:44:08.212 E/Scheduler( 265): trackPendingFrame: Invalid present fence
06-04 20:44:08.233 I/virtual Data FFDemuxer::read()( 7501): read frame ret: End of file latestReceivedTime: 169926 getTotalTimeMillis: 6666 is exit: 0
06-04 20:44:08.233 I/virtual Data FFDemuxer::read()( 7501): list smooth loop
06-04 20:44:08.237 I/virtual StreamInfo FFDemuxer::getVideoStreamInfo()( 7501): video width: 1920 video height: 1080 video pixelFormat: 0 fps: 30
06-04 20:44:08.237 D/virtual Data FFDemuxer::read()( 7501): open next url: /data/user/0/com.dangbei.lerad.screensaver/files/download/61/city_1.mp4
06-04 20:44:08.245 E/Scheduler( 265): trackPendingFrame: Invalid present fence
06-04 20:44:08.278 E/Scheduler( 265): trackPendingFrame: Invalid present fence
06-04 20:44:08.312 E/Scheduler( 265): trackPendingFrame: Invalid present fence
06-04 20:44:08.345 E/Scheduler( 265): trackPendingFrame: Invalid present fence
06-04 20:44:08.379 E/Scheduler( 265): trackPendingFrame: Invalid present fence
06-04 20:44:08.412 E/Scheduler( 265): trackPendingFrame: Invalid present fence
06-04 20:44:08.445 E/Scheduler( 265): trackPendingFrame: Invalid present fence
06-04 20:44:08.479 E/Scheduler( 265): trackPendingFrame: Invalid present fence
06-04 20:44:08.512 E/Scheduler( 265): trackPendingFrame: Invalid present fence
06-04 20:44:08.546 E/Scheduler( 265): trackPendingFrame: Invalid present fence
06-04 20:44:08.579 E/Scheduler( 265): trackPendingFrame: Invalid present fence
06-04 20:44:08.612 E/Scheduler( 265): trackPendingFrame: Invalid present fence
06-04 20:44:08.646 E/Scheduler( 265): trackPendingFrame: Invalid present fence
06-04 20:44:08.679 E/Scheduler( 265): trackPendingFrame: Invalid present fence
06-04 20:44:08.712 E/Scheduler( 265): trackPendingFrame: Invalid present fence
06-04 20:44:08.746 E/Scheduler( 265): trackPendingFrame: Invalid present fence
06-04 20:44:08.779 E/Scheduler( 265): trackPendingFrame: Invalid present fence
06-04 20:44:08.813 E/Scheduler( 265): trackPendingFrame: Invalid present fence
06-04 20:44:08.846 E/Scheduler( 265): trackPendingFrame: Invalid present fence
06-04 20:44:08.880 E/Scheduler( 265): trackPendingFrame: Invalid present fence
06-04 20:44:08.913 E/Scheduler( 265): trackPendingFrame: Invalid present fence
06-04 20:44:08.946 E/Scheduler( 265): trackPendingFrame: Invalid present fence
06-04 20:44:08.979 E/Scheduler( 265): trackPendingFrame: Invalid present fence
06-04 20:44:09.013 E/Scheduler( 265): trackPendingFrame: Invalid present fence
06-04 20:44:09.046 E/Scheduler( 265): trackPendingFrame: Invalid present fence
06-04 20:44:09.079 E/Scheduler( 265): trackPendingFrame: Invalid present fence
06-04 20:44:09.086 I/VDA ( 497): [0##35]"ServiceDeviceTask INs=536/543, OUTs=534/537"" {IN=7/8, OUT=10/13[kAtAccelerator(0) kAtDevice(3) kAtClient(10)]}"
06-04 20:44:09.113 E/Scheduler( 265): trackPendingFrame: Invalid present fence
06-04 20:44:09.146 E/Scheduler( 265): trackPendingFrame: Invalid present fence
06-04 20:44:09.180 E/Scheduler( 265): trackPendingFrame: Invalid present fence
06-04 20:44:09.213 E/Scheduler( 265): trackPendingFrame: Invalid present fence
06-04 20:44:09.246 E/Scheduler( 265): trackPendingFrame: Invalid present fence
06-04 20:44:09.280 E/Scheduler( 265): trackPendingFrame: Invalid present fence
06-04 20:44:09.313 E/Scheduler( 265): trackPendingFrame: Invalid present fence
06-04 20:44:09.346 E/Scheduler( 265): trackPendingFrame: Invalid present fence
06-04 20:44:09.380 E/Scheduler( 265): trackPendingFrame: Invalid present fence
06-04 20:44:09.413 E/Scheduler( 265): trackPendingFrame: Invalid present fence
06-04 20:44:09.415 I/audio_hw_hal_alsamgr( 491): alsa format =0x1 delay frames =768 total frames=101045760
06-04 20:44:09.446 E/Scheduler( 265): trackPendingFrame: Invalid present fence
06-04 20:44:09.480 E/Scheduler( 265): trackPendingFrame: Invalid present fence
06-04 20:44:09.513 E/Scheduler( 265): trackPendingFrame: Invalid present fence
06-04 20:44:09.546 E/Scheduler( 265): trackPendingFrame: Invalid present fence
06-04 20:44:09.580 E/Scheduler( 265): trackPendingFrame: Invalid present fence
06-04 20:44:09.613 E/Scheduler( 265): trackPendingFrame: Invalid present fence
06-04 20:44:09.646 E/Scheduler( 265): trackPendingFrame: Invalid present fence
06-04 20:44:09.680 E/Scheduler( 265): trackPendingFrame: Invalid present fence
06-04 20:44:09.713 E/Scheduler( 265): trackPendingFrame: Invalid present fence
06-04 20:44:09.746 E/Scheduler( 265): trackPendingFrame: Invalid present fence
06-04 20:44:09.780 E/Scheduler( 265): trackPendingFrame: Invalid present fence
06-04 20:44:09.813 E/Scheduler( 265): trackPendingFrame: Invalid present fence
06-04 20:44:09.841 I/WifiHAL ( 524): call wifi_get_link_stats handler
06-04 20:44:09.841 I/WifiHAL ( 524): Creating message to get link statistics; iface = 16
06-04 20:44:09.841 D/WifiHAL ( 524): error code -95 mapped to -3
06-04 20:44:09.842 E/WifiStaIfaceAidlImpl( 707): getLinkLayerStats failed with service-specific exception: android.os.ServiceSpecificException: (code 4)
06-04 20:44:09.847 E/Scheduler( 265): trackPendingFrame: Invalid present fence
06-04 20:44:09.880 E/Scheduler( 265): trackPendingFrame: Invalid present fence
06-04 20:44:09.914 E/Scheduler( 265): trackPendingFrame: Invalid present fence
06-04 20:44:09.947 E/Scheduler( 265): trackPendingFrame: Invalid present fence
06-04 20:44:09.980 E/Scheduler( 265): trackPendingFrame: Invalid present fence
06-04 20:44:10.014 E/Scheduler( 265): trackPendingFrame: Invalid present fence
06-04 20:44:10.047 E/Scheduler( 265): trackPendingFrame: Invalid present fence
06-04 20:44:10.081 E/Scheduler( 265): trackPendingFrame: Invalid present fence
06-04 20:44:10.114 I/VDA ( 497): [0##35]"ServiceDeviceTask INs=566/573, OUTs=564/568"" {IN=7/8, OUT=9/13[kAtAccelerator(0) kAtDevice(4) kAtClient(9)]}"
06-04 20:44:10.114 E/Scheduler( 265): trackPendingFrame: Invalid present fence
06-04 20:44:10.148 E/Scheduler( 265): trackPendingFrame: Invalid present fence
06-04 20:44:10.181 E/Scheduler( 265): trackPendingFrame: Invalid present fence
06-04 20:44:10.215 E/Scheduler( 265): trackPendingFrame: Invalid present fence
06-04 20:44:10.247 E/Scheduler( 265): trackPendingFrame: Invalid present fence
06-04 20:44:10.281 E/Scheduler( 265): trackPendingFrame: Invalid present fence
06-04 20:44:10.314 E/Scheduler( 265): trackPendingFrame: Invalid present fence
06-04 20:44:10.347 E/Scheduler( 265): trackPendingFrame: Invalid present fence
06-04 20:44:10.381 E/Scheduler( 265): trackPendingFrame: Invalid present fence
06-04 20:44:10.414 E/Scheduler( 265): trackPendingFrame: Invalid present fence
06-04 20:44:10.447 E/Scheduler( 265): trackPendingFrame: Invalid present fence
06-04 20:44:10.481 E/Scheduler( 265): trackPendingFrame: Invalid present fence
06-04 20:44:10.514 E/Scheduler( 265): trackPendingFrame: Invalid present fence
06-04 20:44:10.548 E/Scheduler( 265): trackPendingFrame: Invalid present fence
06-04 20:44:10.581 E/Scheduler( 265): trackPendingFrame: Invalid present fence
06-04 20:44:10.614 E/Scheduler( 265): trackPendingFrame: Invalid present fence
06-04 20:44:10.648 E/Scheduler( 265): trackPendingFrame: Invalid present fence
06-04 20:44:10.681 E/Scheduler( 265): trackPendingFrame: Invalid present fence
06-04 20:44:10.714 E/Scheduler( 265): trackPendingFrame: Invalid present fence
06-04 20:44:10.748 E/Scheduler( 265): trackPendingFrame: Invalid present fence
06-04 20:44:10.781 E/Scheduler( 265): trackPendingFrame: Invalid present fence
06-04 20:44:10.814 E/Scheduler( 265): trackPendingFrame: Invalid present fence
06-04 20:44:10.848 E/Scheduler( 265): trackPendingFrame: Invalid present fence
06-04 20:44:10.881 E/Scheduler( 265): trackPendingFrame: Invalid present fence
06-04 20:44:10.915 E/Scheduler( 265): trackPendingFrame: Invalid present fence
06-04 20:44:10.948 E/Scheduler( 265): trackPendingFrame: Invalid present fence
06-04 20:44:10.981 E/Scheduler( 265): trackPendingFrame: Invalid present fence
06-04 20:44:11.015 E/Scheduler( 265): trackPendingFrame: Invalid present fence
06-04 20:44:11.048 E/Scheduler( 265): trackPendingFrame: Invalid present fence
06-04 20:44:11.081 E/Scheduler( 265): trackPendingFrame: Invalid present fence
06-04 20:44:11.115 E/Scheduler( 265): trackPendingFrame: Invalid present fence
06-04 20:44:11.140 I/VDA ( 497): [0##35]"ServiceDeviceTask INs=597/604, OUTs=595/599"" {IN=7/8, OUT=9/13[kAtAccelerator(0) kAtDevice(4) kAtClient(9)]}"
06-04 20:44:11.148 E/Scheduler( 265): trackPendingFrame: Invalid present fence
06-04 20:44:11.181 E/Scheduler( 265): trackPendingFrame: Invalid present fence
06-04 20:44:11.215 E/Scheduler( 265): trackPendingFrame: Invalid present fence
06-04 20:44:11.248 E/Scheduler( 265): trackPendingFrame: Invalid present fence
06-04 20:44:11.282 E/Scheduler( 265): trackPendingFrame: Invalid present fence
06-04 20:44:11.315 E/Scheduler( 265): trackPendingFrame: Invalid present fence
06-04 20:44:11.323 D/UtilLog ( 2071): 日志批量上报 进行正常循环 !!!!!!本次有0次请求,共0条数据
06-04 20:44:11.348 E/Scheduler( 265): trackPendingFrame: Invalid present fence
06-04 20:44:11.382 E/Scheduler( 265): trackPendingFrame: Invalid present fence
06-04 20:44:11.415 E/Scheduler( 265): trackPendingFrame: Invalid present fence
06-04 20:44:11.449 E/Scheduler( 265): trackPendingFrame: Invalid present fence
06-04 20:44:11.470 I/DebugUtil( 497): [0##35]in/out status {INS/OUTS=615(1)/604(0)}, pipeline status {IN=8/8, OUT=9/13[Component(0) Accelerator(4) Client(9)]}
06-04 20:44:11.483 E/Scheduler( 265): trackPendingFrame: Invalid present fence
06-04 20:44:11.516 E/Scheduler( 265): trackPendingFrame: Invalid present fence
06-04 20:44:11.549 E/Scheduler( 265): trackPendingFrame: Invalid present fence
06-04 20:44:11.582 E/Scheduler( 265): trackPendingFrame: Invalid present fence
06-04 20:44:11.615 E/Scheduler( 265): trackPendingFrame: Invalid present fence
06-04 20:44:11.648 E/Scheduler( 265): trackPendingFrame: Invalid present fence
06-04 20:44:11.682 E/Scheduler( 265): trackPendingFrame: Invalid present fence
06-04 20:44:11.715 E/Scheduler( 265): trackPendingFrame: Invalid present fence
06-04 20:44:11.749 E/Scheduler( 265): trackPendingFrame: Invalid present fence
06-04 20:44:11.782 E/Scheduler( 265): trackPendingFrame: Invalid present fence
06-04 20:44:11.815 E/Scheduler( 265): trackPendingFrame: Invalid present fence
06-04 20:44:11.849 E/Scheduler( 265): trackPendingFrame: Invalid present fence
06-04 20:44:11.882 E/Scheduler( 265): trackPendingFrame: Invalid present fence
06-04 20:44:11.915 E/Scheduler( 265): trackPendingFrame: Invalid present fence
06-04 20:44:11.949 E/Scheduler( 265): trackPendingFrame: Invalid present fence
06-04 20:44:11.982 E/Scheduler( 265): trackPendingFrame: Invalid present fence
06-04 20:44:12.016 E/Scheduler( 265): trackPendingFrame: Invalid present fence
06-04 20:44:12.049 E/Scheduler( 265): trackPendingFrame: Invalid present fence
06-04 20:44:12.082 E/Scheduler( 265): trackPendingFrame: Invalid present fence
06-04 20:44:12.116 E/Scheduler( 265): trackPendingFrame: Invalid present fence
06-04 20:44:12.149 E/Scheduler( 265): trackPendingFrame: Invalid present fence
06-04 20:44:12.167 I/VDA ( 497): [0##35]"ServiceDeviceTask INs=628/635, OUTs=626/629"" {IN=7/8, OUT=10/13[kAtAccelerator(0) kAtDevice(3) kAtClient(10)]}"
06-04 20:44:12.183 E/Scheduler( 265): trackPendingFrame: Invalid present fence
06-04 20:44:12.216 E/Scheduler( 265): trackPendingFrame: Invalid present fence
06-04 20:44:12.249 E/Scheduler( 265): trackPendingFrame: Invalid present fence
06-04 20:44:12.283 E/Scheduler( 265): trackPendingFrame: Invalid present fence
06-04 20:44:12.305 D/BufferPoolAccessor2.0( 7501): bufferpool2 0xe4143088 : 8(12582912 size) total buffers - 8(12582912 size) used buffers - 0/9 (recycle/alloc) - 9/642 (fetch/transfer)
06-04 20:44:12.316 E/Scheduler( 265): trackPendingFrame: Invalid present fence
06-04 20:44:12.349 E/Scheduler( 265): trackPendingFrame: Invalid present fence
06-04 20:44:12.383 E/Scheduler( 265): trackPendingFrame: Invalid present fence
06-04 20:44:12.416 E/Scheduler( 265): trackPendingFrame: Invalid present fence
06-04 20:44:12.449 E/Scheduler( 265): trackPendingFrame: Invalid present fence
06-04 20:44:12.483 E/Scheduler( 265): trackPendingFrame: Invalid present fence
06-04 20:44:12.517 E/Scheduler( 265): trackPendingFrame: Invalid present fence
06-04 20:44:12.550 E/Scheduler( 265): trackPendingFrame: Invalid present fence
06-04 20:44:12.583 E/Scheduler( 265): trackPendingFrame: Invalid present fence
06-04 20:44:12.616 E/Scheduler( 265): trackPendingFrame: Invalid present fence
06-04 20:44:12.617 I/virtual void MediaDecoder::run()( 7501): notify decode next url: /data/user/0/com.dangbei.lerad.screensaver/files/download/61/city_2.mp4
06-04 20:44:12.617 E/screen_saver2( 7501): onDecodeNextStream: 1
06-04 20:44:12.617 D/AdManager( 7501): advertisementNum: 7
06-04 20:44:12.650 E/Scheduler( 265): trackPendingFrame: Invalid present fence
06-04 20:44:12.683 E/Scheduler( 265): trackPendingFrame: Invalid present fence
06-04 20:44:12.716 E/Scheduler( 265): trackPendingFrame: Invalid present fence
06-04 20:44:12.751 E/Scheduler( 265): trackPendingFrame: Invalid present fence
06-04 20:44:12.783 E/Scheduler( 265): trackPendingFrame: Invalid present fence
06-04 20:44:12.817 E/Scheduler( 265): trackPendingFrame: Invalid present fence
06-04 20:44:12.845 I/WifiHAL ( 524): call wifi_get_link_stats handler
06-04 20:44:12.845 I/WifiHAL ( 524): Creating message to get link statistics; iface = 16
06-04 20:44:12.845 D/WifiHAL ( 524): error code -95 mapped to -3
06-04 20:44:12.846 E/WifiStaIfaceAidlImpl( 707): getLinkLayerStats failed with service-specific exception: android.os.ServiceSpecificException: (code 4)
06-04 20:44:12.851 E/Scheduler( 265): trackPendingFrame: Invalid present fence
06-04 20:44:12.883 E/Scheduler( 265): trackPendingFrame: Invalid present fence
06-04 20:44:12.917 E/Scheduler( 265): trackPendingFrame: Invalid present fence
06-04 20:44:12.950 E/Scheduler( 265): trackPendingFrame: Invalid present fence
06-04 20:44:12.983 E/Scheduler( 265): trackPendingFrame: Invalid present fence
06-04 20:44:13.017 E/Scheduler( 265): trackPendingFrame: Invalid present fence
06-04 20:44:13.050 E/Scheduler( 265): trackPendingFrame: Invalid present fence
06-04 20:44:13.083 E/Scheduler( 265): trackPendingFrame: Invalid present fence
06-04 20:44:13.117 E/Scheduler( 265): trackPendingFrame: Invalid present fence
06-04 20:44:13.150 E/Scheduler( 265): trackPendingFrame: Invalid present fence
06-04 20:44:13.184 E/Scheduler( 265): trackPendingFrame: Invalid present fence
06-04 20:44:13.193 I/VDA ( 497): [0##35]"ServiceDeviceTask INs=659/666, OUTs=657/660"" {IN=7/8, OUT=10/13[kAtAccelerator(0) kAtDevice(3) kAtClient(10)]}"
06-04 20:44:13.217 E/Scheduler( 265): trackPendingFrame: Invalid present fence
06-04 20:44:13.250 E/Scheduler( 265): trackPendingFrame: Invalid present fence
06-04 20:44:13.284 E/Scheduler( 265): trackPendingFrame: Invalid present fence
06-04 20:44:13.317 E/Scheduler( 265): trackPendingFrame: Invalid present fence
06-04 20:44:13.350 E/Scheduler( 265): trackPendingFrame: Invalid present fence
06-04 20:44:13.384 E/Scheduler( 265): trackPendingFrame: Invalid present fence
06-04 20:44:13.417 E/Scheduler( 265): trackPendingFrame: Invalid present fence
06-04 20:44:13.450 E/Scheduler( 265): trackPendingFrame: Invalid present fence
06-04 20:44:13.484 E/Scheduler( 265): trackPendingFrame: Invalid present fence
06-04 20:44:13.517 E/Scheduler( 265): trackPendingFrame: Invalid present fence
06-04 20:44:13.551 E/Scheduler( 265): trackPendingFrame: Invalid present fence
06-04 20:44:13.584 E/Scheduler( 265): trackPendingFrame: Invalid present fence
06-04 20:44:13.617 E/Scheduler( 265): trackPendingFrame: Invalid present fence
06-04 20:44:13.650 E/Scheduler( 265): trackPendingFrame: Invalid present fence
06-04 20:44:13.684 E/Scheduler( 265): trackPendingFrame: Invalid present fence
06-04 20:44:13.717 E/Scheduler( 265): trackPendingFrame: Invalid present fence
06-04 20:44:13.751 E/Scheduler( 265): trackPendingFrame: Invalid present fence
06-04 20:44:13.784 E/Scheduler( 265): trackPendingFrame: Invalid present fence
06-04 20:44:13.817 E/Scheduler( 265): trackPendingFrame: Invalid present fence
06-04 20:44:13.851 E/Scheduler( 265): trackPendingFrame: Invalid present fence
06-04 20:44:13.884 E/Scheduler( 265): trackPendingFrame: Invalid present fence
06-04 20:44:13.918 E/Scheduler( 265): trackPendingFrame: Invalid present fence
06-04 20:44:13.951 E/Scheduler( 265): trackPendingFrame: Invalid present fence
06-04 20:44:13.984 E/Scheduler( 265): trackPendingFrame: Invalid present fence
06-04 20:44:14.018 E/Scheduler( 265): trackPendingFrame: Invalid present fence
06-04 20:44:14.051 E/Scheduler( 265): trackPendingFrame: Invalid present fence
06-04 20:44:14.085 E/Scheduler( 265): trackPendingFrame: Invalid present fence
06-04 20:44:14.118 E/Scheduler( 265): trackPendingFrame: Invalid present fence
06-04 20:44:14.152 E/Scheduler( 265): trackPendingFrame: Invalid present fence
06-04 20:44:14.186 E/Scheduler( 265): trackPendingFrame: Invalid present fence
06-04 20:44:14.218 E/Scheduler( 265): trackPendingFrame: Invalid present fence
06-04 20:44:14.221 I/VDA ( 497): [0##35]"ServiceDeviceTask INs=690/697, OUTs=688/691"" {IN=7/8, OUT=10/13[kAtAccelerator(0) kAtDevice(3) kAtClient(10)]}"
06-04 20:44:14.251 E/Scheduler( 265): trackPendingFrame: Invalid present fence
06-04 20:44:14.285 E/Scheduler( 265): trackPendingFrame: Invalid present fence
06-04 20:44:14.318 E/Scheduler( 265): trackPendingFrame: Invalid present fence
06-04 20:44:14.352 E/Scheduler( 265): trackPendingFrame: Invalid present fence
06-04 20:44:14.385 E/Scheduler( 265): trackPendingFrame: Invalid present fence
06-04 20:44:14.418 E/Scheduler( 265): trackPendingFrame: Invalid present fence
06-04 20:44:14.451 E/Scheduler( 265): trackPendingFrame: Invalid present fence
06-04 20:44:14.485 E/Scheduler( 265): trackPendingFrame: Invalid present fence
06-04 20:44:14.518 E/Scheduler( 265): trackPendingFrame: Invalid present fence
06-04 20:44:14.552 E/Scheduler( 265): trackPendingFrame: Invalid present fence
06-04 20:44:14.585 E/Scheduler( 265): trackPendingFrame: Invalid present fence
06-04 20:44:14.618 E/Scheduler( 265): trackPendingFrame: Invalid present fence
06-04 20:44:14.652 E/Scheduler( 265): trackPendingFrame: Invalid present fence
06-04 20:44:14.685 E/Scheduler( 265): trackPendingFrame: Invalid present fence
06-04 20:44:14.718 E/Scheduler( 265): trackPendingFrame: Invalid present fence
06-04 20:44:14.752 E/Scheduler( 265): trackPendingFrame: Invalid present fence
06-04 20:44:14.785 E/Scheduler( 265): trackPendingFrame: Invalid present fence
06-04 20:44:14.818 E/Scheduler( 265): trackPendingFrame: Invalid present fence
06-04 20:44:14.840 I/virtual Data FFDemuxer::read()( 7501): read frame ret: End of file latestReceivedTime: 177425 getTotalTimeMillis: 7500 is exit: 0
06-04 20:44:14.840 I/virtual Data FFDemuxer::read()( 7501): list smooth loop
06-04 20:44:14.845 I/virtual StreamInfo FFDemuxer::getVideoStreamInfo()( 7501): video width: 1920 video height: 1080 video pixelFormat: 0 fps: 30
06-04 20:44:14.845 D/virtual Data FFDemuxer::read()( 7501): open next url: /data/user/0/com.dangbei.lerad.screensaver/files/download/61/city_2.mp4
06-04 20:44:14.852 E/Scheduler( 265): trackPendingFrame: Invalid present fence
06-04 20:44:14.885 E/Scheduler( 265): trackPendingFrame: Invalid present fence
06-04 20:44:14.919 E/Scheduler( 265): trackPendingFrame: Invalid present fence
06-04 20:44:14.952 E/Scheduler( 265): trackPendingFrame: Invalid present fence
06-04 20:44:14.985 E/Scheduler( 265): trackPendingFrame: Invalid present fence
06-04 20:44:15.019 E/Scheduler( 265): trackPendingFrame: Invalid present fence
06-04 20:44:15.052 E/Scheduler( 265): trackPendingFrame: Invalid present fence
06-04 20:44:15.085 E/Scheduler( 265): trackPendingFrame: Invalid present fence
06-04 20:44:15.119 E/Scheduler( 265): trackPendingFrame: Invalid present fence
06-04 20:44:15.152 E/Scheduler( 265): trackPendingFrame: Invalid present fence
06-04 20:44:15.185 E/Scheduler( 265): trackPendingFrame: Invalid present fence
06-04 20:44:15.219 E/Scheduler( 265): trackPendingFrame: Invalid present fence
06-04 20:44:15.247 I/VDA ( 497): [0##35]"ServiceDeviceTask INs=721/728, OUTs=718/722"" {IN=7/8, OUT=9/13[kAtAccelerator(0) kAtDevice(4) kAtClient(9)]}"
06-04 20:44:15.252 E/Scheduler( 265): trackPendingFrame: Invalid present fence
06-04 20:44:15.286 E/Scheduler( 265): trackPendingFrame: Invalid present fence
06-04 20:44:15.319 E/Scheduler( 265): trackPendingFrame: Invalid present fence
06-04 20:44:15.352 E/Scheduler( 265): trackPendingFrame: Invalid present fence
06-04 20:44:15.386 E/Scheduler( 265): trackPendingFrame: Invalid present fence
06-04 20:44:15.419 E/Scheduler( 265): trackPendingFrame: Invalid present fence
06-04 20:44:15.453 E/Scheduler( 265): trackPendingFrame: Invalid present fence
06-04 20:44:15.487 E/Scheduler( 265): trackPendingFrame: Invalid present fence
06-04 20:44:15.519 E/Scheduler( 265): trackPendingFrame: Invalid present fence
06-04 20:44:15.553 E/Scheduler( 265): trackPendingFrame: Invalid present fence
06-04 20:44:15.586 E/Scheduler( 265): trackPendingFrame: Invalid present fence
06-04 20:44:15.619 E/Scheduler( 265): trackPendingFrame: Invalid present fence
06-04 20:44:15.653 E/Scheduler( 265): trackPendingFrame: Invalid present fence
06-04 20:44:15.686 E/Scheduler( 265): trackPendingFrame: Invalid present fence
06-04 20:44:15.719 E/Scheduler( 265): trackPendingFrame: Invalid present fence
06-04 20:44:15.753 E/Scheduler( 265): trackPendingFrame: Invalid present fence
06-04 20:44:15.786 E/Scheduler( 265): trackPendingFrame: Invalid present fence
06-04 20:44:15.820 E/Scheduler( 265): trackPendingFrame: Invalid present fence
06-04 20:44:15.852 I/WifiHAL ( 524): call wifi_get_link_stats handler
06-04 20:44:15.852 I/WifiHAL ( 524): Creating message to get link statistics; iface = 16
06-04 20:44:15.852 D/WifiHAL ( 524): error code -95 mapped to -3
06-04 20:44:15.853 E/Scheduler( 265): trackPendingFrame: Invalid present fence
06-04 20:44:15.853 E/WifiStaIfaceAidlImpl( 707): getLinkLayerStats failed with service-specific exception: android.os.ServiceSpecificException: (code 4)
06-04 20:44:15.860 D/InstantWifi( 707): Receive Wifi is connected, freq = 5745 and currentNetworkId : 0, wifiinfo = SSID: , BSSID: 02:00:00:00:00:00, MAC: 02:00:00:00:00:00, IP: /192.168.3.180, Security type: 2, Supplicant state: COMPLETED, Wi-Fi standard: 6, RSSI: -58, Link speed: 1200Mbps, Tx Link speed: 1200Mbps, Max Supported Tx Link speed: 1200Mbps, Rx Link speed: 6Mbps, Max Supported Rx Link speed: 1200Mbps, Frequency: 5745MHz, Net ID: -1, Metered hint: false, score: 60, isUsable: true, CarrierMerged: false, SubscriptionId: -1, IsPrimary: 1, Trusted: true, Restricted: false, Ephemeral: false, OEM paid: false, OEM private: false, OSU AP: false, FQDN: , Provider friendly name: , Requesting package name: MLO Information: , Is TID-To-Link negotiation supported by the AP: false, AP MLD Address: , AP MLO Link Id: , AP MLO Affiliated links:
06-04 20:44:15.886 E/Scheduler( 265): trackPendingFrame: Invalid present fence
06-04 20:44:15.920 E/Scheduler( 265): trackPendingFrame: Invalid present fence
06-04 20:44:15.953 E/Scheduler( 265): trackPendingFrame: Invalid present fence
06-04 20:44:15.987 E/Scheduler( 265): trackPendingFrame: Invalid present fence
06-04 20:44:16.020 E/Scheduler( 265): trackPendingFrame: Invalid present fence
06-04 20:44:16.053 E/Scheduler( 265): trackPendingFrame: Invalid present fence
06-04 20:44:16.086 E/Scheduler( 265): trackPendingFrame: Invalid present fence
06-04 20:44:16.120 E/Scheduler( 265): trackPendingFrame: Invalid present fence
06-04 20:44:16.153 E/Scheduler( 265): trackPendingFrame: Invalid present fence
06-04 20:44:16.187 E/Scheduler( 265): trackPendingFrame: Invalid present fence
06-04 20:44:16.220 E/Scheduler( 265): trackPendingFrame: Invalid present fence
06-04 20:44:16.253 E/Scheduler( 265): trackPendingFrame: Invalid present fence
06-04 20:44:16.277 I/VDA ( 497): [0##35]"ServiceDeviceTask INs=752/759, OUTs=749/753"" {IN=7/8, OUT=9/13[kAtAccelerator(0) kAtDevice(4) kAtClient(9)]}"
06-04 20:44:16.287 E/Scheduler( 265): trackPendingFrame: Invalid present fence
06-04 20:44:16.320 E/Scheduler( 265): trackPendingFrame: Invalid present fence
06-04 20:44:16.353 E/Scheduler( 265): trackPendingFrame: Invalid present fence
06-04 20:44:16.387 E/Scheduler( 265): trackPendingFrame: Invalid present fence
06-04 20:44:16.420 E/Scheduler( 265): trackPendingFrame: Invalid present fence
06-04 20:44:16.453 E/Scheduler( 265): trackPendingFrame: Invalid present fence
06-04 20:44:16.470 I/DebugUtil( 497): [0##35]in/out status {INS/OUTS=765(1)/754(0)}, pipeline status {IN=8/8, OUT=9/13[Component(0) Accelerator(4) Client(9)]}
06-04 20:44:16.487 E/Scheduler( 265): trackPendingFrame: Invalid present fence
06-04 20:44:16.520 E/Scheduler( 265): trackPendingFrame: Invalid present fence
06-04 20:44:16.554 E/Scheduler( 265): trackPendingFrame: Invalid present fence
06-04 20:44:16.587 E/Scheduler( 265): trackPendingFrame: Invalid present fence
06-04 20:44:16.620 E/Scheduler( 265): trackPendingFrame: Invalid present fence
06-04 20:44:16.653 E/Scheduler( 265): trackPendingFrame: Invalid present fence
06-04 20:44:16.688 E/Scheduler( 265): trackPendingFrame: Invalid present fence
06-04 20:44:16.721 E/Scheduler( 265): trackPendingFrame: Invalid present fence
06-04 20:44:16.754 E/Scheduler( 265): trackPendingFrame: Invalid present fence
06-04 20:44:16.787 E/Scheduler( 265): trackPendingFrame: Invalid present fence
06-04 20:44:16.820 E/Scheduler( 265): trackPendingFrame: Invalid present fence
06-04 20:44:16.854 E/Scheduler( 265): trackPendingFrame: Invalid present fence
06-04 20:44:16.887 E/Scheduler( 265): trackPendingFrame: Invalid present fence
06-04 20:44:16.921 E/Scheduler( 265): trackPendingFrame: Invalid present fence
06-04 20:44:16.954 E/Scheduler( 265): trackPendingFrame: Invalid present fence
06-04 20:44:16.987 E/Scheduler( 265): trackPendingFrame: Invalid present fence
06-04 20:44:17.021 E/Scheduler( 265): trackPendingFrame: Invalid present fence
06-04 20:44:17.054 E/Scheduler( 265): trackPendingFrame: Invalid present fence
06-04 20:44:17.087 E/Scheduler( 265): trackPendingFrame: Invalid present fence
06-04 20:44:17.121 E/Scheduler( 265): trackPendingFrame: Invalid present fence
06-04 20:44:17.154 E/Scheduler( 265): trackPendingFrame: Invalid present fence
06-04 20:44:17.187 E/Scheduler( 265): trackPendingFrame: Invalid present fence
06-04 20:44:17.221 E/Scheduler( 265): trackPendingFrame: Invalid present fence
06-04 20:44:17.254 E/Scheduler( 265): trackPendingFrame: Invalid present fence
06-04 20:44:17.287 E/Scheduler( 265): trackPendingFrame: Invalid present fence
06-04 20:44:17.307 I/VDA ( 497): [0##35]"ServiceDeviceTask INs=782/789, OUTs=779/784"" {IN=7/8, OUT=8/13[kAtAccelerator(0) kAtDevice(5) kAtClient(8)]}"
06-04 20:44:17.321 E/Scheduler( 265): trackPendingFrame: Invalid present fence
06-04 20:44:17.355 E/Scheduler( 265): trackPendingFrame: Invalid present fence
06-04 20:44:17.388 E/Scheduler( 265): trackPendingFrame: Invalid present fence
06-04 20:44:17.422 E/Scheduler( 265): trackPendingFrame: Invalid present fence
06-04 20:44:17.422 I/cling--ap-87( 2892): type=1400 audit(0.0:1597): avc: denied { read } for name="address" dev="sysfs" ino=22126 scontext=u:r:untrusted_app_27:s0:c43,c256,c512,c768 tcontext=u:object_r:sysfs_net:s0 tclass=file permissive=1 app=com.dangbei.screencast
06-04 20:44:17.422 I/cling--ap-87( 2892): type=1400 audit(0.0:1598): avc: denied { open } for path="/sys/devices/virtual/net/dummy0/address" dev="sysfs" ino=22126 scontext=u:r:untrusted_app_27:s0:c43,c256,c512,c768 tcontext=u:object_r:sysfs_net:s0 tclass=file permissive=1 app=com.dangbei.screencast
06-04 20:44:17.422 I/cling--ap-87( 2892): type=1400 audit(0.0:1599): avc: denied { getattr } for path="/sys/devices/virtual/net/dummy0/address" dev="sysfs" ino=22126 scontext=u:r:untrusted_app_27:s0:c43,c256,c512,c768 tcontext=u:object_r:sysfs_net:s0 tclass=file permissive=1 app=com.dangbei.screencast
06-04 20:44:17.434 I/breathe ( 7629): type=1400 audit(0.0:1600): avc: denied { ioctl } for path="/dev/spidev1.0" dev="tmpfs" ino=534 ioctlcmd=0x6b00 scontext=u:r:init:s0 tcontext=u:object_r:device:s0 tclass=chr_file permissive=1
06-04 20:44:17.445 D/BufferPoolAccessor2.0( 7501): bufferpool2 0xe4143088 : 8(12582912 size) total buffers - 8(12582912 size) used buffers - 0/9 (recycle/alloc) - 9/796 (fetch/transfer)
06-04 20:44:17.454 E/Scheduler( 265): trackPendingFrame: Invalid present fence
06-04 20:44:17.488 E/Scheduler( 265): trackPendingFrame: Invalid present fence
06-04 20:44:17.521 E/Scheduler( 265): trackPendingFrame: Invalid present fence
06-04 20:44:17.554 E/Scheduler( 265): trackPendingFrame: Invalid present fence
06-04 20:44:17.588 E/Scheduler( 265): trackPendingFrame: Invalid present fence
06-04 20:44:17.621 E/Scheduler( 265): trackPendingFrame: Invalid present fence
06-04 20:44:17.655 E/Scheduler( 265): trackPendingFrame: Invalid present fence
06-04 20:44:17.688 E/Scheduler( 265): trackPendingFrame: Invalid present fence
06-04 20:44:17.722 E/Scheduler( 265): trackPendingFrame: Invalid present fence
06-04 20:44:17.755 E/Scheduler( 265): trackPendingFrame: Invalid present fence
06-04 20:44:17.788 E/Scheduler( 265): trackPendingFrame: Invalid present fence
06-04 20:44:17.822 E/Scheduler( 265): trackPendingFrame: Invalid present fence
06-04 20:44:17.855 E/Scheduler( 265): trackPendingFrame: Invalid present fence
06-04 20:44:17.889 E/Scheduler( 265): trackPendingFrame: Invalid present fence
06-04 20:44:17.922 E/Scheduler( 265): trackPendingFrame: Invalid present fence
06-04 20:44:17.955 E/Scheduler( 265): trackPendingFrame: Invalid present fence
06-04 20:44:17.988 E/Scheduler( 265): trackPendingFrame: Invalid present fence
