06-04 20:45:48.852 D/CCodecBufferChannel( 7501): [c2.amlogic.hevc.decoder#413] MediaCodec discarded an unknown buffer
06-04 20:45:48.852 I/C2VdecComponent( 497): [0##41]"[release]"
06-04 20:45:48.852 I/C2VdecComponent( 497): [0##41]"[reset]"
06-04 20:45:48.852 I/C2VdecComponent( 497): [0##41]"[stop]"
06-04 20:45:48.852 I/C2VdecComponent( 497): [0##41]"[onStop]"
06-04 20:45:48.853 I/virtual void MediaDecoder::close()( 7501): close success 2
06-04 20:45:48.853 I/void Player::setState(PLAYER_STATE)( 7501): state changed newState: 7 oldState: 4
06-04 20:45:48.853 D/LeradPlayer( 7501): player newState: 7 oldState: 4
06-04 20:45:48.853 I/void Player::close()( 7501): close success
06-04 20:45:48.853 I/VideoDecWraper( 497): [0##41]"stop"
06-04 20:45:48.853 I/AmVideoDec( 497): [No--1]-[0]"reset\n"
06-04 20:45:48.853 I/JavaCallback::~JavaCallback()( 7501): delete success
06-04 20:45:48.853 I/Player::~Player()( 7501): start delete
06-04 20:45:48.853 I/virtual FFDemuxer::~FFDemuxer()( 7501): delete success
06-04 20:45:48.853 I/virtual FFAVDecoder::~FFAVDecoder()( 7501): delete success
06-04 20:45:48.853 I/virtual MediaDecoder::~MediaDecoder()( 7501): delete success
06-04 20:45:48.853 I/virtual FFAVDecoder::~FFAVDecoder()( 7501): delete success
06-04 20:45:48.853 I/VDA ( 497): [0##41]"Reset"
06-04 20:45:48.853 I/virtual FFSubtitleDecoder::~FFSubtitleDecoder()( 7501): delete success
06-04 20:45:48.853 I/virtual FFResample::~FFResample()( 7501): delete success
06-04 20:45:48.853 I/virtual AudioTrackOutput::~AudioTrackOutput()( 7501): delete success
06-04 20:45:48.853 D/virtual GLVideoOutput::~GLVideoOutput()( 7501): delete success
06-04 20:45:48.853 I/Player::~Player()( 7501): delete success
06-04 20:45:48.853 I/VDA ( 497): [0##41]"ResetTask\n"
06-04 20:45:48.853 I/void PlayerProxy::release(long)( 7501): release success
06-04 20:45:48.853 I/AmlManagePts( 497): [0]"resetPtsInfo into\n"
06-04 20:45:48.853 I/AmlManagePts( 497): [0]"resetOutPutInfo into\n"
06-04 20:45:48.854 I/VDA ( 497): [0##41]"FinishReset\n"
06-04 20:45:48.854 I/VDA ( 497): [0##41]"StopInputStream input_streamon 1, input_buffer_map_.size 8\n"
06-04 20:45:48.854 I/VDA ( 497): [0##41]"----stop input VIDIOC_STREAMOFF----\n"
06-04 20:45:48.855 I/VDA ( 497): [0##41]"StopDevicePoll\n"
06-04 20:45:48.855 I/VDA ( 497): [0##41]"----stop output VIDIOC_STREAMOFF----\n"
06-04 20:45:48.855 D/PipelineWatcher( 7501): onInputBufferReleased: frameIndex not found (1368); ignored
06-04 20:45:48.856 W/InputManager-JNI( 707): Input channel object '32fe592 com.dangbei.lerad.screensaver/android.service.dreams.DreamActivity (client)' was disposed without first being removed with the input manager!
06-04 20:45:48.857 D/PipelineWatcher( 7501): onInputBufferReleased: frameIndex not found (1365); ignored
06-04 20:45:48.857 D/PipelineWatcher( 7501): onInputBufferReleased: frameIndex not found (1366); ignored
06-04 20:45:48.858 D/PipelineWatcher( 7501): onInputBufferReleased: frameIndex not found (1367); ignored
06-04 20:45:48.858 D/PipelineWatcher( 7501): onInputBufferReleased: frameIndex not found (1369); ignored
06-04 20:45:48.858 D/PipelineWatcher( 7501): onInputBufferReleased: frameIndex not found (1370); ignored
06-04 20:45:48.858 D/PipelineWatcher( 7501): onInputBufferReleased: frameIndex not found (1371); ignored
06-04 20:45:48.858 D/PipelineWatcher( 7501): onInputBufferReleased: frameIndex not found (1372); ignored
06-04 20:45:48.859 D/MobclickAgent( 1414): 创建新会话: 5331069FE4672071CC018C0EFA662BCC
06-04 20:45:48.862 I/VDA ( 497): [0##41]"SendPictureReady\n"
06-04 20:45:48.862 I/VDA ( 497): [0##41]"post ResetDoneTask\n"
06-04 20:45:48.862 I/VDA ( 497): [0##41]"ResetDoneTask\n"
06-04 20:45:48.862 I/VDA ( 497): [0##41]"StartDevicePoll\n"
06-04 20:45:48.863 I/VDA ( 497): [0##41]"NotifyResetDone\n"
06-04 20:45:48.863 I/AmVideoDec( 497): [No--1]-[0]"notifyResetDone\n"
06-04 20:45:48.863 I/VideoDecWraper( 497): [0##41]"onResetDone\n"
06-04 20:45:48.863 I/C2VdecComponent( 497): [0##41]"[NotifyFlushOrStopDone]"
06-04 20:45:48.863 I/C2VdecComponent( 497): [0##41]"[onFlushOrStopDone]"
06-04 20:45:48.863 I/C2VdecComponent( 497): [0##41]"[onStopDone]"
06-04 20:45:48.863 I/C2VdecComponent( 497): [reportAbandonedWorks] no-tunnel mode abandon bitstreamid:1361 mediatimeus:45431000
06-04 20:45:48.863 I/C2VdecComponent( 497): [reportAbandonedWorks] no-tunnel mode abandon bitstreamid:1364 mediatimeus:45398000
06-04 20:45:48.863 I/C2VdecComponent( 497): [reportAbandonedWorks] no-tunnel mode abandon bitstreamid:1365 mediatimeus:45631000
06-04 20:45:48.863 I/C2VdecComponent( 497): [reportAbandonedWorks] no-tunnel mode abandon bitstreamid:1366 mediatimeus:45531000
06-04 20:45:48.863 I/C2VdecComponent( 497): [reportAbandonedWorks] no-tunnel mode abandon bitstreamid:1367 mediatimeus:45464000
06-04 20:45:48.863 I/C2VdecComponent( 497): [reportAbandonedWorks] no-tunnel mode abandon bitstreamid:1368 mediatimeus:45498000
06-04 20:45:48.863 I/C2VdecComponent( 497): [reportAbandonedWorks] no-tunnel mode abandon bitstreamid:1369 mediatimeus:45564000
06-04 20:45:48.863 I/C2VdecComponent( 497): [reportAbandonedWorks] no-tunnel mode abandon bitstreamid:1370 mediatimeus:45598000
06-04 20:45:48.863 I/C2VdecComponent( 497): [reportAbandonedWorks] no-tunnel mode abandon bitstreamid:1371 mediatimeus:45764000
06-04 20:45:48.863 I/C2VdecComponent( 497): [reportAbandonedWorks] no-tunnel mode abandon bitstreamid:1372 mediatimeus:45698000
06-04 20:45:48.863 I/C2VdecComponent( 497): [0##41]"[onStopDone] clear decoder duration"
06-04 20:45:48.864 I/C2VdecDeviceUtil( 497): [0#41]"into clearDecoderDuration"
06-04 20:45:48.864 I/AmlManagePts( 497): [0]"setDuration error duration[0]type[2]\n"
06-04 20:45:48.864 I/android.hardware.media.c2@1.2-service( 497): (null) is not set, used defaultValue = 0
06-04 20:45:48.866 I/C2VdecBlockPoolUtil( 497): ~C2VdecBlockPoolUtil success:1366 count:2684 fetch level:0.508942
06-04 20:45:48.866 I/C2VdecComponent( 497): [0##41]"[stop] done"
06-04 20:45:48.866 I/DebugUtil( 497): [~DebugUtil:71]
06-04 20:45:48.866 I/C2VdecComponent( 497): [0##41]"[onDestroy]"
06-04 20:45:48.866 I/C2VdecDequeueThreadUtil( 497): ~DequeueThreadUtil!!
06-04 20:45:48.867 I/VideoDecWraper( 497): [0##41]"destroy"
06-04 20:45:48.867 D/ResmanWrapper( 497): ~resManWrapper fd = 10
06-04 20:45:48.867 D/resman ( 497): release all resource, fd = 10
06-04 20:45:48.867 I/VDA ( 497): [0##41]"Destroy:1702"
06-04 20:45:48.868 I/VDA ( 497): [0##41]"DestroyTask INS=0/0, OUTS=0/0"" {IN=0/8, OUT=13/13[kAtAccelerator(0) kAtDevice(0) kAtClient(13)]}"
06-04 20:45:48.868 D/screen_saver2( 7501): useTime 1749040959016 1
06-04 20:45:48.868 I/VDA ( 497): [0##41]"StopDevicePoll\n"
06-04 20:45:48.871 I/VDA ( 497): [0##41]"StopInputStream input_streamon 0, input_buffer_map_.size 8\n"
06-04 20:45:48.871 I/AmlManagePts( 497): [0]"resetPtsInfo into\n"
06-04 20:45:48.871 I/AmlManagePts( 497): [0]"resetOutPutInfo into\n"
06-04 20:45:48.871 I/VDA ( 497): [0##41]"DestroyInputBuffers:5083"
06-04 20:45:48.871 I/VDA ( 497): [0##41]"DestroyOutputBuffers:5126"
06-04 20:45:48.874 I/VDA ( 497): [0##41]"DestroyTask:4223"
06-04 20:45:48.874 I/VDA ( 497): [0##41]"DestroyTask:4225 destroy done signal."
06-04 20:45:48.874 I/BufferPoolWraper( 497): [11]"free bufferpool region memory"
06-04 20:45:48.874 I/dmabufmanage( 497): dmabufmanage_uninit-122 UnRegister dmabuf manager success 12
06-04 20:45:48.874 I/BufferPoolWraper( 497): [11]"~BufferPoolWraper:163"
06-04 20:45:48.874 I/rad.screensaver( 7501): System.exit called, status: 0
06-04 20:45:48.874 I/AmlManagePts( 497): [0]"~AmlManagePts into\n"
06-04 20:45:48.874 I/VDA ( 497): [0##41]"~V4L2VideoDecodeAccelerator:679"
06-04 20:45:48.874 I/AndroidRuntime( 7501): VM exiting with result code 0, cleanup skipped.
06-04 20:45:48.874 I/xm_hidread( 1910): type=1400 audit(0.0:1613): avc: denied { read } for scontext=u:r:init:s0 tcontext=u:r:init:s0 tclass=netlink_kobject_uevent_socket permissive=1
06-04 20:45:48.878 I/SystemControl( 318): [/UEventObserver.cpp, HDMITxUenventThreadLoop, 451] HDMI TX switch_name:0, switch_state:
06-04 20:45:48.880 D/XM_HIDREAD( 1910): remove@ remove@/devices/platform/vdec/ammvdec_h265_v4l.0
06-04 20:45:48.883 I/SystemControl-FRA( 318): [/FrameRateAutoAdaption.cpp, isFrameRateOn, 176] hdmi frame rate is on
06-04 20:45:48.887 I/VideoDecWraper( 497): [0##41]"~VideoDecWraper"
06-04 20:45:48.887 I/AmVideoDec( 497): [No--1]-[0]"~AmVideoDec IN[1373:1373] OUT[1366:1362]\n"
06-04 20:45:48.887 I/C2VdecDeviceUtil( 497): [~DeviceUtil:70]
06-04 20:45:48.888 I/C2VdecDeviceUtil( 497): setSkipReallocBufMode:0
06-04 20:45:48.888 I/C2VdecDeviceUtil( 497): [~DeviceUtil:76] clear vendor.media.llp
06-04 20:45:48.888 I/C2VdecGrallocWraper( 497): free slot:0
06-04 20:45:48.888 I/gralloc ( 497): am_gralloc_set_uvm_decoder_para: parameters:[slot_id=0,w*h(0*0),w_align=0,h_align=0,size=0]
06-04 20:45:48.888 I/C2VdecComponent( 497): [0##41]"[onDestroy] done"
06-04 20:45:48.941 I/Codec2-Component@1.2( 497): Client died ! notify and release the component !!
06-04 20:45:48.941 I/C2VdecComponent( 497): [0##41]"[release]"
06-04 20:45:48.941 I/C2VdecComponent( 497): [0##41]"[reset]"
06-04 20:45:48.941 I/C2VdecComponent( 497): [0##41]"[stop]"
06-04 20:45:48.943 I/C2VdecComponent( 497): [0##41]"~C2VdecComponent start"
06-04 20:45:48.943 I/C2VdecComponent( 497): [0##41]"~C2VdecComponent done"
06-04 20:45:48.959 I/ActivityManager( 707): Process com.dangbei.lerad.screensaver (pid 7501) has died: fg SVC
06-04 20:45:48.961 D/DisplayManagerService( 707): Drop pending events for gone uid 10044
06-04 20:45:48.961 E/mediaserver( 627): unlinkToDeath: removed reference to death recipient but unlink failed: DEAD_OBJECT
06-04 20:45:48.961 E/IPCThreadState( 627): attemptIncStrongHandle(2): Not supported
06-04 20:45:48.962 I/libprocessgroup( 707): Successfully killed process cgroup uid 10044 pid 7501 in 0ms
06-04 20:45:48.962 I/ResourceManagerMetrics( 627): pushConcurrentUsageReport: Concurrent Codec Usage Report for the Process[pid(7501): uid(10044)] is Peak { VideoDec[ HW: 1 ] } Peak Pixels: 2073600
06-04 20:45:48.965 W/ActivityManager( 707): setHasOverlayUi called on unknown pid: 7501
06-04 20:45:48.973 I/Zygote ( 462): Process 7501 exited cleanly (0)
06-04 20:45:49.056 I/WifiHAL ( 524): call wifi_get_link_stats handler
06-04 20:45:49.056 I/WifiHAL ( 524): Creating message to get link statistics; iface = 16
06-04 20:45:49.056 D/WifiHAL ( 524): error code -95 mapped to -3
06-04 20:45:49.056 E/WifiStaIfaceAidlImpl( 707): getLinkLayerStats failed with service-specific exception: android.os.ServiceSpecificException: (code 4)
06-04 20:45:49.155 D/TrafficStats( 1414): tagSocket(125) with statsTag=0xffffffff, statsUid=-1
06-04 20:45:49.854 D/XM_HIDREAD( 1910): poll ret=1, event=1
06-04 20:45:49.854 D/XM_HIDREAD( 1910): [9 bytes]:01 00 00 28 00 00 00 00 00
06-04 20:45:49.870 I/audio_hw_hal_primary( 491): [register_audio_patch:8215] Patch 8:id:8 mix(io:13)->dev_0[OUT_HDMI(id:65)] found, register the same patch, do nothing.
06-04 20:45:49.870 I/audio_hw_hal_primary( 491): [adev_create_audio_patch:8316] Patch 8: MIX->DEVICE, num_src:1 num_sink:1 patch_src:INVAL
06-04 20:45:49.870 I/audio_hw_hal_primary( 491): [adev_create_audio_patch:8320] sink[0]: OUT_HDMI(id:65)
06-04 20:45:49.871 I/audio_hw_hal_primary( 491): [adev_create_audio_patch:8377] Patch 8: mix(io:13) -> dev[OUT_HDMI(id:65)]
06-04 20:45:49.871 I/audio_hw_hal_primary( 491): [adev_create_audio_patch:8445] dev=0xe71c0010 cur_out_device=0x400
06-04 20:45:49.871 D/UEventObserver( 1030): change@/devices/platform/auge_sound/sound/card0/controlC0ACTION=changeDEVPATH=/devices/platform/auge_sound/sound/card0/controlC0SUBSYSTEM=soundAUDIO_FORMAT=0MAJOR=116MINOR=13DEVNAME=snd/controlC0SEQNUM=3788
06-04 20:45:49.875 W/IPCThreadState( 542): Sending oneway calls to frozen process.
06-04 20:45:49.880 D/audioserver( 542): logFgsApiBegin: FGS Logger Transaction failed, -129
06-04 20:45:49.889 I/SogouIME( 1396): onKeyDown: keyoCode=23
06-04 20:45:49.889 I/DefaultIMS( 1396): onKeyDown: keyoCode=23
06-04 20:45:49.890 E/SecondScreen( 1414): FirstScreenLayoutView dispatchKeyEvent 23
06-04 20:45:49.904 I/audio_hw_hal_primary( 491): out_update_source_metadata_v7() line 2013 usage:1 content_type:2
06-04 20:45:49.917 W/droid.bluetooth( 1011): Reducing the number of considered missed Gc histogram windows from 200 to 100
06-04 20:45:49.989 D/XM_HIDREAD( 1910): poll ret=1, event=1
06-04 20:45:49.989 D/XM_HIDREAD( 1910): [9 bytes]:01 00 00 00 00 00 00 00 00
06-04 20:45:50.001 I/SogouIME( 1396): onKeyUp: keyoCode=23
06-04 20:45:50.001 I/DefaultIMS( 1396): onKeyUp: keyoCode=23
06-04 20:45:50.002 E/SecondScreen( 1414): FirstScreenLayoutView dispatchKeyEvent 23
06-04 20:45:50.007 E/CellBroadcastUtils( 707): getDefaultCellBroadcastReceiverPackageName: no package found
06-04 20:45:50.016 I/ActivityTaskManager( 707): START u0 {dat=haqu://setting:8080/... flg=0x10000000 pkg=com.dangbei.haqusetting cmp=com.dangbei.haqusetting/.ui.HomeActivity} with LAUNCH_MULTIPLE from uid 1000 (BAL_ALLOW_ALLOWLISTED_UID) result code=0
06-04 20:45:50.016 V/WindowManagerShell( 912): Transition requested: android.os.BinderProxy@b48682a TransitionRequestInfo { type = 1, triggerTask = TaskInfo{userId=0 taskId=70 displayId=0 isRunning=true baseIntent=Intent { dat=haqu://setting:8080/... flg=0x10000000 pkg=com.dangbei.haqusetting cmp=com.dangbei.haqusetting/.ui.HomeActivity } baseActivity=ComponentInfo{com.dangbei.haqusetting/com.dangbei.haqusetting.ui.HomeActivity} topActivity=ComponentInfo{com.dangbei.haqusetting/com.dangbei.haqusetting.ui.HomeActivity} origActivity=null realActivity=ComponentInfo{com.dangbei.haqusetting/com.dangbei.haqusetting.ui.HomeActivity} numActivities=1 lastActiveTime=2216771 supportsMultiWindow=true resizeMode=1 isResizeable=true minWidth=-1 minHeight=-1 defaultMinSize=220 token=WCT{android.window.IWindowContainerToken$Stub$Proxy@80d561b} topActivityType=1 pictureInPictureParams=null shouldDockBigOverlays=true launchIntoPipHostTaskId=-1 lastParentTaskIdBeforePip=-1 displayCutoutSafeInsets=null topActivityInfo=ActivityInfo{1cc13b8 com.dangbei.haqusetting.ui.HomeActivity} launchCookies=[] positionInParent=Point(0, 0) parentTaskId=-1 isFocused=false isVisible=false isVisibleRequested=false isSleeping=false topActivityInSizeCompat=false topActivityEligibleForLetterboxEducation= false isLetterboxDoubleTapEnabled= false topActivityEligibleForUserAspectRatioButton= false topActivityBoundsLetterboxed= false isFromLetterboxDoubleTap= false topActivityLetterboxVerticalPosition= -1 topActivityLetterboxHorizontalPosition= -1 topActivityLetterboxWidth=-1 topActivityLetterboxHeight=-1 isUserFullscreenOverrideEnabled=false isTopActivityTransparent=true locusId=null displayAreaFeatureId=1 cameraCompatControlState=hidden}, remoteTransition = null, displayChange = null, flags = 0 }
06-04 20:45:50.025 V/WindowManager( 707): app ------------- force_land :0
06-04 20:45:50.026 I/BpBinder( 265): onLastStrongRef automatically unlinking death recipients:
06-04 20:45:50.026 D/TrafficStats( 1414): tagSocket(126) with statsTag=0xffffffff, statsUid=-1
06-04 20:45:50.032 I/audio_hw_hal_primary( 491): [register_audio_patch:8215] Patch 8:id:8 mix(io:13)->dev_0[OUT_HDMI(id:65)] found, register the same patch, do nothing.
06-04 20:45:50.032 I/audio_hw_hal_primary( 491): [adev_create_audio_patch:8316] Patch 8: MIX->DEVICE, num_src:1 num_sink:1 patch_src:INVAL
06-04 20:45:50.032 I/audio_hw_hal_primary( 491): [adev_create_audio_patch:8320] sink[0]: OUT_HDMI(id:65)
06-04 20:45:50.032 I/audio_hw_hal_primary( 491): [adev_create_audio_patch:8377] Patch 8: mix(io:13) -> dev[OUT_HDMI(id:65)]
06-04 20:45:50.033 I/audio_hw_hal_primary( 491): [adev_create_audio_patch:8445] dev=0xe71c0010 cur_out_device=0x400
06-04 20:45:50.033 D/audioserver( 542): logFgsApiEnd: FGS Logger Transaction failed, -129
06-04 20:45:50.033 D/audioserver( 542): logFgsApiBegin: FGS Logger Transaction failed, -129
06-04 20:45:50.033 D/UEventObserver( 1030): change@/devices/platform/auge_sound/sound/card0/controlC0ACTION=changeDEVPATH=/devices/platform/auge_sound/sound/card0/controlC0SUBSYSTEM=soundAUDIO_FORMAT=0MAJOR=116MINOR=13DEVNAME=snd/controlC0SEQNUM=3789
06-04 20:45:50.035 W/SQLiteLog( 1414): (28) double-quoted string literal: "
06-04 20:45:50.035 W/SQLiteLog( 1414): (28) double-quoted string literal: "5331069FE4672071CC018C0EFA662BCC"
06-04 20:45:50.035 I/audio_hw_hal_primary( 491): out_update_source_metadata_v7() line 2013 usage:1 content_type:2
06-04 20:45:50.041 W/IPCThreadState( 542): Sending oneway calls to frozen process.
06-04 20:45:50.043 D/audioserver( 542): logFgsApiBegin: FGS Logger Transaction failed, -129
06-04 20:45:50.054 E/ccc ( 1349): cccccc UpdateHelper onMessageReceived com.dangbei.haqusetting com.dangbei.etna.update {"action":"get","functionTag":"leaf_controller_function_controller_dangbei_update","value":0} com.dangbei.lerad.etna.aidl.IEtnaAidlCallback$Stub$Proxy@947f4ec
06-04 20:45:50.055 E/ccc ( 1349): cccccc 缓存获取遥控器版本 DB-15B-H5-R0111
06-04 20:45:50.056 W/WindowManager( 707): [addWindow] title:com.dangbei.haqusetting/com.dangbei.haqusetting.ui.HomeActivity
06-04 20:45:50.062 D/BluetoothGatt( 1349): connect(void) - device: E4:BB:D3:57:C0:7A, auto=true
06-04 20:45:50.064 I/bt_btif_gattc( 1011): packages/modules/Bluetooth/system/btif/src/btif_gatt_client.cc:340 btif_gattc_open_impl: Transport=2, device type=2, address type =0, phy=1
06-04 20:45:50.064 I/bluetooth( 1011): packages/modules/Bluetooth/system/stack/gatt/gatt_main.cc:405 gatt_update_app_use_link_flag: disable link idle timer for xx:xx:xx:xx:c0:7a
06-04 20:45:50.064 I/bt_stack( 1011): [INFO:l2c_api.cc(1607)] L2CA_MarkLeLinkAsActivesetting link to e4:bb:d3:57:c0:7a as active
06-04 20:45:50.064 D/BluetoothGatt( 1349): discoverServices() - device: E4:BB:D3:57:C0:7A
06-04 20:45:50.064 I/bluetooth( 1011): packages/modules/Bluetooth/system/stack/gatt/gatt_api.cc:1206 GATT_SetIdleTimeout: idle_timeout=65535, is_active=1, status=1 (1-OK 0-not performed)
06-04 20:45:50.067 E/ccc ( 1349): cccccc 请求电量实时 87
06-04 20:45:50.067 I/bt_bta_gattc( 1011): packages/modules/Bluetooth/system/bta/gatt/bta_gattc_cache.cc:1035 bta_gattc_get_gatt_db: bta_gattc_get_gatt_db
06-04 20:45:50.069 D/BluetoothGatt( 1349): onSearchComplete() = Device=E4:BB:D3:57:C0:7A Status=0
06-04 20:45:50.071 D/bt_vendor( 492): op for 7
06-04 20:45:50.071 D/bt_upio ( 492): upio_set : pio 0 action 2, polarity 1
06-04 20:45:50.071 D/bt_upio ( 492): begin open btwrite.
06-04 20:45:50.071 E/bt_upio ( 492): upio_set : open(/proc/bluetooth/sleep/btwrite) for write failed: No such file or directory (2)
06-04 20:45:50.072 D/CoreBackPreview( 707): Window{816d70a u0 com.dangbei.haqusetting/com.dangbei.haqusetting.ui.HomeActivity}: Setting back callback OnBackInvokedCallbackInfo{mCallback=android.window.IOnBackInvokedCallback$Stub$Proxy@aea4d98, mPriority=0, mIsAnimationCallback=false}
06-04 20:45:50.074 E/OpenGLRenderer( 4242): Unable to match the desired swap behavior.
06-04 20:45:50.075 I/audio_hw_hal_primary( 491): [audiohal_get_latency:1333] io 13: out:0xe6245d80 frames:1152 rate:48000 whole_latency:24 alsa_latency:24
06-04 20:45:50.075 I/audio_hw_hal_primary( 491): out_update_source_metadata_v7() line 2013 usage:1 content_type:2
06-04 20:45:50.091 W/RecyclerView( 4242): No adapter attached; skipping layout
06-04 20:45:50.100 V/WindowManagerShell( 912): onTransitionReady android.os.BinderProxy@b48682a: {id=13 t=OPEN f=0x0 trk=0 r=[0@Point(0, 0)] c=[{WCT{android.window.IWindowContainerToken$Stub$Proxy@ba138f7} m=OPEN f=TRANSLUCENT leash=Surface(name=Task=70)/@0xa36a591 sb=Rect(0, 0 - 1920, 1080) eb=Rect(0, 0 - 1920, 1080) d=0}]}
06-04 20:45:50.101 V/WindowManagerShell( 912): Playing animation for (#13)android.os.BinderProxy@b48682a@0
06-04 20:45:50.101 V/WindowManagerShell( 912): try handler com.android.wm.shell.keyguard.KeyguardTransitionHandler@2341eeb
06-04 20:45:50.101 V/WindowManagerShell( 912): try handler com.android.wm.shell.pip.tv.TvPipTransition@65ef448
06-04 20:45:50.101 V/WindowManagerShell( 912): try handler com.android.wm.shell.activityembedding.ActivityEmbeddingController@c8c22e1
06-04 20:45:50.101 V/WindowManagerShell( 912): try handler com.android.wm.shell.transition.RemoteTransitionHandler@5519806
06-04 20:45:50.101 V/WindowManagerShell( 912): Transition doesn't have explicit remote, search filters for match for {id=13 t=OPEN f=0x0 trk=0 r=[0@Point(0, 0)] c=[{WCT{android.window.IWindowContainerToken$Stub$Proxy@ba138f7} m=OPEN f=TRANSLUCENT leash=Surface(name=Task=70)/@0xa36a591 sb=Rect(0, 0 - 1920, 1080) eb=Rect(0, 0 - 1920, 1080) d=0}]}
06-04 20:45:50.101 V/WindowManagerShell( 912): Delegate animation for #13 to null
06-04 20:45:50.101 V/WindowManagerShell( 912): try handler com.android.wm.shell.transition.DefaultTransitionHandler@ab3bec7
06-04 20:45:50.101 V/WindowManagerShell( 912): start default transition animation, info = {id=13 t=OPEN f=0x0 trk=0 r=[0@Point(0, 0)] c=[{WCT{android.window.IWindowContainerToken$Stub$Proxy@ba138f7} m=OPEN f=TRANSLUCENT leash=Surface(name=Task=70)/@0xa36a591 sb=Rect(0, 0 - 1920, 1080) eb=Rect(0, 0 - 1920, 1080) d=0}]}
06-04 20:45:50.101 V/WindowManagerShell( 912): loadAnimation: anim=android.view.animation.AlphaAnimation@90ab364 animAttr=0x4 type=OPEN isEntrance=true
06-04 20:45:50.102 V/WindowManagerShell( 912): animated by com.android.wm.shell.transition.DefaultTransitionHandler@ab3bec7
06-04 20:45:50.103 I/ActivityTaskManager( 707): Displayed com.dangbei.haqusetting/.ui.HomeActivity for user 0: +88ms
06-04 20:45:50.103 V/WindowManager( 707): Sent Transition #13 createdAt=06-04 20:45:50.006 via request=TransitionRequestInfo { type = 1, triggerTask = TaskInfo{userId=0 taskId=70 displayId=0 isRunning=true baseIntent=Intent { dat=haqu://setting:8080/... flg=0x10000000 pkg=com.dangbei.haqusetting cmp=com.dangbei.haqusetting/.ui.HomeActivity } baseActivity=ComponentInfo{com.dangbei.haqusetting/com.dangbei.haqusetting.ui.HomeActivity} topActivity=ComponentInfo{com.dangbei.haqusetting/com.dangbei.haqusetting.ui.HomeActivity} origActivity=null realActivity=ComponentInfo{com.dangbei.haqusetting/com.dangbei.haqusetting.ui.HomeActivity} numActivities=1 lastActiveTime=2216771 supportsMultiWindow=true resizeMode=1 isResizeable=true minWidth=-1 minHeight=-1 defaultMinSize=220 token=WCT{RemoteToken{e02ab44 Task{8f4085f #70 type=standard A=1000:com.dangbei.haqusetting}}} topActivityType=1 pictureInPictureParams=null shouldDockBigOverlays=true launchIntoPipHostTaskId=-1 lastParentTaskIdBeforePip=-1 displayCutoutSafeInsets=null topActivityInfo=ActivityInfo{1e9d42d com.dangbei.haqusetting.ui.HomeActivity} launchCookies=[] positionInParent=Point(0, 0) parentTaskId=-1 isFocused=false isVisible=false isVisibleRequested=false isSleeping=false topActivityInSizeCompat=false topActivityEligibleForLetterboxEducation= false isLetterboxDoubleTapEnabled= false topActivityEligibleForUserAspectRatioButton= false topActivityBoundsLetterboxed= false isFromLetterboxDoubleTap= false topActivityLetterboxVerticalPosition= -1 topActivityLetterboxHorizontalPosition= -1 topActivityLetterboxWidth=-1 topActivityLetterboxHeight=-1 isUserFullscreenOverrideEnabled=false isTopActivityTransparent=true locusId=null displayAreaFeatureId=1 cameraCompatControlState=hidden}, remoteTransition = null, displayChange = null, flags = 0 }
06-04 20:45:50.104 V/WindowManager( 707): startWCT=WindowContainerTransaction { changes = {} hops = [] errorCallbackToken=null taskFragmentOrganizer=null }
06-04 20:45:50.104 V/WindowManager( 707): info={id=13 t=OPEN f=0x0 trk=0 r=[0@Point(0, 0)] c=[{WCT{RemoteToken{e02ab44 Task{8f4085f #70 type=standard A=1000:com.dangbei.haqusetting}}} m=OPEN f=TRANSLUCENT leash=Surface(name=Task=70)/@0x4f789f1 sb=Rect(0, 0 - 1920, 1080) eb=Rect(0, 0 - 1920, 1080) d=0}]}
06-04 20:45:50.116 I/audio_hw_hal_primary( 491): [audiohal_get_latency:1333] io 13: out:0xe6245d80 frames:1152 rate:48000 whole_latency:24 alsa_latency:24
06-04 20:45:50.129 D/WindowManagerShell( 912): TvPipController: onTaskStackChanged()
06-04 20:45:50.147 I/ImeTracker( 707): com.dangbei.haqusetting:7186c08a: onRequestHide at ORIGIN_SERVER_HIDE_INPUT reason HIDE_UNSPECIFIED_WINDOW
06-04 20:45:50.147 I/ImeTracker( 707): com.dangbei.haqusetting:7186c08a: onCancelled at PHASE_SERVER_SHOULD_HIDE
06-04 20:45:50.149 I/DefaultIMS( 1396): onStartInput attribute=android.view.inputmethod.EditorInfo@696c089 restarting=false inputType: 0
06-04 20:45:50.159 I/audio_hw_hal_primary( 491): [audiohal_get_latency:1333] io 13: out:0xe6245d80 frames:1152 rate:48000 whole_latency:24 alsa_latency:24
06-04 20:45:50.172 W/ContextImpl( 707): Calling a method in the system process without a qualified user: android.app.ContextImpl.startService:1899 com.android.server.wm.DisplayPolicy.lambda$focusChangedLw$5:2126 com.android.server.wm.DisplayPolicy.$r8$lambda$Znxk63oh-WzVnzo_WQefN7uxV48:0 com.android.server.wm.DisplayPolicy$$ExternalSyntheticLambda13.run:0 android.os.Handler.handleCallback:958
06-04 20:45:50.175 D/aaa ( 1430): LedStatusService onStartCommand begin
06-04 20:45:50.175 D/aaa ( 1430): topPkg is -------------- :com.dangbei.haqusetting
06-04 20:45:50.202 I/audio_hw_hal_primary( 491): [audiohal_get_latency:1333] io 13: out:0xe6245d80 frames:1152 rate:48000 whole_latency:24 alsa_latency:24
06-04 20:45:50.202 I/audio_hw_hal_primary( 491): [audiohal_get_latency:1333] io 13: out:0xe6245d80 frames:1152 rate:48000 whole_latency:24 alsa_latency:24
06-04 20:45:50.223 I/audio_hw_hal_primary( 491): [audiohal_get_latency:1333] io 13: out:0xe6245d80 frames:1152 rate:48000 whole_latency:24 alsa_latency:24
06-04 20:45:50.224 I/audio_hw_hal_primary( 491): [audiohal_get_latency:1333] io 13: out:0xe6245d80 frames:1152 rate:48000 whole_latency:24 alsa_latency:24
06-04 20:45:50.224 D/audioserver( 542): logFgsApiEnd: FGS Logger Transaction failed, -129
06-04 20:45:50.225 I/audio_hw_hal_primary( 491): out_update_source_metadata_v7() line 2013 usage:13 content_type:4
06-04 20:45:50.245 I/audio_hw_hal_primary( 491): [audiohal_get_latency:1333] io 13: out:0xe6245d80 frames:1152 rate:48000 whole_latency:24 alsa_latency:24
06-04 20:45:50.267 I/audio_hw_hal_primary( 491): [audiohal_get_latency:1333] io 13: out:0xe6245d80 frames:1152 rate:48000 whole_latency:24 alsa_latency:24
06-04 20:45:50.285 I/audio_hw_hal_alsamgr( 491): alsa format =0x1 delay frames =1024 total frames=105886720
06-04 20:45:50.287 I/audio_hw_hal_primary( 491): [audiohal_get_latency:1333] io 13: out:0xe6245d80 frames:1152 rate:48000 whole_latency:24 alsa_latency:24
06-04 20:45:50.309 I/audio_hw_hal_primary( 491): [audiohal_get_latency:1333] io 13: out:0xe6245d80 frames:1152 rate:48000 whole_latency:24 alsa_latency:24
06-04 20:45:50.330 I/audio_hw_hal_primary( 491): [audiohal_get_latency:1333] io 13: out:0xe6245d80 frames:1152 rate:48000 whole_latency:24 alsa_latency:24
06-04 20:45:50.352 I/audio_hw_hal_primary( 491): [audiohal_get_latency:1333] io 13: out:0xe6245d80 frames:1152 rate:48000 whole_latency:24 alsa_latency:24
06-04 20:45:50.353 D/audioserver( 542): logFgsApiEnd: FGS Logger Transaction failed, -129
06-04 20:45:50.367 E/ccc ( 1349): cccccc UpdateHelper onMessageReceived com.dangbei.haqusetting com.dangbei.etna.update {"action":"get","functionTag":"leaf_controller_function_controller_dangbei_update","value":0} com.dangbei.lerad.etna.aidl.IEtnaAidlCallback$Stub$Proxy@acb60b5
06-04 20:45:50.367 E/ccc ( 1349): cccccc 缓存获取遥控器版本 DB-15B-H5-R0111
06-04 20:45:50.368 E/ccc ( 1349): cccccc 请求电量缓存 87
06-04 20:45:50.398 D/ConnectivityService( 707): requestNetwork for uid/pid:1000/4242 activeRequest: null callbackRequest: 70 [NetworkRequest [ REQUEST id=71, [ Capabilities: INTERNET&NOT_RESTRICTED&TRUSTED&NOT_VCN_MANAGED Uid: 1000 RequestorUid: 1000 RequestorPkg: com.dangbei.haqusetting UnderlyingNetworks: Null] ]] callback flags: 0 order: 2147483647
06-04 20:45:50.404 D/ConnectivityService( 707): NetReassign [71 : null → 100] [c 0] [a 3] [i 1]
06-04 20:45:50.405 D/WifiNetworkFactory( 707): got request NetworkRequest [ REQUEST id=71, [ Capabilities: INTERNET&NOT_RESTRICTED&TRUSTED&NOT_VCN_MANAGED Uid: 1000 RequestorUid: 1000 RequestorPkg: com.dangbei.haqusetting UnderlyingNetworks: Null] ]
06-04 20:45:50.405 D/UntrustedWifiNetworkFactory( 707): got request NetworkRequest [ REQUEST id=71, [ Capabilities: INTERNET&NOT_RESTRICTED&TRUSTED&NOT_VCN_MANAGED Uid: 1000 RequestorUid: 1000 RequestorPkg: com.dangbei.haqusetting UnderlyingNetworks: Null] ]
06-04 20:45:50.405 D/OemPaidWifiNetworkFactory( 707): got request NetworkRequest [ REQUEST id=71, [ Capabilities: INTERNET&NOT_RESTRICTED&TRUSTED&NOT_VCN_MANAGED Uid: 1000 RequestorUid: 1000 RequestorPkg: com.dangbei.haqusetting UnderlyingNetworks: Null] ]
06-04 20:45:50.405 D/MultiInternetWifiNetworkFactory( 707): got request NetworkRequest [ REQUEST id=71, [ Capabilities: INTERNET&NOT_RESTRICTED&TRUSTED&NOT_VCN_MANAGED Uid: 1000 RequestorUid: 1000 RequestorPkg: com.dangbei.haqusetting UnderlyingNetworks: Null] ]
06-04 20:45:50.405 I/DefaultIMS( 1396): onStartInput attribute=android.view.inputmethod.EditorInfo@121dc45 restarting=false inputType: 0
06-04 20:45:50.509 V/WindowManagerShell( 912): Transition animation finished (aborted=false), notifying core (#13)android.os.BinderProxy@b48682a@0
06-04 20:45:50.514 V/WindowManager( 707): Finish Transition #13: created at
06-04 20:45:50.006 collect-started=0.098ms request-sent=8.746ms started=10.867ms ready=21.365ms sent=89.379ms finished=504.193ms
06-04 20:45:50.514 V/WindowManagerShell( 912): Track 0 became idle
06-04 20:45:50.514 V/WindowManagerShell( 912): All active transition animations finished
06-04 20:45:50.586 I/WifiService( 707): startScan uid=1000
06-04 20:45:50.588 E/ccc ( 4242): cccccc i will start scan
06-04 20:45:50.600 D/InstantWifi( 707): Drop, size: 1
06-04 20:45:50.630 E/ccc ( 4242): cccccc 222222222222222222
06-04 20:45:50.645 E/ccc ( 4242): cccccc sort 4 60
06-04 20:45:50.646 E/ccc ( 4242): cccccc 4444444444444444444 CONNECTED
06-04 20:45:50.661 E/ccc ( 4242): cccccc sort 4 60
06-04 20:45:51.047 D/XM_HIDREAD( 1910): poll ret=1, event=1
06-04 20:45:51.047 D/XM_HIDREAD( 1910): [9 bytes]:01 00 00 50 00 00 00 00 00
06-04 20:45:51.064 I/audio_hw_hal_primary( 491): [register_audio_patch:8215] Patch 8:id:8 mix(io:13)->dev_0[OUT_HDMI(id:65)] found, register the same patch, do nothing.
06-04 20:45:51.064 I/audio_hw_hal_primary( 491): [adev_create_audio_patch:8316] Patch 8: MIX->DEVICE, num_src:1 num_sink:1 patch_src:INVAL
06-04 20:45:51.064 I/audio_hw_hal_primary( 491): [adev_create_audio_patch:8320] sink[0]: OUT_HDMI(id:65)
06-04 20:45:51.064 I/audio_hw_hal_primary( 491): [adev_create_audio_patch:8377] Patch 8: mix(io:13) -> dev[OUT_HDMI(id:65)]
06-04 20:45:51.064 I/audio_hw_hal_primary( 491): [adev_create_audio_patch:8445] dev=0xe71c0010 cur_out_device=0x400
06-04 20:45:51.064 D/UEventObserver( 1030): change@/devices/platform/auge_sound/sound/card0/controlC0ACTION=changeDEVPATH=/devices/platform/auge_sound/sound/card0/controlC0SUBSYSTEM=soundAUDIO_FORMAT=0MAJOR=116MINOR=13DEVNAME=snd/controlC0SEQNUM=3790
06-04 20:45:51.067 W/IPCThreadState( 542): Sending oneway calls to frozen process.
06-04 20:45:51.071 D/audioserver( 542): logFgsApiBegin: FGS Logger Transaction failed, -129
06-04 20:45:51.073 I/SogouIME( 1396): onKeyDown: keyoCode=21
06-04 20:45:51.073 I/DefaultIMS( 1396): onKeyDown: keyoCode=21
06-04 20:45:51.083 I/DefaultIMS( 1396): onStartInput attribute=android.view.inputmethod.EditorInfo@588f7c1 restarting=false inputType: 0
06-04 20:45:51.099 I/audio_hw_hal_primary( 491): [register_audio_patch:8215] Patch 8:id:8 mix(io:13)->dev_0[OUT_HDMI(id:65)] found, register the same patch, do nothing.
06-04 20:45:51.099 I/audio_hw_hal_primary( 491): [adev_create_audio_patch:8316] Patch 8: MIX->DEVICE, num_src:1 num_sink:1 patch_src:INVAL
06-04 20:45:51.099 I/audio_hw_hal_primary( 491): [adev_create_audio_patch:8320] sink[0]: OUT_HDMI(id:65)
06-04 20:45:51.099 I/audio_hw_hal_primary( 491): [adev_create_audio_patch:8377] Patch 8: mix(io:13) -> dev[OUT_HDMI(id:65)]
06-04 20:45:51.099 D/UEventObserver( 1030): change@/devices/platform/auge_sound/sound/card0/controlC0ACTION=changeDEVPATH=/devices/platform/auge_sound/sound/card0/controlC0SUBSYSTEM=soundAUDIO_FORMAT=0MAJOR=116MINOR=13DEVNAME=snd/controlC0SEQNUM=3791
06-04 20:45:51.099 I/audio_hw_hal_primary( 491): [adev_create_audio_patch:8445] dev=0xe71c0010 cur_out_device=0x400
06-04 20:45:51.099 D/audioserver( 542): logFgsApiEnd: FGS Logger Transaction failed, -129
06-04 20:45:51.100 D/audioserver( 542): logFgsApiBegin: FGS Logger Transaction failed, -129
06-04 20:45:51.101 I/audio_hw_hal_primary( 491): out_update_source_metadata_v7() line 2013 usage:1 content_type:2
06-04 20:45:51.104 W/IPCThreadState( 542): Sending oneway calls to frozen process.
06-04 20:45:51.106 D/audioserver( 542): logFgsApiBegin: FGS Logger Transaction failed, -129
06-04 20:45:51.141 I/audio_hw_hal_primary( 491): out_update_source_metadata_v7() line 2013 usage:1 content_type:2
06-04 20:45:51.227 D/XM_HIDREAD( 1910): poll ret=1, event=1
06-04 20:45:51.227 D/XM_HIDREAD( 1910): [9 bytes]:01 00 00 00 00 00 00 00 00
06-04 20:45:51.232 I/SogouIME( 1396): onKeyUp: keyoCode=21
06-04 20:45:51.232 I/DefaultIMS( 1396): onKeyUp: keyoCode=21
06-04 20:45:51.268 I/audio_hw_hal_primary( 491): [audiohal_get_latency:1333] io 13: out:0xe6245d80 frames:1152 rate:48000 whole_latency:24 alsa_latency:24
06-04 20:45:51.269 I/audio_hw_hal_primary( 491): [audiohal_get_latency:1333] io 13: out:0xe6245d80 frames:1152 rate:48000 whole_latency:24 alsa_latency:24
06-04 20:45:51.290 I/audio_hw_hal_primary( 491): [audiohal_get_latency:1333] io 13: out:0xe6245d80 frames:1152 rate:48000 whole_latency:24 alsa_latency:24
06-04 20:45:51.291 I/audio_hw_hal_primary( 491): [audiohal_get_latency:1333] io 13: out:0xe6245d80 frames:1152 rate:48000 whole_latency:24 alsa_latency:24
06-04 20:45:51.311 I/audio_hw_hal_primary( 491): [audiohal_get_latency:1333] io 13: out:0xe6245d80 frames:1152 rate:48000 whole_latency:24 alsa_latency:24
06-04 20:45:51.312 I/audio_hw_hal_primary( 491): [audiohal_get_latency:1333] io 13: out:0xe6245d80 frames:1152 rate:48000 whole_latency:24 alsa_latency:24
06-04 20:45:51.322 D/UtilLog ( 2071): 日志批量上报 进行正常循环 !!!!!!本次有0次请求,共0条数据
06-04 20:45:51.333 I/audio_hw_hal_primary( 491): [audiohal_get_latency:1333] io 13: out:0xe6245d80 frames:1152 rate:48000 whole_latency:24 alsa_latency:24
06-04 20:45:51.333 I/audio_hw_hal_primary( 491): [audiohal_get_latency:1333] io 13: out:0xe6245d80 frames:1152 rate:48000 whole_latency:24 alsa_latency:24
06-04 20:45:51.354 I/audio_hw_hal_primary( 491): [audiohal_get_latency:1333] io 13: out:0xe6245d80 frames:1152 rate:48000 whole_latency:24 alsa_latency:24
06-04 20:45:51.354 I/audio_hw_hal_primary( 491): [audiohal_get_latency:1333] io 13: out:0xe6245d80 frames:1152 rate:48000 whole_latency:24 alsa_latency:24
06-04 20:45:51.376 I/audio_hw_hal_primary( 491): [audiohal_get_latency:1333] io 13: out:0xe6245d80 frames:1152 rate:48000 whole_latency:24 alsa_latency:24
06-04 20:45:51.376 I/audio_hw_hal_primary( 491): [audiohal_get_latency:1333] io 13: out:0xe6245d80 frames:1152 rate:48000 whole_latency:24 alsa_latency:24
06-04 20:45:51.397 I/audio_hw_hal_primary( 491): [audiohal_get_latency:1333] io 13: out:0xe6245d80 frames:1152 rate:48000 whole_latency:24 alsa_latency:24
06-04 20:45:51.397 I/audio_hw_hal_primary( 491): [audiohal_get_latency:1333] io 13: out:0xe6245d80 frames:1152 rate:48000 whole_latency:24 alsa_latency:24
06-04 20:45:51.419 I/audio_hw_hal_primary( 491): [audiohal_get_latency:1333] io 13: out:0xe6245d80 frames:1152 rate:48000 whole_latency:24 alsa_latency:24
06-04 20:45:51.419 I/audio_hw_hal_primary( 491): [audiohal_get_latency:1333] io 13: out:0xe6245d80 frames:1152 rate:48000 whole_latency:24 alsa_latency:24
06-04 20:45:51.419 D/audioserver( 542): logFgsApiEnd: FGS Logger Transaction failed, -129
06-04 20:45:51.421 D/audioserver( 542): logFgsApiEnd: FGS Logger Transaction failed, -129
06-04 20:45:51.519 D/XM_HIDREAD( 1910): poll ret=1, event=1
06-04 20:45:51.519 D/XM_HIDREAD( 1910): [9 bytes]:01 00 00 51 00 00 00 00 00
06-04 20:45:51.535 I/audio_hw_hal_primary( 491): [register_audio_patch:8215] Patch 8:id:8 mix(io:13)->dev_0[OUT_HDMI(id:65)] found, register the same patch, do nothing.
06-04 20:45:51.535 I/audio_hw_hal_primary( 491): [adev_create_audio_patch:8316] Patch 8: MIX->DEVICE, num_src:1 num_sink:1 patch_src:INVAL
06-04 20:45:51.535 I/audio_hw_hal_primary( 491): [adev_create_audio_patch:8320] sink[0]: OUT_HDMI(id:65)
06-04 20:45:51.535 I/audio_hw_hal_primary( 491): [adev_create_audio_patch:8377] Patch 8: mix(io:13) -> dev[OUT_HDMI(id:65)]
06-04 20:45:51.536 I/audio_hw_hal_primary( 491): [adev_create_audio_patch:8445] dev=0xe71c0010 cur_out_device=0x400
06-04 20:45:51.536 D/UEventObserver( 1030): change@/devices/platform/auge_sound/sound/card0/controlC0ACTION=changeDEVPATH=/devices/platform/auge_sound/sound/card0/controlC0SUBSYSTEM=soundAUDIO_FORMAT=0MAJOR=116MINOR=13DEVNAME=snd/controlC0SEQNUM=3792
06-04 20:45:51.538 W/IPCThreadState( 542): Sending oneway calls to frozen process.
06-04 20:45:51.542 D/audioserver( 542): logFgsApiBegin: FGS Logger Transaction failed, -129
06-04 20:45:51.545 I/SogouIME( 1396): onKeyDown: keyoCode=20
06-04 20:45:51.545 I/DefaultIMS( 1396): onKeyDown: keyoCode=20
06-04 20:45:51.568 I/audio_hw_hal_primary( 491): [register_audio_patch:8215] Patch 8:id:8 mix(io:13)->dev_0[OUT_HDMI(id:65)] found, register the same patch, do nothing.
06-04 20:45:51.568 I/audio_hw_hal_primary( 491): [adev_create_audio_patch:8316] Patch 8: MIX->DEVICE, num_src:1 num_sink:1 patch_src:INVAL
06-04 20:45:51.568 I/audio_hw_hal_primary( 491): [adev_create_audio_patch:8320] sink[0]: OUT_HDMI(id:65)
06-04 20:45:51.568 I/audio_hw_hal_primary( 491): [adev_create_audio_patch:8377] Patch 8: mix(io:13) -> dev[OUT_HDMI(id:65)]
06-04 20:45:51.568 I/audio_hw_hal_primary( 491): [adev_create_audio_patch:8445] dev=0xe71c0010 cur_out_device=0x400
06-04 20:45:51.568 D/UEventObserver( 1030): change@/devices/platform/auge_sound/sound/card0/controlC0ACTION=changeDEVPATH=/devices/platform/auge_sound/sound/card0/controlC0SUBSYSTEM=soundAUDIO_FORMAT=0MAJOR=116MINOR=13DEVNAME=snd/controlC0SEQNUM=3793
06-04 20:45:51.569 D/audioserver( 542): logFgsApiEnd: FGS Logger Transaction failed, -129
06-04 20:45:51.569 D/audioserver( 542): logFgsApiBegin: FGS Logger Transaction failed, -129
06-04 20:45:51.570 I/audio_hw_hal_primary( 491): out_update_source_metadata_v7() line 2013 usage:1 content_type:2
06-04 20:45:51.572 W/IPCThreadState( 542): Sending oneway calls to frozen process.
06-04 20:45:51.574 D/audioserver( 542): logFgsApiBegin: FGS Logger Transaction failed, -129
06-04 20:45:51.610 I/audio_hw_hal_primary( 491): out_update_source_metadata_v7() line 2013 usage:1 content_type:2
06-04 20:45:51.665 D/XM_HIDREAD( 1910): poll ret=1, event=1
06-04 20:45:51.665 D/XM_HIDREAD( 1910): [9 bytes]:01 00 00 00 00 00 00 00 00
06-04 20:45:51.667 I/SogouIME( 1396): onKeyUp: keyoCode=20
06-04 20:45:51.667 I/DefaultIMS( 1396): onKeyUp: keyoCode=20
06-04 20:45:51.738 I/audio_hw_hal_primary( 491): [audiohal_get_latency:1333] io 13: out:0xe6245d80 frames:1152 rate:48000 whole_latency:24 alsa_latency:24
06-04 20:45:51.738 I/audio_hw_hal_primary( 491): [audiohal_get_latency:1333] io 13: out:0xe6245d80 frames:1152 rate:48000 whole_latency:24 alsa_latency:24
06-04 20:45:51.760 I/audio_hw_hal_primary( 491): [audiohal_get_latency:1333] io 13: out:0xe6245d80 frames:1152 rate:48000 whole_latency:24 alsa_latency:24
06-04 20:45:51.760 I/audio_hw_hal_primary( 491): [audiohal_get_latency:1333] io 13: out:0xe6245d80 frames:1152 rate:48000 whole_latency:24 alsa_latency:24
06-04 20:45:51.781 I/audio_hw_hal_primary( 491): [audiohal_get_latency:1333] io 13: out:0xe6245d80 frames:1152 rate:48000 whole_latency:24 alsa_latency:24
06-04 20:45:51.781 I/audio_hw_hal_primary( 491): [audiohal_get_latency:1333] io 13: out:0xe6245d80 frames:1152 rate:48000 whole_latency:24 alsa_latency:24
06-04 20:45:51.802 I/audio_hw_hal_primary( 491): [audiohal_get_latency:1333] io 13: out:0xe6245d80 frames:1152 rate:48000 whole_latency:24 alsa_latency:24
06-04 20:45:51.803 I/audio_hw_hal_primary( 491): [audiohal_get_latency:1333] io 13: out:0xe6245d80 frames:1152 rate:48000 whole_latency:24 alsa_latency:24
06-04 20:45:51.823 I/audio_hw_hal_primary( 491): [audiohal_get_latency:1333] io 13: out:0xe6245d80 frames:1152 rate:48000 whole_latency:24 alsa_latency:24
06-04 20:45:51.824 I/audio_hw_hal_primary( 491): [audiohal_get_latency:1333] io 13: out:0xe6245d80 frames:1152 rate:48000 whole_latency:24 alsa_latency:24
06-04 20:45:51.846 I/audio_hw_hal_primary( 491): [audiohal_get_latency:1333] io 13: out:0xe6245d80 frames:1152 rate:48000 whole_latency:24 alsa_latency:24
06-04 20:45:51.846 I/audio_hw_hal_primary( 491): [audiohal_get_latency:1333] io 13: out:0xe6245d80 frames:1152 rate:48000 whole_latency:24 alsa_latency:24
06-04 20:45:51.866 I/audio_hw_hal_primary( 491): [audiohal_get_latency:1333] io 13: out:0xe6245d80 frames:1152 rate:48000 whole_latency:24 alsa_latency:24
06-04 20:45:51.866 I/audio_hw_hal_primary( 491): [audiohal_get_latency:1333] io 13: out:0xe6245d80 frames:1152 rate:48000 whole_latency:24 alsa_latency:24
06-04 20:45:51.888 I/audio_hw_hal_primary( 491): [audiohal_get_latency:1333] io 13: out:0xe6245d80 frames:1152 rate:48000 whole_latency:24 alsa_latency:24
06-04 20:45:51.888 I/audio_hw_hal_primary( 491): [audiohal_get_latency:1333] io 13: out:0xe6245d80 frames:1152 rate:48000 whole_latency:24 alsa_latency:24
06-04 20:45:51.889 D/audioserver( 542): logFgsApiEnd: FGS Logger Transaction failed, -129
06-04 20:45:51.890 D/audioserver( 542): logFgsApiEnd: FGS Logger Transaction failed, -129
06-04 20:45:52.063 I/WifiHAL ( 524): call wifi_get_link_stats handler
06-04 20:45:52.063 I/WifiHAL ( 524): Creating message to get link statistics; iface = 16
06-04 20:45:52.063 D/WifiHAL ( 524): error code -95 mapped to -3
06-04 20:45:52.064 E/WifiStaIfaceAidlImpl( 707): getLinkLayerStats failed with service-specific exception: android.os.ServiceSpecificException: (code 4)
06-04 20:45:52.104 D/XM_HIDREAD( 1910): poll ret=1, event=1
06-04 20:45:52.104 D/XM_HIDREAD( 1910): [9 bytes]:01 00 00 28 00 00 00 00 00
06-04 20:45:52.122 I/audio_hw_hal_primary( 491): [register_audio_patch:8215] Patch 8:id:8 mix(io:13)->dev_0[OUT_HDMI(id:65)] found, register the same patch, do nothing.
06-04 20:45:52.123 I/audio_hw_hal_primary( 491): [adev_create_audio_patch:8316] Patch 8: MIX->DEVICE, num_src:1 num_sink:1 patch_src:INVAL
06-04 20:45:52.123 I/audio_hw_hal_primary( 491): [adev_create_audio_patch:8320] sink[0]: OUT_HDMI(id:65)
06-04 20:45:52.123 I/audio_hw_hal_primary( 491): [adev_create_audio_patch:8377] Patch 8: mix(io:13) -> dev[OUT_HDMI(id:65)]
06-04 20:45:52.123 I/audio_hw_hal_primary( 491): [adev_create_audio_patch:8445] dev=0xe71c0010 cur_out_device=0x400
06-04 20:45:52.123 D/UEventObserver( 1030): change@/devices/platform/auge_sound/sound/card0/controlC0ACTION=changeDEVPATH=/devices/platform/auge_sound/sound/card0/controlC0SUBSYSTEM=soundAUDIO_FORMAT=0MAJOR=116MINOR=13DEVNAME=snd/controlC0SEQNUM=3794
06-04 20:45:52.126 W/IPCThreadState( 542): Sending oneway calls to frozen process.
06-04 20:45:52.133 D/audioserver( 542): logFgsApiBegin: FGS Logger Transaction failed, -129
06-04 20:45:52.134 I/audio_hw_hal_primary( 491): out_update_source_metadata_v7() line 2013 usage:1 content_type:2
06-04 20:45:52.137 I/SogouIME( 1396): onKeyDown: keyoCode=23
06-04 20:45:52.137 I/DefaultIMS( 1396): onKeyDown: keyoCode=23
06-04 20:45:52.228 D/XM_HIDREAD( 1910): poll ret=1, event=1
06-04 20:45:52.228 D/XM_HIDREAD( 1910): [9 bytes]:01 00 00 00 00 00 00 00 00
06-04 20:45:52.232 I/SogouIME( 1396): onKeyUp: keyoCode=23
06-04 20:45:52.232 I/DefaultIMS( 1396): onKeyUp: keyoCode=23
06-04 20:45:52.244 D/ConnectivityService( 707): NetReassign [no changes] [c 0] [a 1] [i 1]
06-04 20:45:52.250 I/audio_hw_hal_primary( 491): [register_audio_patch:8215] Patch 8:id:8 mix(io:13)->dev_0[OUT_HDMI(id:65)] found, register the same patch, do nothing.
06-04 20:45:52.250 I/audio_hw_hal_primary( 491): [adev_create_audio_patch:8316] Patch 8: MIX->DEVICE, num_src:1 num_sink:1 patch_src:INVAL
06-04 20:45:52.250 I/audio_hw_hal_primary( 491): [adev_create_audio_patch:8320] sink[0]: OUT_HDMI(id:65)
06-04 20:45:52.250 I/audio_hw_hal_primary( 491): [adev_create_audio_patch:8377] Patch 8: mix(io:13) -> dev[OUT_HDMI(id:65)]
06-04 20:45:52.251 I/audio_hw_hal_primary( 491): [adev_create_audio_patch:8445] dev=0xe71c0010 cur_out_device=0x400
06-04 20:45:52.251 D/UEventObserver( 1030): change@/devices/platform/auge_sound/sound/card0/controlC0ACTION=changeDEVPATH=/devices/platform/auge_sound/sound/card0/controlC0SUBSYSTEM=soundAUDIO_FORMAT=0MAJOR=116MINOR=13DEVNAME=snd/controlC0SEQNUM=3795
06-04 20:45:52.251 D/audioserver( 542): logFgsApiEnd: FGS Logger Transaction failed, -129
06-04 20:45:52.251 D/audioserver( 542): logFgsApiBegin: FGS Logger Transaction failed, -129
06-04 20:45:52.252 I/audio_hw_hal_primary( 491): out_update_source_metadata_v7() line 2013 usage:1 content_type:2
06-04 20:45:52.254 D/audioserver( 542): logFgsApiBegin: FGS Logger Transaction failed, -129
06-04 20:45:52.255 W/IPCThreadState( 542): Sending oneway calls to frozen process.
06-04 20:45:52.293 I/audio_hw_hal_primary( 491): [audiohal_get_latency:1333] io 13: out:0xe6245d80 frames:1152 rate:48000 whole_latency:24 alsa_latency:24
06-04 20:45:52.294 I/audio_hw_hal_primary( 491): out_update_source_metadata_v7() line 2013 usage:1 content_type:2
06-04 20:45:52.335 I/audio_hw_hal_primary( 491): [audiohal_get_latency:1333] io 13: out:0xe6245d80 frames:1152 rate:48000 whole_latency:24 alsa_latency:24
06-04 20:45:52.378 I/audio_hw_hal_primary( 491): [audiohal_get_latency:1333] io 13: out:0xe6245d80 frames:1152 rate:48000 whole_latency:24 alsa_latency:24
06-04 20:45:52.421 I/audio_hw_hal_primary( 491): [audiohal_get_latency:1333] io 13: out:0xe6245d80 frames:1152 rate:48000 whole_latency:24 alsa_latency:24
06-04 20:45:52.421 I/audio_hw_hal_primary( 491): [audiohal_get_latency:1333] io 13: out:0xe6245d80 frames:1152 rate:48000 whole_latency:24 alsa_latency:24
06-04 20:45:52.443 I/audio_hw_hal_primary( 491): [audiohal_get_latency:1333] io 13: out:0xe6245d80 frames:1152 rate:48000 whole_latency:24 alsa_latency:24
06-04 20:45:52.443 I/audio_hw_hal_primary( 491): [audiohal_get_latency:1333] io 13: out:0xe6245d80 frames:1152 rate:48000 whole_latency:24 alsa_latency:24
06-04 20:45:52.444 D/audioserver( 542): logFgsApiEnd: FGS Logger Transaction failed, -129
06-04 20:45:52.445 I/audio_hw_hal_primary( 491): out_update_source_metadata_v7() line 2013 usage:13 content_type:4
06-04 20:45:52.463 I/audio_hw_hal_primary( 491): [audiohal_get_latency:1333] io 13: out:0xe6245d80 frames:1152 rate:48000 whole_latency:24 alsa_latency:24
06-04 20:45:52.485 I/audio_hw_hal_primary( 491): [audiohal_get_latency:1333] io 13: out:0xe6245d80 frames:1152 rate:48000 whole_latency:24 alsa_latency:24
06-04 20:45:52.506 I/audio_hw_hal_primary( 491): [audiohal_get_latency:1333] io 13: out:0xe6245d80 frames:1152 rate:48000 whole_latency:24 alsa_latency:24
06-04 20:45:52.528 I/audio_hw_hal_primary( 491): [audiohal_get_latency:1333] io 13: out:0xe6245d80 frames:1152 rate:48000 whole_latency:24 alsa_latency:24
06-04 20:45:52.549 I/audio_hw_hal_primary( 491): [audiohal_get_latency:1333] io 13: out:0xe6245d80 frames:1152 rate:48000 whole_latency:24 alsa_latency:24
06-04 20:45:52.571 I/audio_hw_hal_primary( 491): [audiohal_get_latency:1333] io 13: out:0xe6245d80 frames:1152 rate:48000 whole_latency:24 alsa_latency:24
06-04 20:45:52.572 D/audioserver( 542): logFgsApiEnd: FGS Logger Transaction failed, -129
06-04 20:45:53.272 D/WifiNl80211Manager( 707): Scan result ready event
06-04 20:45:53.272 D/WifiNative( 707): Scan result ready event
06-04 20:45:53.317 E/ccc ( 4242): cccccc SCAN_RESULTS_AVAILABLE_ACTION hhhh
06-04 20:45:53.318 E/hq ( 1414): NetWorkStateReceiver:::NetWorkStateReceiver onReceive: 网络变化广播 >>>> intent.action=android.net.wifi.SCAN_RESULTS
06-04 20:45:53.320 D/PasspointManager( 707): ANQP entry not found for: 10:7c:61:1a:4b:94:<5G>
06-04 20:45:53.322 I/WifiHAL ( 524): call wifi_get_link_stats handler
06-04 20:45:53.322 I/WifiHAL ( 524): Creating message to get link statistics; iface = 16
06-04 20:45:53.322 D/WifiHAL ( 524): error code -95 mapped to -3
06-04 20:45:53.322 E/WifiStaIfaceAidlImpl( 707): getLinkLayerStats failed with service-specific exception: android.os.ServiceSpecificException: (code 4)
06-04 20:45:53.336 W/eventbuscore( 1414): post Event:com.dangbei.leard.base.entity.event.NetWifiRssiEvent
06-04 20:45:53.337 E/ccc ( 4242): cccccc result is not empty call back
06-04 20:45:53.337 E/ccc ( 4242): cccccc 666666666666666
06-04 20:45:53.351 E/ccc ( 4242): cccccc sort 4 41
06-04 20:45:53.353 D/XM_HIDREAD( 1910): poll ret=1, event=1
06-04 20:45:53.353 D/XM_HIDREAD( 1910): [9 bytes]:01 00 00 29 00 00 00 00 00
06-04 20:45:53.370 I/audio_hw_hal_primary( 491): [register_audio_patch:8215] Patch 8:id:8 mix(io:13)->dev_0[OUT_HDMI(id:65)] found, register the same patch, do nothing.
06-04 20:45:53.370 I/audio_hw_hal_primary( 491): [adev_create_audio_patch:8316] Patch 8: MIX->DEVICE, num_src:1 num_sink:1 patch_src:INVAL
06-04 20:45:53.370 I/audio_hw_hal_primary( 491): [adev_create_audio_patch:8320] sink[0]: OUT_HDMI(id:65)
06-04 20:45:53.370 I/audio_hw_hal_primary( 491): [adev_create_audio_patch:8377] Patch 8: mix(io:13) -> dev[OUT_HDMI(id:65)]
06-04 20:45:53.371 I/audio_hw_hal_primary( 491): [adev_create_audio_patch:8445] dev=0xe71c0010 cur_out_device=0x400
06-04 20:45:53.376 W/IPCThreadState( 542): Sending oneway calls to frozen process.
06-04 20:45:53.377 D/audioserver( 542): logFgsApiBegin: FGS Logger Transaction failed, -129
06-04 20:45:53.378 I/SogouIME( 1396): onKeyDown: keyoCode=4
06-04 20:45:53.378 I/DefaultIMS( 1396): onKeyDown: keyoCode=4
