06-04 20:48:28.669 I/bt_bta_dm( 8611): packages/modules/Bluetooth/system/bta/dm/bta_dm_act.cc:3155 bta_dm_set_eir: Generating extended inquiry response packet EIR
06-04 20:48:28.669 I/bluetooth( 8611): packages/modules/Bluetooth/system/bta/ag/bta_ag_sdp.cc:146 bta_ag_add_record: features: 135023
06-04 20:48:28.669 I/bt_bta_dm( 8611): packages/modules/Bluetooth/system/bta/dm/bta_dm_act.cc:3456 bta_dm_eir_update_uuid: EIR Adding UUID=0x111F into extended inquiry response
06-04 20:48:28.669 I/bt_bta_dm( 8611): packages/modules/Bluetooth/system/bta/dm/bta_dm_act.cc:3155 bta_dm_set_eir: Generating extended inquiry response packet EIR
06-04 20:48:28.669 I/bt_stack( 8611): [INFO:port_api.cc(220)] RFCOMM_CreateConnectionWithSecurity: bd_addr=ff:ff:ff:ff:ff:ff, scn=2, is_server=1, mtu=256, uuid=0x1112, dlci=4, signal_state=0x0b, p_port=0xbd7893b0
06-04 20:48:28.669 I/bt_stack( 8611): [INFO:port_api.cc(220)] RFCOMM_CreateConnectionWithSecurity: bd_addr=ff:ff:ff:ff:ff:ff, scn=3, is_server=1, mtu=256, uuid=0x111f, dlci=6, signal_state=0x0b, p_port=0xbd789438
06-04 20:48:28.669 I/bt_stack( 8611): [INFO:port_api.cc(220)] RFCOMM_CreateConnectionWithSecurity: bd_addr=ff:ff:ff:ff:ff:ff, scn=2, is_server=1, mtu=256, uuid=0x1112, dlci=4, signal_state=0x0b, p_port=0xbd7894c0
06-04 20:48:28.669 I/bt_stack( 8611): [INFO:port_api.cc(220)] RFCOMM_CreateConnectionWithSecurity: bd_addr=ff:ff:ff:ff:ff:ff, scn=3, is_server=1, mtu=256, uuid=0x111f, dlci=6, signal_state=0x0b, p_port=0xbd789548
06-04 20:48:28.669 I/bt_stack( 8611): [INFO:port_api.cc(220)] RFCOMM_CreateConnectionWithSecurity: bd_addr=ff:ff:ff:ff:ff:ff, scn=2, is_server=1, mtu=256, uuid=0x1112, dlci=4, signal_state=0x0b, p_port=0xbd7895d0
06-04 20:48:28.669 I/bt_stack( 8611): [INFO:port_api.cc(220)] RFCOMM_CreateConnectionWithSecurity: bd_addr=ff:ff:ff:ff:ff:ff, scn=3, is_server=1, mtu=256, uuid=0x111f, dlci=6, signal_state=0x0b, p_port=0xbd789658
06-04 20:48:28.669 I/bt_stack( 8611): [INFO:port_api.cc(220)] RFCOMM_CreateConnectionWithSecurity: bd_addr=ff:ff:ff:ff:ff:ff, scn=2, is_server=1, mtu=256, uuid=0x1112, dlci=4, signal_state=0x0b, p_port=0xbd7896e0
06-04 20:48:28.670 I/bt_stack( 8611): [INFO:port_api.cc(220)] RFCOMM_CreateConnectionWithSecurity: bd_addr=ff:ff:ff:ff:ff:ff, scn=3, is_server=1, mtu=256, uuid=0x111f, dlci=6, signal_state=0x0b, p_port=0xbd789768
06-04 20:48:28.670 I/bt_stack( 8611): [INFO:port_api.cc(220)] RFCOMM_CreateConnectionWithSecurity: bd_addr=ff:ff:ff:ff:ff:ff, scn=2, is_server=1, mtu=256, uuid=0x1112, dlci=4, signal_state=0x0b, p_port=0xbd7897f0
06-04 20:48:28.670 I/bt_stack( 8611): [INFO:port_api.cc(220)] RFCOMM_CreateConnectionWithSecurity: bd_addr=ff:ff:ff:ff:ff:ff, scn=3, is_server=1, mtu=256, uuid=0x111f, dlci=6, signal_state=0x0b, p_port=0xbd789878
06-04 20:48:28.670 I/bt_stack( 8611): [INFO:port_api.cc(220)] RFCOMM_CreateConnectionWithSecurity: bd_addr=ff:ff:ff:ff:ff:ff, scn=2, is_server=1, mtu=256, uuid=0x1112, dlci=4, signal_state=0x0b, p_port=0xbd789900
06-04 20:48:28.670 I/bt_stack( 8611): [INFO:port_api.cc(220)] RFCOMM_CreateConnectionWithSecurity: bd_addr=ff:ff:ff:ff:ff:ff, scn=3, is_server=1, mtu=256, uuid=0x111f, dlci=6, signal_state=0x0b, p_port=0xbd789988
06-04 20:48:28.670 I/bt_stack( 8611): [INFO:btif_hf.cc(318)] btif_hf_upstreams_evt: AG enable/disable event 0
06-04 20:48:28.672 D/ActivityAttributionService( 8611): notifyActivityAttributionInfo UID=1002 packageName=com.android.bluetooth deviceAddress=no_active_device_address
06-04 20:48:28.672 I/bt_btif ( 8611): packages/modules/Bluetooth/system/btif/src/bluetooth.cc:829 get_profile_interface: get_profile_interface: id = activity_attribution
06-04 20:48:28.674 D/HearingAidService( 8611): create()
06-04 20:48:28.675 D/HearingAidService( 8611): start()
06-04 20:48:28.675 I/bt_stack( 8611): [INFO:com_android_bluetooth_hearing_aid.cpp(97)] classInitNative: succeeds
06-04 20:48:28.678 D/HearingAidService( 8611): setHearingAidService(): set to: com.android.bluetooth.hearingaid.HearingAidService@360b01
06-04 20:48:28.678 I/bt_btif ( 8611): packages/modules/Bluetooth/system/btif/src/bluetooth.cc:829 get_profile_interface: get_profile_interface: id = hearing_aid
06-04 20:48:28.678 D/ActivityAttributionService( 8611): notifyActivityAttributionInfo UID=1002 packageName=com.android.bluetooth deviceAddress=no_active_device_address
06-04 20:48:28.678 I/bt_btif ( 8611): packages/modules/Bluetooth/system/btif/src/bluetooth.cc:829 get_profile_interface: get_profile_interface: id = activity_attribution
06-04 20:48:28.678 I/bt_stack( 8611): [INFO:hearing_aid_software_encoding_aidl.cc(182)] init
06-04 20:48:28.680 I/bt_btif ( 8611): packages/modules/Bluetooth/system/btif/src/bluetooth.cc:829 get_profile_interface: get_profile_interface: id = hidhost
06-04 20:48:28.680 I/bt_btif_storage( 8611): packages/modules/Bluetooth/system/btif/src/btif_storage.cc:653 btif_storage_get_adapter_property: btif_storage_get_adapter_property service_mask:0x20100048
06-04 20:48:28.681 D/ActiveDeviceManager( 8611): handleAdapterStateChanged: currentState=11
06-04 20:48:28.683 I/BTAudioProviderFactoryAIDL( 491): getProviderCapabilities - SessionType=HEARING_AID_SOFTWARE_ENCODING_DATAPATH supports 1 codecs
06-04 20:48:28.683 I/bt_stack( 8611): [INFO:client_interface_aidl.cc(124)] FetchAudioProvider: BluetoothAudioHal SessionType=HEARING_AID_SOFTWARE_ENCODING_DATAPATH has 1 AudioCapabilities
06-04 20:48:28.683 I/BTAudioProviderFactoryAIDL( 491): openProvider - SessionType=HEARING_AID_SOFTWARE_ENCODING_DATAPATH
06-04 20:48:28.683 I/BTAudioProviderHearingAid( 491): HearingAidAudioProvider - size of audio buffer 3584 byte(s)
06-04 20:48:28.684 I/bt_stack( 8611): [INFO:client_interface_aidl.cc(143)] IBluetoothAudioProvidersFactory::openProvider() returned 0xebeda710 (remote)
06-04 20:48:28.684 I/bluetooth( 8611): packages/modules/Bluetooth/system/stack/gatt/gatt_api.cc:1257 GATT_Register: Allocated name:GattClient uuid:50dc15e8-79d9-4f99-0360-50fcf7e32fd4 gatt_if:4 eatt_support:0
06-04 20:48:28.684 I/bt_l2cap( 8611): packages/modules/Bluetooth/system/stack/l2cap/l2c_api.cc:172 L2CA_Register: L2CAP Registered service classic PSM: 0x0011
06-04 20:48:28.684 I/bt_l2cap( 8611): packages/modules/Bluetooth/system/stack/l2cap/l2c_api.cc:172 L2CA_Register: L2CAP Registered service classic PSM: 0x0013
06-04 20:48:28.684 I/bluetooth( 8611): packages/modules/Bluetooth/system/stack/gatt/gatt_api.cc:1257 GATT_Register: Allocated name:GattClient uuid:8c499263-8e0b-c701-519d-1a2647dcc0d1 gatt_if:5 eatt_support:0
06-04 20:48:28.685 W/bt_stack( 8611): [WARNING:btif_hh.cc(467)] Added device xx:xx:xx:xx:c0:7a
06-04 20:48:28.686 W/bt_btif ( 8611): packages/modules/Bluetooth/system/main/bte_logmsg.cc:108 LogMsg: BTA_HH_ADD_DEV_EVT: status = 0, handle = 16
06-04 20:48:28.686 I/bt_bta_gattc( 8611): packages/modules/Bluetooth/system/bta/gatt/bta_gattc_act.cc:429 bta_gattc_init_bk_conn: Not a connected remote device yet
06-04 20:48:28.686 I/bluetooth( 8611): packages/modules/Bluetooth/system/gd/hci/le_address_manager.cc:178 register_client: Client registered
06-04 20:48:28.686 I/bluetooth( 8611): packages/modules/Bluetooth/system/gd/hci/le_address_manager.cc:265 ack_pause: Client already in paused state
06-04 20:48:28.689 I/bluetooth( 8611): packages/modules/Bluetooth/system/gd/hci/le_address_manager.cc:596 OnCommandComplete: Received command complete with op_code LE_ADD_DEVICE_TO_FILTER_ACCEPT_LIST
06-04 20:48:28.689 I/bluetooth( 8611): packages/modules/Bluetooth/system/gd/hci/le_address_manager.cc:294 resume_registered_clients: Resuming registered clients
06-04 20:48:28.691 I/bluetooth( 8611): packages/modules/Bluetooth/system/gd/hci/acl_manager/le_impl.h:878 update_connectability_state_after_armed: Le connection state machine armed state:ConnectabilityState::ARMED status:SUCCESS
06-04 20:48:28.692 D/BtOppService( 8611): setBluetoothOppService(): set to: com.android.bluetooth.opp.BluetoothOppService@977563d
06-04 20:48:28.692 D/ActivityAttributionService( 8611): notifyActivityAttributionInfo UID=1002 packageName=com.android.bluetooth deviceAddress=no_active_device_address
06-04 20:48:28.692 I/bt_btif ( 8611): packages/modules/Bluetooth/system/btif/src/bluetooth.cc:829 get_profile_interface: get_profile_interface: id = activity_attribution
06-04 20:48:28.695 D/BluetoothPanServiceJni( 8611): initializeNative(L113): pan
06-04 20:48:28.695 I/bt_btif ( 8611): packages/modules/Bluetooth/system/btif/src/bluetooth.cc:829 get_profile_interface: get_profile_interface: id = pan
06-04 20:48:28.696 I/bt_l2cap( 8611): packages/modules/Bluetooth/system/stack/l2cap/l2c_api.cc:172 L2CA_Register: L2CAP Registered service classic PSM: 0x000f
06-04 20:48:28.696 I/bt_bta_dm( 8611): packages/modules/Bluetooth/system/bta/dm/bta_dm_act.cc:3456 bta_dm_eir_update_uuid: EIR Adding UUID=0x1116 into extended inquiry response
06-04 20:48:28.696 I/bt_bta_dm( 8611): packages/modules/Bluetooth/system/bta/dm/bta_dm_act.cc:3155 bta_dm_set_eir: Generating extended inquiry response packet EIR
06-04 20:48:28.696 I/bt_bta_dm( 8611): packages/modules/Bluetooth/system/bta/dm/bta_dm_act.cc:3456 bta_dm_eir_update_uuid: EIR Adding UUID=0x1115 into extended inquiry response
06-04 20:48:28.696 I/bt_bta_dm( 8611): packages/modules/Bluetooth/system/bta/dm/bta_dm_act.cc:3155 bta_dm_set_eir: Generating extended inquiry response packet EIR
06-04 20:48:28.696 I/bt_bta_dm( 8611): packages/modules/Bluetooth/system/bta/dm/bta_dm_act.cc:3456 bta_dm_eir_update_uuid: EIR Adding UUID=0x1116 into extended inquiry response
06-04 20:48:28.696 I/bt_bta_dm( 8611): packages/modules/Bluetooth/system/bta/dm/bta_dm_act.cc:3155 bta_dm_set_eir: Generating extended inquiry response packet EIR
06-04 20:48:28.696 I/bt_bta_dm( 8611): packages/modules/Bluetooth/system/bta/dm/bta_dm_act.cc:3456 bta_dm_eir_update_uuid: EIR Adding UUID=0x1115 into extended inquiry response
06-04 20:48:28.696 I/bt_bta_dm( 8611): packages/modules/Bluetooth/system/bta/dm/bta_dm_act.cc:3155 bta_dm_set_eir: Generating extended inquiry response packet EIR
06-04 20:48:28.696 D/BluetoothPanServiceJni( 8611): control_state_callback(L60): state:0, local_role:3, ifname:bt-pan
06-04 20:48:28.697 I/TetheringManager( 8611): registerTetheringEventCallback:com.android.bluetooth
06-04 20:48:28.699 I/TetheringManager( 8611): registerTetheringEventCallback caller:com.android.bluetooth
06-04 20:48:28.700 D/AvrcpVolumeManager( 8611): onAudioDevicesAdded: Not expecting device changed
06-04 20:48:28.703 D/CompatibilityChangeReporter( 707): Compat change id reported: 261072174; UID 1002; state: ENABLED
06-04 20:48:28.705 D/CompatibilityChangeReporter( 707): Compat change id reported: 161252188; UID 10049; state: DISABLED
06-04 20:48:28.708 D/CompatibilityChangeReporter( 707): Compat change id reported: 135634846; UID 10049; state: DISABLED
06-04 20:48:28.708 D/CompatibilityChangeReporter( 707): Compat change id reported: 177438394; UID 10049; state: DISABLED
06-04 20:48:28.708 D/CompatibilityChangeReporter( 707): Compat change id reported: 135772972; UID 10049; state: DISABLED
06-04 20:48:28.709 D/CompatibilityChangeReporter( 707): Compat change id reported: 135754954; UID 10049; state: ENABLED
06-04 20:48:28.710 D/CompatibilityChangeReporter( 707): Compat change id reported: 143937733; UID 10049; state: ENABLED
06-04 20:48:28.710 D/HeadsetPhoneState( 8611): sendDeviceStateChanged. mService=0 mSignal=0 mRoam=0 mBatteryCharge=3
06-04 20:48:28.710 D/CompatibilityChangeReporter( 8611): Compat change id reported: 150939131; UID 1002; state: ENABLED
06-04 20:48:28.715 D/AdapterProperties( 8611): onBluetoothReady, state=TURNING_ON, ScanMode=20
06-04 20:48:28.718 D/BluetoothAdapterService( 8611): updateUuids() - Updating UUIDs for bonded devices
06-04 20:48:28.719 I/BluetoothAdapterService( 8611): initProfileServices: Initializing all bluetooth profile services
06-04 20:48:28.719 W/HeadsetClientService( 8611): getHeadsetClientService(): service is null
06-04 20:48:28.719 W/BluetoothMapService( 8611): getBluetoothMapService(): service is null
06-04 20:48:28.719 W/MapClientService( 8611): getMapClientService(): service is null
06-04 20:48:28.719 D/HidDeviceService( 8611): getHidDeviceService(): service is NULL
06-04 20:48:28.719 W/BluetoothPbapService( 8611): getBluetoothPbapService(): service is null
06-04 20:48:28.719 W/PbapClientService( 8611): getPbapClientService(): service is null
06-04 20:48:28.719 W/HapClientService( 8611): getHapClientService(): service is NULL
06-04 20:48:28.719 W/SapService( 8611): getSapService(): service is null
06-04 20:48:28.719 W/VolumeControlService( 8611): getVolumeControlService(): service is NULL
06-04 20:48:28.719 W/CsipSetCoordinatorService( 8611): getCsipSetCoordinatorService(): service is NULL
06-04 20:48:28.719 W/LeAudioService( 8611): getLeAudioService(): service is NULL
06-04 20:48:28.719 W/BassClientService( 8611): getBassClientService(): service is NULL
06-04 20:48:28.719 W/BatteryService( 8611): getBatteryService(): service is NULL
06-04 20:48:28.720 I/AdapterState( 8611): ON : entered
06-04 20:48:28.720 D/AdapterProperties( 8611): Setting state to ON
06-04 20:48:28.721 D/BluetoothAdapterService( 8611): updateAdapterState() - Broadcasting state ON to 1 receivers.
06-04 20:48:28.721 D/BluetoothManagerService( 707): MESSAGE_BLUETOOTH_STATE_CHANGE: TURNING_ON > ON
06-04 20:48:28.722 D/AdapterProperties( 8611): Scan Mode:21
06-04 20:48:28.722 D/AdapterProperties( 8611): Discoverable Timeout:120
06-04 20:48:28.722 D/AdapterProperties( 8611): mLocalIOCapability set to 1
06-04 20:48:28.722 D/BluetoothManagerService( 707): Broadcasting onBluetoothStateChange(true) to 22 receivers.
06-04 20:48:28.723 D/BluetoothHearingAid( 707): Binding service...
06-04 20:48:28.723 D/BluetoothManagerService( 707): Creating new ProfileServiceConnections object for profile: 21
06-04 20:48:28.723 D/BluetoothHeadset( 1030): Binding service...
06-04 20:48:28.726 D/BluetoothLeAudioBroadcast( 707): Binding service...
06-04 20:48:28.726 W/BluetoothManagerService( 707): Cannot bind profile: 26, not in supported profiles list
06-04 20:48:28.726 D/BluetoothHeadset( 707): Binding service...
06-04 20:48:28.726 D/BluetoothManagerService( 707): Creating new ProfileServiceConnections object for profile: 1
06-04 20:48:28.727 I/BluetoothCompanionManager( 8611): Companion device is null, type=0
06-04 20:48:28.728 W/MediaSessionCompat( 8611): Couldn't find a unique registered media button receiver in the given context.
06-04 20:48:28.730 I/MediaSessionStack( 707): addSession to bottom of stack | record: com.android.bluetooth/BluetoothMediaBrowserService (userId=0)
06-04 20:48:28.731 D/BluetoothA2dp( 707): Binding service...
06-04 20:48:28.731 D/BluetoothManagerService( 707): Creating new ProfileServiceConnections object for profile: 2
06-04 20:48:28.733 D/BluetoothA2dp( 707): Binding service...
06-04 20:48:28.734 D/BluetoothA2dp( 1030): Binding service...
06-04 20:48:28.734 D/BluetoothA2dp( 707): Binding service...
06-04 20:48:28.734 D/BluetoothLeAudio( 707): Binding service...
06-04 20:48:28.734 W/BluetoothManagerService( 707): Cannot bind profile: 22, not in supported profiles list
06-04 20:48:28.734 D/BluetoothHidHost( 912): Binding service...
06-04 20:48:28.734 D/BluetoothA2dp( 912): Binding service...
06-04 20:48:28.734 D/BluetoothHeadset( 912): Binding service...
06-04 20:48:28.735 D/BluetoothManagerService( 707): Creating new ProfileServiceConnections object for profile: 4
06-04 20:48:28.735 D/BluetoothLeAudio( 707): Binding service...
06-04 20:48:28.735 D/BluetoothHidHost( 1030): Binding service...
06-04 20:48:28.737 W/BluetoothManagerService( 707): Cannot bind profile: 22, not in supported profiles list
06-04 20:48:28.737 D/BluetoothA2dpSink( 707): Binding service...
06-04 20:48:28.737 W/BluetoothManagerService( 707): Cannot bind profile: 11, not in supported profiles list
06-04 20:48:28.738 D/BluetoothPan( 1030): Binding service...
06-04 20:48:28.738 D/BluetoothManagerService( 707): Creating new ProfileServiceConnections object for profile: 5
06-04 20:48:28.738 D/BluetoothHearingAid( 912): Binding service...
06-04 20:48:28.738 D/BluetoothHearingAid( 707): Binding service...
06-04 20:48:28.738 D/BluetoothPan( 912): Binding service...
06-04 20:48:28.741 D/BluetoothHearingAid( 1030): Binding service...
06-04 20:48:28.741 D/BluetoothHearingAid( 707): Binding service...
06-04 20:48:28.741 D/BluetoothLeAudio( 707): Binding service...
06-04 20:48:28.741 W/BluetoothManagerService( 707): Cannot bind profile: 22, not in supported profiles list
06-04 20:48:28.741 D/BluetoothManagerService( 707): Sending BLE State Change: TURNING_ON > ON
06-04 20:48:28.741 D/BluetoothManagerService( 707): Sending State Change: TURNING_ON > ON
06-04 20:48:28.744 I/BLE_Service( 1030): ACTION STATE CHANGED was 12
06-04 20:48:28.744 I/BLE_Service( 1030): Bluetooth is ON
06-04 20:48:28.744 W/System.err( 1030): java.io.FileNotFoundException: /sys/class/aml_btusb/aml_btusb/aml_rclist: open failed: ENOENT (No such file or directory)
06-04 20:48:28.745 W/System.err( 1030): at libcore.io.IoBridge.open(IoBridge.java:574)
06-04 20:48:28.745 W/System.err( 1030): at java.io.FileOutputStream.(FileOutputStream.java:236)
06-04 20:48:28.745 W/System.err( 1030): at java.io.FileOutputStream.(FileOutputStream.java:125)
06-04 20:48:28.745 W/System.err( 1030): at java.io.FileWriter.(FileWriter.java:66)
06-04 20:48:28.745 W/System.err( 1030): at com.droidlogic.btpair.DialogBluetoothService.writeFileFromString(DialogBluetoothService.java:294)
06-04 20:48:28.745 W/System.err( 1030): at com.droidlogic.btpair.DialogBluetoothService.-$$Nest$mwriteFileFromString(Unknown Source:0)
06-04 20:48:28.745 W/System.err( 1030): at com.droidlogic.btpair.DialogBluetoothService$1.onReceive(DialogBluetoothService.java:174)
06-04 20:48:28.745 W/System.err( 1030): at android.app.LoadedApk$ReceiverDispatcher$Args.lambda$getRunnable$0(LoadedApk.java:1811)
06-04 20:48:28.745 W/System.err( 1030): at android.app.LoadedApk$ReceiverDispatcher$Args.$r8$lambda$gDuJqgxY6Zb-ifyeubKeivTLAwk(Unknown Source:0)
06-04 20:48:28.745 W/System.err( 1030): at android.app.LoadedApk$ReceiverDispatcher$Args$$ExternalSyntheticLambda0.run(Unknown Source:2)
06-04 20:48:28.745 W/System.err( 1030): at android.os.Handler.handleCallback(Handler.java:958)
06-04 20:48:28.745 W/System.err( 1030): at android.os.Handler.dispatchMessage(Handler.java:99)
06-04 20:48:28.745 W/System.err( 1030): at android.os.Looper.loopOnce(Looper.java:205)
06-04 20:48:28.745 W/System.err( 1030): at android.os.Looper.loop(Looper.java:294)
06-04 20:48:28.745 W/System.err( 1030): at android.app.ActivityThread.main(ActivityThread.java:8255)
06-04 20:48:28.745 W/System.err( 1030): at java.lang.reflect.Method.invoke(Native Method)
06-04 20:48:28.745 W/System.err( 1030): at com.android.internal.os.RuntimeInit$MethodAndArgsCaller.run(RuntimeInit.java:552)
06-04 20:48:28.745 W/System.err( 1030): at com.android.internal.os.ZygoteInit.main(ZygoteInit.java:978)
06-04 20:48:28.745 W/System.err( 1030): Caused by: android.system.ErrnoException: open failed: ENOENT (No such file or directory)
06-04 20:48:28.745 W/System.err( 1030): at libcore.io.Linux.open(Native Method)
06-04 20:48:28.745 W/System.err( 1030): at libcore.io.ForwardingOs.open(ForwardingOs.java:563)
06-04 20:48:28.745 W/System.err( 1030): at libcore.io.BlockGuardOs.open(BlockGuardOs.java:274)
06-04 20:48:28.745 W/System.err( 1030): at libcore.io.ForwardingOs.open(ForwardingOs.java:563)
06-04 20:48:28.745 W/System.err( 1030): at android.app.ActivityThread$AndroidOs.open(ActivityThread.java:8138)
06-04 20:48:28.745 W/System.err( 1030): at libcore.io.IoBridge.open(IoBridge.java:560)
06-04 20:48:28.745 W/System.err( 1030): ... 17 more
06-04 20:48:28.746 I/BLE_Service( 1030): GetToBondedDevicesMacAddress><
06-04 20:48:28.748 I/wpa_supplicant( 965): wpa_driver_nl80211_driver_cmd: wifi vendor: aml_w2_s
06-04 20:48:28.748 I/wpa_supplicant( 965): wpa_driver_nl80211_driver_cmd: wlan0: private command: BTCOEXSCAN-STOP
06-04 20:48:28.749 I/BLE_Service( 1030): bondedDevices size: 1
06-04 20:48:28.750 W/System.err( 1030): java.io.FileNotFoundException: /sys/class/aml_btusb/aml_btusb/aml_rclist: open failed: ENOENT (No such file or directory)
06-04 20:48:28.750 W/System.err( 1030): at libcore.io.IoBridge.open(IoBridge.java:574)
06-04 20:48:28.750 W/System.err( 1030): at java.io.FileOutputStream.(FileOutputStream.java:236)
06-04 20:48:28.750 W/System.err( 1030): at java.io.FileOutputStream.(FileOutputStream.java:125)
06-04 20:48:28.750 W/System.err( 1030): at java.io.FileWriter.(FileWriter.java:66)
06-04 20:48:28.750 W/System.err( 1030): at com.droidlogic.btpair.DialogBluetoothService.writeFileFromString(DialogBluetoothService.java:294)
06-04 20:48:28.750 W/System.err( 1030): at com.droidlogic.btpair.DialogBluetoothService.GetToBondedDevicesMacAddress(DialogBluetoothService.java:452)
06-04 20:48:28.750 W/System.err( 1030): at com.droidlogic.btpair.DialogBluetoothService$1.onReceive(DialogBluetoothService.java:175)
06-04 20:48:28.750 W/System.err( 1030): at android.app.LoadedApk$ReceiverDispatcher$Args.lambda$getRunnable$0(LoadedApk.java:1811)
06-04 20:48:28.750 W/System.err( 1030): at android.app.LoadedApk$ReceiverDispatcher$Args.$r8$lambda$gDuJqgxY6Zb-ifyeubKeivTLAwk(Unknown Source:0)
06-04 20:48:28.751 W/System.err( 1030): at android.app.LoadedApk$ReceiverDispatcher$Args$$ExternalSyntheticLambda0.run(Unknown Source:2)
06-04 20:48:28.751 W/System.err( 1030): at android.os.Handler.handleCallback(Handler.java:958)
06-04 20:48:28.751 W/System.err( 1030): at android.os.Handler.dispatchMessage(Handler.java:99)
06-04 20:48:28.751 W/System.err( 1030): at android.os.Looper.loopOnce(Looper.java:205)
06-04 20:48:28.751 W/System.err( 1030): at android.os.Looper.loop(Looper.java:294)
06-04 20:48:28.751 W/System.err( 1030): at android.app.ActivityThread.main(ActivityThread.java:8255)
06-04 20:48:28.751 W/System.err( 1030): at java.lang.reflect.Method.invoke(Native Method)
06-04 20:48:28.751 W/System.err( 1030): at com.android.internal.os.RuntimeInit$MethodAndArgsCaller.run(RuntimeInit.java:552)
06-04 20:48:28.751 W/System.err( 1030): at com.android.internal.os.ZygoteInit.main(ZygoteInit.java:978)
06-04 20:48:28.751 W/System.err( 1030): Caused by: android.system.ErrnoException: open failed: ENOENT (No such file or directory)
06-04 20:48:28.751 W/System.err( 1030): at libcore.io.Linux.open(Native Method)
06-04 20:48:28.751 W/System.err( 1030): at libcore.io.ForwardingOs.open(ForwardingOs.java:563)
06-04 20:48:28.751 W/System.err( 1030): at libcore.io.BlockGuardOs.open(BlockGuardOs.java:274)
06-04 20:48:28.751 W/System.err( 1030): at libcore.io.ForwardingOs.open(ForwardingOs.java:563)
06-04 20:48:28.751 W/System.err( 1030): at android.app.ActivityThread$AndroidOs.open(ActivityThread.java:8138)
06-04 20:48:28.751 W/System.err( 1030): at libcore.io.IoBridge.open(IoBridge.java:560)
06-04 20:48:28.751 W/System.err( 1030): ... 17 more
06-04 20:48:28.753 I/BluetoothAdapterService( 8611): sendUuidsInternal: Received service discovery UUIDs for device XX:XX:XX:XX:C0:7A
06-04 20:48:28.753 D/BluetoothAdapterService( 8611): index=0uuid=0000180f-0000-1000-8000-00805f9b34fb
06-04 20:48:28.753 D/BluetoothAdapterService( 8611): index=1uuid=00001812-0000-1000-8000-00805f9b34fb
06-04 20:48:28.753 I/BluetoothPhonePolicy( 8611): onUuidsDiscovered: discovered services for device XX:XX:XX:XX:C0:7A
06-04 20:48:28.753 I/BluetoothPhonePolicy( 8611): processInitProfilePriorities() - device XX:XX:XX:XX:C0:7A
06-04 20:48:28.753 W/LeAudioService( 8611): getLeAudioService(): service is NULL
06-04 20:48:28.753 W/CsipSetCoordinatorService( 8611): getCsipSetCoordinatorService(): service is NULL
06-04 20:48:28.753 W/VolumeControlService( 8611): getVolumeControlService(): service is NULL
06-04 20:48:28.753 W/HapClientService( 8611): getHapClientService(): service is NULL
06-04 20:48:28.753 W/BassClientService( 8611): getBassClientService(): service is NULL
06-04 20:48:28.753 W/BatteryService( 8611): getBatteryService(): service is NULL
06-04 20:48:28.753 V/BluetoothDatabase( 8611): getProfileConnectionPolicy: device XX:XX:XX:XX:C0:7A profile=HID_HOST, connectionPolicy=100
06-04 20:48:28.756 W/ActivityManager( 707): Receiver with filter android.content.IntentFilter@50b0ad7 already registered for pid 912, callerPackage is com.android.systemui
06-04 20:48:28.756 I/BLE_Service( 1030): Device Name: Dangbei, MAC Address: E4:BB:D3:57:C0:7A
06-04 20:48:28.758 V/NearbyService( 707): Initiating BluetoothAdapter when Bluetooth is turned on.
06-04 20:48:28.759 W/System.err( 1030): java.io.FileNotFoundException: /sys/class/aml_btusb/aml_btusb/aml_rclist: open failed: ENOENT (No such file or directory)
06-04 20:48:28.759 W/System.err( 1030): at libcore.io.IoBridge.open(IoBridge.java:574)
06-04 20:48:28.759 W/System.err( 1030): at java.io.FileInputStream.(FileInputStream.java:160)
06-04 20:48:28.760 W/System.err( 1030): at java.io.FileReader.(FileReader.java:75)
06-04 20:48:28.761 W/System.err( 1030): at com.droidlogic.btpair.DialogBluetoothService.readCurrentMacAddresses(DialogBluetoothService.java:325)
06-04 20:48:28.761 W/System.err( 1030): at com.droidlogic.btpair.DialogBluetoothService.writeMacAddressToFile(DialogBluetoothService.java:307)
06-04 20:48:28.761 W/System.err( 1030): at com.droidlogic.btpair.DialogBluetoothService.GetToBondedDevicesMacAddress(DialogBluetoothService.java:456)
06-04 20:48:28.761 W/System.err( 1030): at com.droidlogic.btpair.DialogBluetoothService$1.onReceive(DialogBluetoothService.java:175)
06-04 20:48:28.761 W/System.err( 1030): at android.app.LoadedApk$ReceiverDispatcher$Args.lambda$getRunnable$0(LoadedApk.java:1811)
06-04 20:48:28.761 W/System.err( 1030): at android.app.LoadedApk$ReceiverDispatcher$Args.$r8$lambda$gDuJqgxY6Zb-ifyeubKeivTLAwk(Unknown Source:0)
06-04 20:48:28.761 V/MediaPlayerList( 8611): onActiveSessionsChanged: number of controllers: 0
06-04 20:48:28.761 W/System.err( 1030): at android.app.LoadedApk$ReceiverDispatcher$Args$$ExternalSyntheticLambda0.run(Unknown Source:2)
06-04 20:48:28.761 W/System.err( 1030): at android.os.Handler.handleCallback(Handler.java:958)
06-04 20:48:28.761 W/System.err( 1030): at android.os.Handler.dispatchMessage(Handler.java:99)
06-04 20:48:28.761 W/System.err( 1030): at android.os.Looper.loopOnce(Looper.java:205)
06-04 20:48:28.761 W/System.err( 1030): at android.os.Looper.loop(Looper.java:294)
06-04 20:48:28.761 D/AvrcpTargetJni( 8611): sendPlayerSettingsNative
06-04 20:48:28.761 W/System.err( 1030): at android.app.ActivityThread.main(ActivityThread.java:8255)
06-04 20:48:28.761 W/System.err( 1030): at java.lang.reflect.Method.invoke(Native Method)
06-04 20:48:28.761 W/System.err( 1030): at com.android.internal.os.RuntimeInit$MethodAndArgsCaller.run(RuntimeInit.java:552)
06-04 20:48:28.761 W/System.err( 1030): at com.android.internal.os.ZygoteInit.main(ZygoteInit.java:978)
06-04 20:48:28.761 I/bt_stack( 8611): [INFO:avrcp_service.cc(551)] virtual void bluetooth::avrcp::AvrcpService::SendPlayerSettingsChanged(std::vector, std::vector)
06-04 20:48:28.761 I/bt_stack( 8611): [INFO:avrcp_service.cc(565)] attribute=PlayerAttribute::REPEAT : value=PlayerRepeatValue::OFF
06-04 20:48:28.761 I/bt_stack( 8611): attribute=PlayerAttribute::SHUFFLE : value=PlayerShuffleValue::OFF
06-04 20:48:28.761 I/bt_stack( 8611):
06-04 20:48:28.761 W/System.err( 1030): Caused by: android.system.ErrnoException: open failed: ENOENT (No such file or directory)
06-04 20:48:28.761 W/System.err( 1030): at libcore.io.Linux.open(Native Method)
06-04 20:48:28.761 W/System.err( 1030): at libcore.io.ForwardingOs.open(ForwardingOs.java:563)
06-04 20:48:28.761 W/System.err( 1030): at libcore.io.BlockGuardOs.open(BlockGuardOs.java:274)
06-04 20:48:28.761 W/System.err( 1030): at libcore.io.ForwardingOs.open(ForwardingOs.java:563)
06-04 20:48:28.761 W/System.err( 1030): at android.app.ActivityThread$AndroidOs.open(ActivityThread.java:8138)
06-04 20:48:28.761 W/System.err( 1030): at libcore.io.IoBridge.open(IoBridge.java:560)
06-04 20:48:28.761 W/System.err( 1030): ... 17 more
06-04 20:48:28.761 E/BLE_Service( 1030): error /sys/class/aml_btusb/aml_btusb/aml_rclist: open failed: ENOENT (No such file or directory)
06-04 20:48:28.762 W/System.err( 1030): java.io.FileNotFoundException: /sys/class/aml_btusb/aml_btusb/aml_rclist: open failed: ENOENT (No such file or directory)
06-04 20:48:28.762 W/System.err( 1030): at libcore.io.IoBridge.open(IoBridge.java:574)
06-04 20:48:28.762 W/System.err( 1030): at java.io.FileOutputStream.(FileOutputStream.java:236)
06-04 20:48:28.762 W/System.err( 1030): at java.io.FileOutputStream.(FileOutputStream.java:125)
06-04 20:48:28.762 W/System.err( 1030): at java.io.FileWriter.(FileWriter.java:66)
06-04 20:48:28.762 W/System.err( 1030): at com.droidlogic.btpair.DialogBluetoothService.writeMacAddressToFile(DialogBluetoothService.java:310)
06-04 20:48:28.762 W/System.err( 1030): at com.droidlogic.btpair.DialogBluetoothService.GetToBondedDevicesMacAddress(DialogBluetoothService.java:456)
06-04 20:48:28.762 W/System.err( 1030): at com.droidlogic.btpair.DialogBluetoothService$1.onReceive(DialogBluetoothService.java:175)
06-04 20:48:28.762 W/System.err( 1030): at android.app.LoadedApk$ReceiverDispatcher$Args.lambda$getRunnable$0(LoadedApk.java:1811)
06-04 20:48:28.762 W/System.err( 1030): at android.app.LoadedApk$ReceiverDispatcher$Args.$r8$lambda$gDuJqgxY6Zb-ifyeubKeivTLAwk(Unknown Source:0)
06-04 20:48:28.762 W/System.err( 1030): at android.app.LoadedApk$ReceiverDispatcher$Args$$ExternalSyntheticLambda0.run(Unknown Source:2)
06-04 20:48:28.762 W/System.err( 1030): at android.os.Handler.handleCallback(Handler.java:958)
06-04 20:48:28.762 W/System.err( 1030): at android.os.Handler.dispatchMessage(Handler.java:99)
06-04 20:48:28.762 W/System.err( 1030): at android.os.Looper.loopOnce(Looper.java:205)
06-04 20:48:28.762 W/System.err( 1030): at android.os.Looper.loop(Looper.java:294)
06-04 20:48:28.762 W/System.err( 1030): at android.app.ActivityThread.main(ActivityThread.java:8255)
06-04 20:48:28.762 W/System.err( 1030): at java.lang.reflect.Method.invoke(Native Method)
06-04 20:48:28.762 W/System.err( 1030): at com.android.internal.os.RuntimeInit$MethodAndArgsCaller.run(RuntimeInit.java:552)
06-04 20:48:28.762 W/System.err( 1030): at com.android.internal.os.ZygoteInit.main(ZygoteInit.java:978)
06-04 20:48:28.762 W/System.err( 1030): Caused by: android.system.ErrnoException: open failed: ENOENT (No such file or directory)
06-04 20:48:28.762 W/System.err( 1030): at libcore.io.Linux.open(Native Method)
06-04 20:48:28.762 W/System.err( 1030): at libcore.io.ForwardingOs.open(ForwardingOs.java:563)
06-04 20:48:28.762 W/System.err( 1030): at libcore.io.BlockGuardOs.open(BlockGuardOs.java:274)
06-04 20:48:28.762 W/System.err( 1030): at libcore.io.ForwardingOs.open(ForwardingOs.java:563)
06-04 20:48:28.762 W/System.err( 1030): at android.app.ActivityThread$AndroidOs.open(ActivityThread.java:8138)
06-04 20:48:28.762 W/System.err( 1030): at libcore.io.IoBridge.open(IoBridge.java:560)
06-04 20:48:28.762 W/System.err( 1030): ... 17 more
06-04 20:48:28.765 D/ActiveDeviceManager( 8611): handleAdapterStateChanged: currentState=12
06-04 20:48:28.765 D/Zygote ( 462): Forked child process 8682
06-04 20:48:28.766 W/ActivityManager( 707): Slow operation: 60ms so far, now at startProcess: returned from zygote!
06-04 20:48:28.767 W/ActivityManager( 707): Slow operation: 60ms so far, now at startProcess: done updating battery stats
06-04 20:48:28.767 W/ActivityManager( 707): Slow operation: 60ms so far, now at startProcess: building log message
06-04 20:48:28.767 I/ActivityManager( 707): Start proc 8682:com.android.music/u0a49 for service {com.android.music/com.android.music.MediaPlaybackService}
06-04 20:48:28.767 W/ActivityManager( 707): Slow operation: 60ms so far, now at startProcess: starting to update pids map
06-04 20:48:28.767 W/ActivityManager( 707): Slow operation: 61ms so far, now at startProcess: done updating pids map
06-04 20:48:28.768 W/ActivityManager( 707): Receiver with filter android.content.IntentFilter@3f6dead already registered for pid 1030, callerPackage is com.droidlogic
06-04 20:48:28.770 D/BluetoothAdapterService( 8611): isQuietModeEnabled() - Enabled = false
06-04 20:48:28.770 I/BluetoothPhonePolicy( 8611): autoConnect: Initiate auto connection on BT on...
06-04 20:48:28.770 D/BluetoothDatabase( 8611): getMostRecentlyConnectedA2dpDevice: Invalid address for device null
06-04 20:48:28.770 E/BluetoothPhonePolicy( 8611): autoConnect: most recently active a2dp device is null
06-04 20:48:28.770 D/BtOppService( 8611): start Socket Listeners
06-04 20:48:28.770 D/BtOppService( 8611): stopListeners: mServerSocket is null
06-04 20:48:28.770 D/ObexServerSockets( 8611): create(rfcomm = -2, l2capPsm = -2)
06-04 20:48:28.772 I/bt_btif_sock( 8611): packages/modules/Bluetooth/system/btif/src/btif_sock.cc:161 btif_sock_connection_logger: address=00:00:00:00:00:00, role=1, state=1
06-04 20:48:28.773 I/bt_btif_sock_rfcomm( 8611): packages/modules/Bluetooth/system/btif/src/btif_sock_rfc.cc:320 btsock_rfc_listen: Adding listening socket service_name: (null) - channel: -2
06-04 20:48:28.773 I/bt_stack( 8611): [INFO:port_api.cc(220)] RFCOMM_CreateConnectionWithSecurity: bd_addr=ff:ff:ff:ff:ff:ff, scn=4, is_server=1, mtu=990, uuid=000000, dlci=8, signal_state=0x0b, p_port=0xbd789a10
06-04 20:48:28.773 I/bt_btif_sock( 8611): packages/modules/Bluetooth/system/btif/src/btif_sock.cc:161 btif_sock_connection_logger: address=00:00:00:00:00:00, role=1, state=1
06-04 20:48:28.775 D/BluetoothAdapter( 8611): listenUsingInsecureL2capOn: port=-2
06-04 20:48:28.777 I/Zygote ( 8682): seccomp disabled by setenforce 0
06-04 20:48:28.778 D/LocalBluetoothProfileManager( 912): Current Profiles[]
06-04 20:48:28.778 D/LocalBluetoothProfileManager( 912): New Profiles[HID]
06-04 20:48:28.778 D/CachedBluetoothDevice( 912): updating profiles for XX:XX:XX:XX:C0:7A
06-04 20:48:28.778 I/bt_btif_sock( 8611): packages/modules/Bluetooth/system/btif/src/btif_sock.cc:161 btif_sock_connection_logger: address=00:00:00:00:00:00, role=1, state=1
06-04 20:48:28.779 I/bluetooth( 8611): packages/modules/Bluetooth/system/btif/src/btif_sock_l2cap.cc:332 btsock_l2cap_alloc_l: Allocated l2cap socket structure socket_id:1
06-04 20:48:28.779 I/bt_l2cap( 8611): packages/modules/Bluetooth/system/stack/l2cap/l2c_api.cc:172 L2CA_Register: L2CAP Registered service classic PSM: 0x1001
06-04 20:48:28.779 I/bt_btif_sock( 8611): packages/modules/Bluetooth/system/btif/src/btif_sock.cc:161 btif_sock_connection_logger: address=00:00:00:00:00:00, role=1, state=1
06-04 20:48:28.779 I/bluetooth( 8611): packages/modules/Bluetooth/system/btif/src/btif_sock_l2cap.cc:357 send_app_psm_or_chan_l: Sending l2cap socket socket_id:1 channel:4097
06-04 20:48:28.779 D/BluetoothAdapter( 8611): listenUsingInsecureL2capOn: set assigned channel to 4097
06-04 20:48:28.779 D/ObexServerSockets( 8611): Succeed to create listening sockets
06-04 20:48:28.780 D/ObexServerSockets0( 8611): startAccept()
06-04 20:48:28.780 D/BluetoothSdpJni( 8611): sdpCreateOppOpsRecordNative
06-04 20:48:28.780 D/ObexServerSockets0( 8611): Accepting socket connection...
06-04 20:48:28.780 I/bt_bta_dm( 8611): packages/modules/Bluetooth/system/bta/dm/bta_dm_act.cc:3456 bta_dm_eir_update_uuid: EIR Adding UUID=0x1105 into extended inquiry response
06-04 20:48:28.780 I/bt_bta_dm( 8611): packages/modules/Bluetooth/system/bta/dm/bta_dm_act.cc:3155 bta_dm_set_eir: Generating extended inquiry response packet EIR
06-04 20:48:28.780 D/BluetoothSocket( 8611): accept(), timeout (ms):-1
06-04 20:48:28.780 E/bt_btif ( 8611): packages/modules/Bluetooth/system/main/bte_logmsg.cc:105 LogMsg: toggleProfile: Unknown service 255 being enabled
06-04 20:48:28.780 D/BluetoothSdpJni( 8611): SDP Create record success - handle: 0
06-04 20:48:28.780 D/BtOppService( 8611): mOppSdpHandle :0
06-04 20:48:28.781 I/BrowsedPlayerWrapper( 8611): onConnected: com.android.bluetooth is connected
06-04 20:48:28.781 D/AvrcpBrowsablePlayerConnector( 8611): Browse player callback called: package=com.android.bluetooth : status=0
06-04 20:48:28.781 D/BluetoothAdapter( 912): getActiveDevices(profile= A2DP)
06-04 20:48:28.781 D/AvrcpBrowsablePlayerConnector( 8611): Received a message: msg.what=1
06-04 20:48:28.781 I/AvrcpBrowsablePlayerConnector( 8611): Checking root contents for com.android.bluetooth
06-04 20:48:28.783 D/LocalBluetoothProfileManager( 1030): Current Profiles[]
06-04 20:48:28.783 D/LocalBluetoothProfileManager( 1030): New Profiles[HID]
06-04 20:48:28.783 D/CachedBluetoothDevice( 1030): updating profiles for XX:XX:XX:XX:C0:7A
06-04 20:48:28.785 I/BluetoothAdapterService( 8611): getActiveDevices: A2dp device: null
06-04 20:48:28.786 D/BluetoothAdapter( 912): getActiveDevices(profile= HEADSET)
06-04 20:48:28.791 I/m.android.music( 8682): Using CollectorTypeCC GC.
06-04 20:48:28.795 V/CachedBluetoothDevice( 1030): Class: 50c
06-04 20:48:28.795 V/CachedBluetoothDevice( 1030): UUID:
06-04 20:48:28.795 V/CachedBluetoothDevice( 1030): 0000180f-0000-1000-8000-00805f9b34fb
06-04 20:48:28.795 V/CachedBluetoothDevice( 1030): 00001812-0000-1000-8000-00805f9b34fb
06-04 20:48:28.795 D/BluetoothAdapter( 1030): getActiveDevices(profile= A2DP)
06-04 20:48:28.796 I/BluetoothAdapterService( 8611): getActiveDevices: Headset device: null
06-04 20:48:28.796 D/ObexServerSockets0( 8611): Accepting socket connection...
06-04 20:48:28.796 D/BluetoothSocket( 8611): accept(), timeout (ms):-1
06-04 20:48:28.796 W/MediaSessionCompat( 8611): Couldn't find a unique registered media button receiver in the given context.
06-04 20:48:28.797 D/BluetoothAdapter( 912): getActiveDevices(profile= HEARING_AID)
06-04 20:48:28.798 I/MediaSessionStack( 707): addSession to bottom of stack | record: com.android.bluetooth/BluetoothMediaBrowserService (userId=0)
06-04 20:48:28.798 I/BluetoothAdapterService( 8611): getActiveDevices: A2dp device: null
06-04 20:48:28.799 D/BluetoothAdapter( 1030): getActiveDevices(profile= HEADSET)
06-04 20:48:28.800 I/BluetoothAdapterService( 8611): getActiveDevices: Hearing Aid devices: Left[null] - Right[null]
06-04 20:48:28.801 W/BluetoothHearingAid( 912): Proxy not attached to service
06-04 20:48:28.802 D/BluetoothHearingAid( 912): java.lang.Throwable
06-04 20:48:28.802 D/BluetoothHearingAid( 912): at android.bluetooth.BluetoothHearingAid.getHiSyncId(BluetoothHearingAid.java:812)
06-04 20:48:28.802 D/BluetoothHearingAid( 912): at com.android.settingslib.bluetooth.HearingAidDeviceManager.initHearingAidDeviceIfNeeded(go/retraceme f52b90d40c9757c33d597329b7d93a419828f05e967eab5bf4316109a5573534:21)
06-04 20:48:28.802 D/BluetoothHearingAid( 912): at com.android.settingslib.bluetooth.CachedBluetoothDeviceManager.addDevice(go/retraceme f52b90d40c9757c33d597329b7d93a419828f05e967eab5bf4316109a5573534:26)
06-04 20:48:28.802 D/BluetoothHearingAid( 912): at com.android.settingslib.bluetooth.BluetoothEventManager.readPairedDevices(go/retraceme f52b90d40c9757c33d597329b7d93a419828f05e967eab5bf4316109a5573534:36)
06-04 20:48:28.802 D/BluetoothHearingAid( 912): at com.android.settingslib.bluetooth.LocalBluetoothAdapter.setBluetoothStateInt(go/retraceme f52b90d40c9757c33d597329b7d93a419828f05e967eab5bf4316109a5573534:24)
06-04 20:48:28.802 D/BluetoothHearingAid( 912): at com.android.settingslib.bluetooth.BluetoothEventManager$DeviceFoundHandler.onReceive(go/retraceme f52b90d40c9757c33d597329b7d93a419828f05e967eab5bf4316109a5573534:202)
06-04 20:48:28.802 D/BluetoothHearingAid( 912): at com.android.settingslib.bluetooth.BluetoothEventManager$BluetoothBroadcastReceiver.onReceive(go/retraceme f52b90d40c9757c33d597329b7d93a419828f05e967eab5bf4316109a5573534:27)
06-04 20:48:28.802 D/BluetoothHearingAid( 912): at android.app.LoadedApk$ReceiverDispatcher$Args.lambda$getRunnable$0(LoadedApk.java:1811)
06-04 20:48:28.802 D/BluetoothHearingAid( 912): at android.app.LoadedApk$ReceiverDispatcher$Args.$r8$lambda$gDuJqgxY6Zb-ifyeubKeivTLAwk(Unknown Source:0)
06-04 20:48:28.802 D/BluetoothHearingAid( 912): at android.app.LoadedApk$ReceiverDispatcher$Args$$ExternalSyntheticLambda0.run(Unknown Source:2)
06-04 20:48:28.802 D/BluetoothHearingAid( 912): at android.os.Handler.handleCallback(Handler.java:958)
06-04 20:48:28.802 D/BluetoothHearingAid( 912): at android.os.Handler.dispatchMessage(Handler.java:99)
06-04 20:48:28.802 D/BluetoothHearingAid( 912): at android.os.Looper.loopOnce(Looper.java:205)
06-04 20:48:28.802 D/BluetoothHearingAid( 912): at android.os.Looper.loop(Looper.java:294)
06-04 20:48:28.802 D/BluetoothHearingAid( 912): at android.os.HandlerThread.run(HandlerThread.java:67)
06-04 20:48:28.802 I/BluetoothAdapterService( 8611): getActiveDevices: Headset device: null
06-04 20:48:28.802 E/m.android.music( 8682): Not starting debugger since process cannot load the jdwp agent.
06-04 20:48:28.803 D/BluetoothAdapter( 1030): getActiveDevices(profile= HEARING_AID)
06-04 20:48:28.808 I/BluetoothAdapterService( 8611): getActiveDevices: Hearing Aid devices: Left[null] - Right[null]
06-04 20:48:28.808 V/MediaPlayerList( 8611): onActiveSessionsChanged: number of controllers: 0
06-04 20:48:28.808 D/AvrcpTargetJni( 8611): sendPlayerSettingsNative
06-04 20:48:28.809 I/bt_stack( 8611): [INFO:avrcp_service.cc(551)] virtual void bluetooth::avrcp::AvrcpService::SendPlayerSettingsChanged(std::vector, std::vector)
06-04 20:48:28.809 I/bt_stack( 8611): [INFO:avrcp_service.cc(565)] attribute=PlayerAttribute::REPEAT : value=PlayerRepeatValue::OFF
06-04 20:48:28.809 I/bt_stack( 8611): attribute=PlayerAttribute::SHUFFLE : value=PlayerShuffleValue::OFF
06-04 20:48:28.809 I/bt_stack( 8611):
06-04 20:48:28.809 I/BrowsedPlayerWrapper( 8611): onConnected: com.android.bluetooth is connected
06-04 20:48:28.810 W/BluetoothHidHost( 912): Proxy not attached to service
06-04 20:48:28.811 I/BrowsedPlayerWrapper( 8611): getFolderItems: Connected to browsable player: com.android.bluetooth
06-04 20:48:28.811 W/BluetoothHearingAid( 1030): Proxy not attached to service
06-04 20:48:28.812 D/BluetoothHidHost( 912): java.lang.Throwable
06-04 20:48:28.812 D/BluetoothHidHost( 912): at android.bluetooth.BluetoothHidHost.getConnectionState(BluetoothHidHost.java:441)
06-04 20:48:28.812 D/BluetoothHidHost( 912): at com.android.settingslib.bluetooth.HidProfile.getConnectionStatus(go/retraceme f52b90d40c9757c33d597329b7d93a419828f05e967eab5bf4316109a5573534:7)
06-04 20:48:28.812 D/BluetoothHidHost( 912): at com.android.settingslib.bluetooth.CachedBluetoothDevice.getMaxConnectionState(go/retraceme f52b90d40c9757c33d597329b7d93a419828f05e967eab5bf4316109a5573534:33)
06-04 20:48:28.812 D/BluetoothHidHost( 912): at com.android.systemui.statusbar.policy.bluetooth.BluetoothRepositoryImpl$fetchConnectionStatus$2.invokeSuspend(go/retraceme f52b90d40c9757c33d597329b7d93a419828f05e967eab5bf4316109a5573534:54)
06-04 20:48:28.812 D/BluetoothHidHost( 912): at kotlin.coroutines.jvm.internal.BaseContinuationImpl.resumeWith(go/retraceme f52b90d40c9757c33d597329b7d93a419828f05e967eab5bf4316109a5573534:8)
06-04 20:48:28.812 D/BluetoothHidHost( 912): at kotlinx.coroutines.DispatchedTask.run(go/retraceme f52b90d40c9757c33d597329b7d93a419828f05e967eab5bf4316109a5573534:111)
06-04 20:48:28.812 D/BluetoothHidHost( 912): at kotlinx.coroutines.internal.LimitedDispatcher$Worker.run(go/retraceme f52b90d40c9757c33d597329b7d93a419828f05e967eab5bf4316109a5573534:4)
06-04 20:48:28.812 D/BluetoothHidHost( 912): at kotlinx.coroutines.scheduling.TaskImpl.run(go/retraceme f52b90d40c9757c33d597329b7d93a419828f05e967eab5bf4316109a5573534:3)
06-04 20:48:28.812 D/BluetoothHidHost( 912): at kotlinx.coroutines.scheduling.CoroutineScheduler$Worker.run(go/retraceme f52b90d40c9757c33d597329b7d93a419828f05e967eab5bf4316109a5573534:93)
06-04 20:48:28.812 W/BluetoothHidHost( 912): Proxy not attached to service
06-04 20:48:28.813 D/BluetoothHidHost( 912): java.lang.Throwable
06-04 20:48:28.813 D/BluetoothHidHost( 912): at android.bluetooth.BluetoothHidHost.getConnectionState(BluetoothHidHost.java:441)
06-04 20:48:28.813 D/BluetoothHidHost( 912): at com.android.settingslib.bluetooth.HidProfile.getConnectionStatus(go/retraceme f52b90d40c9757c33d597329b7d93a419828f05e967eab5bf4316109a5573534:7)
06-04 20:48:28.813 D/BluetoothHidHost( 912): at com.android.settingslib.bluetooth.CachedBluetoothDevice.isConnected(go/retraceme f52b90d40c9757c33d597329b7d93a419828f05e967eab5bf4316109a5573534:29)
06-04 20:48:28.813 D/BluetoothHidHost( 912): at com.android.systemui.statusbar.policy.bluetooth.BluetoothRepositoryImpl$fetchConnectionStatus$2.invokeSuspend(go/retraceme f52b90d40c9757c33d597329b7d93a419828f05e967eab5bf4316109a5573534:106)
06-04 20:48:28.813 D/BluetoothHidHost( 912): at kotlin.coroutines.jvm.internal.BaseContinuationImpl.resumeWith(go/retraceme f52b90d40c9757c33d597329b7d93a419828f05e967eab5bf4316109a5573534:8)
06-04 20:48:28.813 D/BluetoothHidHost( 912): at kotlinx.coroutines.DispatchedTask.run(go/retraceme f52b90d40c9757c33d597329b7d93a419828f05e967eab5bf4316109a5573534:111)
06-04 20:48:28.813 D/BluetoothHidHost( 912): at kotlinx.coroutines.internal.LimitedDispatcher$Worker.run(go/retraceme f52b90d40c9757c33d597329b7d93a419828f05e967eab5bf4316109a5573534:4)
06-04 20:48:28.813 D/BluetoothHidHost( 912): at kotlinx.coroutines.scheduling.TaskImpl.run(go/retraceme f52b90d40c9757c33d597329b7d93a419828f05e967eab5bf4316109a5573534:3)
06-04 20:48:28.813 D/BluetoothHidHost( 912): at kotlinx.coroutines.scheduling.CoroutineScheduler$Worker.run(go/retraceme f52b90d40c9757c33d597329b7d93a419828f05e967eab5bf4316109a5573534:93)
06-04 20:48:28.814 W/BluetoothHidHost( 912): Proxy not attached to service
06-04 20:48:28.815 D/BluetoothHidHost( 912): java.lang.Throwable
06-04 20:48:28.815 D/BluetoothHidHost( 912): at android.bluetooth.BluetoothHidHost.getConnectionState(BluetoothHidHost.java:441)
06-04 20:48:28.815 D/BluetoothHidHost( 912): at com.android.settingslib.bluetooth.HidProfile.getConnectionStatus(go/retraceme f52b90d40c9757c33d597329b7d93a419828f05e967eab5bf4316109a5573534:7)
06-04 20:48:28.815 D/BluetoothHidHost( 912): at com.android.systemui.statusbar.policy.BluetoothControllerImpl.onConnectionStatusFetched(go/retraceme f52b90d40c9757c33d597329b7d93a419828f05e967eab5bf4316109a5573534:91)
06-04 20:48:28.815 D/BluetoothHidHost( 912): at com.android.systemui.statusbar.policy.bluetooth.BluetoothRepositoryImpl$fetchConnectionStatusInBackground$1.invokeSuspend(go/retraceme f52b90d40c9757c33d597329b7d93a419828f05e967eab5bf4316109a5573534:57)
06-04 20:48:28.815 D/BluetoothHidHost( 912): at kotlin.coroutines.jvm.internal.BaseContinuationImpl.resumeWith(go/retraceme f52b90d40c9757c33d597329b7d93a419828f05e967eab5bf4316109a5573534:8)
06-04 20:48:28.815 D/BluetoothHidHost( 912): at kotlinx.coroutines.DispatchedTask.run(go/retraceme f52b90d40c9757c33d597329b7d93a419828f05e967eab5bf4316109a5573534:111)
06-04 20:48:28.815 D/BluetoothHidHost( 912): at android.os.Handler.handleCallback(Handler.java:958)
06-04 20:48:28.815 D/BluetoothHidHost( 912): at android.os.Handler.dispatchMessage(Handler.java:99)
06-04 20:48:28.815 D/BluetoothHidHost( 912): at android.os.Looper.loopOnce(Looper.java:205)
06-04 20:48:28.815 D/BluetoothHidHost( 912): at android.os.Looper.loop(Looper.java:294)
06-04 20:48:28.815 D/BluetoothHidHost( 912): at android.app.ActivityThread.main(ActivityThread.java:8255)
06-04 20:48:28.815 D/BluetoothHidHost( 912): at java.lang.reflect.Method.invoke(Native Method)
06-04 20:48:28.815 D/BluetoothHidHost( 912): at com.android.internal.os.RuntimeInit$MethodAndArgsCaller.run(RuntimeInit.java:552)
06-04 20:48:28.815 D/BluetoothHidHost( 912): at com.android.internal.os.ZygoteInit.main(ZygoteInit.java:978)
06-04 20:48:28.815 D/BluetoothHearingAid( 1030): java.lang.Throwable
06-04 20:48:28.815 D/BluetoothHearingAid( 1030): at android.bluetooth.BluetoothHearingAid.getHiSyncId(BluetoothHearingAid.java:812)
06-04 20:48:28.815 D/BluetoothHearingAid( 1030): at com.android.settingslib.bluetooth.HearingAidProfile.getHiSyncId(HearingAidProfile.java:271)
06-04 20:48:28.815 D/BluetoothHearingAid( 1030): at com.android.settingslib.bluetooth.HearingAidDeviceManager.getHiSyncId(HearingAidDeviceManager.java:100)
06-04 20:48:28.815 D/BluetoothHearingAid( 1030): at com.android.settingslib.bluetooth.HearingAidDeviceManager.initHearingAidDeviceIfNeeded(HearingAidDeviceManager.java:67)
06-04 20:48:28.815 D/BluetoothHearingAid( 1030): at com.android.settingslib.bluetooth.CachedBluetoothDeviceManager.addDevice(CachedBluetoothDeviceManager.java:141)
06-04 20:48:28.815 D/BluetoothHearingAid( 1030): at com.android.settingslib.bluetooth.CachedBluetoothDeviceManager.addDevice(CachedBluetoothDeviceManager.java:123)
06-04 20:48:28.815 D/BluetoothHearingAid( 1030): at com.android.settingslib.bluetooth.BluetoothEventManager.readPairedDevices(BluetoothEventManager.java:189)
06-04 20:48:28.815 D/BluetoothHearingAid( 1030): at com.android.settingslib.bluetooth.LocalBluetoothProfileManager.setBluetoothStateOn(LocalBluetoothProfileManager.java:319)
06-04 20:48:28.815 D/BluetoothHearingAid( 1030): at com.android.settingslib.bluetooth.LocalBluetoothAdapter.setBluetoothStateInt(LocalBluetoothAdapter.java:220)
06-04 20:48:28.815 D/BluetoothHearingAid( 1030): at com.android.settingslib.bluetooth.BluetoothEventManager$AdapterStateChangedHandler.onReceive(BluetoothEventManager.java:291)
06-04 20:48:28.815 D/BluetoothHearingAid( 1030): at com.android.settingslib.bluetooth.BluetoothEventManager$BluetoothBroadcastReceiver.onReceive(BluetoothEventManager.java:281)
06-04 20:48:28.815 D/BluetoothHearingAid( 1030): at android.app.LoadedApk$ReceiverDispatcher$Args.lambda$getRunnable$0(LoadedApk.java:1811)
06-04 20:48:28.815 D/BluetoothHearingAid( 1030): at android.app.LoadedApk$ReceiverDispatcher$Args.$r8$lambda$gDuJqgxY6Zb-ifyeubKeivTLAwk(Unknown Source:0)
06-04 20:48:28.815 D/BluetoothHearingAid( 1030): at android.app.LoadedApk$ReceiverDispatcher$Args$$ExternalSyntheticLambda0.run(Unknown Source:2)
