06-04 20:47:49.506 I/SystemControl( 318): 1080p25hz
06-04 20:47:49.506 I/SystemControl( 318): 1920x1080p120hz
06-04 20:47:49.506 I/SystemControl( 318): 1920x1080p100hz
06-04 20:47:49.506 I/SystemControl( 318):
06-04 20:47:49.507 I/SystemControl( 318): [/DisplayMode.cpp, filterHdmiDispcap, 1427] after filtered HdmiDispcap: 1080i60hz
06-04 20:47:49.507 I/SystemControl( 318): 720p60hz
06-04 20:47:49.507 I/SystemControl( 318): 480p60hz
06-04 20:47:49.507 I/SystemControl( 318): 576p50hz
06-04 20:47:49.507 I/SystemControl( 318): 720p50hz
06-04 20:47:49.507 I/SystemControl( 318): 1080i50hz
06-04 20:47:49.507 I/SystemControl( 318): 480i60hz
06-04 20:47:49.507 I/SystemControl( 318): 1080p60hz
06-04 20:47:49.507 I/SystemControl( 318): 1080p50hz
06-04 20:47:49.507 I/SystemControl( 318): 1080p24hz
06-04 20:47:49.507 I/SystemControl( 318): 1080p30hz
06-04 20:47:49.507 I/SystemControl( 318): 2160p24hz
06-04 20:47:49.507 I/SystemControl( 318): 2160p30hz
06-04 20:47:49.507 I/SystemControl( 318): 2160p50hz
06-04 20:47:49.507 I/SystemControl( 318): 2160p60hz
06-04 20:47:49.507 I/SystemControl( 318): smpte24hz
06-04 20:47:49.507 I/SystemControl( 318): smpte30hz
06-04 20:47:49.507 I/SystemControl( 318): smpte50hz
06-04 20:47:49.507 I/SystemControl( 318): smpte60hz
06-04 20:47:49.507 I/SystemControl( 318): 2160p25hz
06-04 20:47:49.507 I/SystemControl( 318): smpte25hz
06-04 20:47:49.507 I/SystemControl( 318): 1080p25hz
06-04 20:47:49.507 I/SystemControl( 318): 1920x1080p120hz
06-04 20:47:49.507 I/SystemControl( 318): 1920x1080p100hz
06-04 20:47:49.507 I/SystemControl( 318):
06-04 20:47:49.508 E/MesonHwc( 296): getCrtc by id(0) failed.
06-04 20:47:49.508 D/MesonDisplayServer( 296): getDisplayAttribute "Dolby Vision CAP2": "The Rx don't support DolbyVision"
06-04 20:47:49.494 I/init ( 8546): type=1400 audit(0.0:1635): avc: denied { execute_no_trans } for path="/vendor/bin/led_switch.sh" dev="dm-11" ino=331701 scontext=u:r:init:s0 tcontext=u:object_r:vendor_file:s0 tclass=file permissive=1
06-04 20:47:49.509 D/TrafficStats( 1414): tagSocket(107) with statsTag=0xffffffff, statsUid=-1
06-04 20:47:49.510 E/SystemControl( 318): [/DisplayMode.cpp, getHdmiDvCap, 1618] TV isn't support dolby vision: The Rx don't support DolbyVision
06-04 20:47:49.510 I/SystemControl( 318): [/DisplayMode.cpp, onTxEvent, 3294] onTxEvent boot config enable do nothing, just return
06-04 20:47:49.510 I/SystemControl( 318): [/UEventObserver.cpp, HDMITxUenventThreadLoop, 451] HDMI TX switch_name:hdmitx_audio, switch_state: 0
06-04 20:47:49.510 I/SystemControl( 318): [/DisplayMode.cpp, onTxEvent, 3267] onTxEvent switchName:hdmitx_audio hpdstate:0 state: 1
06-04 20:47:49.510 I/SystemControl( 318): [/SysWrite.cpp, getKernelReleaseVersion, 701] getKernelReleaseVersion: 5.15
06-04 20:47:49.510 I/SystemControl( 318): [/SystemControlHal.cpp, onEvent, 72] onEvent event:4, client size:5
06-04 20:47:49.510 I/SystemControlClient( 499): notifyCallback event type:4
06-04 20:47:49.510 I/SystemControlClient( 499): notifyCallback: listener is NULL.
06-04 20:47:49.511 I/SystemControlClient( 245): notifyCallback event type:4
06-04 20:47:49.511 I/SystemControlClient( 245): notifyCallback: listener is NULL.
06-04 20:47:49.511 I/SystemControlClient( 497): notifyCallback event type:4
06-04 20:47:49.511 I/SystemControlClient( 497): notifyCallback: listener is NULL.
06-04 20:47:49.511 I/SystemControlClient( 498): notifyCallback event type:4
06-04 20:47:49.511 I/SystemControlClient( 498): notifyCallback: listener is NULL.
06-04 20:47:49.506 I/systemcontrol( 318): type=1400 audit(0.0:1636): avc: denied { call } for scontext=u:r:system_control:s0 tcontext=u:r:hal_oemlock_default:s0 tclass=binder permissive=1
06-04 20:47:49.513 I/SystemControlEvent( 1030): system control callback event: 4
06-04 20:47:49.516 D/TrafficStats( 1414): tagSocket(110) with statsTag=0xffffffff, statsUid=-1
06-04 20:47:49.506 I/systemcontrol( 318): type=1400 audit(0.0:1637): avc: denied { call } for scontext=u:r:system_control:s0 tcontext=u:r:mediacodec:s0 tclass=binder permissive=1
06-04 20:47:49.538 I/stop ( 8551): type=1400 audit(0.0:1638): avc: denied { write } for name="property_service" dev="tmpfs" ino=411 scontext=u:r:vendor_toolbox:s0 tcontext=u:object_r:property_socket:s0 tclass=sock_file permissive=1
06-04 20:47:49.538 I/stop ( 8551): type=1400 audit(0.0:1639): avc: denied { connectto } for path="/dev/socket/property_service" scontext=u:r:vendor_toolbox:s0 tcontext=u:r:init:s0 tclass=unix_stream_socket permissive=1
06-04 20:47:49.550 I/led_switch.sh( 8552): type=1400 audit(0.0:1640): avc: denied { execute_no_trans } for path="/vendor/bin/rgb_led_ctl" dev="dm-11" ino=334364 scontext=u:r:init:s0 tcontext=u:object_r:vendor_file:s0 tclass=file permissive=1
06-04 20:47:51.383 E/audio_hw_hal_alsamgr( 491): aml_alsa_output_get_delayframe:824, pcm_ioctl fail, ret:0xffffffff, error info:Streams pipe error
06-04 20:47:51.383 I/audio_hw_hal_alsamgr( 491): aml_alsa_output_write alsa_running_status[0xe6244f20] change from 1 to 0
06-04 20:47:51.384 E/audio_hw_utils_tinyalsa( 491): pcm oops: cannot write stream data: Streams pipe error
06-04 20:47:51.384 E/audio_hw_hal_alsamgr( 491): aml_alsa_output_write write failed,pcm handle 0xe8642950 err=cannot write stream data: Streams pipe error, stream 0xe6244f20, PCM_NORMAL
06-04 20:47:51.384 D/hdmicecd( 501): [CEC]:printCecMsgBuf, msg: 04 83
06-04 20:47:51.386 I/Choreographer( 912): Skipped 33 frames! The application may be doing too much work on its main thread.
06-04 20:47:51.388 D/HDMI ( 707): [R]: 04:83
06-04 20:47:51.393 D/hdmicecd( 501): [HdmiCecControl]:getPhysicalAddress, physical addr: 3000, last pa: 3000, ret = 0
06-04 20:47:51.392 I/SystemControl( 318): [/UEventObserver.cpp, HDMITxUenventThreadLoop, 451] HDMI TX switch_name:hdmitx_current_status, switch_state: 66
06-04 20:47:51.394 I/SystemControl( 318): [/UEventObserver.cpp, HDMITxUenventThreadLoop, 451] HDMI TX switch_name:hdmitx_current_status, switch_state: 67
06-04 20:47:51.396 D/HDMI ( 707): [S]: 4F:84:30:00:04
06-04 20:47:51.400 I/android.system.suspend-service( 284): Unknown/empty wakeup reason. Re-opening wakeup_reason file.
06-04 20:47:51.438 D/AudioService( 707): Volume controller visible: false
06-04 20:47:51.466 D/hdmicecd( 501): [CEC]:printCecMsgBuf, msg: 04 83
06-04 20:47:51.467 D/HDMI ( 707): [R]: 04:83
06-04 20:47:51.468 D/hdmicecd( 501): [HdmiCecControl]:getPhysicalAddress, physical addr: 3000, last pa: 3000, ret = 0
06-04 20:47:51.505 E/audio_hw_hal_output( 491): ALSA out write fail
06-04 20:47:51.506 I/SystemControl( 318): [/UEventObserver.cpp, HDMITxUenventThreadLoop, 451] HDMI TX switch_name:hdmitx_current_status, switch_state: 68
06-04 20:47:51.511 I/audio_hw_hal_ms12v2( 491): dolby_ms12_threadloop alsa is not running
06-04 20:47:51.529 I/audio_hw_hal_ms12v2( 491): dolby_ms12_threadloop alsa is not running
06-04 20:47:51.529 I/audio_hw_hal_alsamgr( 491): aml_alsa_output_write alsa_running_status[0xe6244f20] change from 0 to 1
06-04 20:47:51.722 D/hdmicecd( 501): [CEC]:printCecMessage, [4 -> f] len: 4, body: 84 30 00 04, result:success
06-04 20:47:51.723 E/IPCThreadState( 501): binder thread pool (1 threads) starved for 327 ms
06-04 20:47:51.723 D/HDMI ( 707): [S]: 4F:84:30:00:04
06-04 20:47:51.875 D/hdmicecd( 501): [CEC]:printCecMessage, [4 -> f] len: 4, body: 84 30 00 04, result:success
06-04 20:47:51.875 E/IPCThreadState( 501): binder thread pool (1 threads) starved for 152 ms
06-04 20:47:52.535 D/UtilLog ( 2071): 日志批量上报 进行正常循环 !!!!!!本次有0次请求,共0条数据
06-04 20:47:59.344 D/WanClient( 1349): sendHeartMessage
06-04 20:47:59.345 D/WanClient( 1349): -----final------sendMessage: {"type":"2bKPMh2jwmQ="}
06-04 20:47:59.364 D/WanClient( 1349): onMessage:Thread[WebSocketConnectReadThread-71,5,main]--{"msg":"+MSejyjwlbc="}
06-04 20:47:59.366 D/WanClient( 1349): onMessageReceived:Thread[WebSocketConnectReadThread-71,5,main] {"msg":"+MSejyjwlbc="}
06-04 20:47:59.366 D/WanClient( 1349): type: null
06-04 20:47:59.366 D/WanClient( 1349): send:HB7FxtN64oc=
06-04 20:47:59.366 D/WanClient( 1349): leave:uQ3qCmhm4oA=
06-04 20:47:59.366 D/WanClient( 1349): join:7EsoetslBbs=
06-04 20:47:59.366 D/WanClient( 1349): ITtylgY8LAxdmHmRQSo49Q==
06-04 20:48:00.561 I/binder:461_6( 461): type=1400 audit(0.0:1644): avc: denied { add_name } for name="globalAlert" scontext=u:r:netd:s0 tcontext=u:object_r:proc_net:s0 tclass=dir permissive=1
06-04 20:48:01.322 D/UtilLog ( 2071): 日志批量上报 进行正常循环 !!!!!!本次有0次请求,共0条数据
06-04 20:48:26.621 E/audio_hw_hal_alsamgr( 491): aml_alsa_output_get_delayframe:824, pcm_ioctl fail, ret:0xffffffff, error info:Streams pipe error
06-04 20:48:26.621 I/audio_hw_hal_alsamgr( 491): aml_alsa_output_write alsa_running_status[0xe6244f20] change from 1 to 0
06-04 20:48:26.621 E/audio_hw_utils_tinyalsa( 491): pcm oops: cannot write stream data: Streams pipe error
06-04 20:48:26.621 E/audio_hw_hal_alsamgr( 491): aml_alsa_output_write write failed,pcm handle 0xe8642950 err=cannot write stream data: Streams pipe error, stream 0xe6244f20, PCM_NORMAL
06-04 20:48:26.623 I/SystemControl( 318): [/UEventObserver.cpp, HDMITxUenventThreadLoop, 451] HDMI TX switch_name:hdmitx_current_status, switch_state: 69
06-04 20:48:26.623 I/SystemControl( 318): [/UEventObserver.cpp, HDMITxUenventThreadLoop, 451] HDMI TX switch_name:hdmitx_current_status, switch_state: 70
06-04 20:48:26.624 I/android.system.suspend-service( 284): Unknown/empty wakeup reason. Re-opening wakeup_reason file.
06-04 20:48:26.633 I/PowerGroup( 707): Waking up power group from Asleep (groupId=0, uid=1000, reason=WAKE_REASON_POWER_BUTTON, details=android.policy:POWER)...
06-04 20:48:26.634 I/PowerManagerService( 707): Waking up from Asleep (uid=1000, reason=WAKE_REASON_POWER_BUTTON, details=android.policy:POWER)...
06-04 20:48:26.637 D/CompatibilityChangeReporter( 707): Compat change id reported: 173031413; UID 1000; state: ENABLED
06-04 20:48:26.637 D/CompatibilityChangeReporter( 707): Compat change id reported: 173031413; UID 1000; state: DISABLED
06-04 20:48:26.640 I/DisplayPowerController2[0]( 707): Blocking screen on until initial contents have been drawn.
06-04 20:48:26.640 D/ActivityTaskManager( 707): Top Process State changed to PROCESS_STATE_TOP
06-04 20:48:26.641 V/WindowManagerShell( 912): Transition requested: android.os.BinderProxy@7121d13 TransitionRequestInfo { type = 11, triggerTask = null, remoteTransition = null, displayChange = null, flags = 0 }
06-04 20:48:26.644 V/WindowManager( 707): app ------------- force_land :0
06-04 20:48:26.646 I/DisplayBrightnessStrategySelector( 707): Changing the DisplayBrightnessStrategy from ScreenOffBrightnessStrategy toInvalidBrightnessStrategy for display 0
06-04 20:48:26.648 V/DisplayPowerController2[0]( 707): Brightness [0.39763778] reason changing to: 'manual', previous reason: 'screen_off'.
06-04 20:48:26.648 I/DisplayPowerController2[0]( 707): BrightnessEvent: disp=0, physDisp=local:4625716335649126413, brt=0.39763778, initBrt=0.0, rcmdBrt=NaN, preBrt=NaN, lux=0.0, preLux=0.0, hbmMax=1.0, hbmMode=off, rbcStrength=0, thrmMax=1.0, powerFactor=1.0, wasShortTermModelActive=false, flags=, reason=manual, autoBrightness=false, strategy=InvalidBrightnessStrategy
06-04 20:48:26.649 D/WindowManager( 707): updateCecScreenStatus 0
06-04 20:48:26.649 D/HDMI ( 707): setCecSettingIntValue name:cec_screen_state, value:0
06-04 20:48:26.650 E/ActivityManager( 707): Cancel pending or running compactions as system is awake
06-04 20:48:26.651 I/SideFpsEventHandler( 707): notifyPowerPressed
06-04 20:48:26.654 I/HDMI ( 707): screen state is changing to 0
06-04 20:48:26.654 D/ConnectivityService( 707): requestNetwork for uid/pid:1000/4242 activeRequest: null callbackRequest: 76 [NetworkRequest [ REQUEST id=77, [ Capabilities: INTERNET&NOT_RESTRICTED&TRUSTED&NOT_VCN_MANAGED Uid: 1000 RequestorUid: 1000 RequestorPkg: com.dangbei.haqusetting UnderlyingNetworks: Null] ]] callback flags: 0 order: 2147483647
06-04 20:48:26.657 I/BpBinder( 265): onLastStrongRef automatically unlinking death recipients:
06-04 20:48:26.660 E/ccc ( 1349): cccccc UpdateHelper onMessageReceived com.dangbei.haqusetting com.dangbei.etna.update {"action":"get","functionTag":"leaf_controller_function_controller_dangbei_update","value":0} com.dangbei.lerad.etna.aidl.IEtnaAidlCallback$Stub$Proxy@c288a16
06-04 20:48:26.660 E/ccc ( 1349): cccccc 请求电量缓存 87
06-04 20:48:26.660 E/ccc ( 1349): cccccc 缓存获取遥控器版本 DB-15B-H5-R0111
06-04 20:48:26.661 I/DisplayPowerController2[0]( 707): Unblocked screen on after 12 ms
06-04 20:48:26.663 D/WindowManager( 707): powerPress: eventTime=2351397 interactive=true count=1 beganFromNonInteractive=true mShortPressOnPowerBehavior=8
06-04 20:48:26.663 D/WindowManager( 707): definedPowerKey=8,ddrWindow=false
06-04 20:48:26.666 D/HDMI ( 707): onWakeUp action:0, current power status:1
06-04 20:48:26.667 I/android.hardware.power-service.libperfmgr( 499): Power setMode: INTERACTIVE to: 1
06-04 20:48:26.667 D/SurfaceFlinger( 265): Setting power mode 2 on display 4625716335649126413
06-04 20:48:26.667 I/SystemControl( 318): [/Ubootenv.cpp, get, 336] [ubootenv] get key:quiescent_env_bk envValue: 0
06-04 20:48:26.667 I/android.hardware.power-service.libperfmgr( 499): quiescent_env_bk: 0
06-04 20:48:26.668 I/SystemControl( 318): [/Ubootenv.cpp, updateValue, 68] [ubootenv] update value name [ubootenv.var.quiescent_env_bk]: value [0]
06-04 20:48:26.668 I/SystemControl( 318): [/Ubootenv.cpp, get, 336] [ubootenv] get key:quiescent_env_bk envValue: 0
06-04 20:48:26.670 W/PowerManagerService( 707): Screen on took 285 ms
06-04 20:48:26.670 D/hdmicecd( 501): [HdmiCecControl]:getVersion, version:5, ret = 0
06-04 20:48:26.671 E/bt_btu_hcif( 1011): packages/modules/Bluetooth/system/stack/btu/btu_hcif.cc:182 btu_hcif_log_event_metrics: Unexpectedly received event_code:0x10 that should not be handled here
06-04 20:48:26.671 E/bt_btu_hcif( 1011): packages/modules/Bluetooth/system/stack/btu/btu_hcif.cc:1375 btu_hcif_hardware_error_evt: UNHANDLED Ctlr H/w error event - code:0x10
06-04 20:48:26.671 E/OpenGLRenderer( 4242): Unable to match the desired swap behavior.
06-04 20:48:26.671 I/DisplayDeviceRepository( 707): Display device changed state: "内置屏幕", ON
06-04 20:48:26.671 D/HDMI ( 707): enableSystemCecControl: true
06-04 20:48:26.674 D/ConnectivityService( 707): NetReassign [77 : null → 100] [c 0] [a 1] [i 7]
06-04 20:48:26.677 E/WiredAccessoryManager( 707): No state change.
06-04 20:48:26.681 D/WifiNetworkFactory( 707): got request NetworkRequest [ REQUEST id=77, [ Capabilities: INTERNET&NOT_RESTRICTED&TRUSTED&NOT_VCN_MANAGED Uid: 1000 RequestorUid: 1000 RequestorPkg: com.dangbei.haqusetting UnderlyingNetworks: Null] ]
06-04 20:48:26.681 I/SystemControl( 318): [/UEventObserver.cpp, HDMITxUenventThreadLoop, 451] HDMI TX switch_name:hdmitx_hpd, switch_state: 1
06-04 20:48:26.681 I/SystemControl( 318): [/UEventObserver.cpp, HDMITxUenventThreadLoop, 451] HDMI TX switch_name:hdmitx_audio, switch_state: 1
06-04 20:48:26.681 I/SystemControl( 318): [/DisplayMode.cpp, onTxEvent, 3267] onTxEvent switchName:hdmitx_audio hpdstate:1 state: 1
06-04 20:48:26.681 I/SystemControl( 318): [/SysWrite.cpp, getKernelReleaseVersion, 701] getKernelReleaseVersion: 5.15
06-04 20:48:26.682 I/SystemControl( 318): [/SystemControlHal.cpp, onEvent, 72] onEvent event:5, client size:5
06-04 20:48:26.682 I/SystemControlClient( 499): notifyCallback event type:5
06-04 20:48:26.682 I/SystemControlClient( 499): notifyCallback: listener is NULL.
06-04 20:48:26.682 I/SystemControl( 318): [/UEventObserver.cpp, HDMITxUenventThreadLoop, 451] HDMI TX switch_name:hdmitx_hdcppwr, switch_state: 1
06-04 20:48:26.682 I/SystemControlClient( 245): notifyCallback event type:5
06-04 20:48:26.682 I/SystemControl( 318): [/DisplayMode.cpp, onTxEvent, 3267] onTxEvent switchName:hdmitx_hdcppwr hpdstate:1 state: 1
06-04 20:48:26.682 I/SystemControlClient( 245): notifyCallback: listener is NULL.
06-04 20:48:26.683 I/SystemControl( 318): [/SysWrite.cpp, getKernelReleaseVersion, 701] getKernelReleaseVersion: 5.15
06-04 20:48:26.683 I/SystemControlEvent( 1030): system control callback event: 5
06-04 20:48:26.683 I/SystemControl( 318): [/Ubootenv.cpp, get, 336] [ubootenv] get key:hdmimode envValue: none
06-04 20:48:26.683 I/SystemControl( 318): [/Ubootenv.cpp, get, 336] [ubootenv] get key:user_colorattribute envValue: 420,10bit
06-04 20:48:26.683 I/SystemControl( 318): [/Ubootenv.cpp, get, 345] [ubootenv] search end and not find env:hdr_force_mode
06-04 20:48:26.683 I/SystemControl( 318): [/DisplayMode.cpp, gethdrforcemode, 2742] get hdr force mode is [2]
06-04 20:48:26.683 I/SystemControl( 318): [/Ubootenv.cpp, get, 336] [ubootenv] get key:hdr_policy envValue: 0
06-04 20:48:26.683 I/SystemControl( 318): [/DisplayMode.cpp, getHdrStrategy, 2758] getHdrStrategy is [0]
06-04 20:48:26.683 I/SystemControl( 318): [/Ubootenv.cpp, get, 336] [ubootenv] get key:hdr_priority envValue: 268435472
06-04 20:48:26.683 I/SystemControl( 318): [/DisplayMode.cpp, getHdrPriority, 2891] getHdrPriority is [0x10000010]
06-04 20:48:26.683 I/SystemControl( 318): [/DisplayMode.cpp, getCommonData, 1534] isbestcolorspace:0, isbestpolicy:1, hdr_policy:0, hdr_priority :268435472, hdr_force_mode:2
06-04 20:48:26.683 I/SystemControl( 318): [/Ubootenv.cpp, get, 345] [ubootenv] search end and not find env:connector_type
06-04 20:48:26.683 I/SystemControlClient( 498): notifyCallback event type:5
06-04 20:48:26.684 I/SystemControlClient( 498): notifyCallback: listener is NULL.
06-04 20:48:26.683 E/MesonHwc( 296): read screen size 0x0 from vinfo
06-04 20:48:26.684 I/SystemControlClient( 497): notifyCallback event type:5
06-04 20:48:26.684 I/SystemControlClient( 497): notifyCallback: listener is NULL.
06-04 20:48:26.684 D/UntrustedWifiNetworkFactory( 707): got request NetworkRequest [ REQUEST id=77, [ Capabilities: INTERNET&NOT_RESTRICTED&TRUSTED&NOT_VCN_MANAGED Uid: 1000 RequestorUid: 1000 RequestorPkg: com.dangbei.haqusetting UnderlyingNetworks: Null] ]
06-04 20:48:26.684 D/OemPaidWifiNetworkFactory( 707): got request NetworkRequest [ REQUEST id=77, [ Capabilities: INTERNET&NOT_RESTRICTED&TRUSTED&NOT_VCN_MANAGED Uid: 1000 RequestorUid: 1000 RequestorPkg: com.dangbei.haqusetting UnderlyingNetworks: Null] ]
06-04 20:48:26.684 D/MultiInternetWifiNetworkFactory( 707): got request NetworkRequest [ REQUEST id=77, [ Capabilities: INTERNET&NOT_RESTRICTED&TRUSTED&NOT_VCN_MANAGED Uid: 1000 RequestorUid: 1000 RequestorPkg: com.dangbei.haqusetting UnderlyingNetworks: Null] ]
06-04 20:48:26.694 E/MesonHwc( 296): getCrtc by id(0) failed.
06-04 20:48:26.695 V/MesonDisplayServer( 296): GetDisplayMode:
06-04 20:48:26.695 I/SystemControl( 318): [/DisplayMode.cpp, getDisplayMode, 2331] getDisplayMode mode:
06-04 20:48:26.695 I/SystemControl( 318): [/Ubootenv.cpp, get, 336] [ubootenv] get key:hdmimode envValue: none
06-04 20:48:26.695 I/SystemControl( 318): [/Ubootenv.cpp, get, 336] [ubootenv] get key:cvbsmode envValue: 576cvbs
06-04 20:48:26.695 I/SystemControl( 318): [/DisplayMode.cpp, getCommonData, 1542] hdmi_current_mode:, ubootenv hdmimode:none cvbsmode:576cvbs
06-04 20:48:26.697 E/MesonHwc( 296): getCrtc by id(0) failed.
06-04 20:48:26.697 D/MesonDisplayServer( 296): use connector getDisplayAttribute "HDMI Color ATTR": "420,10bit"
06-04 20:48:26.698 I/SystemControl( 318): [/Ubootenv.cpp, get, 336] [ubootenv] get key:user_colorattribute envValue: 420,10bit
06-04 20:48:26.698 I/SystemControl( 318): [/DisplayMode.cpp, getCommonData, 1554] hdmi_current_attr:420,10bit, ubootenv_colorattribute:420,10bit
06-04 20:48:26.698 I/SystemControl( 318): [/Ubootenv.cpp, get, 345] [ubootenv] search end and not find env:dv_enable
06-04 20:48:26.698 I/SystemControl( 318): [/DisplayMode.cpp, getCommonData, 1567] dv_enable:0
06-04 20:48:26.698 I/SystemControl( 318): [/Ubootenv.cpp, get, 345] [ubootenv] search end and not find env:user_prefer_dv_type
06-04 20:48:26.698 I/SystemControl( 318): [/DisplayMode.cpp, getCommonData, 1578] ubootenv_dv_type:0
06-04 20:48:26.699 I/SystemControl( 318): [/DisplayMode.cpp, getHdmiData, 1721] display sink type:1 [0:none, 1:sink, 2:repeater]
06-04 20:48:26.677 I/systemcontrol( 318): type=1400 audit(0.0:1645): avc: denied { call } for scontext=u:r:system_control:s0 tcontext=u:r:hal_power_default:s0 tclass=binder permissive=1
06-04 20:48:26.705 I/SystemControl( 318): [/DisplayMode.cpp, filterHdmiDispcap, 1398] before filtered HdmiDispcap: 1080i60hz
06-04 20:48:26.705 I/SystemControl( 318): 720p60hz
06-04 20:48:26.705 I/SystemControl( 318): 480p60hz
06-04 20:48:26.705 I/SystemControl( 318): 576p50hz
06-04 20:48:26.705 I/SystemControl( 318): 720p50hz
06-04 20:48:26.705 I/SystemControl( 318): 1080i50hz
06-04 20:48:26.705 I/SystemControl( 318): 480i60hz
06-04 20:48:26.705 I/SystemControl( 318): 1080p60hz
06-04 20:48:26.705 I/SystemControl( 318): 1080p50hz
06-04 20:48:26.705 I/SystemControl( 318): 1080p24hz
06-04 20:48:26.705 I/SystemControl( 318): 1080p30hz
06-04 20:48:26.705 I/SystemControl( 318): 2160p24hz
06-04 20:48:26.705 I/SystemControl( 318): 2160p30hz
06-04 20:48:26.705 I/SystemControl( 318): 2160p50hz
06-04 20:48:26.705 I/SystemControl( 318): 2160p60hz
06-04 20:48:26.705 I/SystemControl( 318): smpte24hz
06-04 20:48:26.705 I/SystemControl( 318): smpte30hz
06-04 20:48:26.705 I/SystemControl( 318): smpte50hz
06-04 20:48:26.705 I/SystemControl( 318): smpte60hz
06-04 20:48:26.705 I/SystemControl( 318): 2160p25hz
06-04 20:48:26.705 I/SystemControl( 318): smpte25hz
06-04 20:48:26.705 I/SystemControl( 318): 1080p25hz
06-04 20:48:26.705 I/SystemControl( 318): 1920x1080p120hz
06-04 20:48:26.705 I/SystemControl( 318): 1920x1080p100hz
06-04 20:48:26.705 I/SystemControl( 318):
06-04 20:48:26.705 E/MesonHwc( 296): dolby vision driver is not ready
06-04 20:48:26.706 D/MesonHwc( 296): ERR: PLEASE FIX NON-IMPLEMENT FUN(update).
06-04 20:48:26.711 I/SystemControl( 318): [/DisplayMode.cpp, filterHdmiDispcap, 1427] after filtered HdmiDispcap: 1080i60hz
06-04 20:48:26.711 I/SystemControl( 318): 720p60hz
06-04 20:48:26.711 I/SystemControl( 318): 480p60hz
06-04 20:48:26.711 I/SystemControl( 318): 576p50hz
06-04 20:48:26.711 I/SystemControl( 318): 720p50hz
06-04 20:48:26.711 I/SystemControl( 318): 1080i50hz
06-04 20:48:26.711 I/SystemControl( 318): 480i60hz
06-04 20:48:26.711 I/SystemControl( 318): 1080p60hz
06-04 20:48:26.711 I/SystemControl( 318): 1080p50hz
06-04 20:48:26.711 I/SystemControl( 318): 1080p24hz
06-04 20:48:26.711 I/SystemControl( 318): 1080p30hz
06-04 20:48:26.711 I/SystemControl( 318): 2160p24hz
06-04 20:48:26.711 I/SystemControl( 318): 2160p30hz
06-04 20:48:26.711 I/SystemControl( 318): 2160p50hz
06-04 20:48:26.711 I/SystemControl( 318): 2160p60hz
06-04 20:48:26.711 I/SystemControl( 318): smpte24hz
06-04 20:48:26.711 I/SystemControl( 318): smpte30hz
06-04 20:48:26.711 I/SystemControl( 318): smpte50hz
06-04 20:48:26.711 I/SystemControl( 318): smpte60hz
06-04 20:48:26.711 I/SystemControl( 318): 2160p25hz
06-04 20:48:26.711 I/SystemControl( 318): smpte25hz
06-04 20:48:26.711 I/SystemControl( 318): 1080p25hz
06-04 20:48:26.711 I/SystemControl( 318): 1920x1080p120hz
06-04 20:48:26.711 I/SystemControl( 318): 1920x1080p100hz
06-04 20:48:26.711 I/SystemControl( 318):
06-04 20:48:26.712 E/MesonHwc( 296): getCrtc by id(0) failed.
06-04 20:48:26.715 D/MesonDisplayServer( 296): getDisplayAttribute "Dolby Vision CAP2": "The Rx don't support DolbyVision"
06-04 20:48:26.715 E/SystemControl( 318): [/DisplayMode.cpp, getHdmiDvCap, 1618] TV isn't support dolby vision: The Rx don't support DolbyVision
06-04 20:48:26.715 I/SystemControl( 318): [/DisplayMode.cpp, onTxEvent, 3294] onTxEvent boot config enable do nothing, just return
06-04 20:48:26.717 E/MesonHwc( 296): dolby vision driver is not ready
06-04 20:48:26.732 E/MesonHwc( 296): dolby vision driver is not ready
06-04 20:48:26.733 I/SystemControl( 318): [/Ubootenv.cpp, get, 345] [ubootenv] search end and not find env:connector_type
06-04 20:48:26.733 E/MesonHwc( 296): FixedDisplayPipe::getConnectorCfg 11
06-04 20:48:26.749 E/MesonHwc( 296): dolby vision driver is not ready
06-04 20:48:26.750 E/MesonHwc( 296): dolby vision driver is not ready
06-04 20:48:26.750 I/SystemControl( 318): [/Ubootenv.cpp, get, 345] [ubootenv] search end and not find env:connector_type
06-04 20:48:26.750 E/MesonHwc( 296): FixedDisplayPipe::getConnectorCfg 11
06-04 20:48:26.750 D/MesonHwc( 296): ERR: PLEASE FIX NON-IMPLEMENT FUN(update).
06-04 20:48:26.764 E/audio_hw_hal_output( 491): ALSA out write fail
06-04 20:48:26.765 I/SystemControl( 318): [/UEventObserver.cpp, HDMITxUenventThreadLoop, 451] HDMI TX switch_name:hdmitx_current_status, switch_state: 71
06-04 20:48:26.767 W/ContextImpl( 707): Calling a method in the system process without a qualified user: android.app.ContextImpl.startService:1899 com.android.server.wm.DisplayPolicy.lambda$focusChangedLw$5:2126 com.android.server.wm.DisplayPolicy.$r8$lambda$Znxk63oh-WzVnzo_WQefN7uxV48:0 com.android.server.wm.DisplayPolicy$$ExternalSyntheticLambda13.run:0 android.os.Handler.handleCallback:958
06-04 20:48:26.768 E/MesonHwc( 296): dolby vision driver is not ready
06-04 20:48:26.769 E/MesonHwc( 296): dolby vision driver is not ready
06-04 20:48:26.769 I/audio_hw_hal_ms12v2( 491): dolby_ms12_threadloop alsa is not running
06-04 20:48:26.770 D/aaa ( 1430): LedStatusService onStartCommand begin
06-04 20:48:26.770 D/aaa ( 1430): topPkg is -------------- :com.dangbei.haqusetting
06-04 20:48:26.774 V/MesonDisplayServer( 296): GetDisplayMode:dummy_l
06-04 20:48:26.774 I/SystemControl( 318): [/Ubootenv.cpp, get, 336] [ubootenv] get key:hdr_preferred_policy envValue: 0
06-04 20:48:26.774 I/SystemControl( 318): [/Ubootenv.cpp, get, 336] [ubootenv] get key:user_hdr_type envValue: 3
06-04 20:48:26.775 D/MesonDisplayServer( 296): getDisplayAttribute "Dolby Vision CAP2": "The Rx don't support DolbyVision"
06-04 20:48:26.775 I/SystemControl( 318): [/Ubootenv.cpp, updateValue, 68] [ubootenv] update value name [ubootenv.var.hdr_policy]: value [0]
06-04 20:48:26.775 I/SystemControl( 318): [/Ubootenv.cpp, get, 336] [ubootenv] get key:hdr_policy envValue: 0
06-04 20:48:26.775 I/SystemControl( 318): [/Ubootenv.cpp, updateValue, 68] [ubootenv] update value name [ubootenv.var.hdr_priority]: value [268435472]
06-04 20:48:26.775 I/SystemControl( 318): [/Ubootenv.cpp, get, 336] [ubootenv] get key:hdr_priority envValue: 268435472
06-04 20:48:26.775 I/SystemControl( 318): [/Ubootenv.cpp, get, 336] [ubootenv] get key:user_colorattribute envValue: 420,10bit
06-04 20:48:26.775 V/MesonDisplayServer( 296): GetDisplayMode:dummy_l
06-04 20:48:26.775 I/SystemControl( 318): [/Ubootenv.cpp, get, 336] [ubootenv] get key:hdmimode envValue: none
06-04 20:48:26.775 I/SystemControl( 318): [/Ubootenv.cpp, get, 336] [ubootenv] get key:cvbsmode envValue: 576cvbs
06-04 20:48:26.776 I/SystemControl( 318): [/Ubootenv.cpp, get, 336] [ubootenv] get key:user_colorattribute envValue: 420,10bit
06-04 20:48:26.776 I/SystemControl( 318): [/Ubootenv.cpp, get, 345] [ubootenv] search end and not find env:dv_enable
06-04 20:48:26.776 E/MesonHwc( 296): dolby vision driver is not ready
06-04 20:48:26.776 I/SystemControl( 318): [/Ubootenv.cpp, get, 345] [ubootenv] search end and not find env:user_prefer_dv_type
06-04 20:48:26.776 E/MesonHwc( 296): dolby vision driver is not ready
06-04 20:48:26.776 D/MesonDisplayServer( 296): getDisplayAttribute "Dolby Vision CAP2": "The Rx don't support DolbyVision"
06-04 20:48:26.776 E/MesonHwc( 296): TV isn't support dv: The Rx don't support DolbyVision
06-04 20:48:26.776 I/SystemControl( 318): [/Ubootenv.cpp, get, 345] [ubootenv] search end and not find env:hdr_force_mode
06-04 20:48:26.776 I/SystemControl( 318): [/Ubootenv.cpp, get, 336] [ubootenv] get key:hdr_policy envValue: 0
06-04 20:48:26.777 I/SystemControl( 318): [/Ubootenv.cpp, get, 336] [ubootenv] get key:hdr_priority envValue: 268435472
06-04 20:48:26.777 E/MesonHwc( 296): dolby vision driver is not ready
06-04 20:48:26.777 D/MesonDisplayServer( 296): getDisplayAttribute "Dolby Vision CAP2": "The Rx don't support DolbyVision"
06-04 20:48:26.777 I/SystemControl( 318): [/Ubootenv.cpp, get, 345] [ubootenv] search end and not find env:hdr_resolution_priority
06-04 20:48:26.777 I/SystemControl( 318): [/Ubootenv.cpp, get, 345] [ubootenv] search end and not find env:user_prefer_dv_type
06-04 20:48:26.777 E/MesonHwc( 296): dolby vision driver is not ready
06-04 20:48:26.777 V/MesonDisplayServer( 296): GetDisplayMode:dummy_l
06-04 20:48:26.777 I/SystemControl( 318): [/Ubootenv.cpp, get, 345] [ubootenv] search end and not find env:framerate_priority
06-04 20:48:26.777 I/SystemControl( 318): [/Ubootenv.cpp, get, 336] [ubootenv] get key:hdmimode envValue: none
06-04 20:48:26.778 I/MesonDisplay( 296): [/mode_policy.c, meson_mode_set_policy, 1177] connector:0 to policy:0
06-04 20:48:26.778 I/MesonDisplay( 296): [/mode_policy.c, is_dv_prefer, 66] not prefer dv, hdr_priority:10000010
06-04 20:48:26.778 I/MesonDisplay( 296): [/mode_policy.c, is_dv_prefer, 66] not prefer dv, hdr_priority:10000010
06-04 20:48:26.778 I/MesonDisplay( 296): [/mode_policy.c, hdr_scene_process, 724] policy:0 is_bestcolorspace:0 state:1
06-04 20:48:26.778 I/MesonDisplay( 296): [/mode_policy_parser.c, is_support_hdmimode, 115] is_support_hdmimode mode: none not support
06-04 20:48:26.778 I/MesonDisplay( 296): [/mode_policy_parser.c, is_support_hdmimode, 110] is_support_hdmimode mode: 2160p60hz
06-04 20:48:26.778 I/MesonDisplay( 296): [/mode_policy.c, meson_mode_support_mode, 1309] meson_mode_support_mode type:1 mode:2160p60hz
06-04 20:48:26.778 I/MesonDisplay( 296): [/mode_policy_parser.c, is_support_hdmimode, 110] is_support_hdmimode mode: 2160p60hz
06-04 20:48:26.778 D/MesonDisplay( 296): meson_write /sys/class/amhdmitx/amhdmitx0/valid_mode, outputmode:2160p60hz420,10bit
06-04 20:48:26.778 D/MesonDisplay( 296): valid mode is true!
06-04 20:48:26.778 I/MesonDisplay( 296): [/mode_policy.c, meson_mode_support_mode, 1349] support current mode:[2160p60hz], color format:[420,10bit]
06-04 20:48:26.778 I/MesonDisplay( 296): [/mode_policy.c, hdr_scene_process, 812] hdr_scene_process mode:[2160p60hz] support hdr
06-04 20:48:26.778 D/MesonDisplay( 296): meson_write /sys/class/amhdmitx/amhdmitx0/valid_mode, outputmode:2160p60hz420,10bit
06-04 20:48:26.778 D/MesonDisplay( 296): valid mode is true!
06-04 20:48:26.778 I/MesonDisplay( 296): [/mode_policy.c, hdr_scene_process, 826] support current mode:[2160p60hz], deep color:[420,10bit]
06-04 20:48:26.778 I/MesonDisplay( 296): [/mode_policy.c, meson_mode_get_policy_output, 1289] final_displaymode:2160p60hz, final_deepcolor:420,10bit, amdv_type:0
06-04 20:48:26.778 I/SystemControl( 318): [/Ubootenv.cpp, get, 336] [ubootenv] get key:hdr_preferred_policy envValue: 0
06-04 20:48:26.778 D/MesonDisplayServer( 296): use connector getDisplayAttribute "HDMI Color ATTR": "420,10bit"
06-04 20:48:26.778 D/MesonDisplayServer( 296): getDisplayAttribute "HDR Policy": "0"
06-04 20:48:26.778 D/MesonDisplayServer( 296): getDisplayAttribute "FORCE HDR Mode": "0"
06-04 20:48:26.778 D/MesonDisplayServer( 296): getDisplayAttribute "Dolby Vision Mode": "usage: echo mode > /sys/class/amdolby_vision/dv_mode AMDV_OUTPUT_MODE_BYPASS 0 AMDV_OUTPUT_MODE_IPT 1 AMDV_OUTPUT_MODE_IPT_TUNNEL 2 AMDV_OUTPUT_MODE_HDR10 3 AMDV_OUTPUT_MODE_SDR10 4 AMDV_OUTPUT_MODE_SDR8 5current dv_mode = off"
06-04 20:48:26.778 D/MesonDisplayServer( 296): getDisplayAttribute "Dolby Vision Policy": "0"
06-04 20:48:26.778 I/SystemControl( 318): [/Ubootenv.cpp, get, 345] [ubootenv] search end and not find env:hdr_force_mode
06-04 20:48:26.779 I/SystemControl( 318): [/Ubootenv.cpp, get, 336] [ubootenv] get key:hdr_policy envValue: 0
06-04 20:48:26.779 E/MesonHwc( 296): dolby vision driver is not ready
06-04 20:48:26.779 D/MesonDisplayServer( 296): use connector getDisplayAttribute "HDR Priority": "268435472"
06-04 20:48:26.779 I/SystemControl( 318): [/Ubootenv.cpp, get, 336] [ubootenv] get key:hdr_priority envValue: 268435472
06-04 20:48:26.779 D/MesonDisplayServer( 296): getDisplayAttribute "Dolby Vision Enable": "N"
06-04 20:48:26.779 D/MesonDisplayServer( 296): getDisplayAttribute "Dolby Vision LL Policy": "0"
06-04 20:48:26.779 E/MesonHwc( 296): dolby vision driver is not ready
06-04 20:48:26.779 V/MesonDisplayServer( 296): GetDisplayMode:dummy_l
06-04 20:48:26.780 I/MesonDisplay( 296): [/HDCPTxAuth.cpp, stopVerAll, 344] hdcp_tx 2.2 & 1.4 stop hdcp pwr
06-04 20:48:26.780 E/MesonDisplay( 296): open /sys/class/amhdmitx/amhdmitx0/hdcp_pwr fail. Error info [No such file or directory]
06-04 20:48:26.790 I/audio_hw_hal_ms12v2( 491): dolby_ms12_threadloop alsa is not running
06-04 20:48:26.790 I/audio_hw_hal_alsamgr( 491): aml_alsa_output_write alsa_running_status[0xe6244f20] change from 0 to 1
06-04 20:48:26.807 D/XM_HIDREAD( 1910): remove@ remove@/devices/virtual/misc/uhid/0005:000D:3838.0001/input/input9/event9
06-04 20:48:26.808 I/EventHub( 707): Removing device Dangbei due to epoll hang-up event.
06-04 20:48:26.808 I/EventHub( 707): Removed device: path=/dev/input/event9 name=Dangbei id=10 fd=490 classes=KEYBOARD | DPAD | EXTERNAL
06-04 20:48:26.820 D/XM_HIDREAD( 1910): remove@ remove@/devices/virtual/misc/uhid/0005:000D:3838.0001/input/input9
06-04 20:48:26.820 D/XM_HIDREAD( 1910): remove@ remove@/devices/virtual/misc/uhid/0005:000D:3838.0001/input/input11/event10
06-04 20:48:26.827 D/XM_HIDREAD( 1910): remove@ remove@/devices/virtual/wakeup/wakeup32
06-04 20:48:26.839 D/XM_HIDREAD( 1910): remove@ remove@/devices/virtual/misc/uhid/0005:000D:3838.0001/input/input11
06-04 20:48:26.839 D/XM_HIDREAD( 1910): remove@ remove@/devices/virtual/misc/uhid/0005:000D:3838.0001/hidraw/hidraw0
06-04 20:48:26.839 D/XM_HIDREAD( 1910): poll ret=1, event=18
06-04 20:48:26.839 E/XM_HIDREAD( 1910): (8) thread_io_ready, poll error, event=18
06-04 20:48:26.839 D/XM_HIDREAD( 1910): (8) thread_io_thread, finish
06-04 20:48:26.841 I/ActivityManager( 707): Process com.android.bluetooth (pid 1011) has died: psvc PER
06-04 20:48:26.841 W/AS.PlaybackActivityMon( 707): client died
06-04 20:48:26.841 W/BluetoothManagerService( 707): Profile service for profile: ComponentInfo{com.android.bluetooth/com.android.bluetooth.hearingaid.HearingAidService} died.
06-04 20:48:26.841 D/BluetoothHearingAid( 707): Proxy object disconnected
06-04 20:48:26.841 D/BluetoothHearingAid( 707): Unbinding service...
06-04 20:48:26.841 D/BluetoothHearingAid( 707): Proxy object disconnected
06-04 20:48:26.841 D/BluetoothHearingAid( 707): Unbinding service...
06-04 20:48:26.841 I/Zygote ( 462): Process 1011 exited due to signal 9 (Killed)
06-04 20:48:26.842 D/BluetoothHearingAid( 707): Proxy object disconnected
06-04 20:48:26.842 D/BluetoothHearingAid( 707): Unbinding service...
06-04 20:48:26.842 D/BluetoothHearingAid( 707): Proxy object disconnected
06-04 20:48:26.842 D/BluetoothHearingAid( 707): Unbinding service...
06-04 20:48:26.842 D/BluetoothHearingAid( 707): Proxy object disconnected
06-04 20:48:26.842 D/BluetoothHearingAid( 707): Unbinding service...
06-04 20:48:26.842 D/BluetoothHearingAid( 707): Proxy object disconnected
06-04 20:48:26.842 D/BluetoothHearingAid( 707): Unbinding service...
06-04 20:48:26.842 I/libprocessgroup( 707): Successfully killed process cgroup uid 1002 pid 1011 in 0ms
06-04 20:48:26.842 D/BluetoothHearingAid( 1030): Proxy object disconnected
06-04 20:48:26.842 D/BluetoothHearingAid( 1030): Unbinding service...
06-04 20:48:26.842 D/BluetoothHearingAid( 912): Proxy object disconnected
06-04 20:48:26.842 D/BluetoothHearingAid( 912): Unbinding service...
06-04 20:48:26.843 D/BluetoothHearingAid( 1030): Proxy object disconnected
06-04 20:48:26.844 W/BluetoothManagerService( 707): Profile service for profile: ComponentInfo{com.android.bluetooth/com.android.bluetooth.hfp.HeadsetService} died.
06-04 20:48:26.844 W/BluetoothManagerService( 707): Profile service for profile: ComponentInfo{com.android.bluetooth/com.android.bluetooth.hid.HidHostService} died.
06-04 20:48:26.844 D/BluetoothHeadset( 707): Proxy object disconnected
06-04 20:48:26.844 D/BluetoothHeadset( 707): Unbinding service...
06-04 20:48:26.844 D/BluetoothHeadset( 912): Proxy object disconnected
06-04 20:48:26.844 D/BluetoothHeadset( 912): Unbinding service...
06-04 20:48:26.844 D/BluetoothHeadset( 1030): Proxy object disconnected
06-04 20:48:26.844 D/BluetoothHeadset( 1030): Unbinding service...
06-04 20:48:26.844 D/BluetoothHidHost( 912): Proxy object disconnected
06-04 20:48:26.844 I/MediaSessionStack( 707): removeSession | record: com.android.bluetooth/BluetoothMediaBrowserService (userId=0)
06-04 20:48:26.844 D/BluetoothHidHost( 912): Unbinding service...
06-04 20:48:26.845 I/MediaSessionStack( 707): removeSession | record: com.android.bluetooth/BluetoothMediaBrowserService (userId=0)
06-04 20:48:26.845 E/android.hardware.bluetooth@1.1-impl( 492): BluetoothDeathRecipient::serviceDied - Bluetooth service died
06-04 20:48:26.845 I/android.hardware.bluetooth@1.1-impl( 492): BluetoothHci::close()
06-04 20:48:26.845 I/android.hardware.bluetooth@1.1-impl( 492): Skipping unlink call, service died.
06-04 20:48:26.845 D/bt_vendor( 492): op for 6
06-04 20:48:26.845 D/bt_upio ( 492): upio_set : pio 2 action 1, polarity 0
06-04 20:48:26.846 E/bt_upio ( 492): upio_set : open(/proc/bluetooth/sleep/lpm) for write failed: No such file or directory (2)
06-04 20:48:26.846 E/bt_hwcfg( 492): LPM disabled!!
06-04 20:48:26.846 D/BluetoothHidHost( 1030): Proxy object disconnected
06-04 20:48:26.846 D/BluetoothHidHost( 1030): Unbinding service...
06-04 20:48:26.846 W/BluetoothManagerService( 707): Profile service for profile: ComponentInfo{com.android.bluetooth/com.android.bluetooth.a2dp.A2dpService} died.
06-04 20:48:26.846 D/bt_vendor( 492): op for 4
06-04 20:48:26.846 D/XM_HIDREAD( 1910): remove@ remove@/devices/virtual/misc/uhid/0005:000D:3838.0001
06-04 20:48:26.847 D/BluetoothA2dp( 707): Proxy object disconnected
06-04 20:48:26.847 D/BluetoothA2dp( 707): Unbinding service...
06-04 20:48:26.848 W/BluetoothManagerService( 707): Profile service for profile: ComponentInfo{com.android.bluetooth/com.android.bluetooth.pan.PanService} died.
06-04 20:48:26.848 I/InputReader( 707): Device removed: id=10, eventHubId=10, name='Dangbei', descriptor='651c02fc25e22f45bf8fc0886230121b32a1c5c9', sources=KEYBOARD | DPAD | JOYSTICK
06-04 20:48:26.849 D/BluetoothPan( 912): Proxy object disconnected
06-04 20:48:26.849 D/BluetoothPan( 912): Unbinding service...
06-04 20:48:26.850 D/BluetoothPan( 1030): Proxy object disconnected
06-04 20:48:26.850 D/BluetoothPan( 1030): Unbinding service...
06-04 20:48:26.841 I/xm_hidread( 1910): type=1400 audit(0.0:1646): avc: denied { read } for scontext=u:r:init:s0 tcontext=u:r:init:s0 tclass=netlink_kobject_uevent_socket permissive=1
06-04 20:48:26.851 I/EventHub( 707): Removing device Dangbei Consumer Control due to epoll hang-up event.
06-04 20:48:26.851 I/EventHub( 707): Removed device: path=/dev/input/event10 name=Dangbei Consumer Control id=11 fd=491 classes=KEYBOARD | DPAD | JOYSTICK | EXTERNAL
06-04 20:48:26.852 D/XM_HIDREAD( 1910): remove@ remove@/devices/virtual/wakeup/wakeup33
06-04 20:48:26.875 I/EventHub( 707): Removing device '/dev/input/event9' due to inotify event
06-04 20:48:26.875 I/EventHub( 707): Removing device '/dev/input/event10' due to inotify event
06-04 20:48:26.875 I/InputReader( 707): Device removed: id=10, eventHubId=11, name='Dangbei', descriptor='651c02fc25e22f45bf8fc0886230121b32a1c5c9', sources=KEYBOARD | DPAD | JOYSTICK
06-04 20:48:26.983 D/hdmicecd( 501): [HdmiCecControl]:setOption, flag:0x3, value:0x1, ret:0, is_cec_controlled:1
06-04 20:48:26.984 I/HdmiCec ( 501): setLanguage 7a686f
06-04 20:48:26.984 E/IPCThreadState( 501): binder thread pool (1 threads) starved for 312 ms
06-04 20:48:26.985 I/hdmicecd( 501): [HdmiCecControl]:clearLogicaladdress
06-04 20:48:26.985 I/DisplayDeviceRepository( 707): Display device changed: DisplayDeviceInfo{"内置屏幕": uniqueId="local:4625716335649126413", 3840 x 2160, modeId 101, renderFrameRate 59.94006, defaultModeId 101, supportedModes [{id=101, width=3840, height=2160, fps=59.94006, alternativeRefreshRates=[], supportedHdrTypes=[]}], colorMode 0, supportedColorModes [0], hdrCapabilities HdrCapabilities{mSupportedHdrTypes=[], mMaxLuminance=500.0, mMaxAverageLuminance=500.0, mMinLuminance=0.0}, allmSupported false, gameContentTypeSupported false, density 480, 84.813 x 84.406 dpi, appVsyncOff 2000000, presDeadline 13683333, touch INTERNAL, rotation 0, type INTERNAL, address {port=13, model=0x4031d87fca1678}, deviceProductInfo DeviceProductInfo{name=Linux FHD, manufacturerPnpId=LNX, productId=0, modelYear=null, manufactureDate=ManufactureDate{week=5, year=2012}, connectionToSinkType=0}, state ON, committedState ON, frameRateOverride , brightnessMinimum 0.0, brightnessMaximum 1.0, brightnessDefault 0.39763778, hdrSdrRatio NaN, FLAG_ALLOWED_TO_BE_DEFAULT_DISPLAY, FLAG_ROTATES_WITH_CONTENT, FLAG_SECURE, FLAG_SUPPORTS_PROTECTED_BUFFERS, FLAG_TRUSTED, installOrientation 0, displayShape DisplayShape{ spec=-545313861 displayWidth=3840 displayHeight=2160 physicalPixelDisplaySizeRatio=1.0 rotation=0 offsetX=0 offsetY=0 scale=1.0}}
06-04 20:48:26.985 D/hdmicecd( 501): [HdmiCecControl]:getPhysicalAddress, physical addr: 3000, last pa: 3000, ret = 0
06-04 20:48:26.985 W/IPCThreadState( 707): Sending oneway calls to frozen process.
06-04 20:48:26.986 I/DisplayDevice( 707): [0] Layerstack set to 0 for local:4625716335649126413
06-04 20:48:26.986 D/bt_vendor( 492): property_set_state: HW_STATE_SUCCESS
06-04 20:48:26.986 D/bt_vendor( 492): op: shutdwon_status =
06-04 20:48:26.986 D/bt_vendor( 492): hw_reg_pum_power_cfg_clear start
06-04 20:48:26.987 I/InputManager-JNI( 707): Viewport [0] to add: local:4625716335649126413, isActive: true
06-04 20:48:26.987 I/hdmicecd( 501): [HdmiCecControl]:clearLogicaladdress
06-04 20:48:26.990 W/Looper ( 707): Slow dispatch took 336ms main h=android.os.Handler c=com.android.server.hdmi.WorkSourceUidPreservingRunnable@d7eed7f m=0
06-04 20:48:26.990 W/Looper ( 707): Slow delivery took 337ms main h=com.android.server.power.Notifier$NotifierHandler c=null m=7
06-04 20:48:26.990 I/InputReader( 707): Reconfiguring input devices, changes=DISPLAY_INFO
06-04 20:48:26.995 E/OpenGLRenderer( 1414): Unable to match the desired swap behavior.
06-04 20:48:27.002 W/ActivityManager( 707): Scheduling restart of crashed service com.android.bluetooth/.gatt.GattService in 1000ms for connection
06-04 20:48:27.002 W/ActivityManager( 707): Scheduling restart of crashed service com.android.bluetooth/.btservice.AdapterService in 11000ms for connection
06-04 20:48:27.006 D/bt_vendor( 492): hw_reg_pum_power_cfg_clear end
06-04 20:48:27.009 E/MesonDisplay( 296): open /sys/class/amhdmitx/amhdmitx0/hdcp_pwr fail. Error info [No such file or directory]
06-04 20:48:27.010 E/MesonDisplay( 296): open /sys/class/amhdmitx/amhdmitx0/hdcp_ctrl fail. Error info [No such file or directory]
06-04 20:48:27.010 E/MesonDisplay( 296): open /sys/class/amhdmitx/amhdmitx0/hdcp_ctrl fail. Error info [No such file or directory]
06-04 20:48:27.012 D/DisplayManagerService( 707): Drop pending events for gone uid 1002
06-04 20:48:27.012 D/BluetoothHearingAid( 912): Proxy object disconnected
06-04 20:48:27.013 D/BluetoothHeadset( 707): Proxy object disconnected
06-04 20:48:27.013 D/BluetoothHeadset( 707): Unbinding service...
06-04 20:48:27.013 D/BluetoothHeadset( 912): Proxy object disconnected
06-04 20:48:27.013 D/BluetoothManagerService( 707): BluetoothServiceConnection, disconnected: com.android.bluetooth.btservice.AdapterService
06-04 20:48:27.013 D/BluetoothManagerService( 707): BluetoothServiceConnection, disconnected: com.android.bluetooth.gatt.GattService
06-04 20:48:27.014 D/BluetoothHeadset( 1030): Proxy object disconnected
06-04 20:48:27.014 D/BluetoothHidHost( 912): Proxy object disconnected
06-04 20:48:27.015 D/BluetoothA2dp( 707): Proxy object disconnected
06-04 20:48:27.015 D/BluetoothA2dp( 707): Unbinding service...
06-04 20:48:27.015 D/BluetoothA2dp( 707): Proxy object disconnected
06-04 20:48:27.015 D/BluetoothHidHost( 1030): Proxy object disconnected
06-04 20:48:27.015 D/BluetoothA2dp( 707): Unbinding service...
06-04 20:48:27.015 D/BluetoothA2dp( 707): Proxy object disconnected
06-04 20:48:27.015 D/BluetoothA2dp( 707): Unbinding service...
06-04 20:48:27.015 W/Looper ( 707): Drained
06-04 20:48:27.016 D/BluetoothA2dp( 707): Proxy object disconnected
06-04 20:48:27.016 D/BluetoothA2dp( 707): Unbinding service...
06-04 20:48:27.016 D/BluetoothA2dp( 1030): Proxy object disconnected
06-04 20:48:27.016 D/BluetoothA2dp( 1030): Unbinding service...
06-04 20:48:27.017 D/DisplayManagerService( 707): Ignore redundant display event 0/2 to 10075/3469
06-04 20:48:27.019 E/BluetoothManagerService( 707): MESSAGE_BLUETOOTH_SERVICE_DISCONNECTED(1)
06-04 20:48:27.020 D/BluetoothManagerService( 707): Broadcasting onBluetoothServiceDown() to 8 receivers.
06-04 20:48:27.021 D/BluetoothAdapter( 707): onBluetoothServiceDown
06-04 20:48:27.021 I/MesonDisplay( 296): [/HDCPTxAuth.cpp, stop, 137] hdcp_tx pthread exit id = 4012622272, (null) done
06-04 20:48:27.021 D/MesonDisplayServer( 296): SetDisplay[HDMI] Mode to "2160p60hz"
06-04 20:48:27.021 D/BluetoothManagerService( 707): Sending BLE State Change: ON > TURNING_OFF
06-04 20:48:27.022 D/BluetoothAdapter( 912): onBluetoothServiceDown
06-04 20:48:27.022 D/BluetoothAdapter( 1414): onBluetoothServiceDown
06-04 20:48:27.022 D/BluetoothA2dp( 707): Proxy object disconnected
06-04 20:48:27.022 D/BluetoothA2dp( 707): Unbinding service...
06-04 20:48:27.023 D/BluetoothManagerService( 707): Sending State Change: ON > TURNING_OFF
06-04 20:48:27.023 D/BluetoothAdapter( 2071): onBluetoothServiceDown
06-04 20:48:27.023 D/BluetoothAdapter( 1642): onBluetoothServiceDown
06-04 20:48:27.023 D/BluetoothAdapter( 1030): onBluetoothServiceDown
06-04 20:48:27.024 I/audio_hw_hal_primary( 491): [adev_set_parameters:4123] dev:0xe71c0010, kv: screen_state=on
06-04 20:48:27.024 D/audio_hw_hal_hfp( 491): [audio_extn_hfp_set_parameters:739] audio_extn_hfp_set_parameters
06-04 20:48:27.024 E/audio_route( 491): unable to find path 'speaker_fadein'
06-04 20:48:27.024 I/audio_hw_hal_resourcemgr( 491): [set_output_device_mute:690] device:0x2 mute:0 port_mute:0 using_fade:1
06-04 20:48:27.024 D/BluetoothAdapter( 4242): onBluetoothServiceDown
06-04 20:48:27.024 I/audio_hw_hal_primary( 491): adev_set_parameters : screen_state=on pthread_cond_broadcast
06-04 20:48:27.024 D/BluetoothAdapter( 1349): onBluetoothServiceDown
06-04 20:48:27.028 D/BluetoothPan( 1030): Proxy object disconnected
06-04 20:48:27.029 D/BluetoothManagerService( 707): Bluetooth is complete send Service Down
06-04 20:48:27.029 D/BluetoothManagerService( 707): Broadcasting onBluetoothServiceDown() to 8 receivers.
06-04 20:48:27.029 D/BluetoothAdapter( 1030): onBluetoothServiceDown
06-04 20:48:27.029 D/BluetoothAdapter( 707): onBluetoothServiceDown
06-04 20:48:27.029 D/BluetoothAdapter( 4242): onBluetoothServiceDown
06-04 20:48:27.029 D/BluetoothManagerService( 707): unbindAndFinish(): null mBinding = false mUnbinding = false
06-04 20:48:27.029 D/BluetoothManagerService( 707): Sending BLE State Change: TURNING_OFF > OFF
06-04 20:48:27.030 D/BluetoothAdapter( 1414): onBluetoothServiceDown
06-04 20:48:27.030 D/BluetoothAdapter( 912): onBluetoothServiceDown
06-04 20:48:27.030 D/BluetoothAdapter( 1349): onBluetoothServiceDown
06-04 20:48:27.030 D/BluetoothManagerService( 707): Sending State Change: TURNING_OFF > OFF
06-04 20:48:27.031 D/BluetoothAdapter( 2071): onBluetoothServiceDown
06-04 20:48:27.031 D/BluetoothAdapter( 1642): onBluetoothServiceDown
06-04 20:48:27.031 E/MesonHwc( 296): waitVBlank failed crtc[63]ret[-1]
06-04 20:48:27.031 E/MesonHwc( 296): wait for hw vsync error:-1
06-04 20:48:27.031 W/HWComposer( 265): Ignoring duplicate VSYNC event from HWC for display 4625716335649126413 (t=2352037570000)
06-04 20:48:27.033 E/BluetoothManagerService( 707): MESSAGE_BLUETOOTH_SERVICE_DISCONNECTED(2)
06-04 20:48:27.033 E/SensorManager( 707): sensor or listener is null
06-04 20:48:27.034 D/BluetoothA2dp( 1030): Proxy object disconnected
06-04 20:48:27.034 D/BluetoothA2dp( 912): Proxy object disconnected
06-04 20:48:27.034 D/BluetoothA2dp( 912): Unbinding service...
06-04 20:48:27.036 D/BluetoothA2dp( 912): Proxy object disconnected
06-04 20:48:27.036 D/FastPairService( 707): onReceive: ACTION_SCREEN_ON
06-04 20:48:27.036 V/FastPairService( 707): invalidateScan: scan is disabled
06-04 20:48:27.036 E/NearbyManager( 707): Cannot stop scan with this callback because it is never registered.
06-04 20:48:27.037 D/BluetoothPan( 912): Proxy object disconnected
06-04 20:48:27.037 I/AudioVideoDevReconnectService( 1030): onReceive:android.intent.action.SCREEN_ON,mWaitForDisconnct:true
06-04 20:48:27.040 I/BLE_Service( 1030): ACTION STATE CHANGED was 13
06-04 20:48:27.040 E/BluetoothDevice( 1030): BT not enabled. Cannot get bond state
06-04 20:48:27.041 I/BLE_Service( 1030): ACTION STATE CHANGED was 10
06-04 20:48:27.042 D/aaa ( 1430): aaa screen on
06-04 20:48:27.045 I/WifiHAL ( 524): wifi_set_latency_mode set to 1
06-04 20:48:27.049 E/hq ( 1414): AdHelper:::StrReceiver onReceive=android.intent.action.SCREEN_ON
06-04 20:48:27.049 D/FrameWorkHelper( 1414): isStrRestart:>>> true
06-04 20:48:27.050 D/FrameWorkHelper( 1414): resetRestart:
06-04 20:48:27.050 E/hq ( 1414): AdHelper:::str 开启,重新走广告流程
06-04 20:48:27.053 D/hdmicecd( 501): [CEC]:printCecMessage, [4 -> 4] len: 0, body:, result:no ack
06-04 20:48:27.055 V/WindowManager( 707): Sent Transition #17 createdAt=06-04 20:48:26.640 via request=TransitionRequestInfo { type = 11, triggerTask = null, remoteTransition = null, displayChange = null, flags = 0 }
06-04 20:48:27.055 V/WindowManager( 707): startWCT=WindowContainerTransaction { changes = {} hops = [] errorCallbackToken=null taskFragmentOrganizer=null }
