06-04 20:54:35.663 I/a2dp_codec( 3916): packages/modules/Bluetooth/system/stack/a2dp/a2dp_codec_config.cc:601 init: init
06-04 20:54:35.663 I/a2dp_codec( 3916): packages/modules/Bluetooth/system/stack/a2dp/a2dp_codec_config.cc:116 createCodec: SBC
06-04 20:54:35.663 I/a2dp_codec( 3916): packages/modules/Bluetooth/system/stack/a2dp/a2dp_codec_config.cc:642 init: init: updated SBC codec priority to 1001
06-04 20:54:35.663 I/a2dp_codec( 3916): packages/modules/Bluetooth/system/stack/a2dp/a2dp_codec_config.cc:116 createCodec: AAC
06-04 20:54:35.663 I/a2dp_codec( 3916): packages/modules/Bluetooth/system/stack/a2dp/a2dp_codec_config.cc:642 init: init: updated AAC codec priority to 2001
06-04 20:54:35.663 I/a2dp_codec( 3916): packages/modules/Bluetooth/system/stack/a2dp/a2dp_codec_config.cc:116 createCodec: aptX
06-04 20:54:35.663 I/a2dp_codec( 3916): packages/modules/Bluetooth/system/stack/a2dp/a2dp_codec_config.cc:642 init: init: updated aptX codec priority to 3001
06-04 20:54:35.663 I/a2dp_codec( 3916): packages/modules/Bluetooth/system/stack/a2dp/a2dp_codec_config.cc:116 createCodec: aptX-HD
06-04 20:54:35.663 I/a2dp_codec( 3916): packages/modules/Bluetooth/system/stack/a2dp/a2dp_codec_config.cc:642 init: init: updated aptX-HD codec priority to 4001
06-04 20:54:35.663 I/a2dp_codec( 3916): packages/modules/Bluetooth/system/stack/a2dp/a2dp_codec_config.cc:116 createCodec: LDAC
06-04 20:54:35.663 I/a2dp_codec( 3916): packages/modules/Bluetooth/system/stack/a2dp/a2dp_codec_config.cc:642 init: init: updated LDAC codec priority to 5001
06-04 20:54:35.663 I/a2dp_codec( 3916): packages/modules/Bluetooth/system/stack/a2dp/a2dp_codec_config.cc:116 createCodec: LC3 not implemented
06-04 20:54:35.663 I/a2dp_codec( 3916): packages/modules/Bluetooth/system/stack/a2dp/a2dp_codec_config.cc:633 init: init: OPUS codec disabled, updated priority to -1
06-04 20:54:35.663 I/a2dp_codec( 3916): packages/modules/Bluetooth/system/stack/a2dp/a2dp_codec_config.cc:116 createCodec: Opus
06-04 20:54:35.663 I/a2dp_codec( 3916): packages/modules/Bluetooth/system/stack/a2dp/a2dp_codec_config.cc:642 init: init: updated Opus codec priority to -1
06-04 20:54:35.663 I/a2dp_codec( 3916): packages/modules/Bluetooth/system/stack/a2dp/a2dp_codec_config.cc:116 createCodec: SBC SINK
06-04 20:54:35.663 I/a2dp_codec( 3916): packages/modules/Bluetooth/system/stack/a2dp/a2dp_codec_config.cc:116 createCodec: AAC SINK
06-04 20:54:35.663 I/a2dp_codec( 3916): packages/modules/Bluetooth/system/stack/a2dp/a2dp_codec_config.cc:116 createCodec: LDAC SINK
06-04 20:54:35.664 I/a2dp_vendor_ldac_decoder( 3916): packages/modules/Bluetooth/system/stack/a2dp/a2dp_vendor_ldac_decoder.cc:130 A2DP_VendorLoadDecoderLdac: A2DP_VendorLoadDecoderLdac: cannot open LDAC decoder library libldacBT_bco.so: dlopen failed: library "libldacBT_bco.so" not found
06-04 20:54:35.664 E/a2dp_vendor_ldac( 3916): packages/modules/Bluetooth/system/stack/a2dp/a2dp_vendor_ldac.cc:1422 init: init: cannot load the decoder
06-04 20:54:35.664 I/a2dp_codec( 3916): packages/modules/Bluetooth/system/stack/a2dp/a2dp_codec_config.cc:116 createCodec: Opus SINK
06-04 20:54:35.664 I/a2dp_codec( 3916): packages/modules/Bluetooth/system/stack/a2dp/a2dp_codec_config.cc:667 init: init: initialized Source codec LDAC
06-04 20:54:35.664 I/a2dp_codec( 3916): packages/modules/Bluetooth/system/stack/a2dp/a2dp_codec_config.cc:667 init: init: initialized Source codec aptX-HD
06-04 20:54:35.664 I/a2dp_codec( 3916): packages/modules/Bluetooth/system/stack/a2dp/a2dp_codec_config.cc:667 init: init: initialized Source codec aptX
06-04 20:54:35.664 I/a2dp_codec( 3916): packages/modules/Bluetooth/system/stack/a2dp/a2dp_codec_config.cc:667 init: init: initialized Source codec AAC
06-04 20:54:35.664 I/a2dp_codec( 3916): packages/modules/Bluetooth/system/stack/a2dp/a2dp_codec_config.cc:667 init: init: initialized Source codec SBC
06-04 20:54:35.664 I/a2dp_codec( 3916): packages/modules/Bluetooth/system/stack/a2dp/a2dp_codec_config.cc:674 init: init: initialized Sink codec Opus SINK
06-04 20:54:35.664 I/a2dp_codec( 3916): packages/modules/Bluetooth/system/stack/a2dp/a2dp_codec_config.cc:674 init: init: initialized Sink codec AAC SINK
06-04 20:54:35.664 I/a2dp_codec( 3916): packages/modules/Bluetooth/system/stack/a2dp/a2dp_codec_config.cc:674 init: init: initialized Sink codec SBC SINK
06-04 20:54:35.664 I/a2dp_codec( 3916): packages/modules/Bluetooth/system/stack/a2dp/a2dp_codec_config.cc:601 init: init
06-04 20:54:35.664 I/a2dp_codec( 3916): packages/modules/Bluetooth/system/stack/a2dp/a2dp_codec_config.cc:116 createCodec: SBC
06-04 20:54:35.664 I/a2dp_codec( 3916): packages/modules/Bluetooth/system/stack/a2dp/a2dp_codec_config.cc:642 init: init: updated SBC codec priority to 1001
06-04 20:54:35.664 I/a2dp_codec( 3916): packages/modules/Bluetooth/system/stack/a2dp/a2dp_codec_config.cc:116 createCodec: AAC
06-04 20:54:35.664 I/a2dp_codec( 3916): packages/modules/Bluetooth/system/stack/a2dp/a2dp_codec_config.cc:642 init: init: updated AAC codec priority to 2001
06-04 20:54:35.664 I/a2dp_codec( 3916): packages/modules/Bluetooth/system/stack/a2dp/a2dp_codec_config.cc:116 createCodec: aptX
06-04 20:54:35.664 I/a2dp_codec( 3916): packages/modules/Bluetooth/system/stack/a2dp/a2dp_codec_config.cc:642 init: init: updated aptX codec priority to 3001
06-04 20:54:35.664 I/a2dp_codec( 3916): packages/modules/Bluetooth/system/stack/a2dp/a2dp_codec_config.cc:116 createCodec: aptX-HD
06-04 20:54:35.664 I/a2dp_codec( 3916): packages/modules/Bluetooth/system/stack/a2dp/a2dp_codec_config.cc:642 init: init: updated aptX-HD codec priority to 4001
06-04 20:54:35.664 I/a2dp_codec( 3916): packages/modules/Bluetooth/system/stack/a2dp/a2dp_codec_config.cc:116 createCodec: LDAC
06-04 20:54:35.664 I/a2dp_codec( 3916): packages/modules/Bluetooth/system/stack/a2dp/a2dp_codec_config.cc:642 init: init: updated LDAC codec priority to 5001
06-04 20:54:35.664 I/a2dp_codec( 3916): packages/modules/Bluetooth/system/stack/a2dp/a2dp_codec_config.cc:116 createCodec: LC3 not implemented
06-04 20:54:35.664 I/a2dp_codec( 3916): packages/modules/Bluetooth/system/stack/a2dp/a2dp_codec_config.cc:633 init: init: OPUS codec disabled, updated priority to -1
06-04 20:54:35.664 I/a2dp_codec( 3916): packages/modules/Bluetooth/system/stack/a2dp/a2dp_codec_config.cc:116 createCodec: Opus
06-04 20:54:35.664 I/a2dp_codec( 3916): packages/modules/Bluetooth/system/stack/a2dp/a2dp_codec_config.cc:642 init: init: updated Opus codec priority to -1
06-04 20:54:35.664 I/a2dp_codec( 3916): packages/modules/Bluetooth/system/stack/a2dp/a2dp_codec_config.cc:116 createCodec: SBC SINK
06-04 20:54:35.664 I/a2dp_codec( 3916): packages/modules/Bluetooth/system/stack/a2dp/a2dp_codec_config.cc:116 createCodec: AAC SINK
06-04 20:54:35.664 I/a2dp_codec( 3916): packages/modules/Bluetooth/system/stack/a2dp/a2dp_codec_config.cc:116 createCodec: LDAC SINK
06-04 20:54:35.665 I/a2dp_vendor_ldac_decoder( 3916): packages/modules/Bluetooth/system/stack/a2dp/a2dp_vendor_ldac_decoder.cc:130 A2DP_VendorLoadDecoderLdac: A2DP_VendorLoadDecoderLdac: cannot open LDAC decoder library libldacBT_bco.so: dlopen failed: library "libldacBT_bco.so" not found
06-04 20:54:35.665 E/a2dp_vendor_ldac( 3916): packages/modules/Bluetooth/system/stack/a2dp/a2dp_vendor_ldac.cc:1422 init: init: cannot load the decoder
06-04 20:54:35.665 I/a2dp_codec( 3916): packages/modules/Bluetooth/system/stack/a2dp/a2dp_codec_config.cc:116 createCodec: Opus SINK
06-04 20:54:35.665 I/a2dp_codec( 3916): packages/modules/Bluetooth/system/stack/a2dp/a2dp_codec_config.cc:667 init: init: initialized Source codec LDAC
06-04 20:54:35.665 I/a2dp_codec( 3916): packages/modules/Bluetooth/system/stack/a2dp/a2dp_codec_config.cc:667 init: init: initialized Source codec aptX-HD
06-04 20:54:35.665 I/a2dp_codec( 3916): packages/modules/Bluetooth/system/stack/a2dp/a2dp_codec_config.cc:667 init: init: initialized Source codec aptX
06-04 20:54:35.665 I/a2dp_codec( 3916): packages/modules/Bluetooth/system/stack/a2dp/a2dp_codec_config.cc:667 init: init: initialized Source codec AAC
06-04 20:54:35.665 I/a2dp_codec( 3916): packages/modules/Bluetooth/system/stack/a2dp/a2dp_codec_config.cc:667 init: init: initialized Source codec SBC
06-04 20:54:35.665 I/a2dp_codec( 3916): packages/modules/Bluetooth/system/stack/a2dp/a2dp_codec_config.cc:674 init: init: initialized Sink codec Opus SINK
06-04 20:54:35.665 I/a2dp_codec( 3916): packages/modules/Bluetooth/system/stack/a2dp/a2dp_codec_config.cc:674 init: init: initialized Sink codec AAC SINK
06-04 20:54:35.665 I/a2dp_codec( 3916): packages/modules/Bluetooth/system/stack/a2dp/a2dp_codec_config.cc:674 init: init: initialized Sink codec SBC SINK
06-04 20:54:35.665 I/a2dp_codec( 3916): packages/modules/Bluetooth/system/stack/a2dp/a2dp_codec_config.cc:601 init: init
06-04 20:54:35.665 I/a2dp_codec( 3916): packages/modules/Bluetooth/system/stack/a2dp/a2dp_codec_config.cc:116 createCodec: SBC
06-04 20:54:35.665 I/a2dp_codec( 3916): packages/modules/Bluetooth/system/stack/a2dp/a2dp_codec_config.cc:642 init: init: updated SBC codec priority to 1001
06-04 20:54:35.665 I/a2dp_codec( 3916): packages/modules/Bluetooth/system/stack/a2dp/a2dp_codec_config.cc:116 createCodec: AAC
06-04 20:54:35.665 I/a2dp_codec( 3916): packages/modules/Bluetooth/system/stack/a2dp/a2dp_codec_config.cc:642 init: init: updated AAC codec priority to 2001
06-04 20:54:35.665 I/a2dp_codec( 3916): packages/modules/Bluetooth/system/stack/a2dp/a2dp_codec_config.cc:116 createCodec: aptX
06-04 20:54:35.665 I/a2dp_codec( 3916): packages/modules/Bluetooth/system/stack/a2dp/a2dp_codec_config.cc:642 init: init: updated aptX codec priority to 3001
06-04 20:54:35.665 I/a2dp_codec( 3916): packages/modules/Bluetooth/system/stack/a2dp/a2dp_codec_config.cc:116 createCodec: aptX-HD
06-04 20:54:35.665 I/a2dp_codec( 3916): packages/modules/Bluetooth/system/stack/a2dp/a2dp_codec_config.cc:642 init: init: updated aptX-HD codec priority to 4001
06-04 20:54:35.665 I/a2dp_codec( 3916): packages/modules/Bluetooth/system/stack/a2dp/a2dp_codec_config.cc:116 createCodec: LDAC
06-04 20:54:35.665 I/a2dp_codec( 3916): packages/modules/Bluetooth/system/stack/a2dp/a2dp_codec_config.cc:642 init: init: updated LDAC codec priority to 5001
06-04 20:54:35.665 I/a2dp_codec( 3916): packages/modules/Bluetooth/system/stack/a2dp/a2dp_codec_config.cc:116 createCodec: LC3 not implemented
06-04 20:54:35.665 I/a2dp_codec( 3916): packages/modules/Bluetooth/system/stack/a2dp/a2dp_codec_config.cc:633 init: init: OPUS codec disabled, updated priority to -1
06-04 20:54:35.665 I/a2dp_codec( 3916): packages/modules/Bluetooth/system/stack/a2dp/a2dp_codec_config.cc:116 createCodec: Opus
06-04 20:54:35.665 I/a2dp_codec( 3916): packages/modules/Bluetooth/system/stack/a2dp/a2dp_codec_config.cc:642 init: init: updated Opus codec priority to -1
06-04 20:54:35.665 I/a2dp_codec( 3916): packages/modules/Bluetooth/system/stack/a2dp/a2dp_codec_config.cc:116 createCodec: SBC SINK
06-04 20:54:35.665 I/a2dp_codec( 3916): packages/modules/Bluetooth/system/stack/a2dp/a2dp_codec_config.cc:116 createCodec: AAC SINK
06-04 20:54:35.665 I/a2dp_codec( 3916): packages/modules/Bluetooth/system/stack/a2dp/a2dp_codec_config.cc:116 createCodec: LDAC SINK
06-04 20:54:35.665 I/a2dp_vendor_ldac_decoder( 3916): packages/modules/Bluetooth/system/stack/a2dp/a2dp_vendor_ldac_decoder.cc:130 A2DP_VendorLoadDecoderLdac: A2DP_VendorLoadDecoderLdac: cannot open LDAC decoder library libldacBT_bco.so: dlopen failed: library "libldacBT_bco.so" not found
06-04 20:54:35.665 E/a2dp_vendor_ldac( 3916): packages/modules/Bluetooth/system/stack/a2dp/a2dp_vendor_ldac.cc:1422 init: init: cannot load the decoder
06-04 20:54:35.665 I/a2dp_codec( 3916): packages/modules/Bluetooth/system/stack/a2dp/a2dp_codec_config.cc:116 createCodec: Opus SINK
06-04 20:54:35.665 I/a2dp_codec( 3916): packages/modules/Bluetooth/system/stack/a2dp/a2dp_codec_config.cc:667 init: init: initialized Source codec LDAC
06-04 20:54:35.665 I/a2dp_codec( 3916): packages/modules/Bluetooth/system/stack/a2dp/a2dp_codec_config.cc:667 init: init: initialized Source codec aptX-HD
06-04 20:54:35.665 I/a2dp_codec( 3916): packages/modules/Bluetooth/system/stack/a2dp/a2dp_codec_config.cc:667 init: init: initialized Source codec aptX
06-04 20:54:35.665 I/a2dp_codec( 3916): packages/modules/Bluetooth/system/stack/a2dp/a2dp_codec_config.cc:667 init: init: initialized Source codec AAC
06-04 20:54:35.665 I/a2dp_codec( 3916): packages/modules/Bluetooth/system/stack/a2dp/a2dp_codec_config.cc:667 init: init: initialized Source codec SBC
06-04 20:54:35.665 I/a2dp_codec( 3916): packages/modules/Bluetooth/system/stack/a2dp/a2dp_codec_config.cc:674 init: init: initialized Sink codec Opus SINK
06-04 20:54:35.665 I/a2dp_codec( 3916): packages/modules/Bluetooth/system/stack/a2dp/a2dp_codec_config.cc:674 init: init: initialized Sink codec AAC SINK
06-04 20:54:35.665 I/a2dp_codec( 3916): packages/modules/Bluetooth/system/stack/a2dp/a2dp_codec_config.cc:674 init: init: initialized Sink codec SBC SINK
06-04 20:54:35.665 I/a2dp_codec( 3916): packages/modules/Bluetooth/system/stack/a2dp/a2dp_codec_config.cc:601 init: init
06-04 20:54:35.665 I/a2dp_codec( 3916): packages/modules/Bluetooth/system/stack/a2dp/a2dp_codec_config.cc:116 createCodec: SBC
06-04 20:54:35.666 I/a2dp_codec( 3916): packages/modules/Bluetooth/system/stack/a2dp/a2dp_codec_config.cc:642 init: init: updated SBC codec priority to 1001
06-04 20:54:35.666 I/a2dp_codec( 3916): packages/modules/Bluetooth/system/stack/a2dp/a2dp_codec_config.cc:116 createCodec: AAC
06-04 20:54:35.666 I/a2dp_codec( 3916): packages/modules/Bluetooth/system/stack/a2dp/a2dp_codec_config.cc:642 init: init: updated AAC codec priority to 2001
06-04 20:54:35.666 I/a2dp_codec( 3916): packages/modules/Bluetooth/system/stack/a2dp/a2dp_codec_config.cc:116 createCodec: aptX
06-04 20:54:35.666 I/a2dp_codec( 3916): packages/modules/Bluetooth/system/stack/a2dp/a2dp_codec_config.cc:642 init: init: updated aptX codec priority to 3001
06-04 20:54:35.666 I/a2dp_codec( 3916): packages/modules/Bluetooth/system/stack/a2dp/a2dp_codec_config.cc:116 createCodec: aptX-HD
06-04 20:54:35.666 I/a2dp_codec( 3916): packages/modules/Bluetooth/system/stack/a2dp/a2dp_codec_config.cc:642 init: init: updated aptX-HD codec priority to 4001
06-04 20:54:35.666 I/a2dp_codec( 3916): packages/modules/Bluetooth/system/stack/a2dp/a2dp_codec_config.cc:116 createCodec: LDAC
06-04 20:54:35.666 I/a2dp_codec( 3916): packages/modules/Bluetooth/system/stack/a2dp/a2dp_codec_config.cc:642 init: init: updated LDAC codec priority to 5001
06-04 20:54:35.666 I/a2dp_codec( 3916): packages/modules/Bluetooth/system/stack/a2dp/a2dp_codec_config.cc:116 createCodec: LC3 not implemented
06-04 20:54:35.666 I/a2dp_codec( 3916): packages/modules/Bluetooth/system/stack/a2dp/a2dp_codec_config.cc:633 init: init: OPUS codec disabled, updated priority to -1
06-04 20:54:35.666 I/a2dp_codec( 3916): packages/modules/Bluetooth/system/stack/a2dp/a2dp_codec_config.cc:116 createCodec: Opus
06-04 20:54:35.666 I/a2dp_codec( 3916): packages/modules/Bluetooth/system/stack/a2dp/a2dp_codec_config.cc:642 init: init: updated Opus codec priority to -1
06-04 20:54:35.666 I/a2dp_codec( 3916): packages/modules/Bluetooth/system/stack/a2dp/a2dp_codec_config.cc:116 createCodec: SBC SINK
06-04 20:54:35.666 I/a2dp_codec( 3916): packages/modules/Bluetooth/system/stack/a2dp/a2dp_codec_config.cc:116 createCodec: AAC SINK
06-04 20:54:35.666 I/a2dp_codec( 3916): packages/modules/Bluetooth/system/stack/a2dp/a2dp_codec_config.cc:116 createCodec: LDAC SINK
06-04 20:54:35.666 I/a2dp_vendor_ldac_decoder( 3916): packages/modules/Bluetooth/system/stack/a2dp/a2dp_vendor_ldac_decoder.cc:130 A2DP_VendorLoadDecoderLdac: A2DP_VendorLoadDecoderLdac: cannot open LDAC decoder library libldacBT_bco.so: dlopen failed: library "libldacBT_bco.so" not found
06-04 20:54:35.666 E/a2dp_vendor_ldac( 3916): packages/modules/Bluetooth/system/stack/a2dp/a2dp_vendor_ldac.cc:1422 init: init: cannot load the decoder
06-04 20:54:35.666 I/a2dp_codec( 3916): packages/modules/Bluetooth/system/stack/a2dp/a2dp_codec_config.cc:116 createCodec: Opus SINK
06-04 20:54:35.666 I/a2dp_codec( 3916): packages/modules/Bluetooth/system/stack/a2dp/a2dp_codec_config.cc:667 init: init: initialized Source codec LDAC
06-04 20:54:35.666 I/a2dp_codec( 3916): packages/modules/Bluetooth/system/stack/a2dp/a2dp_codec_config.cc:667 init: init: initialized Source codec aptX-HD
06-04 20:54:35.666 I/a2dp_codec( 3916): packages/modules/Bluetooth/system/stack/a2dp/a2dp_codec_config.cc:667 init: init: initialized Source codec aptX
06-04 20:54:35.666 I/a2dp_codec( 3916): packages/modules/Bluetooth/system/stack/a2dp/a2dp_codec_config.cc:667 init: init: initialized Source codec AAC
06-04 20:54:35.666 I/a2dp_codec( 3916): packages/modules/Bluetooth/system/stack/a2dp/a2dp_codec_config.cc:667 init: init: initialized Source codec SBC
06-04 20:54:35.666 I/a2dp_codec( 3916): packages/modules/Bluetooth/system/stack/a2dp/a2dp_codec_config.cc:674 init: init: initialized Sink codec Opus SINK
06-04 20:54:35.666 I/a2dp_codec( 3916): packages/modules/Bluetooth/system/stack/a2dp/a2dp_codec_config.cc:674 init: init: initialized Sink codec AAC SINK
06-04 20:54:35.666 I/a2dp_codec( 3916): packages/modules/Bluetooth/system/stack/a2dp/a2dp_codec_config.cc:674 init: init: initialized Sink codec SBC SINK
06-04 20:54:35.666 I/a2dp_codec( 3916): packages/modules/Bluetooth/system/stack/a2dp/a2dp_codec_config.cc:601 init: init
06-04 20:54:35.666 I/a2dp_codec( 3916): packages/modules/Bluetooth/system/stack/a2dp/a2dp_codec_config.cc:116 createCodec: SBC
06-04 20:54:35.666 I/a2dp_codec( 3916): packages/modules/Bluetooth/system/stack/a2dp/a2dp_codec_config.cc:642 init: init: updated SBC codec priority to 1001
06-04 20:54:35.666 I/a2dp_codec( 3916): packages/modules/Bluetooth/system/stack/a2dp/a2dp_codec_config.cc:116 createCodec: AAC
06-04 20:54:35.666 I/a2dp_codec( 3916): packages/modules/Bluetooth/system/stack/a2dp/a2dp_codec_config.cc:642 init: init: updated AAC codec priority to 2001
06-04 20:54:35.666 I/a2dp_codec( 3916): packages/modules/Bluetooth/system/stack/a2dp/a2dp_codec_config.cc:116 createCodec: aptX
06-04 20:54:35.666 I/a2dp_codec( 3916): packages/modules/Bluetooth/system/stack/a2dp/a2dp_codec_config.cc:642 init: init: updated aptX codec priority to 3001
06-04 20:54:35.666 I/a2dp_codec( 3916): packages/modules/Bluetooth/system/stack/a2dp/a2dp_codec_config.cc:116 createCodec: aptX-HD
06-04 20:54:35.666 I/a2dp_codec( 3916): packages/modules/Bluetooth/system/stack/a2dp/a2dp_codec_config.cc:642 init: init: updated aptX-HD codec priority to 4001
06-04 20:54:35.666 I/a2dp_codec( 3916): packages/modules/Bluetooth/system/stack/a2dp/a2dp_codec_config.cc:116 createCodec: LDAC
06-04 20:54:35.666 I/a2dp_codec( 3916): packages/modules/Bluetooth/system/stack/a2dp/a2dp_codec_config.cc:642 init: init: updated LDAC codec priority to 5001
06-04 20:54:35.666 I/a2dp_codec( 3916): packages/modules/Bluetooth/system/stack/a2dp/a2dp_codec_config.cc:116 createCodec: LC3 not implemented
06-04 20:54:35.666 I/a2dp_codec( 3916): packages/modules/Bluetooth/system/stack/a2dp/a2dp_codec_config.cc:633 init: init: OPUS codec disabled, updated priority to -1
06-04 20:54:35.666 I/a2dp_codec( 3916): packages/modules/Bluetooth/system/stack/a2dp/a2dp_codec_config.cc:116 createCodec: Opus
06-04 20:54:35.666 I/a2dp_codec( 3916): packages/modules/Bluetooth/system/stack/a2dp/a2dp_codec_config.cc:642 init: init: updated Opus codec priority to -1
06-04 20:54:35.666 I/a2dp_codec( 3916): packages/modules/Bluetooth/system/stack/a2dp/a2dp_codec_config.cc:116 createCodec: SBC SINK
06-04 20:54:35.666 I/a2dp_codec( 3916): packages/modules/Bluetooth/system/stack/a2dp/a2dp_codec_config.cc:116 createCodec: AAC SINK
06-04 20:54:35.666 I/a2dp_codec( 3916): packages/modules/Bluetooth/system/stack/a2dp/a2dp_codec_config.cc:116 createCodec: LDAC SINK
06-04 20:54:35.670 I/a2dp_vendor_ldac_decoder( 3916): packages/modules/Bluetooth/system/stack/a2dp/a2dp_vendor_ldac_decoder.cc:130 A2DP_VendorLoadDecoderLdac: A2DP_VendorLoadDecoderLdac: cannot open LDAC decoder library libldacBT_bco.so: dlopen failed: library "libldacBT_bco.so" not found
06-04 20:54:35.670 E/a2dp_vendor_ldac( 3916): packages/modules/Bluetooth/system/stack/a2dp/a2dp_vendor_ldac.cc:1422 init: init: cannot load the decoder
06-04 20:54:35.670 I/a2dp_codec( 3916): packages/modules/Bluetooth/system/stack/a2dp/a2dp_codec_config.cc:116 createCodec: Opus SINK
06-04 20:54:35.670 I/a2dp_codec( 3916): packages/modules/Bluetooth/system/stack/a2dp/a2dp_codec_config.cc:667 init: init: initialized Source codec LDAC
06-04 20:54:35.670 I/a2dp_codec( 3916): packages/modules/Bluetooth/system/stack/a2dp/a2dp_codec_config.cc:667 init: init: initialized Source codec aptX-HD
06-04 20:54:35.670 I/a2dp_codec( 3916): packages/modules/Bluetooth/system/stack/a2dp/a2dp_codec_config.cc:667 init: init: initialized Source codec aptX
06-04 20:54:35.670 I/a2dp_codec( 3916): packages/modules/Bluetooth/system/stack/a2dp/a2dp_codec_config.cc:667 init: init: initialized Source codec AAC
06-04 20:54:35.670 I/a2dp_codec( 3916): packages/modules/Bluetooth/system/stack/a2dp/a2dp_codec_config.cc:667 init: init: initialized Source codec SBC
06-04 20:54:35.670 I/a2dp_codec( 3916): packages/modules/Bluetooth/system/stack/a2dp/a2dp_codec_config.cc:674 init: init: initialized Sink codec Opus SINK
06-04 20:54:35.670 I/a2dp_codec( 3916): packages/modules/Bluetooth/system/stack/a2dp/a2dp_codec_config.cc:674 init: init: initialized Sink codec AAC SINK
06-04 20:54:35.670 I/a2dp_codec( 3916): packages/modules/Bluetooth/system/stack/a2dp/a2dp_codec_config.cc:674 init: init: initialized Sink codec SBC SINK
06-04 20:54:35.670 I/bt_btif_a2dp_source( 3916): packages/modules/Bluetooth/system/btif/src/btif_a2dp_source.cc:331 btif_a2dp_source_init: btif_a2dp_source_init
06-04 20:54:35.670 I/bt_stack( 3916): [INFO:message_loop_thread.cc(184)] Run: message loop starting for thread bt_a2dp_source_worker_thread
06-04 20:54:35.670 I/bt_btif_storage( 3916): packages/modules/Bluetooth/system/btif/src/btif_storage.cc:653 btif_storage_get_adapter_property: btif_storage_get_adapter_property service_mask:0x20000008
06-04 20:54:35.670 I/bt_bta_av( 3916): packages/modules/Bluetooth/system/bta/av/bta_av_main.cc:431 bta_av_api_register: bta_av_api_register: AVRCP version used for sdp: "avrcp15"
06-04 20:54:35.670 I/bt_l2cap( 3916): packages/modules/Bluetooth/system/stack/l2cap/l2c_api.cc:172 L2CA_Register: L2CAP Registered service classic PSM: 0x0019
06-04 20:54:35.670 I/bt_l2cap( 3916): packages/modules/Bluetooth/system/stack/l2cap/l2c_api.cc:172 L2CA_Register: L2CAP Registered service classic PSM: 0x0017
06-04 20:54:35.670 I/bt_l2cap( 3916): packages/modules/Bluetooth/system/stack/l2cap/l2c_api.cc:172 L2CA_Register: L2CAP Registered service classic PSM: 0x001b
06-04 20:54:35.670 I/bt_btif_a2dp_source( 3916): packages/modules/Bluetooth/system/btif/src/btif_a2dp_source.cc:341 btif_a2dp_source_init_delayed: btif_a2dp_source_init_delayed
06-04 20:54:35.671 I/bt_bta_dm( 3916): packages/modules/Bluetooth/system/bta/dm/bta_dm_act.cc:3456 bta_dm_eir_update_uuid: EIR Adding UUID=0x110A into extended inquiry response
06-04 20:54:35.671 I/bt_bta_dm( 3916): packages/modules/Bluetooth/system/bta/dm/bta_dm_act.cc:3155 bta_dm_set_eir: Generating extended inquiry response packet EIR
06-04 20:54:35.671 I/bt_bta_av( 3916): packages/modules/Bluetooth/system/bta/av/bta_av_act.cc:305 bta_av_rc_create: Skipping RC creation for the old AVRCP profile
06-04 20:54:35.671 I/bt_bta_av( 3916): packages/modules/Bluetooth/system/bta/av/bta_av_main.cc:431 bta_av_api_register: bta_av_api_register: AVRCP version used for sdp: "avrcp15"
06-04 20:54:35.671 D/A2dpService( 3916): A2DP offload flag set to false
06-04 20:54:35.671 I/bt_bta_av( 3916): packages/modules/Bluetooth/system/bta/av/bta_av_main.cc:431 bta_av_api_register: bta_av_api_register: AVRCP version used for sdp: "avrcp15"
06-04 20:54:35.671 I/bt_bta_av( 3916): packages/modules/Bluetooth/system/bta/av/bta_av_main.cc:431 bta_av_api_register: bta_av_api_register: AVRCP version used for sdp: "avrcp15"
06-04 20:54:35.671 I/bt_bta_av( 3916): packages/modules/Bluetooth/system/bta/av/bta_av_main.cc:431 bta_av_api_register: bta_av_api_register: AVRCP version used for sdp: "avrcp15"
06-04 20:54:35.671 I/bt_bta_av( 3916): packages/modules/Bluetooth/system/bta/av/bta_av_main.cc:431 bta_av_api_register: bta_av_api_register: AVRCP version used for sdp: "avrcp15"
06-04 20:54:35.673 D/A2dpService( 3916): setA2dpService(): set to: com.android.bluetooth.a2dp.A2dpService@ff23dec
06-04 20:54:35.673 D/ActivityAttributionService( 3916): notifyActivityAttributionInfo UID=1002 packageName=com.android.bluetooth deviceAddress=no_active_device_address
06-04 20:54:35.673 I/bt_btif ( 3916): packages/modules/Bluetooth/system/btif/src/bluetooth.cc:829 get_profile_interface: get_profile_interface: id = activity_attribution
06-04 20:54:35.673 D/ActiveDeviceManager( 3916): handleAdapterStateChanged: currentState=11
06-04 20:54:35.676 I/AvrcpTargetService( 3916): User unlocked, initializing the service
06-04 20:54:35.676 I/AvrcpTargetService( 3916): Starting the AVRCP Target Service
06-04 20:54:35.677 V/MediaPlayerList( 3916): Creating MediaPlayerList
06-04 20:54:35.680 D/MediaSessionService( 711): The MediaKeyEventSessionChangedListener (android.os.BinderProxy@109f27) is added by com.android.bluetooth
06-04 20:54:35.681 I/AvrcpTargetJni( 3916): classInitNative: AvrcpTargetJni initialized!
06-04 20:54:35.681 D/AvrcpTargetJni( 3916): initNative
06-04 20:54:35.681 I/bt_stack( 3916): [INFO:avrcp_service.cc(375)] AVRCP Target Service started
06-04 20:54:35.681 I/bt_bta_dm( 3916): packages/modules/Bluetooth/system/bta/dm/bta_dm_act.cc:3456 bta_dm_eir_update_uuid: EIR Adding UUID=0x110C into extended inquiry response
06-04 20:54:35.681 I/bt_bta_dm( 3916): packages/modules/Bluetooth/system/bta/dm/bta_dm_act.cc:3155 bta_dm_set_eir: Generating extended inquiry response packet EIR
06-04 20:54:35.682 I/bt_bta_dm( 3916): packages/modules/Bluetooth/system/bta/dm/bta_dm_act.cc:3456 bta_dm_eir_update_uuid: EIR Adding UUID=0x110E into extended inquiry response
06-04 20:54:35.682 I/bt_bta_dm( 3916): packages/modules/Bluetooth/system/bta/dm/bta_dm_act.cc:3155 bta_dm_set_eir: Generating extended inquiry response packet EIR
06-04 20:54:35.682 I/bt_stack( 3916): [INFO:connection_handler.cc(200)] Connect to device ff:ff:ff:ff:ff:ff
06-04 20:54:35.682 I/bt_stack( 3916): [INFO:connection_handler.cc(222)] virtual bool bluetooth::avrcp::ConnectionHandler::AvrcpConnect(bool, const RawAddress &): handle=0000 status= 000000
06-04 20:54:35.686 V/MediaPlayerList( 3916): Initializing MediaPlayerList
06-04 20:54:35.687 I/BrowsedPlayerWrapper( 3916): Wrapping Media Browser com.android.bluetooth
06-04 20:54:35.687 I/BrowsedPlayerWrapper( 3916): Wrapping Media Browser com.android.music
06-04 20:54:35.687 E/AvrcpTargetService( 3916): Please use AVRCP version 1.6 to enable cover art
06-04 20:54:35.688 D/ActivityAttributionService( 3916): notifyActivityAttributionInfo UID=1002 packageName=com.android.bluetooth deviceAddress=no_active_device_address
06-04 20:54:35.688 I/bt_btif ( 3916): packages/modules/Bluetooth/system/btif/src/bluetooth.cc:829 get_profile_interface: get_profile_interface: id = activity_attribution
06-04 20:54:35.689 I/HeadsetService( 3916): create()
06-04 20:54:35.690 I/HeadsetService( 3916): start()
06-04 20:54:35.694 I/BluetoothHeadsetServiceJni( 3916): classInitNative: succeeds
06-04 20:54:35.694 W/HeadsetClientService( 3916): getHeadsetClientService(): service is null
06-04 20:54:35.694 I/bt_btif ( 3916): packages/modules/Bluetooth/system/btif/src/bluetooth.cc:829 get_profile_interface: get_profile_interface: id = handsfree
06-04 20:54:35.694 I/bt_stack( 3916): [INFO:btif_hf.cc(1626)] GetInterface
06-04 20:54:35.694 I/bt_btif_hf( 3916): packages/modules/Bluetooth/system/btif/src/btif_hf.cc:1590 ExecuteService: service starts to: Initialize
06-04 20:54:35.694 I/bt_btif_storage( 3916): packages/modules/Bluetooth/system/btif/src/btif_storage.cc:653 btif_storage_get_adapter_property: btif_storage_get_adapter_property service_mask:0x20000048
06-04 20:54:35.694 I/bluetooth( 3916): packages/modules/Bluetooth/system/bta/ag/bta_ag_main.cc:405 bta_ag_api_enable: AG api enable
06-04 20:54:35.694 I/bluetooth( 3916): packages/modules/Bluetooth/system/bta/ag/bta_ag_sdp.cc:146 bta_ag_add_record: features: 135023
06-04 20:54:35.694 I/bt_bta_dm( 3916): packages/modules/Bluetooth/system/bta/dm/bta_dm_act.cc:3456 bta_dm_eir_update_uuid: EIR Adding UUID=0x1112 into extended inquiry response
06-04 20:54:35.694 I/bt_bta_dm( 3916): packages/modules/Bluetooth/system/bta/dm/bta_dm_act.cc:3155 bta_dm_set_eir: Generating extended inquiry response packet EIR
06-04 20:54:35.694 I/bt_stack( 3916): [INFO:btif_hf.cc(318)] btif_hf_upstreams_evt: AG enable/disable event 0
06-04 20:54:35.694 I/bluetooth( 3916): packages/modules/Bluetooth/system/bta/ag/bta_ag_sdp.cc:146 bta_ag_add_record: features: 135023
06-04 20:54:35.694 I/bt_bta_dm( 3916): packages/modules/Bluetooth/system/bta/dm/bta_dm_act.cc:3456 bta_dm_eir_update_uuid: EIR Adding UUID=0x111F into extended inquiry response
06-04 20:54:35.694 I/bt_bta_dm( 3916): packages/modules/Bluetooth/system/bta/dm/bta_dm_act.cc:3155 bta_dm_set_eir: Generating extended inquiry response packet EIR
06-04 20:54:35.695 I/bt_stack( 3916): [INFO:port_api.cc(220)] RFCOMM_CreateConnectionWithSecurity: bd_addr=ff:ff:ff:ff:ff:ff, scn=2, is_server=1, mtu=256, uuid=0x1112, dlci=4, signal_state=0x0b, p_port=0xc58a43b0
06-04 20:54:35.695 I/bt_stack( 3916): [INFO:port_api.cc(220)] RFCOMM_CreateConnectionWithSecurity: bd_addr=ff:ff:ff:ff:ff:ff, scn=3, is_server=1, mtu=256, uuid=0x111f, dlci=6, signal_state=0x0b, p_port=0xc58a4438
06-04 20:54:35.695 I/bt_stack( 3916): [INFO:port_api.cc(220)] RFCOMM_CreateConnectionWithSecurity: bd_addr=ff:ff:ff:ff:ff:ff, scn=2, is_server=1, mtu=256, uuid=0x1112, dlci=4, signal_state=0x0b, p_port=0xc58a44c0
06-04 20:54:35.695 I/bt_stack( 3916): [INFO:port_api.cc(220)] RFCOMM_CreateConnectionWithSecurity: bd_addr=ff:ff:ff:ff:ff:ff, scn=3, is_server=1, mtu=256, uuid=0x111f, dlci=6, signal_state=0x0b, p_port=0xc58a4548
06-04 20:54:35.695 I/bt_stack( 3916): [INFO:port_api.cc(220)] RFCOMM_CreateConnectionWithSecurity: bd_addr=ff:ff:ff:ff:ff:ff, scn=2, is_server=1, mtu=256, uuid=0x1112, dlci=4, signal_state=0x0b, p_port=0xc58a45d0
06-04 20:54:35.695 I/bt_stack( 3916): [INFO:port_api.cc(220)] RFCOMM_CreateConnectionWithSecurity: bd_addr=ff:ff:ff:ff:ff:ff, scn=3, is_server=1, mtu=256, uuid=0x111f, dlci=6, signal_state=0x0b, p_port=0xc58a4658
06-04 20:54:35.695 I/bt_stack( 3916): [INFO:port_api.cc(220)] RFCOMM_CreateConnectionWithSecurity: bd_addr=ff:ff:ff:ff:ff:ff, scn=2, is_server=1, mtu=256, uuid=0x1112, dlci=4, signal_state=0x0b, p_port=0xc58a46e0
06-04 20:54:35.695 I/bt_stack( 3916): [INFO:port_api.cc(220)] RFCOMM_CreateConnectionWithSecurity: bd_addr=ff:ff:ff:ff:ff:ff, scn=3, is_server=1, mtu=256, uuid=0x111f, dlci=6, signal_state=0x0b, p_port=0xc58a4768
06-04 20:54:35.695 I/bt_stack( 3916): [INFO:port_api.cc(220)] RFCOMM_CreateConnectionWithSecurity: bd_addr=ff:ff:ff:ff:ff:ff, scn=2, is_server=1, mtu=256, uuid=0x1112, dlci=4, signal_state=0x0b, p_port=0xc58a47f0
06-04 20:54:35.695 I/bt_stack( 3916): [INFO:port_api.cc(220)] RFCOMM_CreateConnectionWithSecurity: bd_addr=ff:ff:ff:ff:ff:ff, scn=3, is_server=1, mtu=256, uuid=0x111f, dlci=6, signal_state=0x0b, p_port=0xc58a4878
06-04 20:54:35.695 I/bt_stack( 3916): [INFO:port_api.cc(220)] RFCOMM_CreateConnectionWithSecurity: bd_addr=ff:ff:ff:ff:ff:ff, scn=2, is_server=1, mtu=256, uuid=0x1112, dlci=4, signal_state=0x0b, p_port=0xc58a4900
06-04 20:54:35.695 I/bt_stack( 3916): [INFO:port_api.cc(220)] RFCOMM_CreateConnectionWithSecurity: bd_addr=ff:ff:ff:ff:ff:ff, scn=3, is_server=1, mtu=256, uuid=0x111f, dlci=6, signal_state=0x0b, p_port=0xc58a4988
06-04 20:54:35.696 D/ActivityAttributionService( 3916): notifyActivityAttributionInfo UID=1002 packageName=com.android.bluetooth deviceAddress=no_active_device_address
06-04 20:54:35.696 I/bt_btif ( 3916): packages/modules/Bluetooth/system/btif/src/bluetooth.cc:829 get_profile_interface: get_profile_interface: id = activity_attribution
06-04 20:54:35.697 D/HearingAidService( 3916): create()
06-04 20:54:35.698 D/HearingAidService( 3916): start()
06-04 20:54:35.698 I/bt_stack( 3916): [INFO:com_android_bluetooth_hearing_aid.cpp(97)] classInitNative: succeeds
06-04 20:54:35.700 D/HearingAidService( 3916): setHearingAidService(): set to: com.android.bluetooth.hearingaid.HearingAidService@5635987
06-04 20:54:35.700 I/bt_btif ( 3916): packages/modules/Bluetooth/system/btif/src/bluetooth.cc:829 get_profile_interface: get_profile_interface: id = hearing_aid
06-04 20:54:35.700 D/ActivityAttributionService( 3916): notifyActivityAttributionInfo UID=1002 packageName=com.android.bluetooth deviceAddress=no_active_device_address
06-04 20:54:35.700 I/bt_btif ( 3916): packages/modules/Bluetooth/system/btif/src/bluetooth.cc:829 get_profile_interface: get_profile_interface: id = activity_attribution
06-04 20:54:35.700 I/bt_stack( 3916): [INFO:hearing_aid_software_encoding_aidl.cc(182)] init
06-04 20:54:35.703 I/bt_btif ( 3916): packages/modules/Bluetooth/system/btif/src/bluetooth.cc:829 get_profile_interface: get_profile_interface: id = hidhost
06-04 20:54:35.703 I/bt_btif_storage( 3916): packages/modules/Bluetooth/system/btif/src/btif_storage.cc:653 btif_storage_get_adapter_property: btif_storage_get_adapter_property service_mask:0x20100048
06-04 20:54:35.704 I/BTAudioProviderFactoryAIDL( 492): getProviderCapabilities - SessionType=HEARING_AID_SOFTWARE_ENCODING_DATAPATH supports 1 codecs
06-04 20:54:35.705 I/bt_stack( 3916): [INFO:client_interface_aidl.cc(124)] FetchAudioProvider: BluetoothAudioHal SessionType=HEARING_AID_SOFTWARE_ENCODING_DATAPATH has 1 AudioCapabilities
06-04 20:54:35.705 I/BTAudioProviderFactoryAIDL( 492): openProvider - SessionType=HEARING_AID_SOFTWARE_ENCODING_DATAPATH
06-04 20:54:35.705 I/BTAudioProviderHearingAid( 492): HearingAidAudioProvider - size of audio buffer 3584 byte(s)
06-04 20:54:35.706 I/bt_stack( 3916): [INFO:client_interface_aidl.cc(143)] IBluetoothAudioProvidersFactory::openProvider() returned 0xf4024ad0 (remote)
06-04 20:54:35.706 I/bluetooth( 3916): packages/modules/Bluetooth/system/stack/gatt/gatt_api.cc:1257 GATT_Register: Allocated name:GattClient uuid:ef70601e-005d-f6b6-8aa4-f99f0978c093 gatt_if:4 eatt_support:0
06-04 20:54:35.706 I/bt_l2cap( 3916): packages/modules/Bluetooth/system/stack/l2cap/l2c_api.cc:172 L2CA_Register: L2CAP Registered service classic PSM: 0x0011
06-04 20:54:35.706 I/bt_l2cap( 3916): packages/modules/Bluetooth/system/stack/l2cap/l2c_api.cc:172 L2CA_Register: L2CAP Registered service classic PSM: 0x0013
06-04 20:54:35.706 I/bluetooth( 3916): packages/modules/Bluetooth/system/stack/gatt/gatt_api.cc:1257 GATT_Register: Allocated name:GattClient uuid:75fc7273-c271-b6f8-748c-4400fa618db3 gatt_if:5 eatt_support:0
06-04 20:54:35.706 W/bt_stack( 3916): [WARNING:btif_hh.cc(467)] Added device xx:xx:xx:xx:c0:7a
06-04 20:54:35.706 I/bt_bta_gattc( 3916): packages/modules/Bluetooth/system/bta/gatt/bta_gattc_act.cc:429 bta_gattc_init_bk_conn: Not a connected remote device yet
06-04 20:54:35.706 I/bluetooth( 3916): packages/modules/Bluetooth/system/gd/hci/le_address_manager.cc:178 register_client: Client registered
06-04 20:54:35.707 W/bt_btif ( 3916): packages/modules/Bluetooth/system/main/bte_logmsg.cc:108 LogMsg: BTA_HH_ADD_DEV_EVT: status = 0, handle = 16
06-04 20:54:35.707 I/bluetooth( 3916): packages/modules/Bluetooth/system/gd/hci/le_address_manager.cc:265 ack_pause: Client already in paused state
06-04 20:54:35.709 I/bluetooth( 3916): packages/modules/Bluetooth/system/gd/hci/le_address_manager.cc:596 OnCommandComplete: Received command complete with op_code LE_ADD_DEVICE_TO_FILTER_ACCEPT_LIST
06-04 20:54:35.709 I/bluetooth( 3916): packages/modules/Bluetooth/system/gd/hci/le_address_manager.cc:294 resume_registered_clients: Resuming registered clients
06-04 20:54:35.711 I/bluetooth( 3916): packages/modules/Bluetooth/system/gd/hci/acl_manager/le_impl.h:878 update_connectability_state_after_armed: Le connection state machine armed state:ConnectabilityState::ARMED status:SUCCESS
06-04 20:54:35.712 D/BtOppService( 3916): setBluetoothOppService(): set to: com.android.bluetooth.opp.BluetoothOppService@6920723
06-04 20:54:35.712 D/ActivityAttributionService( 3916): notifyActivityAttributionInfo UID=1002 packageName=com.android.bluetooth deviceAddress=no_active_device_address
06-04 20:54:35.712 I/bt_btif ( 3916): packages/modules/Bluetooth/system/btif/src/bluetooth.cc:829 get_profile_interface: get_profile_interface: id = activity_attribution
06-04 20:54:35.714 D/BluetoothPanServiceJni( 3916): initializeNative(L113): pan
06-04 20:54:35.714 I/bt_btif ( 3916): packages/modules/Bluetooth/system/btif/src/bluetooth.cc:829 get_profile_interface: get_profile_interface: id = pan
06-04 20:54:35.714 I/bt_l2cap( 3916): packages/modules/Bluetooth/system/stack/l2cap/l2c_api.cc:172 L2CA_Register: L2CAP Registered service classic PSM: 0x000f
06-04 20:54:35.714 I/bt_bta_dm( 3916): packages/modules/Bluetooth/system/bta/dm/bta_dm_act.cc:3456 bta_dm_eir_update_uuid: EIR Adding UUID=0x1116 into extended inquiry response
06-04 20:54:35.714 I/bt_bta_dm( 3916): packages/modules/Bluetooth/system/bta/dm/bta_dm_act.cc:3155 bta_dm_set_eir: Generating extended inquiry response packet EIR
06-04 20:54:35.714 I/bt_bta_dm( 3916): packages/modules/Bluetooth/system/bta/dm/bta_dm_act.cc:3456 bta_dm_eir_update_uuid: EIR Adding UUID=0x1115 into extended inquiry response
06-04 20:54:35.714 I/bt_bta_dm( 3916): packages/modules/Bluetooth/system/bta/dm/bta_dm_act.cc:3155 bta_dm_set_eir: Generating extended inquiry response packet EIR
06-04 20:54:35.714 I/bt_bta_dm( 3916): packages/modules/Bluetooth/system/bta/dm/bta_dm_act.cc:3456 bta_dm_eir_update_uuid: EIR Adding UUID=0x1116 into extended inquiry response
06-04 20:54:35.714 I/bt_bta_dm( 3916): packages/modules/Bluetooth/system/bta/dm/bta_dm_act.cc:3155 bta_dm_set_eir: Generating extended inquiry response packet EIR
06-04 20:54:35.714 I/bt_bta_dm( 3916): packages/modules/Bluetooth/system/bta/dm/bta_dm_act.cc:3456 bta_dm_eir_update_uuid: EIR Adding UUID=0x1115 into extended inquiry response
06-04 20:54:35.714 I/bt_bta_dm( 3916): packages/modules/Bluetooth/system/bta/dm/bta_dm_act.cc:3155 bta_dm_set_eir: Generating extended inquiry response packet EIR
06-04 20:54:35.715 D/BluetoothPanServiceJni( 3916): control_state_callback(L60): state:0, local_role:3, ifname:bt-pan
06-04 20:54:35.716 I/TetheringManager( 3916): registerTetheringEventCallback:com.android.bluetooth
06-04 20:54:35.716 I/TetheringManager( 3916): registerTetheringEventCallback caller:com.android.bluetooth
06-04 20:54:35.716 D/AvrcpVolumeManager( 3916): onAudioDevicesAdded: Not expecting device changed
06-04 20:54:35.719 D/CompatibilityChangeReporter( 711): Compat change id reported: 261072174; UID 1002; state: ENABLED
06-04 20:54:35.721 D/CompatibilityChangeReporter( 711): Compat change id reported: 161252188; UID 10049; state: DISABLED
06-04 20:54:35.723 D/ActivityManager( 711): sync unfroze 1584 com.android.music for 6
06-04 20:54:35.724 D/hdmicecd( 505): [CEC]:printCecMessage, [4 -> f] len: 4, body: 84 30 00 04, result:success
06-04 20:54:35.724 E/IPCThreadState( 505): binder thread pool (1 threads) starved for 154 ms
06-04 20:54:35.725 D/HDMI ( 711): [S]: 4F:87:1C:A4:10
06-04 20:54:35.726 W/ProcessStats( 711): Tracking association SourceState{43de92a com.android.bluetooth/1002 ImpFg #597} whose proc state 5 is better than process ProcessState{2f3810e com.android.music/10049 pkg=com.android.music} proc state 15 (0 skipped)
06-04 20:54:35.727 D/HeadsetPhoneState( 3916): sendDeviceStateChanged. mService=0 mSignal=0 mRoam=0 mBatteryCharge=3
06-04 20:54:35.728 D/CompatibilityChangeReporter( 3916): Compat change id reported: 150939131; UID 1002; state: ENABLED
06-04 20:54:35.728 D/AdapterProperties( 3916): onBluetoothReady, state=TURNING_ON, ScanMode=20
06-04 20:54:35.732 D/BluetoothAdapterService( 3916): updateUuids() - Updating UUIDs for bonded devices
06-04 20:54:35.732 I/BluetoothAdapterService( 3916): initProfileServices: Initializing all bluetooth profile services
06-04 20:54:35.732 W/HeadsetClientService( 3916): getHeadsetClientService(): service is null
06-04 20:54:35.732 W/BluetoothMapService( 3916): getBluetoothMapService(): service is null
06-04 20:54:35.732 W/MapClientService( 3916): getMapClientService(): service is null
06-04 20:54:35.732 D/HidDeviceService( 3916): getHidDeviceService(): service is NULL
06-04 20:54:35.732 W/BluetoothPbapService( 3916): getBluetoothPbapService(): service is null
06-04 20:54:35.732 W/PbapClientService( 3916): getPbapClientService(): service is null
06-04 20:54:35.732 W/HapClientService( 3916): getHapClientService(): service is NULL
06-04 20:54:35.732 W/SapService( 3916): getSapService(): service is null
06-04 20:54:35.732 W/VolumeControlService( 3916): getVolumeControlService(): service is NULL
06-04 20:54:35.732 W/CsipSetCoordinatorService( 3916): getCsipSetCoordinatorService(): service is NULL
06-04 20:54:35.732 W/LeAudioService( 3916): getLeAudioService(): service is NULL
06-04 20:54:35.732 W/BassClientService( 3916): getBassClientService(): service is NULL
06-04 20:54:35.732 W/BatteryService( 3916): getBatteryService(): service is NULL
06-04 20:54:35.732 D/AdapterProperties( 3916): Scan Mode:21
06-04 20:54:35.733 D/AdapterProperties( 3916): Discoverable Timeout:120
06-04 20:54:35.733 D/AdapterProperties( 3916): mLocalIOCapability set to 1
06-04 20:54:35.733 I/AdapterState( 3916): ON : entered
06-04 20:54:35.733 D/AdapterProperties( 3916): Setting state to ON
06-04 20:54:35.735 I/MediaSessionStack( 711): addSession to bottom of stack | record: com.android.music/MediaPlaybackService (userId=0)
06-04 20:54:35.735 D/BluetoothAdapterService( 3916): updateAdapterState() - Broadcasting state ON to 1 receivers.
06-04 20:54:35.736 D/BluetoothManagerService( 711): MESSAGE_BLUETOOTH_STATE_CHANGE: TURNING_ON > ON
06-04 20:54:35.736 D/BluetoothManagerService( 711): Broadcasting onBluetoothStateChange(true) to 23 receivers.
06-04 20:54:35.736 D/BluetoothLeAudio( 711): Binding service...
06-04 20:54:35.736 W/BluetoothManagerService( 711): Cannot bind profile: 22, not in supported profiles list
06-04 20:54:35.736 D/BluetoothA2dpSink( 711): Binding service...
06-04 20:54:35.736 W/BluetoothManagerService( 711): Cannot bind profile: 11, not in supported profiles list
06-04 20:54:35.736 D/BluetoothHearingAid( 711): Binding service...
06-04 20:54:35.737 D/BluetoothManagerService( 711): Creating new ProfileServiceConnections object for profile: 21
06-04 20:54:35.737 D/BluetoothHearingAid( 1328): Binding service...
06-04 20:54:35.737 D/BluetoothA2dp( 1105): Binding service...
06-04 20:54:35.738 I/BluetoothCompanionManager( 3916): Companion device is null, type=0
06-04 20:54:35.740 D/BluetoothManagerService( 711): Creating new ProfileServiceConnections object for profile: 2
06-04 20:54:35.741 D/BluetoothHearingAid( 711): Binding service...
06-04 20:54:35.741 D/BluetoothHeadset( 1328): Binding service...
06-04 20:54:35.743 D/BluetoothLeAudio( 711): Binding service...
06-04 20:54:35.743 D/BluetoothManagerService( 711): Creating new ProfileServiceConnections object for profile: 1
06-04 20:54:35.743 D/BluetoothPan( 1328): Binding service...
06-04 20:54:35.743 W/MediaSessionCompat( 3916): Couldn't find a unique registered media button receiver in the given context.
06-04 20:54:35.745 I/MediaSessionStack( 711): addSession to bottom of stack | record: com.android.bluetooth/BluetoothMediaBrowserService (userId=0)
06-04 20:54:35.746 W/BluetoothManagerService( 711): Cannot bind profile: 22, not in supported profiles list
06-04 20:54:35.747 D/BluetoothLeAudio( 711): Binding service...
06-04 20:54:35.747 W/BluetoothManagerService( 711): Cannot bind profile: 22, not in supported profiles list
06-04 20:54:35.747 D/BluetoothHearingAid( 711): Binding service...
06-04 20:54:35.747 D/BluetoothLeAudioBroadcast( 711): Binding service...
06-04 20:54:35.747 W/BluetoothManagerService( 711): Cannot bind profile: 26, not in supported profiles list
06-04 20:54:35.747 D/BluetoothA2dp( 711): Binding service...
06-04 20:54:35.747 D/BluetoothA2dp( 1328): Binding service...
06-04 20:54:35.747 D/BluetoothA2dp( 711): Binding service...
06-04 20:54:35.747 D/BluetoothPan( 1328): Binding service...
06-04 20:54:35.747 D/BluetoothHeadset( 711): Binding service...
06-04 20:54:35.747 D/BluetoothA2dp( 711): Binding service...
06-04 20:54:35.747 D/BluetoothPan( 1105): Binding service...
06-04 20:54:35.747 D/BluetoothHidHost( 1328): Binding service...
06-04 20:54:35.747 D/BluetoothManagerService( 711): Sending BLE State Change: TURNING_ON > ON
06-04 20:54:35.747 D/BluetoothManagerService( 711): Creating new ProfileServiceConnections object for profile: 4
06-04 20:54:35.747 D/BluetoothManagerService( 711): Sending State Change: TURNING_ON > ON
06-04 20:54:35.749 D/BluetoothHeadset( 1105): Binding service...
06-04 20:54:35.749 D/BluetoothHearingAid( 1105): Binding service...
06-04 20:54:35.750 D/BluetoothHidHost( 1105): Binding service...
06-04 20:54:35.751 I/wpa_supplicant( 1187): wpa_driver_nl80211_driver_cmd: wifi vendor: aml_w2_s
06-04 20:54:35.751 I/wpa_supplicant( 1187): wpa_driver_nl80211_driver_cmd: wlan0: private command: BTCOEXSCAN-STOP
06-04 20:54:35.752 I/BLE_Service( 1105): ACTION STATE CHANGED was 12
06-04 20:54:35.752 I/BLE_Service( 1105): Bluetooth is ON
06-04 20:54:35.752 W/System.err( 1105): java.io.FileNotFoundException: /sys/class/aml_btusb/aml_btusb/aml_rclist: open failed: ENOENT (No such file or directory)
06-04 20:54:35.752 W/System.err( 1105): at libcore.io.IoBridge.open(IoBridge.java:574)
06-04 20:54:35.752 W/System.err( 1105): at java.io.FileOutputStream.(FileOutputStream.java:236)
06-04 20:54:35.752 W/System.err( 1105): at java.io.FileOutputStream.(FileOutputStream.java:125)
06-04 20:54:35.752 W/System.err( 1105): at java.io.FileWriter.(FileWriter.java:66)
06-04 20:54:35.752 W/System.err( 1105): at com.droidlogic.btpair.DialogBluetoothService.writeFileFromString(DialogBluetoothService.java:294)
06-04 20:54:35.752 W/System.err( 1105): at com.droidlogic.btpair.DialogBluetoothService.-$$Nest$mwriteFileFromString(Unknown Source:0)
06-04 20:54:35.752 W/System.err( 1105): at com.droidlogic.btpair.DialogBluetoothService$1.onReceive(DialogBluetoothService.java:174)
06-04 20:54:35.752 W/System.err( 1105): at android.app.LoadedApk$ReceiverDispatcher$Args.lambda$getRunnable$0(LoadedApk.java:1811)
06-04 20:54:35.752 W/System.err( 1105): at android.app.LoadedApk$ReceiverDispatcher$Args.$r8$lambda$gDuJqgxY6Zb-ifyeubKeivTLAwk(Unknown Source:0)
06-04 20:54:35.752 W/System.err( 1105): at android.app.LoadedApk$ReceiverDispatcher$Args$$ExternalSyntheticLambda0.run(Unknown Source:2)
06-04 20:54:35.752 W/System.err( 1105): at android.os.Handler.handleCallback(Handler.java:958)
06-04 20:54:35.753 W/System.err( 1105): at android.os.Handler.dispatchMessage(Handler.java:99)
06-04 20:54:35.753 W/System.err( 1105): at android.os.Looper.loopOnce(Looper.java:205)
06-04 20:54:35.753 W/System.err( 1105): at android.os.Looper.loop(Looper.java:294)
06-04 20:54:35.753 W/System.err( 1105): at android.app.ActivityThread.main(ActivityThread.java:8255)
06-04 20:54:35.753 W/System.err( 1105): at java.lang.reflect.Method.invoke(Native Method)
06-04 20:54:35.753 W/System.err( 1105): at com.android.internal.os.RuntimeInit$MethodAndArgsCaller.run(RuntimeInit.java:552)
06-04 20:54:35.753 W/System.err( 1105): at com.android.internal.os.ZygoteInit.main(ZygoteInit.java:978)
06-04 20:54:35.753 W/System.err( 1105): Caused by: android.system.ErrnoException: open failed: ENOENT (No such file or directory)
06-04 20:54:35.753 W/System.err( 1105): at libcore.io.Linux.open(Native Method)
06-04 20:54:35.753 W/System.err( 1105): at libcore.io.ForwardingOs.open(ForwardingOs.java:563)
06-04 20:54:35.753 W/System.err( 1105): at libcore.io.BlockGuardOs.open(BlockGuardOs.java:274)
06-04 20:54:35.753 W/System.err( 1105): at libcore.io.ForwardingOs.open(ForwardingOs.java:563)
06-04 20:54:35.753 W/System.err( 1105): at android.app.ActivityThread$AndroidOs.open(ActivityThread.java:8138)
06-04 20:54:35.753 W/System.err( 1105): at libcore.io.IoBridge.open(IoBridge.java:560)
06-04 20:54:35.753 W/System.err( 1105): ... 17 more
06-04 20:54:35.753 I/BLE_Service( 1105): GetToBondedDevicesMacAddress><
06-04 20:54:35.753 V/NearbyService( 711): Initiating BluetoothAdapter when Bluetooth is turned on.
06-04 20:54:35.755 I/BLE_Service( 1105): bondedDevices size: 1
06-04 20:54:35.755 W/System.err( 1105): java.io.FileNotFoundException: /sys/class/aml_btusb/aml_btusb/aml_rclist: open failed: ENOENT (No such file or directory)
06-04 20:54:35.755 W/System.err( 1105): at libcore.io.IoBridge.open(IoBridge.java:574)
06-04 20:54:35.756 W/System.err( 1105): at java.io.FileOutputStream.(FileOutputStream.java:236)
06-04 20:54:35.756 W/System.err( 1105): at java.io.FileOutputStream.(FileOutputStream.java:125)
06-04 20:54:35.756 W/System.err( 1105): at java.io.FileWriter.(FileWriter.java:66)
06-04 20:54:35.756 W/System.err( 1105): at com.droidlogic.btpair.DialogBluetoothService.writeFileFromString(DialogBluetoothService.java:294)
06-04 20:54:35.756 W/System.err( 1105): at com.droidlogic.btpair.DialogBluetoothService.GetToBondedDevicesMacAddress(DialogBluetoothService.java:452)
06-04 20:54:35.756 W/System.err( 1105): at com.droidlogic.btpair.DialogBluetoothService$1.onReceive(DialogBluetoothService.java:175)
06-04 20:54:35.756 W/System.err( 1105): at android.app.LoadedApk$ReceiverDispatcher$Args.lambda$getRunnable$0(LoadedApk.java:1811)
