06-04 20:52:01.334 D/CompatibilityChangeReporter( 711): Compat change id reported: 273564678; UID 10059; state: DISABLED
06-04 20:52:01.354 D/CompatibilityChangeReporter( 711): Compat change id reported: 170503758; UID 10059; state: ENABLED
06-04 20:52:01.441 D/HDMI ( 711): addCecDevice new:CEC: logical_address: 0x04 device_type: 4 cec_version: 5 vendor_id: 1877008 display_name: DBBOX-A3 power_status: 0 physical_address: 0x3000 port_id: 0 old:null
06-04 20:52:01.442 D/CompatibilityChangeReporter( 711): Compat change id reported: 218533173; UID 10027; state: ENABLED
06-04 20:52:01.443 D/CompatibilityChangeReporter( 711): Compat change id reported: 262645982; UID 10027; state: ENABLED
06-04 20:52:01.445 I/wificond( 633): createClientInterface: wiphy_index 0 iface_name wlan0
06-04 20:52:01.447 I/wificond( 633): create scanner for interface with index: 16
06-04 20:52:01.447 I/wificond( 633): subscribe scan result for interface with index: 16
06-04 20:52:01.448 I/wificond( 633): add channel type 0 support at wiphy index: 0
06-04 20:52:01.448 I/wificond( 633): add channel type 1 support at wiphy index: 0
06-04 20:52:01.454 D/CompatibilityChangeReporter( 711): Compat change id reported: 218533173; UID 10053; state: ENABLED
06-04 20:52:01.493 D/HDMI ( 711): onInitializeCecComplete 1
06-04 20:52:01.494 D/HdmiControlService( 711): Local device is under address allocation. Queue display callback for later process.
06-04 20:52:01.494 D/HDMI ( 711): onAddressAllocated address:4 reason:1
06-04 20:52:01.529 D/HDMI ( 711): [S]: 4F:84:30:00:04
06-04 20:52:01.546 D/CompatibilityChangeReporter( 711): Compat change id reported: 262645982; UID 10053; state: ENABLED
06-04 20:52:01.558 I/MR2ServiceImpl( 711): registerManager | uid: 10052, pid: 917, package: com.android.systemui, user: 0
06-04 20:52:01.566 D/HDMI ( 711): DeviceDiscoveryAction start com.android.server.hdmi.DeviceDiscoveryAction@8496d4
06-04 20:52:01.579 D/CompatibilityChangeReporter( 711): Compat change id reported: 182478738; UID 1073; state: ENABLED
06-04 20:52:01.583 D/CompatibilityChangeReporter( 711): Compat change id reported: 218533173; UID 10004; state: ENABLED
06-04 20:52:01.584 D/CompatibilityChangeReporter( 711): Compat change id reported: 262645982; UID 10004; state: ENABLED
06-04 20:52:01.592 D/CompatibilityChangeReporter( 711): Compat change id reported: 161145287; UID 1068; state: ENABLED
06-04 20:52:01.611 W/Looper ( 711): Slow dispatch took 338ms main h=android.os.Handler c=com.android.server.hdmi.WorkSourceUidPreservingRunnable@bbc0517 m=0
06-04 20:52:01.638 D/CompatibilityChangeReporter( 711): Compat change id reported: 218533173; UID 10042; state: DISABLED
06-04 20:52:01.638 D/CompatibilityChangeReporter( 711): Compat change id reported: 262645982; UID 10042; state: DISABLED
06-04 20:52:01.643 D/HDMI ( 711): receive android.intent.action.CONFIGURATION_CHANGED
06-04 20:52:01.664 E/android.hardware.wifi-service.droidlogic( 525): Failed to get SupportedRadioCombinations matrix from legacy HAL: NOT_SUPPORTED
06-04 20:52:01.681 D/CompatibilityChangeReporter( 711): Compat change id reported: 218533173; UID 10010; state: ENABLED
06-04 20:52:01.682 D/CompatibilityChangeReporter( 711): Compat change id reported: 262645982; UID 10010; state: ENABLED
06-04 20:52:01.683 D/CompatibilityChangeReporter( 711): Compat change id reported: 218533173; UID 10069; state: ENABLED
06-04 20:52:01.683 D/CompatibilityChangeReporter( 711): Compat change id reported: 262645982; UID 10069; state: ENABLED
06-04 20:52:01.684 D/CompatibilityChangeReporter( 711): Compat change id reported: 218533173; UID 10037; state: ENABLED
06-04 20:52:01.684 D/CompatibilityChangeReporter( 711): Compat change id reported: 262645982; UID 10037; state: ENABLED
06-04 20:52:01.685 D/HDMI ( 711): [S]: 4F:87:1C:A4:10
06-04 20:52:01.691 D/HDMI ( 711): receive android.intent.action.CONFIGURATION_CHANGED
06-04 20:52:01.706 I/HdmiCecLocalDeviceSource( 711): queryDisplayStatus already in progress
06-04 20:52:01.707 I/PackageWatchdog( 711): Syncing health check requests for packages: {}
06-04 20:52:01.707 I/ExplicitHealthCheckController( 711): Service not ready to get health check supported packages. Binding...
06-04 20:52:01.715 D/CompatibilityChangeReporter( 711): Compat change id reported: 218533173; UID 10067; state: ENABLED
06-04 20:52:01.716 D/CompatibilityChangeReporter( 711): Compat change id reported: 262645982; UID 10067; state: ENABLED
06-04 20:52:01.719 I/ExplicitHealthCheckController( 711): Explicit health check service is bound
06-04 20:52:01.722 D/CompatibilityChangeReporter( 711): Compat change id reported: 261072174; UID 1000; state: ENABLED
06-04 20:52:01.733 W/Looper ( 917): Slow dispatch took 2535ms main h=android.app.ActivityThread$H c=null m=110
06-04 20:52:01.734 W/Looper ( 917): Slow delivery took 2038ms main h=android.app.ActivityThread$H c=null m=164
06-04 20:52:01.738 D/CompatibilityChangeReporter( 711): Compat change id reported: 218533173; UID 10047; state: DISABLED
06-04 20:52:01.738 D/CompatibilityChangeReporter( 711): Compat change id reported: 262645982; UID 10047; state: DISABLED
06-04 20:52:01.741 D/CompatibilityChangeReporter( 711): Compat change id reported: 218533173; UID 10033; state: ENABLED
06-04 20:52:01.741 D/CompatibilityChangeReporter( 711): Compat change id reported: 262645982; UID 10033; state: ENABLED
06-04 20:52:01.742 D/CompatibilityChangeReporter( 711): Compat change id reported: 218533173; UID 10064; state: ENABLED
06-04 20:52:01.743 D/CompatibilityChangeReporter( 711): Compat change id reported: 262645982; UID 10064; state: ENABLED
06-04 20:52:01.744 D/CompatibilityChangeReporter( 711): Compat change id reported: 218533173; UID 10076; state: DISABLED
06-04 20:52:01.744 D/CompatibilityChangeReporter( 711): Compat change id reported: 262645982; UID 10076; state: DISABLED
06-04 20:52:01.755 D/CompatibilityChangeReporter( 711): Compat change id reported: 218533173; UID 10015; state: ENABLED
06-04 20:52:01.758 D/CompatibilityChangeReporter( 711): Compat change id reported: 262645982; UID 10015; state: ENABLED
06-04 20:52:01.759 D/CompatibilityChangeReporter( 711): Compat change id reported: 218533173; UID 10014; state: ENABLED
06-04 20:52:01.760 D/CompatibilityChangeReporter( 711): Compat change id reported: 262645982; UID 10014; state: ENABLED
06-04 20:52:01.768 D/CompatibilityChangeReporter( 711): Compat change id reported: 218533173; UID 10005; state: ENABLED
06-04 20:52:01.773 D/CompatibilityChangeReporter( 711): Compat change id reported: 262645982; UID 10005; state: ENABLED
06-04 20:52:01.779 D/CompatibilityChangeReporter( 711): Compat change id reported: 218533173; UID 10026; state: DISABLED
06-04 20:52:01.781 D/CompatibilityChangeReporter( 711): Compat change id reported: 262645982; UID 10026; state: DISABLED
06-04 20:52:01.782 D/CompatibilityChangeReporter( 711): Compat change id reported: 218533173; UID 10043; state: DISABLED
06-04 20:52:01.782 D/CompatibilityChangeReporter( 711): Compat change id reported: 262645982; UID 10043; state: DISABLED
06-04 20:52:01.784 D/CompatibilityChangeReporter( 711): Compat change id reported: 218533173; UID 10046; state: DISABLED
06-04 20:52:01.785 D/CompatibilityChangeReporter( 711): Compat change id reported: 262645982; UID 10046; state: DISABLED
06-04 20:52:01.786 D/CompatibilityChangeReporter( 711): Compat change id reported: 218533173; UID 10024; state: ENABLED
06-04 20:52:01.787 D/CompatibilityChangeReporter( 711): Compat change id reported: 262645982; UID 10024; state: ENABLED
06-04 20:52:01.788 D/CompatibilityChangeReporter( 711): Compat change id reported: 218533173; UID 10038; state: ENABLED
06-04 20:52:01.788 D/CompatibilityChangeReporter( 711): Compat change id reported: 262645982; UID 10038; state: ENABLED
06-04 20:52:01.789 D/CompatibilityChangeReporter( 711): Compat change id reported: 218533173; UID 10031; state: ENABLED
06-04 20:52:01.789 D/CompatibilityChangeReporter( 711): Compat change id reported: 262645982; UID 10031; state: ENABLED
06-04 20:52:01.790 D/CompatibilityChangeReporter( 711): Compat change id reported: 218533173; UID 10051; state: ENABLED
06-04 20:52:01.791 D/CompatibilityChangeReporter( 711): Compat change id reported: 262645982; UID 10051; state: ENABLED
06-04 20:52:01.794 D/CompatibilityChangeReporter( 711): Compat change id reported: 218533173; UID 10071; state: ENABLED
06-04 20:52:01.795 D/CompatibilityChangeReporter( 711): Compat change id reported: 262645982; UID 10071; state: ENABLED
06-04 20:52:01.796 D/CompatibilityChangeReporter( 711): Compat change id reported: 218533173; UID 10009; state: ENABLED
06-04 20:52:01.797 D/CompatibilityChangeReporter( 711): Compat change id reported: 262645982; UID 10009; state: ENABLED
06-04 20:52:01.798 D/CompatibilityChangeReporter( 711): Compat change id reported: 218533173; UID 10021; state: ENABLED
06-04 20:52:01.800 D/CompatibilityChangeReporter( 711): Compat change id reported: 262645982; UID 10021; state: ENABLED
06-04 20:52:01.801 D/CompatibilityChangeReporter( 711): Compat change id reported: 218533173; UID 10029; state: DISABLED
06-04 20:52:01.801 D/CompatibilityChangeReporter( 711): Compat change id reported: 262645982; UID 10029; state: DISABLED
06-04 20:52:01.802 D/CompatibilityChangeReporter( 711): Compat change id reported: 218533173; UID 10075; state: DISABLED
06-04 20:52:01.803 D/CompatibilityChangeReporter( 711): Compat change id reported: 262645982; UID 10075; state: DISABLED
06-04 20:52:01.804 D/CompatibilityChangeReporter( 711): Compat change id reported: 218533173; UID 10000; state: ENABLED
06-04 20:52:01.804 D/CompatibilityChangeReporter( 711): Compat change id reported: 262645982; UID 10000; state: ENABLED
06-04 20:52:01.805 D/CompatibilityChangeReporter( 711): Compat change id reported: 218533173; UID 10032; state: ENABLED
06-04 20:52:01.806 D/CompatibilityChangeReporter( 711): Compat change id reported: 262645982; UID 10032; state: ENABLED
06-04 20:52:01.807 D/CompatibilityChangeReporter( 711): Compat change id reported: 218533173; UID 10003; state: ENABLED
06-04 20:52:01.807 D/CompatibilityChangeReporter( 711): Compat change id reported: 262645982; UID 10003; state: ENABLED
06-04 20:52:01.808 D/CompatibilityChangeReporter( 711): Compat change id reported: 218533173; UID 10059; state: ENABLED
06-04 20:52:01.809 D/CompatibilityChangeReporter( 711): Compat change id reported: 262645982; UID 10059; state: ENABLED
06-04 20:52:01.810 D/CompatibilityChangeReporter( 711): Compat change id reported: 218533173; UID 10062; state: ENABLED
06-04 20:52:01.811 D/CompatibilityChangeReporter( 711): Compat change id reported: 262645982; UID 10062; state: ENABLED
06-04 20:52:01.812 D/CompatibilityChangeReporter( 711): Compat change id reported: 218533173; UID 10030; state: ENABLED
06-04 20:52:01.815 D/CompatibilityChangeReporter( 711): Compat change id reported: 262645982; UID 10030; state: ENABLED
06-04 20:52:01.829 D/CompatibilityChangeReporter( 711): Compat change id reported: 218533173; UID 10012; state: ENABLED
06-04 20:52:01.839 D/CompatibilityChangeReporter( 711): Compat change id reported: 262645982; UID 10012; state: ENABLED
06-04 20:52:01.840 D/HDMI ( 711): [S]: 40:8C
06-04 20:52:01.842 D/CompatibilityChangeReporter( 711): Compat change id reported: 218533173; UID 10025; state: ENABLED
06-04 20:52:01.851 D/CompatibilityChangeReporter( 711): Compat change id reported: 262645982; UID 10025; state: ENABLED
06-04 20:52:01.852 D/CompatibilityChangeReporter( 711): Compat change id reported: 218533173; UID 10023; state: ENABLED
06-04 20:52:01.852 D/CompatibilityChangeReporter( 711): Compat change id reported: 262645982; UID 10023; state: ENABLED
06-04 20:52:01.858 D/CompatibilityChangeReporter( 711): Compat change id reported: 218533173; UID 10020; state: ENABLED
06-04 20:52:01.858 D/CompatibilityChangeReporter( 711): Compat change id reported: 262645982; UID 10020; state: ENABLED
06-04 20:52:01.861 D/CompatibilityChangeReporter( 711): Compat change id reported: 218533173; UID 10068; state: ENABLED
06-04 20:52:01.862 D/CompatibilityChangeReporter( 711): Compat change id reported: 262645982; UID 10068; state: ENABLED
06-04 20:52:01.863 D/CompatibilityChangeReporter( 711): Compat change id reported: 218533173; UID 10022; state: ENABLED
06-04 20:52:01.863 D/CompatibilityChangeReporter( 711): Compat change id reported: 262645982; UID 10022; state: ENABLED
06-04 20:52:01.865 D/CompatibilityChangeReporter( 711): Compat change id reported: 218533173; UID 10001; state: ENABLED
06-04 20:52:01.865 D/CompatibilityChangeReporter( 711): Compat change id reported: 262645982; UID 10001; state: ENABLED
06-04 20:52:01.867 D/CompatibilityChangeReporter( 711): Compat change id reported: 218533173; UID 10007; state: ENABLED
06-04 20:52:01.868 D/CompatibilityChangeReporter( 711): Compat change id reported: 262645982; UID 10007; state: ENABLED
06-04 20:52:01.870 D/CompatibilityChangeReporter( 711): Compat change id reported: 218533173; UID 10041; state: DISABLED
06-04 20:52:01.871 D/CompatibilityChangeReporter( 711): Compat change id reported: 262645982; UID 10041; state: DISABLED
06-04 20:52:01.871 D/CompatibilityChangeReporter( 711): Compat change id reported: 218533173; UID 10073; state: DISABLED
06-04 20:52:01.872 D/CompatibilityChangeReporter( 711): Compat change id reported: 262645982; UID 10073; state: DISABLED
06-04 20:52:01.873 D/CompatibilityChangeReporter( 711): Compat change id reported: 218533173; UID 10044; state: ENABLED
06-04 20:52:01.874 D/CompatibilityChangeReporter( 711): Compat change id reported: 262645982; UID 10044; state: ENABLED
06-04 20:52:01.875 D/CompatibilityChangeReporter( 711): Compat change id reported: 218533173; UID 10011; state: ENABLED
06-04 20:52:01.875 D/CompatibilityChangeReporter( 711): Compat change id reported: 262645982; UID 10011; state: ENABLED
06-04 20:52:01.876 D/CompatibilityChangeReporter( 711): Compat change id reported: 218533173; UID 10028; state: ENABLED
06-04 20:52:01.878 D/CompatibilityChangeReporter( 711): Compat change id reported: 262645982; UID 10028; state: ENABLED
06-04 20:52:01.879 D/CompatibilityChangeReporter( 711): Compat change id reported: 218533173; UID 10049; state: DISABLED
06-04 20:52:01.880 D/CompatibilityChangeReporter( 711): Compat change id reported: 262645982; UID 10049; state: DISABLED
06-04 20:52:01.880 D/CompatibilityChangeReporter( 711): Compat change id reported: 218533173; UID 10057; state: ENABLED
06-04 20:52:01.881 D/CompatibilityChangeReporter( 711): Compat change id reported: 262645982; UID 10057; state: ENABLED
06-04 20:52:01.883 D/CompatibilityChangeReporter( 711): Compat change id reported: 218533173; UID 10016; state: ENABLED
06-04 20:52:01.883 D/CompatibilityChangeReporter( 711): Compat change id reported: 262645982; UID 10016; state: ENABLED
06-04 20:52:01.884 D/CompatibilityChangeReporter( 711): Compat change id reported: 218533173; UID 10058; state: ENABLED
06-04 20:52:01.884 D/CompatibilityChangeReporter( 711): Compat change id reported: 262645982; UID 10058; state: ENABLED
06-04 20:52:01.885 D/CompatibilityChangeReporter( 711): Compat change id reported: 218533173; UID 10063; state: ENABLED
06-04 20:52:01.886 D/CompatibilityChangeReporter( 711): Compat change id reported: 262645982; UID 10063; state: ENABLED
06-04 20:52:01.888 D/CompatibilityChangeReporter( 711): Compat change id reported: 218533173; UID 10052; state: ENABLED
06-04 20:52:01.888 D/CompatibilityChangeReporter( 711): Compat change id reported: 218533173; UID 10008; state: ENABLED
06-04 20:52:01.889 D/CompatibilityChangeReporter( 711): Compat change id reported: 262645982; UID 10008; state: ENABLED
06-04 20:52:01.892 D/CompatibilityChangeReporter( 711): Compat change id reported: 218533173; UID 10070; state: ENABLED
06-04 20:52:01.892 D/CompatibilityChangeReporter( 711): Compat change id reported: 262645982; UID 10070; state: ENABLED
06-04 20:52:01.894 D/CompatibilityChangeReporter( 711): Compat change id reported: 218533173; UID 10054; state: ENABLED
06-04 20:52:01.895 D/CompatibilityChangeReporter( 711): Compat change id reported: 262645982; UID 10054; state: ENABLED
06-04 20:52:01.896 D/CompatibilityChangeReporter( 711): Compat change id reported: 218533173; UID 10034; state: ENABLED
06-04 20:52:01.898 D/CompatibilityChangeReporter( 711): Compat change id reported: 262645982; UID 10034; state: DISABLED
06-04 20:52:01.899 D/CompatibilityChangeReporter( 711): Compat change id reported: 218533173; UID 10002; state: ENABLED
06-04 20:52:01.899 D/CompatibilityChangeReporter( 711): Compat change id reported: 262645982; UID 10002; state: ENABLED
06-04 20:52:01.900 D/CompatibilityChangeReporter( 711): Compat change id reported: 218533173; UID 10055; state: ENABLED
06-04 20:52:01.900 D/CompatibilityChangeReporter( 711): Compat change id reported: 262645982; UID 10055; state: ENABLED
06-04 20:52:01.906 D/CompatibilityChangeReporter( 711): Compat change id reported: 218533173; UID 10060; state: ENABLED
06-04 20:52:01.909 D/CompatibilityChangeReporter( 711): Compat change id reported: 262645982; UID 10060; state: ENABLED
06-04 20:52:01.910 D/CompatibilityChangeReporter( 711): Compat change id reported: 218533173; UID 10013; state: ENABLED
06-04 20:52:01.910 D/CompatibilityChangeReporter( 711): Compat change id reported: 262645982; UID 10013; state: ENABLED
06-04 20:52:01.913 D/CompatibilityChangeReporter( 711): Compat change id reported: 265195908; UID 1068; state: ENABLED
06-04 20:52:01.922 I/MR2ServiceImpl( 711): addProviderRoutes | provider: com.android.server.media/.SystemMediaRoute2Provider, routes: [DEVICE_ROUTE | 电视]
06-04 20:52:01.923 D/HDMI ( 711): [S]: 40:47:44:42:42:4F:58:2D:41:33
06-04 20:52:01.923 D/CompatibilityChangeReporter( 711): Compat change id reported: 161145287; UID 1000; state: DISABLED
06-04 20:52:01.924 D/CompatibilityChangeReporter( 711): Compat change id reported: 161145287; UID 1000; state: ENABLED
06-04 20:52:01.927 D/CompatibilityChangeReporter( 711): Compat change id reported: 265195908; UID 10059; state: ENABLED
06-04 20:52:01.928 D/HDMI ( 711): addCecDevice new:CEC: logical_address: 0x0E device_type: 2 cec_version: 5 vendor_id: 16777215 display_name: Secondary_TV power_status: -1 physical_address: 0xFFFF port_id: -1 old:null
06-04 20:52:01.930 D/HdmiControlService( 711): Switching to full volume behavior
06-04 20:52:01.931 D/HDMI ( 711): setActiveSource logical:0x04 physical:0x3000 HdmiCecLocalDeviceSource#handleSetStreamPath()
06-04 20:52:01.947 D/HDMI ( 711): ActiveSourceHistoryRecord active source=(0x04, 0x3000) isActiveSource=true from=HdmiCecLocalDeviceSource#handleSetStreamPath()
06-04 20:52:01.948 D/HDMI ( 711): No wakelock is used to keep the display on.
06-04 20:52:01.954 D/HDMI ( 711): setActiveSource logical:0x04 physical:0x3000 ActiveSourceAction
06-04 20:52:01.955 D/HDMI ( 711): ActiveSourceHistoryRecord active source=(0x04, 0x3000) isActiveSource=true from=ActiveSourceAction
06-04 20:52:01.956 D/AudioService( 711): onHdmiCecVolumeControlFeature enabled:false
06-04 20:52:01.964 I/ExplicitHealthCheckController( 711): Explicit health check service is connected ComponentInfo{android.ext.services/android.ext.services.watchdog.ExplicitHealthCheckServiceImpl}
06-04 20:52:01.979 I/ExplicitHealthCheckController( 711): Service initialized, syncing requests
06-04 20:52:01.981 D/AudioService( 711): setWiredDeviceConnectionState( type:400 state:DEVICE_STATE_AVAILABLE addr: name:) from android
06-04 20:52:01.981 I/AS.AudioDeviceInventory( 711): handleDeviceConnection(true dev:400 address: name:)
06-04 20:52:01.981 I/AS.AudioDeviceInventory( 711): deviceKey:0x400:
06-04 20:52:01.982 I/AS.AudioDeviceInventory( 711): deviceInfo:null is(already)Connected:false
06-04 20:52:01.993 I/wificond( 633): Receive notifyCountryCodeChanged
06-04 20:52:01.993 I/wificond( 633): UpdateBandInfo
06-04 20:52:02.018 I/wificond( 633): 2.4Ghz frequencies: 2412 2417 2422 2427 2432 2437 2442 2447 2452 2457 2462 2467 2472
06-04 20:52:02.018 I/wificond( 633): 5Ghz non-DFS frequencies: 5745 5765 5785 5805 5825
06-04 20:52:02.018 I/wificond( 633): 5Ghz DFS frequencies: 5180 5200 5220 5240 5260 5280 5300 5320
06-04 20:52:02.018 I/wificond( 633): 6Ghz frequencies:
06-04 20:52:02.018 I/wificond( 633): 60Ghz frequencies:
06-04 20:52:02.018 I/wificond( 633): Regulatory domain changed to country: CN on wiphy_index: 0
06-04 20:52:02.018 I/wificond( 633): UpdateBandInfo
06-04 20:52:02.022 I/wificond( 633): 2.4Ghz frequencies: 2412 2417 2422 2427 2432 2437 2442 2447 2452 2457 2462 2467 2472
06-04 20:52:02.022 I/wificond( 633): 5Ghz non-DFS frequencies: 5745 5765 5785 5805 5825
06-04 20:52:02.022 I/wificond( 633): 5Ghz DFS frequencies: 5180 5200 5220 5240 5260 5280 5300 5320
06-04 20:52:02.022 I/wificond( 633): 6Ghz frequencies:
06-04 20:52:02.022 I/wificond( 633): 60Ghz frequencies:
06-04 20:52:02.022 I/wificond( 633): Regulatory domain changed to country: CN on wiphy_index: 0
06-04 20:52:02.022 I/wificond( 633): UpdateBandInfo
06-04 20:52:02.028 I/wificond( 633): 2.4Ghz frequencies: 2412 2417 2422 2427 2432 2437 2442 2447 2452 2457 2462 2467 2472
06-04 20:52:02.028 I/wificond( 633): 5Ghz non-DFS frequencies: 5745 5765 5785 5805 5825
06-04 20:52:02.028 I/wificond( 633): 5Ghz DFS frequencies: 5180 5200 5220 5240 5260 5280 5300 5320
06-04 20:52:02.028 I/wificond( 633): 6Ghz frequencies:
06-04 20:52:02.028 I/wificond( 633): 60Ghz frequencies:
06-04 20:52:02.042 D/SystemServerTiming( 711): ManagedServices.unbindOtherUserServices_current0
06-04 20:52:02.043 D/SystemServerTiming( 711): ManagedServices.unbindOtherUserServices_current0
06-04 20:52:02.043 D/SystemServerTiming( 711): ManagedServices.unbindOtherUserServices_current0
06-04 20:52:02.044 V/NotificationAssistants( 711): enabling notification assistant for 0: ComponentInfo{android.ext.services/android.ext.services.notification.Assistant}
06-04 20:52:02.044 V/NotificationAssistants( 711): binding: Intent { act=android.service.notification.NotificationAssistantService cmp=android.ext.services/.notification.Assistant (has extras) }
06-04 20:52:02.085 D/HDMI ( 711): Process pid:1105 is calling addHotplugEventListener
06-04 20:52:02.087 W/ActivityThread( 1081): Failed to find provider info for bluetooth_legacy.provider (user not unlocked)
06-04 20:52:02.140 D/CompatibilityChangeReporter( 711): Compat change id reported: 161145287; UID 10059; state: ENABLED
06-04 20:52:02.200 D/HDMI ( 711): [S]: 45:7D
06-04 20:52:02.226 W/Looper ( 1081): Slow dispatch took 2149ms main h=android.app.ActivityThread$H c=null m=110
06-04 20:52:02.312 D/CompatibilityChangeReporter( 711): Compat change id reported: 161145287; UID 1002; state: ENABLED
06-04 20:52:02.325 W/ActivityTaskManager( 711): Activity top resumed state loss timeout for ActivityRecord{42afcb u0 com.android.systemui/.sensorprivacy.television.TvSensorPrivacyChangedActivity t2 f}}
06-04 20:52:02.335 W/ActivityTaskManager( 711): Activity pause timeout for ActivityRecord{42afcb u0 com.android.systemui/.sensorprivacy.television.TvSensorPrivacyChangedActivity t2 f}}
06-04 20:52:02.338 D/WindowManager( 711): ThemeHomeDelay: Home launch was deferred.
06-04 20:52:02.340 D/WindowManager( 711): ThemeHomeDelay: Home launch was deferred.
06-04 20:52:02.343 D/WindowManager( 711): ThemeHomeDelay: Home launch was deferred.
06-04 20:52:02.444 D/WindowManagerShell( 917): TvPipController: onTaskStackChanged()
06-04 20:52:02.521 I/AS.AudioDeviceInventory( 711): sendDeviceConnectionIntent(dev:0x400 state:0x1 address: name:);
06-04 20:52:02.669 D/CompatibilityChangeReporter( 711): Compat change id reported: 182478738; UID 10052; state: ENABLED
06-04 20:52:02.698 I/StatusBarManagerService( 711): registerStatusBar bar=com.android.internal.statusbar.IStatusBar$Stub$Proxy@899ab90
06-04 20:52:02.863 D/WindowManager( 711): ThemeHomeDelay: Home launch was deferred.
06-04 20:52:02.924 E/HDMI ( 711): [1]:Failed to send 45:7D with errorCode=1
06-04 20:52:02.935 D/CompatibilityChangeReporter( 711): Compat change id reported: 265464455; UID 1000; state: DISABLED
06-04 20:52:02.935 D/CompatibilityChangeReporter( 711): Compat change id reported: 265452344; UID 1000; state: DISABLED
06-04 20:52:02.936 D/CompatibilityChangeReporter( 711): Compat change id reported: 266124927; UID 1000; state: DISABLED
06-04 20:52:02.936 D/CompatibilityChangeReporter( 711): Compat change id reported: 265451093; UID 1000; state: DISABLED
06-04 20:52:02.937 D/CompatibilityChangeReporter( 711): Compat change id reported: 265456536; UID 1000; state: DISABLED
06-04 20:52:02.938 D/CompatibilityChangeReporter( 711): Compat change id reported: 255940284; UID 1000; state: DISABLED
06-04 20:52:02.938 D/CompatibilityChangeReporter( 711): Compat change id reported: 236283604; UID 1000; state: DISABLED
06-04 20:52:02.939 D/CompatibilityChangeReporter( 711): Compat change id reported: 263959004; UID 1000; state: DISABLED
06-04 20:52:02.939 D/CompatibilityChangeReporter( 711): Compat change id reported: 264304459; UID 1000; state: DISABLED
06-04 20:52:02.940 D/CompatibilityChangeReporter( 711): Compat change id reported: 264301586; UID 1000; state: DISABLED
06-04 20:52:02.941 D/CompatibilityChangeReporter( 711): Compat change id reported: 254631730; UID 1000; state: DISABLED
06-04 20:52:02.942 D/CompatibilityChangeReporter( 711): Compat change id reported: 273509367; UID 1000; state: DISABLED
06-04 20:52:02.942 D/CompatibilityChangeReporter( 711): Compat change id reported: 263259275; UID 1000; state: DISABLED
06-04 20:52:02.942 D/CompatibilityChangeReporter( 711): Compat change id reported: 174042980; UID 1000; state: DISABLED
06-04 20:52:02.942 D/CompatibilityChangeReporter( 711): Compat change id reported: 174042936; UID 1000; state: DISABLED
06-04 20:52:02.943 D/CompatibilityChangeReporter( 711): Compat change id reported: 181136395; UID 1000; state: DISABLED
06-04 20:52:03.000 D/CompatibilityChangeReporter( 711): Compat change id reported: 194480991; UID 1000; state: ENABLED
06-04 20:52:03.006 D/CompatibilityChangeReporter( 711): Compat change id reported: 197654537; UID 1000; state: ENABLED
06-04 20:52:03.010 I/ActivityTaskManager( 711): START u0 {act=android.intent.action.MAIN cat=[android.intent.category.HOME] flg=0x10000100 cmp=com.android.tv.settings/.system.FallbackHome (has extras)} with LAUNCH_MULTIPLE from uid 0 (BAL_ALLOW_ALLOWLISTED_UID) result code=0
06-04 20:52:03.013 I/ActivityManager( 711): com.android.tv.settings is exempt from freezer
06-04 20:52:03.014 D/CompatibilityChangeReporter( 711): Compat change id reported: 135634846; UID 1000; state: DISABLED
06-04 20:52:03.016 D/SystemServerTiming( 711): getUserSwitchability-0
06-04 20:52:03.016 D/SystemServerTiming( 711): TM.isInCall
06-04 20:52:03.017 D/SystemServerTiming( 711): hasUserRestriction-DISALLOW_USER_SWITCH
06-04 20:52:03.017 D/SystemServerTiming( 711): getInt-ALLOW_USER_SWITCHING_WHEN_SYSTEM_USER_LOCKED
06-04 20:52:03.017 D/SystemServerTiming( 711): isUserUnlocked-USER_SYSTEM
06-04 20:52:03.018 E/vol.VolumeDialogImpl( 917): Can't find translation for stream com.android.systemui.plugins.VolumeDialogController$StreamState@5870a8e --------- beginning of crash
06-04 20:52:03.018 E/AndroidRuntime( 917): FATAL EXCEPTION: main
06-04 20:52:03.018 E/AndroidRuntime( 917): Process: com.android.systemui, PID: 917
06-04 20:52:03.018 E/AndroidRuntime( 917): java.lang.ArithmeticException: divide by zero
06-04 20:52:03.018 E/AndroidRuntime( 917): at com.android.systemui.volume.VolumeDialogImpl.updateVolumeRowH(go/retraceme f52b90d40c9757c33d597329b7d93a419828f05e967eab5bf4316109a5573534:455)
06-04 20:52:03.018 E/AndroidRuntime( 917): at com.android.systemui.volume.VolumeDialogImpl.onStateChangedH(go/retraceme f52b90d40c9757c33d597329b7d93a419828f05e967eab5bf4316109a5573534:189)
06-04 20:52:03.018 E/AndroidRuntime( 917): at com.android.systemui.volume.VolumeDialogImpl$7.onStateChanged(go/retraceme f52b90d40c9757c33d597329b7d93a419828f05e967eab5bf4316109a5573534:3)
06-04 20:52:03.018 E/AndroidRuntime( 917): at com.android.systemui.volume.VolumeDialogControllerImpl$C$3.run(go/retraceme f52b90d40c9757c33d597329b7d93a419828f05e967eab5bf4316109a5573534:11)
06-04 20:52:03.018 E/AndroidRuntime( 917): at android.os.Handler.handleCallback(Handler.java:958)
06-04 20:52:03.018 E/AndroidRuntime( 917): at android.os.Handler.dispatchMessage(Handler.java:99)
06-04 20:52:03.018 E/AndroidRuntime( 917): at android.os.Looper.loopOnce(Looper.java:205)
06-04 20:52:03.018 E/AndroidRuntime( 917): at android.os.Looper.loop(Looper.java:294)
06-04 20:52:03.018 E/AndroidRuntime( 917): at android.app.ActivityThread.main(ActivityThread.java:8255)
06-04 20:52:03.018 E/AndroidRuntime( 917): at java.lang.reflect.Method.invoke(Native Method)
06-04 20:52:03.018 E/AndroidRuntime( 917): at com.android.internal.os.RuntimeInit$MethodAndArgsCaller.run(RuntimeInit.java:552)
06-04 20:52:03.018 E/AndroidRuntime( 917): at com.android.internal.os.ZygoteInit.main(ZygoteInit.java:978)
06-04 20:52:03.037 I/ActivityManager( 711): Start proc 1308:com.android.tv.settings/1000 for top-activity {com.android.tv.settings/com.android.tv.settings.system.FallbackHome}
06-04 20:52:03.056 I/DropBoxManagerService( 711): add tag=system_app_crash isTagEnabled=true flags=0x2
06-04 20:52:03.058 D/ActivityManagerTiming( 711): FinishBooting
06-04 20:52:03.059 D/WindowManager( 711): updateCecScreenStatus 0
06-04 20:52:03.059 D/HDMI ( 711): setCecSettingIntValue name:cec_screen_state, value:0
06-04 20:52:03.069 D/CompatibilityChangeReporter( 711): Compat change id reported: 168419799; UID 1000; state: DISABLED
06-04 20:52:03.069 D/CompatibilityChangeReporter( 711): Compat change id reported: 273564678; UID 1000; state: DISABLED
06-04 20:52:03.095 I/WindowManager( 711): WIN DEATH: Window{748aa22 u0 ShellDropTarget}
06-04 20:52:03.097 I/ActivityManager( 711): Process com.android.systemui (pid 917) has died: pers PER
06-04 20:52:03.098 W/ActivityManager( 711): pid 711 system sent binder code 1 with flags 1 to frozen apps and got error -32
06-04 20:52:03.098 W/WindowManager( 711): Could not report config changes to the window token client.
06-04 20:52:03.098 W/ActivityManager( 711): pid 711 system sent binder code 1 with flags 1 to frozen apps and got error -32
06-04 20:52:03.098 D/ActivityManager( 711): Too many transaction errors, throttling freezer binder callback.
06-04 20:52:03.100 I/MR2ServiceImpl( 711): unregisterManager | package: com.android.systemui, user: 0, manager: 1
06-04 20:52:03.103 D/DisplayAreaOrganizerController( 711): Organizer died before sending onDisplayAreaVanished
06-04 20:52:03.103 D/NotificationListeners( 711): Removing active service ComponentInfo{com.android.systemui/com.android.systemui.statusbar.NotificationListener}
06-04 20:52:03.104 W/ActivityManager( 711): pid 711 system sent binder code 5 with flags 1 to frozen apps and got error -32
06-04 20:52:03.105 D/ActivityManager( 711): Too many transaction errors, throttling freezer binder callback.
06-04 20:52:03.111 D/DisplayAreaOrganizerController( 711): Organizer died before sending onDisplayAreaVanished
06-04 20:52:03.113 W/ActivityManager( 711): Scheduling restart of crashed service com.android.systemui/.dump.SystemUIAuxiliaryDumpService in 0ms for persistent
06-04 20:52:03.114 W/ActivityManager( 711): Scheduling restart of crashed service com.android.systemui/.wallpapers.ImageWallpaper in 0ms for persistent
06-04 20:52:03.114 W/ActivityManager( 711): Scheduling restart of crashed service com.android.systemui/.SystemUIService in 0ms for persistent
06-04 20:52:03.114 W/ActivityManager( 711): Re-adding persistent process ProcessRecord{1f5cc2d 917:com.android.systemui/u0a52}
06-04 20:52:03.115 D/CompatibilityChangeReporter( 711): Compat change id reported: 135634846; UID 10052; state: DISABLED
06-04 20:52:03.115 D/CompatibilityChangeReporter( 711): Compat change id reported: 177438394; UID 10052; state: DISABLED
06-04 20:52:03.115 D/CompatibilityChangeReporter( 711): Compat change id reported: 135772972; UID 10052; state: DISABLED
06-04 20:52:03.115 D/CompatibilityChangeReporter( 711): Compat change id reported: 135754954; UID 10052; state: ENABLED
06-04 20:52:03.118 D/CompatibilityChangeReporter( 711): Compat change id reported: 143937733; UID 10052; state: ENABLED
06-04 20:52:03.120 W/ActivityManager( 711): setHasOverlayUi called on unknown pid: 917
06-04 20:52:03.120 D/DisplayManagerService( 711): Drop pending events for gone uid 10052
06-04 20:52:03.134 I/ActivityManager( 711): Start proc 1328:com.android.systemui/u0a52 for restart com.android.systemui
06-04 20:52:03.146 E/SettingsState( 711): Failed to write settings, restoring old file
06-04 20:52:03.146 E/SettingsState( 711): java.io.SyncFailedException: sync failed
06-04 20:52:03.146 E/SettingsState( 711): at java.io.FileDescriptor.sync(Native Method)
06-04 20:52:03.146 E/SettingsState( 711): at com.android.providers.settings.SettingsState.doWriteState(SettingsState.java:925)
06-04 20:52:03.146 E/SettingsState( 711): at com.android.providers.settings.SettingsState.-$$Nest$mdoWriteState(SettingsState.java:0)
06-04 20:52:03.146 E/SettingsState( 711): at com.android.providers.settings.SettingsState$MyHandler.handleMessage(SettingsState.java:1279)
06-04 20:52:03.146 E/SettingsState( 711): at android.os.Handler.dispatchMessage(Handler.java:106)
06-04 20:52:03.146 E/SettingsState( 711): at android.os.Looper.loopOnce(Looper.java:205)
06-04 20:52:03.146 E/SettingsState( 711): at android.os.Looper.loop(Looper.java:294)
06-04 20:52:03.146 E/SettingsState( 711): at android.os.HandlerThread.run(HandlerThread.java:67)
06-04 20:52:03.183 D/HDMI ( 711): [S]: 40:8F
06-04 20:52:03.191 W/Looper ( 711): Slow dispatch took 1123ms main h=android.app.ActivityThread$H c=android.app.LoadedApk$ReceiverDispatcher$Args$$ExternalSyntheticLambda0@bd6cd15 m=0
06-04 20:52:03.196 D/WallpaperManagerService( 711): WPMS.onServiceConnected-ComponentInfo{com.android.systemui/com.android.systemui.wallpapers.ImageWallpaper}
06-04 20:52:03.196 D/WallpaperManagerService( 711): WPMS.attachServiceLocked
06-04 20:52:03.196 D/WallpaperManagerService( 711): WPMS.connectLocked-ComponentInfo{com.android.systemui/com.android.systemui.wallpapers.ImageWallpaper}
06-04 20:52:03.200 W/ActivityManager( 711): pid 711 system sent binder code 1 with flags 1 to frozen apps and got error -32
06-04 20:52:03.200 D/ActivityManager( 711): Too many transaction errors, throttling freezer binder callback.
06-04 20:52:03.201 W/WallpaperManagerService( 711): Failed attaching wallpaper on display
06-04 20:52:03.201 W/WallpaperManagerService( 711): android.os.DeadObjectException
06-04 20:52:03.201 W/WallpaperManagerService( 711): at android.os.BinderProxy.transactNative(Native Method)
06-04 20:52:03.201 W/WallpaperManagerService( 711): at android.os.BinderProxy.transact(BinderProxy.java:584)
06-04 20:52:03.201 W/WallpaperManagerService( 711): at android.service.wallpaper.IWallpaperService$Stub$Proxy.attach(IWallpaperService.java:157)
06-04 20:52:03.201 W/WallpaperManagerService( 711): at com.android.server.wallpaper.WallpaperManagerService$DisplayConnector.connectLocked(WallpaperManagerService.java:944)
06-04 20:52:03.201 W/WallpaperManagerService( 711): at com.android.server.wallpaper.WallpaperManagerService.lambda$attachServiceLocked$21(WallpaperManagerService.java:3735)
06-04 20:52:03.201 W/WallpaperManagerService( 711): at com.android.server.wallpaper.WallpaperManagerService.$r8$lambda$uZi5_bwd07bsmBx9bUAW0RE40MU(WallpaperManagerService.java:0)
06-04 20:52:03.201 W/WallpaperManagerService( 711): at com.android.server.wallpaper.WallpaperManagerService$$ExternalSyntheticLambda23.accept(R8$$SyntheticClass:0)
06-04 20:52:03.201 W/WallpaperManagerService( 711): at com.android.server.wallpaper.WallpaperManagerService$WallpaperConnection.forEachDisplayConnector(WallpaperManagerService.java:1052)
06-04 20:52:03.201 W/WallpaperManagerService( 711): at com.android.server.wallpaper.WallpaperManagerService.attachServiceLocked(WallpaperManagerService.java:3735)
06-04 20:52:03.201 W/WallpaperManagerService( 711): at com.android.server.wallpaper.WallpaperManagerService.-$$Nest$mattachServiceLocked(WallpaperManagerService.java:0)
06-04 20:52:03.201 W/WallpaperManagerService( 711): at com.android.server.wallpaper.WallpaperManagerService$WallpaperConnection.onServiceConnected(WallpaperManagerService.java:1094)
06-04 20:52:03.201 W/WallpaperManagerService( 711): at android.app.LoadedApk$ServiceDispatcher.doConnected(LoadedApk.java:2207)
06-04 20:52:03.201 W/WallpaperManagerService( 711): at android.app.LoadedApk$ServiceDispatcher$RunConnection.run(LoadedApk.java:2240)
06-04 20:52:03.201 W/WallpaperManagerService( 711): at android.os.Handler.handleCallback(Handler.java:958)
06-04 20:52:03.201 W/WallpaperManagerService( 711): at android.os.Handler.dispatchMessage(Handler.java:99)
06-04 20:52:03.201 W/WallpaperManagerService( 711): at android.os.Looper.loopOnce(Looper.java:205)
06-04 20:52:03.201 W/WallpaperManagerService( 711): at android.os.Looper.loop(Looper.java:294)
06-04 20:52:03.201 W/WallpaperManagerService( 711): at com.android.server.SystemServer.run(SystemServer.java:982)
06-04 20:52:03.201 W/WallpaperManagerService( 711): at com.android.server.SystemServer.main(SystemServer.java:668)
06-04 20:52:03.201 W/WallpaperManagerService( 711): at java.lang.reflect.Method.invoke(Native Method)
06-04 20:52:03.201 W/WallpaperManagerService( 711): at com.android.internal.os.RuntimeInit$MethodAndArgsCaller.run(RuntimeInit.java:552)
06-04 20:52:03.201 W/WallpaperManagerService( 711): at com.android.internal.os.ZygoteInit.main(ZygoteInit.java:956)
06-04 20:52:03.201 V/WallpaperManagerService( 711): bindWallpaperComponentLocked: componentName=null
06-04 20:52:03.201 D/WallpaperManagerService( 711): WPMS.bindWallpaperComponentLocked-null
06-04 20:52:03.201 V/WallpaperManagerService( 711): No default component; using image wallpaper
06-04 20:52:03.204 W/ActivityManager( 711): pid 711 system sent binder code 2 with flags 1 to frozen apps and got error -32
06-04 20:52:03.204 D/ActivityManager( 711): Too many transaction errors, throttling freezer binder callback.
06-04 20:52:03.204 W/WallpaperManagerService( 711): connection.mService.destroy() threw a RemoteException
06-04 20:52:03.204 W/WallpaperManagerService( 711): android.os.DeadObjectException
06-04 20:52:03.204 W/WallpaperManagerService( 711): at android.os.BinderProxy.transactNative(Native Method)
06-04 20:52:03.204 W/WallpaperManagerService( 711): at android.os.BinderProxy.transact(BinderProxy.java:584)
06-04 20:52:03.204 W/WallpaperManagerService( 711): at android.service.wallpaper.IWallpaperService$Stub$Proxy.detach(IWallpaperService.java:169)
06-04 20:52:03.204 W/WallpaperManagerService( 711): at com.android.server.wallpaper.WallpaperManagerService$DisplayConnector.disconnectLocked(WallpaperManagerService.java:964)
06-04 20:52:03.204 W/WallpaperManagerService( 711): at com.android.server.wallpaper.WallpaperManagerService.lambda$detachWallpaperLocked$19(WallpaperManagerService.java:3685)
06-04 20:52:03.204 W/WallpaperManagerService( 711): at com.android.server.wallpaper.WallpaperManagerService.$r8$lambda$80kmwCDGZsZw-gIA76WhjG5a_l8(WallpaperManagerService.java:0)
06-04 20:52:03.204 W/WallpaperManagerService( 711): at com.android.server.wallpaper.WallpaperManagerService$$ExternalSyntheticLambda10.accept(R8$$SyntheticClass:0)
06-04 20:52:03.204 W/WallpaperManagerService( 711): at com.android.server.wallpaper.WallpaperManagerService$WallpaperConnection.forEachDisplayConnector(WallpaperManagerService.java:1052)
06-04 20:52:03.204 W/WallpaperManagerService( 711): at com.android.server.wallpaper.WallpaperManagerService.detachWallpaperLocked(WallpaperManagerService.java:3684)
06-04 20:52:03.204 W/WallpaperManagerService( 711): at com.android.server.wallpaper.WallpaperManagerService.maybeDetachLastWallpapers(WallpaperManagerService.java:3662)
06-04 20:52:03.204 W/WallpaperManagerService( 711): at com.android.server.wallpaper.WallpaperManagerService.bindWallpaperComponentLocked(WallpaperManagerService.java:3609)
06-04 20:52:03.204 W/WallpaperManagerService( 711): at com.android.server.wallpaper.WallpaperManagerService$DisplayConnector.connectLocked(WallpaperManagerService.java:951)
06-04 20:52:03.204 W/WallpaperManagerService( 711): at com.android.server.wallpaper.WallpaperManagerService.lambda$attachServiceLocked$21(WallpaperManagerService.java:3735)
06-04 20:52:03.204 W/WallpaperManagerService( 711): at com.android.server.wallpaper.WallpaperManagerService.$r8$lambda$uZi5_bwd07bsmBx9bUAW0RE40MU(WallpaperManagerService.java:0)
06-04 20:52:03.204 W/WallpaperManagerService( 711): at com.android.server.wallpaper.WallpaperManagerService$$ExternalSyntheticLambda23.accept(R8$$SyntheticClass:0)
06-04 20:52:03.204 W/WallpaperManagerService( 711): at com.android.server.wallpaper.WallpaperManagerService$WallpaperConnection.forEachDisplayConnector(WallpaperManagerService.java:1052)
06-04 20:52:03.204 W/WallpaperManagerService( 711): at com.android.server.wallpaper.WallpaperManagerService.attachServiceLocked(WallpaperManagerService.java:3735)
06-04 20:52:03.204 W/WallpaperManagerService( 711): at com.android.server.wallpaper.WallpaperManagerService.-$$Nest$mattachServiceLocked(WallpaperManagerService.java:0)
06-04 20:52:03.204 W/WallpaperManagerService( 711): at com.android.server.wallpaper.WallpaperManagerService$WallpaperConnection.onServiceConnected(WallpaperManagerService.java:1094)
06-04 20:52:03.204 W/WallpaperManagerService( 711): at android.app.LoadedApk$ServiceDispatcher.doConnected(LoadedApk.java:2207)
06-04 20:52:03.204 W/WallpaperManagerService( 711): at android.app.LoadedApk$ServiceDispatcher$RunConnection.run(LoadedApk.java:2240)
06-04 20:52:03.204 W/WallpaperManagerService( 711): at android.os.Handler.handleCallback(Handler.java:958)
06-04 20:52:03.204 W/WallpaperManagerService( 711): at android.os.Handler.dispatchMessage(Handler.java:99)
06-04 20:52:03.204 W/WallpaperManagerService( 711): at android.os.Looper.loopOnce(Looper.java:205)
06-04 20:52:03.204 W/WallpaperManagerService( 711): at android.os.Looper.loop(Looper.java:294)
06-04 20:52:03.204 W/WallpaperManagerService( 711): at com.android.server.SystemServer.run(SystemServer.java:982)
06-04 20:52:03.204 W/WallpaperManagerService( 711): at com.android.server.SystemServer.main(SystemServer.java:668)
06-04 20:52:03.204 W/WallpaperManagerService( 711): at java.lang.reflect.Method.invoke(Native Method)
06-04 20:52:03.204 W/WallpaperManagerService( 711): at com.android.internal.os.RuntimeInit$MethodAndArgsCaller.run(RuntimeInit.java:552)
06-04 20:52:03.204 W/WallpaperManagerService( 711): at com.android.internal.os.ZygoteInit.main(ZygoteInit.java:956)
06-04 20:52:03.205 D/WallpaperManagerService( 711): WPMS.saveSettingsLocked-0
06-04 20:52:03.211 D/HdmiControlService( 711): Switching to full volume behavior
06-04 20:52:03.212 D/HdmiControlService( 711): Switching to full volume behavior
06-04 20:52:03.213 I/PackageWatchdog( 711): Syncing health check requests for packages: {com.android.systemui}
06-04 20:52:03.213 D/ExplicitHealthCheckController( 711): Getting health check supported packages
06-04 20:52:03.215 D/CompatibilityChangeReporter( 711): Compat change id reported: 170503758; UID 10052; state: ENABLED
06-04 20:52:03.219 I/ExplicitHealthCheckController( 711): Explicit health check supported packages [PackageConfig{com.android.networkstack, 86400000}]
06-04 20:52:03.220 I/AutofillManagerService( 711): Updating for user 0: disabled=false
06-04 20:52:03.220 D/PackageWatchdog( 711): Received supported packages [PackageConfig{com.android.networkstack, 86400000}]
06-04 20:52:03.220 I/PackageWatchdog( 711): Updated health check state for package com.android.systemui: INACTIVE -> PASSED
06-04 20:52:03.220 I/PackageWatchdog( 711): Syncing state, reason: updated health check supported packages [PackageConfig{com.android.networkstack, 86400000}]
06-04 20:52:03.220 I/PackageWatchdog( 711): Not pruning observers, elapsed time: 0ms
06-04 20:52:03.220 D/ExplicitHealthCheckController( 711): Getting health check requested packages
06-04 20:52:03.223 I/ExplicitHealthCheckController( 711): Explicit health check requested packages []
06-04 20:52:03.224 I/ExplicitHealthCheckController( 711): No more health check requests, unbinding...
06-04 20:52:03.225 W/ActivityManager( 711): pid 711 system sent binder code 3 with flags 1 to frozen apps and got error -32
06-04 20:52:03.225 D/ActivityManager( 711): Too many transaction errors, throttling freezer binder callback.
06-04 20:52:03.225 D/TrustManagerService( 711): Removing dead TrustListener.
06-04 20:52:03.226 W/ActivityManager( 711): pid 711 system sent binder code 3 with flags 1 to frozen apps and got error -32
06-04 20:52:03.226 D/ActivityManager( 711): Too many transaction errors, throttling freezer binder callback.
06-04 20:52:03.226 D/TrustManagerService( 711): Removing dead TrustListener.
06-04 20:52:03.226 I/ExplicitHealthCheckController( 711): Explicit health check service is unbound
06-04 20:52:03.228 V/NotificationAssistants( 711): 0 notification assistant service connected: ComponentInfo{android.ext.services/android.ext.services.notification.Assistant}
06-04 20:52:03.242 I/PackageWatchdog( 711): Saving observer state to file
06-04 20:52:03.263 D/HDMI ( 711): [S]: 4F:82:30:00
06-04 20:52:03.315 V/WindowManagerShell( 1328): Adding init callback for DisplayChangeController
06-04 20:52:03.315 V/WindowManagerShell( 1328): Adding init callback for DisplayController
06-04 20:52:03.315 V/WindowManagerShell( 1328): Adding init callback for DisplayInsetsController
06-04 20:52:03.315 V/WindowManagerShell( 1328): Adding init callback for DisplayImeController
06-04 20:52:03.315 V/WindowManagerShell( 1328): Adding init callback for ShellController
06-04 20:52:03.322 V/WindowManagerShell( 1328): Adding init callback for DragAndDropController
06-04 20:52:03.337 W/WindowManager( 711): [addWindow] title:com.android.tv.settings/com.android.tv.settings.system.FallbackHome
06-04 20:52:03.339 V/WindowManagerShell( 1328): Adding init callback for CompatUIController
06-04 20:52:03.344 V/WindowManagerShell( 1328): Adding init callback for ShellTaskOrganizer
06-04 20:52:03.355 D/CoreBackPreview( 711): Window{27c3f8e u0 com.android.tv.settings/com.android.tv.settings.system.FallbackHome}: Setting back callback OnBackInvokedCallbackInfo{mCallback=android.window.IOnBackInvokedCallback$Stub$Proxy@fdf5f45, mPriority=0, mIsAnimationCallback=false}
06-04 20:52:03.361 W/Looper ( 711): Slow dispatch took 131ms main h=android.app.ActivityThread$H c=android.app.LoadedApk$ReceiverDispatcher$Args$$ExternalSyntheticLambda0@580c69a m=0
06-04 20:52:03.361 V/WindowManagerShell( 1328): Adding init callback for DefaultTransitionHandler
06-04 20:52:03.361 V/WindowManagerShell( 1328): addHandler: Default
06-04 20:52:03.361 V/WindowManagerShell( 1328): addHandler: Remote
06-04 20:52:03.361 V/WindowManagerShell( 1328): Adding init callback for Transitions
06-04 20:52:03.366 D/HDMI ( 711): AVR did not respond to
06-04 20:52:03.366 I/HDMI ( 711): screen state is changing to 0
06-04 20:52:03.366 D/HDMI ( 711): [R]: 04:8F
06-04 20:52:03.368 D/HDMI ( 711): addCecDevice new:CEC: logical_address: 0x00 device_type: 0 cec_version: 5 vendor_id: 16777215 display_name: TV power_status: -1 physical_address: 0xFFFF port_id: -1 old:null
06-04 20:52:03.368 V/WindowManagerShell( 1328): Adding init callback for FullscreenTaskListener
06-04 20:52:03.368 D/HdmiControlService( 711): Switching to full volume behavior
06-04 20:52:03.369 D/HDMI ( 711): TV is available now for receiving its message
06-04 20:52:03.369 D/AudioService( 711): onStatusChange cecEnabled:true available:true
06-04 20:52:03.370 I/PackageWatchdog( 711): Syncing health check requests for packages: {}
06-04 20:52:03.370 I/ExplicitHealthCheckController( 711): Service not ready to get health check supported packages. Binding...
06-04 20:52:03.371 V/WindowManagerShell( 1328): Adding init callback for ActivityEmbeddingController
06-04 20:52:03.375 I/ExplicitHealthCheckController( 711): Explicit health check service is bound
06-04 20:52:03.393 D/HDMI ( 711): [S]: 4E:8E:00
06-04 20:52:03.395 D/HdmiControlService( 711): Switching to full volume behavior
06-04 20:52:03.395 I/ExplicitHealthCheckController( 711): Explicit health check service is connected ComponentInfo{android.ext.services/android.ext.services.watchdog.ExplicitHealthCheckServiceImpl}
06-04 20:52:03.396 I/ExplicitHealthCheckController( 711): Service initialized, syncing requests
06-04 20:52:03.396 W/Looper ( 711): Drained
06-04 20:52:03.397 I/PackageWatchdog( 711): Syncing health check requests for packages: {}
06-04 20:52:03.397 D/ExplicitHealthCheckController( 711): Getting health check supported packages
06-04 20:52:03.401 I/ExplicitHealthCheckController( 711): Explicit health check supported packages [PackageConfig{com.android.networkstack, 86400000}]
06-04 20:52:03.401 D/PackageWatchdog( 711): Received supported packages [PackageConfig{com.android.networkstack, 86400000}]
06-04 20:52:03.402 D/ExplicitHealthCheckController( 711): Getting health check requested packages
06-04 20:52:03.402 I/ExplicitHealthCheckController( 711): Explicit health check requested packages []
06-04 20:52:03.403 I/ExplicitHealthCheckController( 711): No more health check requests, unbinding...
06-04 20:52:03.404 I/ExplicitHealthCheckController( 711): Explicit health check service is unbound
06-04 20:52:03.404 V/WindowManagerShell( 1328): Adding init callback for StartingWindowController
06-04 20:52:03.405 V/WindowManagerShell( 1328): Adding init callback for ProtoLogController
06-04 20:52:03.409 V/WindowManagerShell( 1328): Adding init callback for TvPipTransition
06-04 20:52:03.415 W/BroadcastLoopers( 711): Found previously unknown looper Thread[BluetoothManagerService,5,main]
06-04 20:52:03.434 D/WindowManagerShell( 1328): TvPipActionsProvider: onMediaActionsChanged()
06-04 20:52:03.435 D/WindowManagerShell( 1328): TvPipActionsProvider: replaceCustomActions, count: 0
