06-04 20:52:03.435 D/WindowManagerShell( 1328): TvPipMenuController: setDelegate(), delegate=com.android.wm.shell.pip.tv.TvPipController@b867785
06-04 20:52:03.435 V/WindowManagerShell( 1328): Adding init callback for TvPipController
06-04 20:52:03.435 V/WindowManagerShell( 1328): Adding init callback for KeyguardTransitionHandler
06-04 20:52:03.444 V/WindowManagerShell( 1328): Adding init callback for BackAnimationController
06-04 20:52:03.448 V/WindowManagerShell( 1328): Initializing Shell Components: 18
06-04 20:52:03.449 V/WindowManagerShell( 1328): DisplayChangeController init took 1ms
06-04 20:52:03.450 V/WindowManagerShell( 1328): DisplayController init took 1ms
06-04 20:52:03.452 V/WindowManagerShell( 1328): DisplayInsetsController init took 2ms
06-04 20:52:03.452 V/WindowManagerShell( 1328): DisplayImeController init took 0ms
06-04 20:52:03.452 V/WindowManagerShell( 1328): Adding dump callback for ShellController
06-04 20:52:03.452 V/WindowManagerShell( 1328): ShellController init took 0ms
06-04 20:52:03.452 V/WindowManagerShell( 1328): Adding external interface from DragAndDropController with key extra_shell_drag_and_drop
06-04 20:52:03.452 V/WindowManagerShell( 1328): Adding dump callback for DragAndDropController
06-04 20:52:03.452 V/WindowManagerShell( 1328): DragAndDropController init took 0ms
06-04 20:52:03.452 V/WindowManagerShell( 1328): Adding command class compatui for CompatUIShellCommandHandler
06-04 20:52:03.452 V/WindowManagerShell( 1328): CompatUIController init took 0ms
06-04 20:52:03.453 V/WindowManagerShell( 1328): Adding dump callback for ShellTaskOrganizer
06-04 20:52:03.459 V/WindowManagerShell( 1328): ShellTaskOrganizer init took 7ms
06-04 20:52:03.463 W/ContextImpl( 711): Calling a method in the system process without a qualified user: android.app.ContextImpl.startService:1899 com.android.server.wm.DisplayPolicy.lambda$focusChangedLw$5:2126 com.android.server.wm.DisplayPolicy.$r8$lambda$Znxk63oh-WzVnzo_WQefN7uxV48:0 com.android.server.wm.DisplayPolicy$$ExternalSyntheticLambda13.run:0 android.os.Handler.handleCallback:958
06-04 20:52:03.463 W/ActivityManager( 711): Unable to start service Intent { cmp=com.oranth.ledstatus/.LedStatusService } U=0: not found
06-04 20:52:03.490 E/SettingsState( 711): Failed to write settings, restoring old file
06-04 20:52:03.490 E/SettingsState( 711): java.io.SyncFailedException: sync failed
06-04 20:52:03.490 E/SettingsState( 711): at java.io.FileDescriptor.sync(Native Method)
06-04 20:52:03.490 E/SettingsState( 711): at com.android.providers.settings.SettingsState.doWriteState(SettingsState.java:925)
06-04 20:52:03.490 E/SettingsState( 711): at com.android.providers.settings.SettingsState.-$$Nest$mdoWriteState(SettingsState.java:0)
06-04 20:52:03.490 E/SettingsState( 711): at com.android.providers.settings.SettingsState$MyHandler.handleMessage(SettingsState.java:1279)
06-04 20:52:03.490 E/SettingsState( 711): at android.os.Handler.dispatchMessage(Handler.java:106)
06-04 20:52:03.490 E/SettingsState( 711): at android.os.Looper.loopOnce(Looper.java:205)
06-04 20:52:03.490 E/SettingsState( 711): at android.os.Looper.loop(Looper.java:294)
06-04 20:52:03.490 E/SettingsState( 711): at android.os.HandlerThread.run(HandlerThread.java:67)
06-04 20:52:03.491 V/WindowManagerShell( 1328): DefaultTransitionHandler init took 32ms
06-04 20:52:03.493 V/WindowManagerShell( 1328): Adding external interface from Transitions with key extra_shell_shell_transitions
06-04 20:52:03.499 V/WindowManagerShell( 1328): Adding command class transitions for Transitions
06-04 20:52:03.499 V/WindowManagerShell( 1328): Transitions init took 8ms
06-04 20:52:03.499 V/WindowManagerShell( 1328): FullscreenTaskListener init took 0ms
06-04 20:52:03.499 V/WindowManagerShell( 1328): addHandler: ActivityEmbeddingController
06-04 20:52:03.499 V/WindowManagerShell( 1328): ActivityEmbeddingController init took 0ms
06-04 20:52:03.499 V/WindowManagerShell( 1328): Adding external interface from StartingWindowController with key extra_shell_starting_window
06-04 20:52:03.499 V/WindowManagerShell( 1328): StartingWindowController init took 0ms
06-04 20:52:03.499 V/WindowManagerShell( 1328): Adding command class protolog for ProtoLogController
06-04 20:52:03.499 V/WindowManagerShell( 1328): ProtoLogController init took 0ms
06-04 20:52:03.499 V/WindowManagerShell( 1328): addHandler: TvPipTransition
06-04 20:52:03.499 V/WindowManagerShell( 1328): TvPipTransition init took 1ms
06-04 20:52:03.510 V/WindowManagerShell( 1328): TvPipController init took 10ms
06-04 20:52:03.510 V/WindowManagerShell( 1328): addHandler: KeyguardTransitionHandler
06-04 20:52:03.511 V/WindowManagerShell( 1328): KeyguardTransitionHandler init took 0ms
06-04 20:52:03.514 D/ShellBackPreview( 1328): Back animation enabled=false
06-04 20:52:03.515 V/WindowManagerShell( 1328): Adding external interface from BackAnimationController with key extra_shell_back_animation
06-04 20:52:03.525 V/WindowManagerShell( 1328): BackAnimationController init took 14ms
06-04 20:52:03.525 V/ShellDragAndDrop( 1328): Display added: 0
06-04 20:52:03.561 W/WindowManager( 711): [addWindow] title:ShellDropTarget
06-04 20:52:03.570 D/WindowManagerShell( 1328): TvPipController: onImeVisibilityChanged(), visible=false, height=0
06-04 20:52:03.575 D/CoreBackPreview( 711): Window{57196c8 u0 ShellDropTarget}: Setting back callback OnBackInvokedCallbackInfo{mCallback=android.window.IOnBackInvokedCallback$Stub$Proxy@3b8bd12, mPriority=0, mIsAnimationCallback=false}
06-04 20:52:03.600 W/Looper ( 1105): Slow dispatch took 3103ms main h=android.app.ActivityThread$H c=null m=110
06-04 20:52:03.604 W/ContextImpl( 1105): Calling a method in the system process without a qualified user: android.app.ContextImpl.startService:1899 android.content.ContextWrapper.startService:825 com.droidlogic.DroidlogicApplication$1.handleMessage:93 android.os.Handler.dispatchMessage:106 android.os.Looper.loopOnce:205
06-04 20:52:03.670 D/CompatibilityChangeReporter( 711): Compat change id reported: 161145287; UID 10052; state: ENABLED
06-04 20:52:03.686 D/CompatibilityChangeReporter( 711): Compat change id reported: 157233955; UID 10052; state: ENABLED
06-04 20:52:03.706 E/HDMI ( 711): [1]:Failed to send 4E:8E:00 with errorCode=1
06-04 20:52:03.707 D/HDMI ( 711): [S]: 40:90:00
06-04 20:52:03.750 D/ActivityThread( 1081): Loading provider com.android.bluetooth.opp: com.android.bluetooth.opp.BluetoothOppProvider
06-04 20:52:03.790 D/CompatibilityChangeReporter( 711): Compat change id reported: 261072174; UID 1000; state: ENABLED
06-04 20:52:03.889 W/ActivityManager( 711): Receiver with filter android.content.IntentFilter@818a4b already registered for pid 1328, callerPackage is com.android.systemui
06-04 20:52:03.897 D/CompatibilityChangeReporter( 711): Compat change id reported: 171306433; UID 1000; state: ENABLED
06-04 20:52:03.898 D/CompatibilityChangeReporter( 711): Compat change id reported: 218533173; UID 1000; state: ENABLED
06-04 20:52:03.923 D/HDMI ( 711): [R]: 04:90:00
06-04 20:52:03.924 I/MR2ServiceImpl( 711): registerManager | uid: 10052, pid: 1328, package: com.android.systemui, user: 0
06-04 20:52:03.933 D/HDMI ( 711): queryDisplayStatus status=0
06-04 20:52:03.933 D/AudioService( 711): onStatusChange cecEnabled:true available:true
06-04 20:52:03.933 D/HDMI ( 711): queryDisplayStatus status=0
06-04 20:52:03.933 D/AudioService( 711): onStatusChange cecEnabled:true available:true
06-04 20:52:03.999 D/CompatibilityChangeReporter( 711): Compat change id reported: 265195908; UID 10052; state: ENABLED
06-04 20:52:04.051 D/WallpaperManagerService( 711): WPMS.onServiceConnected-ComponentInfo{com.android.systemui/com.android.systemui.wallpapers.ImageWallpaper}
06-04 20:52:04.051 D/WallpaperManagerService( 711): WPMS.attachServiceLocked
06-04 20:52:04.051 D/WallpaperManagerService( 711): WPMS.connectLocked-ComponentInfo{com.android.systemui/com.android.systemui.wallpapers.ImageWallpaper}
06-04 20:52:04.055 D/WallpaperManagerService( 711): WPMS.saveSettingsLocked-0
06-04 20:52:04.060 D/WallpaperManagerService( 711): WPMS.onServiceConnected-ComponentInfo{com.android.systemui/com.android.systemui.wallpapers.ImageWallpaper}
06-04 20:52:04.060 D/WallpaperManagerService( 711): WPMS.attachServiceLocked
06-04 20:52:04.063 D/HDMI ( 711): [S]: 40:8F
06-04 20:52:04.070 W/WindowManager( 711): [addWindow] title:com.android.systemui.wallpapers.ImageWallpaper
06-04 20:52:04.070 D/CompatibilityChangeReporter( 711): Compat change id reported: 168419799; UID 10052; state: DISABLED
06-04 20:52:04.071 D/CompatibilityChangeReporter( 711): Compat change id reported: 273564678; UID 10052; state: DISABLED
06-04 20:52:04.278 D/ActivityManagerTiming( 711): FinishBooting
06-04 20:52:04.281 D/CompatibilityChangeReporter( 711): Compat change id reported: 161145287; UID 1000; state: DISABLED
06-04 20:52:04.282 D/CompatibilityChangeReporter( 711): Compat change id reported: 161145287; UID 1000; state: ENABLED
06-04 20:52:04.283 I/ActivityManager( 711): About to commit checkpoint
06-04 20:52:04.284 I/SystemServiceManager( 711): Starting phase 1000
06-04 20:52:04.284 D/ActivityManagerTiming( 711): OnBootPhase_1000
06-04 20:52:04.284 D/ActivityManagerTiming( 711): OnBootPhase_1000_com.android.server.security.FileIntegrityService
06-04 20:52:04.284 D/ActivityManagerTiming( 711): OnBootPhase_1000_com.android.server.pm.Installer
06-04 20:52:04.284 D/ActivityManagerTiming( 711): OnBootPhase_1000_com.android.server.os.DeviceIdentifiersPolicyService
06-04 20:52:04.284 D/ActivityManagerTiming( 711): OnBootPhase_1000_com.android.server.flags.FeatureFlagsService
06-04 20:52:04.284 D/ActivityManagerTiming( 711): OnBootPhase_1000_com.android.server.uri.UriGrantsManagerService$Lifecycle
06-04 20:52:04.284 D/ActivityManagerTiming( 711): OnBootPhase_1000_com.android.server.powerstats.PowerStatsService
06-04 20:52:04.284 E/PowerStatsService( 711): Failed to start PowerStatsService loggers
06-04 20:52:04.284 D/ActivityManagerTiming( 711): OnBootPhase_1000_com.android.server.permission.access.AccessCheckingService
06-04 20:52:04.284 D/ActivityManagerTiming( 711): OnBootPhase_1000_com.android.server.wm.ActivityTaskManagerService$Lifecycle
06-04 20:52:04.284 D/ActivityManagerTiming( 711): OnBootPhase_1000_com.android.server.am.ActivityManagerService$Lifecycle
06-04 20:52:04.284 D/ActivityManagerTiming( 711): OnBootPhase_1000_com.android.server.pm.DataLoaderManagerService
06-04 20:52:04.284 D/ActivityManagerTiming( 711): OnBootPhase_1000_com.android.server.power.PowerManagerService
06-04 20:52:04.287 D/ActivityManagerTiming( 711): OnBootPhase_1000_com.android.server.power.ThermalManagerService
06-04 20:52:04.287 D/ActivityManagerTiming( 711): OnBootPhase_1000_com.android.server.power.hint.HintManagerService
06-04 20:52:04.287 I/DisplayBrightnessStrategySelector( 711): Changing the DisplayBrightnessStrategy from OverrideBrightnessStrategy toInvalidBrightnessStrategy for display 0
06-04 20:52:04.287 V/DisplayPowerController2[0]( 711): Brightness [0.39763778] reason changing to: 'manual', previous reason: 'override'.
06-04 20:52:04.287 I/DisplayPowerController2[0]( 711): BrightnessEvent: disp=0, physDisp=local:4616277992360486155, brt=0.39763778, initBrt=0.39763778, rcmdBrt=NaN, preBrt=NaN, lux=0.0, preLux=0.0, hbmMax=1.0, hbmMode=off, rbcStrength=0, thrmMax=1.0, powerFactor=1.0, wasShortTermModelActive=false, flags=, reason=manual, autoBrightness=false, strategy=InvalidBrightnessStrategy
06-04 20:52:04.288 D/ActivityManagerTiming( 711): OnBootPhase_1000_com.android.server.recoverysystem.RecoverySystemService$Lifecycle
06-04 20:52:04.289 D/ActivityManagerTiming( 711): OnBootPhase_1000_com.android.server.lights.LightsService
06-04 20:52:04.289 D/ActivityManagerTiming( 711): OnBootPhase_1000_com.android.server.display.DisplayManagerService
06-04 20:52:04.289 I/LogicalDisplayMapper( 711): Requesting Transition to state: 0, from state=-1, interactive=true, mBootCompleted=true
06-04 20:52:04.289 I/LogicalDisplayMapper( 711): Applying layout: [{dispId: 0(ON), displayGroupName: , addr: {port=11, model=0x401050603f19a5}, mThermalBrightnessThrottlingMapId: null, mRefreshRateZoneId: null, mLeadDisplayId: -1, mLeadDisplayAddress: null, mThermalRefreshRateThrottlingMapId: null}], Previous layout: [{dispId: 0(ON), displayGroupName: , addr: {port=11, model=0x401050603f19a5}, mThermalBrightnessThrottlingMapId: null, mRefreshRateZoneId: null, mLeadDisplayId: -1, mLeadDisplayAddress: null, mThermalRefreshRateThrottlingMapId: null}]
06-04 20:52:04.289 D/ActivityManagerTiming( 711): OnBootPhase_1000_com.android.server.pm.verify.domain.DomainVerificationService
06-04 20:52:04.289 D/ActivityManagerTiming( 711): OnBootPhase_1000_com.android.server.pm.PackageInstallerService$Lifecycle
06-04 20:52:04.289 D/ActivityManagerTiming( 711): OnBootPhase_1000_com.android.server.pm.UserManagerService$LifeCycle
06-04 20:52:04.290 D/ActivityManagerTiming( 711): OnBootPhase_1000_com.android.server.om.OverlayManagerService
06-04 20:52:04.290 D/ActivityManagerTiming( 711): OnBootPhase_1000_com.android.server.resources.ResourcesManagerService
06-04 20:52:04.290 D/ActivityManagerTiming( 711): OnBootPhase_1000_com.android.server.sensorprivacy.SensorPrivacyService
06-04 20:52:04.290 D/ActivityManagerTiming( 711): OnBootPhase_1000_com.android.server.sensors.SensorService
06-04 20:52:04.290 D/ActivityManagerTiming( 711): OnBootPhase_1000_com.android.server.SystemConfigService
06-04 20:52:04.290 D/ActivityManagerTiming( 711): OnBootPhase_1000_com.android.server.BatteryService
06-04 20:52:04.290 D/ActivityManagerTiming( 711): OnBootPhase_1000_com.android.server.usage.UsageStatsService
06-04 20:52:04.290 D/ActivityManagerTiming( 711): OnBootPhase_1000_com.android.server.webkit.WebViewUpdateService
06-04 20:52:04.290 D/ActivityManagerTiming( 711): OnBootPhase_1000_com.android.server.CachedDeviceStateService
06-04 20:52:04.290 D/ActivityManagerTiming( 711): OnBootPhase_1000_com.android.server.BinderCallsStatsService$LifeCycle
06-04 20:52:04.290 D/ActivityManagerTiming( 711): OnBootPhase_1000_com.android.server.LooperStatsService$Lifecycle
06-04 20:52:04.290 D/ActivityManagerTiming( 711): OnBootPhase_1000_com.android.server.rollback.RollbackManagerService
06-04 20:52:04.299 D/ActivityManagerTiming( 711): OnBootPhase_1000_com.android.server.os.NativeTombstoneManagerService
06-04 20:52:04.299 D/ActivityManagerTiming( 711): OnBootPhase_1000_com.android.server.os.BugreportManagerService
06-04 20:52:04.299 D/ActivityManagerTiming( 711): OnBootPhase_1000_com.android.server.gpu.GpuService
06-04 20:52:04.299 D/ActivityManagerTiming( 711): OnBootPhase_1000_com.android.server.security.rkp.RemoteProvisioningService
06-04 20:52:04.299 D/ActivityManagerTiming( 711): OnBootPhase_1000_com.android.server.security.KeyChainSystemService
06-04 20:52:04.299 D/ActivityManagerTiming( 711): OnBootPhase_1000_com.android.server.BinaryTransparencyService
06-04 20:52:04.299 I/TransparencyService( 711): Boot completed. Getting VBMeta Digest.
06-04 20:52:04.299 D/TransparencyService( 711): VBMeta Digest: f989f68596e7bd32d82125fe60e9a7f52d75308782db41b22749dfccc439c091
06-04 20:52:04.299 I/TransparencyService( 711): Boot completed. Collecting biometric system properties.
06-04 20:52:04.300 I/TransparencyService( 711): Scheduling measurements to be taken.
06-04 20:52:04.300 I/TransparencyService( 711): Scheduling binary content-digest computation job
06-04 20:52:04.301 D/CompatibilityChangeReporter( 711): Compat change id reported: 253665015; UID 1000; state: DISABLED
06-04 20:52:04.302 D/CompatibilityChangeReporter( 711): Compat change id reported: 253665015; UID 1000; state: ENABLED
06-04 20:52:04.303 D/CompatibilityChangeReporter( 711): Compat change id reported: 194532703; UID 1000; state: DISABLED
06-04 20:52:04.303 D/CompatibilityChangeReporter( 711): Compat change id reported: 194532703; UID 1000; state: ENABLED
06-04 20:52:04.306 D/TransparencyService( 711): Job 1740526926 to measure binaries was scheduled successfully.
06-04 20:52:04.306 D/TransparencyService( 711): Registering APK & Non-Staged APEX updates...
06-04 20:52:04.307 D/TransparencyService( 711): Registering APEX updates...
06-04 20:52:04.307 D/RollbackManager( 711): mRollbackLifetimeDurationInMillis=1209600000
06-04 20:52:04.308 D/ActivityManagerTiming( 711): OnBootPhase_1000_com.android.server.accounts.AccountManagerService$Lifecycle
06-04 20:52:04.308 D/ActivityManagerTiming( 711): OnBootPhase_1000_com.android.server.content.ContentService$Lifecycle
06-04 20:52:04.308 D/ActivityManagerTiming( 711): OnBootPhase_1000_com.android.server.deviceconfig.DeviceConfigInit$Lifecycle
06-04 20:52:04.308 D/ActivityManagerTiming( 711): OnBootPhase_1000_com.android.server.DropBoxManagerService
06-04 20:52:04.308 D/ActivityManagerTiming( 711): OnBootPhase_1000_com.android.role.RoleService
06-04 20:52:04.308 D/ActivityManagerTiming( 711): OnBootPhase_1000_com.android.server.vibrator.VibratorManagerService$Lifecycle
06-04 20:52:04.308 D/ActivityManagerTiming( 711): OnBootPhase_1000_com.android.server.tare.InternalResourceService
06-04 20:52:04.308 D/ActivityManagerTiming( 711): OnBootPhase_1000_com.android.server.alarm.AlarmManagerService
06-04 20:52:04.308 D/ActivityManagerTiming( 711): OnBootPhase_1000_com.android.server.devicestate.DeviceStateManagerService
06-04 20:52:04.308 D/ActivityManagerTiming( 711): OnBootPhase_1000_com.android.server.camera.CameraServiceProxy
06-04 20:52:04.313 D/ActivityManagerTiming( 711): OnBootPhase_1000_com.android.server.bluetooth.BluetoothService
06-04 20:52:04.313 D/ActivityManagerTiming( 711): OnBootPhase_1000_com.android.server.connectivity.IpConnectivityMetrics
06-04 20:52:04.313 D/ActivityManagerTiming( 711): OnBootPhase_1000_com.android.server.net.watchlist.NetworkWatchlistService$Lifecycle
06-04 20:52:04.313 D/ActivityManagerTiming( 711): OnBootPhase_1000_com.android.server.PinnerService
06-04 20:52:04.313 D/ActivityManagerTiming( 711): OnBootPhase_1000_com.android.server.integrity.AppIntegrityManagerService
06-04 20:52:04.313 D/ActivityManagerTiming( 711): OnBootPhase_1000_com.android.server.logcat.LogcatManagerService
06-04 20:52:04.313 D/ActivityManagerTiming( 711): OnBootPhase_1000_com.android.server.inputmethod.InputMethodManagerService$Lifecycle
06-04 20:52:04.313 D/ActivityManagerTiming( 711): OnBootPhase_1000_com.android.server.accessibility.AccessibilityManagerService$Lifecycle
06-04 20:52:04.313 D/ActivityManagerTiming( 711): OnBootPhase_1000_com.android.server.StorageManagerService$Lifecycle
06-04 20:52:04.313 D/ActivityManagerTiming( 711): OnBootPhase_1000_com.android.server.usage.StorageStatsService$Lifecycle
06-04 20:52:04.313 D/ActivityManagerTiming( 711): OnBootPhase_1000_com.android.server.UiModeManagerService
06-04 20:52:04.313 D/ActivityManagerTiming( 711): OnBootPhase_1000_com.android.server.locales.LocaleManagerService
06-04 20:52:04.313 D/ActivityManagerTiming( 711): OnBootPhase_1000_com.android.server.grammaticalinflection.GrammaticalInflectionService
06-04 20:52:04.313 D/ActivityManagerTiming( 711): OnBootPhase_1000_com.android.server.apphibernation.AppHibernationService
06-04 20:52:04.313 D/StorageManagerService( 711): Thinking about reset, mBootCompleted=true, mDaemonConnected=true
06-04 20:52:04.313 I/StorageSessionController( 711): Started resetting external storage service...
06-04 20:52:04.313 I/StorageSessionController( 711): Finished resetting external storage service
06-04 20:52:04.314 D/ActivityManagerTiming( 711): OnBootPhase_1000_com.android.server.locksettings.LockSettingsService$Lifecycle
06-04 20:52:04.314 I/StorageManagerService( 711): Resetting vold...
06-04 20:52:04.314 D/ActivityManagerTiming( 711): OnBootPhase_1000_com.android.server.PersistentDataBlockService
06-04 20:52:04.314 D/ActivityManagerTiming( 711): OnBootPhase_1000_com.android.server.testharness.TestHarnessModeService
06-04 20:52:04.314 D/TestHarnessModeService( 711): Completing Test Harness Mode setup.
06-04 20:52:04.314 I/StorageManagerService( 711): Reset vold
06-04 20:52:04.315 I/HibernationStateDiskStore( 711): No hibernation file on disk for file /data/system/hibernation/states
06-04 20:52:04.315 I/vold ( 251): onUserAdded: 0
06-04 20:52:04.317 D/AppStandbyController( 711): Loaded headless system app cache in 11 ms: appIdleEnabled=true
06-04 20:52:04.348 D/ActivityManagerTiming( 711): OnBootPhase_1000_com.android.server.oemlock.OemLockService
06-04 20:52:04.348 D/ActivityManagerTiming( 711): OnBootPhase_1000_com.android.server.DeviceIdleController
06-04 20:52:04.348 D/ActivityManagerTiming( 711): OnBootPhase_1000_com.android.server.devicepolicy.DevicePolicyManagerService$Lifecycle
06-04 20:52:04.348 D/ActivityManagerTiming( 711): OnBootPhase_1000_com.android.server.texttospeech.TextToSpeechManagerService
06-04 20:52:04.348 D/ActivityManagerTiming( 711): OnBootPhase_1000_com.android.server.ambientcontext.AmbientContextManagerService
06-04 20:52:04.348 D/ActivityManagerTiming( 711): OnBootPhase_1000_com.android.server.wearable.WearableSensingManagerService
06-04 20:52:04.348 D/ActivityManagerTiming( 711): OnBootPhase_1000_com.android.server.speech.SpeechRecognitionManagerService
06-04 20:52:04.348 D/ActivityManagerTiming( 711): OnBootPhase_1000_com.android.server.searchui.SearchUiManagerService
06-04 20:52:04.348 D/ActivityManagerTiming( 711): OnBootPhase_1000_com.android.server.smartspace.SmartspaceManagerService
06-04 20:52:04.348 D/ActivityManagerTiming( 711): OnBootPhase_1000_com.android.server.graphics.fonts.FontManagerService$Lifecycle
06-04 20:52:04.348 D/ActivityManagerTiming( 711): OnBootPhase_1000_com.android.server.textservices.TextServicesManagerService$Lifecycle
06-04 20:52:04.348 D/ActivityManagerTiming( 711): OnBootPhase_1000_com.android.server.textclassifier.TextClassificationManagerService$Lifecycle
06-04 20:52:04.348 D/ActivityManagerTiming( 711): OnBootPhase_1000_com.android.server.NetworkScoreService$Lifecycle
06-04 20:52:04.348 D/ActivityManagerTiming( 711): OnBootPhase_1000_com.android.server.NetworkStatsServiceInitializer
06-04 20:52:04.348 D/ActivityManagerTiming( 711): OnBootPhase_1000_com.android.server.wifi.WifiService
06-04 20:52:04.348 D/ActivityManagerTiming( 711): OnBootPhase_1000_com.android.server.wifi.scanner.WifiScanningService
06-04 20:52:04.348 D/ActivityManagerTiming( 711): OnBootPhase_1000_com.android.server.wifi.p2p.WifiP2pService
06-04 20:52:04.348 D/ActivityManagerTiming( 711): OnBootPhase_1000_com.android.server.ConnectivityServiceInitializer
06-04 20:52:04.350 D/ActivityManagerTiming( 711): OnBootPhase_1000_com.android.server.notification.NotificationManagerService
06-04 20:52:04.350 D/ActivityManagerTiming( 711): OnBootPhase_1000_com.android.server.storage.DeviceStorageMonitorService
06-04 20:52:04.350 D/ActivityManagerTiming( 711): OnBootPhase_1000_com.android.server.timedetector.TimeDetectorService$Lifecycle
06-04 20:52:04.350 D/ActivityManagerTiming( 711): OnBootPhase_1000_com.android.server.location.LocationManagerService$Lifecycle
06-04 20:52:04.350 D/ActivityManagerTiming( 711): OnBootPhase_1000_com.android.server.timezonedetector.TimeZoneDetectorService$Lifecycle
06-04 20:52:04.350 D/ActivityManagerTiming( 711): OnBootPhase_1000_com.android.server.location.altitude.AltitudeService$Lifecycle
06-04 20:52:04.350 D/ActivityManagerTiming( 711): OnBootPhase_1000_com.android.server.timezonedetector.location.LocationTimeZoneManagerService$Lifecycle
06-04 20:52:04.350 D/ActivityManagerTiming( 711): OnBootPhase_1000_com.android.server.search.SearchManagerService$Lifecycle
06-04 20:52:04.350 D/ActivityManagerTiming( 711): OnBootPhase_1000_com.android.server.wallpaper.WallpaperManagerService$Lifecycle
06-04 20:52:04.350 D/ActivityManagerTiming( 711): OnBootPhase_1000_com.android.server.wallpapereffectsgeneration.WallpaperEffectsGenerationManagerService
06-04 20:52:04.350 D/ActivityManagerTiming( 711): OnBootPhase_1000_com.android.server.audio.AudioService$Lifecycle
06-04 20:52:04.350 D/ActivityManagerTiming( 711): OnBootPhase_1000_com.android.server.soundtrigger_middleware.SoundTriggerMiddlewareService$Lifecycle
06-04 20:52:04.350 D/ActivityManagerTiming( 711): OnBootPhase_1000_com.android.server.adb.AdbService$Lifecycle
06-04 20:52:04.351 D/ActivityManagerTiming( 711): OnBootPhase_1000_com.android.server.usb.UsbService$Lifecycle
06-04 20:52:04.351 D/ActivityManagerTiming( 711): OnBootPhase_1000_com.android.server.twilight.TwilightService
06-04 20:52:04.353 D/ActivityManagerTiming( 711): OnBootPhase_1000_com.android.server.display.color.ColorDisplayService
06-04 20:52:04.353 D/ActivityManagerTiming( 711): OnBootPhase_1000_com.android.server.job.JobSchedulerService
06-04 20:52:04.353 D/ActivityManagerTiming( 711): OnBootPhase_1000_com.android.server.soundtrigger.SoundTriggerService
06-04 20:52:04.353 D/SoundTriggerService( 711): onBootPhase: 1000 : false
06-04 20:52:04.353 D/ActivityManagerTiming( 711): OnBootPhase_1000_com.android.server.trust.TrustManagerService
06-04 20:52:04.353 D/ActivityManagerTiming( 711): OnBootPhase_1000_com.android.server.backup.BackupManagerService$Lifecycle
06-04 20:52:04.353 D/ActivityManagerTiming( 711): OnBootPhase_1000_com.android.server.appwidget.AppWidgetService
06-04 20:52:04.353 D/ActivityManagerTiming( 711): OnBootPhase_1000_com.android.server.voiceinteraction.VoiceInteractionManagerService
06-04 20:52:04.354 D/ActivityManagerTiming( 711): OnBootPhase_1000_com.android.server.GestureLauncherService
06-04 20:52:04.354 D/ActivityManagerTiming( 711): OnBootPhase_1000_com.android.server.SensorNotificationService
06-04 20:52:04.354 I/UsbDeviceManager( 711): Setting USB config to
06-04 20:52:04.354 D/UsbDeviceManager( 711): setUsbConfig(4) request:1
06-04 20:52:04.355 D/CompatibilityChangeReporter( 711): Compat change id reported: 168936375; UID 1000; state: DISABLED
06-04 20:52:04.356 D/CompatibilityChangeReporter( 711): Compat change id reported: 168936375; UID 1000; state: ENABLED
06-04 20:52:04.370 D/CompatibilityChangeReporter( 711): Compat change id reported: 73144566; UID 1000; state: DISABLED
06-04 20:52:04.370 D/CompatibilityChangeReporter( 711): Compat change id reported: 73144566; UID 1000; state: ENABLED
06-04 20:52:04.372 D/ActivityManagerTiming( 711): OnBootPhase_1000_com.android.server.emergency.EmergencyAffordanceService
06-04 20:52:04.372 D/ActivityManagerTiming( 711): OnBootPhase_1000_com.android.server.blob.BlobStoreManagerService
06-04 20:52:04.374 D/ActivityManagerTiming( 711): OnBootPhase_1000_com.android.server.dreams.DreamManagerService
06-04 20:52:04.374 D/ActivityManagerTiming( 711): OnBootPhase_1000_com.android.server.security.AttestationVerificationManagerService
06-04 20:52:04.374 D/ActivityManagerTiming( 711): OnBootPhase_1000_com.android.server.restrictions.RestrictionsManagerService
06-04 20:52:04.374 D/ActivityManagerTiming( 711): OnBootPhase_1000_com.android.server.media.MediaSessionService
06-04 20:52:04.377 D/ActivityManagerTiming( 711): OnBootPhase_1000_com.android.server.hdmi.HdmiControlService
06-04 20:52:04.377 D/ActivityManagerTiming( 711): OnBootPhase_1000_com.android.server.tv.interactive.TvInteractiveAppManagerService
06-04 20:52:04.377 D/ActivityManagerTiming( 711): OnBootPhase_1000_com.android.server.tv.TvInputManagerService
06-04 20:52:04.377 D/ActivityManagerTiming( 711): OnBootPhase_1000_com.android.server.media.MediaResourceMonitorService
06-04 20:52:04.377 D/ActivityManagerTiming( 711): OnBootPhase_1000_com.android.server.tv.TvRemoteService
06-04 20:52:04.377 I/HdmiControlService( 711): bootCompleted
06-04 20:52:04.380 D/ActivityManagerTiming( 711): OnBootPhase_1000_com.android.server.biometrics.BiometricService
06-04 20:52:04.380 D/ActivityManagerTiming( 711): OnBootPhase_1000_com.android.server.biometrics.AuthService
06-04 20:52:04.380 D/ActivityManagerTiming( 711): OnBootPhase_1000_com.android.server.pm.ShortcutService$Lifecycle
06-04 20:52:04.380 D/ActivityManagerTiming( 711): OnBootPhase_1000_com.android.server.pm.LauncherAppsService
06-04 20:52:04.380 D/ActivityManagerTiming( 711): OnBootPhase_1000_com.android.server.pm.CrossProfileAppsService
06-04 20:52:04.380 D/ActivityManagerTiming( 711): OnBootPhase_1000_com.android.server.people.PeopleService
06-04 20:52:04.380 D/ActivityManagerTiming( 711): OnBootPhase_1000_com.android.server.media.metrics.MediaMetricsManagerService
06-04 20:52:04.380 D/ActivityManagerTiming( 711): OnBootPhase_1000_com.android.server.pm.BackgroundInstallControlService
06-04 20:52:04.380 D/ActivityManagerTiming( 711): OnBootPhase_1000_com.android.server.media.projection.MediaProjectionManagerService
06-04 20:52:04.380 D/ActivityManagerTiming( 711): OnBootPhase_1000_com.android.server.slice.SliceManagerService$Lifecycle
06-04 20:52:04.380 D/ActivityManagerTiming( 711): OnBootPhase_1000_com.android.server.stats.StatsCompanion$Lifecycle
06-04 20:52:04.380 D/ActivityManagerTiming( 711): OnBootPhase_1000_com.android.server.scheduling.RebootReadinessManagerService$Lifecycle
06-04 20:52:04.380 D/ActivityManagerTiming( 711): OnBootPhase_1000_com.android.server.stats.pull.StatsPullAtomService
06-04 20:52:04.380 D/ActivityManagerTiming( 711): OnBootPhase_1000_com.android.server.stats.bootstrap.StatsBootstrapAtomService$Lifecycle
06-04 20:52:04.380 D/ActivityManagerTiming( 711): OnBootPhase_1000_com.android.server.incident.IncidentCompanionService
06-04 20:52:04.380 D/ActivityManagerTiming( 711): OnBootPhase_1000_com.android.server.sdksandbox.SdkSandboxManagerService$Lifecycle
06-04 20:52:04.380 D/ActivityManagerTiming( 711): OnBootPhase_1000_com.android.server.adservices.AdServicesManagerService$Lifecycle
06-04 20:52:04.380 D/ActivityManagerTiming( 711): OnBootPhase_1000_com.android.server.ondevicepersonalization.OnDevicePersonalizationSystemService$Lifecycle
06-04 20:52:04.380 D/ActivityManagerTiming( 711): OnBootPhase_1000_com.android.server.autofill.AutofillManagerService
06-04 20:52:04.380 D/ActivityManagerTiming( 711): OnBootPhase_1000_com.android.server.clipboard.ClipboardService
06-04 20:52:04.380 D/ActivityManagerTiming( 711): OnBootPhase_1000_com.android.server.appbinding.AppBindingService$Lifecycle
06-04 20:52:04.380 D/ActivityManagerTiming( 711): OnBootPhase_1000_com.android.server.tracing.TracingServiceProxy
06-04 20:52:04.380 D/ActivityManagerTiming( 711): OnBootPhase_1000_com.android.server.policy.PermissionPolicyService
06-04 20:52:04.380 D/ActivityManagerTiming( 711): OnBootPhase_1000_com.android.server.pm.StagingManager$Lifecycle
06-04 20:52:04.384 D/ActivityManagerTiming( 711): OnBootPhase_1000_com.android.server.app.GameManagerService$Lifecycle
06-04 20:52:04.384 D/GameManagerService( 711): onBootCompleted
06-04 20:52:04.385 V/GameManagerService( 711): Game loading power mode OFF (game manager service start/restart)
06-04 20:52:04.385 V/GameManagerService( 711): Game power mode OFF (game manager service start/restart)
06-04 20:52:04.386 D/ActivityManagerTiming( 711): OnBootPhase_1000_com.android.safetycenter.SafetyCenterService
06-04 20:52:04.387 D/ActivityManagerTiming( 711): OnBootPhase_1000_com.android.server.appsearch.AppSearchModule$Lifecycle
06-04 20:52:04.387 D/ActivityManagerTiming( 711): OnBootPhase_1000_com.android.server.media.MediaCommunicationService
06-04 20:52:04.387 D/ActivityManagerTiming( 711): OnBootPhase_1000_com.android.server.compat.overrides.AppCompatOverridesService$Lifecycle
06-04 20:52:04.387 D/ActivityManagerTiming( 711): OnBootPhase_1000_com.android.server.healthconnect.HealthConnectManagerService
06-04 20:52:04.387 D/ActivityManagerTiming( 711): OnBootPhase_1000_com.android.server.devicelock.DeviceLockService
06-04 20:52:04.387 D/DeviceLockService( 711): onBootPhase: 1000
06-04 20:52:04.387 V/ActivityManagerTiming( 711): TotalBootTime took to complete: 10614ms
06-04 20:52:04.387 D/SystemServerInitThreadPool( 711): Shutdown requested
06-04 20:52:04.387 D/SystemServerTiming( 711): WaitInitThreadPoolShutdown
06-04 20:52:04.389 D/SystemServerInitThreadPool( 711): Shutdown successful
06-04 20:52:04.394 I/ActivityManager( 711): User 0 state changed from BOOTING to RUNNING_LOCKED
06-04 20:52:04.397 I/LockSettingsService( 711): Unwrapping synthetic password for unsecured user 0
06-04 20:52:04.418 D/vold ( 251): fscrypt_unlock_user_key 0 serial=0
06-04 20:52:04.418 D/vold ( 251): Trying user CE key /data/misc/vold/user_keys/ce/0/current
06-04 20:52:04.421 D/vold ( 251): Successfully retrieved key
06-04 20:52:04.421 D/vold ( 251): Installed fscrypt key with ref 19f81aa52b516f6acd3e027f73ae8a77 to /data
06-04 20:52:04.421 D/vold ( 251): Added fscrypt-provisioning key for 19f81aa52b516f6acd3e027f73ae8a77 to session keyring
06-04 20:52:04.421 D/vold ( 251): Installed ce key for user 0
06-04 20:52:04.424 I/LockSettingsService( 711): Unlocked CE storage for unsecured user 0
06-04 20:52:04.424 D/SystemServerTiming( 711): finishUserUnlocking-0
06-04 20:52:04.425 D/ActivityManager( 711): Started unlocking user 0
06-04 20:52:04.425 D/ActivityManager( 711): Unlocking user 0 progress 0
06-04 20:52:04.425 D/ActivityManager( 711): Unlocking user 0 progress 5
06-04 20:52:04.430 V/WindowManager( 711): app ------------- force_land :0
06-04 20:52:04.431 V/WindowManager( 711): app ------------- force_land :0
06-04 20:52:04.431 D/ColorDisplayService( 711): setUp: currentUser=0
06-04 20:52:04.431 D/SystemServerTiming( 711): UM.onBeforeUnlockUser-0
06-04 20:52:04.431 D/SystemServerTiming( 711): prepareUserData-0
06-04 20:52:04.435 D/vold ( 251): fscrypt_prepare_user_storage for volume null, user 0, serial 0, flags 2
06-04 20:52:04.435 D/vold ( 251): Preparing: /data/system_ce/0
06-04 20:52:04.436 I/vold ( 251): Verified that /data/system_ce/0 has the encryption policy 19f81aa52b516f6acd3e027f73ae8a77 v2 modes 1/4 flags 0xa
06-04 20:52:04.436 D/vold ( 251): Preparing: /data/vendor_ce/0
06-04 20:52:04.437 I/vold ( 251): Verified that /data/vendor_ce/0 has the encryption policy 19f81aa52b516f6acd3e027f73ae8a77 v2 modes 1/4 flags 0xa
06-04 20:52:04.437 D/vold ( 251): Preparing: /data/media/0
06-04 20:52:04.439 I/vold ( 251): Verified that /data/media/0 has the encryption policy 19f81aa52b516f6acd3e027f73ae8a77 v2 modes 1/4 flags 0xa
06-04 20:52:04.439 D/vold ( 251): Preparing: /data/misc_ce/0
06-04 20:52:04.440 I/vold ( 251): Verified that /data/misc_ce/0 has the encryption policy 19f81aa52b516f6acd3e027f73ae8a77 v2 modes 1/4 flags 0xa
06-04 20:52:04.440 D/vold ( 251): Preparing: /data/user/0
06-04 20:52:04.440 I/vold ( 251): Verified that /data/user/0 has the encryption policy 19f81aa52b516f6acd3e027f73ae8a77 v2 modes 1/4 flags 0xa
06-04 20:52:04.440 D/vold ( 251): Starting restorecon of /data/system_ce/0
06-04 20:52:04.446 D/vold ( 251): Finished restorecon of /data/system_ce/0
06-04 20:52:04.446 D/vold ( 251): Starting restorecon of /data/vendor_ce/0
06-04 20:52:04.450 D/vold ( 251): Finished restorecon of /data/vendor_ce/0
06-04 20:52:04.450 D/vold ( 251): Starting restorecon of /data/misc_ce/0
06-04 20:52:04.454 D/vold ( 251): Finished restorecon of /data/misc_ce/0
06-04 20:52:04.454 D/vold ( 251): /system/bin/vold_prepare_subdirs
06-04 20:52:04.454 D/vold ( 251): prepare
06-04 20:52:04.454 D/vold ( 251):
06-04 20:52:04.454 D/vold ( 251): 0
06-04 20:52:04.454 D/vold ( 251): 2
06-04 20:52:04.527 D/CompatibilityChangeReporter( 711): Compat change id reported: 182478738; UID 10052; state: ENABLED
06-04 20:52:04.531 D/CompatibilityChangeReporter( 711): Compat change id reported: 218533173; UID 10052; state: ENABLED
06-04 20:52:04.546 I/StatusBarManagerService( 711): registerStatusBar bar=com.android.internal.statusbar.IStatusBar$Stub$Proxy@581f746
06-04 20:52:04.569 D/HDMI ( 711): [R]: 0F:86:30:00
06-04 20:52:04.570 D/HDMI ( 711): setActiveSource logical:0x04 physical:0x3000 HdmiCecLocalDeviceSource#handleSetStreamPath()
06-04 20:52:04.575 D/HDMI ( 711): ActiveSourceHistoryRecord active source=(0x04, 0x3000) isActiveSource=true from=HdmiCecLocalDeviceSource#handleSetStreamPath()
06-04 20:52:04.576 D/HDMI ( 711): setActiveSource logical:0x04 physical:0x3000 ActiveSourceAction
06-04 20:52:04.578 D/HDMI ( 711): ActiveSourceHistoryRecord active source=(0x04, 0x3000) isActiveSource=true from=ActiveSourceAction
06-04 20:52:04.579 D/HdmiControlService( 711): Switching to full volume behavior
06-04 20:52:04.579 D/HdmiControlService( 711): Switching to full volume behavior
06-04 20:52:04.643 W/NotificationHistory( 711): Attempted to add notif for locked/gone/disabled user 0
06-04 20:52:04.646 D/HDMI ( 711): [S]: 4F:82:30:00
06-04 20:52:04.658 D/CompatibilityChangeReporter( 711): Compat change id reported: 197654537; UID 1000; state: ENABLED
06-04 20:52:04.683 V/UserDataPreparer( 711): Found /data/user/0 with serial number 0
06-04 20:52:04.683 V/UserDataPreparer( 711): Found /data/system_ce/0 with serial number 0
06-04 20:52:04.684 D/UserDataPreparer( 711): Setting property: sys.user.0.ce_available=true
06-04 20:52:04.685 D/SystemServerTiming( 711): reconcileAppsData-0
06-04 20:52:04.686 V/PackageManager( 711): reconcileAppsData for null u0 0x2 migrateAppData=false
06-04 20:52:04.688 W/PackageManager( 711): Skipping preparing app data for com.android.configinfrastructure
06-04 20:52:04.688 W/PackageManager( 711): Skipping preparing app data for com.android.appsearch
06-04 20:52:04.688 W/PackageManager( 711): Skipping preparing app data for com.android.adservices
06-04 20:52:04.688 W/PackageManager( 711): Skipping preparing app data for com.android.scheduling
06-04 20:52:04.688 W/PackageManager( 711): Skipping preparing app data for com.google.android.widevine.nonupdatable
06-04 20:52:04.688 W/PackageManager( 711): Skipping preparing app data for com.android.permission
06-04 20:52:04.689 W/PackageManager( 711): Skipping preparing app data for com.android.art
06-04 20:52:04.689 W/PackageManager( 711): Skipping preparing app data for com.android.uwb
06-04 20:52:04.689 W/PackageManager( 711): Skipping preparing app data for com.android.tethering
06-04 20:52:04.689 W/PackageManager( 711): Skipping preparing app data for com.android.btservices
06-04 20:52:04.689 W/PackageManager( 711): Skipping preparing app data for com.android.media.swcodec
06-04 20:52:04.689 W/PackageManager( 711): Skipping preparing app data for com.android.conscrypt
06-04 20:52:04.689 W/PackageManager( 711): Skipping preparing app data for com.android.adbd
06-04 20:52:04.689 W/PackageManager( 711): Skipping preparing app data for com.android.i18n
06-04 20:52:04.689 W/PackageManager( 711): Skipping preparing app data for com.android.rkpd
06-04 20:52:04.689 W/PackageManager( 711): Skipping preparing app data for com.android.virt
06-04 20:52:04.689 W/PackageManager( 711): Skipping preparing app data for com.android.wifi
06-04 20:52:04.689 W/PackageManager( 711): Skipping preparing app data for com.android.runtime
06-04 20:52:04.689 W/PackageManager( 711): Skipping preparing app data for com.android.devicelock
06-04 20:52:04.689 W/PackageManager( 711): Skipping preparing app data for com.android.apex.cts.shim
06-04 20:52:04.689 W/PackageManager( 711): Skipping preparing app data for com.android.neuralnetworks
06-04 20:52:04.689 W/PackageManager( 711): Skipping preparing app data for com.android.healthfitness
06-04 20:52:04.690 W/PackageManager( 711): Skipping preparing app data for com.android.resolv
06-04 20:52:04.690 W/PackageManager( 711): Skipping preparing app data for com.android.sdkext
06-04 20:52:04.690 W/PackageManager( 711): Skipping preparing app data for com.android.tzdata
06-04 20:52:04.690 W/PackageManager( 711): Skipping preparing app data for com.android.vndk.v34
06-04 20:52:04.690 W/PackageManager( 711): Skipping preparing app data for com.android.os.statsd
06-04 20:52:04.690 W/PackageManager( 711): Skipping preparing app data for com.android.extservices
06-04 20:52:04.690 W/PackageManager( 711): Skipping preparing app data for com.amlogic.mediaextractor
06-04 20:52:04.690 W/PackageManager( 711): Skipping preparing app data for com.android.ipsec
06-04 20:52:04.690 W/PackageManager( 711): Skipping preparing app data for com.android.media
06-04 20:52:04.690 W/PackageManager( 711): Skipping preparing app data for com.android.sdksandbox
06-04 20:52:04.690 W/PackageManager( 711): Skipping preparing app data for com.android.mediaprovider
06-04 20:52:04.690 W/PackageManager( 711): Skipping preparing app data for com.android.ondevicepersonalization
06-04 20:52:04.706 I/ActivityManager( 711): com.android.devicelockcontroller is exempt from freezer
06-04 20:52:04.707 D/CompatibilityChangeReporter( 711): Compat change id reported: 135634846; UID 10055; state: DISABLED
06-04 20:52:04.707 D/CompatibilityChangeReporter( 711): Compat change id reported: 177438394; UID 10055; state: DISABLED
06-04 20:52:04.707 D/CompatibilityChangeReporter( 711): Compat change id reported: 135772972; UID 10055; state: DISABLED
06-04 20:52:04.707 D/CompatibilityChangeReporter( 711): Compat change id reported: 135754954; UID 10055; state: ENABLED
06-04 20:52:04.708 D/CompatibilityChangeReporter( 711): Compat change id reported: 143937733; UID 10055; state: ENABLED
06-04 20:52:04.716 D/SystemServerTiming( 711): getUserSwitchability-0
06-04 20:52:04.716 D/SystemServerTiming( 711): TM.isInCall
06-04 20:52:04.716 D/SystemServerTiming( 711): hasUserRestriction-DISALLOW_USER_SWITCH
06-04 20:52:04.716 D/SystemServerTiming( 711): getInt-ALLOW_USER_SWITCHING_WHEN_SYSTEM_USER_LOCKED
06-04 20:52:04.716 D/SystemServerTiming( 711): isUserUnlocked-USER_SYSTEM
06-04 20:52:04.725 I/ActivityManager( 711): Start proc 1473:com.android.devicelockcontroller/u0a55 for broadcast {com.android.devicelockcontroller/com.android.devicelockcontroller.receivers.LockedBootCompletedReceiver}
06-04 20:52:04.733 D/SystemServerTiming( 711): getUserSwitchability-0
06-04 20:52:04.733 D/SystemServerTiming( 711): TM.isInCall
06-04 20:52:04.743 D/SystemServerTiming( 711): hasUserRestriction-DISALLOW_USER_SWITCH
06-04 20:52:04.744 D/SystemServerTiming( 711): getInt-ALLOW_USER_SWITCHING_WHEN_SYSTEM_USER_LOCKED
06-04 20:52:04.744 D/SystemServerTiming( 711): isUserUnlocked-USER_SYSTEM
06-04 20:52:04.755 D/CompatibilityChangeReporter( 711): Compat change id reported: 168419799; UID 10055; state: DISABLED
06-04 20:52:04.755 D/CompatibilityChangeReporter( 711): Compat change id reported: 273564678; UID 10055; state: DISABLED
06-04 20:52:04.757 D/CompatibilityChangeReporter( 711): Compat change id reported: 265195908; UID 10055; state: ENABLED
06-04 20:52:04.766 D/CompatibilityChangeReporter( 711): Compat change id reported: 170503758; UID 10055; state: ENABLED
06-04 20:52:04.770 D/SystemServerTiming( 711): getUserSwitchability-0
06-04 20:52:04.771 D/SystemServerTiming( 711): TM.isInCall
06-04 20:52:04.771 D/SystemServerTiming( 711): hasUserRestriction-DISALLOW_USER_SWITCH
06-04 20:52:04.771 D/SystemServerTiming( 711): getInt-ALLOW_USER_SWITCHING_WHEN_SYSTEM_USER_LOCKED
06-04 20:52:04.771 D/SystemServerTiming( 711): isUserUnlocked-USER_SYSTEM
06-04 20:52:04.773 D/SystemServerTiming( 711): getUserSwitchability-0
06-04 20:52:04.773 D/SystemServerTiming( 711): TM.isInCall
06-04 20:52:04.774 D/SystemServerTiming( 711): hasUserRestriction-DISALLOW_USER_SWITCH
06-04 20:52:04.774 D/SystemServerTiming( 711): getInt-ALLOW_USER_SWITCHING_WHEN_SYSTEM_USER_LOCKED
06-04 20:52:04.774 D/SystemServerTiming( 711): isUserUnlocked-USER_SYSTEM
06-04 20:52:04.775 D/HDMI ( 711): [S]: 40:8E:00
06-04 20:52:04.777 D/SystemServerTiming( 711): getUserSwitchability-0
06-04 20:52:04.777 D/SystemServerTiming( 711): TM.isInCall
06-04 20:52:04.777 D/SystemServerTiming( 711): hasUserRestriction-DISALLOW_USER_SWITCH
06-04 20:52:04.777 D/SystemServerTiming( 711): getInt-ALLOW_USER_SWITCHING_WHEN_SYSTEM_USER_LOCKED
06-04 20:52:04.777 D/SystemServerTiming( 711): isUserUnlocked-USER_SYSTEM
06-04 20:52:04.857 I/DeviceLockControllerApplication( 1473): onCreate
06-04 20:52:04.861 I/DeviceStateControllerImpl( 1473): Starting state is 0
06-04 20:52:04.864 I/UserRestrictionsPolicyHandler( 1473): Build type DEBUG = false
06-04 20:52:04.874 V/PackageManager( 711): reconcileAppsData finished 145 packages
06-04 20:52:04.874 I/ActivityManager( 711): User 0 state changed from RUNNING_LOCKED to RUNNING_UNLOCKING
06-04 20:52:04.875 D/ActivityManager( 711): Unlocking user 0 progress 20
06-04 20:52:04.876 D/SystemServerTimingAsync( 711): ssm.UnlockingUser-0
06-04 20:52:04.876 I/SystemServiceManager( 711): Calling onUnlockingUser 0
06-04 20:52:04.876 D/SystemServerTimingAsync( 711): ssm.onUnlockingUser-0_com.android.server.security.FileIntegrityService
06-04 20:52:04.876 D/SystemServerTimingAsync( 711): ssm.onUnlockingUser-0_com.android.server.pm.Installer
06-04 20:52:04.876 D/SystemServerTimingAsync( 711): ssm.onUnlockingUser-0_com.android.server.os.DeviceIdentifiersPolicyService
06-04 20:52:04.876 D/SystemServerTimingAsync( 711): ssm.onUnlockingUser-0_com.android.server.flags.FeatureFlagsService
06-04 20:52:04.876 D/SystemServerTimingAsync( 711): ssm.onUnlockingUser-0_com.android.server.uri.UriGrantsManagerService$Lifecycle
06-04 20:52:04.876 D/SystemServerTimingAsync( 711): ssm.onUnlockingUser-0_com.android.server.powerstats.PowerStatsService
06-04 20:52:04.876 D/SystemServerTimingAsync( 711): ssm.onUnlockingUser-0_com.android.server.permission.access.AccessCheckingService
06-04 20:52:04.876 D/SystemServerTimingAsync( 711): ssm.onUnlockingUser-0_com.android.server.wm.ActivityTaskManagerService$Lifecycle
06-04 20:52:04.876 D/SystemServerTimingAsync( 711): ssm.onUnlockingUser-0_com.android.server.am.ActivityManagerService$Lifecycle
06-04 20:52:04.876 D/SystemServerTimingAsync( 711): ssm.onUnlockingUser-0_com.android.server.pm.DataLoaderManagerService
06-04 20:52:04.876 D/SystemServerTimingAsync( 711): ssm.onUnlockingUser-0_com.android.server.power.PowerManagerService
06-04 20:52:04.877 D/SystemServerTimingAsync( 711): ssm.onUnlockingUser-0_com.android.server.power.ThermalManagerService
06-04 20:52:04.877 D/SystemServerTimingAsync( 711): ssm.onUnlockingUser-0_com.android.server.power.hint.HintManagerService
06-04 20:52:04.877 D/SystemServerTimingAsync( 711): ssm.onUnlockingUser-0_com.android.server.recoverysystem.RecoverySystemService$Lifecycle
06-04 20:52:04.877 D/SystemServerTimingAsync( 711): ssm.onUnlockingUser-0_com.android.server.lights.LightsService
06-04 20:52:04.877 D/SystemServerTimingAsync( 711): ssm.onUnlockingUser-0_com.android.server.display.DisplayManagerService
06-04 20:52:04.877 D/SystemServerTimingAsync( 711): ssm.onUnlockingUser-0_com.android.server.pm.verify.domain.DomainVerificationService
06-04 20:52:04.877 D/SystemServerTimingAsync( 711): ssm.onUnlockingUser-0_com.android.server.pm.PackageInstallerService$Lifecycle
06-04 20:52:04.877 D/SystemServerTimingAsync( 711): ssm.onUnlockingUser-0_com.android.server.pm.UserManagerService$LifeCycle
06-04 20:52:04.877 D/SystemServerTimingAsync( 711): ssm.onUnlockingUser-0_com.android.server.om.OverlayManagerService
06-04 20:52:04.877 D/SystemServerTimingAsync( 711): ssm.onUnlockingUser-0_com.android.server.resources.ResourcesManagerService
06-04 20:52:04.877 D/SystemServerTimingAsync( 711): ssm.onUnlockingUser-0_com.android.server.sensorprivacy.SensorPrivacyService
06-04 20:52:04.877 D/SystemServerTimingAsync( 711): ssm.onUnlockingUser-0_com.android.server.sensors.SensorService
06-04 20:52:04.877 D/SystemServerTimingAsync( 711): ssm.onUnlockingUser-0_com.android.server.SystemConfigService
06-04 20:52:04.877 D/SystemServerTimingAsync( 711): ssm.onUnlockingUser-0_com.android.server.BatteryService
06-04 20:52:04.877 D/SystemServerTimingAsync( 711): ssm.onUnlockingUser-0_com.android.server.usage.UsageStatsService
06-04 20:52:04.877 D/SystemServerTimingAsync( 711): ssm.onUnlockingUser-0_com.android.server.webkit.WebViewUpdateService
06-04 20:52:04.877 D/SystemServerTimingAsync( 711): ssm.onUnlockingUser-0_com.android.server.CachedDeviceStateService
06-04 20:52:04.877 D/SystemServerTimingAsync( 711): ssm.onUnlockingUser-0_com.android.server.BinderCallsStatsService$LifeCycle
06-04 20:52:04.877 D/SystemServerTimingAsync( 711): ssm.onUnlockingUser-0_com.android.server.LooperStatsService$Lifecycle
06-04 20:52:04.877 D/SystemServerTimingAsync( 711): ssm.onUnlockingUser-0_com.android.server.rollback.RollbackManagerService
06-04 20:52:04.879 D/SystemServerTimingAsync( 711): ssm.onUnlockingUser-0_com.android.server.os.NativeTombstoneManagerService
06-04 20:52:04.879 D/SystemServerTimingAsync( 711): ssm.onUnlockingUser-0_com.android.server.os.BugreportManagerService
06-04 20:52:04.879 D/SystemServerTimingAsync( 711): ssm.onUnlockingUser-0_com.android.server.gpu.GpuService
06-04 20:52:04.879 D/SystemServerTimingAsync( 711): ssm.onUnlockingUser-0_com.android.server.security.rkp.RemoteProvisioningService
06-04 20:52:04.879 D/SystemServerTimingAsync( 711): ssm.onUnlockingUser-0_com.android.server.security.KeyChainSystemService
06-04 20:52:04.879 D/SystemServerTimingAsync( 711): ssm.onUnlockingUser-0_com.android.server.BinaryTransparencyService
06-04 20:52:04.879 D/SystemServerTimingAsync( 711): ssm.onUnlockingUser-0_com.android.server.accounts.AccountManagerService$Lifecycle
06-04 20:52:04.879 D/SystemServerTimingAsync( 711): ssm.onUnlockingUser-0_com.android.server.content.ContentService$Lifecycle
06-04 20:52:04.880 D/SystemServerTimingAsync( 711): ssm.onUnlockingUser-0_com.android.server.deviceconfig.DeviceConfigInit$Lifecycle
06-04 20:52:04.880 D/SystemServerTimingAsync( 711): ssm.onUnlockingUser-0_com.android.server.DropBoxManagerService
06-04 20:52:04.880 D/SystemServerTimingAsync( 711): ssm.onUnlockingUser-0_com.android.role.RoleService
06-04 20:52:04.880 D/SystemServerTimingAsync( 711): ssm.onUnlockingUser-0_com.android.server.vibrator.VibratorManagerService$Lifecycle
06-04 20:52:04.880 D/SystemServerTimingAsync( 711): ssm.onUnlockingUser-0_com.android.server.tare.InternalResourceService
06-04 20:52:04.880 D/SystemServerTimingAsync( 711): ssm.onUnlockingUser-0_com.android.server.alarm.AlarmManagerService
