06-04 20:54:35.846 D/BluetoothHidHost( 1328): at com.android.internal.os.RuntimeInit$MethodAndArgsCaller.run(RuntimeInit.java:552)
06-04 20:54:35.846 D/BluetoothHidHost( 1328): at com.android.internal.os.ZygoteInit.main(ZygoteInit.java:978)
06-04 20:54:35.847 D/BluetoothHearingAid( 711): Proxy object connected
06-04 20:54:35.847 D/BluetoothHeadset( 1328): Proxy object connected
06-04 20:54:35.848 D/BluetoothA2dp( 711): Proxy object connected
06-04 20:54:35.848 D/BluetoothA2dp( 711): Proxy object connected
06-04 20:54:35.848 D/BluetoothHeadset( 711): Proxy object connected
06-04 20:54:35.848 D/BluetoothA2dp( 711): Proxy object connected
06-04 20:54:35.848 D/BluetoothAdapter( 711): getActiveDevices(profile= A2DP)
06-04 20:54:35.849 W/BluetoothHidHost( 1328): Proxy not attached to service
06-04 20:54:35.850 D/BluetoothHidHost( 1328): java.lang.Throwable
06-04 20:54:35.850 D/BluetoothHidHost( 1328): at android.bluetooth.BluetoothHidHost.getConnectionState(BluetoothHidHost.java:441)
06-04 20:54:35.850 D/BluetoothHidHost( 1328): at com.android.settingslib.bluetooth.HidProfile.getConnectionStatus(go/retraceme f52b90d40c9757c33d597329b7d93a419828f05e967eab5bf4316109a5573534:7)
06-04 20:54:35.850 D/BluetoothHidHost( 1328): at com.android.settingslib.bluetooth.CachedBluetoothDevice.getMaxConnectionState(go/retraceme f52b90d40c9757c33d597329b7d93a419828f05e967eab5bf4316109a5573534:33)
06-04 20:54:35.850 D/BluetoothHidHost( 1328): at com.android.systemui.statusbar.policy.bluetooth.BluetoothRepositoryImpl$fetchConnectionStatus$2.invokeSuspend(go/retraceme f52b90d40c9757c33d597329b7d93a419828f05e967eab5bf4316109a5573534:54)
06-04 20:54:35.850 D/BluetoothHidHost( 1328): at kotlin.coroutines.jvm.internal.BaseContinuationImpl.resumeWith(go/retraceme f52b90d40c9757c33d597329b7d93a419828f05e967eab5bf4316109a5573534:8)
06-04 20:54:35.850 D/BluetoothHidHost( 1328): at kotlinx.coroutines.DispatchedTask.run(go/retraceme f52b90d40c9757c33d597329b7d93a419828f05e967eab5bf4316109a5573534:111)
06-04 20:54:35.850 D/BluetoothHidHost( 1328): at kotlinx.coroutines.internal.LimitedDispatcher$Worker.run(go/retraceme f52b90d40c9757c33d597329b7d93a419828f05e967eab5bf4316109a5573534:4)
06-04 20:54:35.850 D/BluetoothHidHost( 1328): at kotlinx.coroutines.scheduling.TaskImpl.run(go/retraceme f52b90d40c9757c33d597329b7d93a419828f05e967eab5bf4316109a5573534:3)
06-04 20:54:35.850 D/BluetoothHidHost( 1328): at kotlinx.coroutines.scheduling.CoroutineScheduler$Worker.run(go/retraceme f52b90d40c9757c33d597329b7d93a419828f05e967eab5bf4316109a5573534:93)
06-04 20:54:35.850 W/BluetoothHidHost( 1328): Proxy not attached to service
06-04 20:54:35.850 I/BluetoothAdapterService( 3916): getActiveDevices: A2dp device: null
06-04 20:54:35.850 D/BluetoothHidHost( 1328): java.lang.Throwable
06-04 20:54:35.850 D/BluetoothHidHost( 1328): at android.bluetooth.BluetoothHidHost.getConnectionState(BluetoothHidHost.java:441)
06-04 20:54:35.850 D/BluetoothHidHost( 1328): at com.android.settingslib.bluetooth.HidProfile.getConnectionStatus(go/retraceme f52b90d40c9757c33d597329b7d93a419828f05e967eab5bf4316109a5573534:7)
06-04 20:54:35.850 D/BluetoothHidHost( 1328): at com.android.settingslib.bluetooth.CachedBluetoothDevice.isConnected(go/retraceme f52b90d40c9757c33d597329b7d93a419828f05e967eab5bf4316109a5573534:29)
06-04 20:54:35.850 D/BluetoothHidHost( 1328): at com.android.systemui.statusbar.policy.bluetooth.BluetoothRepositoryImpl$fetchConnectionStatus$2.invokeSuspend(go/retraceme f52b90d40c9757c33d597329b7d93a419828f05e967eab5bf4316109a5573534:106)
06-04 20:54:35.850 D/BluetoothHidHost( 1328): at kotlin.coroutines.jvm.internal.BaseContinuationImpl.resumeWith(go/retraceme f52b90d40c9757c33d597329b7d93a419828f05e967eab5bf4316109a5573534:8)
06-04 20:54:35.850 D/BluetoothHidHost( 1328): at kotlinx.coroutines.DispatchedTask.run(go/retraceme f52b90d40c9757c33d597329b7d93a419828f05e967eab5bf4316109a5573534:111)
06-04 20:54:35.850 D/BluetoothHidHost( 1328): at kotlinx.coroutines.internal.LimitedDispatcher$Worker.run(go/retraceme f52b90d40c9757c33d597329b7d93a419828f05e967eab5bf4316109a5573534:4)
06-04 20:54:35.850 D/BluetoothHidHost( 1328): at kotlinx.coroutines.scheduling.TaskImpl.run(go/retraceme f52b90d40c9757c33d597329b7d93a419828f05e967eab5bf4316109a5573534:3)
06-04 20:54:35.850 D/BluetoothHidHost( 1328): at kotlinx.coroutines.scheduling.CoroutineScheduler$Worker.run(go/retraceme f52b90d40c9757c33d597329b7d93a419828f05e967eab5bf4316109a5573534:93)
06-04 20:54:35.850 D/BluetoothAdapter( 711): getActiveDevices(profile= HEADSET)
06-04 20:54:35.850 W/BluetoothHidHost( 1328): Proxy not attached to service
06-04 20:54:35.852 D/BluetoothHidHost( 1328): java.lang.Throwable
06-04 20:54:35.852 D/BluetoothHidHost( 1328): at android.bluetooth.BluetoothHidHost.getConnectionState(BluetoothHidHost.java:441)
06-04 20:54:35.852 D/BluetoothHidHost( 1328): at com.android.settingslib.bluetooth.HidProfile.getConnectionStatus(go/retraceme f52b90d40c9757c33d597329b7d93a419828f05e967eab5bf4316109a5573534:7)
06-04 20:54:35.852 D/BluetoothHidHost( 1328): at com.android.systemui.statusbar.policy.BluetoothControllerImpl.onConnectionStatusFetched(go/retraceme f52b90d40c9757c33d597329b7d93a419828f05e967eab5bf4316109a5573534:91)
06-04 20:54:35.852 D/BluetoothHidHost( 1328): at com.android.systemui.statusbar.policy.bluetooth.BluetoothRepositoryImpl$fetchConnectionStatusInBackground$1.invokeSuspend(go/retraceme f52b90d40c9757c33d597329b7d93a419828f05e967eab5bf4316109a5573534:57)
06-04 20:54:35.852 D/BluetoothHidHost( 1328): at kotlin.coroutines.jvm.internal.BaseContinuationImpl.resumeWith(go/retraceme f52b90d40c9757c33d597329b7d93a419828f05e967eab5bf4316109a5573534:8)
06-04 20:54:35.852 D/BluetoothHidHost( 1328): at kotlinx.coroutines.DispatchedTask.run(go/retraceme f52b90d40c9757c33d597329b7d93a419828f05e967eab5bf4316109a5573534:111)
06-04 20:54:35.852 D/BluetoothHidHost( 1328): at android.os.Handler.handleCallback(Handler.java:958)
06-04 20:54:35.852 D/BluetoothHidHost( 1328): at android.os.Handler.dispatchMessage(Handler.java:99)
06-04 20:54:35.852 D/BluetoothHidHost( 1328): at android.os.Looper.loopOnce(Looper.java:205)
06-04 20:54:35.852 D/BluetoothHidHost( 1328): at android.os.Looper.loop(Looper.java:294)
06-04 20:54:35.852 D/BluetoothHidHost( 1328): at android.app.ActivityThread.main(ActivityThread.java:8255)
06-04 20:54:35.852 D/BluetoothHidHost( 1328): at java.lang.reflect.Method.invoke(Native Method)
06-04 20:54:35.852 D/BluetoothHidHost( 1328): at com.android.internal.os.RuntimeInit$MethodAndArgsCaller.run(RuntimeInit.java:552)
06-04 20:54:35.852 D/BluetoothHidHost( 1328): at com.android.internal.os.ZygoteInit.main(ZygoteInit.java:978)
06-04 20:54:35.852 I/BluetoothAdapterService( 3916): getActiveDevices: Headset device: null
06-04 20:54:35.852 I/AS.BtHelper( 711): onSetBtScoActiveDevice: (null) -> (null)
06-04 20:54:35.857 D/BluetoothHidHost( 1328): Proxy object connected
06-04 20:54:35.862 D/BluetoothPan( 1105): Proxy object connected
06-04 20:54:35.862 D/BluetoothPan( 1328): Proxy object connected
06-04 20:54:35.862 D/BluetoothA2dp( 1328): Proxy object connected
06-04 20:54:35.863 D/BluetoothPan( 1328): Proxy object connected
06-04 20:54:35.863 D/BluetoothHeadset( 1105): Proxy object connected
06-04 20:54:35.864 D/BluetoothHidHost( 1105): Proxy object connected
06-04 20:54:35.864 D/BluetoothHearingAid( 1105): Proxy object connected
06-04 20:54:35.908 D/hdmicecd( 505): [CEC]:printCecMsgBuf, msg: 04 44 6d
06-04 20:54:35.909 D/HDMI ( 711): [R]: 04:44
06-04 20:54:35.987 D/hdmicecd( 505): [CEC]:printCecMsgBuf, msg: 04 45
06-04 20:54:35.988 D/HDMI ( 711): [R]: 04:45
06-04 20:54:36.105 D/hdmicecd( 505): [CEC]:printCecMessage, [4 -> f] len: 4, body: 87 1c a4 10, result:fail other
06-04 20:54:36.108 D/aaa ( 3805): WiFi is connect
06-04 20:54:36.112 D/aaa ( 3805): WiFi is connect
06-04 20:54:36.140 D/hdmicecd( 505): [CEC]:printCecMsgBuf, msg: 0f 87 00 ec 0a
06-04 20:54:36.141 D/HDMI ( 711): [R]: 0F:87:00:EC:0A
06-04 20:54:36.142 D/hdmicecd( 505): [HdmiCecControl]:getPhysicalAddress, physical addr: 3000, last pa: 3000, ret = 0
06-04 20:54:36.155 D/MesonDisplay( 290): read /sys/class/amhdmitx/amhdmitx0/hdcp_lstore, result length:0, val:
06-04 20:54:36.223 D/hdmicecd( 505): [CEC]:printCecMsgBuf, msg: 04 8c
06-04 20:54:36.224 D/HDMI ( 711): [R]: 04:8C
06-04 20:54:36.224 D/hdmicecd( 505): [HdmiCecControl]:getVendorId, vendorId: 0x1CA410
06-04 20:54:36.332 D/hdmicecd( 505): [CEC]:printCecMsgBuf, msg: 04 90 00
06-04 20:54:36.332 D/hdmicecd( 505): [HdmiCecControl]:updateActiveState received tv power status 0
06-04 20:54:36.332 D/HDMI ( 711): [R]: 04:90:00
06-04 20:54:36.334 D/hdmicecd( 505): [HdmiCecControl]:getPhysicalAddress, physical addr: 3000, last pa: 3000, ret = 0
06-04 20:54:36.334 D/HDMI ( 711): queryDisplayStatus status=0
06-04 20:54:36.334 D/AudioService( 711): onStatusChange cecEnabled:true available:true
06-04 20:54:36.334 D/AudioService( 711): TV, no CEC: setting HDMI as regular vol device
06-04 20:54:36.335 D/AudioService( 711): Removing DeviceType: 0x400 from mFullVolumeDevices
06-04 20:54:36.335 D/AudioService( 711): Removing DeviceType: 0x400 from mFixedVolumeDevices
06-04 20:54:36.335 D/AudioService( 711): Removing DeviceType: 0x400 from mAbsoluteVolumeDeviceInfoMap
06-04 20:54:36.338 D/xm_audio( 492): adev_get_parameters
06-04 20:54:36.339 D/xm_audio( 492): adev_get_parameters
06-04 20:54:36.344 D/xm_audio( 492): adev_get_parameters
06-04 20:54:36.346 D/xm_audio( 492): adev_get_parameters
06-04 20:54:36.353 D/xm_audio( 492): adev_get_parameters
06-04 20:54:36.355 D/xm_audio( 492): adev_get_parameters
06-04 20:54:36.361 D/xm_audio( 492): adev_get_parameters
06-04 20:54:36.364 D/xm_audio( 492): adev_get_parameters
06-04 20:54:36.369 D/xm_audio( 492): adev_get_parameters
06-04 20:54:36.371 D/xm_audio( 492): adev_get_parameters
06-04 20:54:36.376 D/xm_audio( 492): adev_get_parameters
06-04 20:54:36.377 D/xm_audio( 492): adev_get_parameters
06-04 20:54:36.382 D/xm_audio( 492): adev_get_parameters
06-04 20:54:36.383 D/xm_audio( 492): adev_get_parameters
06-04 20:54:36.387 D/xm_audio( 492): adev_get_parameters
06-04 20:54:36.388 D/xm_audio( 492): adev_get_parameters
06-04 20:54:36.393 D/xm_audio( 492): adev_get_parameters
06-04 20:54:36.394 D/xm_audio( 492): adev_get_parameters
06-04 20:54:36.398 D/xm_audio( 492): adev_get_parameters
06-04 20:54:36.399 D/xm_audio( 492): adev_get_parameters
06-04 20:54:36.404 D/xm_audio( 492): adev_get_parameters
06-04 20:54:36.405 D/xm_audio( 492): adev_get_parameters
06-04 20:54:36.409 D/xm_audio( 492): adev_get_parameters
06-04 20:54:36.411 D/xm_audio( 492): adev_get_parameters
06-04 20:54:36.416 D/xm_audio( 492): adev_get_parameters
06-04 20:54:36.417 D/xm_audio( 492): adev_get_parameters
06-04 20:54:36.424 D/xm_audio( 492): adev_get_parameters
06-04 20:54:36.425 D/xm_audio( 492): adev_get_parameters
06-04 20:54:36.430 D/xm_audio( 492): adev_get_parameters
06-04 20:54:36.431 D/xm_audio( 492): adev_get_parameters
06-04 20:54:36.436 D/xm_audio( 492): adev_get_parameters
06-04 20:54:36.438 D/xm_audio( 492): adev_get_parameters
06-04 20:54:36.442 D/xm_audio( 492): adev_get_parameters
06-04 20:54:36.444 D/xm_audio( 492): adev_get_parameters
06-04 20:54:36.449 D/xm_audio( 492): adev_get_parameters
06-04 20:54:36.450 D/xm_audio( 492): adev_get_parameters
06-04 20:54:36.455 D/xm_audio( 492): adev_get_parameters
06-04 20:54:36.457 D/xm_audio( 492): adev_get_parameters
06-04 20:54:36.463 D/xm_audio( 492): adev_get_parameters
06-04 20:54:36.464 D/xm_audio( 492): adev_get_parameters
06-04 20:54:36.588 D/hdmicecd( 505): [CEC]:printCecMessage, [4 -> f] len: 4, body: 87 1c a4 10, result:success
06-04 20:54:36.588 E/IPCThreadState( 505): binder thread pool (1 threads) starved for 862 ms
06-04 20:54:36.588 D/HDMI ( 711): [S]: 40:8C
06-04 20:54:36.648 I/audio_hw_hal_alsamgr( 492): alsa format =0x1 delay frames =1024 total frames=6936320
06-04 20:54:36.666 D/hdmicecd( 505): [CEC]:printCecMessage, [4 -> 0] len: 1, body: 8c, result:success
06-04 20:54:36.667 D/HDMI ( 711): [S]: 40:47:44:42:42:4F:58:2D:41:33
06-04 20:54:36.668 D/hdmicecd( 505): [CMsgQueue]:msg size is 0, break
06-04 20:54:36.909 E/xxxxxxxxxxxxxxx( 1559): onReceive: true , configuration = {1.0 ?mcc0mnc [zh_CN] ldltr sw720dp w1280dp h720dp 240dpi xlrg long land television -touch -keyb/v/h dpad/v winConfig={ mBounds=Rect(0, 0 - 1920, 1080) mAppBounds=Rect(0, 0 - 1920, 1080) mMaxBounds=Rect(0, 0 - 1920, 1080) mDisplayRotation=ROTATION_0 mWindowingMode=fullscreen mDisplayWindowingMode=fullscreen mActivityType=undefined mAlwaysOnTop=undefined mRotation=ROTATION_0} s.6 fontWeightAdjustment=0}
06-04 20:54:36.909 E/xxxxxxxxxxxxxxx( 1559): isScreenSizeChange=false app onConfigurationChanged={1.0 ?mcc0mnc [zh_CN] ldltr sw720dp w1280dp h720dp 240dpi xlrg long land television -touch -keyb/v/h dpad/v winConfig={ mBounds=Rect(0, 0 - 1920, 1080) mAppBounds=Rect(0, 0 - 1920, 1080) mMaxBounds=Rect(0, 0 - 1920, 1080) mDisplayRotation=ROTATION_0 mWindowingMode=fullscreen mDisplayWindowingMode=fullscreen mActivityType=undefined mAlwaysOnTop=undefined mRotation=ROTATION_0} s.6 fontWeightAdjustment=0}
06-04 20:54:36.942 D/hdmicecd( 505): [CEC]:printCecMessage, [4 -> 0] len: 9, body: 47 44 42 42 4f 58 2d 41 33, result:success
06-04 20:54:36.942 E/IPCThreadState( 505): binder thread pool (1 threads) starved for 275 ms
06-04 20:54:36.943 D/HDMI ( 711): [S]: 45:7D
06-04 20:54:36.998 D/hdmicecd( 505): [CEC]:printCecMessage, [4 -> 5] len: 1, body: 7d, result:no ack
06-04 20:54:37.054 D/hdmicecd( 505): [CEC]:printCecMessage, [4 -> 5] len: 1, body: 7d, result:no ack
06-04 20:54:37.055 D/HDMI ( 711): AVR did not respond to
06-04 20:54:37.055 D/HdmiControlService( 711): Switching to full volume behavior
06-04 20:54:37.114 D/hdmicecd( 505): [CEC]:printCecMessage, [4 -> e] len: 0, body:, result:no ack
06-04 20:54:37.155 D/MesonDisplay( 290): read /sys/class/amhdmitx/amhdmitx0/hdcp_lstore, result length:0, val:
06-04 20:54:37.170 D/hdmicecd( 505): [CEC]:printCecMessage, [4 -> 8] len: 0, body:, result:no ack
06-04 20:54:37.171 D/HDMI ( 711): [S]: 40:47:44:42:42:4F:58:2D:41:33
06-04 20:54:37.188 I/WifiHAL ( 525): call wifi_get_link_stats handler
06-04 20:54:37.189 I/WifiHAL ( 525): Creating message to get link statistics; iface = 16
06-04 20:54:37.189 D/WifiHAL ( 525): error code -95 mapped to -3
06-04 20:54:37.189 E/WifiStaIfaceAidlImpl( 711): getLinkLayerStats failed with service-specific exception: android.os.ServiceSpecificException: (code 4)
06-04 20:54:37.446 D/hdmicecd( 505): [CEC]:printCecMessage, [4 -> 0] len: 9, body: 47 44 42 42 4f 58 2d 41 33, result:success
06-04 20:54:37.446 E/IPCThreadState( 505): binder thread pool (1 threads) starved for 275 ms
06-04 20:54:37.447 D/HDMI ( 711): [S]: 40:8F
06-04 20:54:37.486 I/WifiService( 711): startScan uid=1000
06-04 20:54:37.488 E/ccc ( 3250): cccccc i will start scan
06-04 20:54:37.501 D/InstantWifi( 711): Drop, size: 1
06-04 20:54:37.531 D/hdmicecd( 505): [CEC]:printCecMessage, [4 -> 0] len: 1, body: 8f, result:success
06-04 20:54:37.531 D/HDMI ( 711): [S]: 4F:87:1C:A4:10
06-04 20:54:37.684 D/hdmicecd( 505): [CEC]:printCecMessage, [4 -> f] len: 4, body: 87 1c a4 10, result:success
06-04 20:54:37.684 E/IPCThreadState( 505): binder thread pool (1 threads) starved for 153 ms
06-04 20:54:37.738 D/hdmicecd( 505): [CEC]:printCecMessage, [4 -> b] len: 0, body:, result:no ack
06-04 20:54:37.798 D/hdmicecd( 505): [CEC]:printCecMessage, [4 -> 5] len: 0, body:, result:no ack
06-04 20:54:37.858 D/hdmicecd( 505): [CEC]:printCecMessage, [4 -> 8] len: 0, body:, result:no ack
06-04 20:54:37.858 E/IPCThreadState( 505): binder thread pool (1 threads) starved for 120 ms
06-04 20:54:37.918 D/hdmicecd( 505): [CEC]:printCecMessage, [4 -> 3] len: 0, body:, result:no ack
06-04 20:54:37.978 D/hdmicecd( 505): [CEC]:printCecMessage, [4 -> 5] len: 0, body:, result:no ack
06-04 20:54:38.034 D/hdmicecd( 505): [CEC]:printCecMessage, [4 -> 1] len: 0, body:, result:no ack
06-04 20:54:38.090 D/hdmicecd( 505): [CEC]:printCecMessage, [4 -> 3] len: 0, body:, result:no ack
06-04 20:54:38.092 D/audio_hw_hal_ms12common( 492): func:ms12_timer_callback_handler sigv:0 ~~~~~~~~~~
06-04 20:54:38.092 D/audio_hw_hal_ms12v2( 492): set_dolby_ms12_continuous_state audio_continuous_standby_set status 1
06-04 20:54:38.092 D/audio_hw_hal_continuous_standby( 492): audio_continuous_standby_set, type 0, params 1
06-04 20:54:38.092 D/audio_hw_hal_ms12common( 492): aml_send_ms12_scheduler_state_2_ms12 adev:0xe87014a0, sch_state:1(SCHEDULER_STANDBY)
06-04 20:54:38.146 D/hdmicecd( 505): [CEC]:printCecMessage, [4 -> 0] len: 0, body:, result:success
06-04 20:54:38.147 D/HdmiCecController( 711): [P]:AllocatedAddress=[0]
06-04 20:54:38.147 W/HDMI ( 711): [1]:onPollingFinished but action has been removed com.android.server.hdmi.DeviceDiscoveryAction$1@70608eb
06-04 20:54:38.156 D/MesonDisplay( 290): read /sys/class/amhdmitx/amhdmitx0/hdcp_lstore, result length:0, val:
06-04 20:54:38.202 D/hdmicecd( 505): [CEC]:printCecMessage, [4 -> 1] len: 0, body:, result:no ack
06-04 20:54:38.258 D/hdmicecd( 505): [CEC]:printCecMessage, [4 -> 0] len: 0, body:, result:success
06-04 20:54:38.259 D/HdmiCecController( 711): [P]:AllocatedAddress=[0]
06-04 20:54:38.259 D/HDMI ( 711): [S]: 40:83
06-04 20:54:38.338 D/hdmicecd( 505): [CEC]:printCecMessage, [4 -> 0] len: 1, body: 83, result:success
06-04 20:54:38.509 D/hdmicecd( 505): [CEC]:printCecMsgBuf, msg: 0f 87 00 ec 0a
06-04 20:54:38.509 D/HDMI ( 711): [R]: 0F:87:00:EC:0A
06-04 20:54:38.510 D/hdmicecd( 505): [HdmiCecControl]:getPhysicalAddress, physical addr: 3000, last pa: 3000, ret = 0
06-04 20:54:38.624 D/hdmicecd( 505): [CEC]:printCecMsgBuf, msg: 04 90 00
06-04 20:54:38.624 D/hdmicecd( 505): [HdmiCecControl]:updateActiveState received tv power status 0
06-04 20:54:38.625 D/HDMI ( 711): [R]: 04:90:00
06-04 20:54:38.781 D/hdmicecd( 505): [CEC]:printCecMsgBuf, msg: 0f 84 00 00 00
06-04 20:54:38.782 D/HDMI ( 711): [R]: 0F:84:00:00:00
06-04 20:54:38.783 D/hdmicecd( 505): [HdmiCecControl]:getPhysicalAddress, physical addr: 3000, last pa: 3000, ret = 0
06-04 20:54:38.783 D/hdmicecd( 505): [HdmiCecControl]:getPhysicalAddress, physical addr: 3000, last pa: 3000, ret = 0
06-04 20:54:38.784 D/HDMI ( 711): addCecDevice new:CEC: logical_address: 0x00 device_type: 0 cec_version: 5 vendor_id: 60426 display_name: TV power_status: 0 physical_address: 0x0000 port_id: -1 old:CEC: logical_address: 0x00 device_type: 0 cec_version: 5 vendor_id: 60426 display_name: TV power_status: 0 physical_address: 0xFFFF port_id: -1
06-04 20:54:38.784 D/HdmiControlService( 711): Switching to full volume behavior
06-04 20:54:38.785 D/hdmicecd( 505): [HdmiCecControl]:getPhysicalAddress, physical addr: 3000, last pa: 3000, ret = 0
06-04 20:54:38.786 D/HDMI ( 711): [S]: 40:46
06-04 20:54:38.870 D/hdmicecd( 505): [CEC]:printCecMessage, [4 -> 0] len: 1, body: 46, result:success
06-04 20:54:39.156 D/MesonDisplay( 290): read /sys/class/amhdmitx/amhdmitx0/hdcp_lstore, result length:0, val:
06-04 20:54:39.204 D/hdmicecd( 505): [CEC]:printCecMsgBuf, msg: 04 47 4d 69 54 56 2d 41 4e 53 50 30
06-04 20:54:39.205 D/HDMI ( 711): [R]: 04:47:4D:69:54:56:2D:41:4E:53:50:30
06-04 20:54:39.205 D/HdmiCecNetwork( 711): Updating device OSD name from TV to MiTV-ANSP0
06-04 20:54:39.206 D/hdmicecd( 505): [HdmiCecControl]:getPhysicalAddress, physical addr: 3000, last pa: 3000, ret = 0
06-04 20:54:39.207 D/HDMI ( 711): [S]: 40:8F
06-04 20:54:39.286 D/hdmicecd( 505): [CEC]:printCecMessage, [4 -> 0] len: 1, body: 8f, result:success
06-04 20:54:39.400 D/hdmicecd( 505): [CEC]:printCecMsgBuf, msg: 04 90 00
06-04 20:54:39.400 D/hdmicecd( 505): [HdmiCecControl]:updateActiveState received tv power status 0
06-04 20:54:39.401 D/HDMI ( 711): [R]: 04:90:00
06-04 20:54:39.402 D/hdmicecd( 505): [HdmiCecControl]:getPhysicalAddress, physical addr: 3000, last pa: 3000, ret = 0
06-04 20:54:39.403 D/HDMI ( 711): addCecDevice new:CEC: logical_address: 0x00 device_type: 0 cec_version: 5 vendor_id: 60426 display_name: MiTV-ANSP0 power_status: 0 physical_address: 0x0000 port_id: -1 old:CEC: logical_address: 0x00 device_type: 0 cec_version: 5 vendor_id: 60426 display_name: MiTV-ANSP0 power_status: 0 physical_address: 0x0000 port_id: -1
06-04 20:54:39.403 D/HdmiControlService( 711): Switching to full volume behavior
06-04 20:54:39.404 D/hdmicecd( 505): [HdmiCecControl]:getPhysicalAddress, physical addr: 3000, last pa: 3000, ret = 0
06-04 20:54:39.404 D/HDMI ( 711): addCecDevice new:CEC: logical_address: 0x04 device_type: 4 cec_version: 5 vendor_id: 1877008 display_name: DBBOX-A3 power_status: 0 physical_address: 0x3000 port_id: 0 old:null
06-04 20:54:39.405 D/HDMI ( 711): Hot-plug detection started.
06-04 20:54:39.830 I/cling--ap-1( 3465): type=1400 audit(0.0:1332): avc: denied { read } for name="address" dev="sysfs" ino=22126 scontext=u:r:untrusted_app_27:s0:c43,c256,c512,c768 tcontext=u:object_r:sysfs_net:s0 tclass=file permissive=1 app=com.dangbei.screencast
06-04 20:54:39.830 I/cling--ap-1( 3465): type=1400 audit(0.0:1333): avc: denied { open } for path="/sys/devices/virtual/net/dummy0/address" dev="sysfs" ino=22126 scontext=u:r:untrusted_app_27:s0:c43,c256,c512,c768 tcontext=u:object_r:sysfs_net:s0 tclass=file permissive=1 app=com.dangbei.screencast
06-04 20:54:39.830 I/cling--ap-1( 3465): type=1400 audit(0.0:1334): avc: denied { getattr } for path="/sys/devices/virtual/net/dummy0/address" dev="sysfs" ino=22126 scontext=u:r:untrusted_app_27:s0:c43,c256,c512,c768 tcontext=u:object_r:sysfs_net:s0 tclass=file permissive=1 app=com.dangbei.screencast
06-04 20:54:39.920 D/UtilLog ( 2271): 日志批量上报 进行正常循环 !!!!!!本次有0次请求,共0条数据
06-04 20:54:40.156 D/MesonDisplay( 290): read /sys/class/amhdmitx/amhdmitx0/hdcp_lstore, result length:0, val:
06-04 20:54:40.185 D/WifiNl80211Manager( 711): Scan result ready event
06-04 20:54:40.185 D/WifiNative( 711): Scan result ready event
06-04 20:54:40.195 I/WifiHAL ( 525): call wifi_get_link_stats handler
06-04 20:54:40.195 I/WifiHAL ( 525): Creating message to get link statistics; iface = 16
06-04 20:54:40.195 D/WifiHAL ( 525): error code -95 mapped to -3
06-04 20:54:40.196 E/WifiStaIfaceAidlImpl( 711): getLinkLayerStats failed with service-specific exception: android.os.ServiceSpecificException: (code 4)
06-04 20:54:40.244 E/ccc ( 3250): cccccc SCAN_RESULTS_AVAILABLE_ACTION hhhh
06-04 20:54:40.245 E/hq ( 1559): NetWorkStateReceiver:::NetWorkStateReceiver onReceive: 网络变化广播 >>>> intent.action=android.net.wifi.SCAN_RESULTS
06-04 20:54:40.257 I/WifiHAL ( 525): call wifi_get_link_stats handler
06-04 20:54:40.257 I/WifiHAL ( 525): Creating message to get link statistics; iface = 16
06-04 20:54:40.257 D/WifiHAL ( 525): error code -95 mapped to -3
06-04 20:54:40.257 E/WifiStaIfaceAidlImpl( 711): getLinkLayerStats failed with service-specific exception: android.os.ServiceSpecificException: (code 4)
06-04 20:54:40.268 W/eventbuscore( 1559): post Event:com.dangbei.leard.base.entity.event.NetWifiRssiEvent
06-04 20:54:40.272 E/ccc ( 3250): cccccc result is not empty call back
06-04 20:54:40.272 E/ccc ( 3250): cccccc 666666666666666
06-04 20:54:40.294 E/ccc ( 3250): cccccc sort 4 56
06-04 20:54:40.296 W/System ( 711): A resource failed to call HardwareBuffer.close.
06-04 20:54:40.302 W/System ( 711): A resource failed to call HardwareBuffer.close.
06-04 20:54:41.157 D/MesonDisplay( 290): read /sys/class/amhdmitx/amhdmitx0/hdcp_lstore, result length:0, val:
06-04 20:54:41.787 D/bt_vendor( 494): op for 7
06-04 20:54:41.787 D/bt_upio ( 494): upio_set : pio 0 action 1, polarity 1
06-04 20:54:41.787 D/bt_upio ( 494): begin open btwrite.
06-04 20:54:41.787 E/bt_upio ( 494): upio_set : open(/proc/bluetooth/sleep/btwrite) for write failed: No such file or directory (2)
06-04 20:54:42.157 D/MesonDisplay( 290): read /sys/class/amhdmitx/amhdmitx0/hdcp_lstore, result length:0, val:
06-04 20:54:43.157 D/MesonDisplay( 290): read /sys/class/amhdmitx/amhdmitx0/hdcp_lstore, result length:0, val:
06-04 20:54:43.202 I/WifiHAL ( 525): call wifi_get_link_stats handler
06-04 20:54:43.202 I/WifiHAL ( 525): Creating message to get link statistics; iface = 16
06-04 20:54:43.202 D/WifiHAL ( 525): error code -95 mapped to -3
06-04 20:54:43.203 E/WifiStaIfaceAidlImpl( 711): getLinkLayerStats failed with service-specific exception: android.os.ServiceSpecificException: (code 4)
06-04 20:54:43.232 D/TrafficStats( 3465): tagSocket(135) with statsTag=0xffffffff, statsUid=-1
06-04 20:54:44.158 D/MesonDisplay( 290): read /sys/class/amhdmitx/amhdmitx0/hdcp_lstore, result length:0, val:
06-04 20:54:44.164 D/TrafficStats( 3465): tagSocket(227) with statsTag=0xffffffff, statsUid=-1
06-04 20:54:45.158 D/MesonDisplay( 290): read /sys/class/amhdmitx/amhdmitx0/hdcp_lstore, result length:0, val:
06-04 20:54:45.299 I/keystore2( 283): system/security/keystore2/src/watchdog.rs:319 - Watchdog thread idle -> terminating. Have a great day.
06-04 20:54:45.645 D/WanClient( 1526): sendHeartMessage
06-04 20:54:45.646 D/WanClient( 1526): -----final------sendMessage: {"type":"2bKPMh2jwmQ="}
06-04 20:54:45.665 D/WanClient( 1526): onMessage:Thread[WebSocketConnectReadThread-72,5,main]--{"msg":"+MSejyjwlbc="}
06-04 20:54:45.667 D/WanClient( 1526): onMessageReceived:Thread[WebSocketConnectReadThread-72,5,main] {"msg":"+MSejyjwlbc="}
06-04 20:54:45.667 D/WanClient( 1526): type: null
06-04 20:54:45.667 D/WanClient( 1526): send:HB7FxtN64oc=
06-04 20:54:45.667 D/WanClient( 1526): leave:uQ3qCmhm4oA=
06-04 20:54:45.667 D/WanClient( 1526): join:7EsoetslBbs=
06-04 20:54:45.667 D/WanClient( 1526): ITtylgY8LAxdmHmRQSo49Q==
06-04 20:54:45.693 D/AvrcpBrowsablePlayerConnector( 3916): Received a message: msg.what=2
06-04 20:54:45.693 V/AvrcpBrowsablePlayerConnector( 3916): Timed out waiting for players
06-04 20:54:45.693 I/AvrcpBrowsablePlayerConnector( 3916): Successfully connected to 0 browsable players.
06-04 20:54:45.693 I/MediaPlayerList( 3916): init: Browsable Player list size is 0
06-04 20:54:45.755 D/OomAdjuster( 711): Not killing cached processes
06-04 20:54:45.821 D/ActivityManager( 711): freezing 1584 com.android.music
06-04 20:54:46.159 D/MesonDisplay( 290): read /sys/class/amhdmitx/amhdmitx0/hdcp_lstore, result length:0, val:
06-04 20:54:46.159 D/MesonDisplay( 290): read /sys/class/amhdmitx/amhdmitx0/hdcp_lstore, result length:0, val:
06-04 20:54:46.159 I/MesonDisplay( 290): [/HDCPTxAuth.cpp, authInit, 223] hdcp_tx key:
06-04 20:54:46.208 I/WifiHAL ( 525): call wifi_get_link_stats handler
06-04 20:54:46.208 I/WifiHAL ( 525): Creating message to get link statistics; iface = 16
06-04 20:54:46.208 D/WifiHAL ( 525): error code -95 mapped to -3
06-04 20:54:46.208 E/WifiStaIfaceAidlImpl( 711): getLinkLayerStats failed with service-specific exception: android.os.ServiceSpecificException: (code 4)
06-04 20:54:47.468 I/efs.base( 3465): wa upload succ, HttpResponse {succ=true, code=200, data='暂不支持该服务', extra={req_url=https://errlog.umeng.com/api/crashsdk/logcollect}}
06-04 20:54:47.476 D/hdmicecd( 505): [CEC]:printCecMsgBuf, msg: 0f 82 00 00
06-04 20:54:47.476 D/hdmicecd( 505): [HdmiCecControl]:updateActiveState received messag:82 active state:0
06-04 20:54:47.477 D/HDMI ( 711): [R]: 0F:82:00:00
06-04 20:54:47.477 D/HDMI ( 711): setActiveSource logical:0x00 physical:0x0000 HdmiCecLocalDeviceSource#handleActiveSource()
06-04 20:54:47.478 D/hdmicecd( 505): [HdmiCecControl]:getPhysicalAddress, physical addr: 3000, last pa: 3000, ret = 0
06-04 20:54:47.478 D/HDMI ( 711): ActiveSourceHistoryRecord active source=(0x00, 0x0000) isActiveSource=false from=HdmiCecLocalDeviceSource#handleActiveSource()
06-04 20:54:47.479 D/HDMI ( 711): pauseActiveMediaSessions
06-04 20:54:47.479 D/HDMI ( 711): onActiveSourceLost with mode:standby_now
06-04 20:54:47.479 I/HDMI ( 711): Hdmi cec standby
06-04 20:54:47.479 I/PowerGroup( 711): Powering off display group due to hdmi (groupId= 0, uid= 1000, millisSinceLastUserActivity=13534, lastUserActivityEvent=other)...
06-04 20:54:47.479 I/PowerManagerService( 711): Going to sleep due to hdmi (uid 1000, screenOffTimeout=300000, activityTimeoutWM=-1, maxDimRatio=0.20000005, maxDimDur=7000)...
06-04 20:54:47.481 D/HdmiControlService( 711): Switching to full volume behavior
06-04 20:54:47.482 D/WindowManager( 711): updateCecScreenStatus 1
06-04 20:54:47.482 D/HDMI ( 711): setCecSettingIntValue name:cec_screen_state, value:1
06-04 20:54:47.484 I/HDMI ( 711): screen state is changing to 1
06-04 20:54:47.484 D/HDMI ( 711): onStandby action:0, current power:0 initiatedByCec:true
06-04 20:54:47.484 D/HDMI ( 711): standby acquireWakeLock 0
06-04 20:54:47.484 D/HDMI ( 711): standby releaseWakeLock
06-04 20:54:47.489 I/DefaultIMS( 1550): onStartInput attribute=android.view.inputmethod.EditorInfo@eb93d8b restarting=false inputType: 0
06-04 20:54:47.490 D/hdmicecd( 505): [HdmiCecControl]:getPhysicalAddress, physical addr: 3000, last pa: 3000, ret = 0
06-04 20:54:47.490 D/hdmicecd( 505): [HdmiCecControl]:getPhysicalAddress, physical addr: 3000, last pa: 3000, ret = 0
06-04 20:54:47.491 V/HdmiControlService( 711): On standby-action cleared:4
06-04 20:54:47.491 V/HdmiControlService( 711): onPendingActionsCleared
06-04 20:54:47.491 D/HDMI ( 711): setActiveSource logical:0xffffffff physical:0xffff HdmiCecLocalDevicePlayback#onStandby()
06-04 20:54:47.492 D/hdmicecd( 505): [HdmiCecControl]:getPhysicalAddress, physical addr: 3000, last pa: 3000, ret = 0
06-04 20:54:47.494 D/HDMI ( 711): ActiveSourceHistoryRecord active source=(invalid, invalid) isActiveSource=false from=HdmiCecLocalDevicePlayback#onStandby()
06-04 20:54:47.494 D/HDMI ( 711): onStandby sendStandbyNoneActive:false, wasActiveSource:false
06-04 20:54:47.494 I/HDMI ( 711): onStandby finally completed
06-04 20:54:47.494 D/HDMI ( 711): enableSystemCecControl: false
06-04 20:54:47.504 D/hdmicecd( 505): [HdmiCecControl]:setOption, flag:0x3, value:0x0, ret:0, is_cec_controlled:0
06-04 20:54:47.505 D/HdmiControlService( 711): Switching to full volume behavior
06-04 20:54:47.505 D/HDMI ( 711): standby releaseWakeLock
06-04 20:54:47.505 D/HdmiControlService( 711): Switching to full volume behavior
06-04 20:54:47.922 I/DisplayPowerController2[0]( 711): Blocking screen off
06-04 20:54:47.922 I/DisplayPowerController2[0]( 711): Unblocked screen off after 0 ms
06-04 20:54:47.925 D/ActivityTaskManager( 711): Top Process State changed to PROCESS_STATE_TOP_SLEEPING
06-04 20:54:47.927 V/WindowManagerShell( 1328): Transition requested: android.os.BinderProxy@e581431 TransitionRequestInfo { type = 12, triggerTask = null, remoteTransition = null, displayChange = null, flags = 0 }
06-04 20:54:47.928 V/WindowManager( 711): Sent Transition #7 createdAt=06-04 20:54:47.926 via request=TransitionRequestInfo { type = 12, triggerTask = null, remoteTransition = null, displayChange = null, flags = 0 }
06-04 20:54:47.929 V/WindowManager( 711): startWCT=null
06-04 20:54:47.929 V/WindowManager( 711): info={id=7 t=SLEEP f=0x0 trk=0 r=[] c=[]}
06-04 20:54:47.938 W/Transition( 711): Transition already started id=7 state=2
06-04 20:54:47.943 V/WindowManagerShell( 1328): onTransitionReady android.os.BinderProxy@e581431: {id=7 t=SLEEP f=0x0 trk=0 r=[] c=[]}
06-04 20:54:47.943 V/WindowManagerShell( 1328): No transition roots in (#7)android.os.BinderProxy@e581431@0 so abort
06-04 20:54:47.944 V/WindowManagerShell( 1328): Transition animation finished (aborted=true), notifying core (#7)android.os.BinderProxy@e581431@0
06-04 20:54:47.946 I/DisplayBrightnessStrategySelector( 711): Changing the DisplayBrightnessStrategy from InvalidBrightnessStrategy toScreenOffBrightnessStrategy for display 0
06-04 20:54:47.948 V/WindowManagerShell( 1328): Track 0 became idle
06-04 20:54:47.948 V/WindowManagerShell( 1328): All active transition animations finished
06-04 20:54:47.949 V/DisplayPowerController2[0]( 711): Brightness [0.0] reason changing to: 'screen_off', previous reason: 'manual'.
06-04 20:54:47.949 I/DisplayPowerController2[0]( 711): BrightnessEvent: disp=0, physDisp=local:4616277992360486155, brt=0.0, initBrt=0.39763778, rcmdBrt=NaN, preBrt=NaN, lux=0.0, preLux=0.0, hbmMax=1.0, hbmMode=off, rbcStrength=0, thrmMax=1.0, powerFactor=1.0, wasShortTermModelActive=false, flags=, reason=screen_off, autoBrightness=false, strategy=ScreenOffBrightnessStrategy
06-04 20:54:47.950 D/SurfaceFlinger( 266): Setting power mode 0 on display 4616277992360486155
06-04 20:54:47.952 V/WindowManager( 711): Finish Transition #7: created at
06-04 20:54:47.926 collect-started=0.108ms request-sent=0.22ms started=0.904ms ready=0.891ms sent=1.322ms finished=20.408ms
06-04 20:54:47.952 I/DisplayDeviceRepository( 711): Display device changed state: "内置屏幕", OFF
06-04 20:54:47.955 I/InputManager-JNI( 711): Viewport [0] to add: local:4616277992360486155, isActive: false
06-04 20:54:47.956 I/InputReader( 711): Reconfiguring input devices, changes=DISPLAY_INFO
06-04 20:54:47.958 W/SurfaceControl( 711): Invalid layer stack -1
06-04 20:54:47.958 I/DisplayDevice( 711): [0] Layerstack set to -1 for local:4616277992360486155
06-04 20:54:47.970 I/SystemControl( 317): [/Ubootenv.cpp, get, 345] [ubootenv] search end and not find env:connector_type
06-04 20:54:47.971 E/MesonHwc( 290): dolby vision driver is not ready
06-04 20:54:47.971 E/MesonHwc( 290): dolby vision driver is not ready
06-04 20:54:47.972 D/MesonHwc( 290): ERR: PLEASE FIX NON-IMPLEMENT FUN(update).
06-04 20:54:47.972 I/SystemControl( 317): [/Ubootenv.cpp, get, 345] [ubootenv] search end and not find env:connector_type
06-04 20:54:47.972 E/MesonHwc( 290): FixedDisplayPipe::getConnectorCfg 15
06-04 20:54:47.973 E/MesonHwc( 290): read screen size 1220x690 from vinfo
06-04 20:54:47.973 E/MesonHwc( 290): dolby vision driver is not ready
06-04 20:54:47.973 I/SystemControl( 317): [/Ubootenv.cpp, get, 345] [ubootenv] search end and not find env:connector_type
06-04 20:54:47.973 E/MesonHwc( 290): FixedDisplayPipe::getConnectorCfg 15
06-04 20:54:47.973 D/MesonHwc( 290): ERR: PLEASE FIX NON-IMPLEMENT FUN(update).
06-04 20:54:47.974 E/MesonHwc( 290): read screen size 1220x690 from vinfo
06-04 20:54:47.974 E/MesonHwc( 290): dolby vision driver is not ready
06-04 20:54:47.975 E/MesonHwc( 290): Do Nothing in updateDisplayMode .
06-04 20:54:47.975 V/MesonDisplayServer( 290): GetDisplayMode:1080p60hz
06-04 20:54:47.985 W/UsageStatsService( 711): Unexpected activity event reported! (com.dangbei.leard.leradlauncher/com.dangbei.launcher.home.LauncherActivity event : 23 instanceId : 158377001)
06-04 20:54:48.046 D/WindowManagerShell( 1328): TvPipController: onTaskStackChanged()
06-04 20:54:48.076 D/MesonDisplayServer( 290): SetDisplay[CVBS] Mode to "dummy_l"
06-04 20:54:48.093 I/SystemControl( 317): [/UEventObserver.cpp, HDMITxUenventThreadLoop, 451] HDMI TX switch_name:hdmitx_current_status, switch_state: 39
06-04 20:54:48.128 D/MesonComposer3( 290): halEventcallback onHotplug client3.0
06-04 20:54:48.130 D/SurfaceFlinger( 266): Finished setting power mode 0 on display 4616277992360486155
06-04 20:54:48.130 D/SurfaceControl( 711): Excessive delay in setPowerMode()
06-04 20:54:48.130 I/android.hardware.power-service.libperfmgr( 503): Power setMode: INTERACTIVE to: 0
06-04 20:54:48.131 I/DisplayDeviceRepository( 711): Display device changed state: "内置屏幕", OFF
06-04 20:54:48.133 E/MesonHwc( 290): getPort 15
06-04 20:54:48.133 E/MesonHwc( 290): getPort 15
06-04 20:54:48.135 I/PowerGroup( 711): Sleeping power group (groupId=0, uid=1000, reason=timeout)...
06-04 20:54:48.135 I/PowerManagerService( 711): Sleeping (uid 1000)...
06-04 20:54:48.136 I/SurfaceFlinger( 266): Reconnecting display 4616277992360486155 (HAL ID 0)
06-04 20:54:48.140 E/MesonComposer3( 290): destroyLayer: display:0 failed to destroy layer:532
06-04 20:54:48.141 E/HwcComposer( 266): destroyLayer failed Status(-8, EX_SERVICE_SPECIFIC): '3: '
06-04 20:54:48.141 E/HWC2 ( 266): destroyLayer(0, 532) failed: BadLayer (3)
06-04 20:54:48.142 E/HwcComposer( 266): setClientTargetSlotCount failed Status(-8, EX_SERVICE_SPECIFIC): '4: '
06-04 20:54:48.145 I/audio_hw_hal_primary( 492): [adev_set_parameters:4123] dev:0xe87014a0, kv: screen_state=off
06-04 20:54:48.145 D/audio_hw_hal_hfp( 492): [audio_extn_hfp_set_parameters:739] audio_extn_hfp_set_parameters
06-04 20:54:48.146 E/audio_route( 492): unable to find path 'speaker_fadein'
06-04 20:54:48.146 E/audio_route( 492): unable to find path 'speaker_fadeout'
06-04 20:54:48.146 I/audio_hw_hal_resourcemgr( 492): [set_output_device_mute:690] device:0x2 mute:1 port_mute:1 using_fade:1
06-04 20:54:48.161 I/Scheduler( 266): Display 4616277992360486155 is the pacesetter
06-04 20:54:48.161 E/SchedulerTimer( 266): Terminated
06-04 20:54:48.161 D/SurfaceFlinger( 266): Setting power mode 2 on display 4616277992360486155
06-04 20:54:48.162 W/EventThread( 266): Failed dispatching Hotplug{displayId=4616277992360486155, connected} for Connection{0xe9ac2490, VSyncRequest::None}
06-04 20:54:48.162 W/EventThread( 266): Failed dispatching Hotplug{displayId=4616277992360486155, connected} for Connection{0xe9ac2210, VSyncRequest::None}
06-04 20:54:48.162 D/SurfaceFlinger( 266): Finished setting power mode 2 on display 4616277992360486155
06-04 20:54:48.171 D/LocalDisplayAdapter( 711): The active mode was changed from SurfaceFlinger or the display device to {id=68, width=1920, height=1080, fps=59.94006, alternativeRefreshRates=[], supportedHdrTypes=[]}
06-04 20:54:48.172 D/LocalDisplayAdapter( 711): New display modes are added and the active mode has changed, use active mode as default mode.
06-04 20:54:48.172 W/LocalDisplayAdapter( 711): DisplayModeSpecs base mode no longer available, using currently active mode.
06-04 20:54:48.174 I/DisplayDeviceRepository( 711): Display device changed: DisplayDeviceInfo{"内置屏幕": uniqueId="local:4616277992360486155", 1920 x 1080, modeId 54, renderFrameRate 59.94006, defaultModeId 54, supportedModes [{id=54, width=1920, height=1080, fps=59.94006, alternativeRefreshRates=[], supportedHdrTypes=[2]}, {id=55, width=1920, height=1080, fps=60.000004, alternativeRefreshRates=[], supportedHdrTypes=[2]}, {id=56, width=3840, height=2160, fps=59.94006, alternativeRefreshRates=[], supportedHdrTypes=[2]}, {id=57, width=3840, height=2160, fps=60.000004, alternativeRefreshRates=[], supportedHdrTypes=[2]}, {id=58, width=3840, height=2160, fps=50.0, alternativeRefreshRates=[], supportedHdrTypes=[2]}, {id=59, width=3840, height=2160, fps=29.97003, alternativeRefreshRates=[], supportedHdrTypes=[2]}, {id=60, width=3840, height=2160, fps=30.000002, alternativeRefreshRates=[], supportedHdrTypes=[2]}, {id=61, width=3840, height=2160, fps=25.0, alternativeRefreshRates=[], supportedHdrTypes=[2]}, {id=62, width=3840, height=2160, fps=23.976025, alternativeRefreshRates=[], supportedHdrTypes=[2]}, {id=63, width=3840, height=2160, fps=24.000002, alternativeRefreshRates=[], supportedHdrTypes=[2]}, {id=64, width=1920, height=1080, fps=50.0, alternativeRefreshRates=[], supportedHdrTypes=[2]}, {id=65, width=1280, height=720, fps=59.94006, alternativeRefreshRates=[], supportedHdrTypes=[2]}, {id=66, width=1280, height=720, fps=60.000004, alternativeRefreshRates=[], supportedHdrTypes=[2]}, {id=67, width=1280, height=720, fps=50.0, alternativeRefreshRates=[], supportedHdrTypes=[2]}], colorMode 0, supportedColorModes [0], hdrCapabilities HdrCapabilities{mSupportedHdrTypes=[2], mMaxLuminance=500.0, mMaxAverageLuminance=500.0, mMinLuminance=0.0}, allmSupported false, gameContentTypeSupported true, density 240, 39.973 x 39.756 dpi, appVsyncOff 2000000, presDeadline 13683333, touch INTERNAL, rotation 0, type INTERNAL, address {port=11, model=0x401050603f19a5}, deviceProductInfo DeviceProductInfo{name=Mi TV, manufacturerPnpId=XMD, productId=74, modelYear=null, manufactureDate=ManufactureDate{week=13, year=2019}, connectionToSinkType=2}, state OFF, committedState OFF, frameRateOverride , brightnessMinimum 0.0, brightnessMaximum 1.0, brightnessDefault 0.39763778, hdrSdrRatio NaN, FLAG_ALLOWED_TO_BE_DEFAULT_DISPLAY, FLAG_ROTATES_WITH_CONTENT, FLAG_SECURE, FLAG_SUPPORTS_PROTECTED_BUFFERS, FLAG_TRUSTED, installOrientation 0, displayShape DisplayShape{ spec=729782573 displayWidth=1920 displayHeight=1080 physicalPixelDisplaySizeRatio=1.0 rotation=0 offsetX=0 offsetY=0 scale=1.0}}
06-04 20:54:48.174 I/PowerManagerService( 711): onFlip(): Face up.
06-04 20:54:48.176 W/LocalDisplayAdapter( 711): Ignoring request for invalid base mode id 54
06-04 20:54:48.178 I/DisplayDeviceRepository( 711): Display device changed: DisplayDeviceInfo{"内置屏幕": uniqueId="local:4616277992360486155", 1920 x 1080, modeId 68, renderFrameRate 59.94006, defaultModeId 68, supportedModes [{id=68, width=1920, height=1080, fps=59.94006, alternativeRefreshRates=[], supportedHdrTypes=[]}], colorMode 0, supportedColorModes [0], hdrCapabilities HdrCapabilities{mSupportedHdrTypes=[], mMaxLuminance=500.0, mMaxAverageLuminance=500.0, mMinLuminance=0.0}, allmSupported false, gameContentTypeSupported true, density 240, 39.973 x 39.756 dpi, appVsyncOff 2000000, presDeadline 13683333, touch INTERNAL, rotation 0, type INTERNAL, address {port=11, model=0x401050603f19a5}, deviceProductInfo DeviceProductInfo{name=Linux FHD, manufacturerPnpId=LNX, productId=0, modelYear=null, manufactureDate=ManufactureDate{week=5, year=2012}, connectionToSinkType=0}, state OFF, committedState OFF, frameRateOverride , brightnessMinimum 0.0, brightnessMaximum 1.0, brightnessDefault 0.39763778, hdrSdrRatio NaN, FLAG_ALLOWED_TO_BE_DEFAULT_DISPLAY, FLAG_ROTATES_WITH_CONTENT, FLAG_SECURE, FLAG_SUPPORTS_PROTECTED_BUFFERS, FLAG_TRUSTED, installOrientation 0, displayShape DisplayShape{ spec=729782573 displayWidth=1920 displayHeight=1080 physicalPixelDisplaySizeRatio=1.0 rotation=0 offsetX=0 offsetY=0 scale=1.0}}
06-04 20:54:48.180 I/RefreshRateSelector( 266): Display 4616277992360486155 policy changed
06-04 20:54:48.180 I/RefreshRateSelector( 266): Previous: {defaultModeId=68, allowGroupSwitching=false, primaryRanges={physical=[0.00 Hz, 340282346638528859811704183484516925440.00 Hz], render=[0.00 Hz, 340282346638528859811704183484516925440.00 Hz]}, appRequestRanges={physical=[0.00 Hz, 340282346638528859811704183484516925440.00 Hz], render=[0.00 Hz, 340282346638528859811704183484516925440.00 Hz]}}
06-04 20:54:48.180 I/RefreshRateSelector( 266): Current: DisplayManagerPolicy{defaultModeId=68, allowGroupSwitching=false, primaryRanges={physical=[0.00 Hz, inf Hz], render=[0.00 Hz, 120.00 Hz]}, appRequestRanges={physical=[0.00 Hz, inf Hz], render=[0.00 Hz, inf Hz]}}
06-04 20:54:48.180 I/RefreshRateSelector( 266): 0 mode changes were performed under the previous policy
06-04 20:54:48.184 W/libperfmgr( 503): Slow writing to file: '/sys/class/meson_pm/early_suspend_trigger' with value: '1' took: 53 ms
06-04 20:54:48.187 I/AudioVideoDevReconnectService( 1105): onReceive:android.intent.action.SCREEN_OFF,mWaitForDisconnct:true
06-04 20:54:48.187 I/vol.VolumeDialogImpl( 1328): mDialog.dismiss() reason: screen_off from: com.android.systemui.volume.VolumeDialogImpl$7.onScreenOff:4
06-04 20:54:48.194 E/hq ( 1559): AdHelper:::StrReceiver onReceive=android.intent.action.SCREEN_OFF
06-04 20:54:48.194 W/eventbuscore( 1559): post Event:com.dangbei.leard.base.entity.event.SwitchLauncherPageEvent
06-04 20:54:48.198 D/OsInitLaunch( 1559): send: strOpen, null, null, null
06-04 20:54:48.198 D/aaa ( 3805): aaa screen off
06-04 20:54:48.199 I/SystemControl( 317): [/UEventObserver.cpp, HDMITxUenventThreadLoop, 451] HDMI TX switch_name:hdmitx_current_status, switch_state: 40
06-04 20:54:48.199 I/SystemControl( 317): [/UEventObserver.cpp, HDMITxUenventThreadLoop, 451] HDMI TX switch_name:hdmitx_hdcppwr, switch_state: 0
06-04 20:54:48.199 E/SystemControl( 317): [/SysWrite.cpp, writeSys, 280] writeSysFs, open /sys/class/amhdmitx/amhdmitx0/hdcp_pwr fail.
06-04 20:54:48.199 I/SystemControl( 317): [/DisplayMode.cpp, onTxEvent, 3267] onTxEvent switchName:hdmitx_hdcppwr hpdstate:0 state: 1
06-04 20:54:48.199 I/SystemControl( 317): [/SysWrite.cpp, getKernelReleaseVersion, 701] getKernelReleaseVersion: 5.15
06-04 20:54:48.199 I/SystemControl( 317): [/Ubootenv.cpp, get, 336] [ubootenv] get key:hdmimode envValue: none
06-04 20:54:48.200 I/SystemControl( 317): [/Ubootenv.cpp, get, 336] [ubootenv] get key:user_colorattribute envValue: 420,10bit
06-04 20:54:48.200 I/SystemControl( 317): [/Ubootenv.cpp, get, 345] [ubootenv] search end and not find env:hdr_force_mode
06-04 20:54:48.200 I/SystemControl( 317): [/DisplayMode.cpp, gethdrforcemode, 2742] get hdr force mode is [2]
06-04 20:54:48.200 I/SystemControl( 317): [/Ubootenv.cpp, get, 336] [ubootenv] get key:hdr_policy envValue: 0
06-04 20:54:48.200 I/SystemControl( 317): [/DisplayMode.cpp, getHdrStrategy, 2758] getHdrStrategy is [0]
06-04 20:54:48.200 I/SystemControl( 317): [/Ubootenv.cpp, get, 336] [ubootenv] get key:hdr_priority envValue: 268435472
06-04 20:54:48.200 I/SystemControl( 317): [/DisplayMode.cpp, getHdrPriority, 2891] getHdrPriority is [0x10000010]
06-04 20:54:48.200 I/SystemControl( 317): [/DisplayMode.cpp, getCommonData, 1534] isbestcolorspace:0, isbestpolicy:1, hdr_policy:0, hdr_priority :268435472, hdr_force_mode:2
06-04 20:54:48.203 D/HDMI ( 711): receive android.intent.action.SCREEN_OFF
06-04 20:54:48.212 E/hq ( 1559): AdHelper:::str 广告刷新
06-04 20:54:48.213 D/dangbei ad sdk( 1559): AdSdk::current server =online
06-04 20:54:48.214 D/InstantWifi( 711): mScreenOn is changed to false
06-04 20:54:48.215 I/WifiHAL ( 525): call wifi_get_link_stats handler
06-04 20:54:48.215 I/WifiHAL ( 525): Creating message to get link statistics; iface = 16
06-04 20:54:48.215 D/WifiHAL ( 525): error code -95 mapped to -3
06-04 20:54:48.216 E/WifiStaIfaceAidlImpl( 711): getLinkLayerStats failed with service-specific exception: android.os.ServiceSpecificException: (code 4)
06-04 20:54:48.217 I/wpa_supplicant( 1187): wpa_driver_nl80211_driver_cmd: wifi vendor: aml_w2_s
06-04 20:54:48.217 I/wpa_supplicant( 1187): wpa_driver_nl80211_driver_cmd: wlan0: private command: SETSUSPENDMODE 1
06-04 20:54:48.218 D/FrameWorkHelper( 1559): strRestart:
06-04 20:54:48.223 D/TrafficStats( 1559): tagSocket(98) with statsTag=0xffffffff, statsUid=-1
06-04 20:54:48.224 E/MesonHwc( 290): getCrtc by id(0) failed.
06-04 20:54:48.224 V/MesonDisplayServer( 290): GetDisplayMode:
06-04 20:54:48.224 I/SystemControl( 317): [/DisplayMode.cpp, getDisplayMode, 2331] getDisplayMode mode:
06-04 20:54:48.224 I/SystemControl( 317): [/Ubootenv.cpp, get, 336] [ubootenv] get key:hdmimode envValue: none
06-04 20:54:48.224 I/SystemControl( 317): [/Ubootenv.cpp, get, 336] [ubootenv] get key:cvbsmode envValue: 576cvbs
06-04 20:54:48.224 I/SystemControl( 317): [/DisplayMode.cpp, getCommonData, 1542] hdmi_current_mode:, ubootenv hdmimode:none cvbsmode:576cvbs
06-04 20:54:48.224 E/MesonHwc( 290): getCrtc by id(0) failed.
06-04 20:54:48.224 D/MesonDisplayServer( 290): use connector getDisplayAttribute "HDMI Color ATTR": "422,12bit"
06-04 20:54:48.225 I/SystemControl( 317): [/Ubootenv.cpp, get, 336] [ubootenv] get key:user_colorattribute envValue: 420,10bit
06-04 20:54:48.225 I/SystemControl( 317): [/DisplayMode.cpp, getCommonData, 1554] hdmi_current_attr:422,12bit, ubootenv_colorattribute:420,10bit
06-04 20:54:48.225 I/SystemControl( 317): [/Ubootenv.cpp, get, 345] [ubootenv] search end and not find env:dv_enable
06-04 20:54:48.225 I/SystemControl( 317): [/DisplayMode.cpp, getCommonData, 1567] dv_enable:0
06-04 20:54:48.225 I/SystemControl( 317): [/Ubootenv.cpp, get, 345] [ubootenv] search end and not find env:user_prefer_dv_type
06-04 20:54:48.225 I/SystemControl( 317): [/DisplayMode.cpp, getCommonData, 1578] ubootenv_dv_type:0
06-04 20:54:48.225 I/SystemControl( 317): [/DisplayMode.cpp, getHdmiData, 1721] display sink type:1 [0:none, 1:sink, 2:repeater]
06-04 20:54:48.225 I/SystemControl( 317): [/DisplayMode.cpp, filterHdmiDispcap, 1398] before filtered HdmiDispcap: 480p60hz
06-04 20:54:48.225 I/SystemControl( 317): 720p60hz
06-04 20:54:48.225 I/SystemControl( 317): 1080i60hz
06-04 20:54:48.225 I/SystemControl( 317): 480i60hz
06-04 20:54:48.225 I/SystemControl( 317): 1080p60hz
06-04 20:54:48.225 I/SystemControl( 317): 576p50hz
06-04 20:54:48.225 I/SystemControl( 317): 720p50hz
06-04 20:54:48.225 I/SystemControl( 317): 1080i50hz
06-04 20:54:48.225 I/SystemControl( 317): 576i50hz
06-04 20:54:48.225 I/SystemControl( 317): 1080p50hz
06-04 20:54:48.225 I/SystemControl( 317): 2160p24hz
06-04 20:54:48.225 I/SystemControl( 317): 2160p25hz
06-04 20:54:48.225 I/SystemControl( 317): 2160p30hz
06-04 20:54:48.225 I/SystemControl( 317): 2160p50hz
06-04 20:54:48.225 I/SystemControl( 317): 2160p60hz
06-04 20:54:48.225 I/SystemControl( 317): smpte24hz
06-04 20:54:48.225 I/SystemControl( 317): smpte25hz
06-04 20:54:48.225 I/SystemControl( 317): smpte30hz
06-04 20:54:48.225 I/SystemControl( 317): smpte50hz
06-04 20:54:48.225 I/SystemControl( 317): smpte60hz
06-04 20:54:48.225 I/SystemControl( 317):
06-04 20:54:48.227 I/SystemControl( 317): [/DisplayMode.cpp, filterHdmiDispcap, 1427] after filtered HdmiDispcap: 480p60hz
06-04 20:54:48.227 I/SystemControl( 317): 720p60hz
06-04 20:54:48.227 I/SystemControl( 317): 1080i60hz
06-04 20:54:48.227 I/SystemControl( 317): 480i60hz
06-04 20:54:48.227 I/SystemControl( 317): 1080p60hz
06-04 20:54:48.227 I/SystemControl( 317): 576p50hz
06-04 20:54:48.227 I/SystemControl( 317): 720p50hz
06-04 20:54:48.227 I/SystemControl( 317): 1080i50hz
06-04 20:54:48.227 I/SystemControl( 317): 576i50hz
06-04 20:54:48.227 I/SystemControl( 317): 1080p50hz
06-04 20:54:48.227 I/SystemControl( 317): 2160p24hz
06-04 20:54:48.227 I/SystemControl( 317): 2160p25hz
06-04 20:54:48.227 I/SystemControl( 317): 2160p30hz
06-04 20:54:48.227 I/SystemControl( 317): 2160p50hz
06-04 20:54:48.227 I/SystemControl( 317): 2160p60hz
06-04 20:54:48.227 I/SystemControl( 317): smpte24hz
06-04 20:54:48.227 I/SystemControl( 317): smpte25hz
06-04 20:54:48.227 I/SystemControl( 317): smpte30hz
06-04 20:54:48.227 I/SystemControl( 317): smpte50hz
06-04 20:54:48.227 I/SystemControl( 317): smpte60hz
06-04 20:54:48.227 I/SystemControl( 317):
