06-04 20:56:45.042 E/bt_upio ( 494): upio_set : open(/proc/bluetooth/sleep/btwrite) for write failed: No such file or directory (2)
06-04 20:56:46.313 I/WifiHAL ( 525): call wifi_get_link_stats handler
06-04 20:56:46.313 I/WifiHAL ( 525): Creating message to get link statistics; iface = 16
06-04 20:56:46.313 D/WifiHAL ( 525): error code -95 mapped to -3
06-04 20:56:46.314 E/WifiStaIfaceAidlImpl( 711): getLinkLayerStats failed with service-specific exception: android.os.ServiceSpecificException: (code 4)
06-04 20:56:47.121 I/audio_hw_hal_alsamgr( 492): alsa format =0x1 delay frames =640 total frames=11042560
06-04 20:56:48.897 D/OomAdjuster( 711): Not killing cached processes
06-04 20:56:48.901 D/bbb ( 1672): onStartCommand begin !!!!!!! data分区剩余 52811MB
06-04 20:56:49.317 D/WanClient( 1526): sendHeartMessage
06-04 20:56:49.318 I/WifiHAL ( 525): call wifi_get_link_stats handler
06-04 20:56:49.318 I/WifiHAL ( 525): Creating message to get link statistics; iface = 16
06-04 20:56:49.318 D/WifiHAL ( 525): error code -95 mapped to -3
06-04 20:56:49.318 D/WanClient( 1526): -----final------sendMessage: {"type":"2bKPMh2jwmQ="}
06-04 20:56:49.318 E/WifiStaIfaceAidlImpl( 711): getLinkLayerStats failed with service-specific exception: android.os.ServiceSpecificException: (code 4)
06-04 20:56:49.375 D/WanClient( 1526): onMessage:Thread[WebSocketConnectReadThread-72,5,main]--{"msg":"+MSejyjwlbc="}
06-04 20:56:49.377 D/WanClient( 1526): onMessageReceived:Thread[WebSocketConnectReadThread-72,5,main] {"msg":"+MSejyjwlbc="}
06-04 20:56:49.377 D/WanClient( 1526): type: null
06-04 20:56:49.377 D/WanClient( 1526): send:HB7FxtN64oc=
06-04 20:56:49.377 D/WanClient( 1526): leave:uQ3qCmhm4oA=
06-04 20:56:49.377 D/WanClient( 1526): join:7EsoetslBbs=
06-04 20:56:49.377 D/WanClient( 1526): ITtylgY8LAxdmHmRQSo49Q==
06-04 20:56:49.919 D/UtilLog ( 2271): 日志批量上报 进行正常循环 !!!!!!本次有0次请求,共0条数据
06-04 20:56:51.609 V/HotPlugDetectionAction( 711): Poll all devices.
06-04 20:56:51.666 D/hdmicecd( 505): [CEC]:printCecMessage, [4 -> 0] len: 0, body:, result:success
06-04 20:56:51.726 D/hdmicecd( 505): [CEC]:printCecMessage, [4 -> 1] len: 0, body:, result:no ack
06-04 20:56:51.786 D/hdmicecd( 505): [CEC]:printCecMessage, [4 -> 3] len: 0, body:, result:no ack
06-04 20:56:51.842 D/hdmicecd( 505): [CEC]:printCecMessage, [4 -> 5] len: 0, body:, result:no ack
06-04 20:56:51.902 D/hdmicecd( 505): [CEC]:printCecMessage, [4 -> 8] len: 0, body:, result:no ack
06-04 20:56:51.958 D/hdmicecd( 505): [CEC]:printCecMessage, [4 -> b] len: 0, body:, result:no ack
06-04 20:56:52.014 D/hdmicecd( 505): [CEC]:printCecMessage, [4 -> e] len: 0, body:, result:no ack
06-04 20:56:52.014 D/HdmiCecController( 711): [P]:AllocatedAddress=[0]
06-04 20:56:52.325 I/WifiHAL ( 525): call wifi_get_link_stats handler
06-04 20:56:52.325 I/WifiHAL ( 525): Creating message to get link statistics; iface = 16
06-04 20:56:52.325 D/WifiHAL ( 525): error code -95 mapped to -3
06-04 20:56:52.326 E/WifiStaIfaceAidlImpl( 711): getLinkLayerStats failed with service-specific exception: android.os.ServiceSpecificException: (code 4)
06-04 20:56:52.497 I/TDLog ( 2271): [APP] New data found, Submitting...
06-04 20:56:52.501 D/TrafficStats( 2271): tagSocket(106) with statsTag=0xffffffff, statsUid=-1
06-04 20:56:52.504 I/TDLog ( 2271): [APP] Failed to submit data!
06-04 20:56:54.006 D/hdmicecd( 505): [CEC]:printCecMsgBuf, msg: 0f 36
06-04 20:56:54.006 D/hdmicecd( 505): [HdmiCecControl]:updateActiveState received standby message!
06-04 20:56:54.008 D/HDMI ( 711): [R]: 0F:36
06-04 20:56:54.008 I/HDMI ( 711): Hdmi cec standby
06-04 20:56:54.008 I/PowerGroup( 711): Powering off display group due to hdmi (groupId= 0, uid= 1000, millisSinceLastUserActivity=19055, lastUserActivityEvent=button)...
06-04 20:56:54.009 I/PowerManagerService( 711): Going to sleep due to hdmi (uid 1000, screenOffTimeout=300000, activityTimeoutWM=-1, maxDimRatio=0.20000005, maxDimDur=7000)...
06-04 20:56:54.010 D/WindowManager( 711): updateCecScreenStatus 1
06-04 20:56:54.011 D/HDMI ( 711): setCecSettingIntValue name:cec_screen_state, value:1
06-04 20:56:54.011 D/OomAdjuster( 711): Not killing cached processes
06-04 20:56:54.013 I/HDMI ( 711): screen state is changing to 1
06-04 20:56:54.013 D/HDMI ( 711): onStandby action:0, current power:0 initiatedByCec:true
06-04 20:56:54.014 D/HDMI ( 711): standby acquireWakeLock 0
06-04 20:56:54.014 D/HDMI ( 711): standby releaseWakeLock
06-04 20:56:54.016 D/hdmicecd( 505): [HdmiCecControl]:getPhysicalAddress, physical addr: 3000, last pa: 3000, ret = 0
06-04 20:56:54.017 I/DefaultIMS( 1550): onStartInput attribute=android.view.inputmethod.EditorInfo@6c970b9 restarting=false inputType: 0
06-04 20:56:54.017 D/hdmicecd( 505): [HdmiCecControl]:getPhysicalAddress, physical addr: 3000, last pa: 3000, ret = 0
06-04 20:56:54.017 V/HdmiControlService( 711): On standby-action cleared:4
06-04 20:56:54.018 V/HdmiControlService( 711): onPendingActionsCleared
06-04 20:56:54.018 D/HDMI ( 711): setActiveSource logical:0xffffffff physical:0xffff HdmiCecLocalDevicePlayback#onStandby()
06-04 20:56:54.018 D/hdmicecd( 505): [HdmiCecControl]:getPhysicalAddress, physical addr: 3000, last pa: 3000, ret = 0
06-04 20:56:54.019 D/HDMI ( 711): ActiveSourceHistoryRecord active source=(invalid, invalid) isActiveSource=false from=HdmiCecLocalDevicePlayback#onStandby()
06-04 20:56:54.019 D/HDMI ( 711): onStandby sendStandbyNoneActive:false, wasActiveSource:true
06-04 20:56:54.019 D/HDMI ( 711): onStandby sendStandbyNoneActive:false, wasActiveSource:true
06-04 20:56:54.019 I/HDMI ( 711): onStandby finally completed
06-04 20:56:54.019 D/HDMI ( 711): enableSystemCecControl: false
06-04 20:56:54.038 D/hdmicecd( 505): [HdmiCecControl]:setOption, flag:0x3, value:0x0, ret:0, is_cec_controlled:0
06-04 20:56:54.039 D/HdmiControlService( 711): Switching to full volume behavior
06-04 20:56:54.039 D/HdmiControlService( 711): Switching to full volume behavior
06-04 20:56:54.040 D/HDMI ( 711): standby releaseWakeLock
06-04 20:56:54.430 I/DisplayPowerController2[0]( 711): Blocking screen off
06-04 20:56:54.430 I/DisplayPowerController2[0]( 711): Unblocked screen off after 0 ms
06-04 20:56:54.433 D/ActivityTaskManager( 711): Top Process State changed to PROCESS_STATE_TOP_SLEEPING
06-04 20:56:54.437 V/WindowManagerShell( 1328): Transition requested: android.os.BinderProxy@829e92f TransitionRequestInfo { type = 12, triggerTask = null, remoteTransition = null, displayChange = null, flags = 0 }
06-04 20:56:54.438 V/WindowManager( 711): Sent Transition #9 createdAt=06-04 20:56:54.436 via request=TransitionRequestInfo { type = 12, triggerTask = null, remoteTransition = null, displayChange = null, flags = 0 }
06-04 20:56:54.439 V/WindowManager( 711): startWCT=null
06-04 20:56:54.440 V/WindowManager( 711): info={id=9 t=SLEEP f=0x0 trk=0 r=[] c=[]}
06-04 20:56:54.449 I/BpBinder( 266): onLastStrongRef automatically unlinking death recipients:
06-04 20:56:54.452 W/Transition( 711): Transition already started id=9 state=2
06-04 20:56:54.456 V/WindowManagerShell( 1328): onTransitionReady android.os.BinderProxy@829e92f: {id=9 t=SLEEP f=0x0 trk=0 r=[] c=[]}
06-04 20:56:54.457 V/WindowManagerShell( 1328): No transition roots in (#9)android.os.BinderProxy@829e92f@0 so abort
06-04 20:56:54.459 I/DisplayBrightnessStrategySelector( 711): Changing the DisplayBrightnessStrategy from InvalidBrightnessStrategy toScreenOffBrightnessStrategy for display 0
06-04 20:56:54.459 V/WindowManagerShell( 1328): Transition animation finished (aborted=true), notifying core (#9)android.os.BinderProxy@829e92f@0
06-04 20:56:54.461 V/DisplayPowerController2[0]( 711): Brightness [0.0] reason changing to: 'screen_off', previous reason: 'manual'.
06-04 20:56:54.462 I/DisplayPowerController2[0]( 711): BrightnessEvent: disp=0, physDisp=local:4616277992360486155, brt=0.0, initBrt=0.39763778, rcmdBrt=NaN, preBrt=NaN, lux=0.0, preLux=0.0, hbmMax=1.0, hbmMode=off, rbcStrength=0, thrmMax=1.0, powerFactor=1.0, wasShortTermModelActive=false, flags=, reason=screen_off, autoBrightness=false, strategy=ScreenOffBrightnessStrategy
06-04 20:56:54.464 V/WindowManager( 711): Finish Transition #9: created at
06-04 20:56:54.436 collect-started=0.13ms request-sent=0.249ms started=0.737ms ready=0.725ms sent=1.303ms finished=26.518ms
06-04 20:56:54.464 V/WindowManagerShell( 1328): Track 0 became idle
06-04 20:56:54.464 V/WindowManagerShell( 1328): All active transition animations finished
06-04 20:56:54.465 D/SurfaceFlinger( 266): Setting power mode 0 on display 4616277992360486155
06-04 20:56:54.468 I/DisplayDeviceRepository( 711): Display device changed state: "内置屏幕", OFF
06-04 20:56:54.472 I/InputManager-JNI( 711): Viewport [0] to add: local:4616277992360486155, isActive: false
06-04 20:56:54.473 I/InputReader( 711): Reconfiguring input devices, changes=DISPLAY_INFO
06-04 20:56:54.473 W/SurfaceControl( 711): Invalid layer stack -1
06-04 20:56:54.473 I/DisplayDevice( 711): [0] Layerstack set to -1 for local:4616277992360486155
06-04 20:56:54.478 I/SystemControl( 317): [/Ubootenv.cpp, get, 345] [ubootenv] search end and not find env:connector_type
06-04 20:56:54.480 E/MesonHwc( 290): dolby vision driver is not ready
06-04 20:56:54.481 E/MesonHwc( 290): dolby vision driver is not ready
06-04 20:56:54.482 D/MesonHwc( 290): ERR: PLEASE FIX NON-IMPLEMENT FUN(update).
06-04 20:56:54.482 I/SystemControl( 317): [/Ubootenv.cpp, get, 345] [ubootenv] search end and not find env:connector_type
06-04 20:56:54.482 E/MesonHwc( 290): FixedDisplayPipe::getConnectorCfg 15
06-04 20:56:54.483 E/MesonHwc( 290): read screen size 1220x690 from vinfo
06-04 20:56:54.483 E/MesonHwc( 290): dolby vision driver is not ready
06-04 20:56:54.483 I/SystemControl( 317): [/Ubootenv.cpp, get, 345] [ubootenv] search end and not find env:connector_type
06-04 20:56:54.483 E/MesonHwc( 290): FixedDisplayPipe::getConnectorCfg 15
06-04 20:56:54.483 D/MesonHwc( 290): ERR: PLEASE FIX NON-IMPLEMENT FUN(update).
06-04 20:56:54.484 E/MesonHwc( 290): read screen size 1220x690 from vinfo
06-04 20:56:54.484 E/MesonHwc( 290): dolby vision driver is not ready
06-04 20:56:54.488 E/MesonHwc( 290): Do Nothing in updateDisplayMode .
06-04 20:56:54.488 V/MesonDisplayServer( 290): GetDisplayMode:1080p60hz
06-04 20:56:54.507 W/UsageStatsService( 711): Unexpected activity event reported! (com.dangbei.leard.leradlauncher/com.dangbei.launcher.home.LauncherActivity event : 23 instanceId : 158377001)
06-04 20:56:54.585 D/WindowManagerShell( 1328): TvPipController: onTaskStackChanged()
06-04 20:56:54.589 D/MesonDisplayServer( 290): SetDisplay[CVBS] Mode to "dummy_l"
06-04 20:56:54.600 I/SystemControl( 317): [/UEventObserver.cpp, HDMITxUenventThreadLoop, 451] HDMI TX switch_name:hdmitx_current_status, switch_state: 49
06-04 20:56:54.637 D/MesonComposer3( 290): halEventcallback onHotplug client3.0
06-04 20:56:54.638 D/SurfaceFlinger( 266): Finished setting power mode 0 on display 4616277992360486155
06-04 20:56:54.638 D/SurfaceControl( 711): Excessive delay in setPowerMode()
06-04 20:56:54.639 I/android.hardware.power-service.libperfmgr( 503): Power setMode: INTERACTIVE to: 0
06-04 20:56:54.640 I/DisplayDeviceRepository( 711): Display device changed state: "内置屏幕", OFF
06-04 20:56:54.642 E/MesonHwc( 290): getPort 15
06-04 20:56:54.642 E/MesonHwc( 290): getPort 15
06-04 20:56:54.643 I/PowerGroup( 711): Sleeping power group (groupId=0, uid=1000, reason=timeout)...
06-04 20:56:54.643 I/PowerManagerService( 711): Sleeping (uid 1000)...
06-04 20:56:54.644 I/SurfaceFlinger( 266): Reconnecting display 4616277992360486155 (HAL ID 0)
06-04 20:56:54.649 E/MesonComposer3( 290): destroyLayer: display:0 failed to destroy layer:537
06-04 20:56:54.651 E/HwcComposer( 266): destroyLayer failed Status(-8, EX_SERVICE_SPECIFIC): '3: '
06-04 20:56:54.651 E/HWC2 ( 266): destroyLayer(0, 537) failed: BadLayer (3)
06-04 20:56:54.651 E/HwcComposer( 266): setClientTargetSlotCount failed Status(-8, EX_SERVICE_SPECIFIC): '4: '
06-04 20:56:54.656 I/audio_hw_hal_primary( 492): [adev_set_parameters:4123] dev:0xe87014a0, kv: screen_state=off
06-04 20:56:54.656 D/audio_hw_hal_hfp( 492): [audio_extn_hfp_set_parameters:739] audio_extn_hfp_set_parameters
06-04 20:56:54.656 E/audio_route( 492): unable to find path 'speaker_fadein'
06-04 20:56:54.656 E/audio_route( 492): unable to find path 'speaker_fadeout'
06-04 20:56:54.656 I/audio_hw_hal_resourcemgr( 492): [set_output_device_mute:690] device:0x2 mute:1 port_mute:1 using_fade:1
06-04 20:56:54.673 I/Scheduler( 266): Display 4616277992360486155 is the pacesetter
06-04 20:56:54.673 E/SchedulerTimer( 266): Terminated
06-04 20:56:54.673 D/SurfaceFlinger( 266): Setting power mode 2 on display 4616277992360486155
06-04 20:56:54.673 W/EventThread( 266): Failed dispatching Hotplug{displayId=4616277992360486155, connected} for Connection{0xe9ac2490, VSyncRequest::None}
06-04 20:56:54.673 W/EventThread( 266): Failed dispatching Hotplug{displayId=4616277992360486155, connected} for Connection{0xe9ac2210, VSyncRequest::None}
06-04 20:56:54.674 D/SurfaceFlinger( 266): Finished setting power mode 2 on display 4616277992360486155
06-04 20:56:54.676 I/PowerManagerService( 711): onFlip(): Face up.
06-04 20:56:54.687 D/LocalDisplayAdapter( 711): The active mode was changed from SurfaceFlinger or the display device to {id=83, width=1920, height=1080, fps=59.94006, alternativeRefreshRates=[], supportedHdrTypes=[]}
06-04 20:56:54.687 D/LocalDisplayAdapter( 711): New display modes are added and the active mode has changed, use active mode as default mode.
06-04 20:56:54.687 W/LocalDisplayAdapter( 711): DisplayModeSpecs base mode no longer available, using currently active mode.
06-04 20:56:54.688 I/DisplayDeviceRepository( 711): Display device changed: DisplayDeviceInfo{"内置屏幕": uniqueId="local:4616277992360486155", 1920 x 1080, modeId 69, renderFrameRate 59.94006, defaultModeId 69, supportedModes [{id=69, width=1920, height=1080, fps=59.94006, alternativeRefreshRates=[], supportedHdrTypes=[2]}, {id=70, width=1920, height=1080, fps=60.000004, alternativeRefreshRates=[], supportedHdrTypes=[2]}, {id=71, width=3840, height=2160, fps=59.94006, alternativeRefreshRates=[], supportedHdrTypes=[2]}, {id=72, width=3840, height=2160, fps=60.000004, alternativeRefreshRates=[], supportedHdrTypes=[2]}, {id=73, width=3840, height=2160, fps=50.0, alternativeRefreshRates=[], supportedHdrTypes=[2]}, {id=74, width=3840, height=2160, fps=29.97003, alternativeRefreshRates=[], supportedHdrTypes=[2]}, {id=75, width=3840, height=2160, fps=30.000002, alternativeRefreshRates=[], supportedHdrTypes=[2]}, {id=76, width=3840, height=2160, fps=25.0, alternativeRefreshRates=[], supportedHdrTypes=[2]}, {id=77, width=3840, height=2160, fps=23.976025, alternativeRefreshRates=[], supportedHdrTypes=[2]}, {id=78, width=3840, height=2160, fps=24.000002, alternativeRefreshRates=[], supportedHdrTypes=[2]}, {id=79, width=1920, height=1080, fps=50.0, alternativeRefreshRates=[], supportedHdrTypes=[2]}, {id=80, width=1280, height=720, fps=59.94006, alternativeRefreshRates=[], supportedHdrTypes=[2]}, {id=81, width=1280, height=720, fps=60.000004, alternativeRefreshRates=[], supportedHdrTypes=[2]}, {id=82, width=1280, height=720, fps=50.0, alternativeRefreshRates=[], supportedHdrTypes=[2]}], colorMode 0, supportedColorModes [0], hdrCapabilities HdrCapabilities{mSupportedHdrTypes=[2], mMaxLuminance=500.0, mMaxAverageLuminance=500.0, mMinLuminance=0.0}, allmSupported false, gameContentTypeSupported true, density 240, 39.973 x 39.756 dpi, appVsyncOff 2000000, presDeadline 13683333, touch INTERNAL, rotation 0, type INTERNAL, address {port=11, model=0x401050603f19a5}, deviceProductInfo DeviceProductInfo{name=Mi TV, manufacturerPnpId=XMD, productId=74, modelYear=null, manufactureDate=ManufactureDate{week=13, year=2019}, connectionToSinkType=2}, state OFF, committedState OFF, frameRateOverride , brightnessMinimum 0.0, brightnessMaximum 1.0, brightnessDefault 0.39763778, hdrSdrRatio NaN, FLAG_ALLOWED_TO_BE_DEFAULT_DISPLAY, FLAG_ROTATES_WITH_CONTENT, FLAG_SECURE, FLAG_SUPPORTS_PROTECTED_BUFFERS, FLAG_TRUSTED, installOrientation 0, displayShape DisplayShape{ spec=729782573 displayWidth=1920 displayHeight=1080 physicalPixelDisplaySizeRatio=1.0 rotation=0 offsetX=0 offsetY=0 scale=1.0}}
06-04 20:56:54.690 I/AudioVideoDevReconnectService( 1105): onReceive:android.intent.action.SCREEN_OFF,mWaitForDisconnct:true
06-04 20:56:54.691 W/LocalDisplayAdapter( 711): Ignoring request for invalid base mode id 69
06-04 20:56:54.693 I/DisplayDeviceRepository( 711): Display device changed: DisplayDeviceInfo{"内置屏幕": uniqueId="local:4616277992360486155", 1920 x 1080, modeId 83, renderFrameRate 59.94006, defaultModeId 83, supportedModes [{id=83, width=1920, height=1080, fps=59.94006, alternativeRefreshRates=[], supportedHdrTypes=[]}], colorMode 0, supportedColorModes [0], hdrCapabilities HdrCapabilities{mSupportedHdrTypes=[], mMaxLuminance=500.0, mMaxAverageLuminance=500.0, mMinLuminance=0.0}, allmSupported false, gameContentTypeSupported true, density 240, 39.973 x 39.756 dpi, appVsyncOff 2000000, presDeadline 13683333, touch INTERNAL, rotation 0, type INTERNAL, address {port=11, model=0x401050603f19a5}, deviceProductInfo DeviceProductInfo{name=Linux FHD, manufacturerPnpId=LNX, productId=0, modelYear=null, manufactureDate=ManufactureDate{week=5, year=2012}, connectionToSinkType=0}, state OFF, committedState OFF, frameRateOverride , brightnessMinimum 0.0, brightnessMaximum 1.0, brightnessDefault 0.39763778, hdrSdrRatio NaN, FLAG_ALLOWED_TO_BE_DEFAULT_DISPLAY, FLAG_ROTATES_WITH_CONTENT, FLAG_SECURE, FLAG_SUPPORTS_PROTECTED_BUFFERS, FLAG_TRUSTED, installOrientation 0, displayShape DisplayShape{ spec=729782573 displayWidth=1920 displayHeight=1080 physicalPixelDisplaySizeRatio=1.0 rotation=0 offsetX=0 offsetY=0 scale=1.0}}
06-04 20:56:54.694 E/hq ( 1559): AdHelper:::StrReceiver onReceive=android.intent.action.SCREEN_OFF
06-04 20:56:54.694 W/eventbuscore( 1559): post Event:com.dangbei.leard.base.entity.event.SwitchLauncherPageEvent
06-04 20:56:54.694 I/vol.VolumeDialogImpl( 1328): mDialog.dismiss() reason: screen_off from: com.android.systemui.volume.VolumeDialogImpl$7.onScreenOff:4
06-04 20:56:54.695 D/OsInitLaunch( 1559): send: strOpen, null, null, null
06-04 20:56:54.695 E/hq ( 1559): AdHelper:::str 广告刷新
06-04 20:56:54.700 D/dangbei ad sdk( 1559): AdSdk::current server =online
06-04 20:56:54.702 I/RefreshRateSelector( 266): Display 4616277992360486155 policy changed
06-04 20:56:54.702 I/RefreshRateSelector( 266): Previous: {defaultModeId=83, allowGroupSwitching=false, primaryRanges={physical=[0.00 Hz, 340282346638528859811704183484516925440.00 Hz], render=[0.00 Hz, 340282346638528859811704183484516925440.00 Hz]}, appRequestRanges={physical=[0.00 Hz, 340282346638528859811704183484516925440.00 Hz], render=[0.00 Hz, 340282346638528859811704183484516925440.00 Hz]}}
06-04 20:56:54.702 I/RefreshRateSelector( 266): Current: DisplayManagerPolicy{defaultModeId=83, allowGroupSwitching=false, primaryRanges={physical=[0.00 Hz, inf Hz], render=[0.00 Hz, 120.00 Hz]}, appRequestRanges={physical=[0.00 Hz, inf Hz], render=[0.00 Hz, inf Hz]}}
06-04 20:56:54.702 I/RefreshRateSelector( 266): 0 mode changes were performed under the previous policy
06-04 20:56:54.705 I/SystemControl( 317): [/UEventObserver.cpp, HDMITxUenventThreadLoop, 451] HDMI TX switch_name:hdmitx_hdcppwr, switch_state: 0
06-04 20:56:54.705 E/SystemControl( 317): [/SysWrite.cpp, writeSys, 280] writeSysFs, open /sys/class/amhdmitx/amhdmitx0/hdcp_pwr fail.
06-04 20:56:54.705 I/SystemControl( 317): [/DisplayMode.cpp, onTxEvent, 3267] onTxEvent switchName:hdmitx_hdcppwr hpdstate:0 state: 1
06-04 20:56:54.705 W/libperfmgr( 503): Slow writing to file: '/sys/class/meson_pm/early_suspend_trigger' with value: '1' took: 66 ms
06-04 20:56:54.706 D/aaa ( 3805): aaa screen off
06-04 20:56:54.706 I/SystemControl( 317): [/SysWrite.cpp, getKernelReleaseVersion, 701] getKernelReleaseVersion: 5.15
06-04 20:56:54.706 I/SystemControl( 317): [/Ubootenv.cpp, get, 336] [ubootenv] get key:hdmimode envValue: none
06-04 20:56:54.706 I/SystemControl( 317): [/Ubootenv.cpp, get, 336] [ubootenv] get key:user_colorattribute envValue: 420,10bit
06-04 20:56:54.706 I/SystemControl( 317): [/Ubootenv.cpp, get, 345] [ubootenv] search end and not find env:hdr_force_mode
06-04 20:56:54.706 I/SystemControl( 317): [/DisplayMode.cpp, gethdrforcemode, 2742] get hdr force mode is [2]
06-04 20:56:54.706 I/SystemControl( 317): [/Ubootenv.cpp, get, 336] [ubootenv] get key:hdr_policy envValue: 0
06-04 20:56:54.706 I/SystemControl( 317): [/DisplayMode.cpp, getHdrStrategy, 2758] getHdrStrategy is [0]
06-04 20:56:54.706 I/SystemControl( 317): [/Ubootenv.cpp, get, 336] [ubootenv] get key:hdr_priority envValue: 268435472
06-04 20:56:54.707 D/FrameWorkHelper( 1559): strRestart:
06-04 20:56:54.713 D/TrafficStats( 1559): tagSocket(98) with statsTag=0xffffffff, statsUid=-1
06-04 20:56:54.713 I/SystemControl( 317): [/DisplayMode.cpp, getHdrPriority, 2891] getHdrPriority is [0x10000010]
06-04 20:56:54.713 I/SystemControl( 317): [/DisplayMode.cpp, getCommonData, 1534] isbestcolorspace:0, isbestpolicy:1, hdr_policy:0, hdr_priority :268435472, hdr_force_mode:2
06-04 20:56:54.714 E/MesonHwc( 290): getCrtc by id(0) failed.
06-04 20:56:54.714 V/MesonDisplayServer( 290): GetDisplayMode:
06-04 20:56:54.714 I/SystemControl( 317): [/DisplayMode.cpp, getDisplayMode, 2331] getDisplayMode mode:
06-04 20:56:54.714 I/SystemControl( 317): [/Ubootenv.cpp, get, 336] [ubootenv] get key:hdmimode envValue: none
06-04 20:56:54.714 I/SystemControl( 317): [/Ubootenv.cpp, get, 336] [ubootenv] get key:cvbsmode envValue: 576cvbs
06-04 20:56:54.714 I/SystemControl( 317): [/DisplayMode.cpp, getCommonData, 1542] hdmi_current_mode:, ubootenv hdmimode:none cvbsmode:576cvbs
06-04 20:56:54.715 D/HDMI ( 711): receive android.intent.action.SCREEN_OFF
06-04 20:56:54.716 E/MesonHwc( 290): getCrtc by id(0) failed.
06-04 20:56:54.716 D/MesonDisplayServer( 290): use connector getDisplayAttribute "HDMI Color ATTR": "422,12bit"
06-04 20:56:54.717 I/SystemControl( 317): [/Ubootenv.cpp, get, 336] [ubootenv] get key:user_colorattribute envValue: 420,10bit
06-04 20:56:54.717 I/SystemControl( 317): [/DisplayMode.cpp, getCommonData, 1554] hdmi_current_attr:422,12bit, ubootenv_colorattribute:420,10bit
06-04 20:56:54.717 I/SystemControl( 317): [/Ubootenv.cpp, get, 345] [ubootenv] search end and not find env:dv_enable
06-04 20:56:54.717 I/SystemControl( 317): [/DisplayMode.cpp, getCommonData, 1567] dv_enable:0
06-04 20:56:54.717 I/SystemControl( 317): [/Ubootenv.cpp, get, 345] [ubootenv] search end and not find env:user_prefer_dv_type
06-04 20:56:54.717 I/SystemControl( 317): [/DisplayMode.cpp, getCommonData, 1578] ubootenv_dv_type:0
06-04 20:56:54.717 I/SystemControl( 317): [/DisplayMode.cpp, getHdmiData, 1721] display sink type:1 [0:none, 1:sink, 2:repeater]
06-04 20:56:54.717 I/SystemControl( 317): [/DisplayMode.cpp, filterHdmiDispcap, 1398] before filtered HdmiDispcap: 480p60hz
06-04 20:56:54.717 I/SystemControl( 317): 720p60hz
06-04 20:56:54.717 I/SystemControl( 317): 1080i60hz
06-04 20:56:54.717 I/SystemControl( 317): 480i60hz
06-04 20:56:54.717 I/SystemControl( 317): 1080p60hz
06-04 20:56:54.717 I/SystemControl( 317): 576p50hz
06-04 20:56:54.717 I/SystemControl( 317): 720p50hz
06-04 20:56:54.717 I/SystemControl( 317): 1080i50hz
06-04 20:56:54.717 I/SystemControl( 317): 576i50hz
06-04 20:56:54.717 I/SystemControl( 317): 1080p50hz
06-04 20:56:54.717 I/SystemControl( 317): 2160p24hz
06-04 20:56:54.717 I/SystemControl( 317): 2160p25hz
06-04 20:56:54.717 I/SystemControl( 317): 2160p30hz
06-04 20:56:54.717 I/SystemControl( 317): 2160p50hz
06-04 20:56:54.717 I/SystemControl( 317): 2160p60hz
06-04 20:56:54.717 I/SystemControl( 317): smpte24hz
06-04 20:56:54.717 I/SystemControl( 317): smpte25hz
06-04 20:56:54.717 I/SystemControl( 317): smpte30hz
06-04 20:56:54.717 I/SystemControl( 317): smpte50hz
06-04 20:56:54.717 I/SystemControl( 317): smpte60hz
06-04 20:56:54.717 I/SystemControl( 317):
06-04 20:56:54.718 I/SystemControl( 317): [/DisplayMode.cpp, filterHdmiDispcap, 1427] after filtered HdmiDispcap: 480p60hz
06-04 20:56:54.718 I/SystemControl( 317): 720p60hz
06-04 20:56:54.718 I/SystemControl( 317): 1080i60hz
06-04 20:56:54.718 I/SystemControl( 317): 480i60hz
06-04 20:56:54.718 I/SystemControl( 317): 1080p60hz
06-04 20:56:54.718 I/SystemControl( 317): 576p50hz
06-04 20:56:54.718 I/SystemControl( 317): 720p50hz
06-04 20:56:54.718 I/SystemControl( 317): 1080i50hz
06-04 20:56:54.718 I/SystemControl( 317): 576i50hz
06-04 20:56:54.718 I/SystemControl( 317): 1080p50hz
06-04 20:56:54.718 I/SystemControl( 317): 2160p24hz
06-04 20:56:54.718 I/SystemControl( 317): 2160p25hz
06-04 20:56:54.718 I/SystemControl( 317): 2160p30hz
06-04 20:56:54.718 I/SystemControl( 317): 2160p50hz
06-04 20:56:54.718 I/SystemControl( 317): 2160p60hz
06-04 20:56:54.718 I/SystemControl( 317): smpte24hz
06-04 20:56:54.718 I/SystemControl( 317): smpte25hz
06-04 20:56:54.718 I/SystemControl( 317): smpte30hz
06-04 20:56:54.718 I/SystemControl( 317): smpte50hz
06-04 20:56:54.718 I/SystemControl( 317): smpte60hz
06-04 20:56:54.718 I/SystemControl( 317):
06-04 20:56:54.719 E/MesonHwc( 290): getCrtc by id(0) failed.
06-04 20:56:54.719 D/MesonDisplayServer( 290): getDisplayAttribute "Dolby Vision CAP2": "The Rx don't support DolbyVision"
06-04 20:56:54.720 E/SystemControl( 317): [/DisplayMode.cpp, getHdmiDvCap, 1618] TV isn't support dolby vision: The Rx don't support DolbyVision
06-04 20:56:54.720 I/SystemControl( 317): [/DisplayMode.cpp, onTxEvent, 3294] onTxEvent boot config enable do nothing, just return
06-04 20:56:54.720 I/SystemControl( 317): [/UEventObserver.cpp, HDMITxUenventThreadLoop, 451] HDMI TX switch_name:hdmitx_audio, switch_state: 0
06-04 20:56:54.720 I/SystemControl( 317): [/DisplayMode.cpp, onTxEvent, 3267] onTxEvent switchName:hdmitx_audio hpdstate:0 state: 1
06-04 20:56:54.720 I/SystemControl( 317): [/SysWrite.cpp, getKernelReleaseVersion, 701] getKernelReleaseVersion: 5.15
06-04 20:56:54.720 I/SystemControl( 317): [/SystemControlHal.cpp, onEvent, 72] onEvent event:4, client size:5
06-04 20:56:54.720 I/SystemControlClient( 503): notifyCallback event type:4
06-04 20:56:54.720 I/SystemControlClient( 503): notifyCallback: listener is NULL.
06-04 20:56:54.721 I/SystemControlClient( 498): notifyCallback event type:4
06-04 20:56:54.721 I/SystemControlClient( 498): notifyCallback: listener is NULL.
06-04 20:56:54.721 I/SystemControlEvent( 1105): system control callback event: 4
06-04 20:56:54.721 I/SystemControlClient( 502): notifyCallback event type:4
06-04 20:56:54.721 I/SystemControlClient( 502): notifyCallback: listener is NULL.
06-04 20:56:54.721 I/SystemControlClient( 248): notifyCallback event type:4
06-04 20:56:54.721 I/SystemControlClient( 248): notifyCallback: listener is NULL.
06-04 20:56:54.721 I/SystemControl( 317): [/UEventObserver.cpp, HDMITxUenventThreadLoop, 451] HDMI TX switch_name:hdmitx_current_status, switch_state: 50
06-04 20:56:54.715 I/systemcontrol( 317): type=1400 audit(0.0:1369): avc: denied { call } for scontext=u:r:system_control:s0 tcontext=u:r:hal_power_default:s0 tclass=binder permissive=1
06-04 20:56:54.724 D/InstantWifi( 711): mScreenOn is changed to false
06-04 20:56:54.715 I/systemcontrol( 317): type=1400 audit(0.0:1370): avc: denied { call } for scontext=u:r:system_control:s0 tcontext=u:r:hal_oemlock_default:s0 tclass=binder permissive=1
06-04 20:56:54.715 I/systemcontrol( 317): type=1400 audit(0.0:1371): avc: denied { call } for scontext=u:r:system_control:s0 tcontext=u:r:mediacodec:s0 tclass=binder permissive=1
06-04 20:56:54.727 I/WifiHAL ( 525): call wifi_get_link_stats handler
06-04 20:56:54.727 I/WifiHAL ( 525): Creating message to get link statistics; iface = 16
06-04 20:56:54.727 D/WifiHAL ( 525): error code -95 mapped to -3
06-04 20:56:54.727 E/WifiStaIfaceAidlImpl( 711): getLinkLayerStats failed with service-specific exception: android.os.ServiceSpecificException: (code 4)
06-04 20:56:54.728 I/wpa_supplicant( 1187): wpa_driver_nl80211_driver_cmd: wifi vendor: aml_w2_s
06-04 20:56:54.728 I/wpa_supplicant( 1187): wpa_driver_nl80211_driver_cmd: wlan0: private command: SETSUSPENDMODE 1
06-04 20:57:08.132 E/audio_hw_hal_alsamgr( 492): aml_alsa_output_get_delayframe:824, pcm_ioctl fail, ret:0xffffffff, error info:Streams pipe error
06-04 20:57:08.132 I/audio_hw_hal_alsamgr( 492): aml_alsa_output_write alsa_running_status[0xe86415a0] change from 1 to 0
06-04 20:57:08.132 E/audio_hw_utils_tinyalsa( 492): pcm oops: cannot write stream data: Streams pipe error
06-04 20:57:08.132 E/audio_hw_hal_alsamgr( 492): aml_alsa_output_write write failed,pcm handle 0xeaa40d30 err=cannot write stream data: Streams pipe error, stream 0xe86415a0, PCM_NORMAL
06-04 20:57:08.136 I/Choreographer( 1328): Skipped 34 frames! The application may be doing too much work on its main thread.
06-04 20:57:08.143 I/SystemControl( 317): [/UEventObserver.cpp, HDMITxUenventThreadLoop, 451] HDMI TX switch_name:hdmitx_current_status, switch_state: 51
06-04 20:57:08.143 I/SystemControl( 317): [/UEventObserver.cpp, HDMITxUenventThreadLoop, 451] HDMI TX switch_name:hdmitx_current_status, switch_state: 52
06-04 20:57:08.149 D/AndroidRuntime( 3805): Shutting down VM
06-04 20:57:08.155 E/AndroidRuntime( 3805): FATAL EXCEPTION: main
06-04 20:57:08.155 E/AndroidRuntime( 3805): Process: com.oranth.ledstatus, PID: 3805
06-04 20:57:08.155 E/AndroidRuntime( 3805): java.lang.RuntimeException: WakeLock under-locked MYTAG
06-04 20:57:08.155 E/AndroidRuntime( 3805): at android.os.PowerManager$WakeLock.release(PowerManager.java:3796)
06-04 20:57:08.155 E/AndroidRuntime( 3805): at android.os.PowerManager$WakeLock.release(PowerManager.java:3757)
06-04 20:57:08.155 E/AndroidRuntime( 3805): at com.oranth.ledstatus.LedStatusService$a.b(LedStatusService.java:276)
06-04 20:57:08.155 E/AndroidRuntime( 3805): at com.oranth.ledstatus.a.run(Unknown Source:2)
06-04 20:57:08.155 E/AndroidRuntime( 3805): at android.os.Handler.handleCallback(Handler.java:958)
06-04 20:57:08.155 E/AndroidRuntime( 3805): at android.os.Handler.dispatchMessage(Handler.java:99)
06-04 20:57:08.155 E/AndroidRuntime( 3805): at android.os.Looper.loopOnce(Looper.java:205)
06-04 20:57:08.155 E/AndroidRuntime( 3805): at android.os.Looper.loop(Looper.java:294)
06-04 20:57:08.155 E/AndroidRuntime( 3805): at android.app.ActivityThread.main(ActivityThread.java:8255)
06-04 20:57:08.155 E/AndroidRuntime( 3805): at java.lang.reflect.Method.invoke(Native Method)
06-04 20:57:08.155 E/AndroidRuntime( 3805): at com.android.internal.os.RuntimeInit$MethodAndArgsCaller.run(RuntimeInit.java:552)
06-04 20:57:08.155 E/AndroidRuntime( 3805): at com.android.internal.os.ZygoteInit.main(ZygoteInit.java:978)
06-04 20:57:08.163 I/android.system.suspend-service( 282): Unknown/empty wakeup reason. Re-opening wakeup_reason file.
06-04 20:57:08.168 I/DropBoxManagerService( 711): add tag=system_app_crash isTagEnabled=true flags=0x2
06-04 20:57:08.172 I/stop ( 4233): type=1400 audit(0.0:1372): avc: denied { write } for name="property_service" dev="tmpfs" ino=411 scontext=u:r:vendor_toolbox:s0 tcontext=u:object_r:property_socket:s0 tclass=sock_file permissive=1
06-04 20:57:08.172 I/stop ( 4233): type=1400 audit(0.0:1373): avc: denied { connectto } for path="/dev/socket/property_service" scontext=u:r:vendor_toolbox:s0 tcontext=u:r:init:s0 tclass=unix_stream_socket permissive=1
06-04 20:57:08.175 I/Process ( 3805): Sending signal. PID: 3805 SIG: 9
06-04 20:57:08.190 D/AudioService( 711): Volume controller visible: false
06-04 20:57:08.192 I/led_switch.sh( 4235): type=1400 audit(0.0:1374): avc: denied { execute_no_trans } for path="/vendor/bin/rgb_led_ctl" dev="dm-11" ino=334364 scontext=u:r:init:s0 tcontext=u:object_r:vendor_file:s0 tclass=file permissive=1
06-04 20:57:08.198 I/ActivityManager( 711): Process com.oranth.ledstatus (pid 3805) has died: svc SVC
06-04 20:57:08.199 I/Zygote ( 469): Process 3805 exited due to signal 9 (Killed)
06-04 20:57:08.199 W/ActivityManager( 711): Scheduling restart of crashed service com.oranth.ledstatus/.LedStatusService in 1000ms for start-requested
06-04 20:57:08.199 I/libprocessgroup( 711): Successfully killed process cgroup uid 1000 pid 3805 in 0ms
06-04 20:57:08.204 I/rgb_led_ctl( 4235): type=1400 audit(0.0:1375): avc: denied { write } for name="spidev1.0" dev="tmpfs" ino=538 scontext=u:r:init:s0 tcontext=u:object_r:device:s0 tclass=chr_file permissive=1
06-04 20:57:08.204 I/rgb_led_ctl( 4235): type=1400 audit(0.0:1376): avc: denied { open } for path="/dev/spidev1.0" dev="tmpfs" ino=538 scontext=u:r:init:s0 tcontext=u:object_r:device:s0 tclass=chr_file permissive=1
06-04 20:57:08.251 I/SystemControl( 317): [/UEventObserver.cpp, HDMITxUenventThreadLoop, 451] HDMI TX switch_name:hdmitx_current_status, switch_state: 53
06-04 20:57:08.254 E/audio_hw_hal_output( 492): ALSA out write fail
06-04 20:57:08.259 I/audio_hw_hal_ms12v2( 492): dolby_ms12_threadloop alsa is not running
06-04 20:57:08.278 I/audio_hw_hal_ms12v2( 492): dolby_ms12_threadloop alsa is not running
06-04 20:57:08.278 I/audio_hw_hal_alsamgr( 492): aml_alsa_output_write alsa_running_status[0xe86415a0] change from 0 to 1
06-04 20:57:09.200 I/ActivityManager( 711): com.oranth.ledstatus is exempt from freezer
06-04 20:57:09.201 D/CompatibilityChangeReporter( 711): Compat change id reported: 135634846; UID 1000; state: DISABLED
06-04 20:57:09.219 D/Zygote ( 469): Forked child process 4241
06-04 20:57:09.220 I/ActivityManager( 711): Start proc 4241:com.oranth.ledstatus/1000 for service {com.oranth.ledstatus/com.oranth.ledstatus.LedStatusService}
06-04 20:57:09.227 I/Zygote ( 4241): seccomp disabled by setenforce 0
06-04 20:57:09.235 I/ranth.ledstatus( 4241): Late-enabling -Xcheck:jni
06-04 20:57:09.264 I/ranth.ledstatus( 4241): Using CollectorTypeCC GC.
06-04 20:57:09.271 I/adbd ( 1450): jdwp connection from 4241
06-04 20:57:09.324 D/CompatibilityChangeReporter( 4241): Compat change id reported: 171979766; UID 1000; state: DISABLED
06-04 20:57:09.325 D/CompatibilityChangeReporter( 4241): Compat change id reported: 242716250; UID 1000; state: DISABLED
06-04 20:57:09.343 D/ApplicationLoaders( 4241): Returning zygote-cached class loader: /system/framework/android.test.base.jar
06-04 20:57:09.343 D/ApplicationLoaders( 4241): Returning zygote-cached class loader: /system/framework/android.hidl.manager-V1.0-java.jar
06-04 20:57:09.344 D/ApplicationLoaders( 4241): Returning zygote-cached class loader: /system/framework/android.hidl.base-V1.0-java.jar
06-04 20:57:09.352 D/nativeloader( 4241): Configuring clns-shared-4 for other apk /system/framework/org.apache.http.legacy.jar. target_sdk_version=1, uses_libraries=ALL, library_path=/system/app/LedCtrl/lib/arm:/system/fake-libs:/system/app/LedCtrl/LedCtrl.apk!/lib/armeabi-v7a:/system/lib:/system_ext/lib, permitted_path=/data:/mnt/expand:/data/user/0/com.oranth.ledstatus:/system/app/LedCtrl:/system/lib:/system_ext/lib
06-04 20:57:09.356 W/ranth.ledstatus( 4241): ClassLoaderContext shared library size mismatch. Expected=0, found=4 (PCL[] | PCL[]{PCL[/system/framework/android.test.base.jar*1004523826]#PCL[/system/framework/android.hidl.manager-V1.0-java.jar*1860506820]#PCL[/system/framework/android.hidl.base-V1.0-java.jar*741655320]#PCL[/system/framework/org.apache.http.legacy.jar*2889266191]})
06-04 20:57:09.360 D/nativeloader( 4241): Configuring clns-shared-5 for other apk /system/app/LedCtrl/LedCtrl.apk. target_sdk_version=1, uses_libraries=, library_path=/system/app/LedCtrl/lib/arm:/system/fake-libs:/system/app/LedCtrl/LedCtrl.apk!/lib/armeabi-v7a:/system/lib:/system_ext/lib, permitted_path=/data:/mnt/expand:/data/user/0/com.oranth.ledstatus:/system/app/LedCtrl:/system/lib:/system_ext/lib
06-04 20:57:09.381 V/GraphicsEnvironment( 4241): Currently set values for:
06-04 20:57:09.382 V/GraphicsEnvironment( 4241): angle_gl_driver_selection_pkgs=[]
06-04 20:57:09.382 V/GraphicsEnvironment( 4241): angle_gl_driver_selection_values=[]
06-04 20:57:09.383 V/GraphicsEnvironment( 4241): ANGLE GameManagerService for com.oranth.ledstatus: false
06-04 20:57:09.383 V/GraphicsEnvironment( 4241): com.oranth.ledstatus is not listed in per-application setting
06-04 20:57:09.383 V/GraphicsEnvironment( 4241): Neither updatable production driver nor prerelease driver is supported.
06-04 20:57:09.406 D/aaa ( 4241): onCreate()
06-04 20:57:09.421 D/aaa ( 4241): LedStatusService onStartCommand begin
06-04 20:57:09.425 D/aaa ( 4241): action:android.net.conn.CONNECTIVITY_CHANGE
06-04 20:57:09.426 D/aaa ( 4241): topPkg is -------------- :com.dangbei.haqusetting
06-04 20:57:09.468 I/cling--ap-11( 3465): type=1400 audit(0.0:1377): avc: denied { search } for name="net" dev="sysfs" ino=12344 scontext=u:r:untrusted_app_27:s0:c43,c256,c512,c768 tcontext=u:object_r:sysfs_net:s0 tclass=dir permissive=1 app=com.dangbei.screencast
06-04 20:57:09.468 I/cling--ap-11( 3465): type=1400 audit(0.0:1378): avc: denied { read } for name="address" dev="sysfs" ino=22126 scontext=u:r:untrusted_app_27:s0:c43,c256,c512,c768 tcontext=u:object_r:sysfs_net:s0 tclass=file permissive=1 app=com.dangbei.screencast
06-04 20:57:09.468 I/cling--ap-11( 3465): type=1400 audit(0.0:1379): avc: denied { open } for path="/sys/devices/virtual/net/dummy0/address" dev="sysfs" ino=22126 scontext=u:r:untrusted_app_27:s0:c43,c256,c512,c768 tcontext=u:object_r:sysfs_net:s0 tclass=file permissive=1 app=com.dangbei.screencast
06-04 20:57:09.468 I/cling--ap-11( 3465): type=1400 audit(0.0:1380): avc: denied { getattr } for path="/sys/devices/virtual/net/dummy0/address" dev="sysfs" ino=22126 scontext=u:r:untrusted_app_27:s0:c43,c256,c512,c768 tcontext=u:object_r:sysfs_net:s0 tclass=file permissive=1 app=com.dangbei.screencast
06-04 20:57:09.931 D/aaa ( 4241): WiFi is connect
06-04 20:57:09.928 I/ranth.ledstatus( 4241): type=1400 audit(0.0:1381): avc: denied { open } for path="/dev/__properties__/u:object_r:vendor_default_prop:s0" dev="tmpfs" ino=377 scontext=u:r:system_app:s0 tcontext=u:object_r:vendor_default_prop:s0 tclass=file permissive=1
06-04 20:57:09.935 D/aaa ( 4241): WiFi is connect
06-04 20:57:11.425 D/aaa ( 4241): WiFi is connect
06-04 20:57:11.427 D/aaa ( 4241): WiFi is connect
06-04 20:57:11.968 I/xm_hidread( 2052): type=1400 audit(0.0:1389): avc: denied { read } for scontext=u:r:init:s0 tcontext=u:r:init:s0 tclass=netlink_kobject_uevent_socket permissive=1
06-04 20:57:12.405 I/WifiService( 711): startScan uid=1000
06-04 20:57:12.407 E/ccc ( 3250): cccccc i will start scan
06-04 20:57:12.731 D/UtilLog ( 2271): 日志批量上报 进行正常循环 !!!!!!本次有0次请求,共0条数据
06-04 20:57:12.731 D/UtilLog ( 2271): 日志批量上报 进行正常循环 !!!!!!本次有0次请求,共0条数据
06-04 20:57:13.115 D/InstantWifi( 711): Drop, size: 1
06-04 20:57:15.790 D/WifiNl80211Manager( 711): Scan result ready event
06-04 20:57:15.790 D/WifiNative( 711): Scan result ready event
06-04 20:57:15.862 E/hq ( 1559): NetWorkStateReceiver:::NetWorkStateReceiver onReceive: 网络变化广播 >>>> intent.action=android.net.wifi.SCAN_RESULTS
06-04 20:57:15.868 E/ccc ( 3250): cccccc SCAN_RESULTS_AVAILABLE_ACTION hhhh
06-04 20:57:15.872 I/WifiHAL ( 525): call wifi_get_link_stats handler
06-04 20:57:15.873 I/WifiHAL ( 525): Creating message to get link statistics; iface = 16
06-04 20:57:15.873 D/WifiHAL ( 525): error code -95 mapped to -3
06-04 20:57:15.873 E/WifiStaIfaceAidlImpl( 711): getLinkLayerStats failed with service-specific exception: android.os.ServiceSpecificException: (code 4)
06-04 20:57:15.889 W/eventbuscore( 1559): post Event:com.dangbei.leard.base.entity.event.NetWifiRssiEvent
06-04 20:57:15.902 E/ccc ( 3250): cccccc result is not empty call back
06-04 20:57:15.902 E/ccc ( 3250): cccccc 666666666666666
06-04 20:57:15.921 E/ccc ( 3250): cccccc sort 4 66
06-04 20:57:15.923 D/EventBus( 3250): No subscribers registered for event class com.dangbei.haqusetting.model.bean.event.net.WifiEvent
06-04 20:57:15.923 D/EventBus( 3250): No subscribers registered for event class org.greenrobot.eventbus.NoSubscriberEvent
06-04 20:57:17.283 D/OomAdjuster( 711): Not killing cached processes
06-04 20:57:19.919 D/UtilLog ( 2271): 日志批量上报 进行正常循环 !!!!!!本次有0次请求,共0条数据
06-04 20:57:22.129 D/WanClient( 1526): sendHeartMessage
06-04 20:57:22.130 D/WanClient( 1526): -----final------sendMessage: {"type":"2bKPMh2jwmQ="}
06-04 20:57:22.148 D/WanClient( 1526): onMessage:Thread[WebSocketConnectReadThread-72,5,main]--{"msg":"+MSejyjwlbc="}
06-04 20:57:22.151 D/WanClient( 1526): onMessageReceived:Thread[WebSocketConnectReadThread-72,5,main] {"msg":"+MSejyjwlbc="}
06-04 20:57:22.151 D/WanClient( 1526): type: null
06-04 20:57:22.151 D/WanClient( 1526): send:HB7FxtN64oc=
06-04 20:57:22.151 D/WanClient( 1526): leave:uQ3qCmhm4oA=
06-04 20:57:22.151 D/WanClient( 1526): join:7EsoetslBbs=
06-04 20:57:22.151 D/WanClient( 1526): ITtylgY8LAxdmHmRQSo49Q==
06-04 20:57:29.920 D/UtilLog ( 2271): 日志批量上报 进行正常循环 !!!!!!本次有0次请求,共0条数据
06-04 20:57:32.572 I/audio_hw_hal_alsamgr( 492): alsa format =0x1 delay frames =768 total frames=12578560
06-04 20:57:37.992 I/dangbei ad sdk( 1559): ad manager report data::cache data size=0
06-04 20:57:38.006 D/TrafficStats( 1559): tagSocket(105) with statsTag=0xffffffff, statsUid=-1
06-04 20:57:38.545 D/dangbei ad sdk( 1559): HttpUtils.....::response={"msg":"no available advert","code":200}
06-04 20:57:39.920 D/UtilLog ( 2271): 日志批量上报 进行正常循环 !!!!!!本次有0次请求,共0条数据
06-04 20:57:42.129 D/WanClient( 1526): sendHeartMessage
06-04 20:57:42.130 D/WanClient( 1526): -----final------sendMessage: {"type":"2bKPMh2jwmQ="}
06-04 20:57:42.143 D/WanClient( 1526): onMessage:Thread[WebSocketConnectReadThread-72,5,main]--{"msg":"+MSejyjwlbc="}
06-04 20:57:42.146 D/WanClient( 1526): onMessageReceived:Thread[WebSocketConnectReadThread-72,5,main] {"msg":"+MSejyjwlbc="}
06-04 20:57:42.146 D/WanClient( 1526): type: null
06-04 20:57:42.146 D/WanClient( 1526): send:HB7FxtN64oc=
06-04 20:57:42.146 D/WanClient( 1526): leave:uQ3qCmhm4oA=
06-04 20:57:42.146 D/WanClient( 1526): join:7EsoetslBbs=
06-04 20:57:42.146 D/WanClient( 1526): ITtylgY8LAxdmHmRQSo49Q==
06-04 20:57:42.179 W/System ( 1526): A resource failed to call close.
06-04 20:57:42.179 W/System ( 1526): A resource failed to call close.
06-04 20:57:42.179 W/System ( 1526): A resource failed to call close.
06-04 20:57:42.179 W/System ( 1526): A resource failed to call close.
06-04 20:57:42.179 W/System ( 1526): A resource failed to call close.
06-04 20:57:42.179 W/System ( 1526): A resource failed to call close.
06-04 20:57:45.937 I/WifiService( 711): startScan uid=1000
06-04 20:57:45.940 E/ccc ( 3250): cccccc i will start scan
06-04 20:57:45.949 D/InstantWifi( 711): Drop, size: 1
06-04 20:57:45.972 I/dangbei ad sdk( 1559): ad manager report data::cache data size=0
06-04 20:57:45.993 D/TrafficStats( 1559): tagSocket(110) with statsTag=0xffffffff, statsUid=-1
06-04 20:57:46.886 D/dangbei ad sdk( 1559): HttpUtils.....::response={"msg":"no available advert","code":200}
06-04 20:57:48.639 D/WifiNl80211Manager( 711): Scan result ready event
06-04 20:57:48.639 D/WifiNative( 711): Scan result ready event
06-04 20:57:48.703 E/ccc ( 3250): cccccc SCAN_RESULTS_AVAILABLE_ACTION hhhh
06-04 20:57:48.704 E/hq ( 1559): NetWorkStateReceiver:::NetWorkStateReceiver onReceive: 网络变化广播 >>>> intent.action=android.net.wifi.SCAN_RESULTS
06-04 20:57:48.709 D/PasspointManager( 711): ANQP entry not found for: 10:7c:61:1a:4b:94:<5G>
06-04 20:57:48.711 I/WifiHAL ( 525): call wifi_get_link_stats handler
06-04 20:57:48.711 I/WifiHAL ( 525): Creating message to get link statistics; iface = 16
06-04 20:57:48.711 D/WifiHAL ( 525): error code -95 mapped to -3
06-04 20:57:48.712 E/WifiStaIfaceAidlImpl( 711): getLinkLayerStats failed with service-specific exception: android.os.ServiceSpecificException: (code 4)
06-04 20:57:48.728 W/eventbuscore( 1559): post Event:com.dangbei.leard.base.entity.event.NetWifiRssiEvent
06-04 20:57:48.738 E/ccc ( 3250): cccccc result is not empty call back
06-04 20:57:48.738 E/ccc ( 3250): cccccc 666666666666666
06-04 20:57:48.753 E/ccc ( 3250): cccccc sort 4 63
06-04 20:57:48.756 D/EventBus( 3250): No subscribers registered for event class com.dangbei.haqusetting.model.bean.event.net.WifiEvent
06-04 20:57:48.756 D/EventBus( 3250): No subscribers registered for event class org.greenrobot.eventbus.NoSubscriberEvent
06-04 20:57:49.919 D/UtilLog ( 2271): 日志批量上报 进行正常循环 !!!!!!本次有0次请求,共0条数据
06-04 20:57:59.919 D/UtilLog ( 2271): 日志批量上报 进行正常循环 !!!!!!本次有0次请求,共0条数据
06-04 20:58:02.129 D/WanClient( 1526): sendHeartMessage
06-04 20:58:02.130 D/WanClient( 1526): -----final------sendMessage: {"type":"2bKPMh2jwmQ="}
06-04 20:58:02.174 D/WanClient( 1526): onMessage:Thread[WebSocketConnectReadThread-72,5,main]--{"msg":"+MSejyjwlbc="}
06-04 20:58:02.177 D/WanClient( 1526): onMessageReceived:Thread[WebSocketConnectReadThread-72,5,main] {"msg":"+MSejyjwlbc="}
06-04 20:58:02.177 D/WanClient( 1526): type: null
06-04 20:58:02.177 D/WanClient( 1526): send:HB7FxtN64oc=
06-04 20:58:02.177 D/WanClient( 1526): leave:uQ3qCmhm4oA=
06-04 20:58:02.177 D/WanClient( 1526): join:7EsoetslBbs=
06-04 20:58:02.177 D/WanClient( 1526): ITtylgY8LAxdmHmRQSo49Q==
06-04 20:58:04.573 I/audio_hw_hal_alsamgr( 492): alsa format =0x1 delay frames =768 total frames=14114560
06-04 20:58:05.048 I/TDLog ( 2271): [APP] New data found, Submitting...
06-04 20:58:06.459 D/TrafficStats( 2271): tagSocket(106) with statsTag=0xffffffff, statsUid=-1
06-04 20:58:06.462 I/TDLog ( 2271): [APP] Failed to submit data!
06-04 20:58:07.362 I/ResourceTimer( 711): GetResourceValue count=4143 pvalues=7000,30000,34000,67000
06-04 20:58:07.362 I/ResourceTimer( 711): RetrieveAttributes count=152 pvalues=4000,8000,15000,34000
06-04 20:58:09.920 D/UtilLog ( 2271): 日志批量上报 进行正常循环 !!!!!!本次有0次请求,共0条数据
06-04 20:58:18.771 I/WifiService( 711): startScan uid=1000
06-04 20:58:18.774 E/ccc ( 3250): cccccc i will start scan
06-04 20:58:18.781 D/InstantWifi( 711): Drop, size: 1
06-04 20:58:19.920 D/UtilLog ( 2271): 日志批量上报 进行正常循环 !!!!!!本次有0次请求,共0条数据
06-04 20:58:21.424 I/cling--ap-14( 3465): type=1400 audit(0.0:1390): avc: denied { search } for name="net" dev="sysfs" ino=12344 scontext=u:r:untrusted_app_27:s0:c43,c256,c512,c768 tcontext=u:object_r:sysfs_net:s0 tclass=dir permissive=1 app=com.dangbei.screencast
06-04 20:58:21.466 D/WifiNl80211Manager( 711): Scan result ready event
06-04 20:58:21.466 D/WifiNative( 711): Scan result ready event
06-04 20:58:21.526 E/hq ( 1559): NetWorkStateReceiver:::NetWorkStateReceiver onReceive: 网络变化广播 >>>> intent.action=android.net.wifi.SCAN_RESULTS
06-04 20:58:21.528 E/ccc ( 3250): cccccc SCAN_RESULTS_AVAILABLE_ACTION hhhh
06-04 20:58:21.534 I/WifiHAL ( 525): call wifi_get_link_stats handler
06-04 20:58:21.534 I/WifiHAL ( 525): Creating message to get link statistics; iface = 16
06-04 20:58:21.534 D/WifiHAL ( 525): error code -95 mapped to -3
06-04 20:58:21.535 E/WifiStaIfaceAidlImpl( 711): getLinkLayerStats failed with service-specific exception: android.os.ServiceSpecificException: (code 4)
06-04 20:58:21.550 W/eventbuscore( 1559): post Event:com.dangbei.leard.base.entity.event.NetWifiRssiEvent
06-04 20:58:21.558 E/ccc ( 3250): cccccc result is not empty call back
06-04 20:58:21.558 E/ccc ( 3250): cccccc 666666666666666
06-04 20:58:21.586 E/ccc ( 3250): cccccc sort 4 52
06-04 20:58:21.592 D/EventBus( 3250): No subscribers registered for event class com.dangbei.haqusetting.model.bean.event.net.WifiEvent
06-04 20:58:21.592 D/EventBus( 3250): No subscribers registered for event class org.greenrobot.eventbus.NoSubscriberEvent
06-04 20:58:21.593 W/System ( 711): A resource failed to call HardwareBuffer.close.
06-04 20:58:21.977 E/CrashHandler( 1559): clear CrashInfo
06-04 20:58:21.977 I/FrameWorkHelper( 1559): setLastCrashInfo:
06-04 20:58:22.129 D/WanClient( 1526): sendHeartMessage
06-04 20:58:22.130 D/WanClient( 1526): -----final------sendMessage: {"type":"2bKPMh2jwmQ="}
06-04 20:58:22.149 D/WanClient( 1526): onMessage:Thread[WebSocketConnectReadThread-72,5,main]--{"msg":"+MSejyjwlbc="}
06-04 20:58:22.151 D/WanClient( 1526): onMessageReceived:Thread[WebSocketConnectReadThread-72,5,main] {"msg":"+MSejyjwlbc="}
06-04 20:58:22.151 D/WanClient( 1526): type: null
06-04 20:58:22.151 D/WanClient( 1526): send:HB7FxtN64oc=
06-04 20:58:22.151 D/WanClient( 1526): leave:uQ3qCmhm4oA=
06-04 20:58:22.151 D/WanClient( 1526): join:7EsoetslBbs=
06-04 20:58:22.151 D/WanClient( 1526): ITtylgY8LAxdmHmRQSo49Q==
06-04 20:58:29.919 D/UtilLog ( 2271): 日志批量上报 进行正常循环 !!!!!!本次有0次请求,共0条数据
06-04 20:58:31.632 I/binder:468_3( 468): type=1400 audit(0.0:1391): avc: denied { add_name } for name="globalAlert" scontext=u:r:netd:s0 tcontext=u:object_r:proc_net:s0 tclass=dir permissive=1
06-04 20:58:36.573 I/audio_hw_hal_alsamgr( 492): alsa format =0x1 delay frames =768 total frames=15650560
06-04 20:58:39.919 D/UtilLog ( 2271): 日志批量上报 进行正常循环 !!!!!!本次有0次请求,共0条数据
06-04 20:58:42.130 D/WanClient( 1526): sendHeartMessage
06-04 20:58:42.131 D/WanClient( 1526): -----final------sendMessage: {"type":"2bKPMh2jwmQ="}
06-04 20:58:42.142 D/WanClient( 1526): onMessage:Thread[WebSocketConnectReadThread-72,5,main]--{"msg":"+MSejyjwlbc="}
06-04 20:58:42.144 D/WanClient( 1526): onMessageReceived:Thread[WebSocketConnectReadThread-72,5,main] {"msg":"+MSejyjwlbc="}
06-04 20:58:42.144 D/WanClient( 1526): type: null
06-04 20:58:42.144 D/WanClient( 1526): send:HB7FxtN64oc=
06-04 20:58:42.144 D/WanClient( 1526): leave:uQ3qCmhm4oA=
06-04 20:58:42.144 D/WanClient( 1526): join:7EsoetslBbs=
06-04 20:58:42.144 D/WanClient( 1526): ITtylgY8LAxdmHmRQSo49Q==
06-04 20:58:44.701 I/dangbei ad sdk( 1559): ad manager report data::cache data size=0
06-04 20:58:44.716 D/TrafficStats( 1559): tagSocket(98) with statsTag=0xffffffff, statsUid=-1
06-04 20:58:45.226 D/dangbei ad sdk( 1559): HttpUtils.....::response={"msg":"no available advert","code":200}
06-04 20:58:49.920 D/UtilLog ( 2271): 日志批量上报 进行正常循环 !!!!!!本次有0次请求,共0条数据
06-04 20:58:51.622 I/WifiService( 711): startScan uid=1000
