06-04 20:53:22.552 D/nStackXCoAP( 3608): CoapInitResources:[744] :CoapInitResources g_wlanOrEthContext update
06-04 20:53:22.552 I/nStackXDFinder( 3608): RegisterServiceData:[728] :RegisterServiceData, serviceData=[32]
06-04 20:53:22.552 D/Hisight-HiChainAuthControl( 3465): start HiChainAuthControl
06-04 20:53:22.555 I/ConnectAuthJNI( 3465): JNI_OnLoad begin load
06-04 20:53:22.555 I/ConnectAuthJNI( 3465): RegisterNativeMethod begin
06-04 20:53:22.555 I/ConnectAuthJNI( 3465): RegisterNativeMethod end
06-04 20:53:22.555 I/ConnectAuthJNI( 3465): RegisterNativeMethod 1004 methodLen=10
06-04 20:53:22.555 I/ConnectAuthJNI( 3465): RegisterNativeMethod 1007 RegisterNatives=0
06-04 20:53:22.556 I/ConnectAuthJNI( 3465): InitArraylist 1013
06-04 20:53:22.556 I/ConnectAuthJNI( 3465): InitConnectAuthStaticJNIMethod 1114 methodRet=0
06-04 20:53:22.556 E/ConnectAuthJNI( 3465): JNI_OnLoad finish....1138
06-04 20:53:22.556 D/Hisight-HiChainAuthControl( 3465): setupAuthIfNeeded, HiChainInstance hasn't been initialized
06-04 20:53:22.556 I/ConnectAuthJNI( 3465): Java_com_huawei_hisight_security_ConnectAuthNative_nativeSetup 795 call HiChainNativeSetup
06-04 20:53:22.556 I/ConnectAuthJNI( 3465): HiChainNativeSetup 565 registe_log
06-04 20:53:22.556 I/ConnectAuthJNI( 3465): HksStorageRegisterFileCallbacks 245 register hks file callback status =0
06-04 20:53:22.556 I/ConnectAuthJNI( 3465): HksRegisterGetDeviceIdCallback 268 register hks get hardware udid callback status =0
06-04 20:53:22.556 D/ConnectAuthJNI( 3465): [HiChain] get_instance Begin get instance
06-04 20:53:22.557 I/ConnectAuthJNI( 3465): [HKS] hks_service_key_info_init hks init : begin
06-04 20:53:22.557 I/ConnectAuthJNI( 3465): FileRead 113 FileRead
06-04 20:53:22.557 I/ConnectAuthJNI( 3465): FileRead 122 FileRead call readSecureFile begin
06-04 20:53:22.557 E/Hisight-ConnectAuthCallBack( 3465): readSecureFile failed, no such file
06-04 20:53:22.557 W/ConnectAuthJNI( 3465): FileRead 132 FileRead call readSecureFile byteArray is null
06-04 20:53:22.558 I/ConnectAuthJNI( 3465): [HKS] hks_rkc_init RKC init:begin, is_key_info_exist=0
06-04 20:53:22.558 I/ConnectAuthJNI( 3465): [HKS] hks_rkc_init_entropy the entropy is empty
06-04 20:53:22.558 I/ConnectAuthJNI( 3465): FileSize 214 FileSize
06-04 20:53:22.558 I/ConnectAuthJNI( 3465): FileSize 230 fileSize=258
06-04 20:53:22.558 I/ConnectAuthJNI( 3465): FileRead 113 FileRead
06-04 20:53:22.558 I/ConnectAuthJNI( 3465): FileRead 122 FileRead call readSecureFile begin
06-04 20:53:22.558 I/ConnectAuthJNI( 3465): FileRead 135 FileRead call readSecureFile end
06-04 20:53:22.558 I/ConnectAuthJNI( 3465): FileRead 150 fileBuff size 258, buf len 258
06-04 20:53:22.558 I/ConnectAuthJNI( 3465): FileSize 214 FileSize
06-04 20:53:22.558 I/ConnectAuthJNI( 3465): FileSize 230 fileSize=258
06-04 20:53:22.558 I/ConnectAuthJNI( 3465): FileRead 113 FileRead
06-04 20:53:22.558 I/ConnectAuthJNI( 3465): FileRead 122 FileRead call readSecureFile begin
06-04 20:53:22.558 I/ConnectAuthJNI( 3465): FileRead 135 FileRead call readSecureFile end
06-04 20:53:22.558 I/ConnectAuthJNI( 3465): FileRead 150 fileBuff size 258, buf len 258
06-04 20:53:22.558 I/ConnectAuthJNI( 3465): [HKS] hks_rkc_load_ksf load ksf success
06-04 20:53:22.558 I/ConnectAuthJNI( 3465): [HKS] hks_rkc_init root key component init success
06-04 20:53:22.558 I/ConnectAuthJNI( 3465): [HKS] hks_rkc_init RKC init:end,rc=0
06-04 20:53:22.558 I/ConnectAuthJNI( 3465): [HKS] hks_service_key_info_init hks init : end
06-04 20:53:22.558 I/ConnectAuthJNI( 3465): GetHiChainProtocolParamsCallback 371 GetHiChainProtocolParamsCallback operation_code= 99
06-04 20:53:22.558 I/ConnectAuthJNI( 3465): paramLen is ,=0
06-04 20:53:22.558 I/ConnectAuthJNI( 3465): paramLen is ,=0
06-04 20:53:22.558 I/ConnectAuthJNI( 3465): GetHiChainProtocolParamsCallback 402 GetHiChainProtocolParamsCallback end
06-04 20:53:22.558 I/ConnectAuthJNI( 3465): [HiChain] get_instance Get instance success
06-04 20:53:22.558 I/ConnectAuthJNI( 3465): Java_com_huawei_hisight_security_ConnectAuthNative_nativeGetHiChainInstance 598 get instance success
06-04 20:53:22.559 D/Hisight-HiChainAuthControl( 3465): destroyAuth
06-04 20:53:22.559 I/ConnectAuthJNI( 3465): Java_com_huawei_hisight_security_ConnectAuthNative_nativeDestroy 603 destroy
06-04 20:53:22.559 D/Hisight-HiChainAuthControl( 3465): setupAuthIfNeeded, HiChainInstance hasn't been initialized
06-04 20:53:22.559 I/ConnectAuthJNI( 3465): Java_com_huawei_hisight_security_ConnectAuthNative_nativeSetup 795 call HiChainNativeSetup
06-04 20:53:22.559 I/ConnectAuthJNI( 3465): HiChainNativeSetup 565 registe_log
06-04 20:53:22.559 I/ConnectAuthJNI( 3465): HksStorageRegisterFileCallbacks 245 register hks file callback status =0
06-04 20:53:22.559 I/ConnectAuthJNI( 3465): HksRegisterGetDeviceIdCallback 268 register hks get hardware udid callback status =0
06-04 20:53:22.559 D/ConnectAuthJNI( 3465): [HiChain] get_instance Begin get instance
06-04 20:53:22.559 I/ConnectAuthJNI( 3465): [HKS] hks_service_key_info_init hks init : begin
06-04 20:53:22.559 I/ConnectAuthJNI( 3465): [HKS] hks_service_key_info_init hks init : end
06-04 20:53:22.559 I/ConnectAuthJNI( 3465): GetHiChainProtocolParamsCallback 371 GetHiChainProtocolParamsCallback operation_code= 99
06-04 20:53:22.559 I/ConnectAuthJNI( 3465): paramLen is ,=0
06-04 20:53:22.559 I/ConnectAuthJNI( 3465): paramLen is ,=0
06-04 20:53:22.559 I/ConnectAuthJNI( 3465): GetHiChainProtocolParamsCallback 402 GetHiChainProtocolParamsCallback end
06-04 20:53:22.559 I/ConnectAuthJNI( 3465): [HiChain] get_instance Get instance success
06-04 20:53:22.559 I/ConnectAuthJNI( 3465): Java_com_huawei_hisight_security_ConnectAuthNative_nativeGetHiChainInstance 598 get instance success
06-04 20:53:22.559 W/ConnectAuthJNI( 3465): GetListTrustPeers 899 trustPeerSize=0
06-04 20:53:22.559 D/Hisight-HiChainAuthControl( 3465): destroyAuth
06-04 20:53:22.559 I/ConnectAuthJNI( 3465): Java_com_huawei_hisight_security_ConnectAuthNative_nativeDestroy 603 destroy
06-04 20:53:22.559 D/Hisight-HiChainAuthControl( 3465): setupAuthIfNeeded, HiChainInstance hasn't been initialized
06-04 20:53:22.559 I/ConnectAuthJNI( 3465): Java_com_huawei_hisight_security_ConnectAuthNative_nativeSetup 795 call HiChainNativeSetup
06-04 20:53:22.559 I/ConnectAuthJNI( 3465): HiChainNativeSetup 565 registe_log
06-04 20:53:22.559 I/ConnectAuthJNI( 3465): HksStorageRegisterFileCallbacks 245 register hks file callback status =0
06-04 20:53:22.559 I/ConnectAuthJNI( 3465): HksRegisterGetDeviceIdCallback 268 register hks get hardware udid callback status =0
06-04 20:53:22.559 D/ConnectAuthJNI( 3465): [HiChain] get_instance Begin get instance
06-04 20:53:22.559 I/ConnectAuthJNI( 3465): [HKS] hks_service_key_info_init hks init : begin
06-04 20:53:22.559 I/ConnectAuthJNI( 3465): [HKS] hks_service_key_info_init hks init : end
06-04 20:53:22.559 I/ConnectAuthJNI( 3465): GetHiChainProtocolParamsCallback 371 GetHiChainProtocolParamsCallback operation_code= 99
06-04 20:53:22.559 I/ConnectAuthJNI( 3465): paramLen is ,=0
06-04 20:53:22.559 I/ConnectAuthJNI( 3465): paramLen is ,=0
06-04 20:53:22.559 I/ConnectAuthJNI( 3465): GetHiChainProtocolParamsCallback 402 GetHiChainProtocolParamsCallback end
06-04 20:53:22.559 I/ConnectAuthJNI( 3465): [HiChain] get_instance Get instance success
06-04 20:53:22.559 I/ConnectAuthJNI( 3465): Java_com_huawei_hisight_security_ConnectAuthNative_nativeGetHiChainInstance 598 get instance success
06-04 20:53:22.559 W/ConnectAuthJNI( 3465): GetListTrustPeers 899 trustPeerSize=0
06-04 20:53:22.560 D/Hisight-DeviceListManager( 3465): init trusted list size: 0
06-04 20:53:22.560 D/HiSight-ConnectionManager( 3465): setAuthInfo, authMode: 1
06-04 20:53:22.597 D/TrafficStats( 3608): tagSocket(133) with statsTag=0xffffffff, statsUid=-1
06-04 20:53:22.835 D/HiSight-SinkService( 3465): setDiscoverable true
06-04 20:53:22.835 D/HiSight-Discovery( 3465): set deviceInfo type:46
06-04 20:53:22.835 D/HiSight-Discovery( 3465): startAdvertise 3
06-04 20:53:22.835 D/HiSight-Discovery( 3465): stopAdvertise.
06-04 20:53:22.835 D/NearFieldManager( 3465): StopListen moduleId: CastPlusDiscoveryModule
06-04 20:53:22.836 D/wenhc ( 1559): getScreenInfo uri = content://com.dangbei.screencast.parts.info/screen_cast
06-04 20:53:22.836 D/NearFieldManagerImpl( 3608): stopListen: moduleId: CastPlusDiscoveryModule
06-04 20:53:22.836 D/NearFieldManagerImpl( 3608): registerCapability() called with: capabilityBitmapNum = 1, capabilityBitmap = [0]
06-04 20:53:22.836 I/HicomNf_java_to_c( 3608): registerCapability, capabilityBitmapNum: 1
06-04 20:53:22.836 I/HicomNfMainCtrlManager( 3608): RegisterCapability: 1, 0
06-04 20:53:22.836 D/NearFieldManagerImpl( 3608): Register capability succeed with capabilityBitmapNum = 1, capabilityBitmap = [0]
06-04 20:53:22.836 D/HiSight-Discovery( 3465): nearFieldStartListen deviceType 46
06-04 20:53:22.837 D/NearFieldManagerImpl( 3608): setServiceData, sServiceData=[32], serviceData=[32]
06-04 20:53:22.837 E/NearFieldManagerImpl( 3608): setServiceData, serviceData exists
06-04 20:53:22.837 E/NearFieldManager( 3465): setIdnNetworkPriority: networkPortPriority is empty
06-04 20:53:22.837 D/NearFieldManager( 3465): StartListen moduleId: CastPlusDiscoveryModule
06-04 20:53:22.838 D/NearFieldManagerImpl( 3608): startListen: moduleId: CastPlusDiscoveryModule
06-04 20:53:22.838 D/NearFieldUtils( 3608): getPreferredIpAddress exec
06-04 20:53:22.838 D/NearFieldUtils( 3608): getPreferredIpAddress by custom priority
06-04 20:53:22.838 D/NearFieldUtils( 3608): getIpByInterfaceSetting customIdnNetworkPriority:[]
06-04 20:53:22.838 D/NearFieldUtils( 3608): getPreferredIpAddress by default priority
06-04 20:53:22.845 D/NearFieldUtils( 3608): to get wlan0 ip address
06-04 20:53:22.845 D/NearFieldUtils( 3608): get wlan0 IP succeed.
06-04 20:53:22.845 D/NearFieldManagerImpl( 3608): sDeviceType: 46
06-04 20:53:22.845 D/NearFieldManagerImpl( 3608): registerDevice() is called.
06-04 20:53:22.846 I/HicomNfMainCtrlManager( 3608): NSTACKX_RegisterDevice is called
06-04 20:53:22.846 D/NearFieldManagerImpl( 3608): Register device success.
06-04 20:53:22.846 I/NearFieldManagerImpl( 3608): serviceName is castPlus
06-04 20:53:22.846 I/nStackXDFinder( 3608): UpdateLocalNetworkInterface:[472] :UpdateLocalNetworkInterface exec,initerfaceName:wlan0
06-04 20:53:22.846 E/nStackXDFinder( 3608): GetLocalIp:[401] :GetLocalIp exec
06-04 20:53:22.846 D/NearFieldManagerImpl( 3608): registerCapability() called with: capabilityBitmapNum = 1, capabilityBitmap = [8]
06-04 20:53:22.846 I/nStackXDFinder( 3608): UpdateLocalNetworkInterface:[498] :UpdateLocalNetworkInterface copy ip value in default process
06-04 20:53:22.846 I/HicomNf_java_to_c( 3608): registerCapability, capabilityBitmapNum: 1
06-04 20:53:22.846 I/HicomNfMainCtrlManager( 3608): RegisterCapability: 1, 8
06-04 20:53:22.846 D/NearFieldManagerImpl( 3608): Register capability succeed with capabilityBitmapNum = 1, capabilityBitmap = [8]
06-04 20:53:22.846 D/NearFieldManagerImpl( 3608): registerServiceData() called with: serviceData = 32
06-04 20:53:22.846 E/nStackXDFinder( 3608): GetLocalIp:[401] :GetLocalIp exec
06-04 20:53:22.846 I/nStackXDFinder( 3608): UpdateLocalNetworkInterface:[505] :UpdateLocalNetworkInterface: ip not change
06-04 20:53:22.846 D/NearFieldManagerImpl( 3608): registerModule() called with: packageModuleName = com.huawei.connection+CastPlusDiscoveryModule
06-04 20:53:22.846 I/nStackXDFinder( 3608): RegisterServiceData:[728] :RegisterServiceData, serviceData=[32]
06-04 20:53:22.846 D/NearFieldManagerImpl( 3608): registerModule, registered before
06-04 20:53:22.846 I/HicomNf_java_to_c( 3608): registerModule, moduleName: com.huawei.connection+CastPlusDiscoveryModule
06-04 20:53:22.846 I/HicomNfMainCtrlManager( 3608): Enter RegisterModule
06-04 20:53:22.846 I/HicomNfRegManager( 3608): RegisterModule OK, already registered com.huawei.connection+CastPlusDiscoveryModule
06-04 20:53:22.849 D/OomAdjuster( 711): Not killing cached processes
06-04 20:53:22.867 D/HiSight-SinkService( 3465): setDiscoverable true
06-04 20:53:22.867 D/HiSight-Discovery( 3465): set deviceInfo type:46
06-04 20:53:22.867 D/HiSight-Discovery( 3465): startAdvertise 3
06-04 20:53:22.867 D/HiSight-Discovery( 3465): stopAdvertise.
06-04 20:53:22.867 D/NearFieldManager( 3465): StopListen moduleId: CastPlusDiscoveryModule
06-04 20:53:22.867 D/NearFieldManagerImpl( 3608): stopListen: moduleId: CastPlusDiscoveryModule
06-04 20:53:22.867 D/NearFieldManagerImpl( 3608): registerCapability() called with: capabilityBitmapNum = 1, capabilityBitmap = [0]
06-04 20:53:22.867 I/HicomNf_java_to_c( 3608): registerCapability, capabilityBitmapNum: 1
06-04 20:53:22.867 I/HicomNfMainCtrlManager( 3608): RegisterCapability: 1, 0
06-04 20:53:22.867 D/NearFieldManagerImpl( 3608): Register capability succeed with capabilityBitmapNum = 1, capabilityBitmap = [0]
06-04 20:53:22.867 D/wenhc ( 1559): getScreenInfo uri = content://com.dangbei.screencast.parts.info/screen_cast
06-04 20:53:22.868 D/HiSight-Discovery( 3465): nearFieldStartListen deviceType 46
06-04 20:53:22.868 D/NearFieldManagerImpl( 3608): setServiceData, sServiceData=[32], serviceData=[32]
06-04 20:53:22.868 E/NearFieldManagerImpl( 3608): setServiceData, serviceData exists
06-04 20:53:22.868 E/NearFieldManager( 3465): setIdnNetworkPriority: networkPortPriority is empty
06-04 20:53:22.868 D/NearFieldManager( 3465): StartListen moduleId: CastPlusDiscoveryModule
06-04 20:53:22.868 D/NearFieldManagerImpl( 3608): startListen: moduleId: CastPlusDiscoveryModule
06-04 20:53:22.868 D/NearFieldUtils( 3608): getPreferredIpAddress exec
06-04 20:53:22.868 D/NearFieldUtils( 3608): getPreferredIpAddress by custom priority
06-04 20:53:22.868 D/NearFieldUtils( 3608): getIpByInterfaceSetting customIdnNetworkPriority:[]
06-04 20:53:22.868 D/NearFieldUtils( 3608): getPreferredIpAddress by default priority
06-04 20:53:22.875 D/NearFieldUtils( 3608): to get wlan0 ip address
06-04 20:53:22.875 D/NearFieldUtils( 3608): get wlan0 IP succeed.
06-04 20:53:22.875 D/NearFieldManagerImpl( 3608): sDeviceType: 46
06-04 20:53:22.875 D/NearFieldManagerImpl( 3608): registerDevice() is called.
06-04 20:53:22.875 I/HicomNfMainCtrlManager( 3608): NSTACKX_RegisterDevice is called
06-04 20:53:22.875 D/NearFieldManagerImpl( 3608): Register device success.
06-04 20:53:22.875 I/NearFieldManagerImpl( 3608): serviceName is castPlus
06-04 20:53:22.875 I/nStackXDFinder( 3608): UpdateLocalNetworkInterface:[472] :UpdateLocalNetworkInterface exec,initerfaceName:wlan0
06-04 20:53:22.875 E/nStackXDFinder( 3608): GetLocalIp:[401] :GetLocalIp exec
06-04 20:53:22.875 I/nStackXDFinder( 3608): UpdateLocalNetworkInterface:[498] :UpdateLocalNetworkInterface copy ip value in default process
06-04 20:53:22.875 E/nStackXDFinder( 3608): GetLocalIp:[401] :GetLocalIp exec
06-04 20:53:22.875 D/NearFieldManagerImpl( 3608): registerCapability() called with: capabilityBitmapNum = 1, capabilityBitmap = [8]
06-04 20:53:22.875 I/nStackXDFinder( 3608): UpdateLocalNetworkInterface:[505] :UpdateLocalNetworkInterface: ip not change
06-04 20:53:22.875 I/HicomNf_java_to_c( 3608): registerCapability, capabilityBitmapNum: 1
06-04 20:53:22.875 I/HicomNfMainCtrlManager( 3608): RegisterCapability: 1, 8
06-04 20:53:22.875 D/NearFieldManagerImpl( 3608): Register capability succeed with capabilityBitmapNum = 1, capabilityBitmap = [8]
06-04 20:53:22.875 D/NearFieldManagerImpl( 3608): registerServiceData() called with: serviceData = 32
06-04 20:53:22.875 D/NearFieldManagerImpl( 3608): registerModule() called with: packageModuleName = com.huawei.connection+CastPlusDiscoveryModule
06-04 20:53:22.875 I/nStackXDFinder( 3608): RegisterServiceData:[728] :RegisterServiceData, serviceData=[32]
06-04 20:53:22.875 D/NearFieldManagerImpl( 3608): registerModule, registered before
06-04 20:53:22.875 I/HicomNf_java_to_c( 3608): registerModule, moduleName: com.huawei.connection+CastPlusDiscoveryModule
06-04 20:53:22.875 I/HicomNfMainCtrlManager( 3608): Enter RegisterModule
06-04 20:53:22.875 I/HicomNfRegManager( 3608): RegisterModule OK, already registered com.huawei.connection+CastPlusDiscoveryModule
06-04 20:53:22.876 E/HuaweiCastService( 3465): onStartCommand in 0
06-04 20:53:22.948 D/NearFieldManagerImpl( 3608): onReceive action get:android.net.conn.CONNECTIVITY_CHANGE
06-04 20:53:22.949 W/efs.info.manager( 3608): network change: wifi
06-04 20:53:22.949 D/NearFieldUtils( 3608): getPreferredIpAddress exec
06-04 20:53:22.949 D/NearFieldUtils( 3608): getPreferredIpAddress by custom priority
06-04 20:53:22.949 D/NearFieldUtils( 3608): getIpByInterfaceSetting customIdnNetworkPriority:[]
06-04 20:53:22.949 D/NearFieldUtils( 3608): getPreferredIpAddress by default priority
06-04 20:53:22.966 D/NearFieldUtils( 3608): to get wlan0 ip address
06-04 20:53:22.966 D/NearFieldUtils( 3608): get wlan0 IP succeed.
06-04 20:53:22.966 E/NearFieldManagerImpl( 3608): notifyByPriority: interfaceNameInUse is null
06-04 20:53:22.966 D/NearFieldManagerImpl( 3608): handleConnectivityAction: notified by default
06-04 20:53:22.974 D/NearFieldUtils( 3608): to get wlan0 ip address
06-04 20:53:22.974 D/NearFieldUtils( 3608): get wlan0 IP succeed.
06-04 20:53:22.974 I/NearFieldManagerImpl( 3608): wlan Connected
06-04 20:53:22.974 I/HicomNf_java_to_c( 3608): notifyNetworkStateChanged with maskStr, networkType: 0, networkState: 0, mask:
06-04 20:53:22.974 I/HicomNfMainCtrlManager( 3608): NotifyNetworkStateChanged is called with networkState: 0
06-04 20:53:22.974 I/HicomNfMainCtrlManager( 3608): P2P and USB are both disconnected
06-04 20:53:22.974 I/HicomNfSecureManager( 3608): stop listening
06-04 20:53:22.974 I/HicomNfSecureManager( 3608): StopListening, m_sessionInfoLock out, before calling NSTACKX_DMsgClose 2
06-04 20:53:22.974 I/HicomNfSecureManager( 3608): StopListening, after calling NSTACKX_DMsgClose 2
06-04 20:53:22.978 I/HicomNf_java_to_c( 3608): notifyNetworkStateChanged with maskStr, networkType: 0, networkState: 1, mask: 255.255.254.0
06-04 20:53:22.978 I/HicomNfMainCtrlManager( 3608): NotifyNetworkStateChanged is called with networkState: 1
06-04 20:53:22.978 I/HicomNfSecureManager( 3608): StartListening, before calling NSTACKX_DMsgServer
06-04 20:53:22.978 I/nStackXDMsg( 3608): NSTACKX_DMsgServer:[1335] :msgReceiver is not NULL
06-04 20:53:22.978 D/nStackXDMsg( 3608): StartDMsgMainThread:[1274] :pthread_create
06-04 20:53:22.978 I/HicomNfSecureManager( 3608): StartListening, after calling NSTACKX_DMsgServer
06-04 20:53:22.978 I/HicomNfSecureManager( 3608): OnehopSecureCtrlManager: succeeded to StartListening with type 0
06-04 20:53:23.285 E/raop ( 3465): JavaCallback init
06-04 20:53:23.712 I/WifiHAL ( 525): call wifi_get_link_stats handler
06-04 20:53:23.712 I/WifiHAL ( 525): Creating message to get link statistics; iface = 16
06-04 20:53:23.712 D/WifiHAL ( 525): error code -95 mapped to -3
06-04 20:53:23.713 E/WifiStaIfaceAidlImpl( 711): getLinkLayerStats failed with service-specific exception: android.os.ServiceSpecificException: (code 4)
06-04 20:53:23.784 D/TrafficStats( 3465): tagSocket(173) with statsTag=0xffffffff, statsUid=-1
06-04 20:53:24.205 I/efs.base( 3331): lt=event`ev_ct=efs_core`ev_ac=log_lag`tm=2025-06-04 20:53:20`dn=44a903f6-afe3-4478-bff9-2c554859be60`ps=com.dangbei.screencast:bg_guard`um_os=android`stime=1749041594036`pid=3331`fr=android`pkg=com.dangbei.screencast`vcode=20830`dsp_w=1920`uid=44a903f6-afe3-4478-bff9-2c554859be60`rom=14`wid=44a903f6-afe3-4478-bff9-2c554859be60`um_app_carrier=`um_access=wifi`um_app_channel=os`um_crash_sdk_version=1.4.0`ctime=1749041604`model=dbbox-a3`lang=zh`net=wifi`brand=amlogic`dsp_h=1080`um_network_type=0`ver=v2.8.3`cnt=1`build_model=DBBOX-A3`w_tm=1749041604`appid=5fc60c21094d637f3130af19`um_umid_header=aif54b0e13231baa76d39051a48c8b0e67`sdk=34`tzone=Asia/Shanghai`sdk_ver=1.3.6.umeng
06-04 20:53:24.223 D/TrafficStats( 3331): tagSocket(154) with statsTag=0xffffffff, statsUid=-1
06-04 20:53:24.224 E/GuardService( 3331): killMyselfRunnable:
06-04 20:53:24.224 I/crashsdk( 3331): android_os_Process_sendSignal. PID: 3331 SIG: 9
06-04 20:53:24.224 I/crashsdk( 3331): onKillProcess. SIG: 9
06-04 20:53:24.226 I/crashsdk( 3331): Kill PID: 3331 (com.dangbei.screencast:bg_guard) by pid: 3331 (com.dangbei.screencast:bg_guard) tid: 3331 (main)
06-04 20:53:24.226 I/crashsdk( 3331): SIG: 9, fg: false, exiting: false, main process: false, time: 20250604205324
06-04 20:53:24.226 I/crashsdk( 3331): State in disk: 'b'
06-04 20:53:24.226 I/crashsdk( 3331): at android.os.Process.sendSignal(Native Method)
06-04 20:53:24.226 I/crashsdk( 3331): at android.os.Process.killProcess(Process.java:1315)
06-04 20:53:24.226 I/crashsdk( 3331): at com.dangbei.screencast.startup.GuardService$a.run(:2)
06-04 20:53:24.226 I/crashsdk( 3331): at android.os.Handler.handleCallback(Handler.java:958)
06-04 20:53:24.226 I/crashsdk( 3331): at android.os.Handler.dispatchMessage(Handler.java:99)
06-04 20:53:24.226 I/crashsdk( 3331): at android.os.Looper.loopOnce(Looper.java:205)
06-04 20:53:24.226 I/crashsdk( 3331): at android.os.Looper.loop(Looper.java:294)
06-04 20:53:24.226 I/crashsdk( 3331): at android.app.ActivityThread.main(ActivityThread.java:8255)
06-04 20:53:24.226 I/crashsdk( 3331): at java.lang.reflect.Method.invoke(Native Method)
06-04 20:53:24.226 I/crashsdk( 3331): at com.android.internal.os.RuntimeInit$MethodAndArgsCaller.run(RuntimeInit.java:552)
06-04 20:53:24.226 I/crashsdk( 3331): at com.android.internal.os.ZygoteInit.main(ZygoteInit.java:978)
06-04 20:53:24.227 I/Process ( 3331): Sending signal. PID: 3331 SIG: 9
06-04 20:53:24.261 W/efs.send_log( 3465): tryFileLock sendlock sucess! processname: com.dangbei.screencast
06-04 20:53:24.262 I/ActivityManager( 711): Process com.dangbei.screencast:bg_guard (pid 3331) has died: prcp FGS
06-04 20:53:24.264 I/Zygote ( 469): Process 3331 exited due to signal 9 (Killed)
06-04 20:53:24.264 I/libprocessgroup( 711): Successfully killed process cgroup uid 10043 pid 3331 in 0ms
06-04 20:53:24.266 W/ForegroundServiceTypeLoggerModule( 711): FGS stop call for: 10043 has no types!
06-04 20:53:24.272 I/audio_hw_hal_alsamgr( 492): alsa format =0x1 delay frames =768 total frames=4280320
06-04 20:53:24.842 D/hdmicecd( 505): [CEC]:printCecMsgBuf, msg: 0f 82 00 00
06-04 20:53:24.842 D/hdmicecd( 505): [HdmiCecControl]:updateActiveState received messag:82 active state:0
06-04 20:53:24.837 I/xm_hidread( 2052): type=1400 audit(0.0:1269): avc: denied { read } for scontext=u:r:init:s0 tcontext=u:r:init:s0 tclass=netlink_kobject_uevent_socket permissive=1
06-04 20:53:24.844 D/HDMI ( 711): [R]: 0F:82:00:00
06-04 20:53:24.845 D/HDMI ( 711): setActiveSource logical:0x00 physical:0x0000 HdmiCecLocalDeviceSource#handleActiveSource()
06-04 20:53:24.845 D/hdmicecd( 505): [HdmiCecControl]:getPhysicalAddress, physical addr: 3000, last pa: 3000, ret = 0
06-04 20:53:24.846 D/HDMI ( 711): ActiveSourceHistoryRecord active source=(0x00, 0x0000) isActiveSource=false from=HdmiCecLocalDeviceSource#handleActiveSource()
06-04 20:53:24.846 D/HDMI ( 711): pauseActiveMediaSessions
06-04 20:53:24.847 D/HDMI ( 711): onActiveSourceLost with mode:standby_now
06-04 20:53:24.847 I/HDMI ( 711): Hdmi cec standby
06-04 20:53:24.847 I/PowerGroup( 711): Powering off display group due to hdmi (groupId= 0, uid= 1000, millisSinceLastUserActivity=8741, lastUserActivityEvent=button)...
06-04 20:53:24.848 I/PowerManagerService( 711): Going to sleep due to hdmi (uid 1000, screenOffTimeout=300000, activityTimeoutWM=-1, maxDimRatio=0.20000005, maxDimDur=7000)...
06-04 20:53:24.851 D/HdmiControlService( 711): Switching to full volume behavior
06-04 20:53:24.852 D/WindowManager( 711): updateCecScreenStatus 1
06-04 20:53:24.852 D/HDMI ( 711): setCecSettingIntValue name:cec_screen_state, value:1
06-04 20:53:24.852 D/CompatibilityChangeReporter( 711): Compat change id reported: 156215187; UID 10039; state: DISABLED
06-04 20:53:24.854 I/HDMI ( 711): screen state is changing to 1
06-04 20:53:24.854 D/HDMI ( 711): onStandby action:0, current power:0 initiatedByCec:true
06-04 20:53:24.854 D/HDMI ( 711): standby acquireWakeLock 0
06-04 20:53:24.854 D/HDMI ( 711): standby releaseWakeLock
06-04 20:53:24.859 I/DefaultIMS( 1550): onStartInput attribute=android.view.inputmethod.EditorInfo@234796f restarting=false inputType: 0
06-04 20:53:24.860 D/hdmicecd( 505): [HdmiCecControl]:getPhysicalAddress, physical addr: 3000, last pa: 3000, ret = 0
06-04 20:53:24.860 D/hdmicecd( 505): [HdmiCecControl]:getPhysicalAddress, physical addr: 3000, last pa: 3000, ret = 0
06-04 20:53:24.860 V/HdmiControlService( 711): On standby-action cleared:4
06-04 20:53:24.860 V/HdmiControlService( 711): onPendingActionsCleared
06-04 20:53:24.861 D/HDMI ( 711): setActiveSource logical:0xffffffff physical:0xffff HdmiCecLocalDevicePlayback#onStandby()
06-04 20:53:24.861 D/PermissionCache( 266): checking android.permission.READ_FRAME_BUFFER for uid=1000 => granted (2659 us)
06-04 20:53:24.861 D/hdmicecd( 505): [HdmiCecControl]:getPhysicalAddress, physical addr: 3000, last pa: 3000, ret = 0
06-04 20:53:24.862 D/HDMI ( 711): ActiveSourceHistoryRecord active source=(invalid, invalid) isActiveSource=false from=HdmiCecLocalDevicePlayback#onStandby()
06-04 20:53:24.862 D/HDMI ( 711): onStandby sendStandbyNoneActive:false, wasActiveSource:false
06-04 20:53:24.862 I/HDMI ( 711): onStandby finally completed
06-04 20:53:24.862 D/HDMI ( 711): enableSystemCecControl: false
06-04 20:53:24.878 D/hdmicecd( 505): [HdmiCecControl]:setOption, flag:0x3, value:0x0, ret:0, is_cec_controlled:0
06-04 20:53:24.879 D/HdmiControlService( 711): Switching to full volume behavior
06-04 20:53:24.879 D/HdmiControlService( 711): Switching to full volume behavior
06-04 20:53:24.879 D/HDMI ( 711): standby releaseWakeLock
06-04 20:53:25.236 D/TrafficStats( 3465): tagSocket(175) with statsTag=0xffffffff, statsUid=-1
06-04 20:53:25.346 I/DisplayPowerController2[0]( 711): Blocking screen off
06-04 20:53:25.346 I/DisplayPowerController2[0]( 711): Unblocked screen off after 0 ms
06-04 20:53:25.348 D/ActivityTaskManager( 711): Top Process State changed to PROCESS_STATE_TOP_SLEEPING
06-04 20:53:25.353 V/WindowManager( 711): Sent Transition #3 createdAt=06-04 20:53:25.351 via request=TransitionRequestInfo { type = 12, triggerTask = null, remoteTransition = null, displayChange = null, flags = 0 }
06-04 20:53:25.353 V/WindowManager( 711): startWCT=null
06-04 20:53:25.353 V/WindowManager( 711): info={id=3 t=SLEEP f=0x0 trk=0 r=[] c=[]}
06-04 20:53:25.358 V/WindowManagerShell( 1328): Transition requested: android.os.BinderProxy@d0b0772 TransitionRequestInfo { type = 12, triggerTask = null, remoteTransition = null, displayChange = null, flags = 0 }
06-04 20:53:25.358 I/DisplayBrightnessStrategySelector( 711): Changing the DisplayBrightnessStrategy from InvalidBrightnessStrategy toScreenOffBrightnessStrategy for display 0
06-04 20:53:25.358 W/Transition( 711): Transition already started id=3 state=2
06-04 20:53:25.359 V/WindowManagerShell( 1328): onTransitionReady android.os.BinderProxy@d0b0772: {id=3 t=SLEEP f=0x0 trk=0 r=[] c=[]}
06-04 20:53:25.359 V/WindowManagerShell( 1328): No transition roots in (#3)android.os.BinderProxy@d0b0772@0 so abort
06-04 20:53:25.360 V/DisplayPowerController2[0]( 711): Brightness [0.0] reason changing to: 'screen_off', previous reason: 'manual'.
06-04 20:53:25.361 I/DisplayPowerController2[0]( 711): BrightnessEvent: disp=0, physDisp=local:4616277992360486155, brt=0.0, initBrt=0.39763778, rcmdBrt=NaN, preBrt=NaN, lux=0.0, preLux=0.0, hbmMax=1.0, hbmMode=off, rbcStrength=0, thrmMax=1.0, powerFactor=1.0, wasShortTermModelActive=false, flags=, reason=screen_off, autoBrightness=false, strategy=ScreenOffBrightnessStrategy
06-04 20:53:25.362 D/SurfaceFlinger( 266): Setting power mode 0 on display 4616277992360486155
06-04 20:53:25.364 V/WindowManagerShell( 1328): Transition animation finished (aborted=true), notifying core (#3)android.os.BinderProxy@d0b0772@0
06-04 20:53:25.371 W/KernelCpuProcStringReader( 711): File not found. It's normal if not implemented: /proc/uid_concurrent_policy_time
06-04 20:53:25.373 V/WindowManager( 711): Finish Transition #3: created at
06-04 20:53:25.351 collect-started=0.335ms request-sent=0.508ms started=0.872ms ready=0.863ms sent=1.22ms finished=21.582ms
06-04 20:53:25.374 I/DisplayDeviceRepository( 711): Display device changed: DisplayDeviceInfo{"内置屏幕": uniqueId="local:4616277992360486155", 1920 x 1080, modeId 24, renderFrameRate 59.94006, defaultModeId 24, supportedModes [{id=24, width=1920, height=1080, fps=59.94006, alternativeRefreshRates=[], supportedHdrTypes=[2]}, {id=25, width=1920, height=1080, fps=60.000004, alternativeRefreshRates=[], supportedHdrTypes=[2]}, {id=26, width=3840, height=2160, fps=59.94006, alternativeRefreshRates=[], supportedHdrTypes=[2]}, {id=27, width=3840, height=2160, fps=60.000004, alternativeRefreshRates=[], supportedHdrTypes=[2]}, {id=28, width=3840, height=2160, fps=50.0, alternativeRefreshRates=[], supportedHdrTypes=[2]}, {id=29, width=3840, height=2160, fps=29.97003, alternativeRefreshRates=[], supportedHdrTypes=[2]}, {id=30, width=3840, height=2160, fps=30.000002, alternativeRefreshRates=[], supportedHdrTypes=[2]}, {id=31, width=3840, height=2160, fps=25.0, alternativeRefreshRates=[], supportedHdrTypes=[2]}, {id=32, width=3840, height=2160, fps=23.976025, alternativeRefreshRates=[], supportedHdrTypes=[2]}, {id=33, width=3840, height=2160, fps=24.000002, alternativeRefreshRates=[], supportedHdrTypes=[2]}, {id=34, width=1920, height=1080, fps=50.0, alternativeRefreshRates=[], supportedHdrTypes=[2]}, {id=35, width=1280, height=720, fps=59.94006, alternativeRefreshRates=[], supportedHdrTypes=[2]}, {id=36, width=1280, height=720, fps=60.000004, alternativeRefreshRates=[], supportedHdrTypes=[2]}, {id=37, width=1280, height=720, fps=50.0, alternativeRefreshRates=[], supportedHdrTypes=[2]}], colorMode 0, supportedColorModes [0], hdrCapabilities HdrCapabilities{mSupportedHdrTypes=[2], mMaxLuminance=500.0, mMaxAverageLuminance=500.0, mMinLuminance=0.0}, allmSupported false, gameContentTypeSupported true, density 240, 39.973 x 39.756 dpi, appVsyncOff 2000000, presDeadline 13683333, touch INTERNAL, rotation 0, type INTERNAL, address {port=11, model=0x401050603f19a5}, deviceProductInfo DeviceProductInfo{name=Mi TV, manufacturerPnpId=XMD, productId=74, modelYear=null, manufactureDate=ManufactureDate{week=13, year=2019}, connectionToSinkType=2}, state OFF, committedState ON, frameRateOverride , brightnessMinimum 0.0, brightnessMaximum 1.0, brightnessDefault 0.39763778, hdrSdrRatio NaN, FLAG_ALLOWED_TO_BE_DEFAULT_DISPLAY, FLAG_ROTATES_WITH_CONTENT, FLAG_SECURE, FLAG_SUPPORTS_PROTECTED_BUFFERS, FLAG_TRUSTED, installOrientation 0, displayShape DisplayShape{ spec=729782573 displayWidth=1920 displayHeight=1080 physicalPixelDisplaySizeRatio=1.0 rotation=0 offsetX=0 offsetY=0 scale=1.0}}
06-04 20:53:25.375 V/WindowManagerShell( 1328): Track 0 became idle
06-04 20:53:25.376 V/WindowManagerShell( 1328): All active transition animations finished
06-04 20:53:25.377 I/SystemControl( 317): [/Ubootenv.cpp, get, 345] [ubootenv] search end and not find env:connector_type
06-04 20:53:25.378 E/MesonHwc( 290): dolby vision driver is not ready
06-04 20:53:25.379 I/InputManager-JNI( 711): Viewport [0] to add: local:4616277992360486155, isActive: false
06-04 20:53:25.379 E/MesonHwc( 290): dolby vision driver is not ready
06-04 20:53:25.379 D/MesonHwc( 290): ERR: PLEASE FIX NON-IMPLEMENT FUN(update).
06-04 20:53:25.380 I/SystemControl( 317): [/Ubootenv.cpp, get, 345] [ubootenv] search end and not find env:connector_type
06-04 20:53:25.380 E/MesonHwc( 290): FixedDisplayPipe::getConnectorCfg 15
06-04 20:53:25.380 E/MesonHwc( 290): read screen size 1220x690 from vinfo
06-04 20:53:25.380 E/MesonHwc( 290): dolby vision driver is not ready
06-04 20:53:25.380 I/SystemControl( 317): [/Ubootenv.cpp, get, 345] [ubootenv] search end and not find env:connector_type
06-04 20:53:25.380 I/InputReader( 711): Reconfiguring input devices, changes=DISPLAY_INFO
06-04 20:53:25.381 E/MesonHwc( 290): FixedDisplayPipe::getConnectorCfg 15
06-04 20:53:25.381 D/MesonHwc( 290): ERR: PLEASE FIX NON-IMPLEMENT FUN(update).
06-04 20:53:25.381 E/MesonHwc( 290): read screen size 1220x690 from vinfo
06-04 20:53:25.381 E/MesonHwc( 290): dolby vision driver is not ready
06-04 20:53:25.382 E/MesonHwc( 290): Do Nothing in updateDisplayMode .
06-04 20:53:25.382 V/MesonDisplayServer( 290): GetDisplayMode:1080p60hz
06-04 20:53:25.383 W/SurfaceControl( 711): Invalid layer stack -1
06-04 20:53:25.383 I/DisplayDevice( 711): [0] Layerstack set to -1 for local:4616277992360486155
06-04 20:53:25.384 I/bt_stack( 1081): [INFO:le_scanning_manager.cc(168)] Scan in shim layer stopped
06-04 20:53:25.384 I/bluetooth( 1081): packages/modules/Bluetooth/system/gd/hci/le_address_manager.cc:193 unregister_client: Client unregistered
06-04 20:53:25.385 I/bt_stack( 1081): [INFO:le_scanning_manager.cc(346)] SetScanParameters in shim layer
06-04 20:53:25.385 I/bt_stack( 1081): [INFO:le_scanning_manager.cc(168)] Scan in shim layer started
06-04 20:53:25.385 I/bluetooth( 1081): packages/modules/Bluetooth/system/gd/hci/le_scanning_manager.cc:588 stop_scan: Scanning already stopped, return!
06-04 20:53:25.385 I/bluetooth( 1081): packages/modules/Bluetooth/system/gd/hci/le_address_manager.cc:178 register_client: Client registered
06-04 20:53:25.452 D/TrafficStats( 3608): tagSocket(155) with statsTag=0xffffffff, statsUid=-1
06-04 20:53:25.477 D/WindowManagerShell( 1328): TvPipController: onTaskStackChanged()
06-04 20:53:25.483 D/MesonDisplayServer( 290): SetDisplay[CVBS] Mode to "dummy_l"
06-04 20:53:25.498 I/SystemControl( 317): [/UEventObserver.cpp, HDMITxUenventThreadLoop, 451] HDMI TX switch_name:hdmitx_current_status, switch_state: 22
06-04 20:53:25.535 D/MesonComposer3( 290): halEventcallback onHotplug client3.0
06-04 20:53:25.536 D/SurfaceFlinger( 266): Finished setting power mode 0 on display 4616277992360486155
06-04 20:53:25.537 D/SurfaceControl( 711): Excessive delay in setPowerMode()
06-04 20:53:25.537 I/android.hardware.power-service.libperfmgr( 503): Power setMode: INTERACTIVE to: 0
06-04 20:53:25.538 E/android.system.suspend-service( 282): error writing zygote_kwl to /sys/power/wake_unlock: Invalid argument
06-04 20:53:25.538 I/DisplayDeviceRepository( 711): Display device changed state: "内置屏幕", OFF
06-04 20:53:25.539 I/android.system.suspend-service( 282): automatic system suspend enabled
06-04 20:53:25.539 E/MesonHwc( 290): getPort 15
06-04 20:53:25.539 E/MesonHwc( 290): getPort 15
06-04 20:53:25.541 I/SurfaceFlinger( 266): Reconnecting display 4616277992360486155 (HAL ID 0)
06-04 20:53:25.542 I/PowerGroup( 711): Sleeping power group (groupId=0, uid=1000, reason=timeout)...
06-04 20:53:25.543 I/PowerManagerService( 711): Sleeping (uid 1000)...
06-04 20:53:25.548 E/MesonComposer3( 290): destroyLayer: display:0 failed to destroy layer:522
06-04 20:53:25.549 E/HwcComposer( 266): destroyLayer failed Status(-8, EX_SERVICE_SPECIFIC): '3: '
06-04 20:53:25.549 E/HWC2 ( 266): destroyLayer(0, 522) failed: BadLayer (3)
06-04 20:53:25.550 E/HwcComposer( 266): setClientTargetSlotCount failed Status(-8, EX_SERVICE_SPECIFIC): '4: '
06-04 20:53:25.555 I/audio_hw_hal_primary( 492): [adev_set_parameters:4123] dev:0xe87014a0, kv: screen_state=off
06-04 20:53:25.555 D/audio_hw_hal_hfp( 492): [audio_extn_hfp_set_parameters:739] audio_extn_hfp_set_parameters
06-04 20:53:25.556 E/audio_route( 492): unable to find path 'speaker_fadein'
06-04 20:53:25.556 E/audio_route( 492): unable to find path 'speaker_fadeout'
06-04 20:53:25.556 I/audio_hw_hal_resourcemgr( 492): [set_output_device_mute:690] device:0x2 mute:1 port_mute:1 using_fade:1
06-04 20:53:25.567 I/Scheduler( 266): Display 4616277992360486155 is the pacesetter
06-04 20:53:25.568 E/SchedulerTimer( 266): Terminated
06-04 20:53:25.568 D/SurfaceFlinger( 266): Setting power mode 2 on display 4616277992360486155
06-04 20:53:25.569 D/SurfaceFlinger( 266): Finished setting power mode 2 on display 4616277992360486155
06-04 20:53:25.581 I/PowerManagerService( 711): onFlip(): Face up.
06-04 20:53:25.582 D/LocalDisplayAdapter( 711): The active mode was changed from SurfaceFlinger or the display device to {id=38, width=1920, height=1080, fps=59.94006, alternativeRefreshRates=[], supportedHdrTypes=[]}
06-04 20:53:25.582 D/LocalDisplayAdapter( 711): New display modes are added and the active mode has changed, use active mode as default mode.
06-04 20:53:25.582 W/LocalDisplayAdapter( 711): DisplayModeSpecs base mode no longer available, using currently active mode.
06-04 20:53:25.583 I/DisplayDeviceRepository( 711): Display device changed: DisplayDeviceInfo{"内置屏幕": uniqueId="local:4616277992360486155", 1920 x 1080, modeId 24, renderFrameRate 59.94006, defaultModeId 24, supportedModes [{id=24, width=1920, height=1080, fps=59.94006, alternativeRefreshRates=[], supportedHdrTypes=[2]}, {id=25, width=1920, height=1080, fps=60.000004, alternativeRefreshRates=[], supportedHdrTypes=[2]}, {id=26, width=3840, height=2160, fps=59.94006, alternativeRefreshRates=[], supportedHdrTypes=[2]}, {id=27, width=3840, height=2160, fps=60.000004, alternativeRefreshRates=[], supportedHdrTypes=[2]}, {id=28, width=3840, height=2160, fps=50.0, alternativeRefreshRates=[], supportedHdrTypes=[2]}, {id=29, width=3840, height=2160, fps=29.97003, alternativeRefreshRates=[], supportedHdrTypes=[2]}, {id=30, width=3840, height=2160, fps=30.000002, alternativeRefreshRates=[], supportedHdrTypes=[2]}, {id=31, width=3840, height=2160, fps=25.0, alternativeRefreshRates=[], supportedHdrTypes=[2]}, {id=32, width=3840, height=2160, fps=23.976025, alternativeRefreshRates=[], supportedHdrTypes=[2]}, {id=33, width=3840, height=2160, fps=24.000002, alternativeRefreshRates=[], supportedHdrTypes=[2]}, {id=34, width=1920, height=1080, fps=50.0, alternativeRefreshRates=[], supportedHdrTypes=[2]}, {id=35, width=1280, height=720, fps=59.94006, alternativeRefreshRates=[], supportedHdrTypes=[2]}, {id=36, width=1280, height=720, fps=60.000004, alternativeRefreshRates=[], supportedHdrTypes=[2]}, {id=37, width=1280, height=720, fps=50.0, alternativeRefreshRates=[], supportedHdrTypes=[2]}], colorMode 0, supportedColorModes [0], hdrCapabilities HdrCapabilities{mSupportedHdrTypes=[2], mMaxLuminance=500.0, mMaxAverageLuminance=500.0, mMinLuminance=0.0}, allmSupported false, gameContentTypeSupported true, density 240, 39.973 x 39.756 dpi, appVsyncOff 2000000, presDeadline 13683333, touch INTERNAL, rotation 0, type INTERNAL, address {port=11, model=0x401050603f19a5}, deviceProductInfo DeviceProductInfo{name=Mi TV, manufacturerPnpId=XMD, productId=74, modelYear=null, manufactureDate=ManufactureDate{week=13, year=2019}, connectionToSinkType=2}, state OFF, committedState OFF, frameRateOverride , brightnessMinimum 0.0, brightnessMaximum 1.0, brightnessDefault 0.39763778, hdrSdrRatio NaN, FLAG_ALLOWED_TO_BE_DEFAULT_DISPLAY, FLAG_ROTATES_WITH_CONTENT, FLAG_SECURE, FLAG_SUPPORTS_PROTECTED_BUFFERS, FLAG_TRUSTED, installOrientation 0, displayShape DisplayShape{ spec=729782573 displayWidth=1920 displayHeight=1080 physicalPixelDisplaySizeRatio=1.0 rotation=0 offsetX=0 offsetY=0 scale=1.0}}
06-04 20:53:25.586 I/vol.VolumeDialogImpl( 1328): mDialog.dismiss() reason: screen_off from: com.android.systemui.volume.VolumeDialogImpl$7.onScreenOff:4
06-04 20:53:25.587 I/AudioVideoDevReconnectService( 1105): onReceive:android.intent.action.SCREEN_OFF,mWaitForDisconnct:false
06-04 20:53:25.588 I/RefreshRateSelector( 266): Display 4616277992360486155 policy changed
06-04 20:53:25.588 I/RefreshRateSelector( 266): Previous: {defaultModeId=38, allowGroupSwitching=false, primaryRanges={physical=[0.00 Hz, 340282346638528859811704183484516925440.00 Hz], render=[0.00 Hz, 340282346638528859811704183484516925440.00 Hz]}, appRequestRanges={physical=[0.00 Hz, 340282346638528859811704183484516925440.00 Hz], render=[0.00 Hz, 340282346638528859811704183484516925440.00 Hz]}}
06-04 20:53:25.588 I/RefreshRateSelector( 266): Current: DisplayManagerPolicy{defaultModeId=38, allowGroupSwitching=false, primaryRanges={physical=[0.00 Hz, inf Hz], render=[0.00 Hz, 120.00 Hz]}, appRequestRanges={physical=[0.00 Hz, inf Hz], render=[0.00 Hz, inf Hz]}}
06-04 20:53:25.588 I/RefreshRateSelector( 266): 0 mode changes were performed under the previous policy
06-04 20:53:25.589 I/SystemControl( 317): [/UEventObserver.cpp, HDMITxUenventThreadLoop, 451] HDMI TX switch_name:hdmitx_hdcppwr, switch_state: 0
06-04 20:53:25.589 E/SystemControl( 317): [/SysWrite.cpp, writeSys, 280] writeSysFs, open /sys/class/amhdmitx/amhdmitx0/hdcp_pwr fail.
06-04 20:53:25.589 I/SystemControl( 317): [/DisplayMode.cpp, onTxEvent, 3267] onTxEvent switchName:hdmitx_hdcppwr hpdstate:0 state: 1
06-04 20:53:25.589 I/SystemControl( 317): [/SysWrite.cpp, getKernelReleaseVersion, 701] getKernelReleaseVersion: 5.15
06-04 20:53:25.589 I/SystemControl( 317): [/Ubootenv.cpp, get, 336] [ubootenv] get key:hdmimode envValue: none
06-04 20:53:25.589 I/SystemControl( 317): [/Ubootenv.cpp, get, 336] [ubootenv] get key:user_colorattribute envValue: 420,10bit
06-04 20:53:25.589 I/SystemControl( 317): [/Ubootenv.cpp, get, 345] [ubootenv] search end and not find env:hdr_force_mode
06-04 20:53:25.589 I/SystemControl( 317): [/DisplayMode.cpp, gethdrforcemode, 2742] get hdr force mode is [2]
06-04 20:53:25.589 I/SystemControl( 317): [/Ubootenv.cpp, get, 336] [ubootenv] get key:hdr_policy envValue: 0
06-04 20:53:25.589 I/SystemControl( 317): [/DisplayMode.cpp, getHdrStrategy, 2758] getHdrStrategy is [0]
06-04 20:53:25.589 I/SystemControl( 317): [/Ubootenv.cpp, get, 336] [ubootenv] get key:hdr_priority envValue: 268435472
06-04 20:53:25.589 I/SystemControl( 317): [/DisplayMode.cpp, getHdrPriority, 2891] getHdrPriority is [0x10000010]
06-04 20:53:25.589 I/SystemControl( 317): [/DisplayMode.cpp, getCommonData, 1534] isbestcolorspace:0, isbestpolicy:1, hdr_policy:0, hdr_priority :268435472, hdr_force_mode:2
06-04 20:53:25.592 E/MesonHwc( 290): getCrtc by id(0) failed.
06-04 20:53:25.592 V/MesonDisplayServer( 290): GetDisplayMode:
06-04 20:53:25.592 I/SystemControl( 317): [/DisplayMode.cpp, getDisplayMode, 2331] getDisplayMode mode:
06-04 20:53:25.593 I/SystemControl( 317): [/Ubootenv.cpp, get, 336] [ubootenv] get key:hdmimode envValue: none
06-04 20:53:25.593 I/SystemControl( 317): [/Ubootenv.cpp, get, 336] [ubootenv] get key:cvbsmode envValue: 576cvbs
06-04 20:53:25.593 I/SystemControl( 317): [/DisplayMode.cpp, getCommonData, 1542] hdmi_current_mode:, ubootenv hdmimode:none cvbsmode:576cvbs
06-04 20:53:25.593 E/hq ( 1559): AdHelper:::StrReceiver onReceive=android.intent.action.SCREEN_OFF
06-04 20:53:25.593 W/eventbuscore( 1559): post Event:com.dangbei.leard.base.entity.event.SwitchLauncherPageEvent
06-04 20:53:25.593 E/MesonHwc( 290): getCrtc by id(0) failed.
06-04 20:53:25.593 D/MesonDisplayServer( 290): use connector getDisplayAttribute "HDMI Color ATTR": "422,12bit"
06-04 20:53:25.594 I/SystemControl( 317): [/Ubootenv.cpp, get, 336] [ubootenv] get key:user_colorattribute envValue: 420,10bit
06-04 20:53:25.594 I/SystemControl( 317): [/DisplayMode.cpp, getCommonData, 1554] hdmi_current_attr:422,12bit, ubootenv_colorattribute:420,10bit
06-04 20:53:25.594 I/SystemControl( 317): [/Ubootenv.cpp, get, 345] [ubootenv] search end and not find env:dv_enable
06-04 20:53:25.594 I/SystemControl( 317): [/DisplayMode.cpp, getCommonData, 1567] dv_enable:0
06-04 20:53:25.594 I/SystemControl( 317): [/Ubootenv.cpp, get, 345] [ubootenv] search end and not find env:user_prefer_dv_type
06-04 20:53:25.594 I/SystemControl( 317): [/DisplayMode.cpp, getCommonData, 1578] ubootenv_dv_type:0
06-04 20:53:25.594 D/aaa ( 1601): aaa screen off
06-04 20:53:25.596 D/OsInitLaunch( 1559): send: strOpen, null, null, null
06-04 20:53:25.598 E/hq ( 1559): AdHelper:::str 广告刷新
06-04 20:53:25.598 D/HDMI ( 711): receive android.intent.action.SCREEN_OFF
06-04 20:53:25.603 D/dangbei ad sdk( 1559): AdSdk::current server =online
06-04 20:53:25.605 D/FrameWorkHelper( 1559): strRestart:
06-04 20:53:25.606 I/SystemControl( 317): [/DisplayMode.cpp, getHdmiData, 1721] display sink type:1 [0:none, 1:sink, 2:repeater]
06-04 20:53:25.606 I/SystemControl( 317): [/DisplayMode.cpp, filterHdmiDispcap, 1398] before filtered HdmiDispcap: 480p60hz
06-04 20:53:25.606 I/SystemControl( 317): 720p60hz
06-04 20:53:25.606 I/SystemControl( 317): 1080i60hz
06-04 20:53:25.606 I/SystemControl( 317): 480i60hz
06-04 20:53:25.606 I/SystemControl( 317): 1080p60hz
06-04 20:53:25.606 I/SystemControl( 317): 576p50hz
06-04 20:53:25.606 I/SystemControl( 317): 720p50hz
06-04 20:53:25.606 I/SystemControl( 317): 1080i50hz
06-04 20:53:25.606 I/SystemControl( 317): 576i50hz
06-04 20:53:25.606 I/SystemControl( 317): 1080p50hz
06-04 20:53:25.606 I/SystemControl( 317): 2160p24hz
06-04 20:53:25.606 I/SystemControl( 317): 2160p25hz
06-04 20:53:25.606 I/SystemControl( 317): 2160p30hz
06-04 20:53:25.606 I/SystemControl( 317): 2160p50hz
06-04 20:53:25.606 I/SystemControl( 317): 2160p60hz
06-04 20:53:25.606 I/SystemControl( 317): smpte24hz
06-04 20:53:25.606 I/SystemControl( 317): smpte25hz
06-04 20:53:25.606 I/SystemControl( 317): smpte30hz
06-04 20:53:25.606 I/SystemControl( 317): smpte50hz
06-04 20:53:25.606 I/SystemControl( 317): smpte60hz
06-04 20:53:25.606 I/SystemControl( 317):
06-04 20:53:25.607 I/SystemControl( 317): [/DisplayMode.cpp, filterHdmiDispcap, 1427] after filtered HdmiDispcap: 480p60hz
06-04 20:53:25.607 I/SystemControl( 317): 720p60hz
06-04 20:53:25.607 I/SystemControl( 317): 1080i60hz
06-04 20:53:25.607 I/SystemControl( 317): 480i60hz
06-04 20:53:25.607 I/SystemControl( 317): 1080p60hz
06-04 20:53:25.607 I/SystemControl( 317): 576p50hz
06-04 20:53:25.607 I/SystemControl( 317): 720p50hz
06-04 20:53:25.607 I/SystemControl( 317): 1080i50hz
06-04 20:53:25.607 I/SystemControl( 317): 576i50hz
06-04 20:53:25.607 I/SystemControl( 317): 1080p50hz
06-04 20:53:25.607 I/SystemControl( 317): 2160p24hz
06-04 20:53:25.607 I/SystemControl( 317): 2160p25hz
06-04 20:53:25.607 I/SystemControl( 317): 2160p30hz
06-04 20:53:25.607 I/SystemControl( 317): 2160p50hz
06-04 20:53:25.607 I/SystemControl( 317): 2160p60hz
06-04 20:53:25.607 I/SystemControl( 317): smpte24hz
06-04 20:53:25.607 I/SystemControl( 317): smpte25hz
06-04 20:53:25.607 I/SystemControl( 317): smpte30hz
06-04 20:53:25.607 I/SystemControl( 317): smpte50hz
06-04 20:53:25.607 I/SystemControl( 317): smpte60hz
06-04 20:53:25.607 I/SystemControl( 317):
06-04 20:53:25.609 E/MesonHwc( 290): getCrtc by id(0) failed.
06-04 20:53:25.609 D/InstantWifi( 711): mScreenOn is changed to false
06-04 20:53:25.609 D/MesonDisplayServer( 290): getDisplayAttribute "Dolby Vision CAP2": "The Rx don't support DolbyVision"
06-04 20:53:25.610 E/SystemControl( 317): [/DisplayMode.cpp, getHdmiDvCap, 1618] TV isn't support dolby vision: The Rx don't support DolbyVision
06-04 20:53:25.610 I/SystemControl( 317): [/DisplayMode.cpp, onTxEvent, 3294] onTxEvent boot config enable do nothing, just return
06-04 20:53:25.610 I/SystemControl( 317): [/UEventObserver.cpp, HDMITxUenventThreadLoop, 451] HDMI TX switch_name:hdmitx_audio, switch_state: 0
06-04 20:53:25.610 I/SystemControl( 317): [/DisplayMode.cpp, onTxEvent, 3267] onTxEvent switchName:hdmitx_audio hpdstate:0 state: 1
06-04 20:53:25.610 I/SystemControl( 317): [/SysWrite.cpp, getKernelReleaseVersion, 701] getKernelReleaseVersion: 5.15
06-04 20:53:25.610 I/WifiHAL ( 525): call wifi_get_link_stats handler
06-04 20:53:25.611 I/SystemControl( 317): [/SystemControlHal.cpp, onEvent, 72] onEvent event:4, client size:5
06-04 20:53:25.611 I/WifiHAL ( 525): Creating message to get link statistics; iface = 16
06-04 20:53:25.611 D/WifiHAL ( 525): error code -95 mapped to -3
06-04 20:53:25.611 E/WifiStaIfaceAidlImpl( 711): getLinkLayerStats failed with service-specific exception: android.os.ServiceSpecificException: (code 4)
06-04 20:53:25.614 I/wpa_supplicant( 1187): wpa_driver_nl80211_driver_cmd: wifi vendor: aml_w2_s
06-04 20:53:25.614 I/wpa_supplicant( 1187): wpa_driver_nl80211_driver_cmd: wlan0: private command: SETSUSPENDMODE 1
06-04 20:53:25.605 I/systemcontrol( 317): type=1400 audit(0.0:1270): avc: denied { call } for scontext=u:r:system_control:s0 tcontext=u:r:hal_power_default:s0 tclass=binder permissive=1
06-04 20:53:25.613 I/systemcontrol( 317): type=1400 audit(0.0:1271): avc: denied { call } for scontext=u:r:system_control:s0 tcontext=u:r:hal_oemlock_default:s0 tclass=binder permissive=1
06-04 20:53:25.616 D/TrafficStats( 1559): tagSocket(98) with statsTag=0xffffffff, statsUid=-1
06-04 20:53:25.618 I/SystemControlClient( 502): notifyCallback event type:4
06-04 20:53:25.618 I/SystemControlClient( 502): notifyCallback: listener is NULL.
06-04 20:53:25.618 I/SystemControl( 317): [/UEventObserver.cpp, HDMITxUenventThreadLoop, 451] HDMI TX switch_name:hdmitx_current_status, switch_state: 23
06-04 20:53:25.618 I/SystemControlClient( 248): notifyCallback event type:4
06-04 20:53:25.618 I/SystemControlClient( 248): notifyCallback: listener is NULL.
06-04 20:53:25.619 I/SystemControlClient( 498): notifyCallback event type:4
06-04 20:53:25.619 I/SystemControlClient( 498): notifyCallback: listener is NULL.
06-04 20:53:25.619 I/SystemControlEvent( 1105): system control callback event: 4
06-04 20:53:25.619 I/SystemControlClient( 503): notifyCallback event type:4
06-04 20:53:25.619 I/SystemControlClient( 503): notifyCallback: listener is NULL.
06-04 20:53:25.613 I/systemcontrol( 317): type=1400 audit(0.0:1272): avc: denied { call } for scontext=u:r:system_control:s0 tcontext=u:r:mediacodec:s0 tclass=binder permissive=1
06-04 20:53:25.617 I/init ( 3711): type=1400 audit(0.0:1273): avc: denied { execute_no_trans } for path="/vendor/bin/led_switch.sh" dev="dm-11" ino=331701 scontext=u:r:init:s0 tcontext=u:object_r:vendor_file:s0 tclass=file permissive=1
06-04 20:53:25.634 D/TrafficStats( 1559): tagSocket(106) with statsTag=0xffffffff, statsUid=-1
