06-04 20:56:20.446 I/BluetoothAdapterService( 3916): getActiveDevices: Headset device: null
06-04 20:56:20.448 I/wpa_supplicant( 1187): wpa_driver_nl80211_driver_cmd: wifi vendor: aml_w2_s
06-04 20:56:20.448 I/wpa_supplicant( 1187): wpa_driver_nl80211_driver_cmd: wlan0: private command: BTCOEXSCAN-STOP
06-04 20:56:20.448 I/BluetoothAdapterService( 3916): getActiveDevices: A2dp device: null
06-04 20:56:20.449 D/BluetoothAdapter( 1105): getActiveDevices(profile= HEARING_AID)
06-04 20:56:20.449 D/BluetoothAdapter( 1328): getActiveDevices(profile= HEADSET)
06-04 20:56:20.451 I/BluetoothAdapterService( 3916): getActiveDevices: Hearing Aid devices: Left[null] - Right[null]
06-04 20:56:20.452 I/BluetoothAdapterService( 3916): getActiveDevices: Headset device: null
06-04 20:56:20.453 D/BluetoothAdapter( 1328): getActiveDevices(profile= HEARING_AID)
06-04 20:56:20.455 I/BluetoothAdapterService( 3916): getActiveDevices: Hearing Aid devices: Left[null] - Right[null]
06-04 20:56:20.475 I/bt_btif_dm( 3916): packages/modules/Bluetooth/system/btif/src/btif_dm.cc:691 btif_update_remote_properties: cod from storage is also unclassified
06-04 20:56:22.268 I/WifiHAL ( 525): call wifi_get_link_stats handler
06-04 20:56:22.268 I/WifiHAL ( 525): Creating message to get link statistics; iface = 16
06-04 20:56:22.268 D/WifiHAL ( 525): error code -95 mapped to -3
06-04 20:56:22.268 E/WifiStaIfaceAidlImpl( 711): getLinkLayerStats failed with service-specific exception: android.os.ServiceSpecificException: (code 4)
06-04 20:56:23.015 I/rainbow_flow( 4100): type=1400 audit(0.0:1363): avc: denied { ioctl } for path="/dev/spidev1.0" dev="tmpfs" ino=538 ioctlcmd=0x6b00 scontext=u:r:init:s0 tcontext=u:object_r:device:s0 tclass=chr_file permissive=1
06-04 20:56:23.347 I/binder:468_3( 468): type=1400 audit(0.0:1364): avc: denied { add_name } for name="globalAlert" scontext=u:r:netd:s0 tcontext=u:object_r:proc_net:s0 tclass=dir permissive=1
06-04 20:56:25.228 I/bt_stack( 3916): [INFO:le_scanning_manager.cc(168)] Scan in shim layer stopped
06-04 20:56:25.229 I/bluetooth( 3916): packages/modules/Bluetooth/system/gd/hci/le_address_manager.cc:193 unregister_client: Client unregistered
06-04 20:56:25.230 I/bt_stack( 3916): [INFO:le_scanning_manager.cc(346)] SetScanParameters in shim layer
06-04 20:56:25.230 I/bt_stack( 3916): [INFO:le_scanning_manager.cc(168)] Scan in shim layer started
06-04 20:56:25.230 I/bluetooth( 3916): packages/modules/Bluetooth/system/gd/hci/le_scanning_manager.cc:588 stop_scan: Scanning already stopped, return!
06-04 20:56:25.230 I/bluetooth( 3916): packages/modules/Bluetooth/system/gd/hci/le_address_manager.cc:178 register_client: Client registered
06-04 20:56:25.274 I/WifiHAL ( 525): call wifi_get_link_stats handler
06-04 20:56:25.274 I/WifiHAL ( 525): Creating message to get link statistics; iface = 16
06-04 20:56:25.274 D/WifiHAL ( 525): error code -95 mapped to -3
06-04 20:56:25.274 E/WifiStaIfaceAidlImpl( 711): getLinkLayerStats failed with service-specific exception: android.os.ServiceSpecificException: (code 4)
06-04 20:56:26.798 I/WifiService( 711): startScan uid=1000
06-04 20:56:26.801 E/ccc ( 3250): cccccc i will start scan
06-04 20:56:26.811 D/InstantWifi( 711): Drop, size: 1
06-04 20:56:28.281 I/WifiHAL ( 525): call wifi_get_link_stats handler
06-04 20:56:28.281 I/WifiHAL ( 525): Creating message to get link statistics; iface = 16
06-04 20:56:28.281 D/WifiHAL ( 525): error code -95 mapped to -3
06-04 20:56:28.281 E/WifiStaIfaceAidlImpl( 711): getLinkLayerStats failed with service-specific exception: android.os.ServiceSpecificException: (code 4)
06-04 20:56:29.317 D/WanClient( 1526): sendHeartMessage
06-04 20:56:29.318 D/WanClient( 1526): -----final------sendMessage: {"type":"2bKPMh2jwmQ="}
06-04 20:56:29.354 D/WanClient( 1526): onMessage:Thread[WebSocketConnectReadThread-72,5,main]--{"msg":"+MSejyjwlbc="}
06-04 20:56:29.356 D/WanClient( 1526): onMessageReceived:Thread[WebSocketConnectReadThread-72,5,main] {"msg":"+MSejyjwlbc="}
06-04 20:56:29.356 D/WanClient( 1526): type: null
06-04 20:56:29.356 D/WanClient( 1526): send:HB7FxtN64oc=
06-04 20:56:29.356 D/WanClient( 1526): leave:uQ3qCmhm4oA=
06-04 20:56:29.356 D/WanClient( 1526): join:7EsoetslBbs=
06-04 20:56:29.356 D/WanClient( 1526): ITtylgY8LAxdmHmRQSo49Q==
06-04 20:56:29.489 D/WifiNl80211Manager( 711): Scan result ready event
06-04 20:56:29.489 D/WifiNative( 711): Scan result ready event
06-04 20:56:29.546 E/ccc ( 3250): cccccc SCAN_RESULTS_AVAILABLE_ACTION hhhh
06-04 20:56:29.547 E/hq ( 1559): NetWorkStateReceiver:::NetWorkStateReceiver onReceive: 网络变化广播 >>>> intent.action=android.net.wifi.SCAN_RESULTS
06-04 20:56:29.550 D/PasspointManager( 711): ANQP entry not found for: 10:7c:61:1a:4b:94:<5G>
06-04 20:56:29.552 I/WifiHAL ( 525): call wifi_get_link_stats handler
06-04 20:56:29.552 I/WifiHAL ( 525): Creating message to get link statistics; iface = 16
06-04 20:56:29.552 D/WifiHAL ( 525): error code -95 mapped to -3
06-04 20:56:29.553 E/WifiStaIfaceAidlImpl( 711): getLinkLayerStats failed with service-specific exception: android.os.ServiceSpecificException: (code 4)
06-04 20:56:29.572 W/eventbuscore( 1559): post Event:com.dangbei.leard.base.entity.event.NetWifiRssiEvent
06-04 20:56:29.576 E/ccc ( 3250): cccccc result is not empty call back
06-04 20:56:29.576 E/ccc ( 3250): cccccc 666666666666666
06-04 20:56:29.591 E/ccc ( 3250): cccccc sort 4 64
06-04 20:56:29.681 W/System ( 711): A resource failed to call HardwareBuffer.close.
06-04 20:56:29.919 D/UtilLog ( 2271): 日志批量上报 进行正常循环 !!!!!!本次有0次请求,共0条数据
06-04 20:56:30.755 I/xm_hidread( 2052): type=1400 audit(0.0:1365): avc: denied { read } for scontext=u:r:init:s0 tcontext=u:r:init:s0 tclass=netlink_kobject_uevent_socket permissive=1
06-04 20:56:31.286 I/WifiHAL ( 525): call wifi_get_link_stats handler
06-04 20:56:31.286 I/WifiHAL ( 525): Creating message to get link statistics; iface = 16
06-04 20:56:31.286 D/WifiHAL ( 525): error code -95 mapped to -3
06-04 20:56:31.286 E/WifiStaIfaceAidlImpl( 711): getLinkLayerStats failed with service-specific exception: android.os.ServiceSpecificException: (code 4)
06-04 20:56:33.930 I/bluetooth( 3916): packages/modules/Bluetooth/system/gd/metrics/metrics_state.cc:177 AddStateChangedEvent: LEConnectionMetricsRemoteDevice: Transaction State 0x00000002, Connection Type 0x00000001, Origin Type 0x00000001
06-04 20:56:33.930 I/bluetooth( 3916): packages/modules/Bluetooth/system/gd/metrics/metrics_state.cc:58 AddStateChangedEvent: LEConnectionMetricState: Origin Type: 0x00000001, Connection Type: 0x00000001, Transaction State: 0x00000002
06-04 20:56:33.930 I/bluetooth( 3916): packages/modules/Bluetooth/system/gd/metrics/metrics_state.cc:161 UploadLEConnectionSession: LEConnectionMetricsRemoteDevice: The session is uploaded for xx:xx:xx:xx:c0:7a
06-04 20:56:33.930 W/bluetooth( 3916): packages/modules/Bluetooth/system/main/shim/acl.cc:189 Remove: Unknown device being removed from acceptlist:e4:bb:d3:57:c0:7a[PUBLIC_DEVICE_ADDRESS]
06-04 20:56:33.930 I/bluetooth( 3916): packages/modules/Bluetooth/system/gd/hci/le_address_manager.cc:265 ack_pause: Client already in paused state
06-04 20:56:33.930 I/bluetooth( 3916): packages/modules/Bluetooth/system/stack/gatt/connection_manager.cc:438 on_connection_complete: Le connection completed to device:xx:xx:xx:xx:c0:7a
06-04 20:56:33.930 I/bluetooth( 3916): packages/modules/Bluetooth/system/stack/gatt/connection_manager.cc:438 on_connection_complete: Le connection completed to device:xx:xx:xx:xx:c0:7a
06-04 20:56:33.930 I/bt_btm_ble( 3916): packages/modules/Bluetooth/system/stack/btm/btm_ble.cc:1730 btm_ble_connected: Updating device record timestamp for existing ble connection
06-04 20:56:33.931 I/bluetooth( 3916): packages/modules/Bluetooth/system/gd/hci/le_address_manager.cc:265 ack_pause: Client already in paused state
06-04 20:56:33.931 I/bluetooth( 3916): packages/modules/Bluetooth/system/gd/hci/le_address_manager.cc:265 ack_pause: Client already in paused state
06-04 20:56:33.938 I/bluetooth( 3916): packages/modules/Bluetooth/system/gd/hci/le_address_manager.cc:596 OnCommandComplete: Received command complete with op_code LE_REMOVE_DEVICE_FROM_FILTER_ACCEPT_LIST
06-04 20:56:33.938 I/bluetooth( 3916): packages/modules/Bluetooth/system/gd/hci/le_address_manager.cc:294 resume_registered_clients: Resuming registered clients
06-04 20:56:33.982 I/bt_btif_dm( 3916): packages/modules/Bluetooth/system/btif/src/btif_dm.cc:695 btif_update_remote_properties: class of device (cod) is 0x00050c
06-04 20:56:33.990 E/dangbei111( 1526): cccccc 检查遥控器是否连接: Dangbei E4:BB:D3:57:C0:7A
06-04 20:56:33.994 E/dangbei111( 1526): cccccc 检查遥控器是否连接: 蓝牙的结果 Dangbei E4:BB:D3:57:C0:7A false
06-04 20:56:33.995 E/dangbei111( 1526): cccccc input中没有遥控器存在
06-04 20:56:33.995 E/dangbei111( 1526): cccccc 蓝牙状态连接 不是连接状态 啥都不干
06-04 20:56:33.997 E/btm_sco ( 3916): packages/modules/Bluetooth/system/stack/btm/btm_sco.cc:1137 btm_sco_on_disconnected: Unable to find sco connection
06-04 20:56:33.997 I/bluetooth( 3916): packages/modules/Bluetooth/system/gd/hci/acl_manager/le_impl.h:673 on_le_disconnect: re-add device to connect list
06-04 20:56:33.997 I/btm_acl ( 3916): packages/modules/Bluetooth/system/stack/acl/btm_acl.cc:2740 btm_acl_iso_disconnected: ISO disconnection from GD, handle: 0x10, reason: 0x3e
06-04 20:56:33.997 I/bluetooth( 3916): packages/modules/Bluetooth/system/gd/hci/le_address_manager.cc:265 ack_pause: Client already in paused state
06-04 20:56:33.997 E/gatt_utils( 3916): packages/modules/Bluetooth/system/stack/gatt/gatt_utils.cc:1690 gatt_cleanup_upon_disc: Disconnect for unknown connection bd_addr:xx:xx:xx:xx:c0:7a reason:GATT_CONN_FAILED_ESTABLISHMENT transport:BT_TRANSPORT_LE
06-04 20:56:33.998 W/bt_btm_sec( 3916): packages/modules/Bluetooth/system/stack/btm/btm_sec.cc:3863 btm_sec_disconnected: Got uncommon disconnection reason:HCI_ERR_CONN_FAILED_ESTABLISHMENT handle:0x0010 comment:stack::acl::btm_acl::btm_acl_disconnected
06-04 20:56:33.998 I/bluetooth( 3916): packages/modules/Bluetooth/system/gd/hci/le_address_manager.cc:265 ack_pause: Client already in paused state
06-04 20:56:33.998 I/bluetooth( 3916): packages/modules/Bluetooth/system/gd/hci/le_address_manager.cc:265 ack_pause: Client already in paused state
06-04 20:56:34.001 E/dangbei111( 1526): cccccc 开始扫描
06-04 20:56:34.001 D/BluetoothAdapter( 1526): isLeEnabled(): ON
06-04 20:56:34.003 I/bluetooth( 3916): packages/modules/Bluetooth/system/gd/hci/le_address_manager.cc:596 OnCommandComplete: Received command complete with op_code LE_ADD_DEVICE_TO_FILTER_ACCEPT_LIST
06-04 20:56:34.003 I/bluetooth( 3916): packages/modules/Bluetooth/system/gd/hci/le_address_manager.cc:294 resume_registered_clients: Resuming registered clients
06-04 20:56:34.005 E/dangbei111( 1526): cccccc scan 得到的设备和状态 Dangbei E4:BB:D3:57:C0:7A 12
06-04 20:56:34.008 I/bluetooth( 3916): packages/modules/Bluetooth/system/gd/hci/acl_manager/le_impl.h:878 update_connectability_state_after_armed: Le connection state machine armed state:ConnectabilityState::ARMED status:SUCCESS
06-04 20:56:34.010 E/dangbei111( 1526): cccccc 搜索到bond 确实含有 尝试连接 Dangbei E4:BB:D3:57:C0:7A
06-04 20:56:34.012 D/BluetoothGatt( 1526): connect() - device: E4:BB:D3:57:C0:7A, auto: true
06-04 20:56:34.012 D/BluetoothGatt( 1526): registerApp()
06-04 20:56:34.013 D/BluetoothGatt( 1526): registerApp() - UUID=cd4e1cfb-f45b-4bd2-acb7-9ae530afd57b
06-04 20:56:34.016 I/bluetooth( 3916): packages/modules/Bluetooth/system/stack/gatt/gatt_api.cc:1257 GATT_Register: Allocated name:GattClient uuid:a6c4c2a6-a1d3-4fac-5525-c8489c64de3e gatt_if:6 eatt_support:0
06-04 20:56:34.018 D/BluetoothGatt( 1526): onClientRegistered() - status=0 clientIf=6
06-04 20:56:34.021 I/bt_btif_gattc( 3916): packages/modules/Bluetooth/system/btif/src/btif_gatt_client.cc:340 btif_gattc_open_impl: Transport=2, device type=2, address type =0, phy=1
06-04 20:56:34.021 I/bt_bta_gattc( 3916): packages/modules/Bluetooth/system/bta/gatt/bta_gattc_act.cc:429 bta_gattc_init_bk_conn: Not a connected remote device yet
06-04 20:56:34.022 E/dangbei111( 1526): cccccc 搜索到bond Dangbei E4:BB:D3:57:C0:7A
06-04 20:56:34.034 I/bluetooth( 3916): packages/modules/Bluetooth/system/gd/metrics/metrics_state.cc:177 AddStateChangedEvent: LEConnectionMetricsRemoteDevice: Transaction State 0x00000002, Connection Type 0x00000001, Origin Type 0x00000001
06-04 20:56:34.034 I/bluetooth( 3916): packages/modules/Bluetooth/system/gd/metrics/metrics_state.cc:58 AddStateChangedEvent: LEConnectionMetricState: Origin Type: 0x00000001, Connection Type: 0x00000001, Transaction State: 0x00000002
06-04 20:56:34.034 I/bluetooth( 3916): packages/modules/Bluetooth/system/gd/metrics/metrics_state.cc:161 UploadLEConnectionSession: LEConnectionMetricsRemoteDevice: The session is uploaded for xx:xx:xx:xx:c0:7a
06-04 20:56:34.035 W/bluetooth( 3916): packages/modules/Bluetooth/system/main/shim/acl.cc:189 Remove: Unknown device being removed from acceptlist:e4:bb:d3:57:c0:7a[PUBLIC_DEVICE_ADDRESS]
06-04 20:56:34.035 I/bluetooth( 3916): packages/modules/Bluetooth/system/gd/hci/le_address_manager.cc:265 ack_pause: Client already in paused state
06-04 20:56:34.035 I/bluetooth( 3916): packages/modules/Bluetooth/system/stack/gatt/connection_manager.cc:438 on_connection_complete: Le connection completed to device:xx:xx:xx:xx:c0:7a
06-04 20:56:34.035 I/bluetooth( 3916): packages/modules/Bluetooth/system/stack/gatt/connection_manager.cc:438 on_connection_complete: Le connection completed to device:xx:xx:xx:xx:c0:7a
06-04 20:56:34.035 I/bt_btm_ble( 3916): packages/modules/Bluetooth/system/stack/btm/btm_ble.cc:1730 btm_ble_connected: Updating device record timestamp for existing ble connection
06-04 20:56:34.035 I/bluetooth( 3916): packages/modules/Bluetooth/system/gd/hci/le_address_manager.cc:265 ack_pause: Client already in paused state
06-04 20:56:34.035 I/bluetooth( 3916): packages/modules/Bluetooth/system/gd/hci/le_address_manager.cc:265 ack_pause: Client already in paused state
06-04 20:56:34.042 I/bluetooth( 3916): packages/modules/Bluetooth/system/gd/hci/le_address_manager.cc:596 OnCommandComplete: Received command complete with op_code LE_REMOVE_DEVICE_FROM_FILTER_ACCEPT_LIST
06-04 20:56:34.042 I/bluetooth( 3916): packages/modules/Bluetooth/system/gd/hci/le_address_manager.cc:294 resume_registered_clients: Resuming registered clients
06-04 20:56:34.082 I/bt_stack( 3916): [INFO:gatt_attr.cc(950)] gatt_sr_init_cl_status: bda=xx:xx:xx:xx:c0:7a, cl_supp_feat=0000, aware=1
06-04 20:56:34.083 I/bluetooth( 3916): packages/modules/Bluetooth/system/stack/gap/gap_ble.cc:304 client_connect_cback: No active GAP service found for peer:xx:xx:xx:xx:c0:7a callback:Connected
06-04 20:56:34.083 I/bt_bta_gattc( 3916): packages/modules/Bluetooth/system/bta/gatt/bta_gattc_act.cc:1304 bta_gattc_conn_cback: Connected client_if:3 addr:xx:xx:xx:xx:c0:7a, transport:BT_TRANSPORT_LE reason:GATT_CONN_OK
06-04 20:56:34.083 I/bt_bta_gattc( 3916): packages/modules/Bluetooth/system/bta/gatt/bta_gattc_act.cc:1304 bta_gattc_conn_cback: Connected client_if:4 addr:xx:xx:xx:xx:c0:7a, transport:BT_TRANSPORT_LE reason:GATT_CONN_OK
06-04 20:56:34.083 I/bluetooth( 3916): packages/modules/Bluetooth/system/stack/gatt/gatt_main.cc:405 gatt_update_app_use_link_flag: disable link idle timer for xx:xx:xx:xx:c0:7a
06-04 20:56:34.083 I/bt_stack( 3916): [INFO:l2c_api.cc(1607)] L2CA_MarkLeLinkAsActivesetting link to e4:bb:d3:57:c0:7a as active
06-04 20:56:34.083 I/bluetooth( 3916): packages/modules/Bluetooth/system/stack/gatt/gatt_api.cc:1206 GATT_SetIdleTimeout: idle_timeout=65535, is_active=1, status=1 (1-OK 0-not performed)
06-04 20:56:34.083 I/bt_bta_gattc( 3916): packages/modules/Bluetooth/system/bta/gatt/bta_gattc_act.cc:1304 bta_gattc_conn_cback: Connected client_if:5 addr:xx:xx:xx:xx:c0:7a, transport:BT_TRANSPORT_LE reason:GATT_CONN_OK
06-04 20:56:34.083 I/bluetooth( 3916): packages/modules/Bluetooth/system/stack/gatt/gatt_main.cc:405 gatt_update_app_use_link_flag: disable link idle timer for xx:xx:xx:xx:c0:7a
06-04 20:56:34.083 I/bt_stack( 3916): [INFO:l2c_api.cc(1607)] L2CA_MarkLeLinkAsActivesetting link to e4:bb:d3:57:c0:7a as active
06-04 20:56:34.083 I/bluetooth( 3916): packages/modules/Bluetooth/system/stack/gatt/gatt_api.cc:1206 GATT_SetIdleTimeout: idle_timeout=65535, is_active=1, status=1 (1-OK 0-not performed)
06-04 20:56:34.083 I/bt_bta_gattc( 3916): packages/modules/Bluetooth/system/bta/gatt/bta_gattc_act.cc:1304 bta_gattc_conn_cback: Connected client_if:6 addr:xx:xx:xx:xx:c0:7a, transport:BT_TRANSPORT_LE reason:GATT_CONN_OK
06-04 20:56:34.083 I/bluetooth( 3916): packages/modules/Bluetooth/system/stack/gatt/connection_manager.cc:438 on_connection_complete: Le connection completed to device:xx:xx:xx:xx:c0:7a
06-04 20:56:34.083 I/bt_stack( 3916): [INFO:l2c_api.cc(1607)] L2CA_MarkLeLinkAsActivesetting link to e4:bb:d3:57:c0:7a as active
06-04 20:56:34.083 I/bluetooth( 3916): packages/modules/Bluetooth/system/stack/gatt/gatt_api.cc:1206 GATT_SetIdleTimeout: idle_timeout=65535, is_active=1, status=1 (1-OK 0-not performed)
06-04 20:56:34.083 I/bluetooth( 3916): packages/modules/Bluetooth/system/stack/gatt/gatt_main.cc:594 check_cached_model_name: Device xx:xx:xx:xx:c0:7a no cached model name
06-04 20:56:34.083 I/bt_btif_dm( 3916): packages/modules/Bluetooth/system/btif/src/btif_dm.cc:642 btif_update_remote_version_property: Remote version info valid:true [xx:xx:xx:xx:c0:7a]: 9, 1bf, 100
06-04 20:56:34.083 E/bta_gattc_main( 3916): packages/modules/Bluetooth/system/bta/gatt/bta_gattc_main.cc:395 bta_gattc_hdl_event: Ignore unknown conn ID: 3
06-04 20:56:34.083 E/bta_gattc_main( 3916): packages/modules/Bluetooth/system/bta/gatt/bta_gattc_main.cc:395 bta_gattc_hdl_event: Ignore unknown conn ID: 4
06-04 20:56:34.084 I/bt_bta_gattc( 3916): packages/modules/Bluetooth/system/bta/gatt/bta_gattc_act.cc:549 bta_gattc_conn: Connected to xx:xx:xx:xx:c0:7a, robust caching support is 0
06-04 20:56:34.084 W/BatteryService( 3916): getBatteryService(): service is NULL
06-04 20:56:34.093 D/BtGatt.GattService( 3916): onConnected() - adding permit for address=E4:BB:D3:57:C0:7A
06-04 20:56:34.093 D/BluetoothGatt( 1526): onClientConnectionState() - status=0 clientIf=6 device=E4:BB:D3:57:C0:7A
06-04 20:56:34.093 E/dangbei111( 1526): cccccc 连接成功 后续要去判断有没有input E4:BB:D3:57:C0:7A
06-04 20:56:34.093 W/bt_btm_sec( 3916): packages/modules/Bluetooth/system/stack/btm/btm_sec.cc:1153 BTM_SetEncryption: Security Manager: BTM_SetEncryption busy, enqueue request
06-04 20:56:34.093 D/BluetoothGatt( 1526): cancelOpen() - device: E4:BB:D3:57:C0:7A
06-04 20:56:34.094 I/bt_btm_sec( 3916): packages/modules/Bluetooth/system/stack/btm/btm_sec.cc:1156 BTM_SetEncryption: Queued start encryption
06-04 20:56:34.097 I/bt_btif_gattc( 3916): packages/modules/Bluetooth/system/btif/src/btif_gatt_client.cc:360 btif_gattc_close_impl: client_if=6, conn_id=6, address=xx:xx:xx:xx:c0:7a
06-04 20:56:34.097 I/bluetooth( 3916): packages/modules/Bluetooth/system/stack/gatt/gatt_api.cc:1578 GATT_Disconnect: conn_id=6
06-04 20:56:34.097 I/bluetooth( 3916): packages/modules/Bluetooth/system/stack/gatt/gatt_main.cc:361 gatt_update_app_hold_link_status: removed gatt_if=6
06-04 20:56:34.097 I/bluetooth( 3916): packages/modules/Bluetooth/system/stack/gatt/gatt_main.cc:434 gatt_update_app_use_link_flag: is_add=false, but some app is still using the ACL link
06-04 20:56:34.097 I/bt_stack( 3916): [INFO:gatt_api.cc(1514)] GATT_CancelConnect: gatt_if:6, address: xx:xx:xx:xx:c0:7a, direct:0
06-04 20:56:34.097 W/bluetooth( 3916): packages/modules/Bluetooth/system/stack/gatt/gatt_main.cc:357 gatt_update_app_hold_link_status: attempt to remove non-existing gatt_if=6
06-04 20:56:34.097 I/bluetooth( 3916): packages/modules/Bluetooth/system/stack/gatt/gatt_main.cc:389 gatt_update_app_use_link_flag: App status is not updated for gatt_if=6
06-04 20:56:34.098 I/BluetoothPhonePolicy( 3916): processDeviceConnected, device=XX:XX:XX:XX:C0:7A
06-04 20:56:34.098 D/BluetoothDatabase( 3916): setConnection: device XX:XX:XX:XX:C0:7A and isA2dpDevice=false
06-04 20:56:34.098 D/BluetoothDatabase( 3916): Updating last connected time for device: XX:XX:XX:XX:C0:7A to 1
06-04 20:56:34.098 D/BluetoothDatabase( 3916): updateDatabase XX:XX:XX:XX:C0:7A
06-04 20:56:34.099 D/BluetoothGatt( 1526): close()
06-04 20:56:34.099 D/BluetoothGatt( 1526): unregisterApp() - mClientIf=6
06-04 20:56:34.100 D/BtGatt.GattService( 3916): onDisconnected() - removing permit for address=E4:BB:D3:57:C0:7A
06-04 20:56:34.101 I/bt_stack( 3916): [INFO:gatt_api.cc(1279)] GATT_Deregister gatt_if=6
06-04 20:56:34.101 W/bluetooth( 3916): packages/modules/Bluetooth/system/stack/gatt/gatt_main.cc:357 gatt_update_app_hold_link_status: attempt to remove non-existing gatt_if=6
06-04 20:56:34.101 I/bluetooth( 3916): packages/modules/Bluetooth/system/stack/gatt/gatt_main.cc:389 gatt_update_app_use_link_flag: App status is not updated for gatt_if=6
06-04 20:56:34.104 D/BluetoothHidHost( 1526): Binding service...
06-04 20:56:34.104 I/dangbei111( 1526): cccccc on receiver=android.bluetooth.device.action.ACL_CONNECTED,mac=E4:BB:D3:57:C0:7A
06-04 20:56:34.105 E/dangbei111( 1526): cccccc cancelDiscovery begin
06-04 20:56:34.105 D/BluetoothGatt( 1526): onClientConnectionState() - status=0 clientIf=6 device=E4:BB:D3:57:C0:7A
06-04 20:56:34.107 I/BLE_Service( 1105): >ACL LINK CONNECTED [Dangbei] - checking for supported devices after delay
06-04 20:56:34.110 E/bond ( 3250): name=Dangbei,state=12,action=android.bluetooth.device.action.ACL_CONNECTED
06-04 20:56:34.114 E/dangbei111( 1526): cccccc 检查遥控器是否连接: Dangbei E4:BB:D3:57:C0:7A
06-04 20:56:34.117 E/dangbei111( 1526): cccccc 检查遥控器是否连接: 蓝牙的结果 Dangbei E4:BB:D3:57:C0:7A true
06-04 20:56:34.117 E/dangbei111( 1526): cccccc input中没有遥控器存在
06-04 20:56:34.117 E/dangbei111( 1526): cccccc 蓝牙状态连接 开启30s check任务
06-04 20:56:34.118 E/dangbei111( 1526): cccccc 开始扫描
06-04 20:56:34.118 D/BluetoothAdapter( 1526): isLeEnabled(): ON
06-04 20:56:34.152 W/bt_bta_dm( 3916): packages/modules/Bluetooth/system/bta/dm/bta_dm_act.cc:3504 bta_dm_encrypt_cback: Encrypted link peer:xx:xx:xx:xx:c0:7a transport:BT_TRANSPORT_LE status:BTM_SUCCESS callback:T
06-04 20:56:34.152 W/smp_act ( 3916): packages/modules/Bluetooth/system/stack/smp/smp_act.cc:2064 smp_link_encrypted: SMP state machine busy so skipping encryption enable:1 device:xx:xx:xx:xx:c0:7a
06-04 20:56:34.152 W/bt_stack( 3916): [WARNING:bta_gattc_api.cc(689)] notification already registered
06-04 20:56:34.153 W/bt_stack( 3916): [WARNING:bta_gattc_api.cc(689)] notification already registered
06-04 20:56:34.153 W/bt_stack( 3916): [WARNING:bta_gattc_api.cc(689)] notification already registered
06-04 20:56:34.153 I/bluetooth( 3916): packages/modules/Bluetooth/system/stack/eatt/eatt_impl.h:1008 connect: Device xx:xx:xx:xx:c0:7a, role central
06-04 20:56:34.153 I/bluetooth( 3916): packages/modules/Bluetooth/system/stack/gatt/gatt_main.cc:405 gatt_update_app_use_link_flag: disable link idle timer for xx:xx:xx:xx:c0:7a
06-04 20:56:34.153 I/bt_stack( 3916): [INFO:l2c_api.cc(1607)] L2CA_MarkLeLinkAsActivesetting link to e4:bb:d3:57:c0:7a as active
06-04 20:56:34.153 I/bluetooth( 3916): packages/modules/Bluetooth/system/stack/gatt/gatt_api.cc:1206 GATT_SetIdleTimeout: idle_timeout=65535, is_active=1, status=1 (1-OK 0-not performed)
06-04 20:56:34.154 D/BluetoothHidHostService( 3916): Connection state XX:XX:XX:XX:C0:7A: 0->1
06-04 20:56:34.157 D/CachedBluetoothDevice( 1105): onProfileStateChanged: profile HID, device XX:XX:XX:XX:C0:7A, newProfileState 1
06-04 20:56:34.157 D/BluetoothAdapter( 1105): getActiveDevices(profile= A2DP)
06-04 20:56:34.159 D/CachedBluetoothDevice( 1328): onProfileStateChanged: profile HID, device XX:XX:XX:XX:C0:7A, newProfileState 1
06-04 20:56:34.159 D/BluetoothAdapter( 1328): getActiveDevices(profile= A2DP)
06-04 20:56:34.160 I/BluetoothAdapterService( 3916): getActiveDevices: A2dp device: null
06-04 20:56:34.160 D/BluetoothAdapter( 1105): getActiveDevices(profile= HEADSET)
06-04 20:56:34.161 I/BluetoothAdapterService( 3916): getActiveDevices: A2dp device: null
06-04 20:56:34.161 D/AdapterProperties( 3916): PROFILE_CONNECTION_STATE_CHANGE: profile=4, device=XX:XX:XX:XX:C0:7A, 0 -> 1
06-04 20:56:34.161 D/BluetoothAdapter( 1328): getActiveDevices(profile= HEADSET)
06-04 20:56:34.162 I/bluetooth( 3916): packages/modules/Bluetooth/system/stack/gatt/gatt_sr.cc:839 gatts_process_mtu_req: MTU 247 request from remote (e4:bb:d3:57:c0:7a), resulted MTU 247
06-04 20:56:34.162 I/bt_btm_ble( 3916): packages/modules/Bluetooth/system/stack/btm/btm_ble.cc:620 BTM_SetBleDataLength: xx:xx:xx:xx:c0:7a, 251
06-04 20:56:34.162 W/bt_stack( 3916): [WARNING:gatt_utils.cc(831)] Call back not found for application conn_id=3
06-04 20:56:34.162 W/bt_stack( 3916): [WARNING:gatt_utils.cc(831)] Call back not found for application conn_id=4
06-04 20:56:34.162 W/bt_stack( 3916): [WARNING:gatt_utils.cc(831)] Call back not found for application conn_id=5
06-04 20:56:34.163 I/BluetoothAdapterService( 3916): getActiveDevices: Headset device: null
06-04 20:56:34.163 D/BluetoothAdapter( 1105): getActiveDevices(profile= HEARING_AID)
06-04 20:56:34.164 I/BluetoothAdapterService( 3916): getActiveDevices: Headset device: null
06-04 20:56:34.165 D/BluetoothAdapter( 1328): getActiveDevices(profile= HEARING_AID)
06-04 20:56:34.166 I/BluetoothAdapterService( 3916): getActiveDevices: Hearing Aid devices: Left[null] - Right[null]
06-04 20:56:34.167 I/BluetoothAdapterService( 3916): getActiveDevices: Hearing Aid devices: Left[null] - Right[null]
06-04 20:56:34.173 I/bt_btif_hh( 3916): packages/modules/Bluetooth/system/btif/src/btif_hh.cc:436 hh_open_handler: Found device, getting dscp info for handle 16
06-04 20:56:34.173 I/bt_btif_dm( 3916): packages/modules/Bluetooth/system/btif/src/btif_dm.cc:489 get_cod: get_cod remote_cod = 0x0000050c
06-04 20:56:34.173 I/bt_btif_dm( 3916): packages/modules/Bluetooth/system/btif/src/btif_dm.cc:489 get_cod: get_cod remote_cod = 0x0000050c
06-04 20:56:34.173 W/bt_btif ( 3916): packages/modules/Bluetooth/system/main/bte_logmsg.cc:108 LogMsg: btif_hh_upstreams_evt: name = Dangbei
06-04 20:56:34.173 W/bt_btif ( 3916): packages/modules/Bluetooth/system/main/bte_logmsg.cc:108 LogMsg: bta_hh_co_send_hid_info: fd = 150, name = [Dangbei], dscp_len = 80
06-04 20:56:34.173 W/bt_btif ( 3916): packages/modules/Bluetooth/system/main/bte_logmsg.cc:108 LogMsg: bta_hh_co_send_hid_info: vendor_id = 0x000d, product_id = 0x3838, version= 0x0000,ctry_code=0x00
06-04 20:56:34.174 D/AdapterProperties( 3916): ADAPTER_CONNECTION_STATE_CHANGE: XX:XX:XX:XX:C0:7A: 0 -> 1
06-04 20:56:34.174 D/XM_HIDREAD( 2052): add@ add@/devices/virtual/misc/uhid/0005:000D:3838.0003
06-04 20:56:34.177 W/bt_btif ( 3916): packages/modules/Bluetooth/system/main/bte_logmsg.cc:108 LogMsg: bta_hh_co_send_hid_info: wrote descriptor to fd = 150, dscp_len = 80, result = 0
06-04 20:56:34.177 W/bt_stack( 3916): [WARNING:btif_hh.cc(461)] Device xx:xx:xx:xx:c0:7a already added
06-04 20:56:34.178 W/bt_btif ( 3916): packages/modules/Bluetooth/system/main/bte_logmsg.cc:108 LogMsg: btif_hh_upstreams_evt: Device already added
06-04 20:56:34.178 D/BluetoothHidHostService( 3916): Connection state XX:XX:XX:XX:C0:7A: 1->2
06-04 20:56:34.179 I/wpa_supplicant( 1187): wpa_driver_nl80211_driver_cmd: wifi vendor: aml_w2_s
06-04 20:56:34.179 I/wpa_supplicant( 1187): wpa_driver_nl80211_driver_cmd: wlan0: private command: BTCOEXSCAN-START
06-04 20:56:34.179 D/XM_HIDREAD( 2052): add@ add@/devices/virtual/misc/uhid/0005:000D:3838.0003/input/input15
06-04 20:56:34.181 D/BluetoothAdapterService( 3916): enable() - Enable called with quiet mode status = false
06-04 20:56:34.183 D/CachedBluetoothDevice( 1105): onProfileStateChanged: profile HID, device XX:XX:XX:XX:C0:7A, newProfileState 2
06-04 20:56:34.184 D/BluetoothAdapter( 1105): getActiveDevices(profile= A2DP)
06-04 20:56:34.184 D/AdapterProperties( 3916): PROFILE_CONNECTION_STATE_CHANGE: profile=4, device=XX:XX:XX:XX:C0:7A, 1 -> 2
06-04 20:56:34.185 D/XM_HIDREAD( 2052): add@ add@/devices/virtual/misc/uhid/0005:000D:3838.0003/input/input15/event9
06-04 20:56:34.185 D/AdapterProperties( 3916): ADAPTER_CONNECTION_STATE_CHANGE: XX:XX:XX:XX:C0:7A: 1 -> 2
06-04 20:56:34.187 D/CachedBluetoothDevice( 1328): onProfileStateChanged: profile HID, device XX:XX:XX:XX:C0:7A, newProfileState 2
06-04 20:56:34.188 D/BluetoothAdapter( 1328): getActiveDevices(profile= A2DP)
06-04 20:56:34.188 I/wpa_supplicant( 1187): wpa_driver_nl80211_driver_cmd: wifi vendor: aml_w2_s
06-04 20:56:34.188 I/wpa_supplicant( 1187): wpa_driver_nl80211_driver_cmd: wlan0: private command: BTCOEXSCAN-START
06-04 20:56:34.190 I/BluetoothAdapterService( 3916): getActiveDevices: A2dp device: null
06-04 20:56:34.191 D/BluetoothAdapter( 1105): getActiveDevices(profile= HEADSET)
06-04 20:56:34.193 I/AdapterState( 3916): ON : Unhandled message - BLE_TURN_ON
06-04 20:56:34.194 D/XM_HIDREAD( 2052): add@ add@/devices/virtual/misc/uhid/0005:000D:3838.0003/input/input17
06-04 20:56:34.196 D/EventHub( 711): No input device configuration file found for device 'Dangbei'.
06-04 20:56:34.196 D/XM_HIDREAD( 2052): add@ add@/devices/virtual/misc/uhid/0005:000D:3838.0003/input/input17/event10
06-04 20:56:34.201 I/BluetoothAdapterService( 3916): getActiveDevices: A2dp device: null
06-04 20:56:34.201 D/XM_HIDREAD( 2052): add@ add@/devices/virtual/misc/uhid/0005:000D:3838.0003/hidraw/hidraw0
06-04 20:56:34.201 D/XM_HIDREAD( 2052): ready open:/dev/hidraw0
06-04 20:56:34.202 D/XM_HIDREAD( 2052): open:/dev/hidraw0 resultFD:-1
06-04 20:56:34.202 E/XM_HIDREAD( 2052): open hidraw error: No such file or directory, wait to retry...
06-04 20:56:34.202 D/BluetoothAdapter( 1328): getActiveDevices(profile= HEADSET)
06-04 20:56:34.202 I/bt_stack( 3916): [INFO:eatt_impl.h(888)] supported_features_cb e4:bb:d3:57:c0:7a is_eatt_supported = 0
06-04 20:56:34.203 I/EventHub( 711): usingClockIoctl=true
06-04 20:56:34.203 I/EventHub( 711): New device: id=14, fd=380, path='/dev/input/event9', name='Dangbei', classes=KEYBOARD | DPAD | EXTERNAL, configuration='', keyLayout='/vendor/usr/keylayout/Vendor_000d_Product_3838.kl', keyCharacterMap='/system/usr/keychars/Generic.kcm', builtinKeyboard=false,
06-04 20:56:34.203 I/BluetoothAdapterService( 3916): getActiveDevices: Headset device: null
06-04 20:56:34.204 I/InputReader( 711): Device added: id=12, eventHubId=14, name='Dangbei', descriptor='651c02fc25e22f45bf8fc0886230121b32a1c5c9',sources=KEYBOARD | DPAD
06-04 20:56:34.206 I/BluetoothAdapterService( 3916): getActiveDevices: Headset device: null
06-04 20:56:34.209 I/EventHub( 711): The AssociatedDevice changed for path '/sys/devices/virtual/misc/uhid/0005:000D:3838.0003'. Using new AssociatedDevice: path=/sys/devices/virtual/misc/uhid/0005:000D:3838.0003, numBatteries=0, numLight=0
06-04 20:56:34.209 D/BluetoothHidHost( 1526): Proxy object connected
06-04 20:56:34.209 D/EventHub( 711): No input device configuration file found for device 'Dangbei Consumer Control'.
06-04 20:56:34.210 D/BluetoothAdapter( 1105): getActiveDevices(profile= HEARING_AID)
06-04 20:56:34.211 W/EventHub( 711): Unable to disable kernel key repeat for /dev/input/event10: Function not implemented
06-04 20:56:34.211 I/EventHub( 711): usingClockIoctl=true
06-04 20:56:34.212 I/EventHub( 711): New device: id=15, fd=442, path='/dev/input/event10', name='Dangbei Consumer Control', classes=KEYBOARD | DPAD | JOYSTICK | EXTERNAL, configuration='', keyLayout='/vendor/usr/keylayout/Vendor_000d_Product_3838.kl', keyCharacterMap='/system/usr/keychars/Generic.kcm', builtinKeyboard=false,
06-04 20:56:34.212 D/BluetoothHidHost( 1526): connect(E4:BB:D3:57:C0:7A)
06-04 20:56:34.212 I/InputReader( 711): Device added: id=12, eventHubId=15, name='Dangbei Consumer Control', descriptor='d1a64ac59cff7d0d22206f3b378df7c5b30d32d8',sources=KEYBOARD | DPAD | JOYSTICK
06-04 20:56:34.215 D/BluetoothAdapter( 1328): getActiveDevices(profile= HEARING_AID)
06-04 20:56:34.216 E/BluetoothHidHostService( 3916): Hid Device not disconnected: XX:XX:XX:XX:C0:7A
06-04 20:56:34.217 I/BluetoothAdapterService( 3916): getActiveDevices: Hearing Aid devices: Left[null] - Right[null]
06-04 20:56:34.217 D/BluetoothHidHost( 1526): Unbinding service...
06-04 20:56:34.218 D/BluetoothHidHost( 1526): Proxy object disconnected
06-04 20:56:34.219 I/BluetoothAdapterService( 3916): getActiveDevices: Hearing Aid devices: Left[null] - Right[null]
06-04 20:56:34.290 I/WifiHAL ( 525): call wifi_get_link_stats handler
06-04 20:56:34.290 I/WifiHAL ( 525): Creating message to get link statistics; iface = 16
06-04 20:56:34.290 D/WifiHAL ( 525): error code -95 mapped to -3
06-04 20:56:34.290 E/WifiStaIfaceAidlImpl( 711): getLinkLayerStats failed with service-specific exception: android.os.ServiceSpecificException: (code 4)
06-04 20:56:34.302 E/XM_HIDREAD( 2052): trying to reopen hidraw: /dev/hidraw0
06-04 20:56:34.302 D/XM_HIDREAD( 2052): ready open:/dev/hidraw0
06-04 20:56:34.302 D/XM_HIDREAD( 2052): open:/dev/hidraw0 resultFD:8
06-04 20:56:34.302 D/XM_HIDREAD( 2052): 1 ready ioctl hidrawFD 8
06-04 20:56:34.302 D/XM_HIDREAD( 2052): 2 ready ioctl hidrawFD 8
06-04 20:56:34.302 D/XM_HIDREAD( 2052): 3 ready ioctl hidrawFD 8
06-04 20:56:34.302 D/XM_HIDREAD( 2052): 4 ready ioctl hidrawFD 8
06-04 20:56:34.302 D/XM_HIDREAD( 2052): ioctl hidrawFD HIDIOCGRDESC ret 0
06-04 20:56:34.302 D/XM_HIDREAD( 2052): dinfo.vendor:13,dinfo.product:14392
06-04 20:56:34.302 D/XM_HIDREAD( 2052): m_pid:0x3838,m_vid:0x000d
06-04 20:56:34.302 D/XM_HIDREAD( 2052): /dev/hidraw0 open succussfully!
06-04 20:56:34.303 D/XM_HIDREAD( 2052): add@ add@/devices/virtual/wakeup/wakeup32
06-04 20:56:34.303 D/XM_HIDREAD( 2052): add@ add@/devices/virtual/wakeup/wakeup33
06-04 20:56:34.299 I/xm_hidread( 2052): type=1400 audit(0.0:1366): avc: denied { read write } for name="hidraw0" dev="tmpfs" ino=890 scontext=u:r:init:s0 tcontext=u:object_r:hidraw_audio_device:s0 tclass=chr_file permissive=1
06-04 20:56:34.299 I/xm_hidread( 2052): type=1400 audit(0.0:1367): avc: denied { open } for path="/dev/hidraw0" dev="tmpfs" ino=890 scontext=u:r:init:s0 tcontext=u:object_r:hidraw_audio_device:s0 tclass=chr_file permissive=1
06-04 20:56:34.299 I/xm_hidread( 2052): type=1400 audit(0.0:1368): avc: denied { ioctl } for path="/dev/hidraw0" dev="tmpfs" ino=890 ioctlcmd=0x4803 scontext=u:r:init:s0 tcontext=u:object_r:hidraw_audio_device:s0 tclass=chr_file permissive=1
06-04 20:56:34.832 D/XM_HIDREAD( 2052): poll ret=1, event=1
06-04 20:56:34.832 D/XM_HIDREAD( 2052): [9 bytes]:01 00 00 51 00 00 00 00 00
06-04 20:56:34.849 D/AudioFlinger( 536): ro.audio.silent is ignored since no output device is set
06-04 20:56:34.850 I/audio_hw_hal_primary( 492): [aml_audio_output_routing:3986] cur_devices:0x400 unmute_devices:0, mute_devices:0
06-04 20:56:34.850 I/audio_hw_hal_primary( 492): [adev_create_audio_patch:8316] Patch 5: MIX->DEVICE, num_src:1 num_sink:1 patch_src:INVAL
06-04 20:56:34.850 I/audio_hw_hal_primary( 492): [adev_create_audio_patch:8320] sink[0]: OUT_HDMI(id:59)
06-04 20:56:34.850 I/audio_hw_hal_primary( 492): [adev_create_audio_patch:8377] Patch 5: mix(io:13) -> dev[OUT_HDMI(id:59)]
06-04 20:56:34.850 I/audio_hw_hal_primary( 492): [adev_create_audio_patch:8445] dev=0xe87014a0 cur_out_device=0x400
06-04 20:56:34.851 D/UEventObserver( 1105): change@/devices/platform/auge_sound/sound/card0/controlC0ACTION=changeDEVPATH=/devices/platform/auge_sound/sound/card0/controlC0SUBSYSTEM=soundAUDIO_FORMAT=0MAJOR=116MINOR=13DEVNAME=snd/controlC0SEQNUM=3898
06-04 20:56:34.851 I/audio_hw_hal_primary( 492): [audiohal_get_latency:1333] io 13: out:0xe86464b0 frames:896 rate:48000 whole_latency:18 alsa_latency:18
06-04 20:56:34.866 D/audioserver( 536): logFgsApiBegin: FGS Logger Transaction failed, -129
06-04 20:56:34.869 I/audio_hw_hal_primary( 492): out_update_source_metadata_v7() line 2013 usage:1 content_type:2
06-04 20:56:34.869 I/SogouIME( 1550): onKeyDown: keyoCode=20
06-04 20:56:34.869 I/DefaultIMS( 1550): onKeyDown: keyoCode=20
06-04 20:56:34.871 D/audio_hw_hal_ms12v2( 492): set_dolby_ms12_continuous_state audio_continuous_standby_set status 0
06-04 20:56:34.871 D/audio_hw_hal_continuous_standby( 492): audio_continuous_standby_set, type 0, params 0
06-04 20:56:34.871 I/audio_hw_hal_ms12common( 492): aml_set_ms12_scheduler_state ms12_scheduler_state:0, sch_state:0 SCHEDULER_RUNNING is sent to ms12
06-04 20:56:34.871 I/audio_hw_hal_primary( 492): [mixer_aux_buffer_write:7017] io 13: out:0xe86464b0 usecase:PCM_NORMAL standby to unstandby
06-04 20:56:34.871 I/audio_hw_hal_primary( 492): mixer_aux_buffer_write() HDMI changing status, need reconfig Dolby MS12
06-04 20:56:34.871 D/audio_hw_hal_profile( 492): get_hdmi_sink_cap_new is running...
06-04 20:56:34.872 D/audio_hw_hal_profile( 492): query hdmi format...
06-04 20:56:34.872 D/audio_hw_hal_profile( 492): get_hdmi_sink_cap_new ddp is supported; ddp-joc(atmos) is unsupported;
06-04 20:56:34.872 I/audio_hw_hal_profile( 492): get_hdmi_sink_cap_new dts-hd vendor special byte3:0x1
06-04 20:56:34.872 I/audio_hw_hal_profile( 492): PCM cap Max channel =2
06-04 20:56:34.872 I/audio_hw_hal_stream( 492): get_sink_capability mbox+dvb case sink_capability = 0xa000000
06-04 20:56:34.872 I/audio_hw_hal_stream( 492): force ddp out =0
06-04 20:56:34.872 D/audio_hw_hal_profile( 492): get_hdmi_sink_cap_new is running...
06-04 20:56:34.872 D/audio_hw_hal_profile( 492): query hdmi format...
06-04 20:56:34.872 D/audio_hw_hal_profile( 492): get_hdmi_sink_cap_new ddp is supported; ddp-joc(atmos) is unsupported;
06-04 20:56:34.872 I/audio_hw_hal_profile( 492): get_hdmi_sink_cap_new dts-hd vendor special byte3:0x1
06-04 20:56:34.872 I/audio_hw_hal_profile( 492): PCM cap Max channel =2
06-04 20:56:34.872 I/audio_hw_hal_stream( 492): [get_sink_dts_capability:212] mbox+dvb case sink_capability: DTS(0xb000000)
06-04 20:56:34.872 D/audio_hw_hal_profile( 492): get_hdmi_sink_cap_new is running...
06-04 20:56:34.872 D/audio_hw_hal_profile( 492): query hdmi format...
06-04 20:56:34.872 D/audio_hw_hal_profile( 492): get_hdmi_sink_cap_new ddp is supported; ddp-joc(atmos) is unsupported;
06-04 20:56:34.872 I/audio_hw_hal_profile( 492): get_hdmi_sink_cap_new dts-hd vendor special byte3:0x1
06-04 20:56:34.872 I/audio_hw_hal_profile( 492): PCM cap Max channel =2
06-04 20:56:34.872 I/audio_hw_hal_stream( 492): [get_sink_mpegh_capability:245] mbox+dvb case sink_capability: PCM_16_BIT(0x1)
06-04 20:56:34.872 D/audio_hw_hal_profile( 492): get_hdmi_sink_cap_new is running...
06-04 20:56:34.872 D/audio_hw_hal_profile( 492): [get_hdmi_sink_cap_new:960] query hdmi sample_rate... format: PCM_16_BIT(0x1)
06-04 20:56:34.872 I/audio_hw_hal_profile( 492): get_hdmi_sink_cap_new format =0x1 support rate =sup_sampling_rates=32000|44100|48000
06-04 20:56:34.872 I/audio_hw_hal_stream( 492): pcm_fmt support sample_rate_mask:0x7
06-04 20:56:34.873 I/audio_hw_hal_stream( 492): get_sink_dv_capability : /sys/class/amhdmitx/amhdmitx0/hdmi_hdr_status = HDR10-GAMMA_ST2084
06-04 20:56:34.873 I/audio_hw_hal_stream( 492): get_sink_dv_capability : dv enable 0
06-04 20:56:34.873 I/audio_hw_hal_stream( 492): [get_sink_format:446] out:0xe86464b0 out devices:0x80002 cur_out_devices:0x400 format:PCM_16_BIT(0x1) digital_mode(PCM) sink cap:E_AC3(0xa000000)
06-04 20:56:34.873 I/audio_hw_hal_stream( 492): get_sink_format() HDMI ARC or mbox + dvb case
06-04 20:56:34.873 I/audio_hw_hal_stream( 492): [get_sink_format:645] sink_format:PCM_16_BIT(0x1) max channel:2 optical_format:PCM_16_BIT(0x1) dual_output 0
06-04 20:56:34.873 I/audio_hw_hal_primary( 492): [config_output:5882] out:0xe86464b0 hal_internal_format:PCM_16_BIT(0x1) dolby_lib_type: 2 reset_decoder 1 rate =48000 ch=2
06-04 20:56:34.873 I/audio_hw_hal_primary( 492): continuous_mode(adev) 1 ms12->dolby_ms12_enable 1
06-04 20:56:34.873 I/audio_hw_hal_ms12common( 492): audiohal_send_msg_2_ms12 mesg_type:MS12_MESG_TYPE_RESET_MS12_ENCODER entry
06-04 20:56:34.873 I/audio_hw_hal_ms12common( 492): audiohal_send_msg_2_ms12 mesg_type:MS12_MESG_TYPE_RESET_MS12_ENCODER exit
06-04 20:56:34.873 I/audio_hw_hal_primary( 492): [config_output:6071] out stream alsa port device:0
06-04 20:56:34.873 D/audio_hw_hal_ms12common( 492): ms12_message_threadloop(), msg type: MS12_MESG_TYPE_RESET_MS12_ENCODER
06-04 20:56:34.873 E/audio_hw_hal_virtualbuf( 492): ms12 system input underrun happens read=140752154234 write=4735999926 diff=136016154308
06-04 20:56:34.873 I/audio_hw_hal_ms12v2( 492): +dolby_ms12_encoder_reconfig()
06-04 20:56:34.873 D/libdolbyms12( 492): mch_enable 0
06-04 20:56:34.873 D/audio_hw_hal_continuous_standby( 492): audio_continuous_standby_set, type 1, params 8
06-04 20:56:34.873 D/audio_hw_hal_ms12common( 492): ms12_message_threadloop mesg_list is empty, loop waiting......
06-04 20:56:34.874 D/libdolbyms12( 492): set runtime mch_enable 0
06-04 20:56:34.884 I/DefaultIMS( 1550): onStartInput attribute=android.view.inputmethod.EditorInfo@4d1f281 restarting=false inputType: 0
06-04 20:56:34.898 I/audio_hw_hal_primary( 492): [register_audio_patch:8215] Patch 5:id:5 mix(io:13)->dev_0[OUT_HDMI(id:59)] found, register the same patch, do nothing.
06-04 20:56:34.898 I/audio_hw_hal_primary( 492): [adev_create_audio_patch:8316] Patch 5: MIX->DEVICE, num_src:1 num_sink:1 patch_src:INVAL
06-04 20:56:34.898 I/audio_hw_hal_primary( 492): [adev_create_audio_patch:8320] sink[0]: OUT_HDMI(id:59)
06-04 20:56:34.898 I/audio_hw_hal_primary( 492): [adev_create_audio_patch:8377] Patch 5: mix(io:13) -> dev[OUT_HDMI(id:59)]
06-04 20:56:34.899 I/audio_hw_hal_primary( 492): [adev_create_audio_patch:8445] dev=0xe87014a0 cur_out_device=0x400
06-04 20:56:34.899 D/UEventObserver( 1105): change@/devices/platform/auge_sound/sound/card0/controlC0ACTION=changeDEVPATH=/devices/platform/auge_sound/sound/card0/controlC0SUBSYSTEM=soundAUDIO_FORMAT=0MAJOR=116MINOR=13DEVNAME=snd/controlC0SEQNUM=3899
06-04 20:56:34.899 D/audioserver( 536): logFgsApiEnd: FGS Logger Transaction failed, -129
06-04 20:56:34.899 D/audioserver( 536): logFgsApiBegin: FGS Logger Transaction failed, -129
06-04 20:56:34.899 I/audio_hw_hal_stream( 492): aml_stream_out_info_print: out:0xe86464b0, stream_type:pcm, sync_mode:non tunnel, input_size:2498560 bytes
06-04 20:56:34.899 I/audio_hw_hal_stream( 492): aml_stream_out_info_print: last_time:94085 ms (sec:94, nsec:85693252), last_position:12769 ms (612944), cur_time:230230 ms (sec:230, nsec:230242025), cur_position:12935 ms (620880)
06-04 20:56:34.899 I/audio_hw_hal_stream( 492): aml_stream_out_info_print: time_gap:136145 ms (thr:100 ms), position_gap:165 ms, delay:78 ms, jitter: Position gap is behind system time gap by 135980 ms (thr:100 ms)
06-04 20:56:34.900 I/audio_hw_hal_primary( 492): out_update_source_metadata_v7() line 2013 usage:1 content_type:2
06-04 20:56:34.903 D/audioserver( 536): logFgsApiBegin: FGS Logger Transaction failed, -129
06-04 20:56:34.937 I/audio_hw_hal_primary( 492): out_update_source_metadata_v7() line 2013 usage:1 content_type:2
06-04 20:56:34.952 D/XM_HIDREAD( 2052): poll ret=1, event=1
06-04 20:56:34.953 D/XM_HIDREAD( 2052): [9 bytes]:01 00 00 00 00 00 00 00 00
06-04 20:56:34.955 I/SogouIME( 1550): onKeyUp: keyoCode=20
06-04 20:56:34.955 I/DefaultIMS( 1550): onKeyUp: keyoCode=20
06-04 20:56:35.017 I/audio_hw_hal_primary( 492): [audiohal_get_latency:1333] io 13: out:0xe86464b0 frames:1024 rate:48000 whole_latency:21 alsa_latency:21
06-04 20:56:35.057 I/audio_hw_hal_primary( 492): [audiohal_get_latency:1333] io 13: out:0xe86464b0 frames:1152 rate:48000 whole_latency:24 alsa_latency:24
06-04 20:56:35.057 I/audio_hw_hal_primary( 492): [audiohal_get_latency:1333] io 13: out:0xe86464b0 frames:1152 rate:48000 whole_latency:24 alsa_latency:24
06-04 20:56:35.079 I/audio_hw_hal_primary( 492): [audiohal_get_latency:1333] io 13: out:0xe86464b0 frames:1152 rate:48000 whole_latency:24 alsa_latency:24
06-04 20:56:35.079 I/audio_hw_hal_primary( 492): [audiohal_get_latency:1333] io 13: out:0xe86464b0 frames:1152 rate:48000 whole_latency:24 alsa_latency:24
06-04 20:56:35.095 D/audio_hw_hal_stream( 492): update_audio_hal_info() audio hal format change to 1, atmos flag = 0, is_dolby_atmos = 0, dts_hp_x = 0, update_type = 0 is_dolby_atmos_off = 1 virtual_bass_enable 0
06-04 20:56:35.095 D/audio_hw_hal_stream( 492): update_audio_hal_info() cur_out_devices 0x400, dap_bypass_enable = 0, is_ms12_tuning_dat = 0, dolby_ms12_enable = 1, output_config = 0x8
06-04 20:56:35.096 D/UEventObserver( 1105): change@/devices/platform/auge_sound/sound/card0/controlC0ACTION=changeDEVPATH=/devices/platform/auge_sound/sound/card0/controlC0SUBSYSTEM=soundAUDIO_FORMAT=0MAJOR=116MINOR=13DEVNAME=snd/controlC0SEQNUM=3900
06-04 20:56:35.096 I/audio_hw_hal_primary( 492): [audiohal_get_latency:1333] io 13: out:0xe86464b0 frames:1152 rate:48000 whole_latency:24 alsa_latency:24
06-04 20:56:35.096 I/audio_hw_hal_primary( 492): [audiohal_get_latency:1333] io 13: out:0xe86464b0 frames:1152 rate:48000 whole_latency:24 alsa_latency:24
06-04 20:56:35.117 I/audio_hw_hal_primary( 492): [audiohal_get_latency:1333] io 13: out:0xe86464b0 frames:1152 rate:48000 whole_latency:24 alsa_latency:24
06-04 20:56:35.118 I/audio_hw_hal_primary( 492): [audiohal_get_latency:1333] io 13: out:0xe86464b0 frames:1024 rate:48000 whole_latency:21 alsa_latency:21
06-04 20:56:35.118 D/audioserver( 536): logFgsApiEnd: FGS Logger Transaction failed, -129
06-04 20:56:35.119 I/audio_hw_hal_primary( 492): out_update_source_metadata_v7() line 2013 usage:13 content_type:4
06-04 20:56:35.136 I/audio_hw_hal_primary( 492): [audiohal_get_latency:1333] io 13: out:0xe86464b0 frames:1280 rate:48000 whole_latency:26 alsa_latency:26
06-04 20:56:35.157 I/audio_hw_hal_primary( 492): [audiohal_get_latency:1333] io 13: out:0xe86464b0 frames:1280 rate:48000 whole_latency:26 alsa_latency:26
06-04 20:56:35.159 D/audioserver( 536): logFgsApiEnd: FGS Logger Transaction failed, -129
06-04 20:56:36.328 I/bt_btif_dm( 3916): packages/modules/Bluetooth/system/btif/src/btif_dm.cc:695 btif_update_remote_properties: class of device (cod) is 0x00050c
06-04 20:56:37.088 I/audio_hw_hal_alsamgr( 492): alsa format =0x1 delay frames =1024 total frames=10560000
06-04 20:56:37.295 I/WifiHAL ( 525): call wifi_get_link_stats handler
06-04 20:56:37.296 I/WifiHAL ( 525): Creating message to get link statistics; iface = 16
06-04 20:56:37.296 D/WifiHAL ( 525): error code -95 mapped to -3
06-04 20:56:37.296 E/WifiStaIfaceAidlImpl( 711): getLinkLayerStats failed with service-specific exception: android.os.ServiceSpecificException: (code 4)
06-04 20:56:38.033 D/audio_hw_hal_primary( 492): [out_standby_new:5767] io 13: out:0xe86464b0 usecase:PCM_NORMAL
06-04 20:56:38.033 I/audio_hw_hal_primary( 492): [do_output_standby_l:5663] io 13: out:0xe86464b0, stream usecase:PCM_NORMAL, continuous:1
06-04 20:56:38.033 I/audio_hw_hal_primary( 492): [usecase_change_validate_l:7436] ++ io 13: out:0xe86464b0 dev masks:0x1 is_standby:1 out usecase:PCM_NORMAL
06-04 20:56:38.033 I/audio_hw_hal_ms12common( 492): aml_set_ms12_scheduler_state ms12_scheduler_state:1, sch_state:1 SCHEDULER_STANDBY is sent to ms12
06-04 20:56:38.033 I/audio_hw_hal_primary( 492): [usecase_change_validate_l:7477] -- dev masks:0 is_standby:1 out usecase PCM_NORMAL
06-04 20:56:38.033 D/audio_hw_hal_primary( 492): [out_standby_new:5790] io 13: out:0xe86464b0 usecase:PCM_NORMAL exit
06-04 20:56:38.122 D/libdolbyms12( 492): continuous underrun 2
06-04 20:56:39.027 E/dangbei111( 1526): cccccc 检查遥控器是否连接: Dangbei E4:BB:D3:57:C0:7A
06-04 20:56:39.032 E/dangbei111( 1526): cccccc 检查遥控器是否连接: 蓝牙的结果 Dangbei E4:BB:D3:57:C0:7A true
06-04 20:56:39.033 E/dangbei111( 1526): cccccc 确实有遥控器 存在
06-04 20:56:39.033 D/BluetoothAdapter( 1526): isLeEnabled(): ON
06-04 20:56:39.039 D/ActivityAttributionService( 3916): notifyActivityAttributionInfo UID=1002 packageName=com.android.bluetooth deviceAddress=no_active_device_address
06-04 20:56:39.039 I/bt_btif ( 3916): packages/modules/Bluetooth/system/btif/src/bluetooth.cc:829 get_profile_interface: get_profile_interface: id = activity_attribution
06-04 20:56:39.039 I/bt_stack( 3916): [INFO:le_scanning_manager.cc(168)] Scan in shim layer stopped
06-04 20:56:39.039 I/bluetooth( 3916): packages/modules/Bluetooth/system/gd/hci/le_address_manager.cc:193 unregister_client: Client unregistered
06-04 20:56:39.042 I/bt_stack( 3916): [INFO:le_scanning_manager.cc(162)] Unregister in shim layer, scanner_id:1
06-04 20:56:39.043 E/dangbei111( 1526): cccccc rc is connected, stop scan =E4:BB:D3:57:C0:7A
06-04 20:56:39.920 D/UtilLog ( 2271): 日志批量上报 进行正常循环 !!!!!!本次有0次请求,共0条数据
06-04 20:56:40.301 I/WifiHAL ( 525): call wifi_get_link_stats handler
06-04 20:56:40.301 I/WifiHAL ( 525): Creating message to get link statistics; iface = 16
06-04 20:56:40.301 D/WifiHAL ( 525): error code -95 mapped to -3
06-04 20:56:40.302 E/WifiStaIfaceAidlImpl( 711): getLinkLayerStats failed with service-specific exception: android.os.ServiceSpecificException: (code 4)
06-04 20:56:41.033 D/audio_hw_hal_ms12common( 492): func:ms12_timer_callback_handler sigv:0 ~~~~~~~~~~
06-04 20:56:41.033 D/audio_hw_hal_ms12v2( 492): set_dolby_ms12_continuous_state audio_continuous_standby_set status 1
06-04 20:56:41.033 D/audio_hw_hal_continuous_standby( 492): audio_continuous_standby_set, type 0, params 1
06-04 20:56:41.033 D/audio_hw_hal_ms12common( 492): aml_send_ms12_scheduler_state_2_ms12 adev:0xe87014a0, sch_state:1(SCHEDULER_STANDBY)
06-04 20:56:43.308 I/WifiHAL ( 525): call wifi_get_link_stats handler
06-04 20:56:43.308 I/WifiHAL ( 525): Creating message to get link statistics; iface = 16
06-04 20:56:43.309 D/WifiHAL ( 525): error code -95 mapped to -3
06-04 20:56:43.309 E/WifiStaIfaceAidlImpl( 711): getLinkLayerStats failed with service-specific exception: android.os.ServiceSpecificException: (code 4)
06-04 20:56:45.042 D/bt_vendor( 494): op for 7
06-04 20:56:45.042 D/bt_upio ( 494): upio_set : pio 0 action 1, polarity 1
06-04 20:56:45.042 D/bt_upio ( 494): begin open btwrite.
