06-04 20:52:07.144 W/ActivityManager( 711): Unable to start service Intent { act=com.cvte.tv.api.TV_API_SERVICE pkg=com.cvte.tv.api.impl } U=0: not found
06-04 20:52:07.146 D/CompatibilityChangeReporter( 711): Compat change id reported: 214016041; UID 1000; state: DISABLED
06-04 20:52:07.146 D/CompatibilityChangeReporter( 711): Compat change id reported: 214016041; UID 1000; state: ENABLED
06-04 20:52:07.149 D/CompatibilityChangeReporter( 711): Compat change id reported: 265195908; UID 10070; state: ENABLED
06-04 20:52:07.155 D/CoreBackPreview( 711): Window{27c3f8e u0 com.android.tv.settings/com.android.tv.settings.system.FallbackHome}: Setting back callback null
06-04 20:52:07.160 W/ContextImpl( 1823): Calling a method in the system process without a qualified user: android.app.ContextImpl.bindService:1988 android.content.ContextWrapper.bindService:861 com.cvte.tv.api.TvApiSDKManager.:178 com.cvte.tv.api.TvApiSDKManager.init:217 com.dangbei.rocky.component.system.SystemControlUtils.initSystemAidl:82
06-04 20:52:07.159 D/CompatibilityChangeReporter( 711): Compat change id reported: 168419799; UID 10070; state: DISABLED
06-04 20:52:07.161 D/CompatibilityChangeReporter( 711): Compat change id reported: 273564678; UID 10070; state: DISABLED
06-04 20:52:07.169 W/ActivityManager( 711): Unable to start service Intent { act=com.cvte.tv.api.TV_API_SERVICE pkg=com.cvte.tv.api.impl } U=0: not found
06-04 20:52:07.172 W/ContextImpl( 1823): Calling a method in the system process without a qualified user: android.app.ContextImpl.startService:1899 android.content.ContextWrapper.startService:825 com.cvte.tv.api.TvApiSDKManager.getTvApi:361 com.dangbei.rocky.component.system.SystemControlUtils.initSystemAidl:83 com.dangbei.rocky.component.system.SystemComponent.onAttached:38
06-04 20:52:07.173 W/ActivityManager( 711): Unable to start service Intent { act=com.cvte.tv.api.TV_API_SERVICE pkg=com.cvte.tv.api.impl } U=0: not found
06-04 20:52:07.177 W/ContextImpl( 1823): Calling a method in the system process without a qualified user: android.app.ContextImpl.bindService:1988 android.content.ContextWrapper.bindService:861 com.cvte.tv.api.TvApiSDKManager.getTvApi:362 com.dangbei.rocky.component.system.SystemControlUtils.initSystemAidl:83 com.dangbei.rocky.component.system.SystemComponent.onAttached:38
06-04 20:52:07.179 W/ActivityManager( 711): Unable to start service Intent { act=com.cvte.tv.api.TV_API_SERVICE pkg=com.cvte.tv.api.impl } U=0: not found
06-04 20:52:07.203 D/CompatibilityChangeReporter( 711): Compat change id reported: 170503758; UID 10070; state: ENABLED
06-04 20:52:07.222 W/ContextImpl( 1823): Calling a method in the system process without a qualified user: android.app.ContextImpl.startService:1899 android.content.ContextWrapper.startService:825 com.dangbei.phrike.core.DownloadManager.register:294 com.dangbei.component_appcontrol.phrike.XPhrikeAppCreator.register:47 com.dangbei.component_appcontrol.AppControlComponent.onAttached:65
06-04 20:52:07.417 W/wificond( 633): Scan is not started. Ignore abort request
06-04 20:52:07.493 V/WindowManagerShell( 1328): Transition animation finished (aborted=false), notifying core (#1)android.os.BinderProxy@bcd8251@0
06-04 20:52:07.498 W/ContextImpl( 711): Calling a method in the system process without a qualified user: android.app.ContextImpl.sendStickyBroadcast:1626 com.android.server.wifi.ClientModeImpl.sendNetworkChangeBroadcast:3008 com.android.server.wifi.ClientModeImpl.lambda$sendNetworkChangeBroadcastWithCurrentState$14:2985 com.android.server.wifi.ClientModeImpl.$r8$lambda$q-j88Pjw4gROgoJFr8wBlBVbuJI:0 com.android.server.wifi.ClientModeImpl$$ExternalSyntheticLambda4.send:0
06-04 20:52:07.499 V/WindowManager( 711): Finish Transition #1: created at
06-04 20:52:05.012 collect-started=0.099ms request-sent=0.783ms started=4.155ms ready=513.112ms sent=2061.093ms finished=2482.893ms
06-04 20:52:07.512 V/WindowManagerShell( 1328): Track 0 became idle
06-04 20:52:07.512 V/WindowManagerShell( 1328): All active transition animations finished
06-04 20:52:07.518 W/ContextImpl( 1559): Calling a method in the system process without a qualified user: android.app.ContextImpl.bindService:1988 android.content.ContextWrapper.bindService:861 ce.b.h:57 ce.b$c.call:3 ee.c$a.run:5
06-04 20:52:07.519 D/CompatibilityChangeReporter( 711): Compat change id reported: 261072174; UID 1000; state: DISABLED
06-04 20:52:07.664 D/HDMI ( 711): [R]: 04:47:44:42:58:35:53:50:4E
06-04 20:52:07.664 D/HdmiCecNetwork( 711): Updating device OSD name from TV to DBX5SPN
06-04 20:52:07.684 D/HDMI ( 711): [S]: 40:8C
06-04 20:52:07.772 D/CompatibilityChangeReporter( 711): Compat change id reported: 135634846; UID 10018; state: DISABLED
06-04 20:52:07.772 D/CompatibilityChangeReporter( 711): Compat change id reported: 177438394; UID 10018; state: DISABLED
06-04 20:52:07.772 D/CompatibilityChangeReporter( 711): Compat change id reported: 135772972; UID 10018; state: DISABLED
06-04 20:52:07.772 D/CompatibilityChangeReporter( 711): Compat change id reported: 135754954; UID 10018; state: ENABLED
06-04 20:52:07.773 D/CompatibilityChangeReporter( 711): Compat change id reported: 143937733; UID 10018; state: ENABLED
06-04 20:52:07.844 W/ActivityManager( 711): Slow operation: 73ms so far, now at startProcess: returned from zygote!
06-04 20:52:07.845 W/ActivityManager( 711): Slow operation: 74ms so far, now at startProcess: done updating battery stats
06-04 20:52:07.845 W/ActivityManager( 711): Slow operation: 74ms so far, now at startProcess: building log message
06-04 20:52:07.845 I/ActivityManager( 711): Start proc 2054:com.android.providers.calendar/u0a18 for broadcast {com.android.providers.calendar/com.android.providers.calendar.CalendarReceiver}
06-04 20:52:07.845 W/ActivityManager( 711): Slow operation: 74ms so far, now at startProcess: starting to update pids map
06-04 20:52:07.845 W/ActivityManager( 711): Slow operation: 74ms so far, now at startProcess: done updating pids map
06-04 20:52:07.909 D/CompatibilityChangeReporter( 711): Compat change id reported: 168419799; UID 10018; state: DISABLED
06-04 20:52:07.909 D/CompatibilityChangeReporter( 711): Compat change id reported: 273564678; UID 10018; state: DISABLED
06-04 20:52:07.914 D/CompatibilityChangeReporter( 711): Compat change id reported: 265195908; UID 10018; state: ENABLED
06-04 20:52:07.922 D/CompatibilityChangeReporter( 711): Compat change id reported: 170503758; UID 10018; state: ENABLED
06-04 20:52:07.965 D/CompatibilityChangeReporter( 711): Compat change id reported: 253665015; UID 10070; state: ENABLED
06-04 20:52:07.966 D/CompatibilityChangeReporter( 711): Compat change id reported: 194532703; UID 10070; state: ENABLED
06-04 20:52:08.088 D/CompatibilityChangeReporter( 711): Compat change id reported: 161145287; UID 10018; state: ENABLED
06-04 20:52:08.108 D/CompatibilityChangeReporter( 711): Compat change id reported: 135634846; UID 10027; state: DISABLED
06-04 20:52:08.108 D/CompatibilityChangeReporter( 711): Compat change id reported: 177438394; UID 10027; state: DISABLED
06-04 20:52:08.109 D/CompatibilityChangeReporter( 711): Compat change id reported: 135772972; UID 10027; state: DISABLED
06-04 20:52:08.109 D/CompatibilityChangeReporter( 711): Compat change id reported: 135754954; UID 10027; state: ENABLED
06-04 20:52:08.110 D/CompatibilityChangeReporter( 711): Compat change id reported: 143937733; UID 10027; state: ENABLED
06-04 20:52:08.112 I/ActivityManager( 711): com.android.localtransport is exempt from freezer
06-04 20:52:08.113 D/CompatibilityChangeReporter( 711): Compat change id reported: 135634846; UID 1000; state: DISABLED
06-04 20:52:08.177 W/ContextImpl( 711): Calling a method in the system process without a qualified user: android.app.ContextImpl.sendStickyBroadcast:1626 com.android.server.wifi.ClientModeImpl.sendNetworkChangeBroadcast:3008 com.android.server.wifi.ClientModeImpl.lambda$sendNetworkChangeBroadcastWithCurrentState$14:2985 com.android.server.wifi.ClientModeImpl.$r8$lambda$q-j88Pjw4gROgoJFr8wBlBVbuJI:0 com.android.server.wifi.ClientModeImpl$$ExternalSyntheticLambda4.send:0
06-04 20:52:08.178 W/ActivityManager( 711): Slow operation: 71ms so far, now at startProcess: returned from zygote!
06-04 20:52:08.180 W/ActivityManager( 711): Slow operation: 73ms so far, now at startProcess: done updating battery stats
06-04 20:52:08.181 W/ActivityManager( 711): Slow operation: 74ms so far, now at startProcess: building log message
06-04 20:52:08.181 I/ActivityManager( 711): Start proc 2095:com.android.providers.tv/u0a27 for broadcast {com.android.providers.tv/com.android.providers.tv.BootCompletedReceiver}
06-04 20:52:08.181 W/ActivityManager( 711): Slow operation: 74ms so far, now at startProcess: starting to update pids map
06-04 20:52:08.182 W/ActivityManager( 711): Slow operation: 75ms so far, now at startProcess: done updating pids map
06-04 20:52:08.182 W/ActivityManager( 711): Slow operation: 70ms so far, now at startProcess: asking zygote to start proc
06-04 20:52:08.206 W/ActivityManager( 711): Slow operation: 94ms so far, now at startProcess: returned from zygote!
06-04 20:52:08.207 W/ActivityManager( 711): Slow operation: 95ms so far, now at startProcess: done updating battery stats
06-04 20:52:08.207 W/ActivityManager( 711): Slow operation: 95ms so far, now at startProcess: building log message
06-04 20:52:08.207 I/ActivityManager( 711): Start proc 2099:com.android.localtransport/1000 for service {com.android.localtransport/com.android.localtransport.LocalTransportService}
06-04 20:52:08.207 W/ActivityManager( 711): Slow operation: 95ms so far, now at startProcess: starting to update pids map
06-04 20:52:08.207 W/ActivityManager( 711): Slow operation: 95ms so far, now at startProcess: done updating pids map
06-04 20:52:08.216 W/ContextImpl( 711): Calling a method in the system process without a qualified user: android.app.ContextImpl.sendStickyBroadcast:1626 com.android.server.wifi.ClientModeImpl.sendNetworkChangeBroadcast:3008 com.android.server.wifi.ClientModeImpl.lambda$sendNetworkChangeBroadcastWithCurrentState$14:2985 com.android.server.wifi.ClientModeImpl.$r8$lambda$q-j88Pjw4gROgoJFr8wBlBVbuJI:0 com.android.server.wifi.ClientModeImpl$$ExternalSyntheticLambda4.send:0
06-04 20:52:08.251 W/ContextImpl( 711): Calling a method in the system process without a qualified user: android.app.ContextImpl.sendStickyBroadcast:1626 com.android.server.wifi.ClientModeImpl.sendNetworkChangeBroadcast:3008 com.android.server.wifi.ClientModeImpl.lambda$sendNetworkChangeBroadcastWithCurrentState$14:2985 com.android.server.wifi.ClientModeImpl.$r8$lambda$q-j88Pjw4gROgoJFr8wBlBVbuJI:0 com.android.server.wifi.ClientModeImpl$$ExternalSyntheticLambda4.send:0
06-04 20:52:08.278 D/CompatibilityChangeReporter( 711): Compat change id reported: 168419799; UID 1000; state: DISABLED
06-04 20:52:08.279 D/CompatibilityChangeReporter( 711): Compat change id reported: 273564678; UID 1000; state: DISABLED
06-04 20:52:08.288 D/CompatibilityChangeReporter( 711): Compat change id reported: 171306433; UID 1073; state: ENABLED
06-04 20:52:08.334 D/CompatibilityChangeReporter( 711): Compat change id reported: 168419799; UID 10027; state: DISABLED
06-04 20:52:08.334 D/CompatibilityChangeReporter( 711): Compat change id reported: 273564678; UID 10027; state: DISABLED
06-04 20:52:08.351 D/CompatibilityChangeReporter( 711): Compat change id reported: 265195908; UID 10027; state: ENABLED
06-04 20:52:08.365 D/CompatibilityChangeReporter( 711): Compat change id reported: 170503758; UID 10027; state: ENABLED
06-04 20:52:08.481 I/TransportConnection( 711): LocalTransportService#0: Notifying [TransportManager.registerTransport()] transport = BackupTransportClient
06-04 20:52:08.492 D/CompatibilityChangeReporter( 711): Compat change id reported: 135634846; UID 10071; state: DISABLED
06-04 20:52:08.492 D/CompatibilityChangeReporter( 711): Compat change id reported: 177438394; UID 10071; state: DISABLED
06-04 20:52:08.492 D/CompatibilityChangeReporter( 711): Compat change id reported: 135772972; UID 10071; state: DISABLED
06-04 20:52:08.492 D/CompatibilityChangeReporter( 711): Compat change id reported: 135754954; UID 10071; state: ENABLED
06-04 20:52:08.494 D/CompatibilityChangeReporter( 711): Compat change id reported: 143937733; UID 10071; state: ENABLED
06-04 20:52:08.513 D/BackupTransportManager( 711): [UserID:0] Transport com.android.localtransport/.LocalTransportService registered
06-04 20:52:08.513 D/BackupManagerService( 711): [UserID:0] Transport com.android.localtransport/.LocalTransport registered 3467ms after first request (delay = 3000ms)
06-04 20:52:08.536 I/BackupManagerService( 711): [UserID:0] Found 12 stale backup journal(s), scheduling.
06-04 20:52:08.540 I/ActivityManager( 711): Start proc 2141:com.android.rkpdapp/u0a71 for broadcast {com.android.rkpdapp/com.android.rkpdapp.BootReceiver}
06-04 20:52:08.542 V/BackupManagerConstants( 711): getKeyValueBackupIntervalMilliseconds(...) returns 14400000
06-04 20:52:08.542 V/BackupManagerConstants( 711): getKeyValueBackupFuzzMilliseconds(...) returns 600000
06-04 20:52:08.542 V/BackupManagerConstants( 711): getKeyValueBackupRequiredNetworkType(...) returns 1
06-04 20:52:08.542 V/BackupManagerConstants( 711): getKeyValueBackupRequireCharging(...) returns true
06-04 20:52:08.543 V/KeyValueBackupJob( 711): Scheduling k/v pass in 246 minutes
06-04 20:52:08.558 D/CompatibilityChangeReporter( 711): Compat change id reported: 271850009; UID 1000; state: DISABLED
06-04 20:52:08.561 W/ContextImpl( 711): Calling a method in the system process without a qualified user: android.app.ContextImpl.sendStickyBroadcast:1626 com.android.server.wifi.ClientModeImpl.sendNetworkChangeBroadcast:3008 com.android.server.wifi.ClientModeImpl.lambda$sendNetworkChangeBroadcastWithCurrentState$14:2985 com.android.server.wifi.ClientModeImpl.$r8$lambda$q-j88Pjw4gROgoJFr8wBlBVbuJI:0 com.android.server.wifi.ClientModeImpl$$ExternalSyntheticLambda4.send:0
06-04 20:52:08.592 D/CompatibilityChangeReporter( 711): Compat change id reported: 168419799; UID 10071; state: DISABLED
06-04 20:52:08.592 D/CompatibilityChangeReporter( 711): Compat change id reported: 273564678; UID 10071; state: DISABLED
06-04 20:52:08.594 D/CompatibilityChangeReporter( 711): Compat change id reported: 271850009; UID 1000; state: ENABLED
06-04 20:52:08.601 D/CompatibilityChangeReporter( 711): Compat change id reported: 265195908; UID 10071; state: ENABLED
06-04 20:52:08.603 I/AppsFilter( 711): Invalidating cache: grantImplicitAccess: 1000 -> 10027
06-04 20:52:08.609 D/HDMI ( 711): [R]: 0F:87:6D:74:6B
06-04 20:52:08.612 D/HDMI ( 711): [S]: 40:8F
06-04 20:52:08.629 D/CompatibilityChangeReporter( 711): Compat change id reported: 170503758; UID 10071; state: ENABLED
06-04 20:52:08.653 W/BroadcastLoopers( 711): Found previously unknown looper Thread[ConnectivityServiceThread,5,main]
06-04 20:52:08.657 W/ContextImpl( 711): Calling a method in the system process without a qualified user: android.app.ContextImpl.sendStickyBroadcast:1626 com.android.server.wifi.ClientModeImpl.sendNetworkChangeBroadcast:3008 com.android.server.wifi.ClientModeImpl.lambda$sendNetworkChangeBroadcastWithCurrentState$14:2985 com.android.server.wifi.ClientModeImpl.$r8$lambda$q-j88Pjw4gROgoJFr8wBlBVbuJI:0 com.android.server.wifi.ClientModeImpl$$ExternalSyntheticLambda4.send:0
06-04 20:52:08.670 I/AppsFilter( 711): Cache invalidated while building, retrying.
06-04 20:52:08.683 I/BackupManagerService( 711): [UserID:0] Stale backup journals: Scheduled 6 package(s) total
06-04 20:52:08.708 D/CompatibilityChangeReporter( 711): Compat change id reported: 171306433; UID 10018; state: ENABLED
06-04 20:52:08.708 D/CompatibilityChangeReporter( 711): Compat change id reported: 218533173; UID 10018; state: ENABLED
06-04 20:52:08.752 E/NetlinkEvent( 468): NetlinkEvent::FindParam(): Parameter 'INTERFACE' not found
06-04 20:52:08.752 E/NetlinkEvent( 468): NetlinkEvent::FindParam(): Parameter 'STATE' not found
06-04 20:52:08.752 E/NetlinkEvent( 468): NetlinkEvent::FindParam(): Parameter 'TIME_NS' not found
06-04 20:52:08.752 E/NetlinkEvent( 468): NetlinkEvent::FindParam(): Parameter 'UID' not found
06-04 20:52:08.794 I/ActivityManager( 711): com.android.shell is exempt from freezer
06-04 20:52:08.794 D/CompatibilityChangeReporter( 711): Compat change id reported: 135634846; UID 2000; state: DISABLED
06-04 20:52:08.795 D/CompatibilityChangeReporter( 711): Compat change id reported: 177438394; UID 2000; state: DISABLED
06-04 20:52:08.795 D/CompatibilityChangeReporter( 711): Compat change id reported: 135772972; UID 2000; state: DISABLED
06-04 20:52:08.795 D/CompatibilityChangeReporter( 711): Compat change id reported: 135754954; UID 2000; state: ENABLED
06-04 20:52:08.826 W/ContextImpl( 711): Calling a method in the system process without a qualified user: android.app.ContextImpl.sendStickyBroadcast:1626 android.net.connectivity.com.android.server.ConnectivityService.sendStickyBroadcast:3280 android.net.connectivity.com.android.server.ConnectivityService.sendGeneralBroadcast:3250 android.net.connectivity.com.android.server.ConnectivityService.sendConnectedBroadcast:3223 android.net.connectivity.com.android.server.ConnectivityService.sendLegacyNetworkBroadcast:10138
06-04 20:52:08.832 D/CompatibilityChangeReporter( 711): Compat change id reported: 143231523; UID 10018; state: DISABLED
06-04 20:52:08.833 I/ActivityManager( 711): Start proc 2182:com.android.shell/2000 for broadcast {com.android.shell/com.android.shell.HeapDumpReceiver}
06-04 20:52:08.857 W/ContextImpl( 711): Calling a method in the system process without a qualified user: android.app.ContextImpl.sendStickyBroadcast:1626 android.net.connectivity.com.android.server.ConnectivityService.sendStickyBroadcast:3280 android.net.connectivity.com.android.server.ConnectivityService.sendGeneralBroadcast:3250 android.net.connectivity.com.android.server.ConnectivityService.sendInetConditionBroadcast:3227 android.net.connectivity.com.android.server.ConnectivityService.updateInetCondition:9819
06-04 20:52:08.884 E/TaskWorkerFactory( 1473): Cannot create worker: com.android.devicelockcontroller.provision.worker.DeviceCheckInWorker
06-04 20:52:08.884 E/TaskWorkerFactory( 1473): java.lang.NoSuchMethodException: com.android.devicelockcontroller.provision.worker.DeviceCheckInWorker. [class android.content.Context, class androidx.work.WorkerParameters, interface com.google.common.util.concurrent.ListeningExecutorService]
06-04 20:52:08.884 E/TaskWorkerFactory( 1473): at java.lang.Class.getConstructor0(Class.java:3325)
06-04 20:52:08.884 E/TaskWorkerFactory( 1473): at java.lang.Class.getDeclaredConstructor(Class.java:3063)
06-04 20:52:08.884 E/TaskWorkerFactory( 1473): at com.android.devicelockcontroller.policy.TaskWorkerFactory.createWorker(TaskWorkerFactory.java:53)
06-04 20:52:08.884 E/TaskWorkerFactory( 1473): at androidx.work.DelegatingWorkerFactory.createWorker(DelegatingWorkerFactory.java:71)
06-04 20:52:08.884 E/TaskWorkerFactory( 1473): at androidx.work.WorkerFactory.createWorkerWithDefaultFallback(WorkerFactory.java:82)
06-04 20:52:08.884 E/TaskWorkerFactory( 1473): at androidx.work.impl.WorkerWrapper.runWorker(WorkerWrapper.java:240)
06-04 20:52:08.884 E/TaskWorkerFactory( 1473): at androidx.work.impl.WorkerWrapper.run(WorkerWrapper.java:142)
06-04 20:52:08.884 E/TaskWorkerFactory( 1473): at androidx.work.impl.utils.SerialExecutorImpl$Task.run(SerialExecutorImpl.java:96)
06-04 20:52:08.884 E/TaskWorkerFactory( 1473): at java.util.concurrent.ThreadPoolExecutor.runWorker(ThreadPoolExecutor.java:1145)
06-04 20:52:08.884 E/TaskWorkerFactory( 1473): at java.util.concurrent.ThreadPoolExecutor$Worker.run(ThreadPoolExecutor.java:644)
06-04 20:52:08.884 E/TaskWorkerFactory( 1473): at java.lang.Thread.run(Thread.java:1012)
06-04 20:52:08.894 D/CompatibilityChangeReporter( 711): Compat change id reported: 168419799; UID 2000; state: DISABLED
06-04 20:52:08.894 D/CompatibilityChangeReporter( 711): Compat change id reported: 273564678; UID 2000; state: DISABLED
06-04 20:52:08.907 D/CompatibilityChangeReporter( 711): Compat change id reported: 265195908; UID 2000; state: ENABLED
06-04 20:52:09.090 D/CompatibilityChangeReporter( 711): Compat change id reported: 135634846; UID 10026; state: DISABLED
06-04 20:52:09.091 D/CompatibilityChangeReporter( 711): Compat change id reported: 177438394; UID 10026; state: DISABLED
06-04 20:52:09.091 D/CompatibilityChangeReporter( 711): Compat change id reported: 135772972; UID 10026; state: DISABLED
06-04 20:52:09.091 D/CompatibilityChangeReporter( 711): Compat change id reported: 135754954; UID 10026; state: DISABLED
06-04 20:52:09.092 D/CompatibilityChangeReporter( 711): Compat change id reported: 143937733; UID 10026; state: DISABLED
06-04 20:52:09.126 D/CompatibilityChangeReporter( 711): Compat change id reported: 271850009; UID 10071; state: ENABLED
06-04 20:52:09.127 D/CompatibilityChangeReporter( 711): Compat change id reported: 253665015; UID 10071; state: ENABLED
06-04 20:52:09.127 D/CompatibilityChangeReporter( 711): Compat change id reported: 194532703; UID 10071; state: ENABLED
06-04 20:52:09.166 W/ActivityManager( 711): Slow operation: 76ms so far, now at startProcess: returned from zygote!
06-04 20:52:09.169 W/ActivityManager( 711): Slow operation: 76ms so far, now at startProcess: done updating battery stats
06-04 20:52:09.169 W/ActivityManager( 711): Slow operation: 79ms so far, now at startProcess: building log message
06-04 20:52:09.169 I/ActivityManager( 711): Start proc 2230:com.android.statementservice/u0a26 for broadcast {com.android.statementservice/com.android.statementservice.domain.BootCompletedReceiver}
06-04 20:52:09.169 W/ActivityManager( 711): Slow operation: 79ms so far, now at startProcess: starting to update pids map
06-04 20:52:09.170 W/ActivityManager( 711): Slow operation: 80ms so far, now at startProcess: done updating pids map
06-04 20:52:09.200 D/CompatibilityChangeReporter( 711): Compat change id reported: 168419799; UID 10026; state: DISABLED
06-04 20:52:09.200 D/CompatibilityChangeReporter( 711): Compat change id reported: 273564678; UID 10026; state: DISABLED
06-04 20:52:09.204 D/CompatibilityChangeReporter( 711): Compat change id reported: 265195908; UID 10026; state: ENABLED
06-04 20:52:09.207 I/CheckInWorker( 1473): perform check-in request
06-04 20:52:09.216 W/CheckInWorker( 1473): CheckIn failed. No device identifier available!
06-04 20:52:09.248 D/CompatibilityChangeReporter( 711): Compat change id reported: 170503758; UID 10026; state: DISABLED
06-04 20:52:09.449 I/ActivityManager( 711): com.dangbei.zhushou.os is exempt from freezer
06-04 20:52:09.450 D/CompatibilityChangeReporter( 711): Compat change id reported: 135634846; UID 1000; state: DISABLED
06-04 20:52:09.498 D/HDMI ( 711): [R]: 04:90:00
06-04 20:52:09.501 D/HDMI ( 711): addCecDevice new:CEC: logical_address: 0x00 device_type: 0 cec_version: 5 vendor_id: 7173227 display_name: DBX5SPN power_status: 0 physical_address: 0x0000 port_id: -1 old:CEC: logical_address: 0x00 device_type: 0 cec_version: 5 vendor_id: 7173227 display_name: DBX5SPN power_status: 0 physical_address: 0x0000 port_id: -1
06-04 20:52:09.501 W/ActivityManager( 711): Slow operation: 52ms so far, now at startProcess: returned from zygote!
06-04 20:52:09.501 W/ActivityManager( 711): Slow operation: 52ms so far, now at startProcess: done updating battery stats
06-04 20:52:09.501 W/ActivityManager( 711): Slow operation: 52ms so far, now at startProcess: building log message
06-04 20:52:09.501 I/ActivityManager( 711): Start proc 2271:com.dangbei.zhushou.os/1000 for broadcast {com.dangbei.zhushou.os/com.dangbei.projector.assistant.receiver.BootReceiver}
06-04 20:52:09.501 W/ActivityManager( 711): Slow operation: 52ms so far, now at startProcess: starting to update pids map
06-04 20:52:09.501 D/HdmiControlService( 711): Switching to full volume behavior
06-04 20:52:09.501 W/ActivityManager( 711): Slow operation: 53ms so far, now at startProcess: done updating pids map
06-04 20:52:09.502 D/HDMI ( 711): addCecDevice new:CEC: logical_address: 0x04 device_type: 4 cec_version: 5 vendor_id: 1877008 display_name: DBBOX-A3 power_status: 0 physical_address: 0x3000 port_id: 0 old:null
06-04 20:52:09.503 D/HDMI ( 711): Hot-plug detection started.
06-04 20:52:09.546 D/CompatibilityChangeReporter( 711): Compat change id reported: 168419799; UID 1000; state: DISABLED
06-04 20:52:09.547 D/CompatibilityChangeReporter( 711): Compat change id reported: 273564678; UID 1000; state: DISABLED
06-04 20:52:09.815 D/CompatibilityChangeReporter( 711): Compat change id reported: 271850009; UID 10026; state: DISABLED
06-04 20:52:09.816 D/CompatibilityChangeReporter( 711): Compat change id reported: 253665015; UID 10026; state: DISABLED
06-04 20:52:09.816 D/CompatibilityChangeReporter( 711): Compat change id reported: 194532703; UID 10026; state: DISABLED
06-04 20:52:09.855 W/OverlayManager( 711): service 'idmap' died
06-04 20:52:09.930 D/CompatibilityChangeReporter( 711): Compat change id reported: 135634846; UID 10043; state: DISABLED
06-04 20:52:09.931 D/CompatibilityChangeReporter( 711): Compat change id reported: 143937733; UID 10043; state: DISABLED
06-04 20:52:09.953 I/ActivityManager( 711): Start proc 2338:com.dangbei.screencast/u0a43 for broadcast {com.dangbei.screencast/com.dangbei.screencast.startup.BootReceiver}
06-04 20:52:09.960 W/JobScheduler( 711): Job didn't exist in JobStore: be67b7e #u0a71/26 com.android.rkpdapp/androidx.work.impl.background.systemjob.SystemJobService
06-04 20:52:09.993 D/CompatibilityChangeReporter( 711): Compat change id reported: 168419799; UID 10043; state: DISABLED
06-04 20:52:09.994 D/CompatibilityChangeReporter( 711): Compat change id reported: 273564678; UID 10043; state: DISABLED
06-04 20:52:09.997 I/ActivityManager( 711): reportOnUserCompletedEvent(0): stored=10, eligible=111
06-04 20:52:09.997 D/CompatibilityChangeReporter( 711): Compat change id reported: 265195908; UID 10043; state: ENABLED
06-04 20:52:09.998 D/SystemServerTimingAsync( 711): ssm.CompletedEventUser-0
06-04 20:52:09.998 I/SystemServiceManager( 711): Calling onCompletedEventUser 0
06-04 20:52:10.000 D/SystemServerTimingAsync( 711): ssm.onCompletedEventUser-0_{|Unlocked|}_com.android.server.pm.Installer
06-04 20:52:10.000 D/SystemServerTimingAsync( 711): ssm.onCompletedEventUser-0_{|Unlocked|}_com.android.server.flags.FeatureFlagsService
06-04 20:52:10.000 D/SystemServerTimingAsync( 711): ssm.onCompletedEventUser-0_{|Unlocked|}_com.android.server.uri.UriGrantsManagerService$Lifecycle
06-04 20:52:10.000 D/SystemServerTimingAsync( 711): ssm.onCompletedEventUser-0_{|Unlocked|}_com.android.server.powerstats.PowerStatsService
06-04 20:52:10.000 D/SystemServerTimingAsync( 711): ssm.onCompletedEventUser-0_{|Unlocked|}_com.android.server.permission.access.AccessCheckingService
06-04 20:52:10.000 D/SystemServerTimingAsync( 711): ssm.onCompletedEventUser-0_{|Unlocked|}_com.android.server.wm.ActivityTaskManagerService$Lifecycle
06-04 20:52:10.000 D/SystemServerTimingAsync( 711): ssm.onCompletedEventUser-0_{|Unlocked|}_com.android.server.am.ActivityManagerService$Lifecycle
06-04 20:52:10.000 D/SystemServerTimingAsync( 711): ssm.onCompletedEventUser-0_{|Unlocked|}_com.android.server.pm.DataLoaderManagerService
06-04 20:52:10.000 D/SystemServerTimingAsync( 711): ssm.onCompletedEventUser-0_{|Unlocked|}_com.android.server.power.PowerManagerService
06-04 20:52:10.000 D/SystemServerTimingAsync( 711): ssm.onCompletedEventUser-0_{|Unlocked|}_com.android.server.power.ThermalManagerService
06-04 20:52:10.000 D/SystemServerTimingAsync( 711): ssm.onCompletedEventUser-0_{|Unlocked|}_com.android.server.power.hint.HintManagerService
06-04 20:52:10.000 D/SystemServerTimingAsync( 711): ssm.onCompletedEventUser-0_{|Unlocked|}_com.android.server.recoverysystem.RecoverySystemService$Lifecycle
06-04 20:52:10.000 D/SystemServerTimingAsync( 711): ssm.onCompletedEventUser-0_{|Unlocked|}_com.android.server.lights.LightsService
06-04 20:52:10.000 D/SystemServerTimingAsync( 711): ssm.onCompletedEventUser-0_{|Unlocked|}_com.android.server.display.DisplayManagerService
06-04 20:52:10.000 D/SystemServerTimingAsync( 711): ssm.onCompletedEventUser-0_{|Unlocked|}_com.android.server.pm.verify.domain.DomainVerificationService
06-04 20:52:10.000 D/SystemServerTimingAsync( 711): ssm.onCompletedEventUser-0_{|Unlocked|}_com.android.server.pm.PackageInstallerService$Lifecycle
06-04 20:52:10.000 D/SystemServerTimingAsync( 711): ssm.onCompletedEventUser-0_{|Unlocked|}_com.android.server.pm.UserManagerService$LifeCycle
06-04 20:52:10.001 D/SystemServerTimingAsync( 711): ssm.onCompletedEventUser-0_{|Unlocked|}_com.android.server.om.OverlayManagerService
06-04 20:52:10.001 D/SystemServerTimingAsync( 711): ssm.onCompletedEventUser-0_{|Unlocked|}_com.android.server.resources.ResourcesManagerService
06-04 20:52:10.001 D/SystemServerTimingAsync( 711): ssm.onCompletedEventUser-0_{|Unlocked|}_com.android.server.sensorprivacy.SensorPrivacyService
06-04 20:52:10.001 D/SystemServerTimingAsync( 711): ssm.onCompletedEventUser-0_{|Unlocked|}_com.android.server.sensors.SensorService
06-04 20:52:10.001 D/SystemServerTimingAsync( 711): ssm.onCompletedEventUser-0_{|Unlocked|}_com.android.server.SystemConfigService
06-04 20:52:10.001 D/SystemServerTimingAsync( 711): ssm.onCompletedEventUser-0_{|Unlocked|}_com.android.server.BatteryService
06-04 20:52:10.001 D/SystemServerTimingAsync( 711): ssm.onCompletedEventUser-0_{|Unlocked|}_com.android.server.usage.UsageStatsService
06-04 20:52:10.001 D/SystemServerTimingAsync( 711): ssm.onCompletedEventUser-0_{|Unlocked|}_com.android.server.webkit.WebViewUpdateService
06-04 20:52:10.001 D/SystemServerTimingAsync( 711): ssm.onCompletedEventUser-0_{|Unlocked|}_com.android.server.CachedDeviceStateService
06-04 20:52:10.001 D/SystemServerTimingAsync( 711): ssm.onCompletedEventUser-0_{|Unlocked|}_com.android.server.BinderCallsStatsService$LifeCycle
06-04 20:52:10.001 D/SystemServerTimingAsync( 711): ssm.onCompletedEventUser-0_{|Unlocked|}_com.android.server.LooperStatsService$Lifecycle
06-04 20:52:10.001 D/SystemServerTimingAsync( 711): ssm.onCompletedEventUser-0_{|Unlocked|}_com.android.server.rollback.RollbackManagerService
06-04 20:52:10.001 D/SystemServerTimingAsync( 711): ssm.onCompletedEventUser-0_{|Unlocked|}_com.android.server.os.NativeTombstoneManagerService
06-04 20:52:10.001 D/SystemServerTimingAsync( 711): ssm.onCompletedEventUser-0_{|Unlocked|}_com.android.server.os.BugreportManagerService
06-04 20:52:10.001 D/SystemServerTimingAsync( 711): ssm.onCompletedEventUser-0_{|Unlocked|}_com.android.server.gpu.GpuService
06-04 20:52:10.001 D/SystemServerTimingAsync( 711): ssm.onCompletedEventUser-0_{|Unlocked|}_com.android.server.security.rkp.RemoteProvisioningService
06-04 20:52:10.001 D/SystemServerTimingAsync( 711): ssm.onCompletedEventUser-0_{|Unlocked|}_com.android.server.security.KeyChainSystemService
06-04 20:52:10.001 D/SystemServerTimingAsync( 711): ssm.onCompletedEventUser-0_{|Unlocked|}_com.android.server.BinaryTransparencyService
06-04 20:52:10.001 D/SystemServerTimingAsync( 711): ssm.onCompletedEventUser-0_{|Unlocked|}_com.android.server.accounts.AccountManagerService$Lifecycle
06-04 20:52:10.001 D/SystemServerTimingAsync( 711): ssm.onCompletedEventUser-0_{|Unlocked|}_com.android.server.content.ContentService$Lifecycle
06-04 20:52:10.001 D/SystemServerTimingAsync( 711): ssm.onCompletedEventUser-0_{|Unlocked|}_com.android.server.deviceconfig.DeviceConfigInit$Lifecycle
06-04 20:52:10.001 D/SystemServerTimingAsync( 711): ssm.onCompletedEventUser-0_{|Unlocked|}_com.android.server.DropBoxManagerService
06-04 20:52:10.001 D/SystemServerTimingAsync( 711): ssm.onCompletedEventUser-0_{|Unlocked|}_com.android.role.RoleService
06-04 20:52:10.001 D/SystemServerTimingAsync( 711): ssm.onCompletedEventUser-0_{|Unlocked|}_com.android.server.vibrator.VibratorManagerService$Lifecycle
06-04 20:52:10.001 D/SystemServerTimingAsync( 711): ssm.onCompletedEventUser-0_{|Unlocked|}_com.android.server.tare.InternalResourceService
06-04 20:52:10.001 D/SystemServerTimingAsync( 711): ssm.onCompletedEventUser-0_{|Unlocked|}_com.android.server.alarm.AlarmManagerService
06-04 20:52:10.001 D/SystemServerTimingAsync( 711): ssm.onCompletedEventUser-0_{|Unlocked|}_com.android.server.devicestate.DeviceStateManagerService
06-04 20:52:10.002 D/SystemServerTimingAsync( 711): ssm.onCompletedEventUser-0_{|Unlocked|}_com.android.server.camera.CameraServiceProxy
06-04 20:52:10.002 D/SystemServerTimingAsync( 711): ssm.onCompletedEventUser-0_{|Unlocked|}_com.android.server.bluetooth.BluetoothService
06-04 20:52:10.002 D/SystemServerTimingAsync( 711): ssm.onCompletedEventUser-0_{|Unlocked|}_com.android.server.connectivity.IpConnectivityMetrics
06-04 20:52:10.002 D/SystemServerTimingAsync( 711): ssm.onCompletedEventUser-0_{|Unlocked|}_com.android.server.net.watchlist.NetworkWatchlistService$Lifecycle
06-04 20:52:10.002 D/SystemServerTimingAsync( 711): ssm.onCompletedEventUser-0_{|Unlocked|}_com.android.server.PinnerService
06-04 20:52:10.002 D/SystemServerTimingAsync( 711): ssm.onCompletedEventUser-0_{|Unlocked|}_com.android.server.integrity.AppIntegrityManagerService
06-04 20:52:10.002 D/SystemServerTimingAsync( 711): ssm.onCompletedEventUser-0_{|Unlocked|}_com.android.server.logcat.LogcatManagerService
06-04 20:52:10.002 D/SystemServerTimingAsync( 711): ssm.onCompletedEventUser-0_{|Unlocked|}_com.android.server.inputmethod.InputMethodManagerService$Lifecycle
06-04 20:52:10.002 D/SystemServerTimingAsync( 711): ssm.onCompletedEventUser-0_{|Unlocked|}_com.android.server.accessibility.AccessibilityManagerService$Lifecycle
06-04 20:52:10.002 D/SystemServerTimingAsync( 711): ssm.onCompletedEventUser-0_{|Unlocked|}_com.android.server.StorageManagerService$Lifecycle
06-04 20:52:10.002 D/SystemServerTimingAsync( 711): ssm.onCompletedEventUser-0_{|Unlocked|}_com.android.server.usage.StorageStatsService$Lifecycle
06-04 20:52:10.002 D/SystemServerTimingAsync( 711): ssm.onCompletedEventUser-0_{|Unlocked|}_com.android.server.UiModeManagerService
06-04 20:52:10.002 D/SystemServerTimingAsync( 711): ssm.onCompletedEventUser-0_{|Unlocked|}_com.android.server.locales.LocaleManagerService
06-04 20:52:10.002 D/SystemServerTimingAsync( 711): ssm.onCompletedEventUser-0_{|Unlocked|}_com.android.server.grammaticalinflection.GrammaticalInflectionService
06-04 20:52:10.002 D/SystemServerTimingAsync( 711): ssm.onCompletedEventUser-0_{|Unlocked|}_com.android.server.apphibernation.AppHibernationService
06-04 20:52:10.002 D/SystemServerTimingAsync( 711): ssm.onCompletedEventUser-0_{|Unlocked|}_com.android.server.locksettings.LockSettingsService$Lifecycle
06-04 20:52:10.002 D/SystemServerTimingAsync( 711): ssm.onCompletedEventUser-0_{|Unlocked|}_com.android.server.PersistentDataBlockService
06-04 20:52:10.002 D/SystemServerTimingAsync( 711): ssm.onCompletedEventUser-0_{|Unlocked|}_com.android.server.testharness.TestHarnessModeService
06-04 20:52:10.002 D/SystemServerTimingAsync( 711): ssm.onCompletedEventUser-0_{|Unlocked|}_com.android.server.oemlock.OemLockService
06-04 20:52:10.002 D/SystemServerTimingAsync( 711): ssm.onCompletedEventUser-0_{|Unlocked|}_com.android.server.DeviceIdleController
06-04 20:52:10.002 D/SystemServerTimingAsync( 711): ssm.onCompletedEventUser-0_{|Unlocked|}_com.android.server.devicepolicy.DevicePolicyManagerService$Lifecycle
06-04 20:52:10.002 D/SystemServerTimingAsync( 711): ssm.onCompletedEventUser-0_{|Unlocked|}_com.android.server.texttospeech.TextToSpeechManagerService
06-04 20:52:10.002 D/SystemServerTimingAsync( 711): ssm.onCompletedEventUser-0_{|Unlocked|}_com.android.server.ambientcontext.AmbientContextManagerService
06-04 20:52:10.002 D/SystemServerTimingAsync( 711): ssm.onCompletedEventUser-0_{|Unlocked|}_com.android.server.wearable.WearableSensingManagerService
06-04 20:52:10.002 D/SystemServerTimingAsync( 711): ssm.onCompletedEventUser-0_{|Unlocked|}_com.android.server.speech.SpeechRecognitionManagerService
06-04 20:52:10.002 D/SystemServerTimingAsync( 711): ssm.onCompletedEventUser-0_{|Unlocked|}_com.android.server.searchui.SearchUiManagerService
06-04 20:52:10.002 D/SystemServerTimingAsync( 711): ssm.onCompletedEventUser-0_{|Unlocked|}_com.android.server.smartspace.SmartspaceManagerService
06-04 20:52:10.002 D/SystemServerTimingAsync( 711): ssm.onCompletedEventUser-0_{|Unlocked|}_com.android.server.graphics.fonts.FontManagerService$Lifecycle
06-04 20:52:10.002 D/SystemServerTimingAsync( 711): ssm.onCompletedEventUser-0_{|Unlocked|}_com.android.server.textservices.TextServicesManagerService$Lifecycle
06-04 20:52:10.002 D/SystemServerTimingAsync( 711): ssm.onCompletedEventUser-0_{|Unlocked|}_com.android.server.textclassifier.TextClassificationManagerService$Lifecycle
06-04 20:52:10.002 D/SystemServerTimingAsync( 711): ssm.onCompletedEventUser-0_{|Unlocked|}_com.android.server.NetworkScoreService$Lifecycle
06-04 20:52:10.002 D/SystemServerTimingAsync( 711): ssm.onCompletedEventUser-0_{|Unlocked|}_com.android.server.NetworkStatsServiceInitializer
06-04 20:52:10.002 D/SystemServerTimingAsync( 711): ssm.onCompletedEventUser-0_{|Unlocked|}_com.android.server.wifi.WifiService
06-04 20:52:10.002 D/SystemServerTimingAsync( 711): ssm.onCompletedEventUser-0_{|Unlocked|}_com.android.server.wifi.scanner.WifiScanningService
06-04 20:52:10.002 D/SystemServerTimingAsync( 711): ssm.onCompletedEventUser-0_{|Unlocked|}_com.android.server.wifi.p2p.WifiP2pService
06-04 20:52:10.003 D/SystemServerTimingAsync( 711): ssm.onCompletedEventUser-0_{|Unlocked|}_com.android.server.ConnectivityServiceInitializer
06-04 20:52:10.003 D/SystemServerTimingAsync( 711): ssm.onCompletedEventUser-0_{|Unlocked|}_com.android.server.notification.NotificationManagerService
06-04 20:52:10.003 D/SystemServerTimingAsync( 711): ssm.onCompletedEventUser-0_{|Unlocked|}_com.android.server.storage.DeviceStorageMonitorService
06-04 20:52:10.003 D/SystemServerTimingAsync( 711): ssm.onCompletedEventUser-0_{|Unlocked|}_com.android.server.timedetector.TimeDetectorService$Lifecycle
06-04 20:52:10.003 D/SystemServerTimingAsync( 711): ssm.onCompletedEventUser-0_{|Unlocked|}_com.android.server.location.LocationManagerService$Lifecycle
06-04 20:52:10.003 D/SystemServerTimingAsync( 711): ssm.onCompletedEventUser-0_{|Unlocked|}_com.android.server.timezonedetector.TimeZoneDetectorService$Lifecycle
06-04 20:52:10.003 D/SystemServerTimingAsync( 711): ssm.onCompletedEventUser-0_{|Unlocked|}_com.android.server.location.altitude.AltitudeService$Lifecycle
06-04 20:52:10.003 D/SystemServerTimingAsync( 711): ssm.onCompletedEventUser-0_{|Unlocked|}_com.android.server.timezonedetector.location.LocationTimeZoneManagerService$Lifecycle
06-04 20:52:10.003 D/SystemServerTimingAsync( 711): ssm.onCompletedEventUser-0_{|Unlocked|}_com.android.server.search.SearchManagerService$Lifecycle
06-04 20:52:10.003 D/SystemServerTimingAsync( 711): ssm.onCompletedEventUser-0_{|Unlocked|}_com.android.server.wallpaper.WallpaperManagerService$Lifecycle
06-04 20:52:10.003 D/SystemServerTimingAsync( 711): ssm.onCompletedEventUser-0_{|Unlocked|}_com.android.server.wallpapereffectsgeneration.WallpaperEffectsGenerationManagerService
06-04 20:52:10.003 D/SystemServerTimingAsync( 711): ssm.onCompletedEventUser-0_{|Unlocked|}_com.android.server.audio.AudioService$Lifecycle
06-04 20:52:10.003 D/SystemServerTimingAsync( 711): ssm.onCompletedEventUser-0_{|Unlocked|}_com.android.server.soundtrigger_middleware.SoundTriggerMiddlewareService$Lifecycle
06-04 20:52:10.003 D/SystemServerTimingAsync( 711): ssm.onCompletedEventUser-0_{|Unlocked|}_com.android.server.adb.AdbService$Lifecycle
06-04 20:52:10.003 D/SystemServerTimingAsync( 711): ssm.onCompletedEventUser-0_{|Unlocked|}_com.android.server.usb.UsbService$Lifecycle
06-04 20:52:10.003 D/SystemServerTimingAsync( 711): ssm.onCompletedEventUser-0_{|Unlocked|}_com.android.server.twilight.TwilightService
06-04 20:52:10.003 D/SystemServerTimingAsync( 711): ssm.onCompletedEventUser-0_{|Unlocked|}_com.android.server.display.color.ColorDisplayService
06-04 20:52:10.003 D/SystemServerTimingAsync( 711): ssm.onCompletedEventUser-0_{|Unlocked|}_com.android.server.job.JobSchedulerService
06-04 20:52:10.003 D/SystemServerTimingAsync( 711): ssm.onCompletedEventUser-0_{|Unlocked|}_com.android.server.soundtrigger.SoundTriggerService
06-04 20:52:10.003 D/SystemServerTimingAsync( 711): ssm.onCompletedEventUser-0_{|Unlocked|}_com.android.server.trust.TrustManagerService
06-04 20:52:10.003 D/SystemServerTimingAsync( 711): ssm.onCompletedEventUser-0_{|Unlocked|}_com.android.server.backup.BackupManagerService$Lifecycle
06-04 20:52:10.003 D/SystemServerTimingAsync( 711): ssm.onCompletedEventUser-0_{|Unlocked|}_com.android.server.appwidget.AppWidgetService
06-04 20:52:10.003 D/SystemServerTimingAsync( 711): ssm.onCompletedEventUser-0_{|Unlocked|}_com.android.server.voiceinteraction.VoiceInteractionManagerService
06-04 20:52:10.003 D/SystemServerTimingAsync( 711): ssm.onCompletedEventUser-0_{|Unlocked|}_com.android.server.GestureLauncherService
06-04 20:52:10.003 D/SystemServerTimingAsync( 711): ssm.onCompletedEventUser-0_{|Unlocked|}_com.android.server.SensorNotificationService
06-04 20:52:10.003 D/SystemServerTimingAsync( 711): ssm.onCompletedEventUser-0_{|Unlocked|}_com.android.server.emergency.EmergencyAffordanceService
06-04 20:52:10.003 D/SystemServerTimingAsync( 711): ssm.onCompletedEventUser-0_{|Unlocked|}_com.android.server.blob.BlobStoreManagerService
06-04 20:52:10.003 D/SystemServerTimingAsync( 711): ssm.onCompletedEventUser-0_{|Unlocked|}_com.android.server.dreams.DreamManagerService
06-04 20:52:10.003 D/SystemServerTimingAsync( 711): ssm.onCompletedEventUser-0_{|Unlocked|}_com.android.server.security.AttestationVerificationManagerService
06-04 20:52:10.003 D/SystemServerTimingAsync( 711): ssm.onCompletedEventUser-0_{|Unlocked|}_com.android.server.restrictions.RestrictionsManagerService
06-04 20:52:10.003 D/SystemServerTimingAsync( 711): ssm.onCompletedEventUser-0_{|Unlocked|}_com.android.server.media.MediaSessionService
06-04 20:52:10.003 D/SystemServerTimingAsync( 711): ssm.onCompletedEventUser-0_{|Unlocked|}_com.android.server.hdmi.HdmiControlService
06-04 20:52:10.003 D/SystemServerTimingAsync( 711): ssm.onCompletedEventUser-0_{|Unlocked|}_com.android.server.tv.interactive.TvInteractiveAppManagerService
06-04 20:52:10.003 D/SystemServerTimingAsync( 711): ssm.onCompletedEventUser-0_{|Unlocked|}_com.android.server.tv.TvInputManagerService
06-04 20:52:10.004 D/SystemServerTimingAsync( 711): ssm.onCompletedEventUser-0_{|Unlocked|}_com.android.server.media.MediaResourceMonitorService
06-04 20:52:10.004 D/SystemServerTimingAsync( 711): ssm.onCompletedEventUser-0_{|Unlocked|}_com.android.server.tv.TvRemoteService
06-04 20:52:10.004 D/SystemServerTimingAsync( 711): ssm.onCompletedEventUser-0_{|Unlocked|}_com.android.server.biometrics.BiometricService
06-04 20:52:10.004 D/SystemServerTimingAsync( 711): ssm.onCompletedEventUser-0_{|Unlocked|}_com.android.server.biometrics.AuthService
06-04 20:52:10.004 D/SystemServerTimingAsync( 711): ssm.onCompletedEventUser-0_{|Unlocked|}_com.android.server.pm.ShortcutService$Lifecycle
06-04 20:52:10.004 D/SystemServerTimingAsync( 711): ssm.onCompletedEventUser-0_{|Unlocked|}_com.android.server.pm.LauncherAppsService
06-04 20:52:10.004 D/SystemServerTimingAsync( 711): ssm.onCompletedEventUser-0_{|Unlocked|}_com.android.server.pm.CrossProfileAppsService
06-04 20:52:10.004 D/SystemServerTimingAsync( 711): ssm.onCompletedEventUser-0_{|Unlocked|}_com.android.server.people.PeopleService
06-04 20:52:10.004 D/SystemServerTimingAsync( 711): ssm.onCompletedEventUser-0_{|Unlocked|}_com.android.server.media.metrics.MediaMetricsManagerService
06-04 20:52:10.004 D/SystemServerTimingAsync( 711): ssm.onCompletedEventUser-0_{|Unlocked|}_com.android.server.pm.BackgroundInstallControlService
06-04 20:52:10.004 D/SystemServerTimingAsync( 711): ssm.onCompletedEventUser-0_{|Unlocked|}_com.android.server.media.projection.MediaProjectionManagerService
06-04 20:52:10.004 D/SystemServerTimingAsync( 711): ssm.onCompletedEventUser-0_{|Unlocked|}_com.android.server.slice.SliceManagerService$Lifecycle
06-04 20:52:10.004 D/SystemServerTimingAsync( 711): ssm.onCompletedEventUser-0_{|Unlocked|}_com.android.server.stats.StatsCompanion$Lifecycle
06-04 20:52:10.004 D/SystemServerTimingAsync( 711): ssm.onCompletedEventUser-0_{|Unlocked|}_com.android.server.scheduling.RebootReadinessManagerService$Lifecycle
06-04 20:52:10.004 D/SystemServerTimingAsync( 711): ssm.onCompletedEventUser-0_{|Unlocked|}_com.android.server.stats.pull.StatsPullAtomService
06-04 20:52:10.004 D/SystemServerTimingAsync( 711): ssm.onCompletedEventUser-0_{|Unlocked|}_com.android.server.stats.bootstrap.StatsBootstrapAtomService$Lifecycle
06-04 20:52:10.004 D/SystemServerTimingAsync( 711): ssm.onCompletedEventUser-0_{|Unlocked|}_com.android.server.incident.IncidentCompanionService
06-04 20:52:10.004 D/SystemServerTimingAsync( 711): ssm.onCompletedEventUser-0_{|Unlocked|}_com.android.server.sdksandbox.SdkSandboxManagerService$Lifecycle
06-04 20:52:10.004 D/SystemServerTimingAsync( 711): ssm.onCompletedEventUser-0_{|Unlocked|}_com.android.server.adservices.AdServicesManagerService$Lifecycle
06-04 20:52:10.004 D/SystemServerTimingAsync( 711): ssm.onCompletedEventUser-0_{|Unlocked|}_com.android.server.ondevicepersonalization.OnDevicePersonalizationSystemService$Lifecycle
06-04 20:52:10.004 D/SystemServerTimingAsync( 711): ssm.onCompletedEventUser-0_{|Unlocked|}_com.android.server.autofill.AutofillManagerService
06-04 20:52:10.004 D/SystemServerTimingAsync( 711): ssm.onCompletedEventUser-0_{|Unlocked|}_com.android.server.clipboard.ClipboardService
06-04 20:52:10.004 D/SystemServerTimingAsync( 711): ssm.onCompletedEventUser-0_{|Unlocked|}_com.android.server.appbinding.AppBindingService$Lifecycle
06-04 20:52:10.004 D/SystemServerTimingAsync( 711): ssm.onCompletedEventUser-0_{|Unlocked|}_com.android.server.tracing.TracingServiceProxy
06-04 20:52:10.004 D/SystemServerTimingAsync( 711): ssm.onCompletedEventUser-0_{|Unlocked|}_com.android.server.policy.PermissionPolicyService
06-04 20:52:10.004 D/SystemServerTimingAsync( 711): ssm.onCompletedEventUser-0_{|Unlocked|}_com.android.server.pm.StagingManager$Lifecycle
06-04 20:52:10.004 D/SystemServerTimingAsync( 711): ssm.onCompletedEventUser-0_{|Unlocked|}_com.android.server.app.GameManagerService$Lifecycle
06-04 20:52:10.004 D/SystemServerTimingAsync( 711): ssm.onCompletedEventUser-0_{|Unlocked|}_com.android.safetycenter.SafetyCenterService
06-04 20:52:10.004 D/SystemServerTimingAsync( 711): ssm.onCompletedEventUser-0_{|Unlocked|}_com.android.server.appsearch.AppSearchModule$Lifecycle
06-04 20:52:10.004 D/SystemServerTimingAsync( 711): ssm.onCompletedEventUser-0_{|Unlocked|}_com.android.server.media.MediaCommunicationService
06-04 20:52:10.004 D/SystemServerTimingAsync( 711): ssm.onCompletedEventUser-0_{|Unlocked|}_com.android.server.compat.overrides.AppCompatOverridesService$Lifecycle
06-04 20:52:10.004 D/SystemServerTimingAsync( 711): ssm.onCompletedEventUser-0_{|Unlocked|}_com.android.server.healthconnect.HealthConnectManagerService
06-04 20:52:10.004 D/SystemServerTimingAsync( 711): ssm.onCompletedEventUser-0_{|Unlocked|}_com.android.server.devicelock.DeviceLockService
06-04 20:52:10.008 D/SystemServerTimingAsync( 711): ssm.onCompletedEventUser-0_{|Unlocked|}_com.android.server.os.DeviceIdentifiersPolicyService
06-04 20:52:10.010 D/SystemServerTimingAsync( 711): ssm.onCompletedEventUser-0_{|Unlocked|}_com.android.server.security.FileIntegrityService
06-04 20:52:10.013 D/CompatibilityChangeReporter( 711): Compat change id reported: 170503758; UID 10043; state: DISABLED
06-04 20:52:10.030 D/OomAdjuster( 711): Not killing cached processes
06-04 20:52:10.160 W/ActivityManager( 711): Background start not allowed: service Intent { act=com.dangbei.screencast.STARTUP pkg=com.dangbei.screencast } to com.dangbei.screencast/.startup.StartupService from pid=2338 uid=10043 pkg=com.dangbei.screencast startFg?=false
06-04 20:52:10.170 W/ActivityManager( 711): Background start not allowed: service Intent { act=com.dangbei.screencast.STARTUP pkg=com.dangbei.screencast } to com.dangbei.screencast/.startup.StartupService from pid=2338 uid=10043 pkg=com.dangbei.screencast startFg?=false
06-04 20:52:10.193 I/BroadcastQueue( 711): BOOT_COMPLETED_BROADCAST_COMPLETION_LATENCY_REPORTED action:android.intent.action.BOOT_COMPLETED dispatchLatency:-23098 completeLatency:5198 dispatchRealLatency:-23098 completeRealLatency:5198 receiversSize:41 userId:0 userType:android.os.usertype.full.SYSTEM
06-04 20:52:10.194 I/ActivityManager( 711): Finished processing BOOT_COMPLETED for u0
06-04 20:52:10.227 D/CompatibilityChangeReporter( 711): Compat change id reported: 149924527; UID 10043; state: ENABLED
06-04 20:52:10.228 D/CompatibilityChangeReporter( 711): Compat change id reported: 132649864; UID 10043; state: DISABLED
06-04 20:52:10.263 D/CompatibilityChangeReporter( 711): Compat change id reported: 161145287; UID 10043; state: DISABLED
06-04 20:52:10.352 D/CompatibilityChangeReporter( 711): Compat change id reported: 135634846; UID 10019; state: DISABLED
06-04 20:52:10.352 D/CompatibilityChangeReporter( 711): Compat change id reported: 177438394; UID 10019; state: DISABLED
06-04 20:52:10.352 D/CompatibilityChangeReporter( 711): Compat change id reported: 135772972; UID 10019; state: DISABLED
06-04 20:52:10.352 D/CompatibilityChangeReporter( 711): Compat change id reported: 135754954; UID 10019; state: ENABLED
06-04 20:52:10.353 D/CompatibilityChangeReporter( 711): Compat change id reported: 143937733; UID 10019; state: ENABLED
06-04 20:52:10.367 I/ActivityManager( 711): Start proc 2406:com.android.externalstorage/u0a19 for broadcast {com.android.externalstorage/com.android.externalstorage.MountReceiver}
