06-04 20:52:05.094 D/CompatibilityChangeReporter( 711): Compat change id reported: 177438394; UID 10049; state: DISABLED
06-04 20:52:05.094 D/CompatibilityChangeReporter( 711): Compat change id reported: 135772972; UID 10049; state: DISABLED
06-04 20:52:05.094 D/CompatibilityChangeReporter( 711): Compat change id reported: 135754954; UID 10049; state: ENABLED
06-04 20:52:05.095 D/SystemServerTiming( 711): getUserSwitchability-0
06-04 20:52:05.095 D/SystemServerTiming( 711): TM.isInCall
06-04 20:52:05.097 D/SystemServerTiming( 711): hasUserRestriction-DISALLOW_USER_SWITCH
06-04 20:52:05.097 D/SystemServerTiming( 711): getInt-ALLOW_USER_SWITCHING_WHEN_SYSTEM_USER_LOCKED
06-04 20:52:05.097 D/SystemServerTiming( 711): isUserUnlocked-USER_SYSTEM
06-04 20:52:05.097 I/ActivityManager( 711): com.oranth.ledstatus is exempt from freezer
06-04 20:52:05.101 D/SystemServerTiming( 711): getUserSwitchability-0
06-04 20:52:05.101 D/SystemServerTiming( 711): TM.isInCall
06-04 20:52:05.102 D/SystemServerTiming( 711): hasUserRestriction-DISALLOW_USER_SWITCH
06-04 20:52:05.102 D/SystemServerTiming( 711): getInt-ALLOW_USER_SWITCHING_WHEN_SYSTEM_USER_LOCKED
06-04 20:52:05.102 D/SystemServerTiming( 711): isUserUnlocked-USER_SYSTEM
06-04 20:52:05.104 I/MediaSessionStack( 711): addSession to bottom of stack | record: com.android.bluetooth/BluetoothMediaBrowserService (userId=0)
06-04 20:52:05.105 D/CompatibilityChangeReporter( 711): Compat change id reported: 161252188; UID 1000; state: DISABLED
06-04 20:52:05.106 I/ActivityManager( 711): com.android.keychain is exempt from freezer
06-04 20:52:05.108 W/ActivityManager( 711): Slow operation: 148ms so far, now at startProcess: returned from zygote!
06-04 20:52:05.109 W/ActivityManager( 711): Slow operation: 149ms so far, now at startProcess: done updating battery stats
06-04 20:52:05.109 W/ActivityManager( 711): Slow operation: 149ms so far, now at startProcess: building log message
06-04 20:52:05.109 I/ActivityManager( 711): Start proc 1526:com.dangbei.lerad.etna.haqu/1000 for added application com.dangbei.lerad.etna.haqu
06-04 20:52:05.109 W/ActivityManager( 711): Slow operation: 149ms so far, now at startProcess: starting to update pids map
06-04 20:52:05.109 W/ActivityManager( 711): Slow operation: 149ms so far, now at startProcess: done updating pids map
06-04 20:52:05.109 W/ActivityManager( 711): Slow operation: 137ms so far, now at startProcess: asking zygote to start proc
06-04 20:52:05.109 D/CompatibilityChangeReporter( 711): Compat change id reported: 143937733; UID 10039; state: DISABLED
06-04 20:52:05.111 D/SystemServerTiming( 711): getUserSwitchability-0
06-04 20:52:05.111 D/SystemServerTiming( 711): TM.isInCall
06-04 20:52:05.112 D/SystemServerTiming( 711): hasUserRestriction-DISALLOW_USER_SWITCH
06-04 20:52:05.112 D/SystemServerTiming( 711): getInt-ALLOW_USER_SWITCHING_WHEN_SYSTEM_USER_LOCKED
06-04 20:52:05.112 D/SystemServerTiming( 711): isUserUnlocked-USER_SYSTEM
06-04 20:52:05.114 I/UsageStatsService( 711): User[0] Rollover scheduled @ 2025-06-05 20:09:16(1749125356592)
06-04 20:52:05.116 D/SystemServerTiming( 711): getUserSwitchability-0
06-04 20:52:05.116 D/SystemServerTiming( 711): TM.isInCall
06-04 20:52:05.117 D/SystemServerTiming( 711): hasUserRestriction-DISALLOW_USER_SWITCH
06-04 20:52:05.117 D/SystemServerTiming( 711): getInt-ALLOW_USER_SWITCHING_WHEN_SYSTEM_USER_LOCKED
06-04 20:52:05.117 D/SystemServerTiming( 711): isUserUnlocked-USER_SYSTEM
06-04 20:52:05.141 D/SystemServerTiming( 711): getUserSwitchability-0
06-04 20:52:05.141 D/SystemServerTiming( 711): TM.isInCall
06-04 20:52:05.141 D/SystemServerTiming( 711): hasUserRestriction-DISALLOW_USER_SWITCH
06-04 20:52:05.141 D/SystemServerTiming( 711): getInt-ALLOW_USER_SWITCHING_WHEN_SYSTEM_USER_LOCKED
06-04 20:52:05.141 D/SystemServerTiming( 711): isUserUnlocked-USER_SYSTEM
06-04 20:52:05.143 D/SystemServerTiming( 711): getUserSwitchability-0
06-04 20:52:05.143 D/SystemServerTiming( 711): TM.isInCall
06-04 20:52:05.143 D/SystemServerTiming( 711): hasUserRestriction-DISALLOW_USER_SWITCH
06-04 20:52:05.143 D/SystemServerTiming( 711): getInt-ALLOW_USER_SWITCHING_WHEN_SYSTEM_USER_LOCKED
06-04 20:52:05.143 D/SystemServerTiming( 711): isUserUnlocked-USER_SYSTEM
06-04 20:52:05.152 D/WindowManagerShell( 1328): TvPipController: onTaskStackChanged()
06-04 20:52:05.159 V/NotificationAssistants( 711): 0 notification assistant service connected: ComponentInfo{android.ext.services/android.ext.services.notification.Assistant}
06-04 20:52:05.167 I/MediaSessionStack( 711): addSession to bottom of stack | record: com.android.bluetooth/BluetoothMediaBrowserService (userId=0)
06-04 20:52:05.168 D/CompatibilityChangeReporter( 711): Compat change id reported: 168419799; UID 1000; state: DISABLED
06-04 20:52:05.169 D/CompatibilityChangeReporter( 711): Compat change id reported: 273564678; UID 1000; state: DISABLED
06-04 20:52:05.175 W/ActivityManager( 711): Slow operation: 203ms so far, now at startProcess: returned from zygote!
06-04 20:52:05.176 W/ActivityManager( 711): Slow operation: 204ms so far, now at startProcess: done updating battery stats
06-04 20:52:05.176 W/ActivityManager( 711): Slow operation: 204ms so far, now at startProcess: building log message
06-04 20:52:05.176 I/ActivityManager( 711): Start proc 1550:com.sohu.inputmethod.sogou.tv/u0a39 for service {com.sohu.inputmethod.sogou.tv/com.sohu.inputmethod.sogou.tv.SogouIME}
06-04 20:52:05.176 W/ActivityManager( 711): Slow operation: 204ms so far, now at startProcess: starting to update pids map
06-04 20:52:05.176 W/ActivityManager( 711): Slow operation: 204ms so far, now at startProcess: done updating pids map
06-04 20:52:05.176 W/ActivityManager( 711): Slow operation: 101ms so far, now at startProcess: asking zygote to start proc
06-04 20:52:05.178 I/SyncManager( 711): Loaded persisted syncs: 0 periodic syncs, 0 oneshot syncs, 0 total system server jobs, JobStats: FirstLoad: 5/3/0 LastSave: -1/-1/-1
06-04 20:52:05.236 W/ActivityManager( 711): Slow operation: 161ms so far, now at startProcess: returned from zygote!
06-04 20:52:05.300 D/CompatibilityChangeReporter( 711): Compat change id reported: 261072174; UID 1000; state: ENABLED
06-04 20:52:05.303 D/CompatibilityChangeReporter( 711): Compat change id reported: 161145287; UID 1000; state: DISABLED
06-04 20:52:05.304 D/CompatibilityChangeReporter( 711): Compat change id reported: 161145287; UID 1000; state: ENABLED
06-04 20:52:05.306 W/ActivityManager( 711): Slow operation: 231ms so far, now at startProcess: done updating battery stats
06-04 20:52:05.306 W/ActivityManager( 711): Slow operation: 231ms so far, now at startProcess: building log message
06-04 20:52:05.306 I/ActivityManager( 711): Start proc 1559:com.dangbei.leard.leradlauncher/1000 for top-activity {com.dangbei.leard.leradlauncher/com.dangbei.launcher.home.LauncherActivity}
06-04 20:52:05.306 W/ActivityManager( 711): Slow operation: 231ms so far, now at startProcess: starting to update pids map
06-04 20:52:05.306 W/ActivityManager( 711): Slow operation: 231ms so far, now at startProcess: done updating pids map
06-04 20:52:05.306 W/ActivityManager( 711): Slow operation: 213ms so far, now at startProcess: asking zygote to start proc
06-04 20:52:05.307 D/CompatibilityChangeReporter( 711): Compat change id reported: 143937733; UID 10049; state: ENABLED
06-04 20:52:05.307 D/CompatibilityChangeReporter( 711): Compat change id reported: 168419799; UID 10039; state: DISABLED
06-04 20:52:05.307 D/CompatibilityChangeReporter( 711): Compat change id reported: 273564678; UID 10039; state: DISABLED
06-04 20:52:05.315 D/CompatibilityChangeReporter( 711): Compat change id reported: 265195908; UID 10039; state: ENABLED
06-04 20:52:05.317 D/CompatibilityChangeReporter( 711): Compat change id reported: 168419799; UID 1000; state: DISABLED
06-04 20:52:05.318 D/CompatibilityChangeReporter( 711): Compat change id reported: 273564678; UID 1000; state: DISABLED
06-04 20:52:05.325 W/ActivityManager( 711): Slow operation: 232ms so far, now at startProcess: returned from zygote!
06-04 20:52:05.325 W/ActivityManager( 711): Slow operation: 232ms so far, now at startProcess: done updating battery stats
06-04 20:52:05.325 W/ActivityManager( 711): Slow operation: 233ms so far, now at startProcess: building log message
06-04 20:52:05.325 I/ActivityManager( 711): Start proc 1584:com.android.music/u0a49 for service {com.android.music/com.android.music.MediaPlaybackService}
06-04 20:52:05.326 W/ActivityManager( 711): Slow operation: 233ms so far, now at startProcess: starting to update pids map
06-04 20:52:05.326 W/ActivityManager( 711): Slow operation: 233ms so far, now at startProcess: done updating pids map
06-04 20:52:05.326 W/ActivityManager( 711): Slow operation: 229ms so far, now at startProcess: asking zygote to start proc
06-04 20:52:05.345 D/CompatibilityChangeReporter( 711): Compat change id reported: 170503758; UID 10039; state: DISABLED
06-04 20:52:05.377 I/UsageStatsService( 711): User[0] Flushing usage stats to disk
06-04 20:52:05.382 I/BackupManagerService( 711): isBackupEnabled() => false due to absent settings file
06-04 20:52:05.382 D/BackupManagerService( 711): user:0 readBackupEnableState enabled:false
06-04 20:52:05.382 I/BackupManagerService( 711): [UserID:0] Backup enabled => false
06-04 20:52:05.385 D/CompatibilityChangeReporter( 711): Compat change id reported: 168419799; UID 10049; state: DISABLED
06-04 20:52:05.385 D/CompatibilityChangeReporter( 711): Compat change id reported: 273564678; UID 10049; state: DISABLED
06-04 20:52:05.386 W/ActivityManager( 711): Slow operation: 289ms so far, now at startProcess: returned from zygote!
06-04 20:52:05.389 W/ActivityManager( 711): Slow operation: 292ms so far, now at startProcess: done updating battery stats
06-04 20:52:05.390 W/ActivityManager( 711): Slow operation: 293ms so far, now at startProcess: building log message
06-04 20:52:05.390 I/ActivityManager( 711): Start proc 1601:com.oranth.ledstatus/1000 for broadcast {com.oranth.ledstatus/com.oranth.ledstatus.BootCompletedReceiver}
06-04 20:52:05.390 W/ActivityManager( 711): Slow operation: 293ms so far, now at startProcess: starting to update pids map
06-04 20:52:05.390 W/ActivityManager( 711): Slow operation: 293ms so far, now at startProcess: done updating pids map
06-04 20:52:05.390 D/CompatibilityChangeReporter( 711): Compat change id reported: 265195908; UID 10049; state: ENABLED
06-04 20:52:05.390 W/ActivityManager( 711): Slow operation: 284ms so far, now at startProcess: asking zygote to start proc
06-04 20:52:05.398 D/CompatibilityChangeReporter( 711): Compat change id reported: 170503758; UID 10049; state: DISABLED
06-04 20:52:05.407 W/ActivityManager( 711): Slow operation: 301ms so far, now at startProcess: returned from zygote!
06-04 20:52:05.407 W/ActivityManager( 711): Slow operation: 301ms so far, now at startProcess: done updating battery stats
06-04 20:52:05.407 W/ActivityManager( 711): Slow operation: 301ms so far, now at startProcess: building log message
06-04 20:52:05.407 I/ActivityManager( 711): Start proc 1605:com.android.keychain/1000 for service {com.android.keychain/com.android.keychain.KeyChainService}
06-04 20:52:05.407 W/ActivityManager( 711): Slow operation: 301ms so far, now at startProcess: starting to update pids map
06-04 20:52:05.408 W/ActivityManager( 711): Slow operation: 302ms so far, now at startProcess: done updating pids map
06-04 20:52:05.456 W/StorageManagerService( 711): Reporting emulated;0 unmounted due to system locked
06-04 20:52:05.482 D/CompatibilityChangeReporter( 711): Compat change id reported: 168419799; UID 1000; state: DISABLED
06-04 20:52:05.482 D/CompatibilityChangeReporter( 711): Compat change id reported: 273564678; UID 1000; state: DISABLED
06-04 20:52:05.490 D/CompatibilityChangeReporter( 711): Compat change id reported: 168419799; UID 1000; state: DISABLED
06-04 20:52:05.491 D/CompatibilityChangeReporter( 711): Compat change id reported: 273564678; UID 1000; state: DISABLED
06-04 20:52:05.522 V/WindowManager( 711): app ------------- force_land :0
06-04 20:52:05.527 D/CompatibilityChangeReporter( 711): Compat change id reported: 197654537; UID 1000; state: DISABLED
06-04 20:52:05.534 I/MediaSessionStack( 711): addSession to bottom of stack | record: com.android.music/MediaPlaybackService (userId=0)
06-04 20:52:05.568 W/StorageManagerService( 711): Reporting emulated;0 unmounted due to system locked
06-04 20:52:05.580 D/WallpaperManagerService( 711): Wallpaper_selinux_restorecon-0
06-04 20:52:05.582 W/StorageManagerService( 711): Reporting emulated;0 unmounted due to system locked
06-04 20:52:05.641 D/CompatibilityChangeReporter( 711): Compat change id reported: 261072174; UID 10052; state: ENABLED
06-04 20:52:05.689 I/ActivityManager( 711): com.oranth.storage is exempt from freezer
06-04 20:52:05.690 D/CompatibilityChangeReporter( 711): Compat change id reported: 135634846; UID 1000; state: DISABLED
06-04 20:52:05.698 W/WindowManager( 711): [addWindow] title:InputMethod
06-04 20:52:05.701 W/ContextImpl( 1601): Calling a method in the system process without a qualified user: android.app.ContextImpl.startService:1899 android.content.ContextWrapper.startService:825 android.content.ContextWrapper.startService:825 com.oranth.ledstatus.BootCompletedReceiver.onReceive:15 android.app.ActivityThread.handleReceiver:4494
06-04 20:52:05.713 D/CoreBackPreview( 711): Window{4fcb1d8 u0 InputMethod}: Setting back callback OnBackInvokedCallbackInfo{mCallback=android.window.IOnBackInvokedCallback$Stub$Proxy@102f3ee, mPriority=0, mIsAnimationCallback=false}
06-04 20:52:05.716 D/CompatibilityChangeReporter( 711): Compat change id reported: 161145287; UID 10039; state: DISABLED
06-04 20:52:05.720 D/HdmiCecController( 711): [P]:AllocatedAddress=[0]
06-04 20:52:05.723 D/HDMI ( 711): [S]: 40:83
06-04 20:52:05.741 W/ActivityManager( 711): Slow operation: 52ms so far, now at startProcess: returned from zygote!
06-04 20:52:05.742 W/ActivityManager( 711): Slow operation: 53ms so far, now at startProcess: done updating battery stats
06-04 20:52:05.742 W/ActivityManager( 711): Slow operation: 53ms so far, now at startProcess: building log message
06-04 20:52:05.742 I/ActivityManager( 711): Start proc 1672:com.oranth.storage/1000 for broadcast {com.oranth.storage/com.oranth.storage.BootCompletedReceiver}
06-04 20:52:05.742 W/ActivityManager( 711): Slow operation: 53ms so far, now at startProcess: starting to update pids map
06-04 20:52:05.742 W/ActivityManager( 711): Slow operation: 53ms so far, now at startProcess: done updating pids map
06-04 20:52:05.748 D/CompatibilityChangeReporter( 711): Compat change id reported: 161145287; UID 10058; state: ENABLED
06-04 20:52:05.812 W/StorageManagerService( 711): Reporting emulated;0 unmounted due to system locked
06-04 20:52:05.828 I/StorageUserConnection( 711): Service: [ComponentInfo{com.android.providers.media.module/com.android.providers.media.fuse.ExternalStorageServiceImpl}] connected. User [0]
06-04 20:52:05.845 W/StorageManagerService( 711): Reporting emulated;0 unmounted due to system locked
06-04 20:52:05.848 W/StorageManagerService( 711): Reporting emulated;0 unmounted due to system locked
06-04 20:52:05.848 D/CompatibilityChangeReporter( 711): Compat change id reported: 168419799; UID 1000; state: DISABLED
06-04 20:52:05.849 D/CompatibilityChangeReporter( 711): Compat change id reported: 273564678; UID 1000; state: DISABLED
06-04 20:52:05.854 W/StorageManagerService( 711): Reporting emulated;0 unmounted due to system locked
06-04 20:52:05.856 W/StorageManagerService( 711): Reporting emulated;0 unmounted due to system locked
06-04 20:52:05.859 W/StorageManagerService( 711): Reporting emulated;0 unmounted due to system locked
06-04 20:52:05.862 W/StorageManagerService( 711): Reporting emulated;0 unmounted due to system locked
06-04 20:52:05.862 W/StorageManagerService( 711): Reporting emulated;0 unmounted due to system locked
06-04 20:52:05.864 D/CompatibilityChangeReporter( 711): Compat change id reported: 149924527; UID 10039; state: ENABLED
06-04 20:52:05.865 D/CompatibilityChangeReporter( 711): Compat change id reported: 132649864; UID 10039; state: DISABLED
06-04 20:52:05.870 W/StorageManagerService( 711): Reporting emulated;0 unmounted due to system locked
06-04 20:52:05.873 D/CompatibilityChangeReporter( 711): Compat change id reported: 149924527; UID 1000; state: ENABLED
06-04 20:52:05.873 D/CompatibilityChangeReporter( 711): Compat change id reported: 132649864; UID 1000; state: DISABLED
06-04 20:52:05.888 W/StorageManagerService( 711): Reporting emulated;0 unmounted due to system locked
06-04 20:52:05.890 W/StorageManagerService( 711): Reporting emulated;0 unmounted due to system locked
06-04 20:52:05.892 W/StorageManagerService( 711): Reporting emulated;0 unmounted due to system locked
06-04 20:52:05.894 W/StorageManagerService( 711): Reporting emulated;0 unmounted due to system locked
06-04 20:52:05.976 W/ContextImpl( 1672): Calling a method in the system process without a qualified user: android.app.ContextImpl.startService:1899 android.content.ContextWrapper.startService:825 android.content.ContextWrapper.startService:825 com.oranth.storage.BootCompletedReceiver.onReceive:15 android.app.ActivityThread.handleReceiver:4494
06-04 20:52:05.996 E/BootReceiver( 711): Could not open /sys/kernel/tracing/instances/bootreceiver/trace_pipe
06-04 20:52:05.996 E/BootReceiver( 711): android.system.ErrnoException: open failed: ENOENT (No such file or directory)
06-04 20:52:05.996 E/BootReceiver( 711): at libcore.io.Linux.open(Native Method)
06-04 20:52:05.996 E/BootReceiver( 711): at libcore.io.ForwardingOs.open(ForwardingOs.java:563)
06-04 20:52:05.996 E/BootReceiver( 711): at libcore.io.BlockGuardOs.open(BlockGuardOs.java:274)
06-04 20:52:05.996 E/BootReceiver( 711): at android.system.Os.open(Os.java:494)
06-04 20:52:05.996 E/BootReceiver( 711): at com.android.server.BootReceiver.onReceive(BootReceiver.java:164)
06-04 20:52:05.996 E/BootReceiver( 711): at android.app.ActivityThread.handleReceiver(ActivityThread.java:4494)
06-04 20:52:05.996 E/BootReceiver( 711): at android.app.ActivityThread.-$$Nest$mhandleReceiver(Unknown Source:0)
06-04 20:52:05.996 E/BootReceiver( 711): at android.app.ActivityThread$H.handleMessage(ActivityThread.java:2285)
06-04 20:52:05.996 E/BootReceiver( 711): at android.os.Handler.dispatchMessage(Handler.java:106)
06-04 20:52:05.996 E/BootReceiver( 711): at android.os.Looper.loopOnce(Looper.java:205)
06-04 20:52:05.996 E/BootReceiver( 711): at android.os.Looper.loop(Looper.java:294)
06-04 20:52:05.996 E/BootReceiver( 711): at com.android.server.SystemServer.run(SystemServer.java:982)
06-04 20:52:05.996 E/BootReceiver( 711): at com.android.server.SystemServer.main(SystemServer.java:668)
06-04 20:52:05.996 E/BootReceiver( 711): at java.lang.reflect.Method.invoke(Native Method)
06-04 20:52:05.996 E/BootReceiver( 711): at com.android.internal.os.RuntimeInit$MethodAndArgsCaller.run(RuntimeInit.java:552)
06-04 20:52:05.996 E/BootReceiver( 711): at com.android.internal.os.ZygoteInit.main(ZygoteInit.java:956)
06-04 20:52:06.008 I/DropBoxManagerService( 711): add tag=SYSTEM_BOOT isTagEnabled=true flags=0x2
06-04 20:52:06.014 D/CompatibilityChangeReporter( 711): Compat change id reported: 171306433; UID 1000; state: ENABLED
06-04 20:52:06.015 D/CompatibilityChangeReporter( 711): Compat change id reported: 218533173; UID 1000; state: ENABLED
06-04 20:52:06.019 I/BootReceiver( 711): Copying /sys/fs/pstore/console-ramoops-0 to DropBox (SYSTEM_LAST_KMSG)
06-04 20:52:06.020 I/DropBoxManagerService( 711): add tag=SYSTEM_LAST_KMSG isTagEnabled=true flags=0x6
06-04 20:52:06.023 W/ContextImpl( 1105): Calling a method in the system process without a qualified user: android.app.ContextImpl.startService:1899 android.content.ContextWrapper.startService:825 android.content.ContextWrapper.startService:825 com.droidlogic.BootComplete.onReceive:116 android.app.ActivityThread.handleReceiver:4494
06-04 20:52:06.027 W/StorageManagerService( 711): Reporting emulated;0 unmounted due to system locked
06-04 20:52:06.030 I/BootReceiver( 711): Copying audit failures to DropBox
06-04 20:52:06.031 W/ContextImpl( 1526): Calling a method in the system process without a qualified user: android.app.ContextImpl.startService:1899 android.content.ContextWrapper.startService:825 com.dangbei.lerad.etna.core.EtnaManager.startService:64 com.dangbei.lerad.etna.core.EtnaManager.init:39 com.dangbei.lerad.etna.haqu.EtnaApplication.init:87
06-04 20:52:06.034 I/BootReceiver( 711): Copied 4539 worth of audits to DropBox
06-04 20:52:06.035 W/ContextImpl( 1526): Calling a method in the system process without a qualified user: android.app.ContextImpl.startService:1899 android.content.ContextWrapper.startService:825 com.dangbei.andes.CoreService$Companion.start:29 com.dangbei.lerad.etna.haqu.EtnaApplication.init:88 com.dangbei.lerad.etna.haqu.EtnaApplication.onCreate:59
06-04 20:52:06.036 I/DropBoxManagerService( 711): add tag=SYSTEM_AUDIT isTagEnabled=true flags=0x2
06-04 20:52:06.038 W/ContextImpl( 1105): Calling a method in the system process without a qualified user: android.app.ContextImpl.startForegroundService:1905 android.content.ContextWrapper.startForegroundService:830 android.content.ContextWrapper.startForegroundService:830 com.droidlogic.BootComplete.onReceive:125 android.app.ActivityThread.handleReceiver:4494
06-04 20:52:06.038 W/ActivityManager( 711): Unable to start service Intent { cmp=com.android.tv.mdnsoffloadcmd/.MdnsOffloadCmdService } U=0: not found
06-04 20:52:06.040 I/BootReceiver( 711): Checking for fsck errors
06-04 20:52:06.040 W/ContextImpl( 1105): Calling a method in the system process without a qualified user: android.app.ContextImpl.startService:1899 android.content.ContextWrapper.startService:825 android.content.ContextWrapper.startService:825 com.droidlogic.BootComplete.onReceive:127 android.app.ActivityThread.handleReceiver:4494
06-04 20:52:06.042 I/BootReceiver( 711): fs_stat, partition:param stat:0x10013
06-04 20:52:06.042 I/BootReceiver( 711): fs_stat, partition:tee stat:0x3
06-04 20:52:06.042 I/BootReceiver( 711): fs_stat, partition:factory stat:0x0
06-04 20:52:06.042 I/BootReceiver( 711): fs_stat, partition:userdata stat:0x0
06-04 20:52:06.050 W/ContextImpl( 1105): Calling a method in the system process without a qualified user: android.app.ContextImpl.startService:1899 android.content.ContextWrapper.startService:825 android.content.ContextWrapper.startService:825 com.droidlogic.BootComplete.onReceive:128 android.app.ActivityThread.handleReceiver:4494
06-04 20:52:06.052 D/CompatibilityChangeReporter( 711): Compat change id reported: 135634846; UID 10017; state: DISABLED
06-04 20:52:06.053 D/CompatibilityChangeReporter( 711): Compat change id reported: 177438394; UID 10017; state: DISABLED
06-04 20:52:06.053 D/CompatibilityChangeReporter( 711): Compat change id reported: 135772972; UID 10017; state: DISABLED
06-04 20:52:06.053 D/CompatibilityChangeReporter( 711): Compat change id reported: 135754954; UID 10017; state: ENABLED
06-04 20:52:06.054 D/CompatibilityChangeReporter( 711): Compat change id reported: 143937733; UID 10017; state: ENABLED
06-04 20:52:06.073 D/HDMI ( 711): Process pid:1526 is calling addHotplugEventListener
06-04 20:52:06.074 I/ActivityManager( 711): Start proc 1722:android.process.media/u0a17 for content provider {com.android.providers.downloads/com.android.providers.downloads.DownloadProvider}
06-04 20:52:06.076 W/ContextImpl( 1105): Calling a method in the system process without a qualified user: android.app.ContextImpl.stopService:1911 android.content.ContextWrapper.stopService:835 android.content.ContextWrapper.stopService:835 com.droidlogic.BootComplete$2.onChange:276 com.droidlogic.BootComplete.updateDeveloperOptionsWatcher:283
06-04 20:52:06.081 W/ContextImpl( 1105): Calling a method in the system process without a qualified user: android.app.ContextImpl.startService:1899 android.content.ContextWrapper.startService:825 android.content.ContextWrapper.startService:825 com.droidlogic.BootComplete.onReceive:173 android.app.ActivityThread.handleReceiver:4494
06-04 20:52:06.087 I/ActivityManager( 711): com.droidlogic.mictoggle is exempt from freezer
06-04 20:52:06.088 D/CompatibilityChangeReporter( 711): Compat change id reported: 135634846; UID 1000; state: DISABLED
06-04 20:52:06.108 D/HDMI ( 711): addVendorCommandListener 1877008
06-04 20:52:06.118 W/ContextImpl( 1526): Calling a method in the system process without a qualified user: android.app.ContextImpl.bindService:1988 android.content.ContextWrapper.bindService:861 com.dangbei.lerad.etna.lib.client.EtnaClient.bindServer:138 com.dangbei.lerad.etna.lib.client.EtnaClient.access$600:29 com.dangbei.lerad.etna.lib.client.EtnaClient$3.call:205
06-04 20:52:06.120 D/CompatibilityChangeReporter( 711): Compat change id reported: 168419799; UID 10017; state: DISABLED
06-04 20:52:06.120 D/CompatibilityChangeReporter( 711): Compat change id reported: 273564678; UID 10017; state: DISABLED
06-04 20:52:06.124 D/CompatibilityChangeReporter( 711): Compat change id reported: 265195908; UID 10017; state: ENABLED
06-04 20:52:06.133 W/ContextImpl( 1526): Calling a method in the system process without a qualified user: android.app.ContextImpl.bindService:1988 android.content.ContextWrapper.bindService:861 com.dangbei.lerad.etna.lib.client.EtnaClient.bindServer:138 com.dangbei.lerad.etna.lib.client.EtnaClient.access$600:29 com.dangbei.lerad.etna.lib.client.EtnaClient$3.call:205
06-04 20:52:06.142 D/CompatibilityChangeReporter( 711): Compat change id reported: 170503758; UID 10017; state: ENABLED
06-04 20:52:06.142 I/ActivityManager( 711): Start proc 1742:com.droidlogic.mictoggle/1000 for broadcast {com.droidlogic.mictoggle/com.droidlogic.mictoggle.AssistantMicMuteReceiver}
06-04 20:52:06.142 W/ActivityManager( 711): Slow operation: 55ms so far, now at startProcess: starting to update pids map
06-04 20:52:06.142 W/ActivityManager( 711): Slow operation: 55ms so far, now at startProcess: done updating pids map
06-04 20:52:06.168 D/CompatibilityChangeReporter( 711): Compat change id reported: 168419799; UID 1000; state: DISABLED
06-04 20:52:06.169 D/CompatibilityChangeReporter( 711): Compat change id reported: 273564678; UID 1000; state: DISABLED
06-04 20:52:06.288 W/ContextImpl( 1742): Calling a method in the system process without a qualified user: android.app.ContextImpl.startService:1899 android.content.ContextWrapper.startService:825 android.content.ContextWrapper.startService:825 com.droidlogic.mictoggle.AssistantMicMuteReceiver.onReceive:48 android.app.ActivityThread.handleReceiver:4494
06-04 20:52:06.315 W/ContextImpl( 1105): Calling a method in the system process without a qualified user: android.app.ContextImpl.startService:1899 android.content.ContextWrapper.startService:825 android.content.ContextWrapper.startService:825 com.droidlogic.AiPqReceiver.onReceive:31 android.app.ActivityThread.handleReceiver:4494
06-04 20:52:06.317 D/CompatibilityChangeReporter( 711): Compat change id reported: 253665015; UID 1000; state: DISABLED
06-04 20:52:06.317 D/CompatibilityChangeReporter( 711): Compat change id reported: 253665015; UID 1000; state: ENABLED
06-04 20:52:06.318 D/CompatibilityChangeReporter( 711): Compat change id reported: 194532703; UID 1000; state: DISABLED
06-04 20:52:06.319 D/CompatibilityChangeReporter( 711): Compat change id reported: 194532703; UID 1000; state: ENABLED
06-04 20:52:06.321 W/ContextImpl( 1308): Calling a method in the system process without a qualified user: android.app.ContextImpl.startForegroundService:1905 android.content.ContextWrapper.startForegroundService:830 android.content.ContextWrapper.startForegroundService:830 com.android.tv.settings.BootReceiver.onReceive:58 android.app.ActivityThread.handleReceiver:4494
06-04 20:52:06.324 W/ActivityManager( 711): Unable to start service Intent { act=android.intent.action.BOOT_COMPLETED flg=0x89000010 cmp=com.android.tv.settings/.BootReceiver (has extras) } U=0: not found
06-04 20:52:06.325 D/HDMI ( 711): receive android.intent.action.BOOT_COMPLETED
06-04 20:52:06.326 I/HDMI ( 711): Receive boot completed broadcast
06-04 20:52:06.331 I/CheckInBootCompletedReceiver( 1473): Received boot completed intent
06-04 20:52:06.331 I/ActivityManager( 711): com.android.dynsystem is exempt from freezer
06-04 20:52:06.332 D/CompatibilityChangeReporter( 711): Compat change id reported: 135634846; UID 1000; state: DISABLED
06-04 20:52:06.337 I/DlcClient( 1473): Binding com.android.devicelockcontroller/.storage.GlobalParametersService
06-04 20:52:06.351 I/ActivityManager( 711): Start proc 1777:com.android.dynsystem/1000 for broadcast {com.android.dynsystem/com.android.dynsystem.BootCompletedReceiver}
06-04 20:52:06.366 D/CompatibilityChangeReporter( 711): Compat change id reported: 253665015; UID 10058; state: ENABLED
06-04 20:52:06.367 D/CompatibilityChangeReporter( 711): Compat change id reported: 194532703; UID 10058; state: ENABLED
06-04 20:52:06.369 I/DeviceCheckInHelper( 1473): enqueueDeviceCheckInWork with delay: PT0S
06-04 20:52:06.383 D/CompatibilityChangeReporter( 711): Compat change id reported: 168419799; UID 1000; state: DISABLED
06-04 20:52:06.384 D/CompatibilityChangeReporter( 711): Compat change id reported: 273564678; UID 1000; state: DISABLED
06-04 20:52:06.398 W/StorageManagerService( 711): Reporting emulated;0 unmounted due to system locked
06-04 20:52:06.425 D/CompatibilityChangeReporter( 711): Compat change id reported: 261072174; UID 1000; state: DISABLED
06-04 20:52:06.434 W/ContextImpl( 1526): Calling a method in the system process without a qualified user: android.app.ContextImpl.sendBroadcast:1220 android.content.ContextWrapper.sendBroadcast:504 com.dangbei.lerad.etna.core.EtnaManager.sendRebootBroadcast:82 com.dangbei.lerad.etna.core.EtnaService.onStartCommand:89 android.app.ActivityThread.handleServiceArgs:4866
06-04 20:52:06.447 D/CompatibilityChangeReporter( 711): Compat change id reported: 161145287; UID 10017; state: ENABLED
06-04 20:52:06.461 W/ContextImpl( 1526): Calling a method in the system process without a qualified user: android.app.ContextImpl.bindService:1988 android.content.ContextWrapper.bindService:861 com.dangbei.lerad.etna.lib.client.EtnaClient.bindServer:138 com.dangbei.lerad.etna.lib.client.EtnaClient.access$600:29 com.dangbei.lerad.etna.lib.client.EtnaClient$3.call:205
06-04 20:52:06.462 W/ContextImpl( 1526): Calling a method in the system process without a qualified user: android.app.ContextImpl.bindService:1988 android.content.ContextWrapper.bindService:861 com.dangbei.lerad.etna.lib.client.EtnaClient.bindServer:138 com.dangbei.lerad.etna.lib.client.EtnaClient.access$600:29 com.dangbei.lerad.etna.lib.client.EtnaClient$3.call:205
06-04 20:52:06.464 W/ContextImpl( 1526): Calling a method in the system process without a qualified user: android.app.ContextImpl.bindService:1988 android.content.ContextWrapper.bindService:861 com.dangbei.lerad.etna.lib.client.EtnaClient.bindServer:138 com.dangbei.lerad.etna.lib.client.EtnaClient.access$600:29 com.dangbei.lerad.etna.lib.client.EtnaClient$3.call:205
06-04 20:52:06.468 D/CompatibilityChangeReporter( 711): Compat change id reported: 253665015; UID 10017; state: ENABLED
06-04 20:52:06.468 D/CompatibilityChangeReporter( 711): Compat change id reported: 194532703; UID 10017; state: ENABLED
06-04 20:52:06.472 W/ContextImpl( 1526): Calling a method in the system process without a qualified user: android.app.ContextImpl.startService:1899 android.content.ContextWrapper.startService:825 com.dangbei.etna.setting.core.SettingHelper.startRocky:267 com.dangbei.etna.setting.core.SettingHelper.sendCycleCheckBootGuideStatusMessage:214 com.dangbei.etna.setting.core.SettingHelper.startLoop:203
06-04 20:52:06.475 I/ActivityManager( 711): com.android.managedprovisioning is exempt from freezer
06-04 20:52:06.476 D/CompatibilityChangeReporter( 711): Compat change id reported: 135634846; UID 10022; state: DISABLED
06-04 20:52:06.476 D/CompatibilityChangeReporter( 711): Compat change id reported: 177438394; UID 10022; state: DISABLED
06-04 20:52:06.476 D/CompatibilityChangeReporter( 711): Compat change id reported: 135772972; UID 10022; state: DISABLED
06-04 20:52:06.476 D/CompatibilityChangeReporter( 711): Compat change id reported: 135754954; UID 10022; state: ENABLED
06-04 20:52:06.477 W/ContextImpl( 1526): Calling a method in the system process without a qualified user: android.app.ContextImpl.startService:1899 android.content.ContextWrapper.startService:825 com.dangbei.etna.setting.core.SettingHelper.startRocky:267 com.dangbei.etna.setting.core.SettingHelper.sendCycleCheckBootGuideStatusMessage:214 com.dangbei.etna.setting.core.SettingHelper.startLoop:203
06-04 20:52:06.477 D/CompatibilityChangeReporter( 711): Compat change id reported: 143937733; UID 10022; state: ENABLED
06-04 20:52:06.479 I/ActivityManager( 711): com.dangbei.lerad.rocky is exempt from freezer
06-04 20:52:06.479 D/CompatibilityChangeReporter( 711): Compat change id reported: 135634846; UID 1000; state: DISABLED
06-04 20:52:06.482 W/ContextImpl( 1526): Calling a method in the system process without a qualified user: android.app.ContextImpl.sendBroadcast:1220 android.content.ContextWrapper.sendBroadcast:504 com.dangbei.etna.setting.core.SettingHelper.sendCycleToProjector:257 com.dangbei.etna.setting.core.SettingHelper.sendCycleCheckBroadcast:226 com.dangbei.etna.setting.core.SettingHelper.sendCycleCheckBootGuideStatusMessage:215
06-04 20:52:06.482 W/ContextImpl( 1526): Calling a method in the system process without a qualified user: android.app.ContextImpl.sendBroadcast:1220 android.content.ContextWrapper.sendBroadcast:504 com.dangbei.etna.setting.core.SettingHelper.sendCycleToProjector:257 com.dangbei.etna.setting.core.SettingHelper.sendCycleCheckBroadcast:226 com.dangbei.etna.setting.core.SettingHelper.sendCycleCheckBootGuideStatusMessage:215
06-04 20:52:06.484 W/ContextImpl( 1526): Calling a method in the system process without a qualified user: android.app.ContextImpl.sendBroadcast:1220 android.content.ContextWrapper.sendBroadcast:504 com.dangbei.etna.setting.core.SettingHelper.sendCycleToVoice:242 com.dangbei.etna.setting.core.SettingHelper.sendCycleCheckBroadcast:227 com.dangbei.etna.setting.core.SettingHelper.sendCycleCheckBootGuideStatusMessage:215
06-04 20:52:06.487 I/ActivityManager( 711): com.android.dynsystem is exempt from freezer
06-04 20:52:06.489 W/ContextImpl( 1526): Calling a method in the system process without a qualified user: android.app.ContextImpl.sendBroadcast:1220 android.content.ContextWrapper.sendBroadcast:504 com.dangbei.etna.setting.core.SettingHelper.sendCycleToVoice:242 com.dangbei.etna.setting.core.SettingHelper.sendCycleCheckBroadcast:227 com.dangbei.etna.setting.core.SettingHelper.sendCycleCheckBootGuideStatusMessage:215
06-04 20:52:06.507 I/ActivityManager( 711): Start proc 1814:com.android.managedprovisioning/u0a22 for broadcast {com.android.managedprovisioning/com.android.managedprovisioning.BootReminder}
06-04 20:52:06.514 D/CompatibilityChangeReporter( 711): Compat change id reported: 171306433; UID 1000; state: ENABLED
06-04 20:52:06.531 W/ActivityManager( 711): Slow operation: 52ms so far, now at startProcess: returned from zygote!
06-04 20:52:06.531 W/ActivityManager( 711): Slow operation: 52ms so far, now at startProcess: done updating battery stats
06-04 20:52:06.531 W/ActivityManager( 711): Slow operation: 52ms so far, now at startProcess: building log message
06-04 20:52:06.531 I/ActivityManager( 711): Start proc 1823:com.dangbei.lerad.rocky/1000 for service {com.dangbei.lerad.rocky/com.dangbei.rocky.RockyService}
06-04 20:52:06.531 W/ActivityManager( 711): Slow operation: 52ms so far, now at startProcess: starting to update pids map
06-04 20:52:06.531 W/ActivityManager( 711): Slow operation: 52ms so far, now at startProcess: done updating pids map
06-04 20:52:06.549 W/ActivityManager( 711): Slow operation: 63ms so far, now at startProcess: returned from zygote!
06-04 20:52:06.549 W/ActivityManager( 711): Slow operation: 63ms so far, now at startProcess: done updating battery stats
06-04 20:52:06.549 W/ActivityManager( 711): Slow operation: 64ms so far, now at startProcess: building log message
06-04 20:52:06.550 I/ActivityManager( 711): Start proc 1833:com.android.dynsystem:dynsystem/1000 for service {com.android.dynsystem/com.android.dynsystem.DynamicSystemInstallationService}
06-04 20:52:06.550 W/ActivityManager( 711): Slow operation: 64ms so far, now at startProcess: starting to update pids map
06-04 20:52:06.550 W/ActivityManager( 711): Slow operation: 64ms so far, now at startProcess: done updating pids map
06-04 20:52:06.568 D/CompatibilityChangeReporter( 711): Compat change id reported: 168419799; UID 10022; state: DISABLED
06-04 20:52:06.569 D/CompatibilityChangeReporter( 711): Compat change id reported: 273564678; UID 10022; state: DISABLED
06-04 20:52:06.576 D/CompatibilityChangeReporter( 711): Compat change id reported: 265195908; UID 10022; state: ENABLED
06-04 20:52:06.594 D/CompatibilityChangeReporter( 711): Compat change id reported: 168419799; UID 1000; state: DISABLED
06-04 20:52:06.594 D/CompatibilityChangeReporter( 711): Compat change id reported: 273564678; UID 1000; state: DISABLED
06-04 20:52:06.596 D/CompatibilityChangeReporter( 711): Compat change id reported: 170503758; UID 10022; state: ENABLED
06-04 20:52:06.629 D/HDMI ( 711): [R]: 0F:84:00:00:00
06-04 20:52:06.635 D/HDMI ( 711): addCecDevice new:CEC: logical_address: 0x00 device_type: 0 cec_version: 5 vendor_id: 16777215 display_name: TV power_status: 0 physical_address: 0x0000 port_id: -1 old:CEC: logical_address: 0x00 device_type: 0 cec_version: 5 vendor_id: 16777215 display_name: TV power_status: 0 physical_address: 0xFFFF port_id: -1
06-04 20:52:06.635 D/HdmiControlService( 711): Switching to full volume behavior
06-04 20:52:06.637 D/HDMI ( 711): [S]: 40:46
06-04 20:52:06.675 D/CompatibilityChangeReporter( 711): Compat change id reported: 271850009; UID 10055; state: ENABLED
06-04 20:52:06.676 D/CompatibilityChangeReporter( 711): Compat change id reported: 253665015; UID 10055; state: ENABLED
06-04 20:52:06.676 D/CompatibilityChangeReporter( 711): Compat change id reported: 194532703; UID 10055; state: ENABLED
06-04 20:52:06.715 I/DynamicSystemService( 711): isInstalled(): false
06-04 20:52:06.730 W/StorageManagerService( 711): Reporting emulated;0 unmounted due to system locked
06-04 20:52:06.733 W/StorageManagerService( 711): Reporting emulated;0 unmounted due to system locked
06-04 20:52:06.734 W/StorageManagerService( 711): Reporting emulated;0 unmounted due to system locked
06-04 20:52:06.773 I/ActivityManager( 711): com.android.packageinstaller is exempt from freezer
06-04 20:52:06.774 D/CompatibilityChangeReporter( 711): Compat change id reported: 135634846; UID 10025; state: DISABLED
06-04 20:52:06.774 D/CompatibilityChangeReporter( 711): Compat change id reported: 177438394; UID 10025; state: DISABLED
06-04 20:52:06.774 D/CompatibilityChangeReporter( 711): Compat change id reported: 135772972; UID 10025; state: DISABLED
06-04 20:52:06.774 D/CompatibilityChangeReporter( 711): Compat change id reported: 135754954; UID 10025; state: ENABLED
06-04 20:52:06.775 D/CompatibilityChangeReporter( 711): Compat change id reported: 143937733; UID 10025; state: ENABLED
06-04 20:52:06.792 W/StorageManagerService( 711): Reporting emulated;0 unmounted due to system locked
06-04 20:52:06.793 W/StorageManagerService( 711): Reporting emulated;0 unmounted due to system locked
06-04 20:52:06.798 I/ActivityManager( 711): Start proc 1903:com.android.packageinstaller/u0a25 for broadcast {com.android.packageinstaller/com.android.packageinstaller.TemporaryFileManager}
06-04 20:52:06.836 D/CompatibilityChangeReporter( 711): Compat change id reported: 168419799; UID 10025; state: DISABLED
06-04 20:52:06.836 D/CompatibilityChangeReporter( 711): Compat change id reported: 273564678; UID 10025; state: DISABLED
06-04 20:52:06.838 I/vold ( 251): fuse-bpf is enabled because /sys/fs/fuse/features/fuse_bpf reads 'supported'
06-04 20:52:06.838 I/vold ( 251): Setting ro.fuse.bpf.is_running to true
06-04 20:52:06.839 I/vold ( 251): Configuring read_ahead of /mnt/user/0/emulated fuse filesystem to 256kb
06-04 20:52:06.840 I/vold ( 251): Writing 256 to /sys/class/bdi/0:60/read_ahead_kb
06-04 20:52:06.840 I/vold ( 251): Configuring max_ratio of /mnt/user/0/emulated fuse filesystem to 40
06-04 20:52:06.840 I/vold ( 251): Writing 40 to /sys/class/bdi/0:60/max_ratio
06-04 20:52:06.841 I/StorageManagerService( 711): Mounted volume VolumeInfo{emulated;0}:
06-04 20:52:06.841 I/StorageManagerService( 711): type=EMULATED diskId=null partGuid= mountFlags=PRIMARY|VISIBLE_FOR_WRITE
06-04 20:52:06.841 I/StorageManagerService( 711): mountUserId=0 state=CHECKING
06-04 20:52:06.841 I/StorageManagerService( 711): fsType=null fsUuid=null fsLabel=null
06-04 20:52:06.841 I/StorageManagerService( 711): path=/storage/emulated internalPath=/data/media
06-04 20:52:06.842 I/StorageSessionController( 711): Notifying volume state changed for session with id: emulated;0
06-04 20:52:06.844 D/CompatibilityChangeReporter( 711): Compat change id reported: 265195908; UID 10025; state: ENABLED
06-04 20:52:06.852 D/CompatibilityChangeReporter( 711): Compat change id reported: 170503758; UID 10025; state: ENABLED
06-04 20:52:06.858 E/UsbDeviceManager( 711): Usb setCurrentUsbFunctionsCb failed ,functions:4 ,status:1 ,transactionId:6
06-04 20:52:06.858 I/UsbDeviceManager( 711): notifyCurrentFunction request:1 status:1
06-04 20:52:06.867 I/StorageSessionController( 711): Notifying volume state changed for session with id: emulated;0
06-04 20:52:06.890 W/WindowManager( 711): Failed looking up window session=Session{2838a81 1559:1000} callers=com.android.server.wm.WindowManagerService.windowForClientLocked:6075 com.android.server.wm.Session.updateRequestedVisibleTypes:695 android.view.IWindowSession$Stub.onTransact:1034
06-04 20:52:06.890 W/WindowManager( 711): [addWindow] title:com.dangbei.leard.leradlauncher/com.dangbei.launcher.home.LauncherActivity
06-04 20:52:06.894 I/StorageSessionController( 711): Notifying volume state changed for session with id: emulated;0
06-04 20:52:06.923 D/CoreBackPreview( 711): Window{fdd4dbd u0 com.dangbei.leard.leradlauncher/com.dangbei.launcher.home.LauncherActivity}: Setting back callback OnBackInvokedCallbackInfo{mCallback=android.window.IOnBackInvokedCallback$Stub$Proxy@33c8998, mPriority=0, mIsAnimationCallback=false}
06-04 20:52:06.961 W/BroadcastLoopers( 711): Found previously unknown looper Thread[StorageManagerService,5,main]
06-04 20:52:06.972 D/StorageManagerService( 711): Volume emulated;0 broadcasting mounted to UserHandle{0}
06-04 20:52:06.974 D/StorageManagerService( 711): Volume emulated;0 broadcasting checking to UserHandle{0}
06-04 20:52:06.981 D/StorageManagerService( 711): Volume emulated;0 broadcasting mounted to UserHandle{0}
06-04 20:52:07.032 W/ContextImpl( 711): Calling a method in the system process without a qualified user: android.app.ContextImpl.startService:1899 com.android.server.wm.DisplayPolicy.lambda$focusChangedLw$5:2126 com.android.server.wm.DisplayPolicy.$r8$lambda$Znxk63oh-WzVnzo_WQefN7uxV48:0 com.android.server.wm.DisplayPolicy$$ExternalSyntheticLambda13.run:0 android.os.Handler.handleCallback:958
06-04 20:52:07.047 D/CompatibilityChangeReporter( 711): Compat change id reported: 135634846; UID 10070; state: DISABLED
06-04 20:52:07.047 D/CompatibilityChangeReporter( 711): Compat change id reported: 177438394; UID 10070; state: DISABLED
06-04 20:52:07.047 D/CompatibilityChangeReporter( 711): Compat change id reported: 135772972; UID 10070; state: DISABLED
06-04 20:52:07.048 D/CompatibilityChangeReporter( 711): Compat change id reported: 135754954; UID 10070; state: ENABLED
06-04 20:52:07.048 D/CompatibilityChangeReporter( 711): Compat change id reported: 143937733; UID 10070; state: ENABLED
06-04 20:52:07.082 V/WindowManagerShell( 1328): onTransitionReady android.os.BinderProxy@bcd8251: {id=1 t=CLOSE f=0x0 trk=0 r=[0@Point(0, 0)] c=[{WCT{android.window.IWindowContainerToken$Stub$Proxy@a11333e} m=OPEN f=MOVE_TO_TOP leash=Surface(name=Task=72)/@0x9a30843 sb=Rect(0, 0 - 1920, 1080) eb=Rect(0, 0 - 1920, 1080) d=0},{WCT{android.window.IWindowContainerToken$Stub$Proxy@6e3e59f} m=CLOSE f=SHOW_WALLPAPER leash=Surface(name=Task=3)/@0xdc11ec0 sb=Rect(0, 0 - 1920, 1080) eb=Rect(0, 0 - 1920, 1080) d=0}]}
06-04 20:52:07.082 V/WindowManagerShell( 1328): Playing animation for (#1)android.os.BinderProxy@bcd8251@0
06-04 20:52:07.082 V/WindowManagerShell( 1328): try handler com.android.wm.shell.keyguard.KeyguardTransitionHandler@6f966ec
06-04 20:52:07.082 V/WindowManagerShell( 1328): try handler com.android.wm.shell.pip.tv.TvPipTransition@c14eab5
06-04 20:52:07.082 V/WindowManagerShell( 1328): try handler com.android.wm.shell.activityembedding.ActivityEmbeddingController@169454a
06-04 20:52:07.082 V/WindowManagerShell( 1328): try handler com.android.wm.shell.transition.RemoteTransitionHandler@e2b3cbb
06-04 20:52:07.083 I/ActivityManager( 711): Start proc 1957:com.android.permissioncontroller/u0a70 for broadcast {com.android.permissioncontroller/com.android.permissioncontroller.permission.service.LocationAccessCheck$SetupPeriodicBackgroundLocationAccessCheck}
06-04 20:52:07.083 V/WindowManagerShell( 1328): Transition doesn't have explicit remote, search filters for match for {id=1 t=CLOSE f=0x0 trk=0 r=[0@Point(0, 0)] c=[{WCT{android.window.IWindowContainerToken$Stub$Proxy@a11333e} m=OPEN f=MOVE_TO_TOP leash=Surface(name=Task=72)/@0x9a30843 sb=Rect(0, 0 - 1920, 1080) eb=Rect(0, 0 - 1920, 1080) d=0},{WCT{android.window.IWindowContainerToken$Stub$Proxy@6e3e59f} m=CLOSE f=SHOW_WALLPAPER leash=Surface(name=Task=3)/@0xdc11ec0 sb=Rect(0, 0 - 1920, 1080) eb=Rect(0, 0 - 1920, 1080) d=0}]}
06-04 20:52:07.083 V/WindowManagerShell( 1328): Delegate animation for #1 to null
06-04 20:52:07.083 V/WindowManagerShell( 1328): try handler com.android.wm.shell.transition.DefaultTransitionHandler@88c05d8
06-04 20:52:07.083 V/WindowManagerShell( 1328): start default transition animation, info = {id=1 t=CLOSE f=0x0 trk=0 r=[0@Point(0, 0)] c=[{WCT{android.window.IWindowContainerToken$Stub$Proxy@a11333e} m=OPEN f=MOVE_TO_TOP leash=Surface(name=Task=72)/@0x9a30843 sb=Rect(0, 0 - 1920, 1080) eb=Rect(0, 0 - 1920, 1080) d=0},{WCT{android.window.IWindowContainerToken$Stub$Proxy@6e3e59f} m=CLOSE f=SHOW_WALLPAPER leash=Surface(name=Task=3)/@0xdc11ec0 sb=Rect(0, 0 - 1920, 1080) eb=Rect(0, 0 - 1920, 1080) d=0}]}
06-04 20:52:07.083 V/WindowManager( 711): Sent Transition #1 createdAt=06-04 20:52:05.012 via request=TransitionRequestInfo { type = 2, triggerTask = TaskInfo{userId=0 taskId=3 displayId=0 isRunning=false baseIntent=Intent { act=android.intent.action.MAIN cat=[android.intent.category.HOME] flg=0x10800100 cmp=com.android.tv.settings/.system.FallbackHome } baseActivity=null topActivity=null origActivity=null realActivity=ComponentInfo{com.android.tv.settings/com.android.tv.settings.system.FallbackHome} numActivities=0 lastActiveTime=21319 supportsMultiWindow=true resizeMode=0 isResizeable=false minWidth=-1 minHeight=-1 defaultMinSize=220 token=WCT{RemoteToken{1a91f12 Task{5591035 #3 type=home A=1000:com.android.tv.settings}}} topActivityType=2 pictureInPictureParams=null shouldDockBigOverlays=false launchIntoPipHostTaskId=-1 lastParentTaskIdBeforePip=-1 displayCutoutSafeInsets=null topActivityInfo=null launchCookies=[] positionInParent=Point(0, 0) parentTaskId=-1 isFocused=true isVisible=true isVisibleRequested=true isSleeping=false topActivityInSizeCompat=false topActivityEligibleForLetterboxEducation= false isLetterboxDoubleTapEnabled= false topActivityEligibleForUserAspectRatioButton= false topActivityBoundsLetterboxed= false isFromLetterboxDoubleTap= false topActivityLetterboxVerticalPosition= -1 topActivityLetterboxHorizontalPosition= -1 topActivityLetterboxWidth=-1 topActivityLetterboxHeight=-1 isUserFullscreenOverrideEnabled=false isTopActivityTransparent=false locusId=null displayAreaFeatureId=1 cameraCompatControlState=hidden}, remoteTransition = null, displayChange = null, flags = 0 }
06-04 20:52:07.083 V/WindowManager( 711): startWCT=WindowContainerTransaction { changes = {} hops = [] errorCallbackToken=null taskFragmentOrganizer=null }
06-04 20:52:07.084 V/WindowManager( 711): info={id=1 t=CLOSE f=0x0 trk=0 r=[0@Point(0, 0)] c=[{WCT{RemoteToken{665e6e3 Task{c3b0db0 #72 type=home A=1000:com.dangbei.leard.leradlauncher}}} m=OPEN f=MOVE_TO_TOP leash=Surface(name=Task=72)/@0x224bd47 sb=Rect(0, 0 - 1920, 1080) eb=Rect(0, 0 - 1920, 1080) d=0},{WCT{RemoteToken{1a91f12 Task{5591035 #3 type=home A=1000:com.android.tv.settings}}} m=CLOSE f=SHOW_WALLPAPER leash=Surface(name=Task=3)/@0x83f10d2 sb=Rect(0, 0 - 1920, 1080) eb=Rect(0, 0 - 1920, 1080) d=0}]}
06-04 20:52:07.085 V/WindowManagerShell( 1328): loadAnimation: anim=android.view.animation.AlphaAnimation@1a7a784 animAttr=0x13 type=CLOSE isEntrance=false
06-04 20:52:07.085 V/WindowManagerShell( 1328): loadAnimation: anim=android.view.animation.AlphaAnimation@5ed33a2 animAttr=0x12 type=CLOSE isEntrance=true
06-04 20:52:07.087 V/WindowManagerShell( 1328): animated by com.android.wm.shell.transition.DefaultTransitionHandler@88c05d8
06-04 20:52:07.122 D/CompatibilityChangeReporter( 711): Compat change id reported: 182734110; UID 10058; state: ENABLED
06-04 20:52:07.141 W/ContextImpl( 1823): Calling a method in the system process without a qualified user: android.app.ContextImpl.startService:1899 android.content.ContextWrapper.startService:825 com.cvte.tv.api.TvApiSDKManager.:177 com.cvte.tv.api.TvApiSDKManager.init:217 com.dangbei.rocky.component.system.SystemControlUtils.initSystemAidl:82
