06-04 20:53:16.071 D/OpenGLRenderer( 3250): --- Failed to create image decoder with message 'unimplemented'
06-04 20:53:16.072 D/OpenGLRenderer( 3250): --- Failed to create image decoder with message 'unimplemented'
06-04 20:53:16.074 D/NearFieldManagerService( 2719): onDestroy, enter.
06-04 20:53:16.074 I/NearFieldManagerService( 2719): killCurrentProcess.
06-04 20:53:16.074 I/crashsdk( 2719): android_os_Process_sendSignal. PID: 2719 SIG: 9
06-04 20:53:16.074 I/crashsdk( 2719): onKillProcess. SIG: 9
06-04 20:53:16.078 I/crashsdk( 2719): Kill PID: 2719 (com.huawei.connection) by pid: 2719 (com.huawei.connection) tid: 2719 (main)
06-04 20:53:16.078 I/crashsdk( 2719): SIG: 9, fg: false, exiting: false, main process: false, time: 20250604205316
06-04 20:53:16.078 I/crashsdk( 2719): State in disk: 'b'
06-04 20:53:16.078 I/crashsdk( 2719): at android.os.Process.sendSignal(Native Method)
06-04 20:53:16.078 I/crashsdk( 2719): at android.os.Process.killProcess(Process.java:1315)
06-04 20:53:16.078 I/crashsdk( 2719): at com.huawei.connection.service.NearFieldManagerService.c(Unknown Source:11)
06-04 20:53:16.078 I/crashsdk( 2719): at com.huawei.connection.service.NearFieldManagerService.onDestroy(Unknown Source:10)
06-04 20:53:16.078 I/crashsdk( 2719): at android.app.ActivityThread.handleStopService(ActivityThread.java:4896)
06-04 20:53:16.078 I/crashsdk( 2719): at android.app.ActivityThread.-$$Nest$mhandleStopService(Unknown Source:0)
06-04 20:53:16.078 I/crashsdk( 2719): at android.app.ActivityThread$H.handleMessage(ActivityThread.java:2326)
06-04 20:53:16.078 I/crashsdk( 2719): at android.os.Handler.dispatchMessage(Handler.java:106)
06-04 20:53:16.078 I/crashsdk( 2719): at android.os.Looper.loopOnce(Looper.java:205)
06-04 20:53:16.078 I/crashsdk( 2719): at android.os.Looper.loop(Looper.java:294)
06-04 20:53:16.078 I/crashsdk( 2719): at android.app.ActivityThread.main(ActivityThread.java:8255)
06-04 20:53:16.078 I/crashsdk( 2719): at java.lang.reflect.Method.invoke(Native Method)
06-04 20:53:16.078 I/crashsdk( 2719): at com.android.internal.os.RuntimeInit$MethodAndArgsCaller.run(RuntimeInit.java:552)
06-04 20:53:16.078 I/crashsdk( 2719): at com.android.internal.os.ZygoteInit.main(ZygoteInit.java:978)
06-04 20:53:16.078 I/Process ( 2719): Sending signal. PID: 2719 SIG: 9
06-04 20:53:16.080 D/OpenGLRenderer( 3250): --- Failed to create image decoder with message 'unimplemented'
06-04 20:53:16.081 D/OpenGLRenderer( 3250): --- Failed to create image decoder with message 'unimplemented'
06-04 20:53:16.082 D/OpenGLRenderer( 3250): --- Failed to create image decoder with message 'unimplemented'
06-04 20:53:16.082 D/OpenGLRenderer( 3250): --- Failed to create image decoder with message 'unimplemented'
06-04 20:53:16.083 D/OpenGLRenderer( 3250): --- Failed to create image decoder with message 'unimplemented'
06-04 20:53:16.083 D/OpenGLRenderer( 3250): --- Failed to create image decoder with message 'unimplemented'
06-04 20:53:16.084 D/OpenGLRenderer( 3250): --- Failed to create image decoder with message 'unimplemented'
06-04 20:53:16.084 D/OpenGLRenderer( 3250): --- Failed to create image decoder with message 'unimplemented'
06-04 20:53:16.084 D/OpenGLRenderer( 3250): --- Failed to create image decoder with message 'unimplemented'
06-04 20:53:16.085 D/OpenGLRenderer( 3250): --- Failed to create image decoder with message 'unimplemented'
06-04 20:53:16.085 D/OpenGLRenderer( 3250): --- Failed to create image decoder with message 'unimplemented'
06-04 20:53:16.087 D/OpenGLRenderer( 3250): --- Failed to create image decoder with message 'unimplemented'
06-04 20:53:16.105 D/hdmicecd( 505): [CEC]:printCecMsgBuf, msg: 04 45
06-04 20:53:16.105 D/HDMI ( 711): [R]: 04:45
06-04 20:53:16.114 I/SogouIME( 1550): onKeyUp: keyoCode=19
06-04 20:53:16.114 I/DefaultIMS( 1550): onKeyUp: keyoCode=19
06-04 20:53:16.122 W/efs.send_log( 3331): tryFileLock sendlock sucess! processname: com.dangbei.screencast:bg_guard
06-04 20:53:16.127 I/ActivityManager( 711): Process com.huawei.connection (pid 2719) has died: fg SVC
06-04 20:53:16.127 I/libprocessgroup( 711): Successfully killed process cgroup uid 10043 pid 2719 in 0ms
06-04 20:53:16.128 I/Zygote ( 469): Process 2719 exited due to signal 9 (Killed)
06-04 20:53:16.171 I/audio_hw_hal_primary( 492): [audiohal_get_latency:1333] io 13: out:0xe86464b0 frames:1152 rate:48000 whole_latency:24 alsa_latency:24
06-04 20:53:16.214 I/audio_hw_hal_primary( 492): [audiohal_get_latency:1333] io 13: out:0xe86464b0 frames:1152 rate:48000 whole_latency:24 alsa_latency:24
06-04 20:53:16.214 I/audio_hw_hal_primary( 492): [audiohal_get_latency:1333] io 13: out:0xe86464b0 frames:1152 rate:48000 whole_latency:24 alsa_latency:24
06-04 20:53:16.235 I/audio_hw_hal_primary( 492): [audiohal_get_latency:1333] io 13: out:0xe86464b0 frames:1152 rate:48000 whole_latency:24 alsa_latency:24
06-04 20:53:16.236 I/audio_hw_hal_primary( 492): [audiohal_get_latency:1333] io 13: out:0xe86464b0 frames:1152 rate:48000 whole_latency:24 alsa_latency:24
06-04 20:53:16.257 I/audio_hw_hal_primary( 492): [audiohal_get_latency:1333] io 13: out:0xe86464b0 frames:1024 rate:48000 whole_latency:21 alsa_latency:21
06-04 20:53:16.258 I/audio_hw_hal_primary( 492): [audiohal_get_latency:1333] io 13: out:0xe86464b0 frames:1024 rate:48000 whole_latency:21 alsa_latency:21
06-04 20:53:16.259 E/ccc ( 1526): cccccc current is 1080p (59.94 Hz)
06-04 20:53:16.266 E/ccc ( 1526): cccccc ColorFormatManager reset
06-04 20:53:16.267 D/MesonDisplayServer( 290): use connector getDisplayAttribute "HDR Priority": "268435472"
06-04 20:53:16.267 I/SystemControl( 317): [/DisplayMode.cpp, getCurrentHdrPriority, 2840] getCurrentHdrPriority is [0x10000010]
06-04 20:53:16.269 V/MesonDisplayServer( 290): GetDisplayMode:1080p60hz
06-04 20:53:16.269 D/MesonDisplayServer( 290): use connector getDisplayAttribute "HDR Priority": "268435472"
06-04 20:53:16.270 I/SystemControl( 317): [/DisplayMode.cpp, getCurrentHdrPriority, 2840] getCurrentHdrPriority is [0x10000010]
06-04 20:53:16.272 V/MesonDisplayServer( 290): GetDisplayMode:1080p60hz
06-04 20:53:16.272 D/MesonDisplay( 290): meson_write /sys/class/amhdmitx/amhdmitx0/valid_mode, outputmode:1080p60hz420,8bit
06-04 20:53:16.272 D/MesonDisplay( 290): valid mode is false!
06-04 20:53:16.272 D/MesonDisplay( 290): meson_write /sys/class/amhdmitx/amhdmitx0/valid_mode, outputmode:1080p60hz444,12bit
06-04 20:53:16.273 D/MesonDisplay( 290): valid mode is true!
06-04 20:53:16.273 D/MesonDisplay( 290): meson_write /sys/class/amhdmitx/amhdmitx0/valid_mode, outputmode:1080p60hz444,10bit
06-04 20:53:16.273 D/MesonDisplay( 290): valid mode is true!
06-04 20:53:16.273 D/MesonDisplay( 290): meson_write /sys/class/amhdmitx/amhdmitx0/valid_mode, outputmode:1080p60hz444,8bit
06-04 20:53:16.273 D/MesonDisplay( 290): valid mode is true!
06-04 20:53:16.274 D/MesonDisplay( 290): meson_write /sys/class/amhdmitx/amhdmitx0/valid_mode, outputmode:1080p60hz422,12bit
06-04 20:53:16.274 D/MesonDisplay( 290): valid mode is true!
06-04 20:53:16.274 D/MesonDisplay( 290): meson_write /sys/class/amhdmitx/amhdmitx0/valid_mode, outputmode:1080p60hzrgb,12bit
06-04 20:53:16.274 D/MesonDisplay( 290): valid mode is true!
06-04 20:53:16.274 D/MesonDisplay( 290): meson_write /sys/class/amhdmitx/amhdmitx0/valid_mode, outputmode:1080p60hzrgb,10bit
06-04 20:53:16.274 D/MesonDisplay( 290): valid mode is true!
06-04 20:53:16.274 D/MesonDisplay( 290): meson_write /sys/class/amhdmitx/amhdmitx0/valid_mode, outputmode:1080p60hzrgb,8bit
06-04 20:53:16.274 D/MesonDisplay( 290): valid mode is true!
06-04 20:53:16.274 I/MesonHwc( 290): [/ModePolicy.cpp, getCurrentSupportDeepColor, 736] getCurrentSupportDeepColor current mode: 1080p60hz supported color: 444,12bit
06-04 20:53:16.274 I/MesonHwc( 290): 444,10bit
06-04 20:53:16.274 I/MesonHwc( 290): 444,8bit
06-04 20:53:16.274 I/MesonHwc( 290): 422,12bit
06-04 20:53:16.274 I/MesonHwc( 290): rgb,12bit
06-04 20:53:16.274 I/MesonHwc( 290): rgb,10bit
06-04 20:53:16.274 I/MesonHwc( 290): rgb,8bit
06-04 20:53:16.275 V/MesonDisplayServer( 290): GetDisplayMode:1080p60hz
06-04 20:53:16.275 D/MesonDisplayServer( 290): use connector getDisplayAttribute "HDMI Color ATTR": "422,12bit"
06-04 20:53:16.275 I/SystemControl( 317): [/DisplayMode.cpp, getDeepColorAttr, 2290] getDeepColorAttr colorspace:422,12bit
06-04 20:53:16.276 I/SystemControl( 317): get deep color attr mode 1080p60hz, value 422,12bit
06-04 20:53:16.276 E/ccc ( 1526): cccccc ColorHelper current get YCbCr 4:2:2 12-bit
06-04 20:53:16.279 I/audio_hw_hal_primary( 492): [audiohal_get_latency:1333] io 13: out:0xe86464b0 frames:1280 rate:48000 whole_latency:26 alsa_latency:26
06-04 20:53:16.280 I/audio_hw_hal_primary( 492): [audiohal_get_latency:1333] io 13: out:0xe86464b0 frames:1280 rate:48000 whole_latency:26 alsa_latency:26
06-04 20:53:16.299 I/audio_hw_hal_primary( 492): [audiohal_get_latency:1333] io 13: out:0xe86464b0 frames:1152 rate:48000 whole_latency:24 alsa_latency:24
06-04 20:53:16.300 I/audio_hw_hal_primary( 492): [audiohal_get_latency:1333] io 13: out:0xe86464b0 frames:1152 rate:48000 whole_latency:24 alsa_latency:24
06-04 20:53:16.321 I/audio_hw_hal_primary( 492): [audiohal_get_latency:1333] io 13: out:0xe86464b0 frames:1152 rate:48000 whole_latency:24 alsa_latency:24
06-04 20:53:16.321 I/audio_hw_hal_primary( 492): [audiohal_get_latency:1333] io 13: out:0xe86464b0 frames:1024 rate:48000 whole_latency:21 alsa_latency:21
06-04 20:53:16.342 I/audio_hw_hal_primary( 492): [audiohal_get_latency:1333] io 13: out:0xe86464b0 frames:128 rate:48000 whole_latency:2 alsa_latency:2
06-04 20:53:16.342 I/audio_hw_hal_primary( 492): [audiohal_get_latency:1333] io 13: out:0xe86464b0 frames:128 rate:48000 whole_latency:2 alsa_latency:2
06-04 20:53:16.348 E/audio_hw_hal_alsamgr( 492): aml_alsa_output_get_delayframe:824, pcm_ioctl fail, ret:0xffffffff, error info:Broken pipe
06-04 20:53:16.349 I/audio_hw_hal_alsamgr( 492): aml_alsa_output_write alsa_running_status[0xe86415a0] change from 1 to 0
06-04 20:53:16.349 W/audio_hw_hal_alsamgr( 492): [aml_alsa_output_write:616] alsa underrun
06-04 20:53:16.363 E/audio_hw_hal_alsamgr( 492): aml_alsa_output_get_delayframe:824, pcm_ioctl fail, ret:0xffffffff, error info:Broken pipe
06-04 20:53:16.363 W/audio_hw_hal_primary( 492): [audiohal_get_latency:1327] alsa latency is 0, return max frames:3072
06-04 20:53:16.363 I/audio_hw_hal_primary( 492): [audiohal_get_latency:1333] io 13: out:0xe86464b0 frames:3072 rate:48000 whole_latency:64 alsa_latency:64
06-04 20:53:16.364 E/audio_hw_hal_alsamgr( 492): aml_alsa_output_get_delayframe:824, pcm_ioctl fail, ret:0xffffffff, error info:Broken pipe
06-04 20:53:16.364 W/audio_hw_hal_primary( 492): [audiohal_get_latency:1327] alsa latency is 0, return max frames:3072
06-04 20:53:16.364 I/audio_hw_hal_primary( 492): [audiohal_get_latency:1333] io 13: out:0xe86464b0 frames:3072 rate:48000 whole_latency:64 alsa_latency:64
06-04 20:53:16.385 E/audio_hw_hal_alsamgr( 492): aml_alsa_output_get_delayframe:824, pcm_ioctl fail, ret:0xffffffff, error info:Broken pipe
06-04 20:53:16.385 W/audio_hw_hal_primary( 492): [audiohal_get_latency:1327] alsa latency is 0, return max frames:3072
06-04 20:53:16.385 I/audio_hw_hal_primary( 492): [audiohal_get_latency:1333] io 13: out:0xe86464b0 frames:3072 rate:48000 whole_latency:64 alsa_latency:64
06-04 20:53:16.385 I/audio_hw_hal_ms12v2( 492): dolby_ms12_threadloop alsa is not running
06-04 20:53:16.385 I/audio_hw_hal_primary( 492): [audiohal_get_latency:1333] io 13: out:0xe86464b0 frames:256 rate:48000 whole_latency:5 alsa_latency:5
06-04 20:53:16.385 I/audio_hw_hal_ms12v2( 492): dolby_ms12_threadloop alsa is not running
06-04 20:53:16.386 I/audio_hw_hal_ms12v2( 492): dolby_ms12_threadloop alsa is not running
06-04 20:53:16.387 I/audio_hw_hal_ms12v2( 492): dolby_ms12_threadloop alsa is not running
06-04 20:53:16.387 I/audio_hw_hal_alsamgr( 492): aml_alsa_output_write alsa_running_status[0xe86415a0] change from 0 to 1
06-04 20:53:16.407 I/audio_hw_hal_primary( 492): [audiohal_get_latency:1333] io 13: out:0xe86464b0 frames:1152 rate:48000 whole_latency:24 alsa_latency:24
06-04 20:53:16.407 I/audio_hw_hal_primary( 492): [audiohal_get_latency:1333] io 13: out:0xe86464b0 frames:1152 rate:48000 whole_latency:24 alsa_latency:24
06-04 20:53:16.407 D/audioserver( 536): logFgsApiEnd: FGS Logger Transaction failed, -129
06-04 20:53:16.408 I/audio_hw_hal_primary( 492): out_update_source_metadata_v7() line 2013 usage:13 content_type:4
06-04 20:53:16.427 I/audio_hw_hal_primary( 492): [audiohal_get_latency:1333] io 13: out:0xe86464b0 frames:1152 rate:48000 whole_latency:24 alsa_latency:24
06-04 20:53:16.449 I/audio_hw_hal_primary( 492): [audiohal_get_latency:1333] io 13: out:0xe86464b0 frames:1152 rate:48000 whole_latency:24 alsa_latency:24
06-04 20:53:16.450 D/audioserver( 536): logFgsApiEnd: FGS Logger Transaction failed, -129
06-04 20:53:17.072 D/CompatibilityChangeReporter( 711): Compat change id reported: 135634846; UID 10043; state: DISABLED
06-04 20:53:17.074 D/CompatibilityChangeReporter( 711): Compat change id reported: 143937733; UID 10043; state: DISABLED
06-04 20:53:17.088 D/Zygote ( 469): Forked child process 3465
06-04 20:53:17.089 I/ActivityManager( 711): Start proc 3465:com.dangbei.screencast/u0a43 for service {com.dangbei.screencast/com.dangbei.screencast.startup.StartupService}
06-04 20:53:17.095 I/Zygote ( 3465): seccomp disabled by setenforce 0
06-04 20:53:17.097 I/rainbow_flow( 2282): type=1400 audit(0.0:1241): avc: denied { ioctl } for path="/dev/spidev1.0" dev="tmpfs" ino=538 ioctlcmd=0x6b00 scontext=u:r:init:s0 tcontext=u:object_r:device:s0 tclass=chr_file permissive=1
06-04 20:53:17.102 I/gbei.screencast( 3465): Using CollectorTypeCC GC.
06-04 20:53:17.107 E/gbei.screencast( 3465): Not starting debugger since process cannot load the jdwp agent.
06-04 20:53:17.120 D/CompatibilityChangeReporter( 3465): Compat change id reported: 171979766; UID 10043; state: DISABLED
06-04 20:53:17.120 D/CompatibilityChangeReporter( 3465): Compat change id reported: 242716250; UID 10043; state: DISABLED
06-04 20:53:17.125 D/ApplicationLoaders( 3465): Returning zygote-cached class loader: /system/framework/android.test.base.jar
06-04 20:53:17.125 D/ApplicationLoaders( 3465): Returning zygote-cached class loader: /system/framework/android.hidl.manager-V1.0-java.jar
06-04 20:53:17.125 D/ApplicationLoaders( 3465): Returning zygote-cached class loader: /system/framework/android.hidl.base-V1.0-java.jar
06-04 20:53:17.142 D/nativeloader( 3465): Configuring clns-shared-4 for other apk /system/app/dangbei-screencast/dangbei-screencast.apk. target_sdk_version=28, uses_libraries=, library_path=/system/app/dangbei-screencast/lib/arm:/system/app/dangbei-screencast/dangbei-screencast.apk!/lib/armeabi-v7a:/system/lib:/system_ext/lib, permitted_path=/data:/mnt/expand:/data/user/0/com.dangbei.screencast:/system/app/dangbei-screencast:/system/lib:/system_ext/lib
06-04 20:53:17.160 D/TrafficStats( 3331): tagSocket(142) with statsTag=0xffffffff, statsUid=-1
06-04 20:53:17.168 V/GraphicsEnvironment( 3465): Currently set values for:
06-04 20:53:17.168 V/GraphicsEnvironment( 3465): angle_gl_driver_selection_pkgs=[]
06-04 20:53:17.168 V/GraphicsEnvironment( 3465): angle_gl_driver_selection_values=[]
06-04 20:53:17.169 V/GraphicsEnvironment( 3465): ANGLE GameManagerService for com.dangbei.screencast: false
06-04 20:53:17.169 V/GraphicsEnvironment( 3465): com.dangbei.screencast is not listed in per-application setting
06-04 20:53:17.169 V/GraphicsEnvironment( 3465): Neither updatable production driver nor prerelease driver is supported.
06-04 20:53:17.173 I/MultiDex( 3465): VM with version 2.1.0 has multidex support
06-04 20:53:17.173 I/MultiDex( 3465): Installing application
06-04 20:53:17.173 I/MultiDex( 3465): VM has multidex support, MultiDex support library is disabled.
06-04 20:53:17.174 E/PartsInfoProvider( 3465): onCreate:
06-04 20:53:17.175 E/ServiceUtils( 3465): start main service
06-04 20:53:17.177 E/ServiceUtils( 3465): start main service
06-04 20:53:17.184 D/AndroidAutoSize( 3465): designWidthInDp = 1920, designHeightInDp = 1080, screenWidth = 1920, screenHeight = 1080
06-04 20:53:17.184 D/AndroidAutoSize( 3465): initDensity = 1.5, initScaledDensity = 1.5
06-04 20:53:17.195 D/CompatibilityChangeReporter( 3465): Compat change id reported: 247079863; UID 10043; state: DISABLED
06-04 20:53:17.213 I/gbei.screencast( 3465): type=1400 audit(0.0:1242): avc: denied { search } for name="net" dev="sysfs" ino=12344 scontext=u:r:untrusted_app_27:s0:c43,c256,c512,c768 tcontext=u:object_r:sysfs_net:s0 tclass=dir permissive=1 app=com.dangbei.screencast
06-04 20:53:17.213 I/gbei.screencast( 3465): type=1400 audit(0.0:1243): avc: denied { read } for name="address" dev="sysfs" ino=22126 scontext=u:r:untrusted_app_27:s0:c43,c256,c512,c768 tcontext=u:object_r:sysfs_net:s0 tclass=file permissive=1 app=com.dangbei.screencast
06-04 20:53:17.213 I/gbei.screencast( 3465): type=1400 audit(0.0:1244): avc: denied { open } for path="/sys/devices/virtual/net/dummy0/address" dev="sysfs" ino=22126 scontext=u:r:untrusted_app_27:s0:c43,c256,c512,c768 tcontext=u:object_r:sysfs_net:s0 tclass=file permissive=1 app=com.dangbei.screencast
06-04 20:53:17.213 I/gbei.screencast( 3465): type=1400 audit(0.0:1245): avc: denied { getattr } for path="/sys/devices/virtual/net/dummy0/address" dev="sysfs" ino=22126 scontext=u:r:untrusted_app_27:s0:c43,c256,c512,c768 tcontext=u:object_r:sysfs_net:s0 tclass=file permissive=1 app=com.dangbei.screencast
06-04 20:53:17.220 I/crashsdk( 3465): version unique build id: 6230cced
06-04 20:53:17.220 I/crashsdk( 3465): version unique build id: 6230cced
06-04 20:53:17.217 I/Thread-4( 3465): type=1400 audit(0.0:1246): avc: denied { read } for name="version" dev="proc" ino=4026532005 scontext=u:r:untrusted_app_27:s0:c43,c256,c512,c768 tcontext=u:object_r:proc_version:s0 tclass=file permissive=1 app=com.dangbei.screencast
06-04 20:53:17.217 I/Thread-4( 3465): type=1400 audit(0.0:1247): avc: denied { open } for path="/proc/version" dev="proc" ino=4026532005 scontext=u:r:untrusted_app_27:s0:c43,c256,c512,c768 tcontext=u:object_r:proc_version:s0 tclass=file permissive=1 app=com.dangbei.screencast
06-04 20:53:17.223 D/crashsdk( 3465): Native log stat thread 3500 setup, waiting
06-04 20:53:17.225 I/crashsdk( 3465): begin hack android.os.Process
06-04 20:53:17.226 I/crashsdk( 3465): end hack android.os.Process
06-04 20:53:17.235 I/TDLog ( 3465): setReportUncaughtExceptions: true
06-04 20:53:17.236 E/Application( 3465): onCreate:Version:v2.8.3/20830/883432e
06-04 20:53:17.240 I/Matrix.AnrTracer( 3465): anrTrace, final mAnrBeatTime:400, mAnrBeatRate:400
06-04 20:53:17.241 I/TDLog ( 3465): TalkingData SDK init...
06-04 20:53:17.241 I/TDLog ( 3465): SDK_VERSION is: Android+TD+V5.0.7 gp Type:Native Build_Num:2141
06-04 20:53:17.241 I/TDLog ( 3465): App ID is: B9D7815EC975466AB1332111FCE62DF5
06-04 20:53:17.241 I/TDLog ( 3465): App Channel is: os
06-04 20:53:17.241 I/TDLog ( 3465): App Custom is:
06-04 20:53:17.241 I/TDLog ( 3465): SDK_OVC is: TDOVC+a3bb7754719798526508b6caad480dd7+SaaS
06-04 20:53:17.244 W/efs.send_log( 3465): tryFileLock start!
06-04 20:53:17.249 D/LaunchConfigManager( 3465): check in allready
06-04 20:53:17.250 I/crashsdk( 3465): Catcher mask: 5000, 20480
06-04 20:53:17.250 I/efs.config( 3465): --->>> 删除旧的配置文件 false
06-04 20:53:17.250 I/crashsdk( 3465): Catcher thread 3470
06-04 20:53:17.250 D/crashsdk( 3465): Register ANR handler ...
06-04 20:53:17.251 I/LaunchTrace( 3465): begin sendLaunchCache
06-04 20:53:17.251 I/efs.base( 3465): lt=event`ev_ct=efs_core`ev_ac=pvuv`tm=2025-06-04 20:53:24`dn=44a903f6-afe3-4478-bff9-2c554859be60`ps=com.dangbei.screencast`um_os=android`stime=1749041597089`pid=3465`fr=android`pkg=com.dangbei.screencast`vcode=20830`dsp_w=1920`uid=44a903f6-afe3-4478-bff9-2c554859be60`rom=14`wid=44a903f6-afe3-4478-bff9-2c554859be60`um_app_carrier=`um_access=wifi`um_app_channel=os`um_crash_sdk_version=1.4.0`ctime=1749041597`model=dbbox-a3`lang=zh`net=wifi`brand=amlogic`dsp_h=1080`um_network_type=0`ver=v2.8.3`build_model=DBBOX-A3`w_tm=1749041597`appid=5fc60c21094d637f3130af19`um_umid_header=aif54b0e13231baa76d39051a48c8b0e67`sdk=34`tzone=Asia/Shanghai`sdk_ver=1.3.6.umeng
06-04 20:53:17.253 I/efs.config( 3465): current config version (-1) is older than another (1735614866)
06-04 20:53:17.253 I/efs.config( 3465): load config from storage and notify observer
06-04 20:53:17.254 W/ActivityManager( 711): Foreground service started from background can not have location/camera/microphone access: service com.dangbei.screencast/.startup.StartupService
06-04 20:53:17.254 I/ActivityManager( 711): Background started FGS: Allowed [callingPackage: com.dangbei.screencast; callingUid: 10043; uidState: FGS ; uidBFSL: [BFSL]; intent: Intent { act=com.dangbei.screencast.STARTUP pkg=com.dangbei.screencast }; code:PROC_STATE_FGS; tempAllowListReason:; targetSdkVersion:28; callerTargetSdkVersion:28; startForegroundCount:1; bindFromPackage:null: isBindService:true]
06-04 20:53:17.263 E/raop ( 3465): *********************AirplayBroadcastServer+++++++++
06-04 20:53:17.265 D/CompatibilityChangeReporter( 3465): Compat change id reported: 270306772; UID 10043; state: DISABLED
06-04 20:53:17.266 D/CompatibilityChangeReporter( 3465): Compat change id reported: 235355681; UID 10043; state: DISABLED
06-04 20:53:17.297 D/OomAdjuster( 711): Not killing cached processes
06-04 20:53:17.299 E/H264FrameQueue( 3465): H264FrameQueue: mFullQueueCount:200
06-04 20:53:17.305 D/wenhc ( 1559): getScreenInfo uri = content://com.dangbei.screencast.parts.info/screen_cast
06-04 20:53:17.313 W/System.err( 3465): java.lang.NullPointerException: Attempt to invoke virtual method 'byte[] java.net.NetworkInterface.getHardwareAddress()' on a null object reference
06-04 20:53:17.313 W/System.err( 3465): at b.f.f.y.g.b(Unknown Source:11)
06-04 20:53:17.313 W/System.err( 3465): at b.d.a.a.p.c0(Unknown Source:2)
06-04 20:53:17.313 W/System.err( 3465): at com.dangbei.screencast.startup.StartupService.onCreate(:5)
06-04 20:53:17.313 W/System.err( 3465): at android.app.ActivityThread.handleCreateService(ActivityThread.java:4696)
06-04 20:53:17.313 W/System.err( 3465): at android.app.ActivityThread.-$$Nest$mhandleCreateService(Unknown Source:0)
06-04 20:53:17.313 W/System.err( 3465): at android.app.ActivityThread$H.handleMessage(ActivityThread.java:2293)
06-04 20:53:17.313 W/System.err( 3465): at android.os.Handler.dispatchMessage(Handler.java:106)
06-04 20:53:17.313 W/System.err( 3465): at android.os.Looper.loopOnce(Looper.java:205)
06-04 20:53:17.313 W/System.err( 3465): at android.os.Looper.loop(Looper.java:294)
06-04 20:53:17.313 W/System.err( 3465): at android.app.ActivityThread.main(ActivityThread.java:8255)
06-04 20:53:17.313 W/System.err( 3465): at java.lang.reflect.Method.invoke(Native Method)
06-04 20:53:17.313 W/System.err( 3465): at com.android.internal.os.RuntimeInit$MethodAndArgsCaller.run(RuntimeInit.java:552)
06-04 20:53:17.313 W/System.err( 3465): at com.android.internal.os.ZygoteInit.main(ZygoteInit.java:978)
06-04 20:53:17.318 D/TrafficStats( 3465): tagSocket(151) with statsTag=0xffffffff, statsUid=-1
06-04 20:53:17.321 E/HuaweiCastService( 3465): onCreate called().
06-04 20:53:17.322 E/PlayerClient( 3465): registerCallback com.dangbei.screencast.huaweicast.service.HuaweiCastService$a@44afa29
06-04 20:53:17.322 D/PlayerClient( 3465): registerCallback true
06-04 20:53:17.322 D/PlayerClient( 3465): init.
06-04 20:53:17.323 W/KIT_FWK_a( 3465): KitFwk is not installed, pls do not use related interfaces.
06-04 20:53:17.323 W/KIT_FWK_a( 3465): KitFwk is not installed, pls do not use related interfaces.
06-04 20:53:17.323 E/PlayerClient( 3465): bind player service by aar.
06-04 20:53:17.326 D/TrafficStats( 3465): tagSocket(152) with statsTag=0xffffffff, statsUid=-1
06-04 20:53:17.327 D/PlayerClient( 3465): bind player sink service true
06-04 20:53:17.329 W/ActivityManager( 711): Foreground service started from background can not have location/camera/microphone access: service com.dangbei.screencast/.huaweicast.service.HuaweiCastService
06-04 20:53:17.329 E/HuaweiCastService( 3465): startForeground!
06-04 20:53:17.333 E/HuaweiCastService( 3465): onStartCommand in 0
06-04 20:53:17.336 D/HiSight-SinkService( 3465): onCreate.
06-04 20:53:17.337 D/HiSight-ConnectionManager( 3465): start ConnectionManager
06-04 20:53:17.337 I/WifiService( 711): acquireMulticastLock uid=10043
06-04 20:53:17.337 I/WifiService( 711): acquireMulticastLock uid=10043
06-04 20:53:17.339 D/HiSight-SinkService( 3465): onBind.
06-04 20:53:17.339 D/IpClient.wlan0( 1035): set max DTIM multiplier to 1
06-04 20:53:17.340 D/WifiHAL ( 525): Setting APF program, halHandle = 0xf75c2470
06-04 20:53:17.340 I/WifiHAL ( 525): createRequest: APF set program request
06-04 20:53:17.340 D/WifiHAL ( 525): error code -95 mapped to -3
06-04 20:53:17.340 I/WifiHAL ( 525): Request Response failed for APF, result = -3
06-04 20:53:17.340 E/WifiStaIfaceAidlImpl( 711): installApfPacketFilter failed with service-specific exception: android.os.ServiceSpecificException: (code 4)
06-04 20:53:17.341 D/WifiHAL ( 525): Setting DTIM config , halHandle = 0xf75c2470 Multiplier = 1
06-04 20:53:17.341 I/WifiHAL ( 525): Successfully configured dtim multiplier 1
06-04 20:53:17.341 D/WifiHAL ( 525): error code -95 mapped to -3
06-04 20:53:17.341 E/WifiStaIfaceAidlImpl( 711): setDtimMultiplier failed with service-specific exception: android.os.ServiceSpecificException: (code 4)
06-04 20:53:17.341 D/PlayerClient( 3465): service connected.
06-04 20:53:17.341 D/HiSight-SinkService( 3465): ITaskBinder registerCallback: true
06-04 20:53:17.341 D/HiSight-HiSightManager( 3465): ITaskBinder registerCallback.
06-04 20:53:17.342 D/HiSight-CallbackManager( 3465): addNewCallback. com.dangbei.screencast.huaweicast.service.HuaweiCastService$a@44afa29
06-04 20:53:17.342 E/HuaweiCastService( 3465): eventId: 4001
06-04 20:53:17.343 E/HuaweiCastService( 3465): mPlayerClient is null.
06-04 20:53:17.343 D/HiSight-HiSightManager( 3465): check capability vbr range not setting, using default value
06-04 20:53:17.343 E/HuaweiCastService( 3465): mPlayerClient is null.
06-04 20:53:17.343 D/HiSight-SinkService( 3465): setAuthMode
06-04 20:53:17.343 W/HiSight-ConnectionManager( 3465): mSinkId is empty
06-04 20:53:17.370 I/MobclickAgent( 3465): module init:azioc
06-04 20:53:17.425 W/TelephonyPermissions( 711): reportAccessDeniedToReadIdentifiers:com.dangbei.screencast:getSerial:-1
06-04 20:53:17.546 I/audio_hw_hal_alsamgr( 492): alsa format =0x1 delay frames =1024 total frames=3957760
06-04 20:53:17.701 I/WifiHAL ( 525): call wifi_get_link_stats handler
06-04 20:53:17.701 I/WifiHAL ( 525): Creating message to get link statistics; iface = 16
06-04 20:53:17.702 D/WifiHAL ( 525): error code -95 mapped to -3
06-04 20:53:17.702 E/WifiStaIfaceAidlImpl( 711): getLinkLayerStats failed with service-specific exception: android.os.ServiceSpecificException: (code 4)
06-04 20:53:17.729 E/StartupService( 3465): onConnected:
06-04 20:53:17.800 W/System.err( 3465): java.lang.NullPointerException: Attempt to invoke virtual method 'byte[] java.net.NetworkInterface.getHardwareAddress()' on a null object reference
06-04 20:53:17.800 W/System.err( 3465): at b.f.f.y.g.b(Unknown Source:11)
06-04 20:53:17.800 W/System.err( 3465): at b.d.a.a.p.c0(Unknown Source:2)
06-04 20:53:17.800 W/System.err( 3465): at b.f.f.w.b.(:16)
06-04 20:53:17.800 W/System.err( 3465): at com.dangbei.screencast.startup.StartupService.w(:2)
06-04 20:53:17.800 W/System.err( 3465): at b.f.f.h.g.b.run(:6)
06-04 20:53:17.800 W/System.err( 3465): at b.d.a.a.n.a(Unknown Source:10)
06-04 20:53:17.800 W/System.err( 3465): at b.f.f.h.g.j.onReceive(Unknown Source:20)
06-04 20:53:17.800 W/System.err( 3465): at android.app.LoadedApk$ReceiverDispatcher$Args.lambda$getRunnable$0(LoadedApk.java:1811)
06-04 20:53:17.800 W/System.err( 3465): at android.app.LoadedApk$ReceiverDispatcher$Args.$r8$lambda$gDuJqgxY6Zb-ifyeubKeivTLAwk(Unknown Source:0)
06-04 20:53:17.800 W/System.err( 3465): at android.app.LoadedApk$ReceiverDispatcher$Args$$ExternalSyntheticLambda0.run(Unknown Source:2)
06-04 20:53:17.801 W/System.err( 3465): at android.os.Handler.handleCallback(Handler.java:958)
06-04 20:53:17.801 W/System.err( 3465): at android.os.Handler.dispatchMessage(Handler.java:99)
06-04 20:53:17.801 W/System.err( 3465): at android.os.Looper.loopOnce(Looper.java:205)
06-04 20:53:17.801 W/System.err( 3465): at android.os.Looper.loop(Looper.java:294)
06-04 20:53:17.801 W/System.err( 3465): at android.app.ActivityThread.main(ActivityThread.java:8255)
06-04 20:53:17.801 W/System.err( 3465): at java.lang.reflect.Method.invoke(Native Method)
06-04 20:53:17.801 W/System.err( 3465): at com.android.internal.os.RuntimeInit$MethodAndArgsCaller.run(RuntimeInit.java:552)
06-04 20:53:17.801 W/System.err( 3465): at com.android.internal.os.ZygoteInit.main(ZygoteInit.java:978)
06-04 20:53:17.828 W/efs.info.manager( 3465): network change: wifi
06-04 20:53:17.835 D/TrafficStats( 3465): tagSocket(161) with statsTag=0xffffffff, statsUid=-1
06-04 20:53:18.678 D/WifiNl80211Manager( 711): Scan result ready event
06-04 20:53:18.679 D/WifiNative( 711): Scan result ready event
06-04 20:53:18.737 E/ccc ( 3250): cccccc SCAN_RESULTS_AVAILABLE_ACTION hhhh
06-04 20:53:18.738 E/hq ( 1559): NetWorkStateReceiver:::NetWorkStateReceiver onReceive: 网络变化广播 >>>> intent.action=android.net.wifi.SCAN_RESULTS
06-04 20:53:18.742 I/WifiHAL ( 525): call wifi_get_link_stats handler
06-04 20:53:18.742 I/WifiHAL ( 525): Creating message to get link statistics; iface = 16
06-04 20:53:18.742 D/WifiHAL ( 525): error code -95 mapped to -3
06-04 20:53:18.743 E/WifiStaIfaceAidlImpl( 711): getLinkLayerStats failed with service-specific exception: android.os.ServiceSpecificException: (code 4)
06-04 20:53:18.764 W/eventbuscore( 1559): post Event:com.dangbei.leard.base.entity.event.NetWifiRssiEvent
06-04 20:53:18.766 E/ccc ( 3250): cccccc result is not empty call back
06-04 20:53:18.766 E/ccc ( 3250): cccccc 666666666666666
06-04 20:53:18.781 E/ccc ( 3250): cccccc sort 4 56
06-04 20:53:19.180 D/audio_hw_hal_primary( 492): [out_standby_new:5767] io 13: out:0xe86464b0 usecase:PCM_NORMAL
06-04 20:53:19.180 I/audio_hw_hal_primary( 492): [do_output_standby_l:5663] io 13: out:0xe86464b0, stream usecase:PCM_NORMAL, continuous:1
06-04 20:53:19.180 I/audio_hw_hal_primary( 492): [usecase_change_validate_l:7436] ++ io 13: out:0xe86464b0 dev masks:0x1 is_standby:1 out usecase:PCM_NORMAL
06-04 20:53:19.180 I/audio_hw_hal_ms12common( 492): aml_set_ms12_scheduler_state ms12_scheduler_state:1, sch_state:1 SCHEDULER_STANDBY is sent to ms12
06-04 20:53:19.180 I/audio_hw_hal_primary( 492): [usecase_change_validate_l:7477] -- dev masks:0 is_standby:1 out usecase PCM_NORMAL
06-04 20:53:19.180 D/audio_hw_hal_primary( 492): [out_standby_new:5790] io 13: out:0xe86464b0 usecase:PCM_NORMAL exit
06-04 20:53:19.197 I/efs.config( 3331): No update is required, less than 8h since the last update
06-04 20:53:19.225 I/Timer-1 ( 3331): type=1400 audit(0.0:1253): avc: denied { search } for name="net" dev="sysfs" ino=12344 scontext=u:r:untrusted_app_27:s0:c43,c256,c512,c768 tcontext=u:object_r:sysfs_net:s0 tclass=dir permissive=1 app=com.dangbei.screencast
06-04 20:53:19.252 W/TelephonyPermissions( 711): reportAccessDeniedToReadIdentifiers:com.dangbei.screencast:getSerial:-1
06-04 20:53:19.286 W/TelephonyPermissions( 711): reportAccessDeniedToReadIdentifiers:com.dangbei.screencast:getSerial:-1
06-04 20:53:19.296 E/audio_hw_hal_alsamgr( 492): aml_alsa_output_get_delayframe:824, pcm_ioctl fail, ret:0xffffffff, error info:Broken pipe
06-04 20:53:19.296 I/audio_hw_hal_alsamgr( 492): aml_alsa_output_write alsa_running_status[0xe86415a0] change from 1 to 0
06-04 20:53:19.296 W/audio_hw_hal_alsamgr( 492): [aml_alsa_output_write:616] alsa underrun
06-04 20:53:19.301 V/NFC ( 3331): this device does not have NFC support
06-04 20:53:19.310 V/NFC ( 3465): this device does not have NFC support
06-04 20:53:19.320 I/audio_hw_hal_ms12v2( 492): dolby_ms12_threadloop alsa is not running
06-04 20:53:19.321 I/audio_hw_hal_ms12v2( 492): dolby_ms12_threadloop alsa is not running
06-04 20:53:19.321 I/audio_hw_hal_ms12v2( 492): dolby_ms12_threadloop alsa is not running
06-04 20:53:19.321 I/audio_hw_hal_ms12v2( 492): dolby_ms12_threadloop alsa is not running
06-04 20:53:19.322 I/audio_hw_hal_alsamgr( 492): aml_alsa_output_write alsa_running_status[0xe86415a0] change from 0 to 1
06-04 20:53:19.354 D/libdolbyms12( 492): continuous underrun 2
06-04 20:53:19.411 W/System ( 711): A resource failed to call release.
06-04 20:53:19.425 I/ip ( 3593): type=1400 audit(0.0:1254): avc: denied { bind } for scontext=u:r:untrusted_app_27:s0:c43,c256,c512,c768 tcontext=u:r:untrusted_app_27:s0:c43,c256,c512,c768 tclass=netlink_route_socket permissive=1 app=com.dangbei.screencast
06-04 20:53:19.425 I/ip ( 3593): type=1400 audit(0.0:1255): avc: denied { nlmsg_readpriv } for scontext=u:r:untrusted_app_27:s0:c43,c256,c512,c768 tcontext=u:r:untrusted_app_27:s0:c43,c256,c512,c768 tclass=netlink_route_socket permissive=1 app=com.dangbei.screencast
06-04 20:53:19.425 W/ip ( 3593): type=1400 audit(0.0:1256): avc: granted { nlmsg_getneigh } for scontext=u:r:untrusted_app_27:s0:c43,c256,c512,c768 tcontext=u:r:untrusted_app_27:s0:c43,c256,c512,c768 tclass=netlink_route_socket app=com.dangbei.screencast
06-04 20:53:19.920 D/UtilLog ( 2271): 日志批量上报 进行正常循环 !!!!!!本次有0次请求,共0条数据
06-04 20:53:19.966 D/TrafficStats( 3331): tagSocket(149) with statsTag=0xffffffff, statsUid=-1
06-04 20:53:20.232 D/TrafficStats( 3465): tagSocket(167) with statsTag=0xffffffff, statsUid=-1
06-04 20:53:20.706 I/WifiHAL ( 525): call wifi_get_link_stats handler
06-04 20:53:20.706 I/WifiHAL ( 525): Creating message to get link statistics; iface = 16
06-04 20:53:20.707 D/WifiHAL ( 525): error code -95 mapped to -3
06-04 20:53:20.707 E/WifiStaIfaceAidlImpl( 711): getLinkLayerStats failed with service-specific exception: android.os.ServiceSpecificException: (code 4)
06-04 20:53:21.223 E/GuardService( 3331): startMainRunnable:
06-04 20:53:22.033 D/ActivityManager( 711): freezing 1957 com.android.permissioncontroller
06-04 20:53:22.180 D/audio_hw_hal_ms12common( 492): func:ms12_timer_callback_handler sigv:0 ~~~~~~~~~~
06-04 20:53:22.180 D/audio_hw_hal_ms12v2( 492): set_dolby_ms12_continuous_state audio_continuous_standby_set status 1
06-04 20:53:22.180 D/audio_hw_hal_continuous_standby( 492): audio_continuous_standby_set, type 0, params 1
06-04 20:53:22.180 D/audio_hw_hal_ms12common( 492): aml_send_ms12_scheduler_state_2_ms12 adev:0xe87014a0, sch_state:1(SCHEDULER_STANDBY)
06-04 20:53:22.273 D/TrafficStats( 3465): tagSocket(166) with statsTag=0xffffffff, statsUid=-1
06-04 20:53:22.274 I/WifiService( 711): releaseMulticastLock uid=10043
06-04 20:53:22.275 I/WifiService( 711): releaseMulticastLock uid=10043
06-04 20:53:22.269 I/gbei.screencast( 3465): type=1400 audit(0.0:1257): avc: denied { write } for name="property_service" dev="tmpfs" ino=411 scontext=u:r:untrusted_app_27:s0:c43,c256,c512,c768 tcontext=u:object_r:property_socket:s0 tclass=sock_file permissive=1 app=com.dangbei.screencast
06-04 20:53:22.269 I/gbei.screencast( 3465): type=1400 audit(0.0:1258): avc: denied { connectto } for path="/dev/socket/property_service" scontext=u:r:untrusted_app_27:s0:c43,c256,c512,c768 tcontext=u:r:init:s0 tclass=unix_stream_socket permissive=1 app=com.dangbei.screencast
06-04 20:53:22.280 D/IpClient.wlan0( 1035): set max DTIM multiplier to 9
06-04 20:53:22.280 D/WifiHAL ( 525): Setting APF program, halHandle = 0xf75c2470
06-04 20:53:22.280 I/WifiHAL ( 525): createRequest: APF set program request
06-04 20:53:22.281 D/WifiHAL ( 525): error code -95 mapped to -3
06-04 20:53:22.281 I/WifiHAL ( 525): Request Response failed for APF, result = -3
06-04 20:53:22.281 E/WifiStaIfaceAidlImpl( 711): installApfPacketFilter failed with service-specific exception: android.os.ServiceSpecificException: (code 4)
06-04 20:53:22.282 D/WifiHAL ( 525): Setting DTIM config , halHandle = 0xf75c2470 Multiplier = 9
06-04 20:53:22.282 I/WifiHAL ( 525): Successfully configured dtim multiplier 9
06-04 20:53:22.282 D/WifiHAL ( 525): error code -95 mapped to -3
06-04 20:53:22.283 E/WifiStaIfaceAidlImpl( 711): setDtimMultiplier failed with service-specific exception: android.os.ServiceSpecificException: (code 4)
06-04 20:53:22.293 D/HiSight-SinkService( 3465): setDiscoverable true
06-04 20:53:22.294 D/wenhc ( 1559): getScreenInfo uri = content://com.dangbei.screencast.parts.info/screen_cast
06-04 20:53:22.294 D/NearFieldManager( 3465): init.
06-04 20:53:22.295 D/NearFieldManager( 3465): try check dmsdp
06-04 20:53:22.314 D/NearFieldManager( 3465): package not exist
06-04 20:53:22.317 D/CompatibilityChangeReporter( 711): Compat change id reported: 135634846; UID 10043; state: DISABLED
06-04 20:53:22.318 D/CompatibilityChangeReporter( 711): Compat change id reported: 143937733; UID 10043; state: DISABLED
06-04 20:53:22.319 D/NearFieldManager( 3465): bind nearfield service true
06-04 20:53:22.320 D/NearFieldManager( 3465): registerCallback true
06-04 20:53:22.320 D/HiSight-Discovery( 3465): set deviceInfo type:46
06-04 20:53:22.320 D/HiSight-Discovery( 3465): startAdvertise 1
06-04 20:53:22.337 D/Zygote ( 469): Forked child process 3608
06-04 20:53:22.338 I/ActivityManager( 711): Start proc 3608:com.huawei.connection/u0a43 for service {com.dangbei.screencast/com.huawei.connection.service.NearFieldManagerService}
06-04 20:53:22.342 I/Zygote ( 3608): seccomp disabled by setenforce 0
06-04 20:53:22.349 I/awei.connection( 3608): Using CollectorTypeCC GC.
06-04 20:53:22.349 I/rainbow_flow( 2282): type=1400 audit(0.0:1259): avc: denied { ioctl } for path="/dev/spidev1.0" dev="tmpfs" ino=538 ioctlcmd=0x6b00 scontext=u:r:init:s0 tcontext=u:object_r:device:s0 tclass=chr_file permissive=1
06-04 20:53:22.355 E/awei.connection( 3608): Not starting debugger since process cannot load the jdwp agent.
06-04 20:53:22.367 D/CompatibilityChangeReporter( 3608): Compat change id reported: 171979766; UID 10043; state: DISABLED
06-04 20:53:22.367 D/CompatibilityChangeReporter( 3608): Compat change id reported: 242716250; UID 10043; state: DISABLED
06-04 20:53:22.372 D/ApplicationLoaders( 3608): Returning zygote-cached class loader: /system/framework/android.test.base.jar
06-04 20:53:22.372 D/ApplicationLoaders( 3608): Returning zygote-cached class loader: /system/framework/android.hidl.manager-V1.0-java.jar
06-04 20:53:22.372 D/ApplicationLoaders( 3608): Returning zygote-cached class loader: /system/framework/android.hidl.base-V1.0-java.jar
06-04 20:53:22.391 D/nativeloader( 3608): Configuring clns-shared-4 for other apk /system/app/dangbei-screencast/dangbei-screencast.apk. target_sdk_version=28, uses_libraries=, library_path=/system/app/dangbei-screencast/lib/arm:/system/app/dangbei-screencast/dangbei-screencast.apk!/lib/armeabi-v7a:/system/lib:/system_ext/lib, permitted_path=/data:/mnt/expand:/data/user/0/com.dangbei.screencast:/system/app/dangbei-screencast:/system/lib:/system_ext/lib
06-04 20:53:22.415 V/GraphicsEnvironment( 3608): Currently set values for:
06-04 20:53:22.415 V/GraphicsEnvironment( 3608): angle_gl_driver_selection_pkgs=[]
06-04 20:53:22.415 V/GraphicsEnvironment( 3608): angle_gl_driver_selection_values=[]
06-04 20:53:22.416 V/GraphicsEnvironment( 3608): ANGLE GameManagerService for com.dangbei.screencast: false
06-04 20:53:22.416 V/GraphicsEnvironment( 3608): com.dangbei.screencast is not listed in per-application setting
06-04 20:53:22.416 V/GraphicsEnvironment( 3608): Neither updatable production driver nor prerelease driver is supported.
06-04 20:53:22.419 I/MultiDex( 3608): VM with version 2.1.0 has multidex support
06-04 20:53:22.419 I/MultiDex( 3608): Installing application
06-04 20:53:22.419 I/MultiDex( 3608): VM has multidex support, MultiDex support library is disabled.
06-04 20:53:22.420 D/CompatibilityChangeReporter( 3608): Compat change id reported: 247079863; UID 10043; state: DISABLED
06-04 20:53:22.442 I/crashsdk( 3608): version unique build id: 6230cced
06-04 20:53:22.444 D/crashsdk( 3608): Native log stat thread 3639 setup, waiting
06-04 20:53:22.446 I/crashsdk( 3608): begin hack android.os.Process
06-04 20:53:22.446 I/crashsdk( 3608): end hack android.os.Process
06-04 20:53:22.437 I/Thread-3( 3608): type=1400 audit(0.0:1260): avc: denied { read } for name="version" dev="proc" ino=4026532005 scontext=u:r:untrusted_app_27:s0:c43,c256,c512,c768 tcontext=u:object_r:proc_version:s0 tclass=file permissive=1 app=com.dangbei.screencast
06-04 20:53:22.437 I/Thread-3( 3608): type=1400 audit(0.0:1261): avc: denied { open } for path="/proc/version" dev="proc" ino=4026532005 scontext=u:r:untrusted_app_27:s0:c43,c256,c512,c768 tcontext=u:object_r:proc_version:s0 tclass=file permissive=1 app=com.dangbei.screencast
06-04 20:53:22.437 I/Thread-3( 3608): type=1400 audit(0.0:1262): avc: denied { getattr } for path="/proc/version" dev="proc" ino=4026532005 scontext=u:r:untrusted_app_27:s0:c43,c256,c512,c768 tcontext=u:object_r:proc_version:s0 tclass=file permissive=1 app=com.dangbei.screencast
06-04 20:53:22.463 I/TDLog ( 3608): setReportUncaughtExceptions: true
06-04 20:53:22.464 W/efs.send_log( 3608): tryFileLock start!
06-04 20:53:22.464 E/Application( 3608): onCreate:Version:v2.8.3/20830/883432e
06-04 20:53:22.465 I/Matrix.AnrTracer( 3608): anrTrace, final mAnrBeatTime:400, mAnrBeatRate:400
06-04 20:53:22.467 E/LaunchManager( 3608): Non main process !
06-04 20:53:22.468 W/System.err( 3608): java.lang.NullPointerException: Attempt to invoke virtual method 'boolean com.efs.sdk.launch.LaunchConfigManager.enableTracer()' on a null object reference
06-04 20:53:22.468 W/System.err( 3608): at com.umeng.umcrash.UMCrash.init(Unknown Source:403)
06-04 20:53:22.468 W/System.err( 3608): at java.lang.reflect.Method.invoke(Native Method)
06-04 20:53:22.468 W/System.err( 3608): at com.umeng.commonsdk.UMConfigure.init(Unknown Source:811)
06-04 20:53:22.468 W/System.err( 3608): at b.f.f.b.a(:4)
06-04 20:53:22.468 W/System.err( 3608): at h.o.a.run(Unknown Source:2)
06-04 20:53:22.469 I/efs.config( 3608): --->>> 删除旧的配置文件 false
06-04 20:53:22.472 I/efs.base( 3608): lt=event`ev_ct=efs_core`ev_ac=pvuv`tm=2025-06-04 20:53:46`dn=44a903f6-afe3-4478-bff9-2c554859be60`ps=com.huawei.connection`um_os=android`stime=1749041602333`pid=3608`fr=android`pkg=com.dangbei.screencast`vcode=20830`dsp_w=1920`uid=44a903f6-afe3-4478-bff9-2c554859be60`rom=14`wid=44a903f6-afe3-4478-bff9-2c554859be60`um_app_carrier=`um_access=wifi`um_app_channel=os`um_crash_sdk_version=1.4.0`ctime=1749041602`model=dbbox-a3`lang=zh`net=wifi`brand=amlogic`dsp_h=1080`um_network_type=0`ver=v2.8.3`build_model=DBBOX-A3`w_tm=1749041602`appid=5fc60c21094d637f3130af19`um_umid_header=aif54b0e13231baa76d39051a48c8b0e67`sdk=34`tzone=Asia/Shanghai`sdk_ver=1.3.6.umeng
06-04 20:53:22.488 I/crashsdk( 3608): Catcher mask: 5000, 20480
06-04 20:53:22.489 I/efs.config( 3608): current config version (-1) is older than another (1735614866)
06-04 20:53:22.489 I/crashsdk( 3608): Catcher thread 3613
06-04 20:53:22.489 D/crashsdk( 3608): Register ANR handler ...
06-04 20:53:22.489 I/efs.config( 3608): load config from storage and notify observer
06-04 20:53:22.490 D/NearFieldManagerService( 3608): NearFieldManagerService.
06-04 20:53:22.491 D/NearFieldManagerService( 3608): onCreate, enter.
06-04 20:53:22.491 I/NearFieldManagerService( 3608): onBind, enter.
06-04 20:53:22.492 D/NearFieldManagerService( 3608): initService
06-04 20:53:22.492 D/NearFieldManagerService( 3608): NearField starting...
06-04 20:53:22.493 D/NearFieldUtils( 3608): checkSystemProperty in
06-04 20:53:22.493 D/NearFieldUtils( 3608): checkSystemProperty: systemProperties:
06-04 20:53:22.493 E/NearFieldUtils( 3608): validProperty: priority is null
06-04 20:53:22.507 I/TDLog ( 3608): TalkingData SDK init...
06-04 20:53:22.507 I/TDLog ( 3608): SDK_VERSION is: Android+TD+V5.0.7 gp Type:Native Build_Num:2141
06-04 20:53:22.507 I/TDLog ( 3608): App ID is: B9D7815EC975466AB1332111FCE62DF5
06-04 20:53:22.507 I/TDLog ( 3608): App Channel is: os
06-04 20:53:22.507 I/TDLog ( 3608): App Custom is:
06-04 20:53:22.507 I/TDLog ( 3608): SDK_OVC is: TDOVC+a3bb7754719798526508b6caad480dd7+SaaS
06-04 20:53:22.510 D/NearFieldManager( 3465): service connected.
06-04 20:53:22.511 D/HiSight-Discovery( 3465): eventId: 4001
06-04 20:53:22.511 D/HiSight-Discovery( 3465): msg 4001
06-04 20:53:22.511 D/HiSight-Discovery( 3465): bind success, status Ready
06-04 20:53:22.511 D/HiSight-Discovery( 3465): startAdvertise 2
06-04 20:53:22.511 D/HiSight-Discovery( 3465): stopAdvertise.
06-04 20:53:22.512 D/HiSight-Discovery( 3465): nearFieldStartListen deviceType 46
06-04 20:53:22.513 I/NearFieldManagerImpl( 3608): setDeviceInfo, sDeviceId changes
06-04 20:53:22.513 I/NearFieldManagerImpl( 3608): setDeviceInfo, sDeviceName changes
06-04 20:53:22.514 D/NearFieldManagerImpl( 3608): setServiceData, sServiceData=[], serviceData=[32]
06-04 20:53:22.514 E/NearFieldManager( 3465): setIdnNetworkPriority: networkPortPriority is empty
06-04 20:53:22.514 D/NearFieldManager( 3465): StartListen moduleId: CastPlusDiscoveryModule
06-04 20:53:22.516 D/NearFieldManagerImpl( 3608): startListen: moduleId: CastPlusDiscoveryModule
06-04 20:53:22.516 D/NearFieldUtils( 3608): getPreferredIpAddress exec
06-04 20:53:22.516 D/NearFieldUtils( 3608): getPreferredIpAddress by custom priority
06-04 20:53:22.516 D/NearFieldUtils( 3608): getIpByInterfaceSetting customIdnNetworkPriority:[]
06-04 20:53:22.516 D/NearFieldUtils( 3608): getPreferredIpAddress by default priority
06-04 20:53:22.516 D/TrafficStats( 3608): tagSocket(133) with statsTag=0xffffffff, statsUid=-1
06-04 20:53:22.524 D/NearFieldUtils( 3608): to get wlan0 ip address
06-04 20:53:22.524 D/NearFieldUtils( 3608): get wlan0 IP succeed.
06-04 20:53:22.524 D/NearFieldManagerImpl( 3608): sDeviceType: 46
06-04 20:53:22.524 D/NearFieldManagerImpl( 3608): registerDevice() is called.
06-04 20:53:22.524 E/NearFieldManagerUtilsNative( 3608): Begin System.loadLibrary()
06-04 20:53:22.537 I/HicomNfTimerManager( 3608): epoll fd:136 create success
06-04 20:53:22.537 I/HicomNfTimerManager( 3608): epoll add fd:138--->136 success
06-04 20:53:22.537 I/HicomNfTimerManager( 3608): time fd:138 add to epoll success
06-04 20:53:22.543 D/nStackXDFinder( 3608): NSTACKX_Init:[146] :nstack ctrl creat epollfd 140
06-04 20:53:22.543 I/nStackXDFinder( 3608): InitDefaultInterfaceName:[779] :InitDefaultInterfaceName exec
06-04 20:53:22.543 D/nStackXCoAP( 3608): CoapServerInit:[174] :CoapServerInit is called
06-04 20:53:22.543 E/nStackXDFinder( 3608): GetLocalIp:[401] :GetLocalIp exec
06-04 20:53:22.543 E/nStackXDFinder( 3608): GetLocalIp:[407] :GetLocalIp, ifInfo is null
06-04 20:53:22.543 I/HicomNfMainCtrlManager( 3608): NSTACKX_RegisterDevice is called
06-04 20:53:22.544 D/NearFieldManagerImpl( 3608): Register device success.
06-04 20:53:22.544 I/NearFieldManagerImpl( 3608): serviceName is castPlus
06-04 20:53:22.544 D/NearFieldManagerImpl( 3608): registerCapability() called with: capabilityBitmapNum = 1, capabilityBitmap = [8]
06-04 20:53:22.544 I/HicomNf_java_to_c( 3608): registerCapability, capabilityBitmapNum: 1
06-04 20:53:22.544 I/HicomNfMainCtrlManager( 3608): RegisterCapability: 1, 8
06-04 20:53:22.544 D/NearFieldManagerImpl( 3608): Register capability succeed with capabilityBitmapNum = 1, capabilityBitmap = [8]
06-04 20:53:22.544 D/NearFieldManagerImpl( 3608): registerServiceData() called with: serviceData = 32
06-04 20:53:22.544 D/NearFieldManagerImpl( 3608): registerModule() called with: packageModuleName = com.huawei.connection+CastPlusDiscoveryModule
06-04 20:53:22.544 I/HicomNf_java_to_c( 3608): registerModule, moduleName: com.huawei.connection+CastPlusDiscoveryModule
06-04 20:53:22.544 I/HicomNfMainCtrlManager( 3608): Enter RegisterModule
06-04 20:53:22.544 I/HicomNfRegManager( 3608): RegisterModule OK, add module name com.huawei.connection+CastPlusDiscoveryModule
06-04 20:53:22.545 I/Hisight-DeviceListManager( 3465): init DeviceListManager.
06-04 20:53:22.546 D/TrafficStats( 3608): tagSocket(139) with statsTag=0xffffffff, statsUid=-1
06-04 20:53:22.549 D/Hisight-DeviceListManager( 3465): get old secret key
06-04 20:53:22.552 I/nStackXDFinder( 3608): UpdateLocalNetworkInterface:[472] :UpdateLocalNetworkInterface exec,initerfaceName:wlan0
06-04 20:53:22.552 E/nStackXDFinder( 3608): GetLocalIp:[401] :GetLocalIp exec
06-04 20:53:22.552 E/nStackXDFinder( 3608): GetLocalIp:[407] :GetLocalIp, ifInfo is null
06-04 20:53:22.552 I/nStackXDFinder( 3608): UpdateLocalNetworkInterface:[498] :UpdateLocalNetworkInterface copy ip value in default process
06-04 20:53:22.552 E/nStackXDFinder( 3608): GetLocalIp:[401] :GetLocalIp exec
06-04 20:53:22.552 D/nStackXCoAP( 3608): CoapServerInit:[174] :CoapServerInit is called
06-04 20:53:22.552 E/nStackXDFinder( 3608): GetLocalIp:[401] :GetLocalIp exec
06-04 20:53:22.552 I/nStackXUtil( 3608): BindToDevice:[352] :BindToDevice exec
06-04 20:53:22.552 I/nStackXUtil( 3608): GetInterfaceByPriority:[279] :GetInterfaceByPriority exec
06-04 20:53:22.552 I/nStackXUtil( 3608): GetInterfaceByDefault:[309] :GetInterfaceByDefault exec
06-04 20:53:22.552 I/nStackXUtil( 3608): GetInterfaceByDefault:[316] :GetInterfaceByDefault, ndevice name: lo
06-04 20:53:22.552 I/nStackXUtil( 3608): GetInterfaceByDefault:[316] :GetInterfaceByDefault, ndevice name: wlan0
06-04 20:53:22.552 E/Hisight-ConnectAuthCallBack( 3465): readSecureFile failed, no such file
06-04 20:53:22.552 I/nStackXUtil( 3608): BindToDevice:[374] :BindToDevice, Bind localAddr name: wlan0
06-04 20:53:22.552 W/Hisight-DeviceListManager( 3465): deviceRecords is empty
06-04 20:53:22.552 I/nStackXUtil( 3608): BindToDeviceInner:[191] :binding interface wlan0 success
06-04 20:53:22.552 W/Hisight-DeviceListManager( 3465): occur error, clear all the list
