06-04 20:51:59.981 D/SystemServerTimingAsync( 711): ssm.onStartUser-0_com.android.server.LooperStatsService$Lifecycle
06-04 20:51:59.981 D/SystemServerTimingAsync( 711): ssm.onStartUser-0_com.android.server.rollback.RollbackManagerService
06-04 20:51:59.981 D/SystemServerTimingAsync( 711): ssm.onStartUser-0_com.android.server.os.NativeTombstoneManagerService
06-04 20:51:59.981 D/SystemServerTimingAsync( 711): ssm.onStartUser-0_com.android.server.os.BugreportManagerService
06-04 20:51:59.981 D/SystemServerTimingAsync( 711): ssm.onStartUser-0_com.android.server.gpu.GpuService
06-04 20:51:59.981 D/SystemServerTimingAsync( 711): ssm.onStartUser-0_com.android.server.security.rkp.RemoteProvisioningService
06-04 20:51:59.981 D/SystemServerTimingAsync( 711): ssm.onStartUser-0_com.android.server.security.KeyChainSystemService
06-04 20:51:59.981 D/SystemServerTimingAsync( 711): ssm.onStartUser-0_com.android.server.BinaryTransparencyService
06-04 20:51:59.981 D/SystemServerTimingAsync( 711): ssm.onStartUser-0_com.android.server.accounts.AccountManagerService$Lifecycle
06-04 20:51:59.981 D/SystemServerTimingAsync( 711): ssm.onStartUser-0_com.android.server.content.ContentService$Lifecycle
06-04 20:51:59.981 D/SystemServerTimingAsync( 711): ssm.onStartUser-0_com.android.server.deviceconfig.DeviceConfigInit$Lifecycle
06-04 20:51:59.981 D/SystemServerTimingAsync( 711): ssm.onStartUser-0_com.android.server.DropBoxManagerService
06-04 20:51:59.981 D/SystemServerTimingAsync( 711): ssm.onStartUser-0_com.android.role.RoleService
06-04 20:51:59.988 V/WindowManagerShell( 917): Adding init callback for BackAnimationController
06-04 20:51:59.989 D/SystemServerTimingAsync( 711): ssm.onStartUser-0_com.android.server.vibrator.VibratorManagerService$Lifecycle
06-04 20:51:59.989 D/SystemServerTimingAsync( 711): ssm.onStartUser-0_com.android.server.tare.InternalResourceService
06-04 20:51:59.989 D/SystemServerTimingAsync( 711): ssm.onStartUser-0_com.android.server.alarm.AlarmManagerService
06-04 20:51:59.990 D/SystemServerTimingAsync( 711): ssm.onStartUser-0_com.android.server.devicestate.DeviceStateManagerService
06-04 20:51:59.990 D/SystemServerTimingAsync( 711): ssm.onStartUser-0_com.android.server.camera.CameraServiceProxy
06-04 20:51:59.990 D/SystemServerTimingAsync( 711): ssm.onStartUser-0_com.android.server.bluetooth.BluetoothService
06-04 20:51:59.994 V/WindowManagerShell( 917): Initializing Shell Components: 18
06-04 20:51:59.995 D/CompatibilityChangeReporter( 711): Compat change id reported: 135634846; UID 1002; state: DISABLED
06-04 20:52:00.001 V/WindowManagerShell( 917): DisplayChangeController init took 7ms
06-04 20:52:00.005 V/WindowManagerShell( 917): DisplayController init took 4ms
06-04 20:52:00.008 V/WindowManagerShell( 917): DisplayInsetsController init took 2ms
06-04 20:52:00.009 V/WindowManagerShell( 917): DisplayImeController init took 0ms
06-04 20:52:00.009 V/WindowManagerShell( 917): Adding dump callback for ShellController
06-04 20:52:00.009 V/WindowManagerShell( 917): ShellController init took 0ms
06-04 20:52:00.009 V/WindowManagerShell( 917): Adding external interface from DragAndDropController with key extra_shell_drag_and_drop
06-04 20:52:00.009 V/WindowManagerShell( 917): Adding dump callback for DragAndDropController
06-04 20:52:00.009 V/WindowManagerShell( 917): DragAndDropController init took 0ms
06-04 20:52:00.010 V/WindowManagerShell( 917): Adding command class compatui for CompatUIShellCommandHandler
06-04 20:52:00.010 V/WindowManagerShell( 917): CompatUIController init took 0ms
06-04 20:52:00.010 V/WindowManagerShell( 917): Adding dump callback for ShellTaskOrganizer
06-04 20:52:00.013 I/ActivityManager( 711): Start proc 1081:com.android.bluetooth/1002 for service {com.android.bluetooth/com.android.bluetooth.btservice.AdapterService}
06-04 20:52:00.021 V/WindowManagerShell( 917): ShellTaskOrganizer init took 11ms
06-04 20:52:00.026 D/SystemServerTimingAsync( 711): ssm.onStartUser-0_com.android.server.connectivity.IpConnectivityMetrics
06-04 20:52:00.026 D/SystemServerTimingAsync( 711): ssm.onStartUser-0_com.android.server.net.watchlist.NetworkWatchlistService$Lifecycle
06-04 20:52:00.026 D/SystemServerTimingAsync( 711): ssm.onStartUser-0_com.android.server.PinnerService
06-04 20:52:00.026 D/SystemServerTimingAsync( 711): ssm.onStartUser-0_com.android.server.integrity.AppIntegrityManagerService
06-04 20:52:00.026 D/SystemServerTimingAsync( 711): ssm.onStartUser-0_com.android.server.logcat.LogcatManagerService
06-04 20:52:00.026 D/SystemServerTimingAsync( 711): ssm.onStartUser-0_com.android.server.inputmethod.InputMethodManagerService$Lifecycle
06-04 20:52:00.026 D/SystemServerTimingAsync( 711): ssm.onStartUser-0_com.android.server.accessibility.AccessibilityManagerService$Lifecycle
06-04 20:52:00.026 D/SystemServerTimingAsync( 711): ssm.onStartUser-0_com.android.server.StorageManagerService$Lifecycle
06-04 20:52:00.030 V/StorageManagerService( 711): Package com.dangbei.lerad.leradwatcher has legacy storage
06-04 20:52:00.030 V/StorageManagerService( 711): Package com.android.cts.priv.ctsshim does not have legacy storage
06-04 20:52:00.030 V/StorageManagerService( 711): Package com.android.uwb.resources does not have legacy storage
06-04 20:52:00.030 V/StorageManagerService( 711): Package com.android.adservices.api does not have legacy storage
06-04 20:52:00.030 V/StorageManagerService( 711): Package com.android.dynsystem does not have legacy storage
06-04 20:52:00.030 V/StorageManagerService( 711): Package com.dangbei.lerad.rocky does not have legacy storage
06-04 20:52:00.030 V/StorageManagerService( 711): Package com.android.healthconnect.controller does not have legacy storage
06-04 20:52:00.031 V/StorageManagerService( 711): Package com.android.providers.calendar does not have legacy storage
06-04 20:52:00.031 V/StorageManagerService( 711): Package com.android.tv.settings does not have legacy storage
06-04 20:52:00.031 V/StorageManagerService( 711): Package com.android.providers.media does not have legacy storage
06-04 20:52:00.031 V/StorageManagerService( 711): Package com.android.health.connect.backuprestore does not have legacy storage
06-04 20:52:00.031 V/StorageManagerService( 711): Package com.android.virtualmachine.res does not have legacy storage
06-04 20:52:00.031 V/StorageManagerService( 711): Package com.dangbei.zhushou.os does not have legacy storage
06-04 20:52:00.031 V/StorageManagerService( 711): Package com.sohu.inputmethod.sogou.tv has legacy storage
06-04 20:52:00.034 V/StorageManagerService( 711): Package com.droidlogic.tvprovider.overlay does not have legacy storage
06-04 20:52:00.034 V/StorageManagerService( 711): Package com.android.externalstorage does not have legacy storage
06-04 20:52:00.041 V/StorageManagerService( 711): Package com.android.htmlviewer does not have legacy storage
06-04 20:52:00.041 V/StorageManagerService( 711): Package com.android.companiondevicemanager does not have legacy storage
06-04 20:52:00.042 V/StorageManagerService( 711): Package com.android.providers.downloads does not have legacy storage
06-04 20:52:00.042 V/StorageManagerService( 711): Package com.android.providers.tv does not have legacy storage
06-04 20:52:00.042 V/StorageManagerService( 711): Package com.droidlogic.mediacenter does not have legacy storage
06-04 20:52:00.042 V/StorageManagerService( 711): Package com.android.federatedcompute.services does not have legacy storage
06-04 20:52:00.042 V/StorageManagerService( 711): Package com.droidlogic does not have legacy storage
06-04 20:52:00.042 V/StorageManagerService( 711): Package com.droidlogic.tv.settings does not have legacy storage
06-04 20:52:00.042 V/StorageManagerService( 711): Package com.oranth.ledstatus does not have legacy storage
06-04 20:52:00.042 V/StorageManagerService( 711): Package com.android.tv.overlay.lps.disabled does not have legacy storage
06-04 20:52:00.042 V/StorageManagerService( 711): Package com.dangbei.lerad.videoposter has legacy storage
06-04 20:52:00.042 V/StorageManagerService( 711): Package com.android.tv.overlay.settingsprovider does not have legacy storage
06-04 20:52:00.042 V/StorageManagerService( 711): Package com.android.safetycenter.resources does not have legacy storage
06-04 20:52:00.042 V/StorageManagerService( 711): Package com.android.pacprocessor does not have legacy storage
06-04 20:52:00.042 V/StorageManagerService( 711): Package com.android.networkstack does not have legacy storage
06-04 20:52:00.042 V/StorageManagerService( 711): Package com.android.connectivity.resources does not have legacy storage
06-04 20:52:00.042 V/StorageManagerService( 711): Package com.android.modulemetadata does not have legacy storage
06-04 20:52:00.042 V/StorageManagerService( 711): Package com.android.certinstaller does not have legacy storage
06-04 20:52:00.043 V/StorageManagerService( 711): Package com.android.wifi.dialog does not have legacy storage
06-04 20:52:00.043 V/StorageManagerService( 711): Package com.dangbei.dbmusic.dbos.tab has legacy storage
06-04 20:52:00.043 V/StorageManagerService( 711): Package android does not have legacy storage
06-04 20:52:00.043 V/StorageManagerService( 711): Package com.android.camera2 does not have legacy storage
06-04 20:52:00.043 V/StorageManagerService( 711): Package com.android.mtp does not have legacy storage
06-04 20:52:00.043 V/StorageManagerService( 711): Package com.android.backupconfirm does not have legacy storage
06-04 20:52:00.043 V/StorageManagerService( 711): Package com.android.systemui.auto_generated_rro_vendor__ does not have legacy storage
06-04 20:52:00.043 V/StorageManagerService( 711): Package com.android.tv.overlay.networkstack does not have legacy storage
06-04 20:52:00.043 V/StorageManagerService( 711): Package com.android.statementservice does not have legacy storage
06-04 20:52:00.043 V/StorageManagerService( 711): Package com.dangbei.screencast has legacy storage
06-04 20:52:00.043 V/StorageManagerService( 711): Package com.android.settings.intelligence does not have legacy storage
06-04 20:52:00.043 V/StorageManagerService( 711): Package com.dangbei.leard.leradlauncher does not have legacy storage
06-04 20:52:00.043 V/StorageManagerService( 711): Package com.android.providers.settings does not have legacy storage
06-04 20:52:00.043 V/StorageManagerService( 711): Package com.android.sharedstoragebackup does not have legacy storage
06-04 20:52:00.043 V/StorageManagerService( 711): Package com.android.printspooler does not have legacy storage
06-04 20:52:00.043 V/StorageManagerService( 711): Package com.android.dreams.basic does not have legacy storage
06-04 20:52:00.043 V/StorageManagerService( 711): Package com.android.webview does not have legacy storage
06-04 20:52:00.043 V/StorageManagerService( 711): Package com.android.se does not have legacy storage
06-04 20:52:00.043 V/StorageManagerService( 711): Package com.android.inputdevices does not have legacy storage
06-04 20:52:00.043 V/StorageManagerService( 711): Package com.android.rkpdapp does not have legacy storage
06-04 20:52:00.043 V/StorageManagerService( 711): Package com.android.tv.overlay.wifi.resources does not have legacy storage
06-04 20:52:00.044 V/StorageManagerService( 711): Package com.oranth.inputmacsn does not have legacy storage
06-04 20:52:00.044 V/StorageManagerService( 711): Package com.android.musicfx does not have legacy storage
06-04 20:52:00.044 V/StorageManagerService( 711): Package com.dangbei.hqguide does not have legacy storage
06-04 20:52:00.044 V/StorageManagerService( 711): Package com.dangbei.hqmedia does not have legacy storage
06-04 20:52:00.044 V/StorageManagerService( 711): Package com.droidlogic.systemui.overlay does not have legacy storage
06-04 20:52:00.044 V/StorageManagerService( 711): Package android.ext.shared does not have legacy storage
06-04 20:52:00.044 V/StorageManagerService( 711): Package com.android.keychain does not have legacy storage
06-04 20:52:00.044 V/StorageManagerService( 711): Package com.dlg.framework.overlay does not have legacy storage
06-04 20:52:00.044 V/StorageManagerService( 711): Package android.ext.services does not have legacy storage
06-04 20:52:00.044 V/StorageManagerService( 711): Package com.android.wifi.resources does not have legacy storage
06-04 20:52:00.044 V/StorageManagerService( 711): Package com.android.cameraextensions does not have legacy storage
06-04 20:52:00.044 V/StorageManagerService( 711): Package com.android.localtransport does not have legacy storage
06-04 20:52:00.044 V/StorageManagerService( 711): Package com.android.networkstack.tethering.droidlogic does not have legacy storage
06-04 20:52:00.044 V/StorageManagerService( 711): Package com.droidlogic.mictoggle does not have legacy storage
06-04 20:52:00.044 V/StorageManagerService( 711): Package com.android.packageinstaller does not have legacy storage
06-04 20:52:00.044 V/StorageManagerService( 711): Package com.cskj.factorytest does not have legacy storage
06-04 20:52:00.044 V/StorageManagerService( 711): Package com.android.proxyhandler does not have legacy storage
06-04 20:52:00.044 V/StorageManagerService( 711): Package com.android.intentresolver does not have legacy storage
06-04 20:52:00.044 V/StorageManagerService( 711): Package com.android.nearby.halfsheet does not have legacy storage
06-04 20:52:00.044 V/StorageManagerService( 711): Package com.android.managedprovisioning does not have legacy storage
06-04 20:52:00.044 V/StorageManagerService( 711): Package com.oranth.usbopenft does not have legacy storage
06-04 20:52:00.044 V/StorageManagerService( 711): Package com.android.networkstack.tethering does not have legacy storage
06-04 20:52:00.044 V/StorageManagerService( 711): Package com.android.soundpicker does not have legacy storage
06-04 20:52:00.044 V/StorageManagerService( 711): Package com.dangbei.lerad.etna.haqu does not have legacy storage
06-04 20:52:00.045 V/StorageManagerService( 711): Package com.droidlogic.miracast does not have legacy storage
06-04 20:52:00.045 V/StorageManagerService( 711): Package com.amlogic.tv.overlay.matchcontent does not have legacy storage
06-04 20:52:00.045 V/StorageManagerService( 711): Package com.droidlogic.wifitetheringoverlay does not have legacy storage
06-04 20:52:00.045 V/StorageManagerService( 711): Package com.tv.filemanager.os has legacy storage
06-04 20:52:00.045 V/StorageManagerService( 711): Package com.oranth.powerwindow does not have legacy storage
06-04 20:52:00.045 V/StorageManagerService( 711): Package com.android.cts.ctsshim does not have legacy storage
06-04 20:52:00.045 V/StorageManagerService( 711): Package com.dangbei.lerad.screensaver does not have legacy storage
06-04 20:52:00.045 V/StorageManagerService( 711): Package com.droidlogic.wifion does not have legacy storage
06-04 20:52:00.046 V/StorageManagerService( 711): Package com.android.vpndialogs does not have legacy storage
06-04 20:52:00.046 V/StorageManagerService( 711): Package com.android.music does not have legacy storage
06-04 20:52:00.046 V/StorageManagerService( 711): Package com.android.shell does not have legacy storage
06-04 20:52:00.046 V/StorageManagerService( 711): Package com.android.sdksandbox does not have legacy storage
06-04 20:52:00.046 V/StorageManagerService( 711): Package com.android.wallpaperbackup does not have legacy storage
06-04 20:52:00.046 V/StorageManagerService( 711): Package com.android.providers.userdictionary does not have legacy storage
06-04 20:52:00.046 V/StorageManagerService( 711): Package com.android.providers.media.module does not have legacy storage
06-04 20:52:00.046 V/StorageManagerService( 711): Package com.oranth.storage does not have legacy storage
06-04 20:52:00.046 V/StorageManagerService( 711): Package com.android.hotspot2.osulogin does not have legacy storage
06-04 20:52:00.046 V/StorageManagerService( 711): Package com.android.location.fused does not have legacy storage
06-04 20:52:00.046 V/StorageManagerService( 711): Package com.android.deskclock does not have legacy storage
06-04 20:52:00.046 V/StorageManagerService( 711): Package com.android.systemui does not have legacy storage
06-04 20:52:00.046 V/StorageManagerService( 711): Package com.dangbei.haqusetting does not have legacy storage
06-04 20:52:00.046 V/StorageManagerService( 711): Package com.android.tv.overlay.framework does not have legacy storage
06-04 20:52:00.046 V/StorageManagerService( 711): Package com.android.permissioncontroller does not have legacy storage
06-04 20:52:00.046 V/StorageManagerService( 711): Package com.droidlogic.appinstall does not have legacy storage
06-04 20:52:00.046 V/StorageManagerService( 711): Package com.android.ondevicepersonalization.services does not have legacy storage
06-04 20:52:00.046 V/StorageManagerService( 711): Package com.android.bluetooth does not have legacy storage
06-04 20:52:00.046 V/StorageManagerService( 711): Package com.android.providers.contacts does not have legacy storage
06-04 20:52:00.046 V/StorageManagerService( 711): Package com.android.captiveportallogin does not have legacy storage
06-04 20:52:00.046 V/StorageManagerService( 711): Package com.droidlogic.overlay does not have legacy storage
06-04 20:52:00.046 V/StorageManagerService( 711): Package com.android.devicelockcontroller does not have legacy storage
06-04 20:52:00.046 V/StorageManagerService( 711): Package com.cibn.tv has legacy storage
06-04 20:52:00.047 V/StorageManagerService( 711): Package com.android.ext.adservices.api does not have legacy storage
06-04 20:52:00.047 V/StorageManagerService( 711): Package android.auto_generated_rro_vendor__ does not have legacy storage
06-04 20:52:00.048 V/WindowManagerShell( 917): DefaultTransitionHandler init took 27ms
06-04 20:52:00.048 D/SystemServerTimingAsync( 711): ssm.onStartUser-0_com.android.server.usage.StorageStatsService$Lifecycle
06-04 20:52:00.048 D/SystemServerTimingAsync( 711): ssm.onStartUser-0_com.android.server.UiModeManagerService
06-04 20:52:00.048 D/SystemServerTimingAsync( 711): ssm.onStartUser-0_com.android.server.locales.LocaleManagerService
06-04 20:52:00.048 D/SystemServerTimingAsync( 711): ssm.onStartUser-0_com.android.server.grammaticalinflection.GrammaticalInflectionService
06-04 20:52:00.048 D/SystemServerTimingAsync( 711): ssm.onStartUser-0_com.android.server.apphibernation.AppHibernationService
06-04 20:52:00.048 D/SystemServerTimingAsync( 711): ssm.onStartUser-0_com.android.server.locksettings.LockSettingsService$Lifecycle
06-04 20:52:00.048 D/SystemServerTimingAsync( 711): ssm.onStartUser-0_com.android.server.PersistentDataBlockService
06-04 20:52:00.048 D/SystemServerTimingAsync( 711): ssm.onStartUser-0_com.android.server.testharness.TestHarnessModeService
06-04 20:52:00.048 D/SystemServerTimingAsync( 711): ssm.onStartUser-0_com.android.server.oemlock.OemLockService
06-04 20:52:00.048 D/SystemServerTimingAsync( 711): ssm.onStartUser-0_com.android.server.DeviceIdleController
06-04 20:52:00.048 D/SystemServerTimingAsync( 711): ssm.onStartUser-0_com.android.server.devicepolicy.DevicePolicyManagerService$Lifecycle
06-04 20:52:00.050 V/WindowManagerShell( 917): Adding external interface from Transitions with key extra_shell_shell_transitions
06-04 20:52:00.059 D/SystemServerTimingAsync( 711): ssm.onStartUser-0_com.android.server.texttospeech.TextToSpeechManagerService
06-04 20:52:00.059 D/SystemServerTimingAsync( 711): ssm.onStartUser-0_com.android.server.ambientcontext.AmbientContextManagerService
06-04 20:52:00.059 D/SystemServerTimingAsync( 711): ssm.onStartUser-0_com.android.server.wearable.WearableSensingManagerService
06-04 20:52:00.059 D/SystemServerTimingAsync( 711): ssm.onStartUser-0_com.android.server.speech.SpeechRecognitionManagerService
06-04 20:52:00.059 D/SystemServerTimingAsync( 711): ssm.onStartUser-0_com.android.server.searchui.SearchUiManagerService
06-04 20:52:00.059 D/SystemServerTimingAsync( 711): ssm.onStartUser-0_com.android.server.smartspace.SmartspaceManagerService
06-04 20:52:00.059 D/SystemServerTimingAsync( 711): ssm.onStartUser-0_com.android.server.graphics.fonts.FontManagerService$Lifecycle
06-04 20:52:00.059 D/SystemServerTimingAsync( 711): ssm.onStartUser-0_com.android.server.textservices.TextServicesManagerService$Lifecycle
06-04 20:52:00.059 D/SystemServerTimingAsync( 711): ssm.onStartUser-0_com.android.server.textclassifier.TextClassificationManagerService$Lifecycle
06-04 20:52:00.065 D/GameManagerService( 711): User ID '0' does not have a Game Mode selected for package: 'com.android.bluetooth'
06-04 20:52:00.066 D/SystemServerTimingAsync( 711): ssm.onStartUser-0_com.android.server.NetworkScoreService$Lifecycle
06-04 20:52:00.066 D/SystemServerTimingAsync( 711): ssm.onStartUser-0_com.android.server.NetworkStatsServiceInitializer
06-04 20:52:00.066 D/SystemServerTimingAsync( 711): ssm.onStartUser-0_com.android.server.wifi.WifiService
06-04 20:52:00.066 D/SystemServerTimingAsync( 711): ssm.onStartUser-0_com.android.server.wifi.scanner.WifiScanningService
06-04 20:52:00.066 D/SystemServerTimingAsync( 711): ssm.onStartUser-0_com.android.server.wifi.p2p.WifiP2pService
06-04 20:52:00.066 D/SystemServerTimingAsync( 711): ssm.onStartUser-0_com.android.server.ConnectivityServiceInitializer
06-04 20:52:00.066 D/SystemServerTimingAsync( 711): ssm.onStartUser-0_com.android.server.notification.NotificationManagerService
06-04 20:52:00.066 D/SystemServerTimingAsync( 711): ssm.onStartUser-0_com.android.server.storage.DeviceStorageMonitorService
06-04 20:52:00.066 D/SystemServerTimingAsync( 711): ssm.onStartUser-0_com.android.server.timedetector.TimeDetectorService$Lifecycle
06-04 20:52:00.066 D/SystemServerTimingAsync( 711): ssm.onStartUser-0_com.android.server.location.LocationManagerService$Lifecycle
06-04 20:52:00.066 D/CompatibilityChangeReporter( 711): Compat change id reported: 168419799; UID 1002; state: DISABLED
06-04 20:52:00.066 D/CompatibilityChangeReporter( 711): Compat change id reported: 273564678; UID 1002; state: DISABLED
06-04 20:52:00.066 D/SystemServerTimingAsync( 711): ssm.onStartUser-0_com.android.server.timezonedetector.TimeZoneDetectorService$Lifecycle
06-04 20:52:00.066 D/SystemServerTimingAsync( 711): ssm.onStartUser-0_com.android.server.location.altitude.AltitudeService$Lifecycle
06-04 20:52:00.066 D/SystemServerTimingAsync( 711): ssm.onStartUser-0_com.android.server.timezonedetector.location.LocationTimeZoneManagerService$Lifecycle
06-04 20:52:00.066 D/SystemServerTimingAsync( 711): ssm.onStartUser-0_com.android.server.search.SearchManagerService$Lifecycle
06-04 20:52:00.066 D/SystemServerTimingAsync( 711): ssm.onStartUser-0_com.android.server.wallpaper.WallpaperManagerService$Lifecycle
06-04 20:52:00.066 D/SystemServerTimingAsync( 711): ssm.onStartUser-0_com.android.server.wallpapereffectsgeneration.WallpaperEffectsGenerationManagerService
06-04 20:52:00.066 D/SystemServerTimingAsync( 711): ssm.onStartUser-0_com.android.server.audio.AudioService$Lifecycle
06-04 20:52:00.066 D/SystemServerTimingAsync( 711): ssm.onStartUser-0_com.android.server.soundtrigger_middleware.SoundTriggerMiddlewareService$Lifecycle
06-04 20:52:00.066 D/SystemServerTimingAsync( 711): ssm.onStartUser-0_com.android.server.adb.AdbService$Lifecycle
06-04 20:52:00.066 D/SystemServerTimingAsync( 711): ssm.onStartUser-0_com.android.server.usb.UsbService$Lifecycle
06-04 20:52:00.066 D/SystemServerTimingAsync( 711): ssm.onStartUser-0_com.android.server.twilight.TwilightService
06-04 20:52:00.066 D/SystemServerTimingAsync( 711): ssm.onStartUser-0_com.android.server.display.color.ColorDisplayService
06-04 20:52:00.066 D/SystemServerTimingAsync( 711): ssm.onStartUser-0_com.android.server.job.JobSchedulerService
06-04 20:52:00.066 D/SystemServerTimingAsync( 711): ssm.onStartUser-0_com.android.server.soundtrigger.SoundTriggerService
06-04 20:52:00.066 D/SystemServerTimingAsync( 711): ssm.onStartUser-0_com.android.server.trust.TrustManagerService
06-04 20:52:00.067 D/SystemServerTimingAsync( 711): ssm.onStartUser-0_com.android.server.backup.BackupManagerService$Lifecycle
06-04 20:52:00.067 D/SystemServerTimingAsync( 711): ssm.onStartUser-0_com.android.server.appwidget.AppWidgetService
06-04 20:52:00.067 D/SystemServerTimingAsync( 711): ssm.onStartUser-0_com.android.server.voiceinteraction.VoiceInteractionManagerService
06-04 20:52:00.067 W/VoiceInteractionManager( 711): no available voice recognition services found for user 0
06-04 20:52:00.067 D/SystemServerTimingAsync( 711): ssm.onStartUser-0_com.android.server.GestureLauncherService
06-04 20:52:00.067 D/SystemServerTimingAsync( 711): ssm.onStartUser-0_com.android.server.SensorNotificationService
06-04 20:52:00.067 D/SystemServerTimingAsync( 711): ssm.onStartUser-0_com.android.server.emergency.EmergencyAffordanceService
06-04 20:52:00.067 D/SystemServerTimingAsync( 711): ssm.onStartUser-0_com.android.server.blob.BlobStoreManagerService
06-04 20:52:00.067 D/SystemServerTimingAsync( 711): ssm.onStartUser-0_com.android.server.dreams.DreamManagerService
06-04 20:52:00.067 D/SystemServerTimingAsync( 711): ssm.onStartUser-0_com.android.server.security.AttestationVerificationManagerService
06-04 20:52:00.067 D/SystemServerTimingAsync( 711): ssm.onStartUser-0_com.android.server.restrictions.RestrictionsManagerService
06-04 20:52:00.067 D/SystemServerTimingAsync( 711): ssm.onStartUser-0_com.android.server.media.MediaSessionService
06-04 20:52:00.068 D/SystemServerTimingAsync( 711): ssm.onStartUser-0_com.android.server.hdmi.HdmiControlService
06-04 20:52:00.068 D/SystemServerTimingAsync( 711): ssm.onStartUser-0_com.android.server.tv.interactive.TvInteractiveAppManagerService
06-04 20:52:00.068 D/SystemServerTimingAsync( 711): ssm.onStartUser-0_com.android.server.tv.TvInputManagerService
06-04 20:52:00.068 D/SystemServerTimingAsync( 711): ssm.onStartUser-0_com.android.server.media.MediaResourceMonitorService
06-04 20:52:00.068 D/SystemServerTimingAsync( 711): ssm.onStartUser-0_com.android.server.tv.TvRemoteService
06-04 20:52:00.068 D/SystemServerTimingAsync( 711): ssm.onStartUser-0_com.android.server.biometrics.BiometricService
06-04 20:52:00.068 D/SystemServerTimingAsync( 711): ssm.onStartUser-0_com.android.server.biometrics.AuthService
06-04 20:52:00.070 V/WindowManagerShell( 917): Adding command class transitions for Transitions
06-04 20:52:00.070 V/WindowManagerShell( 917): Transitions init took 22ms
06-04 20:52:00.070 V/WindowManagerShell( 917): FullscreenTaskListener init took 0ms
06-04 20:52:00.071 V/WindowManagerShell( 917): addHandler: ActivityEmbeddingController
06-04 20:52:00.071 V/WindowManagerShell( 917): ActivityEmbeddingController init took 0ms
06-04 20:52:00.071 V/WindowManagerShell( 917): Adding external interface from StartingWindowController with key extra_shell_starting_window
06-04 20:52:00.071 V/WindowManagerShell( 917): StartingWindowController init took 0ms
06-04 20:52:00.071 V/WindowManagerShell( 917): Adding command class protolog for ProtoLogController
06-04 20:52:00.071 V/WindowManagerShell( 917): ProtoLogController init took 0ms
06-04 20:52:00.071 V/WindowManagerShell( 917): addHandler: TvPipTransition
06-04 20:52:00.071 V/WindowManagerShell( 917): TvPipTransition init took 0ms
06-04 20:52:00.068 D/SystemServerTimingAsync( 711): ssm.onStartUser-0_com.android.server.pm.ShortcutService$Lifecycle
06-04 20:52:00.077 D/SystemServerTimingAsync( 711): ssm.onStartUser-0_com.android.server.pm.LauncherAppsService
06-04 20:52:00.077 D/SystemServerTimingAsync( 711): ssm.onStartUser-0_com.android.server.pm.CrossProfileAppsService
06-04 20:52:00.077 D/SystemServerTimingAsync( 711): ssm.onStartUser-0_com.android.server.people.PeopleService
06-04 20:52:00.077 D/SystemServerTimingAsync( 711): ssm.onStartUser-0_com.android.server.media.metrics.MediaMetricsManagerService
06-04 20:52:00.077 D/SystemServerTimingAsync( 711): ssm.onStartUser-0_com.android.server.pm.BackgroundInstallControlService
06-04 20:52:00.077 D/SystemServerTimingAsync( 711): ssm.onStartUser-0_com.android.server.media.projection.MediaProjectionManagerService
06-04 20:52:00.077 D/SystemServerTimingAsync( 711): ssm.onStartUser-0_com.android.server.slice.SliceManagerService$Lifecycle
06-04 20:52:00.077 D/SystemServerTimingAsync( 711): ssm.onStartUser-0_com.android.server.stats.StatsCompanion$Lifecycle
06-04 20:52:00.077 D/SystemServerTimingAsync( 711): ssm.onStartUser-0_com.android.server.scheduling.RebootReadinessManagerService$Lifecycle
06-04 20:52:00.077 D/SystemServerTimingAsync( 711): ssm.onStartUser-0_com.android.server.stats.pull.StatsPullAtomService
06-04 20:52:00.077 D/SystemServerTimingAsync( 711): ssm.onStartUser-0_com.android.server.stats.bootstrap.StatsBootstrapAtomService$Lifecycle
06-04 20:52:00.077 D/SystemServerTimingAsync( 711): ssm.onStartUser-0_com.android.server.incident.IncidentCompanionService
06-04 20:52:00.077 D/SystemServerTimingAsync( 711): ssm.onStartUser-0_com.android.server.sdksandbox.SdkSandboxManagerService$Lifecycle
06-04 20:52:00.077 D/SystemServerTimingAsync( 711): ssm.onStartUser-0_com.android.server.adservices.AdServicesManagerService$Lifecycle
06-04 20:52:00.077 D/SystemServerTimingAsync( 711): ssm.onStartUser-0_com.android.server.ondevicepersonalization.OnDevicePersonalizationSystemService$Lifecycle
06-04 20:52:00.077 D/SystemServerTimingAsync( 711): ssm.onStartUser-0_com.android.server.autofill.AutofillManagerService
06-04 20:52:00.077 D/SystemServerTimingAsync( 711): ssm.onStartUser-0_com.android.server.clipboard.ClipboardService
06-04 20:52:00.077 D/SystemServerTimingAsync( 711): ssm.onStartUser-0_com.android.server.appbinding.AppBindingService$Lifecycle
06-04 20:52:00.077 W/AppBindingService( 711): [Default SMS app] u0 Target package not found
06-04 20:52:00.078 D/SystemServerTimingAsync( 711): ssm.onStartUser-0_com.android.server.tracing.TracingServiceProxy
06-04 20:52:00.078 D/SystemServerTimingAsync( 711): ssm.onStartUser-0_com.android.server.policy.PermissionPolicyService
06-04 20:52:00.078 D/SystemServerTimingAsync( 711): ssm.onStartUser-0_com.android.server.pm.StagingManager$Lifecycle
06-04 20:52:00.078 D/SystemServerTimingAsync( 711): ssm.onStartUser-0_com.android.server.app.GameManagerService$Lifecycle
06-04 20:52:00.078 D/GameManagerService( 711): Starting user 0
06-04 20:52:00.078 V/WindowManagerShell( 917): TvPipController init took 7ms
06-04 20:52:00.078 V/WindowManagerShell( 917): addHandler: KeyguardTransitionHandler
06-04 20:52:00.078 V/WindowManagerShell( 917): KeyguardTransitionHandler init took 0ms
06-04 20:52:00.078 D/CompatibilityChangeReporter( 711): Compat change id reported: 265195908; UID 1002; state: ENABLED
06-04 20:52:00.082 D/ShellBackPreview( 917): Back animation enabled=false
06-04 20:52:00.084 D/CompatibilityChangeReporter( 711): Compat change id reported: 253665015; UID 1073; state: ENABLED
06-04 20:52:00.085 D/SystemServerTimingAsync( 711): ssm.onStartUser-0_com.android.safetycenter.SafetyCenterService
06-04 20:52:00.085 D/SystemServerTimingAsync( 711): ssm.onStartUser-0_com.android.server.appsearch.AppSearchModule$Lifecycle
06-04 20:52:00.085 D/SystemServerTimingAsync( 711): ssm.onStartUser-0_com.android.server.media.MediaCommunicationService
06-04 20:52:00.085 D/SystemServerTimingAsync( 711): ssm.onStartUser-0_com.android.server.compat.overrides.AppCompatOverridesService$Lifecycle
06-04 20:52:00.085 D/SystemServerTimingAsync( 711): ssm.onStartUser-0_com.android.server.healthconnect.HealthConnectManagerService
06-04 20:52:00.086 D/SystemServerTimingAsync( 711): ssm.onStartUser-0_com.android.server.devicelock.DeviceLockService
06-04 20:52:00.086 D/SystemServerTiming( 711): startPersistentApps
06-04 20:52:00.087 D/CompatibilityChangeReporter( 711): Compat change id reported: 194532703; UID 1073; state: ENABLED
06-04 20:52:00.087 I/ActivityManager( 711): com.droidlogic is exempt from freezer
06-04 20:52:00.088 D/CompatibilityChangeReporter( 711): Compat change id reported: 135634846; UID 1000; state: DISABLED
06-04 20:52:00.088 V/WindowManagerShell( 917): Adding external interface from BackAnimationController with key extra_shell_back_animation
06-04 20:52:00.097 V/WindowManagerShell( 917): BackAnimationController init took 19ms
06-04 20:52:00.097 V/ShellDragAndDrop( 917): Display added: 0
06-04 20:52:00.106 D/CompatibilityChangeReporter( 711): Compat change id reported: 135634846; UID 1068; state: DISABLED
06-04 20:52:00.107 D/SystemServerTiming( 711): startHomeOnAllDisplays
06-04 20:52:00.108 D/WindowManager( 711): ThemeHomeDelay: Home launch was deferred.
06-04 20:52:00.108 D/SystemServerTiming( 711): showSystemReadyErrorDialogs
06-04 20:52:00.364 E/Build ( 711): Vendor interface is incompatible, error=1
06-04 20:52:00.364 E/ActivityTaskManager( 711): Build fingerprint is not consistent, warning user
06-04 20:52:00.366 D/SystemServerTiming( 711): sendUserStartBroadcast
06-04 20:52:00.367 D/SystemServerTiming( 711): resumeTopActivities
06-04 20:52:00.368 D/SystemServerTiming( 711): sendUserSwitchBroadcasts
06-04 20:52:00.370 D/SystemServerTiming( 711): setBinderProxies
06-04 20:52:00.371 D/SystemServerTiming( 711): componentAlias
06-04 20:52:00.374 D/ComponentAliasResolver( 711): Compat listener set.
06-04 20:52:00.374 D/SystemServerTiming( 711): LockSettingsThirdPartyAppsStarted
06-04 20:52:00.374 D/SystemServerTiming( 711): StartSystemUI
06-04 20:52:00.377 W/ActivityManager( 711): Unable to start service Intent { flg=0x100 cmp=com.droidlogic/.StubKeyguardService } U=0: not found
06-04 20:52:00.378 D/SystemServerTiming( 711): startApexServices
06-04 20:52:00.378 D/SystemServerTiming( 711): starting com.android.server.scheduling.RebootReadinessManagerService$Lifecycle
06-04 20:52:00.378 I/SystemServiceManager( 711): Starting com.android.server.scheduling.RebootReadinessManagerService$Lifecycle
06-04 20:52:00.378 I/SystemServiceManager( 711): Not starting an already started service com.android.server.scheduling.RebootReadinessManagerService$Lifecycle
06-04 20:52:00.378 D/SystemServerTiming( 711): UpdateWatchdogTimeout
06-04 20:52:00.379 I/Watchdog( 711): Watchdog timeout updated to 60000 millis
06-04 20:52:00.385 W/ActivityManager( 711): Slow operation: 298ms so far, now at startProcess: done updating battery stats
06-04 20:52:00.385 W/ActivityManager( 711): Slow operation: 298ms so far, now at startProcess: building log message
06-04 20:52:00.386 W/Looper ( 711): Slow delivery took 5309ms main h=android.app.PropertyInvalidatedCache$AutoCorker$1 c=null m=0
06-04 20:52:00.387 I/ActivityManager( 711): Start proc 1105:com.droidlogic/1000 for added application com.droidlogic
06-04 20:52:00.387 W/ActivityManager( 711): Slow operation: 300ms so far, now at startProcess: starting to update pids map
06-04 20:52:00.395 I/DisplayDeviceRepository( 711): Display device changed: DisplayDeviceInfo{"内置屏幕": uniqueId="local:4616277992360486155", 3840 x 2160, modeId 3, renderFrameRate 59.94006, defaultModeId 3, supportedModes [{id=1, width=1920, height=1080, fps=119.88013, alternativeRefreshRates=[], supportedHdrTypes=[2, 3]}, {id=2, width=1920, height=1080, fps=120.00001, alternativeRefreshRates=[], supportedHdrTypes=[2, 3]}, {id=3, width=3840, height=2160, fps=59.94006, alternativeRefreshRates=[], supportedHdrTypes=[2, 3]}, {id=4, width=3840, height=2160, fps=60.000004, alternativeRefreshRates=[], supportedHdrTypes=[2, 3]}, {id=5, width=3840, height=2160, fps=50.0, alternativeRefreshRates=[], supportedHdrTypes=[2, 3]}, {id=6, width=3840, height=2160, fps=29.97003, alternativeRefreshRates=[], supportedHdrTypes=[2, 3]}, {id=7, width=3840, height=2160, fps=30.000002, alternativeRefreshRates=[], supportedHdrTypes=[2, 3]}, {id=8, width=3840, height=2160, fps=25.0, alternativeRefreshRates=[], supportedHdrTypes=[2, 3]}, {id=9, width=3840, height=2160, fps=23.976025, alternativeRefreshRates=[], supportedHdrTypes=[2, 3]}, {id=10, width=3840, height=2160, fps=24.000002, alternativeRefreshRates=[], supportedHdrTypes=[2, 3]}, {id=11, width=1920, height=1080, fps=100.0, alternativeRefreshRates=[], supportedHdrTypes=[2, 3]}, {id=12, width=1920, height=1080, fps=59.94006, alternativeRefreshRates=[], supportedHdrTypes=[2, 3]}, {id=13, width=1920, height=1080, fps=60.000004, alternativeRefreshRates=[], supportedHdrTypes=[2, 3]}, {id=14, width=1920, height=1080, fps=50.0, alternativeRefreshRates=[], supportedHdrTypes=[2, 3]}, {id=15, width=1920, height=1080, fps=29.97003, alternativeRefreshRates=[], supportedHdrTypes=[2, 3]}, {id=16, width=1920, height=1080, fps=30.000002, alternativeRefreshRates=[], supportedHdrTypes=[2, 3]}, {id=17, width=1920, height=1080, fps=25.0, alternativeRefreshRates=[], supportedHdrTypes=[2, 3]}, {id=18, width=1920, height=1080, fps=23.976025, alternativeRefreshRates=[], supportedHdrTypes=[2, 3]}, {id=19, width=1920, height=1080, fps=24.000002, alternativeRefreshRates=[], supportedHdrTypes=[2, 3]}, {id=20, width=1280, height=720, fps=59.94006, alternativeRefreshRates=[], supportedHdrTypes=[2, 3]}, {id=21, width=1280, height=720, fps=60.000004, alternativeRefreshRates=[], supportedHdrTypes=[2, 3]}, {id=22, width=1280, height=720, fps=50.0, alternativeRefreshRates=[], supportedHdrTypes=[2, 3]}], colorMode 0, supportedColorModes [0], hdrCapabilities HdrCapabilities{mSupportedHdrTypes=[2, 3], mMaxLuminance=500.0, mMaxAverageLuminance=500.0, mMinLuminance=0.0}, allmSupported true, gameContentTypeSupported false, density 480, 84.813 x 84.406 dpi, appVsyncOff 2000000, presDeadline 13683333, touch INTERNAL, rotation 0, type INTERNAL, address {port=11, model=0x401050603f19a5}, deviceProductInfo DeviceProductInfo{name=Dangbei , manufacturerPnpId=DBP, productId=48, modelYear=null, manufactureDate=ManufactureDate{week=10, year=2014}, connectionToSinkType=2}, state ON, committedState ON, frameRateOverride , brightnessMinimum 0.0, brightnessMaximum 1.0, brightnessDefault 0.39763778, hdrSdrRatio NaN, FLAG_ALLOWED_TO_BE_DEFAULT_DISPLAY, FLAG_ROTATES_WITH_CONTENT, FLAG_SECURE, FLAG_SUPPORTS_PROTECTED_BUFFERS, FLAG_TRUSTED, installOrientation 0, displayShape DisplayShape{ spec=-545313861 displayWidth=3840 displayHeight=2160 physicalPixelDisplaySizeRatio=1.0 rotation=0 offsetX=0 offsetY=0 scale=1.0}}
06-04 20:52:00.406 W/ActivityManager( 711): Slow operation: 318ms so far, now at startProcess: done updating pids map
06-04 20:52:00.406 W/ActivityManager( 711): Slow operation: 303ms so far, now at startProcess: asking zygote to start proc
06-04 20:52:00.448 W/ActivityManager( 711): Slow operation: 345ms so far, now at startProcess: returned from zygote!
06-04 20:52:00.465 D/CompatibilityChangeReporter( 711): Compat change id reported: 168419799; UID 1000; state: DISABLED
06-04 20:52:00.466 D/CompatibilityChangeReporter( 711): Compat change id reported: 273564678; UID 1000; state: DISABLED
06-04 20:52:00.486 D/CompatibilityChangeReporter( 711): Compat change id reported: 218533173; UID 10072; state: DISABLED
06-04 20:52:00.487 D/CompatibilityChangeReporter( 711): Compat change id reported: 262645982; UID 10072; state: DISABLED
06-04 20:52:00.489 D/CompatibilityChangeReporter( 711): Compat change id reported: 218533173; UID 10061; state: ENABLED
06-04 20:52:00.490 D/CompatibilityChangeReporter( 711): Compat change id reported: 262645982; UID 10061; state: ENABLED
06-04 20:52:00.547 I/android.hardware.wifi-service.droidlogic( 525): check loading wifi driver is ok...
06-04 20:52:00.548 W/android.hardware.wifi-service.droidlogic( 525): driver loaded
06-04 20:52:00.557 I/android.hardware.wifi-service.droidlogic( 525): After driver loaded, wifi_name:aml_w2_s
06-04 20:52:00.558 I/android.hardware.wifi-service.droidlogic( 525): Even /data/vendor/wifi/wpa/wpa_supplicant.conf exists, still overwrite it.
06-04 20:52:00.559 I/android.hardware.wifi-service.droidlogic( 525): Migrated conf file from /vendor/etc/wifi/unbcm_supplicant.conf to /data/vendor/wifi/wpa/wpa_supplicant.conf: Operation not permitted
06-04 20:52:00.559 I/android.hardware.wifi-service.droidlogic( 525): Even /data/vendor/wifi/wpa/p2p_supplicant.conf exists, still overwrite it.
06-04 20:52:00.560 I/android.hardware.wifi-service.droidlogic( 525): Migrated conf file from /vendor/etc/wifi/p2p_supplicant.conf to /data/vendor/wifi/wpa/p2p_supplicant.conf: Read-only file system
06-04 20:52:00.560 I/android.hardware.wifi-service.droidlogic( 525): no bcm and uwe wifi ,need use p2p0 with p2p interface
06-04 20:52:00.562 I/android.hardware.wifi-service.droidlogic( 525): Wifi HAL started
06-04 20:52:00.637 W/android.hardware.wifi-service.droidlogic( 525): No active wlan interfaces in use! Using default
06-04 20:52:00.638 E/android.hardware.wifi-service.droidlogic( 525): Unknown iface name: wlan0
06-04 20:52:00.638 E/android.hardware.wifi-service.droidlogic( 525): Unknown iface name: wlan0
06-04 20:52:00.661 W/ActivityManager( 711): Slow operation: 558ms so far, now at startProcess: done updating battery stats
06-04 20:52:00.661 W/ActivityManager( 711): Slow operation: 558ms so far, now at startProcess: building log message
06-04 20:52:00.661 I/ActivityManager( 711): Start proc 1131:com.android.se/1068 for added application com.android.se
06-04 20:52:00.661 W/ActivityManager( 711): Slow operation: 558ms so far, now at startProcess: starting to update pids map
06-04 20:52:00.665 W/ActivityManager( 711): Slow operation: 562ms so far, now at startProcess: done updating pids map
06-04 20:52:00.671 W/android.hardware.wifi-service.droidlogic( 525): No active wlan interfaces in use! Using default
06-04 20:52:00.671 E/android.hardware.wifi-service.droidlogic( 525): Unknown iface name: wlan0
06-04 20:52:00.671 E/android.hardware.wifi-service.droidlogic( 525): Unknown iface name: wlan0
06-04 20:52:00.672 W/Looper ( 711): Slow dispatch took 278ms main h=android.os.Handler c=com.android.server.BatteryService$$ExternalSyntheticLambda0@472290e m=0
06-04 20:52:00.683 D/CompatibilityChangeReporter( 711): Compat change id reported: 168419799; UID 1068; state: DISABLED
06-04 20:52:00.683 D/CompatibilityChangeReporter( 711): Compat change id reported: 218533173; UID 10056; state: ENABLED
06-04 20:52:00.717 D/CompatibilityChangeReporter( 711): Compat change id reported: 273564678; UID 1068; state: DISABLED
06-04 20:52:00.737 D/CompatibilityChangeReporter( 711): Compat change id reported: 262645982; UID 10056; state: ENABLED
06-04 20:52:00.740 D/ConditionProviders.SCP( 711): onConnected
06-04 20:52:00.741 D/CompatibilityChangeReporter( 711): Compat change id reported: 218533173; UID 10065; state: ENABLED
06-04 20:52:00.742 D/CompatibilityChangeReporter( 711): Compat change id reported: 262645982; UID 10065; state: ENABLED
06-04 20:52:00.746 D/CompatibilityChangeReporter( 711): Compat change id reported: 171306433; UID 1000; state: ENABLED
06-04 20:52:00.766 W/WindowManager( 711): [addWindow] title:ShellDropTarget
06-04 20:52:00.775 D/ConditionProviders.SCP( 711): onSubscribe condition://android/schedule?days=1.2.3.4.5.6.7&start=22.0&end=7.0&exitAtAlarm=true
06-04 20:52:00.775 D/ConditionProviders.SCP( 711): setRegistered true
06-04 20:52:00.781 D/CompatibilityChangeReporter( 711): Compat change id reported: 218533173; UID 10018; state: ENABLED
06-04 20:52:00.797 D/CompatibilityChangeReporter( 711): Compat change id reported: 262645982; UID 10018; state: ENABLED
06-04 20:52:00.806 I/android.hardware.wifi-service.droidlogic( 525): Adding interface handle for p2p0
06-04 20:52:00.806 I/android.hardware.wifi-service.droidlogic( 525): Adding interface handle for ap0
06-04 20:52:00.806 I/android.hardware.wifi-service.droidlogic( 525): Adding interface handle for wlan0
06-04 20:52:00.806 W/android.hardware.wifi-service.droidlogic( 525): No active wlan interfaces in use! Using default
06-04 20:52:00.806 E/android.hardware.wifi-service.droidlogic( 525): Failed to register radio mode change callback
06-04 20:52:00.806 W/android.hardware.wifi-service.droidlogic( 525): No active wlan interfaces in use! Using default
06-04 20:52:00.809 E/android.hardware.wifi-service.droidlogic( 525): Failed to get SupportedIfaceCombinations matrix from legacy HAL: NOT_SUPPORTED
06-04 20:52:00.809 I/android.hardware.wifi-service.droidlogic( 525): Configured chip in mode 3
06-04 20:52:00.809 W/android.hardware.wifi-service.droidlogic( 525): No active wlan interfaces in use! Using default
06-04 20:52:00.819 D/CompatibilityChangeReporter( 711): Compat change id reported: 168419799; UID 10052; state: DISABLED
06-04 20:52:00.820 D/CompatibilityChangeReporter( 711): Compat change id reported: 273564678; UID 10052; state: DISABLED
06-04 20:52:00.837 W/android.hardware.wifi-service.droidlogic( 525): No active wlan interfaces in use! Using default
06-04 20:52:00.839 D/CompatibilityChangeReporter( 711): Compat change id reported: 218533173; UID 10017; state: ENABLED
06-04 20:52:00.853 D/ConditionProviders.SCP( 711): evaluateSubscriptionLocked cal=ScheduleCalendar[mDays={1, 2, 3, 4, 5, 6, 7}, mSchedule=ScheduleInfo{days=[1, 2, 3, 4, 5, 6, 7], startHour=22, startMinute=0, endHour=7, endMinute=0, exitAtAlarm=true, nextAlarm=Thu Jan 01 08:00:00 GMT+08:00 1970 (0)}], now=Wed Jun 04 20:52:00 GMT+08:00 2025 (1749041520775), nextUserAlarmTime=Thu Jan 01 08:00:00 GMT+08:00 1970 (0)
06-04 20:52:00.855 D/CompatibilityChangeReporter( 711): Compat change id reported: 262645982; UID 10017; state: ENABLED
06-04 20:52:00.867 D/CompatibilityChangeReporter( 711): Compat change id reported: 218533173; UID 10066; state: ENABLED
06-04 20:52:00.867 D/CompatibilityChangeReporter( 711): Compat change id reported: 262645982; UID 10066; state: ENABLED
06-04 20:52:00.868 D/CompatibilityChangeReporter( 711): Compat change id reported: 218533173; UID 10074; state: ENABLED
06-04 20:52:00.984 D/WindowManagerShell( 917): TvPipController: onImeVisibilityChanged(), visible=false, height=0
06-04 20:52:00.985 D/ConditionProviders.SCP( 711): notifyCondition condition://android/schedule?days=1.2.3.4.5.6.7&start=22.0&end=7.0&exitAtAlarm=true STATE_FALSE reason=!meetsSchedule
06-04 20:52:00.988 I/android.hardware.wifi-service.droidlogic( 525): Adding interface handle for p2p0
06-04 20:52:00.988 I/android.hardware.wifi-service.droidlogic( 525): Adding interface handle for ap0
06-04 20:52:00.988 I/android.hardware.wifi-service.droidlogic( 525): Adding interface handle for wlan0
06-04 20:52:00.988 E/android.hardware.wifi-service.droidlogic( 525): Failed to set DFS flag; DFS channels may be unavailable.
06-04 20:52:00.994 D/ConditionProviders.SCP( 711): Scheduling evaluate for Wed Jun 04 22:00:00 GMT+08:00 2025 (1749045600000), in +1h7m59s225ms, now=Wed Jun 04 20:52:00 GMT+08:00 2025 (1749041520775)
06-04 20:52:00.995 D/CompatibilityChangeReporter( 711): Compat change id reported: 218533173; UID 1000; state: ENABLED
06-04 20:52:00.995 W/Looper ( 711): Slow dispatch took 221ms main h=android.service.notification.ConditionProviderService$H c=null m=3
06-04 20:52:00.997 D/CoreBackPreview( 711): Window{748aa22 u0 ShellDropTarget}: Setting back callback OnBackInvokedCallbackInfo{mCallback=android.window.IOnBackInvokedCallback$Stub$Proxy@a41e2ef, mPriority=0, mIsAnimationCallback=false}
06-04 20:52:01.010 D/CompatibilityChangeReporter( 711): Compat change id reported: 262645982; UID 10074; state: ENABLED
06-04 20:52:01.011 D/CompatibilityChangeReporter( 711): Compat change id reported: 218533173; UID 10039; state: DISABLED
06-04 20:52:01.011 D/CompatibilityChangeReporter( 711): Compat change id reported: 262645982; UID 10039; state: DISABLED
06-04 20:52:01.039 W/ActivityThread( 711): Failed to find provider info for com.android.calendar (user not unlocked)
06-04 20:52:01.052 W/ActivityThread( 711): Failed to find provider info for com.android.calendar (user not unlocked)
06-04 20:52:01.061 D/CompatibilityChangeReporter( 711): Compat change id reported: 218533173; UID 10006; state: ENABLED
06-04 20:52:01.062 D/CompatibilityChangeReporter( 711): Compat change id reported: 262645982; UID 10006; state: ENABLED
06-04 20:52:01.063 D/CompatibilityChangeReporter( 711): Compat change id reported: 218533173; UID 10019; state: ENABLED
06-04 20:52:01.064 D/HDMI ( 711): [R]: EF:86:30:00
06-04 20:52:01.114 D/CompatibilityChangeReporter( 711): Compat change id reported: 262645982; UID 10019; state: ENABLED
06-04 20:52:01.151 D/HDMI ( 711): addCecDevice new:CEC: logical_address: 0x0E device_type: 2 cec_version: 5 vendor_id: 16777215 display_name: Secondary_TV power_status: -1 physical_address: 0xFFFF port_id: -1 old:null
06-04 20:52:01.151 W/Looper ( 711): Slow dispatch took 155ms main h=android.os.Handler c=com.android.server.hdmi.WorkSourceUidPreservingRunnable@3d11806 m=0
06-04 20:52:01.155 D/CompatibilityChangeReporter( 711): Compat change id reported: 218533173; UID 10035; state: ENABLED
06-04 20:52:01.155 D/CompatibilityChangeReporter( 711): Compat change id reported: 262645982; UID 10035; state: ENABLED
06-04 20:52:01.184 D/CompatibilityChangeReporter( 711): Compat change id reported: 157233955; UID 10052; state: ENABLED
06-04 20:52:01.196 D/CompatibilityChangeReporter( 711): Compat change id reported: 218533173; UID 10036; state: ENABLED
06-04 20:52:01.221 D/CompatibilityChangeReporter( 711): Compat change id reported: 262645982; UID 10036; state: ENABLED
06-04 20:52:01.251 D/CompatibilityChangeReporter( 711): Compat change id reported: 135634846; UID 10059; state: DISABLED
06-04 20:52:01.252 D/CompatibilityChangeReporter( 711): Compat change id reported: 143937733; UID 10059; state: ENABLED
06-04 20:52:01.262 W/Looper ( 711): Slow dispatch took 110ms main h=android.os.Handler c= m=1
06-04 20:52:01.266 D/CompatibilityChangeReporter( 711): Compat change id reported: 161145287; UID 1073; state: ENABLED
06-04 20:52:01.273 E/android.hardware.wifi-service.droidlogic( 525): Failed to get chip capabilities from legacy HAL: NOT_SUPPORTED
06-04 20:52:01.274 I/ActivityManager( 711): Start proc 1157:android.ext.services/u0a59 for service {android.ext.services/android.ext.services.autofill.InlineSuggestionRenderServiceImpl}
06-04 20:52:01.333 D/CompatibilityChangeReporter( 711): Compat change id reported: 168419799; UID 10059; state: DISABLED
