06-04 20:53:00.674 D/XM_HIDREAD( 2052): poll ret=1, event=1
06-04 20:53:00.674 D/XM_HIDREAD( 2052): [9 bytes]:01 00 00 4F 00 00 00 00 00
06-04 20:53:00.676 I/audio_hw_hal_primary( 492): [audiohal_get_latency:1333] io 13: out:0xe86464b0 frames:1152 rate:48000 whole_latency:24 alsa_latency:24
06-04 20:53:00.676 I/audio_hw_hal_primary( 492): [audiohal_get_latency:1333] io 13: out:0xe86464b0 frames:1152 rate:48000 whole_latency:24 alsa_latency:24
06-04 20:53:00.676 I/audio_hw_hal_primary( 492): [audiohal_get_latency:1333] io 13: out:0xe86464b0 frames:1152 rate:48000 whole_latency:24 alsa_latency:24
06-04 20:53:00.678 I/SogouIME( 1550): onKeyDown: keyoCode=22
06-04 20:53:00.678 I/DefaultIMS( 1550): onKeyDown: keyoCode=22
06-04 20:53:00.679 E/SecondScreen( 1559): FirstScreenLayoutView dispatchKeyEvent 22
06-04 20:53:00.797 D/XM_HIDREAD( 2052): poll ret=1, event=1
06-04 20:53:00.797 D/XM_HIDREAD( 2052): [9 bytes]:01 00 00 00 00 00 00 00 00
06-04 20:53:00.800 I/SogouIME( 1550): onKeyUp: keyoCode=22
06-04 20:53:00.800 I/DefaultIMS( 1550): onKeyUp: keyoCode=22
06-04 20:53:00.801 E/SecondScreen( 1559): FirstScreenLayoutView dispatchKeyEvent 22
06-04 20:53:00.843 I/audio_hw_hal_primary( 492): [audiohal_get_latency:1333] io 13: out:0xe86464b0 frames:1024 rate:48000 whole_latency:21 alsa_latency:21
06-04 20:53:00.843 I/audio_hw_hal_primary( 492): [audiohal_get_latency:1333] io 13: out:0xe86464b0 frames:1024 rate:48000 whole_latency:21 alsa_latency:21
06-04 20:53:00.864 I/audio_hw_hal_primary( 492): [audiohal_get_latency:1333] io 13: out:0xe86464b0 frames:1280 rate:48000 whole_latency:26 alsa_latency:26
06-04 20:53:00.865 I/audio_hw_hal_primary( 492): [audiohal_get_latency:1333] io 13: out:0xe86464b0 frames:1280 rate:48000 whole_latency:26 alsa_latency:26
06-04 20:53:00.885 I/audio_hw_hal_primary( 492): [audiohal_get_latency:1333] io 13: out:0xe86464b0 frames:1024 rate:48000 whole_latency:21 alsa_latency:21
06-04 20:53:00.886 I/audio_hw_hal_primary( 492): [audiohal_get_latency:1333] io 13: out:0xe86464b0 frames:1024 rate:48000 whole_latency:21 alsa_latency:21
06-04 20:53:00.907 I/audio_hw_hal_primary( 492): [audiohal_get_latency:1333] io 13: out:0xe86464b0 frames:1024 rate:48000 whole_latency:21 alsa_latency:21
06-04 20:53:00.907 I/audio_hw_hal_primary( 492): [audiohal_get_latency:1333] io 13: out:0xe86464b0 frames:1024 rate:48000 whole_latency:21 alsa_latency:21
06-04 20:53:00.929 I/audio_hw_hal_primary( 492): [audiohal_get_latency:1333] io 13: out:0xe86464b0 frames:1280 rate:48000 whole_latency:26 alsa_latency:26
06-04 20:53:00.929 I/audio_hw_hal_primary( 492): [audiohal_get_latency:1333] io 13: out:0xe86464b0 frames:1280 rate:48000 whole_latency:26 alsa_latency:26
06-04 20:53:00.951 I/audio_hw_hal_primary( 492): [audiohal_get_latency:1333] io 13: out:0xe86464b0 frames:1280 rate:48000 whole_latency:26 alsa_latency:26
06-04 20:53:00.951 I/audio_hw_hal_primary( 492): [audiohal_get_latency:1333] io 13: out:0xe86464b0 frames:1280 rate:48000 whole_latency:26 alsa_latency:26
06-04 20:53:00.971 I/audio_hw_hal_primary( 492): [audiohal_get_latency:1333] io 13: out:0xe86464b0 frames:1024 rate:48000 whole_latency:21 alsa_latency:21
06-04 20:53:00.971 I/audio_hw_hal_primary( 492): [audiohal_get_latency:1333] io 13: out:0xe86464b0 frames:1024 rate:48000 whole_latency:21 alsa_latency:21
06-04 20:53:00.992 I/audio_hw_hal_primary( 492): [audiohal_get_latency:1333] io 13: out:0xe86464b0 frames:1024 rate:48000 whole_latency:21 alsa_latency:21
06-04 20:53:00.992 I/audio_hw_hal_primary( 492): [audiohal_get_latency:1333] io 13: out:0xe86464b0 frames:1024 rate:48000 whole_latency:21 alsa_latency:21
06-04 20:53:00.993 D/audioserver( 536): logFgsApiEnd: FGS Logger Transaction failed, -129
06-04 20:53:00.994 D/audioserver( 536): logFgsApiEnd: FGS Logger Transaction failed, -129
06-04 20:53:01.101 D/XM_HIDREAD( 2052): poll ret=1, event=1
06-04 20:53:01.101 D/XM_HIDREAD( 2052): [9 bytes]:01 00 00 28 00 00 00 00 00
06-04 20:53:01.117 I/audio_hw_hal_primary( 492): [register_audio_patch:8215] Patch 4:id:4 mix(io:13)->dev_0[OUT_HDMI(id:45)] found, register the same patch, do nothing.
06-04 20:53:01.117 I/audio_hw_hal_primary( 492): [adev_create_audio_patch:8316] Patch 4: MIX->DEVICE, num_src:1 num_sink:1 patch_src:INVAL
06-04 20:53:01.117 I/audio_hw_hal_primary( 492): [adev_create_audio_patch:8320] sink[0]: OUT_HDMI(id:45)
06-04 20:53:01.117 I/audio_hw_hal_primary( 492): [adev_create_audio_patch:8377] Patch 4: mix(io:13) -> dev[OUT_HDMI(id:45)]
06-04 20:53:01.117 D/UEventObserver( 1105): change@/devices/platform/auge_sound/sound/card0/controlC0ACTION=changeDEVPATH=/devices/platform/auge_sound/sound/card0/controlC0SUBSYSTEM=soundAUDIO_FORMAT=0MAJOR=116MINOR=13DEVNAME=snd/controlC0SEQNUM=3642
06-04 20:53:01.117 I/audio_hw_hal_primary( 492): [adev_create_audio_patch:8445] dev=0xe87014a0 cur_out_device=0x400
06-04 20:53:01.123 D/audioserver( 536): logFgsApiBegin: FGS Logger Transaction failed, -129
06-04 20:53:01.126 I/SogouIME( 1550): onKeyDown: keyoCode=23
06-04 20:53:01.127 I/DefaultIMS( 1550): onKeyDown: keyoCode=23
06-04 20:53:01.128 E/SecondScreen( 1559): FirstScreenLayoutView dispatchKeyEvent 23
06-04 20:53:01.142 I/audio_hw_hal_primary( 492): out_update_source_metadata_v7() line 2013 usage:1 content_type:2
06-04 20:53:01.214 D/XM_HIDREAD( 2052): poll ret=1, event=1
06-04 20:53:01.214 D/XM_HIDREAD( 2052): [9 bytes]:01 00 00 00 00 00 00 00 00
06-04 20:53:01.216 I/SogouIME( 1550): onKeyUp: keyoCode=23
06-04 20:53:01.216 I/DefaultIMS( 1550): onKeyUp: keyoCode=23
06-04 20:53:01.216 E/SecondScreen( 1559): FirstScreenLayoutView dispatchKeyEvent 23
06-04 20:53:01.216 I/audio_hw_hal_alsamgr( 492): alsa format =0x1 delay frames =1024 total frames=3178240
06-04 20:53:01.219 D/CompatibilityChangeReporter( 711): Compat change id reported: 265464455; UID 1000; state: DISABLED
06-04 20:53:01.220 D/CompatibilityChangeReporter( 711): Compat change id reported: 265452344; UID 1000; state: DISABLED
06-04 20:53:01.220 D/CompatibilityChangeReporter( 711): Compat change id reported: 266124927; UID 1000; state: DISABLED
06-04 20:53:01.220 D/CompatibilityChangeReporter( 711): Compat change id reported: 265451093; UID 1000; state: DISABLED
06-04 20:53:01.220 D/CompatibilityChangeReporter( 711): Compat change id reported: 265456536; UID 1000; state: DISABLED
06-04 20:53:01.220 D/CompatibilityChangeReporter( 711): Compat change id reported: 255940284; UID 1000; state: DISABLED
06-04 20:53:01.221 D/CompatibilityChangeReporter( 711): Compat change id reported: 236283604; UID 1000; state: DISABLED
06-04 20:53:01.221 D/CompatibilityChangeReporter( 711): Compat change id reported: 263959004; UID 1000; state: DISABLED
06-04 20:53:01.221 D/CompatibilityChangeReporter( 711): Compat change id reported: 264304459; UID 1000; state: DISABLED
06-04 20:53:01.221 D/CompatibilityChangeReporter( 711): Compat change id reported: 264301586; UID 1000; state: DISABLED
06-04 20:53:01.221 D/CompatibilityChangeReporter( 711): Compat change id reported: 254631730; UID 1000; state: DISABLED
06-04 20:53:01.221 D/CompatibilityChangeReporter( 711): Compat change id reported: 273509367; UID 1000; state: DISABLED
06-04 20:53:01.221 D/CompatibilityChangeReporter( 711): Compat change id reported: 263259275; UID 1000; state: DISABLED
06-04 20:53:01.222 D/CompatibilityChangeReporter( 711): Compat change id reported: 174042980; UID 1000; state: DISABLED
06-04 20:53:01.222 D/CompatibilityChangeReporter( 711): Compat change id reported: 174042936; UID 1000; state: DISABLED
06-04 20:53:01.222 D/CompatibilityChangeReporter( 711): Compat change id reported: 181136395; UID 1000; state: DISABLED
06-04 20:53:01.226 D/CompatibilityChangeReporter( 711): Compat change id reported: 194480991; UID 1000; state: ENABLED
06-04 20:53:01.229 E/CellBroadcastUtils( 711): getDefaultCellBroadcastReceiverPackageName: no package found
06-04 20:53:01.233 D/CompatibilityChangeReporter( 711): Compat change id reported: 197654537; UID 1000; state: ENABLED
06-04 20:53:01.236 D/CompatibilityChangeReporter( 711): Compat change id reported: 205907456; UID 1000; state: DISABLED
06-04 20:53:01.239 I/ActivityTaskManager( 711): START u0 {dat=haqu://setting:8080/... flg=0x10000000 pkg=com.dangbei.haqusetting cmp=com.dangbei.haqusetting/.ui.HomeActivity} with LAUNCH_MULTIPLE from uid 1000 (BAL_ALLOW_ALLOWLISTED_UID) result code=0
06-04 20:53:01.240 V/WindowManagerShell( 1328): Transition requested: android.os.BinderProxy@347c95f TransitionRequestInfo { type = 1, triggerTask = TaskInfo{userId=0 taskId=73 displayId=0 isRunning=true baseIntent=Intent { dat=haqu://setting:8080/... flg=0x10000000 pkg=com.dangbei.haqusetting cmp=com.dangbei.haqusetting/.ui.HomeActivity } baseActivity=ComponentInfo{com.dangbei.haqusetting/com.dangbei.haqusetting.ui.HomeActivity} topActivity=ComponentInfo{com.dangbei.haqusetting/com.dangbei.haqusetting.ui.HomeActivity} origActivity=null realActivity=ComponentInfo{com.dangbei.haqusetting/com.dangbei.haqusetting.ui.HomeActivity} numActivities=1 lastActiveTime=76146 supportsMultiWindow=true resizeMode=1 isResizeable=true minWidth=-1 minHeight=-1 defaultMinSize=220 token=WCT{android.window.IWindowContainerToken$Stub$Proxy@365dfac} topActivityType=1 pictureInPictureParams=null shouldDockBigOverlays=true launchIntoPipHostTaskId=-1 lastParentTaskIdBeforePip=-1 displayCutoutSafeInsets=null topActivityInfo=ActivityInfo{78ed475 com.dangbei.haqusetting.ui.HomeActivity} launchCookies=[] positionInParent=Point(0, 0) parentTaskId=-1 isFocused=false isVisible=false isVisibleRequested=false isSleeping=false topActivityInSizeCompat=false topActivityEligibleForLetterboxEducation= false isLetterboxDoubleTapEnabled= false topActivityEligibleForUserAspectRatioButton= false topActivityBoundsLetterboxed= false isFromLetterboxDoubleTap= false topActivityLetterboxVerticalPosition= -1 topActivityLetterboxHorizontalPosition= -1 topActivityLetterboxWidth=-1 topActivityLetterboxHeight=-1 isUserFullscreenOverrideEnabled=false isTopActivityTransparent=true locusId=null displayAreaFeatureId=1 cameraCompatControlState=hidden}, remoteTransition = null, displayChange = null, flags = 0 }
06-04 20:53:01.242 I/ActivityManager( 711): com.dangbei.haqusetting is exempt from freezer
06-04 20:53:01.243 D/CompatibilityChangeReporter( 711): Compat change id reported: 135634846; UID 1000; state: DISABLED
06-04 20:53:01.252 W/SQLiteLog( 1559): (28) double-quoted string literal: "
06-04 20:53:01.252 W/SQLiteLog( 1559): (28) double-quoted string literal: "2578DB0286249109C36ACAF35C27A575"
06-04 20:53:01.257 I/BpBinder( 266): onLastStrongRef automatically unlinking death recipients:
06-04 20:53:01.259 D/TrafficStats( 1559): tagSocket(126) with statsTag=0xffffffff, statsUid=-1
06-04 20:53:01.261 D/Zygote ( 469): Forked child process 3250
06-04 20:53:01.262 I/ActivityManager( 711): Start proc 3250:com.dangbei.haqusetting/1000 for next-top-activity {com.dangbei.haqusetting/com.dangbei.haqusetting.ui.HomeActivity}
06-04 20:53:01.266 I/Zygote ( 3250): seccomp disabled by setenforce 0
06-04 20:53:01.270 I/audio_hw_hal_primary( 492): [register_audio_patch:8215] Patch 4:id:4 mix(io:13)->dev_0[OUT_HDMI(id:45)] found, register the same patch, do nothing.
06-04 20:53:01.270 I/audio_hw_hal_primary( 492): [adev_create_audio_patch:8316] Patch 4: MIX->DEVICE, num_src:1 num_sink:1 patch_src:INVAL
06-04 20:53:01.270 I/audio_hw_hal_primary( 492): [adev_create_audio_patch:8320] sink[0]: OUT_HDMI(id:45)
06-04 20:53:01.270 I/audio_hw_hal_primary( 492): [adev_create_audio_patch:8377] Patch 4: mix(io:13) -> dev[OUT_HDMI(id:45)]
06-04 20:53:01.270 D/UEventObserver( 1105): change@/devices/platform/auge_sound/sound/card0/controlC0ACTION=changeDEVPATH=/devices/platform/auge_sound/sound/card0/controlC0SUBSYSTEM=soundAUDIO_FORMAT=0MAJOR=116MINOR=13DEVNAME=snd/controlC0SEQNUM=3643
06-04 20:53:01.270 I/audio_hw_hal_primary( 492): [adev_create_audio_patch:8445] dev=0xe87014a0 cur_out_device=0x400
06-04 20:53:01.270 D/audioserver( 536): logFgsApiEnd: FGS Logger Transaction failed, -129
06-04 20:53:01.270 D/audioserver( 536): logFgsApiBegin: FGS Logger Transaction failed, -129
06-04 20:53:01.271 I/audio_hw_hal_primary( 492): out_update_source_metadata_v7() line 2013 usage:1 content_type:2
06-04 20:53:01.265 I/xm_hidread( 2052): type=1400 audit(0.0:1220): avc: denied { read } for scontext=u:r:init:s0 tcontext=u:r:init:s0 tclass=netlink_kobject_uevent_socket permissive=1
06-04 20:53:01.275 I/bei.haqusetting( 3250): Using CollectorTypeCC GC.
06-04 20:53:01.276 D/audioserver( 536): logFgsApiBegin: FGS Logger Transaction failed, -129
06-04 20:53:01.269 I/rainbow_flow( 2282): type=1400 audit(0.0:1221): avc: denied { ioctl } for path="/dev/spidev1.0" dev="tmpfs" ino=538 ioctlcmd=0x6b00 scontext=u:r:init:s0 tcontext=u:object_r:device:s0 tclass=chr_file permissive=1
06-04 20:53:01.283 E/bei.haqusetting( 3250): Not starting debugger since process cannot load the jdwp agent.
06-04 20:53:01.300 D/CompatibilityChangeReporter( 3250): Compat change id reported: 171979766; UID 1000; state: ENABLED
06-04 20:53:01.300 D/CompatibilityChangeReporter( 3250): Compat change id reported: 242716250; UID 1000; state: DISABLED
06-04 20:53:01.312 I/audio_hw_hal_primary( 492): [audiohal_get_latency:1333] io 13: out:0xe86464b0 frames:1024 rate:48000 whole_latency:21 alsa_latency:21
06-04 20:53:01.313 I/audio_hw_hal_primary( 492): out_update_source_metadata_v7() line 2013 usage:1 content_type:2
06-04 20:53:01.346 D/WindowManagerShell( 1328): TvPipController: onTaskStackChanged()
06-04 20:53:01.355 I/audio_hw_hal_primary( 492): [audiohal_get_latency:1333] io 13: out:0xe86464b0 frames:1024 rate:48000 whole_latency:21 alsa_latency:21
06-04 20:53:01.397 I/audio_hw_hal_primary( 492): [audiohal_get_latency:1333] io 13: out:0xe86464b0 frames:1024 rate:48000 whole_latency:21 alsa_latency:21
06-04 20:53:01.406 D/nativeloader( 3250): Configuring clns-shared-4 for other apk /system/app/dangbei-setting/dangbei-setting.apk. target_sdk_version=31, uses_libraries=, library_path=/system/app/dangbei-setting/lib/arm:/system/app/dangbei-setting/dangbei-setting.apk!/lib/armeabi-v7a:/system/lib:/system_ext/lib, permitted_path=/data:/mnt/expand:/data/user/0/com.dangbei.haqusetting:/system/app/dangbei-setting:/system/lib:/system_ext/lib
06-04 20:53:01.440 I/audio_hw_hal_primary( 492): [audiohal_get_latency:1333] io 13: out:0xe86464b0 frames:1024 rate:48000 whole_latency:21 alsa_latency:21
06-04 20:53:01.440 I/audio_hw_hal_primary( 492): [audiohal_get_latency:1333] io 13: out:0xe86464b0 frames:1024 rate:48000 whole_latency:21 alsa_latency:21
06-04 20:53:01.443 V/GraphicsEnvironment( 3250): Currently set values for:
06-04 20:53:01.443 V/GraphicsEnvironment( 3250): angle_gl_driver_selection_pkgs=[]
06-04 20:53:01.443 V/GraphicsEnvironment( 3250): angle_gl_driver_selection_values=[]
06-04 20:53:01.444 V/GraphicsEnvironment( 3250): ANGLE GameManagerService for com.dangbei.haqusetting: false
06-04 20:53:01.444 V/GraphicsEnvironment( 3250): com.dangbei.haqusetting is not listed in per-application setting
06-04 20:53:01.444 V/GraphicsEnvironment( 3250): Neither updatable production driver nor prerelease driver is supported.
06-04 20:53:01.448 I/MultiDex( 3250): VM with version 2.1.0 has multidex support
06-04 20:53:01.448 I/MultiDex( 3250): Installing application
06-04 20:53:01.448 I/MultiDex( 3250): VM has multidex support, MultiDex support library is disabled.
06-04 20:53:01.458 E/ccc ( 3250): cccccc HaquSettingApplication app onCreate start
06-04 20:53:01.461 E/ccc ( 3250): cccccc HaquSettingApplication app onCreate end
06-04 20:53:01.462 I/audio_hw_hal_primary( 492): [audiohal_get_latency:1333] io 13: out:0xe86464b0 frames:1024 rate:48000 whole_latency:21 alsa_latency:21
06-04 20:53:01.462 I/audio_hw_hal_primary( 492): [audiohal_get_latency:1333] io 13: out:0xe86464b0 frames:1280 rate:48000 whole_latency:26 alsa_latency:26
06-04 20:53:01.462 D/audioserver( 536): logFgsApiEnd: FGS Logger Transaction failed, -129
06-04 20:53:01.463 I/audio_hw_hal_primary( 492): out_update_source_metadata_v7() line 2013 usage:13 content_type:4
06-04 20:53:01.463 D/CompatibilityChangeReporter( 711): Compat change id reported: 161145287; UID 1000; state: DISABLED
06-04 20:53:01.463 D/CompatibilityChangeReporter( 711): Compat change id reported: 161145287; UID 1000; state: ENABLED
06-04 20:53:01.465 V/WindowManager( 711): app ------------- force_land :0
06-04 20:53:01.468 I/UsageStatsService( 711): Time changed in by 3 seconds
06-04 20:53:01.471 D/CompatibilityChangeReporter( 711): Compat change id reported: 197654537; UID 1000; state: DISABLED
06-04 20:53:01.478 W/ContextImpl( 3250): Calling a method in the system process without a qualified user: android.app.ContextImpl.bindService:1988 android.content.ContextWrapper.bindService:861 com.dangbei.lerad.etna.lib.client.EtnaClient.bindServer:138 com.dangbei.lerad.etna.lib.client.EtnaClient.access$600:29 com.dangbei.lerad.etna.lib.client.EtnaClient$3.call:205
06-04 20:53:01.480 D/CompatibilityChangeReporter( 711): Compat change id reported: 261072174; UID 1000; state: DISABLED
06-04 20:53:01.483 I/audio_hw_hal_primary( 492): [audiohal_get_latency:1333] io 13: out:0xe86464b0 frames:1024 rate:48000 whole_latency:21 alsa_latency:21
06-04 20:53:01.504 I/audio_hw_hal_primary( 492): [audiohal_get_latency:1333] io 13: out:0xe86464b0 frames:1024 rate:48000 whole_latency:21 alsa_latency:21
06-04 20:53:01.523 D/CompatibilityChangeReporter( 3250): Compat change id reported: 237531167; UID 1000; state: DISABLED
06-04 20:53:01.525 W/OpenGLRenderer( 3250): Unknown dataspace 0
06-04 20:53:01.525 I/audio_hw_hal_primary( 492): [audiohal_get_latency:1333] io 13: out:0xe86464b0 frames:1024 rate:48000 whole_latency:21 alsa_latency:21
06-04 20:53:01.528 W/WindowManager( 711): [addWindow] title:com.dangbei.haqusetting/com.dangbei.haqusetting.ui.HomeActivity
06-04 20:53:01.532 E/ccc ( 1526): cccccc etnaService addListener com.dangbei.lerad.etna.aidl.IEtnaAidlListener$Stub$Proxy@a9acd5e com.dangbei.haqusetting
06-04 20:53:01.532 E/ccc ( 3250): cccccc etna-haqu-connected
06-04 20:53:01.544 D/CoreBackPreview( 711): Window{205f9a5 u0 com.dangbei.haqusetting/com.dangbei.haqusetting.ui.HomeActivity}: Setting back callback OnBackInvokedCallbackInfo{mCallback=android.window.IOnBackInvokedCallback$Stub$Proxy@4e6bd2b, mPriority=0, mIsAnimationCallback=false}
06-04 20:53:01.547 I/audio_hw_hal_primary( 492): [audiohal_get_latency:1333] io 13: out:0xe86464b0 frames:1280 rate:48000 whole_latency:26 alsa_latency:26
06-04 20:53:01.552 I/mali ( 3250): Successfully parsed 1 environment variable(s) from /vendor/etc/mali_platform.config.
06-04 20:53:01.553 I/mali ( 3250): Successfully parsed 1 environment variable(s) from /vendor/etc/mali_platform.config.
06-04 20:53:01.563 I/hwservicemanager( 238): getTransport: Cannot find entry android.hardware.configstore@1.0::ISurfaceFlingerConfigs/default in either framework or device VINTF manifest.
06-04 20:53:01.568 I/audio_hw_hal_primary( 492): [audiohal_get_latency:1333] io 13: out:0xe86464b0 frames:1024 rate:48000 whole_latency:21 alsa_latency:21
06-04 20:53:01.589 I/audio_hw_hal_primary( 492): [audiohal_get_latency:1333] io 13: out:0xe86464b0 frames:1024 rate:48000 whole_latency:21 alsa_latency:21
06-04 20:53:01.591 D/audioserver( 536): logFgsApiEnd: FGS Logger Transaction failed, -129
06-04 20:53:01.592 I/MesonDisplay( 290): [/mode_policy.c, meson_mode_set_policy, 1177] connector:0 to policy:0
06-04 20:53:01.592 I/MesonDisplay( 290): [/mode_policy.c, is_dv_prefer, 66] not prefer dv, hdr_priority:10000010
06-04 20:53:01.592 I/MesonDisplay( 290): [/mode_policy.c, is_dv_prefer, 66] not prefer dv, hdr_priority:10000010
06-04 20:53:01.592 I/MesonDisplay( 290): [/mode_policy.c, hdr_scene_process, 724] policy:0 is_bestcolorspace:1 state:0
06-04 20:53:01.592 I/MesonDisplay( 290): [/mode_policy_parser.c, is_support_hdmimode, 115] is_support_hdmimode mode: none not support
06-04 20:53:01.592 I/MesonDisplay( 290): [/mode_policy_parser.c, is_support_hdmimode, 110] is_support_hdmimode mode: 2160p60hz
06-04 20:53:01.592 D/MesonDisplay( 290): meson_write /sys/class/amhdmitx/amhdmitx0/valid_mode, outputmode:2160p60hz422,12bit
06-04 20:53:01.592 D/MesonDisplay( 290): valid mode is false!
06-04 20:53:01.593 I/MesonDisplay( 290): [/mode_policy_parser.c, is_support_hdmimode, 110] is_support_hdmimode mode: 2160p50hz
06-04 20:53:01.593 D/MesonDisplay( 290): meson_write /sys/class/amhdmitx/amhdmitx0/valid_mode, outputmode:2160p50hz422,12bit
06-04 20:53:01.593 D/MesonDisplay( 290): valid mode is false!
06-04 20:53:01.593 I/MesonDisplay( 290): [/mode_policy.c, is_support_4kHDR, 507] is_support_4kHDR 4k hdr not support
06-04 20:53:01.593 I/MesonDisplay( 290): [/mode_policy_parser.c, is_support_hdmimode, 110] is_support_hdmimode mode: 1080p60hz
06-04 20:53:01.593 D/MesonDisplay( 290): meson_write /sys/class/amhdmitx/amhdmitx0/valid_mode, outputmode:1080p60hz422,12bit
06-04 20:53:01.593 D/MesonDisplay( 290): valid mode is true!
06-04 20:53:01.593 I/MesonDisplay( 290): [/mode_policy.c, is_support_non4kHDR, 552] is_support_non4kHDR mode:[1080p60hz], color format:[422,12bit]
06-04 20:53:01.593 I/MesonDisplay( 290): [/mode_policy.c, meson_mode_get_policy_output, 1289] final_displaymode:1080p60hz, final_deepcolor:422,12bit, amdv_type:0
06-04 20:53:01.593 I/MesonDisplay( 290): [/mode_policy.c, meson_mode_set_policy, 1177] connector:0 to policy:0
06-04 20:53:01.595 E/OpenGLRenderer( 3250): Unable to match the desired swap behavior.
06-04 20:53:01.623 W/RecyclerView( 3250): No adapter attached; skipping layout
06-04 20:53:01.628 V/WindowManagerShell( 1328): onTransitionReady android.os.BinderProxy@347c95f: {id=2 t=OPEN f=0x0 trk=0 r=[0@Point(0, 0)] c=[{WCT{android.window.IWindowContainerToken$Stub$Proxy@274a98} m=OPEN f=TRANSLUCENT leash=Surface(name=Task=73)/@0x40a4c0a sb=Rect(0, 0 - 1920, 1080) eb=Rect(0, 0 - 1920, 1080) d=0}]}
06-04 20:53:01.628 V/WindowManagerShell( 1328): Playing animation for (#2)android.os.BinderProxy@347c95f@0
06-04 20:53:01.628 V/WindowManagerShell( 1328): try handler com.android.wm.shell.keyguard.KeyguardTransitionHandler@6f966ec
06-04 20:53:01.628 V/WindowManagerShell( 1328): try handler com.android.wm.shell.pip.tv.TvPipTransition@c14eab5
06-04 20:53:01.629 V/WindowManagerShell( 1328): try handler com.android.wm.shell.activityembedding.ActivityEmbeddingController@169454a
06-04 20:53:01.629 V/WindowManagerShell( 1328): try handler com.android.wm.shell.transition.RemoteTransitionHandler@e2b3cbb
06-04 20:53:01.629 V/WindowManagerShell( 1328): Transition doesn't have explicit remote, search filters for match for {id=2 t=OPEN f=0x0 trk=0 r=[0@Point(0, 0)] c=[{WCT{android.window.IWindowContainerToken$Stub$Proxy@274a98} m=OPEN f=TRANSLUCENT leash=Surface(name=Task=73)/@0x40a4c0a sb=Rect(0, 0 - 1920, 1080) eb=Rect(0, 0 - 1920, 1080) d=0}]}
06-04 20:53:01.629 V/WindowManagerShell( 1328): Delegate animation for #2 to null
06-04 20:53:01.629 V/WindowManagerShell( 1328): try handler com.android.wm.shell.transition.DefaultTransitionHandler@88c05d8
06-04 20:53:01.629 V/WindowManagerShell( 1328): start default transition animation, info = {id=2 t=OPEN f=0x0 trk=0 r=[0@Point(0, 0)] c=[{WCT{android.window.IWindowContainerToken$Stub$Proxy@274a98} m=OPEN f=TRANSLUCENT leash=Surface(name=Task=73)/@0x40a4c0a sb=Rect(0, 0 - 1920, 1080) eb=Rect(0, 0 - 1920, 1080) d=0}]}
06-04 20:53:01.629 V/WindowManagerShell( 1328): loadAnimation: anim=android.view.animation.AlphaAnimation@30542f1 animAttr=0x4 type=OPEN isEntrance=true
06-04 20:53:01.631 V/WindowManagerShell( 1328): animated by com.android.wm.shell.transition.DefaultTransitionHandler@88c05d8
06-04 20:53:01.632 I/ActivityTaskManager( 711): Displayed com.dangbei.haqusetting/.ui.HomeActivity for user 0: +404ms
06-04 20:53:01.632 V/WindowManager( 711): Sent Transition #2 createdAt=06-04 20:53:01.228 via request=TransitionRequestInfo { type = 1, triggerTask = TaskInfo{userId=0 taskId=73 displayId=0 isRunning=true baseIntent=Intent { dat=haqu://setting:8080/... flg=0x10000000 pkg=com.dangbei.haqusetting cmp=com.dangbei.haqusetting/.ui.HomeActivity } baseActivity=ComponentInfo{com.dangbei.haqusetting/com.dangbei.haqusetting.ui.HomeActivity} topActivity=ComponentInfo{com.dangbei.haqusetting/com.dangbei.haqusetting.ui.HomeActivity} origActivity=null realActivity=ComponentInfo{com.dangbei.haqusetting/com.dangbei.haqusetting.ui.HomeActivity} numActivities=1 lastActiveTime=76146 supportsMultiWindow=true resizeMode=1 isResizeable=true minWidth=-1 minHeight=-1 defaultMinSize=220 token=WCT{RemoteToken{a920107 Task{2f7c9d4 #73 type=standard A=1000:com.dangbei.haqusetting}}} topActivityType=1 pictureInPictureParams=null shouldDockBigOverlays=true launchIntoPipHostTaskId=-1 lastParentTaskIdBeforePip=-1 displayCutoutSafeInsets=null topActivityInfo=ActivityInfo{ee4c234 com.dangbei.haqusetting.ui.HomeActivity} launchCookies=[] positionInParent=Point(0, 0) parentTaskId=-1 isFocused=false isVisible=false isVisibleRequested=false isSleeping=false topActivityInSizeCompat=false topActivityEligibleForLetterboxEducation= false isLetterboxDoubleTapEnabled= false topActivityEligibleForUserAspectRatioButton= false topActivityBoundsLetterboxed= false isFromLetterboxDoubleTap= false topActivityLetterboxVerticalPosition= -1 topActivityLetterboxHorizontalPosition= -1 topActivityLetterboxWidth=-1 topActivityLetterboxHeight=-1 isUserFullscreenOverrideEnabled=false isTopActivityTransparent=true locusId=null displayAreaFeatureId=1 cameraCompatControlState=hidden}, remoteTransition = null, displayChange = null, flags = 0 }
06-04 20:53:01.632 V/WindowManager( 711): startWCT=WindowContainerTransaction { changes = {} hops = [] errorCallbackToken=null taskFragmentOrganizer=null }
06-04 20:53:01.632 V/WindowManager( 711): info={id=2 t=OPEN f=0x0 trk=0 r=[0@Point(0, 0)] c=[{WCT{RemoteToken{a920107 Task{2f7c9d4 #73 type=standard A=1000:com.dangbei.haqusetting}}} m=OPEN f=TRANSLUCENT leash=Surface(name=Task=73)/@0xe23d588 sb=Rect(0, 0 - 1920, 1080) eb=Rect(0, 0 - 1920, 1080) d=0}]}
06-04 20:53:01.639 D/OomAdjuster( 711): Not killing cached processes
06-04 20:53:01.649 W/ContextImpl( 711): Calling a method in the system process without a qualified user: android.app.ContextImpl.startService:1899 com.android.server.wm.DisplayPolicy.lambda$focusChangedLw$5:2126 com.android.server.wm.DisplayPolicy.$r8$lambda$Znxk63oh-WzVnzo_WQefN7uxV48:0 com.android.server.wm.DisplayPolicy$$ExternalSyntheticLambda13.run:0 android.os.Handler.handleCallback:958
06-04 20:53:01.652 D/aaa ( 1601): LedStatusService onStartCommand begin
06-04 20:53:01.654 D/aaa ( 1601): topPkg is -------------- :com.dangbei.haqusetting
06-04 20:53:01.678 D/CompatibilityChangeReporter( 711): Compat change id reported: 214016041; UID 1000; state: DISABLED
06-04 20:53:01.678 D/CompatibilityChangeReporter( 711): Compat change id reported: 214016041; UID 1000; state: ENABLED
06-04 20:53:01.679 I/ImeTracker( 711): com.dangbei.haqusetting:5de88a71: onRequestHide at ORIGIN_SERVER_HIDE_INPUT reason HIDE_UNSPECIFIED_WINDOW
06-04 20:53:01.679 I/ImeTracker( 711): com.dangbei.haqusetting:5de88a71: onCancelled at PHASE_SERVER_SHOULD_HIDE
06-04 20:53:01.683 I/DefaultIMS( 1550): onStartInput attribute=android.view.inputmethod.EditorInfo@139b831 restarting=false inputType: 0
06-04 20:53:01.814 I/PermissionControllerServiceImpl( 1957): Updating user sensitive for user 0
06-04 20:53:01.845 E/ccc ( 1526): cccccc UpdateHelper onMessageReceived com.dangbei.haqusetting com.dangbei.etna.update {"action":"get","functionTag":"leaf_controller_function_controller_dangbei_update","value":0} com.dangbei.lerad.etna.aidl.IEtnaAidlCallback$Stub$Proxy@330453f
06-04 20:53:01.853 D/CompatibilityChangeReporter( 1526): Compat change id reported: 265103382; UID 1000; state: DISABLED
06-04 20:53:01.853 D/BluetoothGatt( 1526): connect() - device: E4:BB:D3:57:C0:7A, auto: true
06-04 20:53:01.853 D/BluetoothGatt( 1526): registerApp()
06-04 20:53:01.854 D/BluetoothGatt( 1526): registerApp() - UUID=dd6a3820-d2ee-456f-acbb-1c61a7fdb0b0
06-04 20:53:01.855 E/ccc ( 1526): cccccc 请求电量实时 -1
06-04 20:53:01.858 E/RCInfo ( 1526): vid:000d
06-04 20:53:01.858 E/RCInfo ( 1526): pid:3838
06-04 20:53:01.853 I/binder:1526_3( 1526): type=1400 audit(0.0:1222): avc: denied { read } for name="devices" dev="proc" ino=4026531982 scontext=u:r:system_app:s0 tcontext=u:object_r:proc:s0 tclass=file permissive=1
06-04 20:53:01.858 I/bluetooth( 1081): packages/modules/Bluetooth/system/stack/gatt/gatt_api.cc:1257 GATT_Register: Allocated name:GattClient uuid:bef5af15-9170-1ef2-c84d-34d18a28ea2d gatt_if:6 eatt_support:0
06-04 20:53:01.858 I/bluetooth( 1081): packages/modules/Bluetooth/system/stack/gatt/gatt_api.cc:1371 GATT_StartIf: GATT interface 6 already has connected device xx:xx:xx:xx:c0:7a
06-04 20:53:01.859 I/bluetooth( 1081): packages/modules/Bluetooth/system/stack/gatt/gatt_api.cc:1374 GATT_StartIf: Invoking callback with connection id 6
06-04 20:53:01.859 I/bt_bta_gattc( 1081): packages/modules/Bluetooth/system/bta/gatt/bta_gattc_act.cc:1304 bta_gattc_conn_cback: Connected client_if:6 addr:xx:xx:xx:xx:c0:7a, transport:BT_TRANSPORT_LE reason:GATT_CONN_OK
06-04 20:53:01.859 E/bta_gattc_main( 1081): packages/modules/Bluetooth/system/bta/gatt/bta_gattc_main.cc:395 bta_gattc_hdl_event: Ignore unknown conn ID: 6
06-04 20:53:01.859 D/BluetoothGatt( 1526): onClientRegistered() - status=0 clientIf=6
06-04 20:53:01.853 I/binder:1526_3( 1526): type=1400 audit(0.0:1223): avc: denied { open } for path="/proc/bus/input/devices" dev="proc" ino=4026531982 scontext=u:r:system_app:s0 tcontext=u:object_r:proc:s0 tclass=file permissive=1
06-04 20:53:01.862 I/bt_btif_gattc( 1081): packages/modules/Bluetooth/system/btif/src/btif_gatt_client.cc:340 btif_gattc_open_impl: Transport=2, device type=2, address type =0, phy=1
06-04 20:53:01.864 D/BluetoothGatt( 1526): connect() - device: E4:BB:D3:57:C0:7A, auto: true
06-04 20:53:01.864 D/BluetoothGatt( 1526): registerApp()
06-04 20:53:01.864 I/bluetooth( 1081): packages/modules/Bluetooth/system/stack/gatt/gatt_main.cc:405 gatt_update_app_use_link_flag: disable link idle timer for xx:xx:xx:xx:c0:7a
06-04 20:53:01.864 I/bt_stack( 1081): [INFO:l2c_api.cc(1607)] L2CA_MarkLeLinkAsActivesetting link to e4:bb:d3:57:c0:7a as active
06-04 20:53:01.864 I/bluetooth( 1081): packages/modules/Bluetooth/system/stack/gatt/gatt_api.cc:1206 GATT_SetIdleTimeout: idle_timeout=65535, is_active=1, status=1 (1-OK 0-not performed)
06-04 20:53:01.853 I/binder:1526_3( 1526): type=1400 audit(0.0:1224): avc: denied { getattr } for path="/proc/bus/input/devices" dev="proc" ino=4026531982 scontext=u:r:system_app:s0 tcontext=u:object_r:proc:s0 tclass=file permissive=1
06-04 20:53:01.865 D/BtGatt.GattService( 1081): onConnected() - adding permit for address=E4:BB:D3:57:C0:7A
06-04 20:53:01.865 D/BluetoothGatt( 1526): registerApp() - UUID=b0a1aeeb-e71c-4c99-9de5-cbda6936544f
06-04 20:53:01.865 D/BluetoothGatt( 1526): onClientConnectionState() - status=0 clientIf=6 device=E4:BB:D3:57:C0:7A
06-04 20:53:01.865 D/BluetoothGatt( 1526): discoverServices() - device: E4:BB:D3:57:C0:7A
06-04 20:53:01.867 D/CompatibilityChangeReporter( 3250): Compat change id reported: 210923482; UID 1000; state: DISABLED
06-04 20:53:01.867 D/CompatibilityChangeReporter( 3250): Compat change id reported: 37756858; UID 1000; state: ENABLED
06-04 20:53:01.867 I/bluetooth( 1081): packages/modules/Bluetooth/system/stack/gatt/gatt_api.cc:1257 GATT_Register: Allocated name:GattClient uuid:65ea651f-c2e3-6c0a-773a-efd44be06546 gatt_if:7 eatt_support:0
06-04 20:53:01.867 I/bluetooth( 1081): packages/modules/Bluetooth/system/stack/gatt/gatt_api.cc:1371 GATT_StartIf: GATT interface 7 already has connected device xx:xx:xx:xx:c0:7a
06-04 20:53:01.867 I/bluetooth( 1081): packages/modules/Bluetooth/system/stack/gatt/gatt_api.cc:1374 GATT_StartIf: Invoking callback with connection id 7
06-04 20:53:01.867 I/bt_bta_gattc( 1081): packages/modules/Bluetooth/system/bta/gatt/bta_gattc_act.cc:1304 bta_gattc_conn_cback: Connected client_if:7 addr:xx:xx:xx:xx:c0:7a, transport:BT_TRANSPORT_LE reason:GATT_CONN_OK
06-04 20:53:01.868 E/bta_gattc_main( 1081): packages/modules/Bluetooth/system/bta/gatt/bta_gattc_main.cc:395 bta_gattc_hdl_event: Ignore unknown conn ID: 7
06-04 20:53:01.869 D/BluetoothGatt( 1526): onClientRegistered() - status=0 clientIf=7
06-04 20:53:01.869 I/bt_bta_gattc( 1081): packages/modules/Bluetooth/system/bta/gatt/bta_gattc_cache.cc:1035 bta_gattc_get_gatt_db: bta_gattc_get_gatt_db
06-04 20:53:01.871 D/BluetoothGatt( 1526): onSearchComplete() = Device=E4:BB:D3:57:C0:7A Status=0
06-04 20:53:01.873 I/bt_btif_gattc( 1081): packages/modules/Bluetooth/system/btif/src/btif_gatt_client.cc:340 btif_gattc_open_impl: Transport=2, device type=2, address type =0, phy=1
06-04 20:53:01.873 I/bluetooth( 1081): packages/modules/Bluetooth/system/stack/gatt/gatt_main.cc:405 gatt_update_app_use_link_flag: disable link idle timer for xx:xx:xx:xx:c0:7a
06-04 20:53:01.874 I/bt_stack( 1081): [INFO:l2c_api.cc(1607)] L2CA_MarkLeLinkAsActivesetting link to e4:bb:d3:57:c0:7a as active
06-04 20:53:01.874 I/bluetooth( 1081): packages/modules/Bluetooth/system/stack/gatt/gatt_api.cc:1206 GATT_SetIdleTimeout: idle_timeout=65535, is_active=1, status=1 (1-OK 0-not performed)
06-04 20:53:01.874 D/BtGatt.GattService( 1081): onConnected() - adding permit for address=E4:BB:D3:57:C0:7A
06-04 20:53:01.874 D/BluetoothGatt( 1526): onClientConnectionState() - status=0 clientIf=7 device=E4:BB:D3:57:C0:7A
06-04 20:53:01.874 D/BluetoothGatt( 1526): discoverServices() - device: E4:BB:D3:57:C0:7A
06-04 20:53:01.876 I/bt_bta_gattc( 1081): packages/modules/Bluetooth/system/bta/gatt/bta_gattc_cache.cc:1035 bta_gattc_get_gatt_db: bta_gattc_get_gatt_db
06-04 20:53:01.878 D/BluetoothGatt( 1526): onSearchComplete() = Device=E4:BB:D3:57:C0:7A Status=0
06-04 20:53:01.926 D/ConnectivityService( 711): requestNetwork for uid/pid:1000/3250 activeRequest: null callbackRequest: 66 [NetworkRequest [ REQUEST id=67, [ Capabilities: INTERNET&NOT_RESTRICTED&TRUSTED&NOT_VCN_MANAGED Uid: 1000 RequestorUid: 1000 RequestorPkg: com.dangbei.haqusetting UnderlyingNetworks: Null] ]] callback flags: 0 order: 2147483647
06-04 20:53:01.931 D/WifiNetworkFactory( 711): got request NetworkRequest [ REQUEST id=67, [ Capabilities: INTERNET&NOT_RESTRICTED&TRUSTED&NOT_VCN_MANAGED Uid: 1000 RequestorUid: 1000 RequestorPkg: com.dangbei.haqusetting UnderlyingNetworks: Null] ]
06-04 20:53:01.931 D/UntrustedWifiNetworkFactory( 711): got request NetworkRequest [ REQUEST id=67, [ Capabilities: INTERNET&NOT_RESTRICTED&TRUSTED&NOT_VCN_MANAGED Uid: 1000 RequestorUid: 1000 RequestorPkg: com.dangbei.haqusetting UnderlyingNetworks: Null] ]
06-04 20:53:01.931 D/OemPaidWifiNetworkFactory( 711): got request NetworkRequest [ REQUEST id=67, [ Capabilities: INTERNET&NOT_RESTRICTED&TRUSTED&NOT_VCN_MANAGED Uid: 1000 RequestorUid: 1000 RequestorPkg: com.dangbei.haqusetting UnderlyingNetworks: Null] ]
06-04 20:53:01.932 I/DefaultIMS( 1550): onStartInput attribute=android.view.inputmethod.EditorInfo@cc0a66d restarting=false inputType: 0
06-04 20:53:01.932 D/MultiInternetWifiNetworkFactory( 711): got request NetworkRequest [ REQUEST id=67, [ Capabilities: INTERNET&NOT_RESTRICTED&TRUSTED&NOT_VCN_MANAGED Uid: 1000 RequestorUid: 1000 RequestorPkg: com.dangbei.haqusetting UnderlyingNetworks: Null] ]
06-04 20:53:01.932 D/ConnectivityService( 711): NetReassign [67 : null → 100] [c 0] [a 1] [i 3]
06-04 20:53:02.040 V/WindowManagerShell( 1328): Transition animation finished (aborted=false), notifying core (#2)android.os.BinderProxy@347c95f@0
06-04 20:53:02.041 V/WindowManager( 711): Finish Transition #2: created at
06-04 20:53:01.228 collect-started=0.104ms request-sent=10.059ms started=12.326ms ready=240.472ms sent=398.204ms finished=812.98ms
06-04 20:53:02.043 V/WindowManagerShell( 1328): Track 0 became idle
06-04 20:53:02.043 V/WindowManagerShell( 1328): All active transition animations finished
06-04 20:53:02.104 E/ccc ( 1526): cccccc settingHelper resetManager
06-04 20:53:02.107 V/HdmiDisplayManager( 1526): Amlogic Y5
06-04 20:53:02.107 E/ccc ( 1526): cccccc 去判断 是不是 auto
06-04 20:53:02.116 E/ccc ( 1526): cccccc current is 1080p (59.94 Hz)
06-04 20:53:02.128 E/ccc ( 1526): cccccc ColorFormatManager reset
06-04 20:53:02.130 V/MesonDisplayServer( 290): GetDisplayMode:1080p60hz
06-04 20:53:02.131 V/MesonDisplayServer( 290): GetDisplayMode:1080p60hz
06-04 20:53:02.132 D/MesonDisplay( 290): meson_write /sys/class/amhdmitx/amhdmitx0/valid_mode, outputmode:1080p60hz420,8bit
06-04 20:53:02.132 D/MesonDisplay( 290): valid mode is false!
06-04 20:53:02.132 D/MesonDisplay( 290): meson_write /sys/class/amhdmitx/amhdmitx0/valid_mode, outputmode:1080p60hz444,12bit
06-04 20:53:02.132 D/MesonDisplay( 290): valid mode is true!
06-04 20:53:02.132 D/MesonDisplay( 290): meson_write /sys/class/amhdmitx/amhdmitx0/valid_mode, outputmode:1080p60hz444,10bit
06-04 20:53:02.132 D/MesonDisplay( 290): valid mode is true!
06-04 20:53:02.132 D/MesonDisplay( 290): meson_write /sys/class/amhdmitx/amhdmitx0/valid_mode, outputmode:1080p60hz444,8bit
06-04 20:53:02.132 D/MesonDisplay( 290): valid mode is true!
06-04 20:53:02.132 D/MesonDisplay( 290): meson_write /sys/class/amhdmitx/amhdmitx0/valid_mode, outputmode:1080p60hz422,12bit
06-04 20:53:02.132 D/MesonDisplay( 290): valid mode is true!
06-04 20:53:02.132 D/MesonDisplay( 290): meson_write /sys/class/amhdmitx/amhdmitx0/valid_mode, outputmode:1080p60hzrgb,12bit
06-04 20:53:02.132 D/MesonDisplay( 290): valid mode is true!
06-04 20:53:02.132 D/MesonDisplay( 290): meson_write /sys/class/amhdmitx/amhdmitx0/valid_mode, outputmode:1080p60hzrgb,10bit
06-04 20:53:02.132 D/MesonDisplay( 290): valid mode is true!
06-04 20:53:02.132 D/MesonDisplay( 290): meson_write /sys/class/amhdmitx/amhdmitx0/valid_mode, outputmode:1080p60hzrgb,8bit
06-04 20:53:02.132 D/MesonDisplay( 290): valid mode is true!
06-04 20:53:02.133 I/MesonHwc( 290): [/ModePolicy.cpp, getCurrentSupportDeepColor, 736] getCurrentSupportDeepColor current mode: 1080p60hz supported color: 444,12bit
06-04 20:53:02.133 I/MesonHwc( 290): 444,10bit
06-04 20:53:02.133 I/MesonHwc( 290): 444,8bit
06-04 20:53:02.133 I/MesonHwc( 290): 422,12bit
06-04 20:53:02.133 I/MesonHwc( 290): rgb,12bit
06-04 20:53:02.133 I/MesonHwc( 290): rgb,10bit
06-04 20:53:02.133 I/MesonHwc( 290): rgb,8bit
06-04 20:53:02.135 D/MesonDisplayServer( 290): use connector getDisplayAttribute "HDR Priority": "268435472"
06-04 20:53:02.136 I/SystemControl( 317): [/DisplayMode.cpp, getCurrentHdrPriority, 2840] getCurrentHdrPriority is [0x10000010]
06-04 20:53:02.136 V/MesonDisplayServer( 290): GetDisplayMode:1080p60hz
06-04 20:53:02.138 D/MesonDisplayServer( 290): use connector getDisplayAttribute "HDR Priority": "268435472"
06-04 20:53:02.139 I/SystemControl( 317): [/DisplayMode.cpp, getCurrentHdrPriority, 2840] getCurrentHdrPriority is [0x10000010]
06-04 20:53:02.142 V/MesonDisplayServer( 290): GetDisplayMode:1080p60hz
06-04 20:53:02.142 D/MesonDisplay( 290): meson_write /sys/class/amhdmitx/amhdmitx0/valid_mode, outputmode:1080p60hz420,8bit
06-04 20:53:02.142 D/MesonDisplay( 290): valid mode is false!
06-04 20:53:02.142 D/MesonDisplay( 290): meson_write /sys/class/amhdmitx/amhdmitx0/valid_mode, outputmode:1080p60hz444,12bit
06-04 20:53:02.142 D/MesonDisplay( 290): valid mode is true!
06-04 20:53:02.142 D/MesonDisplay( 290): meson_write /sys/class/amhdmitx/amhdmitx0/valid_mode, outputmode:1080p60hz444,10bit
06-04 20:53:02.142 D/MesonDisplay( 290): valid mode is true!
06-04 20:53:02.142 D/MesonDisplay( 290): meson_write /sys/class/amhdmitx/amhdmitx0/valid_mode, outputmode:1080p60hz444,8bit
06-04 20:53:02.142 D/MesonDisplay( 290): valid mode is true!
06-04 20:53:02.142 D/MesonDisplay( 290): meson_write /sys/class/amhdmitx/amhdmitx0/valid_mode, outputmode:1080p60hz422,12bit
06-04 20:53:02.143 D/MesonDisplay( 290): valid mode is true!
06-04 20:53:02.143 D/MesonDisplay( 290): meson_write /sys/class/amhdmitx/amhdmitx0/valid_mode, outputmode:1080p60hzrgb,12bit
06-04 20:53:02.143 D/MesonDisplay( 290): valid mode is true!
06-04 20:53:02.143 D/MesonDisplay( 290): meson_write /sys/class/amhdmitx/amhdmitx0/valid_mode, outputmode:1080p60hzrgb,10bit
06-04 20:53:02.143 D/MesonDisplay( 290): valid mode is true!
06-04 20:53:02.143 D/MesonDisplay( 290): meson_write /sys/class/amhdmitx/amhdmitx0/valid_mode, outputmode:1080p60hzrgb,8bit
06-04 20:53:02.143 D/MesonDisplay( 290): valid mode is true!
06-04 20:53:02.143 I/MesonHwc( 290): [/ModePolicy.cpp, getCurrentSupportDeepColor, 736] getCurrentSupportDeepColor current mode: 1080p60hz supported color: 444,12bit
06-04 20:53:02.143 I/MesonHwc( 290): 444,10bit
06-04 20:53:02.143 I/MesonHwc( 290): 444,8bit
06-04 20:53:02.143 I/MesonHwc( 290): 422,12bit
06-04 20:53:02.143 I/MesonHwc( 290): rgb,12bit
06-04 20:53:02.143 I/MesonHwc( 290): rgb,10bit
06-04 20:53:02.143 I/MesonHwc( 290): rgb,8bit
06-04 20:53:02.144 V/MesonDisplayServer( 290): GetDisplayMode:1080p60hz
06-04 20:53:02.146 D/MesonDisplayServer( 290): use connector getDisplayAttribute "HDMI Color ATTR": "422,12bit"
06-04 20:53:02.146 I/SystemControl( 317): [/DisplayMode.cpp, getDeepColorAttr, 2290] getDeepColorAttr colorspace:422,12bit
06-04 20:53:02.146 I/SystemControl( 317): get deep color attr mode 1080p60hz, value 422,12bit
06-04 20:53:02.146 E/ccc ( 1526): cccccc ColorHelper current get YCbCr 4:2:2 12-bit
06-04 20:53:02.148 E/ccc ( 1526): cccccc current is 1080p (59.94 Hz)
06-04 20:53:02.159 E/ccc ( 1526): cccccc ColorFormatManager reset
06-04 20:53:02.160 D/MesonDisplayServer( 290): use connector getDisplayAttribute "HDR Priority": "268435472"
06-04 20:53:02.161 I/SystemControl( 317): [/DisplayMode.cpp, getCurrentHdrPriority, 2840] getCurrentHdrPriority is [0x10000010]
06-04 20:53:02.162 V/MesonDisplayServer( 290): GetDisplayMode:1080p60hz
06-04 20:53:02.163 D/MesonDisplayServer( 290): use connector getDisplayAttribute "HDR Priority": "268435472"
06-04 20:53:02.163 I/SystemControl( 317): [/DisplayMode.cpp, getCurrentHdrPriority, 2840] getCurrentHdrPriority is [0x10000010]
06-04 20:53:02.166 V/MesonDisplayServer( 290): GetDisplayMode:1080p60hz
06-04 20:53:02.166 D/MesonDisplay( 290): meson_write /sys/class/amhdmitx/amhdmitx0/valid_mode, outputmode:1080p60hz420,8bit
06-04 20:53:02.166 D/MesonDisplay( 290): valid mode is false!
06-04 20:53:02.166 D/MesonDisplay( 290): meson_write /sys/class/amhdmitx/amhdmitx0/valid_mode, outputmode:1080p60hz444,12bit
06-04 20:53:02.166 D/MesonDisplay( 290): valid mode is true!
06-04 20:53:02.167 D/MesonDisplay( 290): meson_write /sys/class/amhdmitx/amhdmitx0/valid_mode, outputmode:1080p60hz444,10bit
06-04 20:53:02.167 D/MesonDisplay( 290): valid mode is true!
06-04 20:53:02.167 D/MesonDisplay( 290): meson_write /sys/class/amhdmitx/amhdmitx0/valid_mode, outputmode:1080p60hz444,8bit
06-04 20:53:02.167 D/MesonDisplay( 290): valid mode is true!
06-04 20:53:02.167 D/MesonDisplay( 290): meson_write /sys/class/amhdmitx/amhdmitx0/valid_mode, outputmode:1080p60hz422,12bit
06-04 20:53:02.167 D/MesonDisplay( 290): valid mode is true!
06-04 20:53:02.167 D/MesonDisplay( 290): meson_write /sys/class/amhdmitx/amhdmitx0/valid_mode, outputmode:1080p60hzrgb,12bit
06-04 20:53:02.167 D/MesonDisplay( 290): valid mode is true!
06-04 20:53:02.167 D/MesonDisplay( 290): meson_write /sys/class/amhdmitx/amhdmitx0/valid_mode, outputmode:1080p60hzrgb,10bit
06-04 20:53:02.167 D/MesonDisplay( 290): valid mode is true!
06-04 20:53:02.167 D/MesonDisplay( 290): meson_write /sys/class/amhdmitx/amhdmitx0/valid_mode, outputmode:1080p60hzrgb,8bit
06-04 20:53:02.167 D/MesonDisplay( 290): valid mode is true!
06-04 20:53:02.167 I/MesonHwc( 290): [/ModePolicy.cpp, getCurrentSupportDeepColor, 736] getCurrentSupportDeepColor current mode: 1080p60hz supported color: 444,12bit
06-04 20:53:02.167 I/MesonHwc( 290): 444,10bit
06-04 20:53:02.167 I/MesonHwc( 290): 444,8bit
06-04 20:53:02.167 I/MesonHwc( 290): 422,12bit
06-04 20:53:02.167 I/MesonHwc( 290): rgb,12bit
06-04 20:53:02.167 I/MesonHwc( 290): rgb,10bit
06-04 20:53:02.167 I/MesonHwc( 290): rgb,8bit
06-04 20:53:02.169 V/MesonDisplayServer( 290): GetDisplayMode:1080p60hz
06-04 20:53:02.169 D/MesonDisplayServer( 290): use connector getDisplayAttribute "HDMI Color ATTR": "422,12bit"
06-04 20:53:02.170 I/SystemControl( 317): [/DisplayMode.cpp, getDeepColorAttr, 2290] getDeepColorAttr colorspace:422,12bit
06-04 20:53:02.170 I/SystemControl( 317): get deep color attr mode 1080p60hz, value 422,12bit
06-04 20:53:02.170 E/ccc ( 1526): cccccc ColorHelper current get YCbCr 4:2:2 12-bit
06-04 20:53:02.650 D/ActivityManager( 711): freezing 2141 com.android.rkpdapp
06-04 20:53:02.651 D/ActivityManager( 711): freezing 2230 com.android.statementservice
06-04 20:53:02.676 I/WifiHAL ( 525): call wifi_get_link_stats handler
06-04 20:53:02.676 I/WifiHAL ( 525): Creating message to get link statistics; iface = 16
06-04 20:53:02.676 D/WifiHAL ( 525): error code -95 mapped to -3
06-04 20:53:02.677 E/WifiStaIfaceAidlImpl( 711): getLinkLayerStats failed with service-specific exception: android.os.ServiceSpecificException: (code 4)
06-04 20:53:03.509 E/ccc ( 1526): cccccc hhhhhhhhhh RC version is DB-15B-H5-R0111
06-04 20:53:03.510 E/RCInfo ( 1526): vid:000d
06-04 20:53:03.510 E/RCInfo ( 1526): pid:3838
06-04 20:53:03.512 E/RCInfo ( 1526): vid:000d
06-04 20:53:03.512 E/RCInfo ( 1526): pid:3838
06-04 20:53:03.513 E/ccc ( 1526): cccccc 实时获取遥控器版本 DB-15B-H5-R0111
06-04 20:53:04.011 D/BufferPoolAccessor2.0( 711): bufferpool2 0xc012b0a8 : 0(0 size) total buffers - 0(0 size) used buffers - 2/7 (recycle/alloc) - 8/42 (fetch/transfer)
06-04 20:53:04.012 D/BufferPoolAccessor2.0( 711): evictor expired: 1, evicted: 1
06-04 20:53:04.014 D/BufferPoolAccessor2.0( 635): bufferpool2 0xeb781228 : 0(0 size) total buffers - 0(0 size) used buffers - 15/19 (recycle/alloc) - 5/18 (fetch/transfer)
06-04 20:53:04.014 D/BufferPoolAccessor2.0( 635): evictor expired: 7, evicted: 1
06-04 20:53:04.406 D/audio_hw_hal_primary( 492): [out_standby_new:5767] io 13: out:0xe86464b0 usecase:PCM_NORMAL
06-04 20:53:04.406 I/audio_hw_hal_primary( 492): [do_output_standby_l:5663] io 13: out:0xe86464b0, stream usecase:PCM_NORMAL, continuous:1
06-04 20:53:04.406 I/audio_hw_hal_primary( 492): [usecase_change_validate_l:7436] ++ io 13: out:0xe86464b0 dev masks:0x1 is_standby:1 out usecase:PCM_NORMAL
06-04 20:53:04.406 I/audio_hw_hal_ms12common( 492): aml_set_ms12_scheduler_state ms12_scheduler_state:1, sch_state:1 SCHEDULER_STANDBY is sent to ms12
06-04 20:53:04.406 I/audio_hw_hal_primary( 492): [usecase_change_validate_l:7477] -- dev masks:0 is_standby:1 out usecase PCM_NORMAL
06-04 20:53:04.406 D/audio_hw_hal_primary( 492): [out_standby_new:5790] io 13: out:0xe86464b0 usecase:PCM_NORMAL exit
06-04 20:53:04.476 D/libdolbyms12( 492): continuous underrun 2
06-04 20:53:04.972 I/bt_btif_dm( 1081): packages/modules/Bluetooth/system/btif/src/btif_dm.cc:691 btif_update_remote_properties: cod from storage is also unclassified
06-04 20:53:05.012 D/BufferPoolAccessor2.0( 711): bufferpool2 0xc0105488 : 0(0 size) total buffers - 0(0 size) used buffers - 2/7 (recycle/alloc) - 5/50 (fetch/transfer)
06-04 20:53:05.012 D/BufferPoolAccessor2.0( 711): bufferpool2 0xc012d808 : 0(0 size) total buffers - 0(0 size) used buffers - 2/7 (recycle/alloc) - 5/60 (fetch/transfer)
06-04 20:53:05.012 D/BufferPoolAccessor2.0( 711): evictor expired: 8, evicted: 2
06-04 20:53:05.012 I/TDLog ( 2271): [APP] New data found, Submitting...
06-04 20:53:05.014 D/BufferPoolAccessor2.0( 635): bufferpool2 0xeb7818e8 : 0(0 size) total buffers - 0(0 size) used buffers - 20/23 (recycle/alloc) - 3/22 (fetch/transfer)
06-04 20:53:05.014 D/BufferPoolAccessor2.0( 635): bufferpool2 0xeb783868 : 0(0 size) total buffers - 0(0 size) used buffers - 26/28 (recycle/alloc) - 2/27 (fetch/transfer)
06-04 20:53:05.014 D/BufferPoolAccessor2.0( 635): evictor expired: 2, evicted: 2
06-04 20:53:05.022 D/TrafficStats( 2271): tagSocket(5) with statsTag=0xffffffff, statsUid=-1
06-04 20:53:05.029 I/TDLog ( 2271): [APP] Failed to submit data!
06-04 20:53:05.219 D/TrafficStats( 2271): tagSocket(88) with statsTag=0xffffffff, statsUid=-1
06-04 20:53:05.246 E/TaskPersister( 711): File error accessing recents directory (directory doesn't exist?).
06-04 20:53:05.617 I/cling--ap-3( 2338): type=1400 audit(0.0:1225): avc: denied { search } for name="net" dev="sysfs" ino=12344 scontext=u:r:untrusted_app_27:s0:c43,c256,c512,c768 tcontext=u:object_r:sysfs_net:s0 tclass=dir permissive=1 app=com.dangbei.screencast
06-04 20:53:05.617 I/cling--ap-3( 2338): type=1400 audit(0.0:1226): avc: denied { read } for name="address" dev="sysfs" ino=22126 scontext=u:r:untrusted_app_27:s0:c43,c256,c512,c768 tcontext=u:object_r:sysfs_net:s0 tclass=file permissive=1 app=com.dangbei.screencast
06-04 20:53:05.617 I/cling--ap-3( 2338): type=1400 audit(0.0:1227): avc: denied { open } for path="/sys/devices/virtual/net/dummy0/address" dev="sysfs" ino=22126 scontext=u:r:untrusted_app_27:s0:c43,c256,c512,c768 tcontext=u:object_r:sysfs_net:s0 tclass=file permissive=1 app=com.dangbei.screencast
06-04 20:53:05.617 I/cling--ap-3( 2338): type=1400 audit(0.0:1228): avc: denied { getattr } for path="/sys/devices/virtual/net/dummy0/address" dev="sysfs" ino=22126 scontext=u:r:untrusted_app_27:s0:c43,c256,c512,c768 tcontext=u:object_r:sysfs_net:s0 tclass=file permissive=1 app=com.dangbei.screencast
06-04 20:53:05.680 I/WifiHAL ( 525): call wifi_get_link_stats handler
06-04 20:53:05.681 I/WifiHAL ( 525): Creating message to get link statistics; iface = 16
06-04 20:53:05.681 D/WifiHAL ( 525): error code -95 mapped to -3
06-04 20:53:05.681 E/WifiStaIfaceAidlImpl( 711): getLinkLayerStats failed with service-specific exception: android.os.ServiceSpecificException: (code 4)
06-04 20:53:06.009 D/bbb ( 1672): onStartCommand begin !!!!!!! data分区剩余 52811MB
06-04 20:53:06.013 D/CompatibilityChangeReporter( 711): Compat change id reported: 171306433; UID 1000; state: ENABLED
