06-04 20:54:34.979 I/audio_hw_hal_profile( 492): get_hdmi_sink_cap_new dts-hd vendor special byte3:0x1
06-04 20:54:34.979 I/audio_hw_hal_profile( 492): PCM cap Max channel =2
06-04 20:54:34.979 I/audio_hw_hal_profile( 492): [out_get_parameters:2165] sup_formats=AUDIO_FORMAT_PCM_16_BIT|AUDIO_FORMAT_IEC61937|AUDIO_FORMAT_E_AC3|AUDIO_FORMAT_AC3|AUDIO_FORMAT_DTS
06-04 20:54:34.979 D/APM_AudioPolicyManager( 536): modifySurroundFormats: forced use = 13
06-04 20:54:34.980 E/HDMI ( 711): [1]:Failed to send 45:7D with errorCode=1
06-04 20:54:34.980 I/audio_hw_hal_profile( 492): [out_get_parameters:2089] out:0xe86440c0 query sample rate. Format:PCM_16_BIT(0x1) ++++++++++ hal_format:PCM_16_BIT
06-04 20:54:34.980 D/audio_hw_hal_profile( 492): get_hdmi_sink_cap_new is running...
06-04 20:54:34.980 D/audio_hw_hal_profile( 492): [get_hdmi_sink_cap_new:960] query hdmi sample_rate... format: PCM_16_BIT(0x1)
06-04 20:54:34.980 I/audio_hw_hal_profile( 492): get_hdmi_sink_cap_new format =0x1 support rate =sup_sampling_rates=32000|44100|48000
06-04 20:54:34.980 I/audio_hw_hal_profile( 492): [out_get_parameters:2165] sup_sampling_rates=32000|44100|48000
06-04 20:54:34.980 D/HDMI ( 711): AVR did not respond to
06-04 20:54:34.981 D/HdmiControlService( 711): Switching to full volume behavior
06-04 20:54:34.981 I/audio_hw_hal_profile( 492): [out_get_parameters:2092] out:0xe86440c0 query channels. Format:PCM_16_BIT(0x1) ++++++++++ hal_format:PCM_16_BIT
06-04 20:54:34.981 D/audio_hw_hal_profile( 492): get_hdmi_sink_cap_new is running...
06-04 20:54:34.981 D/audio_hw_hal_profile( 492): [get_hdmi_sink_cap_new:887] query hdmi channels... format: PCM_16_BIT(0x1)
06-04 20:54:34.981 I/audio_hw_hal_profile( 492): [out_get_parameters:2165] sup_channels=AUDIO_CHANNEL_OUT_STEREO
06-04 20:54:34.982 I/audio_hw_hal_profile( 492): [out_get_parameters:2089] out:0xe86440c0 query sample rate. Format:IEC61937(0xd000000) ++++++++++ hal_format:PCM_16_BIT
06-04 20:54:34.982 D/audio_hw_hal_profile( 492): get_hdmi_sink_cap_new is running...
06-04 20:54:34.982 D/audio_hw_hal_profile( 492): [get_hdmi_sink_cap_new:960] query hdmi sample_rate... format: IEC61937(0xd000000)
06-04 20:54:34.982 I/audio_hw_hal_profile( 492): [out_get_parameters:2165] sup_sampling_rates=8000|11025|16000|22050|24000|32000|44100|48000|128000|176400|192000
06-04 20:54:34.983 I/audio_hw_hal_profile( 492): [out_get_parameters:2092] out:0xe86440c0 query channels. Format:IEC61937(0xd000000) ++++++++++ hal_format:PCM_16_BIT
06-04 20:54:34.983 D/audio_hw_hal_profile( 492): get_hdmi_sink_cap_new is running...
06-04 20:54:34.983 D/audio_hw_hal_profile( 492): [get_hdmi_sink_cap_new:887] query hdmi channels... format: IEC61937(0xd000000)
06-04 20:54:34.983 I/audio_hw_hal_profile( 492): [out_get_parameters:2165] sup_channels=AUDIO_CHANNEL_OUT_MONO|AUDIO_CHANNEL_OUT_STEREO|AUDIO_CHANNEL_OUT_TRI|AUDIO_CHANNEL_OUT_TRI_BACK|AUDIO_CHANNEL_OUT_3POINT1|AUDIO_CHANNEL_OUT_QUAD|AUDIO_CHANNEL_OUT_SURROUND|AUDIO_CHANNEL_OUT_PENTA|AUDIO_CHANNEL_OUT_5POINT1|AUDIO_CHANNEL_OUT_7POINT1
06-04 20:54:34.984 D/audio_hw_hal_primary( 492): [out_dump:848] io 357: out:0xe86440c0, fd:23
06-04 20:54:34.984 D/AudioFlinger( 536): ro.audio.silent is ignored since no output device is set
06-04 20:54:34.986 D/audio_hw_hal_primary( 492): [out_standby_new:5767] io 357: out:0xe86440c0 usecase:PCM_DIRECT
06-04 20:54:34.986 I/audio_hw_hal_primary( 492): already standby, do nothing
06-04 20:54:34.994 D/audio_hw_hal_primary( 492): [out_set_parameters:971] out:0xe86440c0 kvpairs:closing=true;exiting=1 out->out_device:0x400, adev->out_device:0x80002
06-04 20:54:34.994 E/audio_hw_hal_primary( 492): out_set_parameters, ret:-2, hw_sync_mode:is false
06-04 20:54:34.994 D/AudioFlinger( 536): ro.audio.silent is ignored since no output device is set
06-04 20:54:34.996 I/audio_hw_hal_primary( 492): [out_set_event_callback:3158] io 357: out:0xe86440c0, callback:0xea3f991d cookie:0xeae40250
06-04 20:54:34.997 I/audio_hw_hal_primary( 492): [adev_close_output_stream_new:8052] io handle 357: out:0xe86440c0
06-04 20:54:34.997 D/audio_hw_hal_primary( 492): adev_close_output_stream_new: enter usecase = PCM_DIRECT
06-04 20:54:34.997 I/audio_hw_hal_primary( 492): [adev_close_output_stream:3695] io 357: out:0xe86440c0 dev:OUT_HDMI(0x400) flags:0x1, usecase:PCM_DIRECT
06-04 20:54:34.997 D/audio_hw_hal_primary( 492): [out_standby_new:5767] io 357: out:0xe86440c0 usecase:PCM_DIRECT
06-04 20:54:34.997 I/audio_hw_hal_primary( 492): already standby, do nothing
06-04 20:54:34.997 I/audio_hw_hal_resourcemgr( 492): [is_output_device_muted:710] device:0x2 port_mute:0, fade_mute:0
06-04 20:54:34.997 I/audio_hw_hal_primary( 492): [adev_close_output_stream:3863] io 357: out:0xe86440c0 exit ------
06-04 20:54:34.998 I/AudioFlinger( 536): openOutput() this 0xec000010, module 10 Device AUDIO_DEVICE_OUT_HDMI, @:, SamplingRate 8000, Format 0xd000000, Channels 0x1, flags 0x1
06-04 20:54:34.998 D/audio_hw_hal_primary( 492): [adev_open_output_stream_new:7868] enter: dev=0xe87014a0 handle=16d devices=0x400/'HDMI,' flags=0x401/'DIRECT,IEC958_NONAUDIO,' config=(rt=8000 ch_mask=0x1 fmt=0xd000000) address=''
06-04 20:54:34.998 D/audio_hw_hal_primary( 492): adev_open_output_stream_new: enter
06-04 20:54:34.998 I/audio_hw_hal_primary( 492): [adev_open_output_stream:3285] io 365: out:0xe86440c0 dev:OUT_HDMI(0x400) addr:
06-04 20:54:34.998 I/audio_hw_hal_primary( 492): [adev_open_output_stream:3287] ch_mask:0x1 rate:8000 format:IEC61937(0xd000000) flags:0x401
06-04 20:54:34.998 D/audio_hw_hal_primary( 492): [adev_open_output_stream:3381] current format is IEC61937
06-04 20:54:34.998 I/audio_hw_hal_primary( 492): [adev_open_output_stream:3610] result profile ch_mask:0x1 rate:8000 format:IEC61937(0xd000000) usecase:RAW_DIRECT
06-04 20:54:34.998 I/audio_hw_hal_utils( 492): aml_get_stream_dump_file_name line 2929 file_name /data/vendor/audiohal/stream_pid492_tid1266.pcm
06-04 20:54:34.998 I/audio_hw_hal_primary( 492): [adev_open_output_stream_new:8037] io 365: out: 0xe86440c0 card:0 alsa devices:0 exit ------
06-04 20:54:35.000 I/audio_hw_hal_primary( 492): [out_get_buffer_size:552] out:0xe86440c0 config.rate=8000, format:IEC61937(0xd000000), stream format:IEC61937(0xd000000)
06-04 20:54:35.000 I/audio_hw_hal_primary( 492): out_get_buffer_size AUDIO_FORMAT_IEC61937 buffer size = 4096 frames
06-04 20:54:35.001 I/AudioFlinger( 536): HAL output buffer size 2048 frames, normal sink buffer size 2048 frames
06-04 20:54:35.001 I/audio_hw_hal_primary( 492): [audiohal_get_latency:1333] io 365: out:0xe86440c0 frames:1280 rate:8000 whole_latency:160 alsa_latency:160
06-04 20:54:35.001 I/audio_hw_hal_primary( 492): [out_set_event_callback:3158] io 365: out:0xe86440c0, callback:0xea3f991d cookie:0xeae40f10
06-04 20:54:35.001 I/audio_hw_hal_primary( 492): [audiohal_get_latency:1333] io 365: out:0xe86440c0 frames:1152 rate:8000 whole_latency:144 alsa_latency:144
06-04 20:54:35.002 I/audio_hw_hal_primary( 492): [audiohal_get_latency:1333] io 365: out:0xe86440c0 frames:1152 rate:8000 whole_latency:144 alsa_latency:144
06-04 20:54:35.002 I/AudioFlinger( 536): AudioFlinger's thread 0xe64285b0 tid=3961 ready to run
06-04 20:54:35.002 D/AudioFlinger( 536): ro.audio.silent is ignored since no output device is set
06-04 20:54:35.005 D/audio_hw_hal_primary( 492): [out_standby_new:5767] io 365: out:0xe86440c0 usecase:RAW_DIRECT
06-04 20:54:35.005 I/audio_hw_hal_primary( 492): already standby, do nothing
06-04 20:54:35.008 D/AudioFlinger( 536): ro.audio.silent is ignored since no output device is set
06-04 20:54:35.008 E/MesonDisplay( 290): open /sys/class/amhdmitx/amhdmitx0/hdcp_pwr fail. Error info [No such file or directory]
06-04 20:54:35.008 E/MesonDisplay( 290): open /sys/class/amhdmitx/amhdmitx0/hdcp_ctrl fail. Error info [No such file or directory]
06-04 20:54:35.008 E/MesonDisplay( 290): open /sys/class/amhdmitx/amhdmitx0/hdcp_ctrl fail. Error info [No such file or directory]
06-04 20:54:35.010 I/MesonDisplay( 290): [/HDCPTxAuth.cpp, stop, 137] hdcp_tx pthread exit id = 3908813248, (null) done
06-04 20:54:35.010 D/MesonDisplayServer( 290): SetDisplay[HDMI] Mode to "1080p60hz"
06-04 20:54:35.015 I/AudioFlinger( 536): openOutput() this 0xec000010, module 10 Device AUDIO_DEVICE_OUT_HDMI, @:, SamplingRate 32000, Format 0x9000000, Channels 0x1, flags 0x51
06-04 20:54:35.015 D/audio_hw_hal_primary( 492): [adev_open_output_stream_new:7868] enter: dev=0xe87014a0 handle=175 devices=0x400/'HDMI,' flags=0x51/'DIRECT,COMPRESS_OFFLOAD,HW_AV_SYNC,' config=(rt=32000 ch_mask=0x1 fmt=0x9000000) address=''
06-04 20:54:35.015 D/audio_hw_hal_primary( 492): adev_open_output_stream_new: enter
06-04 20:54:35.015 I/audio_hw_hal_primary( 492): [adev_open_output_stream:3285] io 373: out:0xe8640010 dev:OUT_HDMI(0x400) addr:
06-04 20:54:35.015 I/audio_hw_hal_primary( 492): [adev_open_output_stream:3287] ch_mask:0x1 rate:32000 format:AC3(0x9000000) flags:0x51
06-04 20:54:35.015 I/audio_hw_hal_primary( 492): adev_open_output_stream: for raw audio output,force alsa stereo output
06-04 20:54:35.015 D/audio_hw_hal_primary( 492): [adev_open_output_stream:3573] format=AC3 rate=32000
06-04 20:54:35.015 I/audio_hw_hal_primary( 492): [adev_open_output_stream:3610] result profile ch_mask:0x1 rate:32000 format:AC3(0x9000000) usecase:RAW_HWSYNC
06-04 20:54:35.015 I/audio_hw_hal_utils( 492): aml_get_stream_dump_file_name line 2929 file_name /data/vendor/audiohal/stream_pid492_tid1266.dd
06-04 20:54:35.015 I/audio_hw_hal_primary( 492): [adev_open_output_stream_new:8037] io 373: out: 0xe8640010 card:0 alsa devices:0 exit ------
06-04 20:54:35.016 I/audio_hw_hal_primary( 492): [out_get_buffer_size:552] out:0xe8640010 config.rate=32000, format:AC3(0x9000000), stream format:AC3(0x9000000)
06-04 20:54:35.017 I/AudioFlinger( 536): HAL output buffer size 2048 frames, normal sink buffer size 2048 frames
06-04 20:54:35.017 I/audio_hw_hal_primary( 492): [audiohal_get_latency:1333] io 373: out:0xe8640010 frames:1280 rate:32000 whole_latency:40 alsa_latency:40
06-04 20:54:35.017 I/audio_hw_hal_primary( 492): [out_set_event_callback:3158] io 373: out:0xe8640010, callback:0xea3f991d cookie:0xeae41390
06-04 20:54:35.018 I/audio_hw_hal_primary( 492): [audiohal_get_latency:1333] io 373: out:0xe8640010 frames:1152 rate:32000 whole_latency:36 alsa_latency:36
06-04 20:54:35.018 I/audio_hw_hal_primary( 492): [audiohal_get_latency:1333] io 373: out:0xe8640010 frames:1152 rate:32000 whole_latency:36 alsa_latency:36
06-04 20:54:35.020 I/AudioFlinger( 536): AudioFlinger's thread 0xe6424520 tid=3962 ready to run
06-04 20:54:35.020 D/AudioFlinger( 536): ro.audio.silent is ignored since no output device is set
06-04 20:54:35.021 D/AudioFlinger( 536): ro.audio.silent is ignored since no output device is set
06-04 20:54:35.029 I/AudioFlinger( 536): openOutput() this 0xec000010, module 10 Device AUDIO_DEVICE_OUT_HDMI, @:, SamplingRate 32000, Format 0x9000000, Channels 0x1, flags 0x1
06-04 20:54:35.029 D/audio_hw_hal_primary( 492): [adev_open_output_stream_new:7868] enter: dev=0xe87014a0 handle=17d devices=0x400/'HDMI,' flags=0x1/'DIRECT,' config=(rt=32000 ch_mask=0x1 fmt=0x9000000) address=''
06-04 20:54:35.029 D/audio_hw_hal_primary( 492): adev_open_output_stream_new: enter
06-04 20:54:35.029 I/audio_hw_hal_primary( 492): [adev_open_output_stream:3285] io 381: out:0xe8645650 dev:OUT_HDMI(0x400) addr:
06-04 20:54:35.029 I/audio_hw_hal_primary( 492): [adev_open_output_stream:3287] ch_mask:0x1 rate:32000 format:AC3(0x9000000) flags:0x1
06-04 20:54:35.029 I/audio_hw_hal_primary( 492): adev_open_output_stream: for raw audio output,force alsa stereo output
06-04 20:54:35.029 I/audio_hw_hal_primary( 492): [adev_open_output_stream:3610] result profile ch_mask:0x1 rate:32000 format:AC3(0x9000000) usecase:RAW_DIRECT
06-04 20:54:35.029 I/audio_hw_hal_utils( 492): aml_get_stream_dump_file_name line 2929 file_name /data/vendor/audiohal/stream_pid492_tid1266.dd
06-04 20:54:35.029 I/audio_hw_hal_primary( 492): [adev_open_output_stream_new:8037] io 381: out: 0xe8645650 card:0 alsa devices:0 exit ------
06-04 20:54:35.031 I/audio_hw_hal_primary( 492): [out_get_buffer_size:552] out:0xe8645650 config.rate=32000, format:AC3(0x9000000), stream format:AC3(0x9000000)
06-04 20:54:35.032 I/AudioFlinger( 536): HAL output buffer size 2048 frames, normal sink buffer size 2048 frames
06-04 20:54:35.033 I/audio_hw_hal_primary( 492): [audiohal_get_latency:1333] io 381: out:0xe8645650 frames:1280 rate:32000 whole_latency:40 alsa_latency:40
06-04 20:54:35.034 I/audio_hw_hal_primary( 492): [out_set_event_callback:3158] io 381: out:0xe8645650, callback:0xea3f991d cookie:0xeae40130
06-04 20:54:35.034 I/AudioFlinger( 536): AudioFlinger's thread 0xe640c1c0 tid=3963 ready to run
06-04 20:54:35.034 D/hdmicecd( 505): [CEC]:printCecMessage, [4 -> e] len: 0, body:, result:no ack
06-04 20:54:35.035 D/HDMI ( 711): [S]: 4F:82:30:00
06-04 20:54:35.035 D/hdmicecd( 505): [HdmiCecControl]:updateActiveState sending messag:82 active state:1
06-04 20:54:35.035 I/audio_hw_hal_primary( 492): [audiohal_get_latency:1333] io 381: out:0xe8645650 frames:1152 rate:32000 whole_latency:36 alsa_latency:36
06-04 20:54:35.036 I/audio_hw_hal_primary( 492): [audiohal_get_latency:1333] io 381: out:0xe8645650 frames:1024 rate:32000 whole_latency:32 alsa_latency:32
06-04 20:54:35.036 D/AudioFlinger( 536): ro.audio.silent is ignored since no output device is set
06-04 20:54:35.037 D/audio_hw_hal_primary( 492): [out_standby_new:5767] io 381: out:0xe8645650 usecase:RAW_DIRECT
06-04 20:54:35.037 I/audio_hw_hal_primary( 492): already standby, do nothing
06-04 20:54:35.038 D/AudioFlinger( 536): ro.audio.silent is ignored since no output device is set
06-04 20:54:35.050 I/AudioFlinger( 536): openOutput() this 0xec000010, module 10 Device AUDIO_DEVICE_OUT_HDMI, @:, SamplingRate 0, Format 00000000, Channels 0, flags 0x41
06-04 20:54:35.051 D/audio_hw_hal_primary( 492): [adev_open_output_stream_new:7868] enter: dev=0xe87014a0 handle=185 devices=0x400/'HDMI,' flags=0x41/'DIRECT,HW_AV_SYNC,' config=(rt=0 ch_mask=0x0 fmt=0x0) address=''
06-04 20:54:35.051 D/audio_hw_hal_primary( 492): adev_open_output_stream_new: enter
06-04 20:54:35.051 I/audio_hw_hal_primary( 492): [adev_open_output_stream:3285] io 389: out:0xe8648fd0 dev:OUT_HDMI(0x400) addr:
06-04 20:54:35.051 I/audio_hw_hal_primary( 492): [adev_open_output_stream:3287] ch_mask:0 rate:0 format:DEFAULT(0) flags:0x41
06-04 20:54:35.051 D/audio_hw_hal_primary( 492): [adev_open_output_stream:3573] format=PCM_16_BIT rate=48000
06-04 20:54:35.051 I/audio_hw_hal_primary( 492): [adev_open_output_stream:3610] result profile ch_mask:0x3 rate:48000 format:PCM_16_BIT(0x1) usecase:PCM_HWSYNC
06-04 20:54:35.051 D/audio_hw_hal_timer( 492): func:audio_timer_create create timer.3 success.
06-04 20:54:35.052 D/audio_hw_hal_timer( 492): func:audio_timer_create create timer.4 success.
06-04 20:54:35.052 D/audio_hw_hal_primary( 492): [adev_open_output_stream_new:7980] timer_id:3
06-04 20:54:35.052 I/audio_hw_hal_utils( 492): aml_get_stream_dump_file_name line 2929 file_name /data/vendor/audiohal/stream_pid492_tid1266.pcm
06-04 20:54:35.052 I/audio_hw_hal_primary( 492): [adev_open_output_stream_new:8037] io 389: out: 0xe8648fd0 card:0 alsa devices:0 exit ------
06-04 20:54:35.053 I/audio_hw_hal_primary( 492): [out_get_buffer_size:552] out:0xe8648fd0 config.rate=48000, format:PCM_16_BIT(0x1), stream format:PCM_16_BIT(0x1)
06-04 20:54:35.053 I/AudioFlinger( 536): HAL output buffer size 2058 frames, normal sink buffer size 2058 frames
06-04 20:54:35.053 I/audio_hw_hal_primary( 492): [audiohal_get_latency:1333] io 389: out:0xe8648fd0 frames:1280 rate:48000 whole_latency:26 alsa_latency:26
06-04 20:54:35.053 I/audio_hw_hal_primary( 492): [out_set_event_callback:3158] io 389: out:0xe8648fd0, callback:0xea3f991d cookie:0xeae423b0
06-04 20:54:35.054 I/audio_hw_hal_primary( 492): [audiohal_get_latency:1333] io 389: out:0xe8648fd0 frames:1280 rate:48000 whole_latency:26 alsa_latency:26
06-04 20:54:35.054 I/audio_hw_hal_primary( 492): [audiohal_get_latency:1333] io 389: out:0xe8648fd0 frames:1280 rate:48000 whole_latency:26 alsa_latency:26
06-04 20:54:35.054 I/AudioFlinger( 536): AudioFlinger's thread 0xe6410250 tid=3966 ready to run
06-04 20:54:35.054 D/AudioFlinger( 536): ro.audio.silent is ignored since no output device is set
06-04 20:54:35.055 I/audio_hw_hal_profile( 492): [out_get_parameters:2085] out:0xe8648fd0 query audio format. ++++++++++ hal_format:PCM_16_BIT
06-04 20:54:35.055 D/audio_hw_hal_profile( 492): get_hdmi_sink_cap_new is running...
06-04 20:54:35.055 D/audio_hw_hal_profile( 492): query hdmi format...
06-04 20:54:35.055 D/audio_hw_hal_profile( 492): get_hdmi_sink_cap_new ddp is supported; ddp-joc(atmos) is unsupported;
06-04 20:54:35.055 I/audio_hw_hal_profile( 492): get_hdmi_sink_cap_new dts-hd vendor special byte3:0x1
06-04 20:54:35.055 I/audio_hw_hal_profile( 492): PCM cap Max channel =2
06-04 20:54:35.055 I/audio_hw_hal_profile( 492): [out_get_parameters:2165] sup_formats=AUDIO_FORMAT_PCM_16_BIT|AUDIO_FORMAT_IEC61937|AUDIO_FORMAT_E_AC3|AUDIO_FORMAT_AC3|AUDIO_FORMAT_DTS
06-04 20:54:35.055 D/APM_AudioPolicyManager( 536): modifySurroundFormats: forced use = 13
06-04 20:54:35.055 I/audio_hw_hal_profile( 492): [out_get_parameters:2089] out:0xe8648fd0 query sample rate. Format:PCM_16_BIT(0x1) ++++++++++ hal_format:PCM_16_BIT
06-04 20:54:35.055 D/audio_hw_hal_profile( 492): get_hdmi_sink_cap_new is running...
06-04 20:54:35.056 D/audio_hw_hal_profile( 492): [get_hdmi_sink_cap_new:960] query hdmi sample_rate... format: PCM_16_BIT(0x1)
06-04 20:54:35.056 I/audio_hw_hal_profile( 492): get_hdmi_sink_cap_new format =0x1 support rate =sup_sampling_rates=32000|44100|48000
06-04 20:54:35.056 I/audio_hw_hal_profile( 492): [out_get_parameters:2165] sup_sampling_rates=32000|44100|48000
06-04 20:54:35.056 I/audio_hw_hal_profile( 492): [out_get_parameters:2092] out:0xe8648fd0 query channels. Format:PCM_16_BIT(0x1) ++++++++++ hal_format:PCM_16_BIT
06-04 20:54:35.056 D/audio_hw_hal_profile( 492): get_hdmi_sink_cap_new is running...
06-04 20:54:35.056 D/audio_hw_hal_profile( 492): [get_hdmi_sink_cap_new:887] query hdmi channels... format: PCM_16_BIT(0x1)
06-04 20:54:35.056 I/audio_hw_hal_profile( 492): [out_get_parameters:2165] sup_channels=AUDIO_CHANNEL_OUT_STEREO
06-04 20:54:35.057 I/audio_hw_hal_profile( 492): [out_get_parameters:2089] out:0xe8648fd0 query sample rate. Format:IEC61937(0xd000000) ++++++++++ hal_format:PCM_16_BIT
06-04 20:54:35.057 D/audio_hw_hal_profile( 492): get_hdmi_sink_cap_new is running...
06-04 20:54:35.057 D/audio_hw_hal_profile( 492): [get_hdmi_sink_cap_new:960] query hdmi sample_rate... format: IEC61937(0xd000000)
06-04 20:54:35.057 I/audio_hw_hal_profile( 492): [out_get_parameters:2165] sup_sampling_rates=8000|11025|16000|22050|24000|32000|44100|48000|128000|176400|192000
06-04 20:54:35.057 I/audio_hw_hal_profile( 492): [out_get_parameters:2092] out:0xe8648fd0 query channels. Format:IEC61937(0xd000000) ++++++++++ hal_format:PCM_16_BIT
06-04 20:54:35.057 D/audio_hw_hal_profile( 492): get_hdmi_sink_cap_new is running...
06-04 20:54:35.058 D/audio_hw_hal_profile( 492): [get_hdmi_sink_cap_new:887] query hdmi channels... format: IEC61937(0xd000000)
06-04 20:54:35.058 I/audio_hw_hal_profile( 492): [out_get_parameters:2165] sup_channels=AUDIO_CHANNEL_OUT_MONO|AUDIO_CHANNEL_OUT_STEREO|AUDIO_CHANNEL_OUT_TRI|AUDIO_CHANNEL_OUT_TRI_BACK|AUDIO_CHANNEL_OUT_3POINT1|AUDIO_CHANNEL_OUT_QUAD|AUDIO_CHANNEL_OUT_SURROUND|AUDIO_CHANNEL_OUT_PENTA|AUDIO_CHANNEL_OUT_5POINT1|AUDIO_CHANNEL_OUT_7POINT1
06-04 20:54:35.058 D/audio_hw_hal_primary( 492): [out_standby_new:5767] io 389: out:0xe8648fd0 usecase:PCM_HWSYNC
06-04 20:54:35.058 I/audio_hw_hal_primary( 492): already standby, do nothing
06-04 20:54:35.059 D/audio_hw_hal_primary( 492): [out_dump:848] io 389: out:0xe8648fd0, fd:23
06-04 20:54:35.060 D/audio_hw_hal_primary( 492): [out_set_parameters:971] out:0xe8648fd0 kvpairs:closing=true;exiting=1 out->out_device:0x400, adev->out_device:0x80002
06-04 20:54:35.060 E/audio_hw_hal_primary( 492): out_set_parameters, ret:-2, hw_sync_mode:is false
06-04 20:54:35.061 D/AudioFlinger( 536): ro.audio.silent is ignored since no output device is set
06-04 20:54:35.062 I/audio_hw_hal_primary( 492): [out_set_event_callback:3158] io 389: out:0xe8648fd0, callback:0xea3f991d cookie:0xeae423b0
06-04 20:54:35.062 I/audio_hw_hal_primary( 492): [adev_close_output_stream_new:8052] io handle 389: out:0xe8648fd0
06-04 20:54:35.062 D/audio_hw_hal_primary( 492): adev_close_output_stream_new: enter usecase = PCM_HWSYNC
06-04 20:54:35.062 D/audio_hw_hal_timer( 492): func:audio_timer_delete delete timer.3 success.
06-04 20:54:35.062 D/audio_hw_hal_timer( 492): func:audio_timer_delete delete timer.4 success.
06-04 20:54:35.062 D/audio_hw_hal_primary( 492): [adev_close_output_stream_new:8076] timer_id:3 ret:4
06-04 20:54:35.062 I/audio_hw_hal_primary( 492): [adev_close_output_stream:3695] io 389: out:0xe8648fd0 dev:OUT_HDMI(0x400) flags:0x41, usecase:PCM_HWSYNC
06-04 20:54:35.062 D/audio_hw_hal_primary( 492): [out_standby_new:5767] io 389: out:0xe8648fd0 usecase:PCM_HWSYNC
06-04 20:54:35.062 I/audio_hw_hal_primary( 492): already standby, do nothing
06-04 20:54:35.062 I/audio_hw_hal_resourcemgr( 492): [is_output_device_muted:710] device:0x2 port_mute:0, fade_mute:0
06-04 20:54:35.062 I/audio_hw_hal_primary( 492): [adev_close_output_stream:3863] io 389: out:0xe8648fd0 exit ------
06-04 20:54:35.062 I/AudioFlinger( 536): openOutput() this 0xec000010, module 10 Device AUDIO_DEVICE_OUT_HDMI, @:, SamplingRate 8000, Format 0xd000000, Channels 0x1, flags 0x41
06-04 20:54:35.063 D/audio_hw_hal_primary( 492): [adev_open_output_stream_new:7868] enter: dev=0xe87014a0 handle=18d devices=0x400/'HDMI,' flags=0x441/'DIRECT,HW_AV_SYNC,IEC958_NONAUDIO,' config=(rt=8000 ch_mask=0x1 fmt=0xd000000) address=''
06-04 20:54:35.063 D/audio_hw_hal_primary( 492): adev_open_output_stream_new: enter
06-04 20:54:35.063 I/audio_hw_hal_primary( 492): [adev_open_output_stream:3285] io 397: out:0xe8648fd0 dev:OUT_HDMI(0x400) addr:
06-04 20:54:35.063 I/audio_hw_hal_primary( 492): [adev_open_output_stream:3287] ch_mask:0x1 rate:8000 format:IEC61937(0xd000000) flags:0x441
06-04 20:54:35.063 D/audio_hw_hal_primary( 492): [adev_open_output_stream:3381] current format is IEC61937
06-04 20:54:35.063 D/audio_hw_hal_primary( 492): [adev_open_output_stream:3573] format=IEC61937 rate=8000
06-04 20:54:35.063 I/audio_hw_hal_primary( 492): [adev_open_output_stream:3610] result profile ch_mask:0x1 rate:8000 format:IEC61937(0xd000000) usecase:RAW_DIRECT
06-04 20:54:35.063 I/audio_hw_hal_utils( 492): aml_get_stream_dump_file_name line 2929 file_name /data/vendor/audiohal/stream_pid492_tid1266.pcm
06-04 20:54:35.063 I/audio_hw_hal_primary( 492): [adev_open_output_stream_new:8037] io 397: out: 0xe8648fd0 card:0 alsa devices:0 exit ------
06-04 20:54:35.064 I/audio_hw_hal_primary( 492): [out_get_buffer_size:552] out:0xe8648fd0 config.rate=8000, format:IEC61937(0xd000000), stream format:IEC61937(0xd000000)
06-04 20:54:35.064 I/audio_hw_hal_primary( 492): out_get_buffer_size AUDIO_FORMAT_IEC61937 buffer size = 4096 frames
06-04 20:54:35.064 I/AudioFlinger( 536): HAL output buffer size 2048 frames, normal sink buffer size 2048 frames
06-04 20:54:35.064 I/audio_hw_hal_primary( 492): [audiohal_get_latency:1333] io 397: out:0xe8648fd0 frames:1280 rate:8000 whole_latency:160 alsa_latency:160
06-04 20:54:35.064 I/audio_hw_hal_primary( 492): [out_set_event_callback:3158] io 397: out:0xe8648fd0, callback:0xea3f991d cookie:0xeae41750
06-04 20:54:35.065 I/audio_hw_hal_primary( 492): [audiohal_get_latency:1333] io 397: out:0xe8648fd0 frames:1280 rate:8000 whole_latency:160 alsa_latency:160
06-04 20:54:35.065 I/AudioFlinger( 536): AudioFlinger's thread 0xe6410250 tid=3968 ready to run
06-04 20:54:35.065 I/audio_hw_hal_primary( 492): [audiohal_get_latency:1333] io 397: out:0xe8648fd0 frames:1152 rate:8000 whole_latency:144 alsa_latency:144
06-04 20:54:35.066 D/AudioFlinger( 536): ro.audio.silent is ignored since no output device is set
06-04 20:54:35.067 D/audio_hw_hal_primary( 492): [out_standby_new:5767] io 397: out:0xe8648fd0 usecase:RAW_DIRECT
06-04 20:54:35.067 I/audio_hw_hal_primary( 492): already standby, do nothing
06-04 20:54:35.067 D/AudioFlinger( 536): ro.audio.silent is ignored since no output device is set
06-04 20:54:35.068 D/AudioFlinger( 536): ro.audio.silent is ignored since no output device is set
06-04 20:54:35.069 D/AudioFlinger( 536): ro.audio.silent is ignored since no output device is set
06-04 20:54:35.070 D/AudioFlinger( 536): ro.audio.silent is ignored since no output device is set
06-04 20:54:35.070 D/AudioFlinger( 536): ro.audio.silent is ignored since no output device is set
06-04 20:54:35.071 D/AudioFlinger( 536): ro.audio.silent is ignored since no output device is set
06-04 20:54:35.071 D/AudioFlinger( 536): ro.audio.silent is ignored since no output device is set
06-04 20:54:35.072 D/AudioFlinger( 536): ro.audio.silent is ignored since no output device is set
06-04 20:54:35.072 D/AudioFlinger( 536): ro.audio.silent is ignored since no output device is set
06-04 20:54:35.073 D/AudioFlinger( 536): ro.audio.silent is ignored since no output device is set
06-04 20:54:35.074 D/AudioFlinger( 536): ro.audio.silent is ignored since no output device is set
06-04 20:54:35.075 D/AudioFlinger( 536): ro.audio.silent is ignored since no output device is set
06-04 20:54:35.076 D/AudioFlinger( 536): ro.audio.silent is ignored since no output device is set
06-04 20:54:35.085 D/xm_audio( 492): adev_get_parameters
06-04 20:54:35.091 D/AudioFlinger( 536): closing mmapThread 0xe62424a0
06-04 20:54:35.091 D/AudioFlinger( 536): mmapThread exit()
06-04 20:54:35.092 I/audio_hw_hal_primary( 492): [adev_close_output_stream_new:8052] io handle 333: out:0xe8642b30
06-04 20:54:35.092 D/audio_hw_hal_primary( 492): adev_close_output_stream_new: enter usecase = PCM_MMAP
06-04 20:54:35.092 I/audio_hw_hal_primary( 492): [adev_close_output_stream:3695] io 333: out:0xe8642b30 dev:OUT_HDMI(0x400) flags:0x4001, usecase:PCM_MMAP
06-04 20:54:35.092 D/audio_hw_hal_primary( 492): [out_standby_new:5767] io 333: out:0xe8642b30 usecase:PCM_MMAP
06-04 20:54:35.092 I/audio_hw_hal_primary( 492): already standby, do nothing
06-04 20:54:35.092 I/audio_hw_hal_mmap( 492): [outMmapDeInit:743] stream:0xe8642b30
06-04 20:54:35.092 I/audio_hw_hal_mmap( 492): [mmap_audio_unregister_client:955] OK ! stream 0xe8642b30, client id 0
06-04 20:54:35.092 I/audio_hw_hal_primary( 492): when close aaudio stream, send STANDBY msg to submix & ms12
06-04 20:54:35.092 I/audio_hw_hal_ms12common( 492): aml_set_ms12_scheduler_state ms12_scheduler_state:1, sch_state:1 SCHEDULER_STANDBY is sent to ms12
06-04 20:54:35.092 I/audio_hw_hal_resourcemgr( 492): [is_output_device_muted:710] device:0x2 port_mute:0, fade_mute:0
06-04 20:54:35.092 I/audio_hw_hal_primary( 492): [adev_close_output_stream:3863] io 333: out:0xe8642b30 exit ------
06-04 20:54:35.093 I/SystemControl( 317): [/UEventObserver.cpp, HDMITxUenventThreadLoop, 451] HDMI TX switch_name:hdmitx_vmode_audio, switch_state: 1
06-04 20:54:35.093 I/audio_hw_hal_primary( 492): [adev_uevent_callback:9131] uevent type=0
06-04 20:54:35.094 D/audio_hw_hal_primary( 492): [out_dump:848] io 341: out:0xe8642400, fd:16
06-04 20:54:35.095 D/audio_hw_hal_primary( 492): [out_set_parameters:971] out:0xe8642400 kvpairs:closing=true;exiting=1 out->out_device:0x400, adev->out_device:0x80002
06-04 20:54:35.095 E/audio_hw_hal_primary( 492): out_set_parameters, ret:-2, hw_sync_mode:is false
06-04 20:54:35.095 I/SystemControl( 317): [/UEventObserver.cpp, HDMITxUenventThreadLoop, 451] HDMI TX switch_name:hdmitx_current_status, switch_state: 36
06-04 20:54:35.095 I/audio_hw_hal_alsamgr( 492): raw to lpcm switch aml_alsa_output_write
06-04 20:54:35.095 I/audio_hw_hal_primary( 492): [out_set_event_callback:3158] io 341: out:0xe8642400, callback:0xea3f991d cookie:0xeae400d0
06-04 20:54:35.102 I/audio_hw_hal_primary( 492): [adev_close_output_stream_new:8052] io handle 341: out:0xe8642400
06-04 20:54:35.102 D/audio_hw_hal_primary( 492): adev_close_output_stream_new: enter usecase = RAW_DIRECT
06-04 20:54:35.102 I/audio_hw_hal_primary( 492): [adev_close_output_stream:3695] io 341: out:0xe8642400 dev:OUT_HDMI(0x400) flags:0x11, usecase:RAW_DIRECT
06-04 20:54:35.102 D/audio_hw_hal_primary( 492): [out_standby_new:5767] io 341: out:0xe8642400 usecase:RAW_DIRECT
06-04 20:54:35.102 I/audio_hw_hal_primary( 492): already standby, do nothing
06-04 20:54:35.102 I/audio_hw_hal_resourcemgr( 492): [is_output_device_muted:710] device:0x2 port_mute:0, fade_mute:0
06-04 20:54:35.102 I/audio_hw_hal_primary( 492): [adev_close_output_stream:3863] io 341: out:0xe8642400 exit ------
06-04 20:54:35.103 D/audio_hw_hal_primary( 492): [out_dump:848] io 349: out:0xe86488a0, fd:16
06-04 20:54:35.104 D/audio_hw_hal_primary( 492): [out_set_parameters:971] out:0xe86488a0 kvpairs:closing=true;exiting=1 out->out_device:0x400, adev->out_device:0x80002
06-04 20:54:35.104 E/audio_hw_hal_primary( 492): out_set_parameters, ret:-2, hw_sync_mode:is false
06-04 20:54:35.112 D/AudioFlinger( 536): ro.audio.silent is ignored since no output device is set
06-04 20:54:35.113 I/audio_hw_hal_primary( 492): [out_set_event_callback:3158] io 349: out:0xe86488a0, callback:0xea3f991d cookie:0xeae419f0
06-04 20:54:35.113 I/audio_hw_hal_primary( 492): [adev_close_output_stream_new:8052] io handle 349: out:0xe86488a0
06-04 20:54:35.113 D/audio_hw_hal_primary( 492): adev_close_output_stream_new: enter usecase = PCM_HWSYNC
06-04 20:54:35.113 D/audio_hw_hal_timer( 492): func:audio_timer_delete delete timer.1 success.
06-04 20:54:35.113 D/audio_hw_hal_timer( 492): func:audio_timer_delete delete timer.2 success.
06-04 20:54:35.113 D/audio_hw_hal_primary( 492): [adev_close_output_stream_new:8076] timer_id:1 ret:2
06-04 20:54:35.113 I/audio_hw_hal_primary( 492): [adev_close_output_stream:3695] io 349: out:0xe86488a0 dev:OUT_HDMI(0x400) flags:0x41, usecase:PCM_HWSYNC
06-04 20:54:35.113 D/audio_hw_hal_primary( 492): [out_standby_new:5767] io 349: out:0xe86488a0 usecase:PCM_HWSYNC
06-04 20:54:35.113 I/audio_hw_hal_primary( 492): already standby, do nothing
06-04 20:54:35.113 I/audio_hw_hal_resourcemgr( 492): [is_output_device_muted:710] device:0x2 port_mute:0, fade_mute:0
06-04 20:54:35.113 I/audio_hw_hal_primary( 492): [adev_close_output_stream:3863] io 349: out:0xe86488a0 exit ------
06-04 20:54:35.114 I/SystemControl( 317): [/UEventObserver.cpp, HDMITxUenventThreadLoop, 451] HDMI TX switch_name:hdmitx_current_status, switch_state: 37
06-04 20:54:35.114 I/audio_hw_hal_ms12v2( 492): dolby_ms12_threadloop alsa is not running
06-04 20:54:35.114 I/audio_hw_hal_ms12v2( 492): dolby_ms12_threadloop alsa is not running
06-04 20:54:35.115 I/audio_hw_hal_ms12v2( 492): dolby_ms12_threadloop alsa is not running
06-04 20:54:35.115 I/audio_hw_hal_ms12v2( 492): dolby_ms12_threadloop alsa is not running
06-04 20:54:35.115 I/audio_hw_hal_alsamgr( 492): aml_alsa_output_write alsa_running_status[0xe86415a0] change from 0 to 1
06-04 20:54:35.117 D/audio_hw_hal_primary( 492): [out_dump:848] io 365: out:0xe86440c0, fd:16
06-04 20:54:35.118 D/audio_hw_hal_primary( 492): [out_set_parameters:971] out:0xe86440c0 kvpairs:closing=true;exiting=1 out->out_device:0x400, adev->out_device:0x80002
06-04 20:54:35.118 E/audio_hw_hal_primary( 492): out_set_parameters, ret:-2, hw_sync_mode:is false
06-04 20:54:35.118 I/audio_hw_hal_primary( 492): [out_set_event_callback:3158] io 365: out:0xe86440c0, callback:0xea3f991d cookie:0xeae40f10
06-04 20:54:35.119 I/audio_hw_hal_primary( 492): [adev_close_output_stream_new:8052] io handle 365: out:0xe86440c0
06-04 20:54:35.119 D/audio_hw_hal_primary( 492): adev_close_output_stream_new: enter usecase = RAW_DIRECT
06-04 20:54:35.119 I/audio_hw_hal_primary( 492): [adev_close_output_stream:3695] io 365: out:0xe86440c0 dev:OUT_HDMI(0x400) flags:0x401, usecase:RAW_DIRECT
06-04 20:54:35.119 D/audio_hw_hal_primary( 492): [out_standby_new:5767] io 365: out:0xe86440c0 usecase:RAW_DIRECT
06-04 20:54:35.119 I/audio_hw_hal_primary( 492): already standby, do nothing
06-04 20:54:35.119 I/audio_hw_hal_resourcemgr( 492): [is_output_device_muted:710] device:0x2 port_mute:0, fade_mute:0
06-04 20:54:35.119 I/audio_hw_hal_primary( 492): [adev_close_output_stream:3863] io 365: out:0xe86440c0 exit ------
06-04 20:54:35.120 D/audio_hw_hal_primary( 492): [out_dump:848] io 373: out:0xe8640010, fd:16
06-04 20:54:35.121 D/audio_hw_hal_primary( 492): [out_set_parameters:971] out:0xe8640010 kvpairs:closing=true;exiting=1 out->out_device:0x400, adev->out_device:0x80002
06-04 20:54:35.121 E/audio_hw_hal_primary( 492): out_set_parameters, ret:-2, hw_sync_mode:is false
06-04 20:54:35.121 I/audio_hw_hal_primary( 492): [out_set_event_callback:3158] io 373: out:0xe8640010, callback:0xea3f991d cookie:0xeae41390
06-04 20:54:35.122 I/audio_hw_hal_primary( 492): [adev_close_output_stream_new:8052] io handle 373: out:0xe8640010
06-04 20:54:35.122 D/audio_hw_hal_primary( 492): adev_close_output_stream_new: enter usecase = RAW_HWSYNC
06-04 20:54:35.122 I/audio_hw_hal_primary( 492): [adev_close_output_stream:3695] io 373: out:0xe8640010 dev:OUT_HDMI(0x400) flags:0x51, usecase:RAW_HWSYNC
06-04 20:54:35.122 D/audio_hw_hal_primary( 492): [out_standby_new:5767] io 373: out:0xe8640010 usecase:RAW_HWSYNC
06-04 20:54:35.122 I/audio_hw_hal_primary( 492): already standby, do nothing
06-04 20:54:35.122 I/audio_hw_hal_resourcemgr( 492): [is_output_device_muted:710] device:0x2 port_mute:0, fade_mute:0
06-04 20:54:35.122 I/audio_hw_hal_primary( 492): [adev_close_output_stream:3863] io 373: out:0xe8640010 exit ------
06-04 20:54:35.123 D/audio_hw_hal_primary( 492): [out_dump:848] io 381: out:0xe8645650, fd:16
06-04 20:54:35.124 D/audio_hw_hal_primary( 492): [out_set_parameters:971] out:0xe8645650 kvpairs:closing=true;exiting=1 out->out_device:0x400, adev->out_device:0x80002
06-04 20:54:35.124 E/audio_hw_hal_primary( 492): out_set_parameters, ret:-2, hw_sync_mode:is false
06-04 20:54:35.124 I/SystemControl( 317): [/UEventObserver.cpp, HDMITxUenventThreadLoop, 451] HDMI TX switch_name:hdmitx_current_status, switch_state: 38
06-04 20:54:35.125 D/AudioFlinger( 536): ro.audio.silent is ignored since no output device is set
06-04 20:54:35.125 V/MesonDisplayServer( 290): GetDisplayMode:1080p60hz
06-04 20:54:35.125 I/audio_hw_hal_primary( 492): [out_set_event_callback:3158] io 381: out:0xe8645650, callback:0xea3f991d cookie:0xeae40130
06-04 20:54:35.125 I/audio_hw_hal_primary( 492): [adev_close_output_stream_new:8052] io handle 381: out:0xe8645650
06-04 20:54:35.125 D/audio_hw_hal_primary( 492): adev_close_output_stream_new: enter usecase = RAW_DIRECT
06-04 20:54:35.125 I/audio_hw_hal_primary( 492): [adev_close_output_stream:3695] io 381: out:0xe8645650 dev:OUT_HDMI(0x400) flags:0x1, usecase:RAW_DIRECT
06-04 20:54:35.125 D/audio_hw_hal_primary( 492): [out_standby_new:5767] io 381: out:0xe8645650 usecase:RAW_DIRECT
06-04 20:54:35.125 I/audio_hw_hal_primary( 492): already standby, do nothing
06-04 20:54:35.125 I/audio_hw_hal_resourcemgr( 492): [is_output_device_muted:710] device:0x2 port_mute:0, fade_mute:0
06-04 20:54:35.125 I/audio_hw_hal_primary( 492): [adev_close_output_stream:3863] io 381: out:0xe8645650 exit ------
06-04 20:54:35.126 D/audio_hw_hal_primary( 492): [out_dump:848] io 397: out:0xe8648fd0, fd:16
06-04 20:54:35.127 I/SystemControl( 317): [/Ubootenv.cpp, get, 336] [ubootenv] get key:1080p_x envValue: 0
06-04 20:54:35.129 D/audio_hw_hal_primary( 492): [out_set_parameters:971] out:0xe8648fd0 kvpairs:closing=true;exiting=1 out->out_device:0x400, adev->out_device:0x80002
06-04 20:54:35.129 E/audio_hw_hal_primary( 492): out_set_parameters, ret:-2, hw_sync_mode:is false
06-04 20:54:35.129 I/SystemControl( 317): [/Ubootenv.cpp, get, 336] [ubootenv] get key:1080p_y envValue: 0
06-04 20:54:35.129 I/SystemControl( 317): [/Ubootenv.cpp, get, 336] [ubootenv] get key:1080p_w envValue: 1920
06-04 20:54:35.129 D/AudioFlinger( 536): ro.audio.silent is ignored since no output device is set
06-04 20:54:35.129 I/audio_hw_hal_primary( 492): [out_set_event_callback:3158] io 397: out:0xe8648fd0, callback:0xea3f991d cookie:0xeae41750
06-04 20:54:35.130 I/audio_hw_hal_primary( 492): [adev_close_output_stream_new:8052] io handle 397: out:0xe8648fd0
06-04 20:54:35.130 D/audio_hw_hal_primary( 492): adev_close_output_stream_new: enter usecase = RAW_DIRECT
06-04 20:54:35.130 I/audio_hw_hal_primary( 492): [adev_close_output_stream:3695] io 397: out:0xe8648fd0 dev:OUT_HDMI(0x400) flags:0x441, usecase:RAW_DIRECT
06-04 20:54:35.130 D/audio_hw_hal_primary( 492): [out_standby_new:5767] io 397: out:0xe8648fd0 usecase:RAW_DIRECT
06-04 20:54:35.130 I/audio_hw_hal_primary( 492): already standby, do nothing
06-04 20:54:35.130 I/audio_hw_hal_resourcemgr( 492): [is_output_device_muted:710] device:0x2 port_mute:0, fade_mute:0
06-04 20:54:35.130 I/audio_hw_hal_primary( 492): [adev_close_output_stream:3863] io 397: out:0xe8648fd0 exit ------
06-04 20:54:35.130 I/SystemControl( 317): [/Ubootenv.cpp, get, 336] [ubootenv] get key:1080p_h envValue: 1080
06-04 20:54:35.133 I/SystemControl( 317): [/Ubootenv.cpp, updateValue, 68] [ubootenv] update value name [ubootenv.var.1080p_x]: value [0]
06-04 20:54:35.133 I/SystemControl( 317): [/Ubootenv.cpp, get, 336] [ubootenv] get key:1080p_x envValue: 0
06-04 20:54:35.133 I/SystemControl( 317): [/Ubootenv.cpp, updateValue, 68] [ubootenv] update value name [ubootenv.var.1080p_y]: value [0]
06-04 20:54:35.133 I/SystemControl( 317): [/Ubootenv.cpp, get, 336] [ubootenv] get key:1080p_y envValue: 0
06-04 20:54:35.133 I/SystemControl( 317): [/Ubootenv.cpp, updateValue, 68] [ubootenv] update value name [ubootenv.var.1080p_w]: value [1920]
06-04 20:54:35.133 I/SystemControl( 317): [/Ubootenv.cpp, get, 336] [ubootenv] get key:1080p_w envValue: 1920
06-04 20:54:35.133 I/SystemControl( 317): [/Ubootenv.cpp, updateValue, 68] [ubootenv] update value name [ubootenv.var.1080p_h]: value [1080]
06-04 20:54:35.133 I/SystemControl( 317): [/Ubootenv.cpp, get, 336] [ubootenv] get key:1080p_h envValue: 1080
06-04 20:54:35.133 V/MesonDisplayServer( 290): SetDisplay[HDMI] DisplayRect to "(0,0,1920,1080)"
06-04 20:54:35.133 V/MesonDisplayServer( 290): SetDisplayViewPort done
06-04 20:54:35.134 I/AS.AudioDeviceInventory( 711): sendDeviceConnectionIntent(dev:0x400 state:0x1 address: name:);
06-04 20:54:35.134 I/AudioService( 711): onAccessoryPlugMediaUnmute newDevice=1024 [hdmi]
06-04 20:54:35.142 V/MediaRouter( 711): Audio routes updated: AudioRoutesInfo{ type=HDMI }, a2dp=false
06-04 20:54:35.142 V/MediaRouter( 711): Selecting route: RouteInfo{ name=外部设备, description=null, status=null, category=RouteCategory{ name=系统 types=ROUTE_TYPE_LIVE_AUDIO ROUTE_TYPE_LIVE_VIDEO groupable=false }, supportedTypes=ROUTE_TYPE_LIVE_AUDIO ROUTE_TYPE_LIVE_VIDEO , presentationDisplay=null }
06-04 20:54:35.143 V/MediaRouter( 1328): Audio routes updated: AudioRoutesInfo{ type=HDMI }, a2dp=false
06-04 20:54:35.144 V/MediaRouter( 1328): Selecting route: RouteInfo{ name=外部设备, description=null, status=null, category=RouteCategory{ name=系统 types=ROUTE_TYPE_LIVE_AUDIO ROUTE_TYPE_LIVE_VIDEO groupable=false }, supportedTypes=ROUTE_TYPE_LIVE_AUDIO ROUTE_TYPE_LIVE_VIDEO , presentationDisplay=null }
06-04 20:54:35.145 D/xm_audio( 492): adev_get_parameters
06-04 20:54:35.148 D/xm_audio( 492): adev_get_parameters
06-04 20:54:35.152 D/xm_audio( 492): adev_get_parameters
06-04 20:54:35.153 D/xm_audio( 492): adev_get_parameters
06-04 20:54:35.154 E/MesonHwc( 290): open file [/sys/class/amhdmitx/amhdmitx0/aud_mute] error:Permission denied
06-04 20:54:35.154 E/MesonHwc( 290): open file [/sys/class/amhdmitx/amhdmitx0/aud_mute] error:Permission denied
06-04 20:54:35.154 E/MesonHwc( 290): dolby vision driver is not ready
06-04 20:54:35.154 I/MesonDisplay( 290): [/HDCPTxAuth.cpp, authThread, 173] hdcp_tx thread loop entry
06-04 20:54:35.154 I/MesonDisplay( 290): [/HDCPTxAuth.cpp, start, 109] hdcp_tx, create hdcp thread id = 3908813248 done
06-04 20:54:35.155 I/SystemControl( 317): [/Ubootenv.cpp, get, 345] [ubootenv] search end and not find env:digitaudiooutput
06-04 20:54:35.155 D/MesonDisplay( 290): read /sys/class/amhdmitx/amhdmitx0/hdcp_lstore, result length:0, val:
06-04 20:54:35.155 V/MesonDisplayServer( 290): GetDisplayMode:1080p60hz
06-04 20:54:35.155 I/SystemControl( 317): [/Ubootenv.cpp, get, 336] [ubootenv] get key:hdmichecksum envValue: 0xd3a10000
06-04 20:54:35.155 D/MesonDisplayServer( 290): use connector getDisplayAttribute "HDMI Color ATTR": "422,12bit"
06-04 20:54:35.155 I/SystemControl( 317): [/Ubootenv.cpp, updateValue, 68] [ubootenv] update value name [ubootenv.var.1080p60hz_deepcolor]: value [422,12bit]
06-04 20:54:35.155 I/SystemControl( 317): [/Ubootenv.cpp, get, 336] [ubootenv] get key:1080p60hz_deepcolor envValue: 422,12bit
06-04 20:54:35.155 I/SystemControl( 317): [/Ubootenv.cpp, updateValue, 68] [ubootenv] update value name [ubootenv.var.colorattribute]: value [422,12bit]
06-04 20:54:35.155 I/SystemControl( 317): [/Ubootenv.cpp, get, 336] [ubootenv] get key:colorattribute envValue: 422,12bit
06-04 20:54:35.155 I/SystemControl( 317): [/Ubootenv.cpp, updateValue, 68] [ubootenv] update value name [ubootenv.var.hdmi_colordepth]: value [8]
06-04 20:54:35.155 I/SystemControl( 317): [/Ubootenv.cpp, get, 336] [ubootenv] get key:hdmi_colordepth envValue: 8
06-04 20:54:35.155 I/SystemControl( 317): [/Ubootenv.cpp, updateValue, 68] [ubootenv] update value name [ubootenv.var.hdmi_colorspace]: value [auto]
06-04 20:54:35.155 I/SystemControl( 317): [/Ubootenv.cpp, get, 336] [ubootenv] get key:hdmi_colorspace envValue: auto
06-04 20:54:35.156 I/SystemControl( 317): [/Ubootenv.cpp, updateValue, 68] [ubootenv] update value name [ubootenv.var.outputmode]: value [1080p60hz]
06-04 20:54:35.156 I/SystemControl( 317): [/Ubootenv.cpp, get, 336] [ubootenv] get key:outputmode envValue: 1080p60hz
06-04 20:54:35.156 E/MesonHwc( 290): dolby vision driver is not ready
06-04 20:54:35.157 E/MesonHwc( 290): dolby vision driver is not ready
06-04 20:54:35.157 E/MesonHwc( 290): dolby vision driver is not ready
06-04 20:54:35.157 D/MesonHwc( 290): ERR: PLEASE FIX NON-IMPLEMENT FUN(update).
06-04 20:54:35.158 D/MesonComposer3( 290): halEventcallback onHotplug client3.0
06-04 20:54:35.158 E/MesonHwc( 290): getPort 11
06-04 20:54:35.158 I/SystemControl( 317): notify plugin
06-04 20:54:35.158 E/MesonHwc( 290): getPort 11
06-04 20:54:35.158 I/SystemControl( 317): [/SystemControlHal.cpp, onEvent, 72] onEvent event:3, client size:5
06-04 20:54:35.158 I/SystemControlClient( 503): notifyCallback event type:3
06-04 20:54:35.158 I/SystemControlClient( 503): notifyCallback: listener is NULL.
06-04 20:54:35.159 I/SystemControlClient( 502): notifyCallback event type:3
06-04 20:54:35.159 I/SystemControlClient( 502): notifyCallback: listener is NULL.
06-04 20:54:35.159 I/SystemControlClient( 248): notifyCallback event type:3
06-04 20:54:35.159 I/SystemControlClient( 248): notifyCallback: listener is NULL.
06-04 20:54:35.159 I/SystemControlEvent( 1105): system control callback event: 3
06-04 20:54:35.159 I/SystemControlClient( 498): notifyCallback event type:3
06-04 20:54:35.159 I/SystemControlClient( 498): notifyCallback: listener is NULL.
06-04 20:54:35.160 D/xm_audio( 492): adev_get_parameters
06-04 20:54:35.161 E/ccc ( 1526): cccccc hdmi plug reset
06-04 20:54:35.161 E/xxxxxxxxxxxxxxx( 1559): onReceive:mIsHDMIPlugged = true
06-04 20:54:35.162 D/xm_audio( 492): adev_get_parameters
06-04 20:54:35.163 D/hdmicecd( 505): [CEC]:printCecMessage, [4 -> f] len: 3, body: 82 30 00, result:success
06-04 20:54:35.163 E/IPCThreadState( 505): binder thread pool (1 threads) starved for 128 ms
06-04 20:54:35.164 D/HDMI ( 711): [S]: 40:8E:00
06-04 20:54:35.164 I/SurfaceFlinger( 266): Reconnecting display 4616277992360486155 (HAL ID 0)
06-04 20:54:35.166 D/xm_audio( 492): adev_get_parameters
06-04 20:54:35.167 D/xm_audio( 492): adev_get_parameters
06-04 20:54:35.171 D/xm_audio( 492): adev_get_parameters
06-04 20:54:35.172 D/xm_audio( 492): adev_get_parameters
06-04 20:54:35.176 D/xm_audio( 492): adev_get_parameters
06-04 20:54:35.177 D/xm_audio( 492): adev_get_parameters
06-04 20:54:35.177 E/MesonComposer3( 290): destroyLayer: display:0 failed to destroy layer:273
06-04 20:54:35.178 E/HwcComposer( 266): destroyLayer failed Status(-8, EX_SERVICE_SPECIFIC): '3: '
06-04 20:54:35.178 E/HWC2 ( 266): destroyLayer(0, 273) failed: BadLayer (3)
06-04 20:54:35.178 E/MesonComposer3( 290): destroyLayer: display:0 failed to destroy layer:16
06-04 20:54:35.178 E/HwcComposer( 266): destroyLayer failed Status(-8, EX_SERVICE_SPECIFIC): '3: '
06-04 20:54:35.178 E/HWC2 ( 266): destroyLayer(0, 16) failed: BadLayer (3)
06-04 20:54:35.178 E/HwcComposer( 266): setClientTargetSlotCount failed Status(-8, EX_SERVICE_SPECIFIC): '4: '
06-04 20:54:35.187 D/xm_audio( 492): adev_get_parameters
06-04 20:54:35.188 D/xm_audio( 492): adev_get_parameters
06-04 20:54:35.190 I/Scheduler( 266): Display 4616277992360486155 is the pacesetter
06-04 20:54:35.191 E/SchedulerTimer( 266): Terminated
06-04 20:54:35.191 D/SurfaceFlinger( 266): Setting power mode 2 on display 4616277992360486155
06-04 20:54:35.191 W/EventThread( 266): Failed dispatching Hotplug{displayId=4616277992360486155, connected} for Connection{0xe9ac2210, VSyncRequest::None}
06-04 20:54:35.191 W/EventThread( 266): Failed dispatching Hotplug{displayId=4616277992360486155, connected} for Connection{0xe9ac2490, VSyncRequest::None}
06-04 20:54:35.191 D/SurfaceFlinger( 266): Finished setting power mode 2 on display 4616277992360486155
06-04 20:54:35.199 I/MesonDisplay( 290): [/mode_policy.c, meson_mode_set_policy, 1177] connector:0 to policy:0
06-04 20:54:35.199 I/MesonDisplay( 290): [/mode_policy.c, is_dv_prefer, 66] not prefer dv, hdr_priority:10000010
06-04 20:54:35.199 I/MesonDisplay( 290): [/mode_policy.c, is_dv_prefer, 66] not prefer dv, hdr_priority:10000010
06-04 20:54:35.199 I/MesonDisplay( 290): [/mode_policy.c, hdr_scene_process, 724] policy:0 is_bestcolorspace:1 state:0
06-04 20:54:35.199 I/MesonDisplay( 290): [/mode_policy_parser.c, is_support_hdmimode, 115] is_support_hdmimode mode: none not support
06-04 20:54:35.199 I/MesonDisplay( 290): [/mode_policy_parser.c, is_support_hdmimode, 110] is_support_hdmimode mode: 2160p60hz
06-04 20:54:35.199 D/MesonDisplay( 290): meson_write /sys/class/amhdmitx/amhdmitx0/valid_mode, outputmode:2160p60hz422,12bit
06-04 20:54:35.199 D/MesonDisplay( 290): valid mode is false!
06-04 20:54:35.199 I/MesonDisplay( 290): [/mode_policy_parser.c, is_support_hdmimode, 110] is_support_hdmimode mode: 2160p50hz
06-04 20:54:35.199 D/MesonDisplay( 290): meson_write /sys/class/amhdmitx/amhdmitx0/valid_mode, outputmode:2160p50hz422,12bit
06-04 20:54:35.199 D/MesonDisplay( 290): valid mode is false!
06-04 20:54:35.199 I/MesonDisplay( 290): [/mode_policy.c, is_support_4kHDR, 507] is_support_4kHDR 4k hdr not support
06-04 20:54:35.199 I/MesonDisplay( 290): [/mode_policy_parser.c, is_support_hdmimode, 110] is_support_hdmimode mode: 1080p60hz
06-04 20:54:35.199 D/MesonDisplay( 290): meson_write /sys/class/amhdmitx/amhdmitx0/valid_mode, outputmode:1080p60hz422,12bit
06-04 20:54:35.199 D/MesonDisplay( 290): valid mode is true!
06-04 20:54:35.199 I/MesonDisplay( 290): [/mode_policy.c, is_support_non4kHDR, 552] is_support_non4kHDR mode:[1080p60hz], color format:[422,12bit]
06-04 20:54:35.199 I/MesonDisplay( 290): [/mode_policy.c, meson_mode_get_policy_output, 1289] final_displaymode:1080p60hz, final_deepcolor:422,12bit, amdv_type:0
06-04 20:54:35.199 I/MesonDisplay( 290): [/mode_policy.c, meson_mode_set_policy, 1177] connector:0 to policy:0
06-04 20:54:35.200 D/xm_audio( 492): adev_get_parameters
06-04 20:54:35.200 D/LocalDisplayAdapter( 711): The active mode was changed from SurfaceFlinger or the display device to {id=54, width=1920, height=1080, fps=59.94006, alternativeRefreshRates=[], supportedHdrTypes=[2]}
06-04 20:54:35.201 D/LocalDisplayAdapter( 711): New display modes are added and the active mode has changed, use active mode as default mode.
06-04 20:54:35.201 W/LocalDisplayAdapter( 711): DisplayModeSpecs base mode no longer available, using currently active mode.
06-04 20:54:35.201 I/DisplayDeviceRepository( 711): Display device changed: DisplayDeviceInfo{"内置屏幕": uniqueId="local:4616277992360486155", 1920 x 1080, modeId 53, renderFrameRate 59.94006, defaultModeId 53, supportedModes [{id=53, width=1920, height=1080, fps=59.94006, alternativeRefreshRates=[], supportedHdrTypes=[]}], colorMode 0, supportedColorModes [0], hdrCapabilities HdrCapabilities{mSupportedHdrTypes=[], mMaxLuminance=500.0, mMaxAverageLuminance=500.0, mMinLuminance=0.0}, allmSupported false, gameContentTypeSupported true, density 240, 39.973 x 39.756 dpi, appVsyncOff 2000000, presDeadline 13683333, touch INTERNAL, rotation 0, type INTERNAL, address {port=11, model=0x401050603f19a5}, deviceProductInfo DeviceProductInfo{name=Linux FHD, manufacturerPnpId=LNX, productId=0, modelYear=null, manufactureDate=ManufactureDate{week=5, year=2012}, connectionToSinkType=0}, state ON, committedState ON, frameRateOverride , brightnessMinimum 0.0, brightnessMaximum 1.0, brightnessDefault 0.39763778, hdrSdrRatio NaN, FLAG_ALLOWED_TO_BE_DEFAULT_DISPLAY, FLAG_ROTATES_WITH_CONTENT, FLAG_SECURE, FLAG_SUPPORTS_PROTECTED_BUFFERS, FLAG_TRUSTED, installOrientation 0, displayShape DisplayShape{ spec=729782573 displayWidth=1920 displayHeight=1080 physicalPixelDisplaySizeRatio=1.0 rotation=0 offsetX=0 offsetY=0 scale=1.0}}
06-04 20:54:35.202 D/xm_audio( 492): adev_get_parameters
06-04 20:54:35.205 W/LocalDisplayAdapter( 711): Ignoring request for invalid base mode id 53
