06-04 20:53:26.043 E/audio_hw_hal_alsamgr( 492): aml_alsa_output_get_delayframe:824, pcm_ioctl fail, ret:0xffffffff, error info:Streams pipe error
06-04 20:53:26.043 I/audio_hw_hal_alsamgr( 492): aml_alsa_output_write alsa_running_status[0xe86415a0] change from 1 to 0
06-04 20:53:26.043 E/audio_hw_utils_tinyalsa( 492): pcm oops: cannot write stream data: Streams pipe error
06-04 20:53:26.043 E/audio_hw_hal_alsamgr( 492): aml_alsa_output_write write failed,pcm handle 0xeaa40d30 err=cannot write stream data: Streams pipe error, stream 0xe86415a0, PCM_NORMAL
06-04 20:53:26.045 I/MirrorHelper( 3465): type=1400 audit(0.0:1278): avc: denied { search } for name="net" dev="sysfs" ino=12344 scontext=u:r:untrusted_app_27:s0:c43,c256,c512,c768 tcontext=u:object_r:sysfs_net:s0 tclass=dir permissive=1 app=com.dangbei.screencast
06-04 20:53:26.046 D/TrafficStats( 3465): tagSocket(174) with statsTag=0xffffffff, statsUid=-1
06-04 20:53:26.058 W/System.err( 3465): java.lang.NullPointerException: Attempt to invoke virtual method 'byte[] java.net.NetworkInterface.getHardwareAddress()' on a null object reference
06-04 20:53:26.058 W/System.err( 3465): at b.f.f.y.g.b(Unknown Source:11)
06-04 20:53:26.058 W/System.err( 3465): at b.d.a.a.p.c0(Unknown Source:2)
06-04 20:53:26.058 W/System.err( 3465): at b.f.f.o.f.c.a(Unknown Source:23)
06-04 20:53:26.058 W/System.err( 3465): at b.f.f.d.b.c(:5)
06-04 20:53:26.058 W/System.err( 3465): at b.f.f.n.d$a.handleMessage(:3)
06-04 20:53:26.058 W/System.err( 3465): at android.os.Handler.dispatchMessage(Handler.java:106)
06-04 20:53:26.058 W/System.err( 3465): at android.os.Looper.loopOnce(Looper.java:205)
06-04 20:53:26.058 W/System.err( 3465): at android.os.Looper.loop(Looper.java:294)
06-04 20:53:26.058 W/System.err( 3465): at android.os.HandlerThread.run(HandlerThread.java:67)
06-04 20:53:26.064 W/bt_btm ( 1081): packages/modules/Bluetooth/system/main/bte_logmsg.cc:108 LogMsg: btm_sec_pairing_timeout not processed state: IDLE
06-04 20:53:26.082 I/PlatformDependent( 3465): Your platform does not provide complete low-level API for accessing direct buffers reliably. Unless explicitly requested, heap buffer will always be preferred to avoid potential system instability.
06-04 20:53:26.085 W/AudioCapabilities( 3465): Unsupported mime audio/vnd.dts.hd;profile=lbr
06-04 20:53:26.085 W/AudioCapabilities( 3465): Unsupported mime audio/ffmpeg
06-04 20:53:26.085 W/AudioCapabilities( 3465): Unsupported mime audio/mpeg-L1
06-04 20:53:26.085 W/AudioCapabilities( 3465): Unsupported mime audio/mpeg-L2
06-04 20:53:26.088 W/VideoCapabilities( 3465): Unsupported mime video/avs
06-04 20:53:26.089 W/VideoCapabilities( 3465): Unsupported mime video/avs2
06-04 20:53:26.090 W/VideoCapabilities( 3465): Unsupported mime video/x-motion-jpeg
06-04 20:53:26.049 I/MirrorHelper( 3465): type=1400 audit(0.0:1279): avc: denied { read } for name="address" dev="sysfs" ino=56142 scontext=u:r:untrusted_app_27:s0:c43,c256,c512,c768 tcontext=u:object_r:sysfs_net:s0 tclass=file permissive=1 app=com.dangbei.screencast
06-04 20:53:26.090 W/VideoCapabilities( 3465): Unrecognized profile/level 0/4 for video/mpeg2
06-04 20:53:26.091 I/VideoCapabilities( 3465): Unsupported profile 3 for video/mpeg2
06-04 20:53:26.091 I/VideoCapabilities( 3465): Unsupported profile 4 for video/mpeg2
06-04 20:53:26.091 I/VideoCapabilities( 3465): Unsupported profile 5 for video/mpeg2
06-04 20:53:26.091 W/VideoCapabilities( 3465): Unrecognized profile/level 0/4 for video/mpeg2
06-04 20:53:26.091 I/VideoCapabilities( 3465): Unsupported profile 3 for video/mpeg2
06-04 20:53:26.091 I/VideoCapabilities( 3465): Unsupported profile 4 for video/mpeg2
06-04 20:53:26.091 I/VideoCapabilities( 3465): Unsupported profile 5 for video/mpeg2
06-04 20:53:26.091 I/VideoCapabilities( 3465): Unsupported profile 2 for video/mp4v-es
06-04 20:53:26.091 I/VideoCapabilities( 3465): Unsupported profile 8 for video/mp4v-es
06-04 20:53:26.091 I/VideoCapabilities( 3465): Unsupported profile 16 for video/mp4v-es
06-04 20:53:26.091 I/VideoCapabilities( 3465): Unsupported profile 1024 for video/mp4v-es
06-04 20:53:26.092 W/VideoCapabilities( 3465): Unsupported mime video/rm10
06-04 20:53:26.092 W/VideoCapabilities( 3465): Unsupported mime video/rm20
06-04 20:53:26.049 I/MirrorHelper( 3465): type=1400 audit(0.0:1280): avc: denied { open } for path="/sys/devices/platform/soc/fe088000.sdio/mmc_host/mmc1/mmc1:0000/mmc1:0000:7/net/wlan0/address" dev="sysfs" ino=56142 scontext=u:r:untrusted_app_27:s0:c43,c256,c512,c768 tcontext=u:object_r:sysfs_net:s0 tclass=file permissive=1 app=com.dangbei.screencast
06-04 20:53:26.093 W/VideoCapabilities( 3465): Unsupported mime video/rm30
06-04 20:53:26.093 W/VideoCapabilities( 3465): Unsupported mime video/rm40
06-04 20:53:26.094 W/VideoCapabilities( 3465): Unsupported mime video/vc1
06-04 20:53:26.095 W/VideoCapabilities( 3465): Unsupported mime video/vc1
06-04 20:53:26.095 W/VideoCapabilities( 3465): Unsupported mime video/x-vnd.on2.vp6a
06-04 20:53:26.096 W/VideoCapabilities( 3465): Unsupported mime video/x-vnd.on2.vp6f
06-04 20:53:26.097 W/VideoCapabilities( 3465): Unsupported mime video/wmv1
06-04 20:53:26.097 D/TrafficStats( 3465): tagSocket(214) with statsTag=0xffffffff, statsUid=-1
06-04 20:53:26.049 I/MirrorHelper( 3465): type=1400 audit(0.0:1281): avc: denied { getattr } for path="/sys/devices/platform/soc/fe088000.sdio/mmc_host/mmc1/mmc1:0000/mmc1:0000:7/net/wlan0/address" dev="sysfs" ino=56142 scontext=u:r:untrusted_app_27:s0:c43,c256,c512,c768 tcontext=u:object_r:sysfs_net:s0 tclass=file permissive=1 app=com.dangbei.screencast
06-04 20:53:26.099 W/VideoCapabilities( 3465): Unsupported mime video/wmv2
06-04 20:53:26.099 W/VideoCapabilities( 3465): Unsupported mime video/wmv3
06-04 20:53:26.103 D/AudioService( 711): Volume controller visible: false
06-04 20:53:26.097 I/Thread-33( 3465): type=1400 audit(0.0:1282): avc: denied { read } for name="somaxconn" dev="proc" ino=56642 scontext=u:r:untrusted_app_27:s0:c43,c256,c512,c768 tcontext=u:object_r:proc_net:s0 tclass=file permissive=1 app=com.dangbei.screencast
06-04 20:53:26.108 I/serviceDiscovery( 711): [MdnsAdvertiser] Adding service name: 当贝投屏M6, type: _airplay._tcp, hostAddresses: , port: 40747, network: null, txtRecord: srcvers=220.68features=0x527FFFF7,0x1E'pi=2e388006-13ba-4041-9a67-25dd4a43d536Cpk=b07727d6f6cd6e08b58ede525ec3cdeaa252ad9f683feb212ef8a205246554e7vv=2 flags=0x4model=AppleTV2,1deviceid=1c:79:2d:20:62:cb with ID 6 and subtype null
06-04 20:53:26.119 I/serviceDiscovery( 711): [MdnsAdvertiser] Adding service name: 1c792d2062cb@当贝投屏M6, type: _raop._tcp, hostAddresses: , port: 39453, network: null, txtRecord: txtvers=1 am=AppleTV2,1ch=2
06-04 20:53:26.119 I/serviceDiscovery( 711): cn=0,1,2,3da=trueet=0,3,5ft=0x527FFFF7,0x1Emd=0,1,2Cpk=b07727d6f6cd6e08b58ede525ec3cdeaa252ad9f683feb212ef8a205246554e7pw=falsesf=0x4sr=44100ss=16sv=falsetp=UDPvn=65537 vs=220.68vv=2 rhd=5.6.0.0 with ID 7 and subtype null
06-04 20:53:26.265 E/audio_hw_hal_output( 492): ALSA out write fail
06-04 20:53:26.266 I/SystemControl( 317): [/UEventObserver.cpp, HDMITxUenventThreadLoop, 451] HDMI TX switch_name:hdmitx_current_status, switch_state: 24
06-04 20:53:26.270 I/audio_hw_hal_ms12v2( 492): dolby_ms12_threadloop alsa is not running
06-04 20:53:26.289 I/audio_hw_hal_ms12v2( 492): dolby_ms12_threadloop alsa is not running
06-04 20:53:26.289 I/audio_hw_hal_alsamgr( 492): aml_alsa_output_write alsa_running_status[0xe86415a0] change from 0 to 1
06-04 20:53:26.372 W/System.err( 3465): java.lang.NullPointerException: Attempt to invoke virtual method 'byte[] java.net.NetworkInterface.getHardwareAddress()' on a null object reference
06-04 20:53:26.372 W/System.err( 3465): at b.f.f.y.g.b(Unknown Source:11)
06-04 20:53:26.372 W/System.err( 3465): at b.d.a.a.p.c0(Unknown Source:2)
06-04 20:53:26.372 W/System.err( 3465): at b.f.f.o.f.c.a(Unknown Source:23)
06-04 20:53:26.372 W/System.err( 3465): at b.f.f.t.d.c(:1)
06-04 20:53:26.372 W/System.err( 3465): at b.f.f.n.d$a.handleMessage(:3)
06-04 20:53:26.372 W/System.err( 3465): at android.os.Handler.dispatchMessage(Handler.java:106)
06-04 20:53:26.372 W/System.err( 3465): at android.os.Looper.loopOnce(Looper.java:205)
06-04 20:53:26.372 W/System.err( 3465): at android.os.Looper.loop(Looper.java:294)
06-04 20:53:26.372 W/System.err( 3465): at android.os.HandlerThread.run(HandlerThread.java:67)
06-04 20:53:26.383 I/serviceDiscovery( 711): [MdnsAdvertiser] Adding service name: 当贝投屏M6, type: _db_cast_screen._tcp, hostAddresses: , port: 33997, network: null, txtRecord: au=1cV=20830mV=100h265=0maxR=4096-4096model=DBBOX-A3deviceid=1c:79:2d:20:62:cb with ID 8 and subtype null
06-04 20:53:26.383 E/MdnsAdvertiser( 711): Name conflict adding services that should have unique names
06-04 20:53:26.383 E/MdnsAdvertiser( 711): android.net.connectivity.com.android.server.connectivity.mdns.NameConflictException
06-04 20:53:26.383 E/MdnsAdvertiser( 711): at android.net.connectivity.com.android.server.connectivity.mdns.MdnsRecordRepository.addService(MdnsRecordRepository.java:314)
06-04 20:53:26.383 E/MdnsAdvertiser( 711): at android.net.connectivity.com.android.server.connectivity.mdns.MdnsInterfaceAdvertiser.addService(MdnsInterfaceAdvertiser.java:217)
06-04 20:53:26.383 E/MdnsAdvertiser( 711): at android.net.connectivity.com.android.server.connectivity.mdns.MdnsAdvertiser$InterfaceAdvertiserRequest.addService(MdnsAdvertiser.java:273)
06-04 20:53:26.383 E/MdnsAdvertiser( 711): at android.net.connectivity.com.android.server.connectivity.mdns.MdnsAdvertiser.addService(MdnsAdvertiser.java:488)
06-04 20:53:26.383 E/MdnsAdvertiser( 711): at android.net.connectivity.com.android.server.NsdService$NsdStateMachine$EnabledState.processMessage(NsdService.java:730)
06-04 20:53:26.383 E/MdnsAdvertiser( 711): at android.net.connectivity.com.android.internal.util.StateMachine$SmHandler.processMsg(StateMachine.java:993)
06-04 20:53:26.383 E/MdnsAdvertiser( 711): at android.net.connectivity.com.android.internal.util.StateMachine$SmHandler.handleMessage(StateMachine.java:810)
06-04 20:53:26.383 E/MdnsAdvertiser( 711): at android.os.Handler.dispatchMessage(Handler.java:106)
06-04 20:53:26.383 E/MdnsAdvertiser( 711): at android.os.Looper.loopOnce(Looper.java:205)
06-04 20:53:26.383 E/MdnsAdvertiser( 711): at android.os.Looper.loop(Looper.java:294)
06-04 20:53:26.383 E/MdnsAdvertiser( 711): at android.os.HandlerThread.run(HandlerThread.java:67)
06-04 20:53:26.868 E/accept ( 3465): myIp:192.168.3.180
06-04 20:53:26.869 D/TrafficStats( 3465): tagSocket(215) with statsTag=0xffffffff, statsUid=-1
06-04 20:53:26.871 E/accept ( 3465): connect error
06-04 20:53:26.876 I/UpnpServiceImpl( 3465): >>> Starting UPnP service...
06-04 20:53:26.876 I/UpnpServiceImpl( 3465): Using configuration: org.fourthline.cling.android.AndroidUpnpServiceConfiguration
06-04 20:53:26.880 I/Router ( 3465): Creating Router: org.fourthline.cling.android.AndroidRouter
06-04 20:53:26.882 W/Router ( 3465): enable lock:org.fourthline.cling.android.AndroidRouter@31a72d8_java.util.concurrent.locks.ReentrantReadWriteLock$WriteLock@c50e631[Unlocked]
06-04 20:53:26.886 W/tworkAddressFactoryImpl( 3465): Network interface may not be multicast capable: dummy0
06-04 20:53:26.888 I/MulticastReceiver( 3465): Creating wildcard socket (for receiving multicast datagrams) on port: 1900
06-04 20:53:26.888 D/TrafficStats( 3465): tagSocket(215) with statsTag=0xffffffff, statsUid=-1
06-04 20:53:26.889 I/MulticastReceiver( 3465): Joining multicast group: /239.255.255.250:1900 on network interface: wlan0
06-04 20:53:26.901 E/accept ( 3465): Adding connector try: 192.168.3.180/192.168.3.180:35009
06-04 20:53:26.903 D/TrafficStats( 3465): tagSocket(223) with statsTag=0xffffffff, statsUid=-1
06-04 20:53:26.904 E/accept ( 3465): Adding connector result: 192.168.3.180/192.168.3.180:35009
06-04 20:53:26.945 I/serviceDiscovery( 711): [MdnsAdvertiser.wlan0] Probing finished for service 6
06-04 20:53:26.963 I/JettyServletContainer( 3465): Registering UPnP servlet under context path: /upnp
06-04 20:53:26.966 I/DatagramIO( 3465): Creating bound socket (for datagram input/output) on: 192.168.3.180/192.168.3.180
06-04 20:53:26.966 D/TrafficStats( 3465): tagSocket(217) with statsTag=0xffffffff, statsUid=-1
06-04 20:53:26.967 E/JettyServletContainer( 3465): gogogo
06-04 20:53:26.967 I/JettyServletContainer( 3465): Starting Jetty server...
06-04 20:53:26.968 W/System.err( 3465): 2025-06-04 20:53:26.968:INFO:lcaf.p:jetty-8.y.z-SNAPSHOT
06-04 20:53:26.970 I/Router ( 3465): WiFi multicast lock acquired
06-04 20:53:26.970 I/WifiService( 711): acquireMulticastLock uid=10043
06-04 20:53:26.971 I/Router ( 3465): WiFi lock acquired
06-04 20:53:26.972 I/WifiService( 711): acquireWifiLock uid=10043 lockMode=3
06-04 20:53:26.972 D/IpClient.wlan0( 1035): set max DTIM multiplier to 1
06-04 20:53:26.973 W/Router ( 3465): enable unlock:org.fourthline.cling.android.AndroidRouter@31a72d8
06-04 20:53:26.973 D/WifiHAL ( 525): Setting APF program, halHandle = 0xf75c2470
06-04 20:53:26.973 I/WifiHAL ( 525): createRequest: APF set program request
06-04 20:53:26.973 D/WifiHAL ( 525): error code -95 mapped to -3
06-04 20:53:26.973 I/WifiHAL ( 525): Request Response failed for APF, result = -3
06-04 20:53:26.973 I/UpnpServiceImpl( 3465): <<< UPnP service started successfully
06-04 20:53:26.974 E/WifiStaIfaceAidlImpl( 711): installApfPacketFilter failed with service-specific exception: android.os.ServiceSpecificException: (code 4)
06-04 20:53:26.974 D/WifiHAL ( 525): Setting DTIM config , halHandle = 0xf75c2470 Multiplier = 1
06-04 20:53:26.974 I/WifiHAL ( 525): Successfully configured dtim multiplier 1
06-04 20:53:26.974 D/WifiHAL ( 525): error code -95 mapped to -3
06-04 20:53:26.974 E/WifiStaIfaceAidlImpl( 711): setDtimMultiplier failed with service-specific exception: android.os.ServiceSpecificException: (code 4)
06-04 20:53:26.987 I/serviceDiscovery( 711): [MdnsAdvertiser.wlan0] Probing finished for service 7
06-04 20:53:27.000 W/System.err( 3465): 2025-06-04 20:53:27.000:INFO:lcaf.a:Started @192.168.3.180:35009
06-04 20:53:27.026 E/g ( 3465): channel :os
06-04 20:53:27.075 D/hdmicecd( 505): [CEC]:printCecMsgBuf, msg: 0f 80 00 00 30 00
06-04 20:53:27.075 D/hdmicecd( 505): [HdmiCecControl]:updateActiveState received messag:80 active state:1
06-04 20:53:27.076 D/HDMI ( 711): [R]: 0F:80:00:00:30:00
06-04 20:53:27.077 D/hdmicecd( 505): [HdmiCecControl]:getPhysicalAddress, physical addr: 3000, last pa: 3000, ret = 0
06-04 20:53:27.078 D/HDMI ( 711): addCecDevice new:CEC: logical_address: 0x00 device_type: 0 cec_version: 5 vendor_id: 16777215 display_name: TV power_status: -1 physical_address: 0xFFFF port_id: -1 old:null
06-04 20:53:27.078 D/HdmiControlService( 711): Switching to full volume behavior
06-04 20:53:27.078 D/hdmicecd( 505): [HdmiCecControl]:getPhysicalAddress, physical addr: 3000, last pa: 3000, ret = 0
06-04 20:53:27.079 D/hdmicecd( 505): [HdmiCecControl]:getPhysicalAddress, physical addr: 3000, last pa: 3000, ret = 0
06-04 20:53:27.079 D/HDMI ( 711): setActiveSource logical:0xffffffff physical:0x3000 HdmiCecLocalDevicePlayback#handleRoutingChangeAndInformation()
06-04 20:53:27.079 D/hdmicecd( 505): [HdmiCecControl]:getPhysicalAddress, physical addr: 3000, last pa: 3000, ret = 0
06-04 20:53:27.080 D/HDMI ( 711): ActiveSourceHistoryRecord active source=(invalid, 0x3000) isActiveSource=false from=HdmiCecLocalDevicePlayback#handleRoutingChangeAndInformation()
06-04 20:53:27.081 D/HDMI ( 711): setActiveSource logical:0x04 physical:0x3000 HdmiCecLocalDevicePlayback#handleRoutingChangeAndInformation()
06-04 20:53:27.081 D/hdmicecd( 505): [HdmiCecControl]:getPhysicalAddress, physical addr: 3000, last pa: 3000, ret = 0
06-04 20:53:27.082 D/hdmicecd( 505): [HdmiCecControl]:getPhysicalAddress, physical addr: 3000, last pa: 3000, ret = 0
06-04 20:53:27.082 D/HDMI ( 711): ActiveSourceHistoryRecord active source=(0x04, 0x3000) isActiveSource=true from=HdmiCecLocalDevicePlayback#handleRoutingChangeAndInformation()
06-04 20:53:27.082 I/HDMI ( 711): Hdmi cec wake up
06-04 20:53:27.083 I/PowerGroup( 711): Waking up power group from Asleep (groupId=0, uid=1000, reason=WAKE_REASON_HDMI, details=android.server.hdmi:WAKE)...
06-04 20:53:27.084 I/PowerManagerService( 711): Waking up from Asleep (uid=1000, reason=WAKE_REASON_HDMI, details=android.server.hdmi:WAKE)...
06-04 20:53:27.090 I/HDMI ( 711): Not ready to start action. Queued for deferred start:com.android.server.hdmi.ActiveSourceAction@bda995f
06-04 20:53:27.090 D/HdmiControlService( 711): Switching to full volume behavior
06-04 20:53:27.090 D/HdmiControlService( 711): Switching to full volume behavior
06-04 20:53:27.090 I/DisplayPowerController2[0]( 711): Blocking screen on until initial contents have been drawn.
06-04 20:53:27.091 D/ActivityTaskManager( 711): Top Process State changed to PROCESS_STATE_TOP
06-04 20:53:27.095 V/WindowManager( 711): app ------------- force_land :0
06-04 20:53:27.100 I/DisplayBrightnessStrategySelector( 711): Changing the DisplayBrightnessStrategy from ScreenOffBrightnessStrategy toInvalidBrightnessStrategy for display 0
06-04 20:53:27.108 V/WindowManagerShell( 1328): Transition requested: android.os.BinderProxy@a00b840 TransitionRequestInfo { type = 11, triggerTask = null, remoteTransition = null, displayChange = null, flags = 0 }
06-04 20:53:27.108 D/ConnectivityService( 711): requestNetwork for uid/pid:1000/3250 activeRequest: null callbackRequest: 68 [NetworkRequest [ REQUEST id=69, [ Capabilities: INTERNET&NOT_RESTRICTED&TRUSTED&NOT_VCN_MANAGED Uid: 1000 RequestorUid: 1000 RequestorPkg: com.dangbei.haqusetting UnderlyingNetworks: Null] ]] callback flags: 0 order: 2147483647
06-04 20:53:27.110 V/DisplayPowerController2[0]( 711): Brightness [0.39763778] reason changing to: 'manual', previous reason: 'screen_off'.
06-04 20:53:27.111 I/DisplayPowerController2[0]( 711): BrightnessEvent: disp=0, physDisp=local:4616277992360486155, brt=0.39763778, initBrt=0.0, rcmdBrt=NaN, preBrt=NaN, lux=0.0, preLux=0.0, hbmMax=1.0, hbmMode=off, rbcStrength=0, thrmMax=1.0, powerFactor=1.0, wasShortTermModelActive=false, flags=, reason=manual, autoBrightness=false, strategy=InvalidBrightnessStrategy
06-04 20:53:27.111 I/DisplayPowerController2[0]( 711): Unblocked screen on after 21 ms
06-04 20:53:27.113 E/ccc ( 1526): cccccc UpdateHelper onMessageReceived com.dangbei.haqusetting com.dangbei.etna.update {"action":"get","functionTag":"leaf_controller_function_controller_dangbei_update","value":0} com.dangbei.lerad.etna.aidl.IEtnaAidlCallback$Stub$Proxy@b0b9d37
06-04 20:53:27.114 E/ccc ( 1526): cccccc 缓存获取遥控器版本 DB-15B-H5-R0111
06-04 20:53:27.115 I/BpBinder( 266): onLastStrongRef automatically unlinking death recipients:
06-04 20:53:27.116 D/WifiNetworkFactory( 711): got request NetworkRequest [ REQUEST id=69, [ Capabilities: INTERNET&NOT_RESTRICTED&TRUSTED&NOT_VCN_MANAGED Uid: 1000 RequestorUid: 1000 RequestorPkg: com.dangbei.haqusetting UnderlyingNetworks: Null] ]
06-04 20:53:27.117 D/UntrustedWifiNetworkFactory( 711): got request NetworkRequest [ REQUEST id=69, [ Capabilities: INTERNET&NOT_RESTRICTED&TRUSTED&NOT_VCN_MANAGED Uid: 1000 RequestorUid: 1000 RequestorPkg: com.dangbei.haqusetting UnderlyingNetworks: Null] ]
06-04 20:53:27.117 D/OemPaidWifiNetworkFactory( 711): got request NetworkRequest [ REQUEST id=69, [ Capabilities: INTERNET&NOT_RESTRICTED&TRUSTED&NOT_VCN_MANAGED Uid: 1000 RequestorUid: 1000 RequestorPkg: com.dangbei.haqusetting UnderlyingNetworks: Null] ]
06-04 20:53:27.117 D/ConnectivityService( 711): NetReassign [69 : null → 100] [c 0] [a 1] [i 3]
06-04 20:53:27.117 D/MultiInternetWifiNetworkFactory( 711): got request NetworkRequest [ REQUEST id=69, [ Capabilities: INTERNET&NOT_RESTRICTED&TRUSTED&NOT_VCN_MANAGED Uid: 1000 RequestorUid: 1000 RequestorPkg: com.dangbei.haqusetting UnderlyingNetworks: Null] ]
06-04 20:53:27.118 I/android.hardware.power-service.libperfmgr( 503): Power setMode: INTERACTIVE to: 1
06-04 20:53:27.118 I/SystemControl( 317): [/Ubootenv.cpp, get, 336] [ubootenv] get key:quiescent_env_bk envValue: 0
06-04 20:53:27.118 I/android.hardware.power-service.libperfmgr( 503): quiescent_env_bk: 0
06-04 20:53:27.119 D/WindowManager( 711): updateCecScreenStatus 0
06-04 20:53:27.119 D/HDMI ( 711): setCecSettingIntValue name:cec_screen_state, value:0
06-04 20:53:27.120 E/ActivityManager( 711): Cancel pending or running compactions as system is awake
06-04 20:53:27.122 I/SystemControl( 317): [/Ubootenv.cpp, updateValue, 68] [ubootenv] update value name [ubootenv.var.quiescent_env_bk]: value [0]
06-04 20:53:27.122 I/SystemControl( 317): [/Ubootenv.cpp, get, 336] [ubootenv] get key:quiescent_env_bk envValue: 0
06-04 20:53:27.122 I/HDMI ( 711): screen state is changing to 0
06-04 20:53:27.122 D/HDMI ( 711): onWakeUp action:0, current power status:1
06-04 20:53:27.123 D/SurfaceFlinger( 266): Setting power mode 2 on display 4616277992360486155
06-04 20:53:27.124 E/ccc ( 1526): cccccc 请求电量缓存 87
06-04 20:53:27.124 E/OpenGLRenderer( 3250): Unable to match the desired swap behavior.
06-04 20:53:27.124 D/hdmicecd( 505): [HdmiCecControl]:getVersion, version:5, ret = 0
06-04 20:53:27.125 D/HDMI ( 711): enableSystemCecControl: true
06-04 20:53:27.125 I/DisplayDeviceRepository( 711): Display device changed: DisplayDeviceInfo{"内置屏幕": uniqueId="local:4616277992360486155", 1920 x 1080, modeId 38, renderFrameRate 59.94006, defaultModeId 38, supportedModes [{id=38, width=1920, height=1080, fps=59.94006, alternativeRefreshRates=[], supportedHdrTypes=[]}], colorMode 0, supportedColorModes [0], hdrCapabilities HdrCapabilities{mSupportedHdrTypes=[], mMaxLuminance=500.0, mMaxAverageLuminance=500.0, mMinLuminance=0.0}, allmSupported false, gameContentTypeSupported true, density 240, 39.973 x 39.756 dpi, appVsyncOff 2000000, presDeadline 13683333, touch INTERNAL, rotation 0, type INTERNAL, address {port=11, model=0x401050603f19a5}, deviceProductInfo DeviceProductInfo{name=Linux FHD, manufacturerPnpId=LNX, productId=0, modelYear=null, manufactureDate=ManufactureDate{week=5, year=2012}, connectionToSinkType=0}, state ON, committedState ON, frameRateOverride , brightnessMinimum 0.0, brightnessMaximum 1.0, brightnessDefault 0.39763778, hdrSdrRatio NaN, FLAG_ALLOWED_TO_BE_DEFAULT_DISPLAY, FLAG_ROTATES_WITH_CONTENT, FLAG_SECURE, FLAG_SUPPORTS_PROTECTED_BUFFERS, FLAG_TRUSTED, installOrientation 0, displayShape DisplayShape{ spec=729782573 displayWidth=1920 displayHeight=1080 physicalPixelDisplaySizeRatio=1.0 rotation=0 offsetX=0 offsetY=0 scale=1.0}}
06-04 20:53:27.129 E/WiredAccessoryManager( 711): No state change.
06-04 20:53:27.132 I/SystemControl( 317): [/Ubootenv.cpp, get, 345] [ubootenv] search end and not find env:connector_type
06-04 20:53:27.133 E/MesonHwc( 290): read screen size 0x0 from vinfo
06-04 20:53:27.134 E/MesonHwc( 290): dolby vision driver is not ready
06-04 20:53:27.134 D/MesonHwc( 290): ERR: PLEASE FIX NON-IMPLEMENT FUN(update).
06-04 20:53:27.136 I/SystemControl( 317): [/UEventObserver.cpp, HDMITxUenventThreadLoop, 451] HDMI TX switch_name:hdmitx_hpd, switch_state: 1
06-04 20:53:27.136 I/SystemControl( 317): [/UEventObserver.cpp, HDMITxUenventThreadLoop, 451] HDMI TX switch_name:hdmitx_audio, switch_state: 1
06-04 20:53:27.136 I/SystemControl( 317): [/DisplayMode.cpp, onTxEvent, 3267] onTxEvent switchName:hdmitx_audio hpdstate:1 state: 1
06-04 20:53:27.136 I/SystemControl( 317): [/SysWrite.cpp, getKernelReleaseVersion, 701] getKernelReleaseVersion: 5.15
06-04 20:53:27.136 I/SystemControl( 317): [/SystemControlHal.cpp, onEvent, 72] onEvent event:5, client size:5
06-04 20:53:27.136 I/SystemControlClient( 503): notifyCallback event type:5
06-04 20:53:27.136 I/SystemControlClient( 503): notifyCallback: listener is NULL.
06-04 20:53:27.137 I/SystemControl( 317): [/UEventObserver.cpp, HDMITxUenventThreadLoop, 451] HDMI TX switch_name:hdmitx_hdcppwr, switch_state: 1
06-04 20:53:27.137 I/SystemControl( 317): [/DisplayMode.cpp, onTxEvent, 3267] onTxEvent switchName:hdmitx_hdcppwr hpdstate:1 state: 1
06-04 20:53:27.137 I/SystemControl( 317): [/SysWrite.cpp, getKernelReleaseVersion, 701] getKernelReleaseVersion: 5.15
06-04 20:53:27.137 I/SystemControlEvent( 1105): system control callback event: 5
06-04 20:53:27.137 I/SystemControlClient( 502): notifyCallback event type:5
06-04 20:53:27.137 I/SystemControl( 317): [/Ubootenv.cpp, get, 336] [ubootenv] get key:hdmimode envValue: none
06-04 20:53:27.137 I/SystemControlClient( 502): notifyCallback: listener is NULL.
06-04 20:53:27.137 I/SystemControl( 317): [/Ubootenv.cpp, get, 336] [ubootenv] get key:user_colorattribute envValue: 420,10bit
06-04 20:53:27.137 I/SystemControl( 317): [/Ubootenv.cpp, get, 345] [ubootenv] search end and not find env:hdr_force_mode
06-04 20:53:27.137 I/SystemControl( 317): [/DisplayMode.cpp, gethdrforcemode, 2742] get hdr force mode is [2]
06-04 20:53:27.137 I/SystemControl( 317): [/Ubootenv.cpp, get, 336] [ubootenv] get key:hdr_policy envValue: 0
06-04 20:53:27.137 I/SystemControl( 317): [/DisplayMode.cpp, getHdrStrategy, 2758] getHdrStrategy is [0]
06-04 20:53:27.137 I/SystemControl( 317): [/Ubootenv.cpp, get, 336] [ubootenv] get key:hdr_priority envValue: 268435472
06-04 20:53:27.137 I/SystemControl( 317): [/DisplayMode.cpp, getHdrPriority, 2891] getHdrPriority is [0x10000010]
06-04 20:53:27.137 I/SystemControlClient( 248): notifyCallback event type:5
06-04 20:53:27.137 I/SystemControl( 317): [/DisplayMode.cpp, getCommonData, 1534] isbestcolorspace:0, isbestpolicy:1, hdr_policy:0, hdr_priority :268435472, hdr_force_mode:2
06-04 20:53:27.137 I/SystemControlClient( 248): notifyCallback: listener is NULL.
06-04 20:53:27.138 E/MesonHwc( 290): dolby vision driver is not ready
06-04 20:53:27.139 E/MesonHwc( 290): dolby vision driver is not ready
06-04 20:53:27.140 I/SystemControl( 317): [/Ubootenv.cpp, get, 345] [ubootenv] search end and not find env:connector_type
06-04 20:53:27.140 E/MesonHwc( 290): FixedDisplayPipe::getConnectorCfg 11
06-04 20:53:27.141 E/MesonHwc( 290): dolby vision driver is not ready
06-04 20:53:27.141 E/MesonHwc( 290): dolby vision driver is not ready
06-04 20:53:27.142 I/SystemControl( 317): [/Ubootenv.cpp, get, 345] [ubootenv] search end and not find env:connector_type
06-04 20:53:27.142 E/MesonHwc( 290): FixedDisplayPipe::getConnectorCfg 11
06-04 20:53:27.142 D/MesonHwc( 290): ERR: PLEASE FIX NON-IMPLEMENT FUN(update).
06-04 20:53:27.142 E/MesonHwc( 290): dolby vision driver is not ready
06-04 20:53:27.143 W/KernelCpuProcStringReader( 711): File not found. It's normal if not implemented: /proc/uid_concurrent_policy_time
06-04 20:53:27.148 E/MesonHwc( 290): dolby vision driver is not ready
06-04 20:53:27.149 D/hdmicecd( 505): [HdmiCecControl]:setOption, flag:0x3, value:0x1, ret:0, is_cec_controlled:1
06-04 20:53:27.149 I/HdmiCec ( 505): setLanguage 7a686f
06-04 20:53:27.149 I/SystemControlClient( 498): notifyCallback event type:5
06-04 20:53:27.149 I/SystemControlClient( 498): notifyCallback: listener is NULL.
06-04 20:53:27.149 V/MesonDisplayServer( 290): GetDisplayMode:dummy_l
06-04 20:53:27.150 I/hdmicecd( 505): [HdmiCecControl]:clearLogicaladdress
06-04 20:53:27.150 D/hdmicecd( 505): [HdmiCecControl]:getPhysicalAddress, physical addr: 3000, last pa: 3000, ret = 0
06-04 20:53:27.151 I/hdmicecd( 505): [HdmiCecControl]:clearLogicaladdress
06-04 20:53:27.152 V/MesonDisplayServer( 290): GetDisplayMode:dummy_l
06-04 20:53:27.152 I/DisplayDeviceRepository( 711): Display device changed: DisplayDeviceInfo{"内置屏幕": uniqueId="local:4616277992360486155", 1920 x 1080, modeId 38, renderFrameRate 59.94006, defaultModeId 38, supportedModes [{id=38, width=1920, height=1080, fps=59.94006, alternativeRefreshRates=[], supportedHdrTypes=[]}], colorMode 0, supportedColorModes [0], hdrCapabilities HdrCapabilities{mSupportedHdrTypes=[], mMaxLuminance=500.0, mMaxAverageLuminance=500.0, mMinLuminance=0.0}, allmSupported false, gameContentTypeSupported true, density 240, 39.973 x 39.756 dpi, appVsyncOff 2000000, presDeadline 13683333, touch INTERNAL, rotation 0, type INTERNAL, address {port=11, model=0x401050603f19a5}, deviceProductInfo DeviceProductInfo{name=Linux FHD, manufacturerPnpId=LNX, productId=0, modelYear=null, manufactureDate=ManufactureDate{week=5, year=2012}, connectionToSinkType=0}, state ON, committedState ON, frameRateOverride , brightnessMinimum 0.0, brightnessMaximum 1.0, brightnessDefault 0.39763778, hdrSdrRatio NaN, FLAG_ALLOWED_TO_BE_DEFAULT_DISPLAY, FLAG_ROTATES_WITH_CONTENT, FLAG_SECURE, FLAG_SUPPORTS_PROTECTED_BUFFERS, FLAG_TRUSTED, installOrientation 0, displayShape DisplayShape{ spec=729782573 displayWidth=1920 displayHeight=1080 physicalPixelDisplaySizeRatio=1.0 rotation=0 offsetX=0 offsetY=0 scale=1.0}}
06-04 20:53:27.153 I/DisplayDevice( 711): [0] Layerstack set to 0 for local:4616277992360486155
06-04 20:53:27.153 I/InputManager-JNI( 711): Viewport [0] to add: local:4616277992360486155, isActive: true
06-04 20:53:27.154 I/InputReader( 711): Reconfiguring input devices, changes=DISPLAY_INFO
06-04 20:53:27.158 I/audio_hw_hal_primary( 492): [adev_set_parameters:4123] dev:0xe87014a0, kv: screen_state=on
06-04 20:53:27.158 D/audio_hw_hal_hfp( 492): [audio_extn_hfp_set_parameters:739] audio_extn_hfp_set_parameters
06-04 20:53:27.158 E/audio_route( 492): unable to find path 'speaker_fadein'
06-04 20:53:27.158 I/audio_hw_hal_resourcemgr( 492): [set_output_device_mute:690] device:0x2 mute:0 port_mute:0 using_fade:1
06-04 20:53:27.158 I/audio_hw_hal_primary( 492): adev_set_parameters : screen_state=on pthread_cond_broadcast
06-04 20:53:27.160 I/bt_stack( 1081): [INFO:le_scanning_manager.cc(168)] Scan in shim layer stopped
06-04 20:53:27.160 E/SensorManager( 711): sensor or listener is null
06-04 20:53:27.160 I/bt_stack( 1081): [INFO:le_scanning_manager.cc(346)] SetScanParameters in shim layer
06-04 20:53:27.160 I/bluetooth( 1081): packages/modules/Bluetooth/system/gd/hci/le_address_manager.cc:193 unregister_client: Client unregistered
06-04 20:53:27.160 I/bt_stack( 1081): [INFO:le_scanning_manager.cc(168)] Scan in shim layer started
06-04 20:53:27.161 I/bluetooth( 1081): packages/modules/Bluetooth/system/gd/hci/le_scanning_manager.cc:588 stop_scan: Scanning already stopped, return!
06-04 20:53:27.161 I/bluetooth( 1081): packages/modules/Bluetooth/system/gd/hci/le_address_manager.cc:178 register_client: Client registered
06-04 20:53:27.150 I/SystemControl( 317): [/DisplayMode.cpp, getDisplayMode, 2331] getDisplayMode mode:dummy_l
06-04 20:53:27.162 I/SystemControl( 317): [/Ubootenv.cpp, get, 336] [ubootenv] get key:hdmimode envValue: none
06-04 20:53:27.164 D/FastPairService( 711): onReceive: ACTION_SCREEN_ON
06-04 20:53:27.164 V/FastPairService( 711): invalidateScan: scan is disabled
06-04 20:53:27.164 E/NearbyManager( 711): Cannot stop scan with this callback because it is never registered.
06-04 20:53:27.164 I/SystemControl( 317): [/Ubootenv.cpp, get, 336] [ubootenv] get key:cvbsmode envValue: 576cvbs
06-04 20:53:27.164 I/SystemControl( 317): [/DisplayMode.cpp, getCommonData, 1542] hdmi_current_mode:dummy_l, ubootenv hdmimode:none cvbsmode:576cvbs
06-04 20:53:27.166 I/AudioVideoDevReconnectService( 1105): onReceive:android.intent.action.SCREEN_ON,mWaitForDisconnct:true
06-04 20:53:27.168 D/aaa ( 1601): aaa screen on
06-04 20:53:27.169 D/MesonDisplayServer( 290): use connector getDisplayAttribute "HDMI Color ATTR": "422,12bit"
06-04 20:53:27.169 I/SystemControl( 317): [/Ubootenv.cpp, get, 336] [ubootenv] get key:hdr_preferred_policy envValue: 0
06-04 20:53:27.169 I/SystemControl( 317): [/Ubootenv.cpp, get, 336] [ubootenv] get key:user_colorattribute envValue: 420,10bit
06-04 20:53:27.169 I/SystemControl( 317): [/DisplayMode.cpp, getCommonData, 1554] hdmi_current_attr:422,12bit, ubootenv_colorattribute:420,10bit
06-04 20:53:27.170 I/SystemControl( 317): [/Ubootenv.cpp, get, 345] [ubootenv] search end and not find env:dv_enable
06-04 20:53:27.170 I/SystemControl( 317): [/DisplayMode.cpp, getCommonData, 1567] dv_enable:0
06-04 20:53:27.170 I/SystemControl( 317): [/Ubootenv.cpp, get, 345] [ubootenv] search end and not find env:user_prefer_dv_type
06-04 20:53:27.170 I/SystemControl( 317): [/DisplayMode.cpp, getCommonData, 1578] ubootenv_dv_type:0
06-04 20:53:27.170 I/SystemControl( 317): [/DisplayMode.cpp, getHdmiData, 1721] display sink type:1 [0:none, 1:sink, 2:repeater]
06-04 20:53:27.170 I/SystemControl( 317): [/DisplayMode.cpp, filterHdmiDispcap, 1398] before filtered HdmiDispcap: 480p60hz
06-04 20:53:27.170 I/SystemControl( 317): 720p60hz
06-04 20:53:27.170 I/SystemControl( 317): 1080i60hz
06-04 20:53:27.170 I/SystemControl( 317): 480i60hz
06-04 20:53:27.170 I/SystemControl( 317): 1080p60hz
06-04 20:53:27.170 I/SystemControl( 317): 576p50hz
06-04 20:53:27.170 I/SystemControl( 317): 720p50hz
06-04 20:53:27.170 I/SystemControl( 317): 1080i50hz
06-04 20:53:27.170 I/SystemControl( 317): 576i50hz
06-04 20:53:27.170 I/SystemControl( 317): 1080p50hz
06-04 20:53:27.170 I/SystemControl( 317): 2160p24hz
06-04 20:53:27.170 I/SystemControl( 317): 2160p25hz
06-04 20:53:27.170 I/SystemControl( 317): 2160p30hz
06-04 20:53:27.170 I/SystemControl( 317): 2160p50hz
06-04 20:53:27.170 I/SystemControl( 317): 2160p60hz
06-04 20:53:27.170 I/SystemControl( 317): smpte24hz
06-04 20:53:27.170 I/SystemControl( 317): smpte25hz
06-04 20:53:27.170 I/SystemControl( 317): smpte30hz
06-04 20:53:27.170 I/SystemControl( 317): smpte50hz
06-04 20:53:27.170 I/SystemControl( 317): smpte60hz
06-04 20:53:27.170 I/SystemControl( 317):
06-04 20:53:27.170 E/OpenGLRenderer( 1559): Unable to match the desired swap behavior.
06-04 20:53:27.172 I/SystemControl( 317): [/Ubootenv.cpp, get, 336] [ubootenv] get key:user_hdr_type envValue: 3
06-04 20:53:27.175 D/HDMI ( 711): receive android.intent.action.SCREEN_ON
06-04 20:53:27.181 E/btm_sco ( 1081): packages/modules/Bluetooth/system/stack/btm/btm_sco.cc:1137 btm_sco_on_disconnected: Unable to find sco connection
06-04 20:53:27.181 I/btm_acl ( 1081): packages/modules/Bluetooth/system/stack/acl/btm_acl.cc:2740 btm_acl_iso_disconnected: ISO disconnection from GD, handle: 0x11, reason: 0x16
06-04 20:53:27.181 I/bluetooth( 1081): packages/modules/Bluetooth/system/gd/hci/acl_manager/le_impl.h:673 on_le_disconnect: re-add device to connect list
06-04 20:53:27.181 I/bluetooth( 1081): packages/modules/Bluetooth/system/gd/hci/le_address_manager.cc:265 ack_pause: Client already in paused state
06-04 20:53:27.182 I/bluetooth( 1081): packages/modules/Bluetooth/system/stack/arbiter/acl_arbiter.cc:90 OnLeDisconnect: Notifying Rust of LE disconnection
06-04 20:53:27.182 I/bt ( 1081): bluetooth_core::gatt::arbiter: processing disconnection on transport TransportIndex(0)
06-04 20:53:27.182 I/bluetooth( 1081): packages/modules/Bluetooth/system/stack/eatt/eatt_impl.h:914 disconnect: Device: xx:xx:xx:xx:c0:7a, cid: 0xffff
06-04 20:53:27.182 W/bt_stack( 1081): [WARNING:eatt_impl.h(918)] disconnect no eatt device found
06-04 20:53:27.182 I/bluetooth( 1081): packages/modules/Bluetooth/system/stack/gap/gap_ble.cc:304 client_connect_cback: No active GAP service found for peer:xx:xx:xx:xx:c0:7a callback:Disconnected
06-04 20:53:27.182 I/bt_bta_gattc( 1081): packages/modules/Bluetooth/system/bta/gatt/bta_gattc_act.cc:1310 bta_gattc_conn_cback: Disconnected att_id:3 addr:xx:xx:xx:xx:c0:7a, transport:BT_TRANSPORT_LE reason:GATT_CONN_TERMINATE_LOCAL_HOST
06-04 20:53:27.182 I/bt_bta_gattc( 1081): packages/modules/Bluetooth/system/bta/gatt/bta_gattc_act.cc:1310 bta_gattc_conn_cback: Disconnected att_id:4 addr:xx:xx:xx:xx:c0:7a, transport:BT_TRANSPORT_LE reason:GATT_CONN_TERMINATE_LOCAL_HOST
06-04 20:53:27.182 I/bt_bta_gattc( 1081): packages/modules/Bluetooth/system/bta/gatt/bta_gattc_act.cc:1310 bta_gattc_conn_cback: Disconnected att_id:5 addr:xx:xx:xx:xx:c0:7a, transport:BT_TRANSPORT_LE reason:GATT_CONN_TERMINATE_LOCAL_HOST
06-04 20:53:27.182 I/bt_bta_gattc( 1081): packages/modules/Bluetooth/system/bta/gatt/bta_gattc_act.cc:1310 bta_gattc_conn_cback: Disconnected att_id:6 addr:xx:xx:xx:xx:c0:7a, transport:BT_TRANSPORT_LE reason:GATT_CONN_TERMINATE_LOCAL_HOST
06-04 20:53:27.182 I/bt_bta_gattc( 1081): packages/modules/Bluetooth/system/bta/gatt/bta_gattc_act.cc:1310 bta_gattc_conn_cback: Disconnected att_id:7 addr:xx:xx:xx:xx:c0:7a, transport:BT_TRANSPORT_LE reason:GATT_CONN_TERMINATE_LOCAL_HOST
06-04 20:53:27.182 I/bluetooth( 1081): packages/modules/Bluetooth/system/gd/hci/le_address_manager.cc:265 ack_pause: Client already in paused state
06-04 20:53:27.182 I/bluetooth( 1081): packages/modules/Bluetooth/system/gd/hci/le_address_manager.cc:265 ack_pause: Client already in paused state
06-04 20:53:27.182 E/bta_gattc_main( 1081): packages/modules/Bluetooth/system/bta/gatt/bta_gattc_main.cc:395 bta_gattc_hdl_event: Ignore unknown conn ID: 3
06-04 20:53:27.182 E/bta_gattc_main( 1081): packages/modules/Bluetooth/system/bta/gatt/bta_gattc_main.cc:395 bta_gattc_hdl_event: Ignore unknown conn ID: 4
06-04 20:53:27.182 I/btif_av ( 1081): packages/modules/Bluetooth/system/btif/src/btif_av.cc:3565 btif_av_acl_disconnected: btif_av_acl_disconnected: Peer xx:xx:xx:xx:c0:7a : ACL Disconnected
06-04 20:53:27.182 I/btif_av ( 1081): packages/modules/Bluetooth/system/btif/src/btif_av.cc:1120 FindOrCreatePeer: BtifAvPeer *BtifAvSource::FindOrCreatePeer(const RawAddress &, tBTA_AV_HNDL): Create peer: peer_address=xx:xx:xx:xx:c0:7a bta_handle=0x41 peer_id=0
06-04 20:53:27.182 I/btif_av ( 1081): packages/modules/Bluetooth/system/btif/src/btif_av.cc:3490 btif_av_get_peer_sep: No active sink or source peer found
06-04 20:53:27.182 I/btif_av ( 1081): packages/modules/Bluetooth/system/btif/src/btif_av.cc:3490 btif_av_get_peer_sep: No active sink or source peer found
06-04 20:53:27.182 I/btif_av ( 1081): packages/modules/Bluetooth/system/btif/src/btif_av.cc:3490 btif_av_get_peer_sep: No active sink or source peer found
06-04 20:53:27.182 I/btif_av ( 1081): packages/modules/Bluetooth/system/btif/src/btif_av.cc:3490 btif_av_get_peer_sep: No active sink or source peer found
06-04 20:53:27.182 I/btif_av ( 1081): packages/modules/Bluetooth/system/btif/src/btif_av.cc:1165 DeleteIdlePeers: DeleteIdlePeers: Deleting idle peer: xx:xx:xx:xx:c0:7a bta_handle=0x41
06-04 20:53:27.182 D/BtGatt.GattService( 1081): onDisconnected() - removing permit for address=E4:BB:D3:57:C0:7A
06-04 20:53:27.183 D/BluetoothGatt( 1526): onClientConnectionState() - status=22 clientIf=6 device=E4:BB:D3:57:C0:7A
06-04 20:53:27.183 D/BluetoothGatt( 1526): onClientConnectionState() - status=22 clientIf=7 device=E4:BB:D3:57:C0:7A
06-04 20:53:27.183 D/BluetoothGatt( 1526): cancelOpen() - device: E4:BB:D3:57:C0:7A
06-04 20:53:27.183 D/BluetoothGatt( 1526): cancelOpen() - device: E4:BB:D3:57:C0:7A
06-04 20:53:27.186 W/BatteryService( 1081): getBatteryService(): service is NULL
06-04 20:53:27.186 D/BluetoothGatt( 1526): close()
06-04 20:53:27.186 D/BluetoothGatt( 1526): unregisterApp() - mClientIf=7
06-04 20:53:27.186 V/BluetoothDatabase( 1081): getProfileConnectionPolicy: device XX:XX:XX:XX:C0:7A profile=A2DP, connectionPolicy=-1
06-04 20:53:27.186 V/BluetoothDatabase( 1081): getProfileConnectionPolicy: device XX:XX:XX:XX:C0:7A profile=HEADSET, connectionPolicy=-1
06-04 20:53:27.186 V/BluetoothDatabase( 1081): getProfileConnectionPolicy: device XX:XX:XX:XX:C0:7A profile=HID_HOST, connectionPolicy=100
06-04 20:53:27.188 D/BluetoothGatt( 1526): close()
06-04 20:53:27.188 D/BluetoothGatt( 1526): unregisterApp() - mClientIf=6
06-04 20:53:27.192 I/bluetooth( 1081): packages/modules/Bluetooth/system/btif/co/bta_hh_co.cc:483 bta_hh_co_close: Closing device handle=16, status=2, address=xx:xx:xx:xx:c0:7a
06-04 20:53:27.193 D/BluetoothHidHostService( 1081): Connection state XX:XX:XX:XX:C0:7A: 2->3
06-04 20:53:27.194 I/bluetooth( 1081): packages/modules/Bluetooth/system/gd/hci/le_address_manager.cc:596 OnCommandComplete: Received command complete with op_code LE_ADD_DEVICE_TO_FILTER_ACCEPT_LIST
06-04 20:53:27.194 I/bluetooth( 1081): packages/modules/Bluetooth/system/gd/hci/le_address_manager.cc:294 resume_registered_clients: Resuming registered clients
06-04 20:53:27.200 I/bluetooth( 1081): packages/modules/Bluetooth/system/gd/hci/acl_manager/le_impl.h:878 update_connectability_state_after_armed: Le connection state machine armed state:ConnectabilityState::ARMED status:SUCCESS
06-04 20:53:27.206 E/hq ( 1559): AdHelper:::StrReceiver onReceive=android.intent.action.SCREEN_ON
06-04 20:53:27.207 D/FrameWorkHelper( 1559): isStrRestart:>>> true
06-04 20:53:27.207 D/MesonDisplayServer( 290): getDisplayAttribute "Dolby Vision CAP2": "The Rx don't support DolbyVision"
06-04 20:53:27.208 I/SystemControl( 317): [/Ubootenv.cpp, updateValue, 68] [ubootenv] update value name [ubootenv.var.hdr_policy]: value [0]
06-04 20:53:27.208 I/SystemControl( 317): [/Ubootenv.cpp, get, 336] [ubootenv] get key:hdr_policy envValue: 0
06-04 20:53:27.209 E/bond ( 3250): name=Dangbei,state=12,action=android.bluetooth.device.action.ACL_DISCONNECTED
06-04 20:53:27.209 I/SystemControl( 317): [/Ubootenv.cpp, updateValue, 68] [ubootenv] update value name [ubootenv.var.hdr_priority]: value [268435472]
06-04 20:53:27.209 I/SystemControl( 317): [/Ubootenv.cpp, get, 336] [ubootenv] get key:hdr_priority envValue: 268435472
06-04 20:53:27.210 I/SystemControl( 317): [/DisplayMode.cpp, filterHdmiDispcap, 1427] after filtered HdmiDispcap: 480p60hz
06-04 20:53:27.210 I/SystemControl( 317): 720p60hz
06-04 20:53:27.210 I/SystemControl( 317): 1080i60hz
06-04 20:53:27.210 I/SystemControl( 317): 480i60hz
06-04 20:53:27.210 I/SystemControl( 317): 1080p60hz
06-04 20:53:27.210 I/SystemControl( 317): 576p50hz
06-04 20:53:27.210 I/SystemControl( 317): 720p50hz
06-04 20:53:27.210 I/SystemControl( 317): 1080i50hz
06-04 20:53:27.210 I/SystemControl( 317): 576i50hz
06-04 20:53:27.210 I/SystemControl( 317): 1080p50hz
06-04 20:53:27.210 I/SystemControl( 317): 2160p24hz
06-04 20:53:27.210 I/SystemControl( 317): 2160p25hz
06-04 20:53:27.210 I/SystemControl( 317): 2160p30hz
06-04 20:53:27.210 I/SystemControl( 317): 2160p50hz
06-04 20:53:27.210 I/SystemControl( 317): 2160p60hz
06-04 20:53:27.210 I/SystemControl( 317): smpte24hz
06-04 20:53:27.210 I/SystemControl( 317): smpte25hz
06-04 20:53:27.210 I/SystemControl( 317): smpte30hz
06-04 20:53:27.210 I/SystemControl( 317): smpte50hz
06-04 20:53:27.210 I/SystemControl( 317): smpte60hz
06-04 20:53:27.210 I/SystemControl( 317):
06-04 20:53:27.213 D/FrameWorkHelper( 1559): resetRestart:
06-04 20:53:27.213 E/hq ( 1559): AdHelper:::str 开启,重新走广告流程
06-04 20:53:27.214 I/SystemControl( 317): [/Ubootenv.cpp, get, 336] [ubootenv] get key:user_colorattribute envValue: 420,10bit
06-04 20:53:27.214 V/MesonDisplayServer( 290): GetDisplayMode:dummy_l
06-04 20:53:27.214 I/SystemControl( 317): [/Ubootenv.cpp, get, 336] [ubootenv] get key:hdmimode envValue: none
06-04 20:53:27.214 I/SystemControl( 317): [/Ubootenv.cpp, get, 336] [ubootenv] get key:cvbsmode envValue: 576cvbs
06-04 20:53:27.214 I/SystemControl( 317): [/Ubootenv.cpp, get, 336] [ubootenv] get key:user_colorattribute envValue: 420,10bit
06-04 20:53:27.215 D/AdapterProperties( 1081): PROFILE_CONNECTION_STATE_CHANGE: profile=4, device=XX:XX:XX:XX:C0:7A, 2 -> 3
06-04 20:53:27.215 I/SystemControl( 317): [/Ubootenv.cpp, get, 345] [ubootenv] search end and not find env:dv_enable
06-04 20:53:27.215 E/MesonHwc( 290): dolby vision driver is not ready
06-04 20:53:27.215 I/SystemControl( 317): [/Ubootenv.cpp, get, 345] [ubootenv] search end and not find env:user_prefer_dv_type
06-04 20:53:27.216 E/MesonHwc( 290): dolby vision driver is not ready
06-04 20:53:27.216 D/MesonDisplayServer( 290): getDisplayAttribute "Dolby Vision CAP2": "The Rx don't support DolbyVision"
06-04 20:53:27.216 E/MesonHwc( 290): TV isn't support dv: The Rx don't support DolbyVision
06-04 20:53:27.216 I/SystemControl( 317): [/Ubootenv.cpp, get, 345] [ubootenv] search end and not find env:hdr_force_mode
06-04 20:53:27.216 I/SystemControl( 317): [/Ubootenv.cpp, get, 336] [ubootenv] get key:hdr_policy envValue: 0
06-04 20:53:27.216 I/SystemControl( 317): [/Ubootenv.cpp, get, 336] [ubootenv] get key:hdr_priority envValue: 268435472
06-04 20:53:27.217 V/WindowManager( 711): Sent Transition #4 createdAt=06-04 20:53:27.091 via request=TransitionRequestInfo { type = 11, triggerTask = null, remoteTransition = null, displayChange = null, flags = 0 }
06-04 20:53:27.217 V/WindowManager( 711): startWCT=WindowContainerTransaction { changes = {} hops = [] errorCallbackToken=null taskFragmentOrganizer=null }
06-04 20:53:27.217 W/ContextImpl( 711): Calling a method in the system process without a qualified user: android.app.ContextImpl.startService:1899 com.android.server.wm.DisplayPolicy.lambda$focusChangedLw$5:2126 com.android.server.wm.DisplayPolicy.$r8$lambda$Znxk63oh-WzVnzo_WQefN7uxV48:0 com.android.server.wm.DisplayPolicy$$ExternalSyntheticLambda13.run:0 android.os.Handler.handleCallback:958
06-04 20:53:27.217 V/WindowManager( 711): info={id=4 t=WAKE f=0x0 trk=0 r=[0@Point(0, 0)] c=[{WCT{RemoteToken{a920107 Task{2f7c9d4 #73 type=standard A=1000:com.dangbei.haqusetting}}} m=TO_FRONT f=TRANSLUCENT p=WCT{RemoteToken{86f6262 DefaultTaskDisplayArea@19039831}} leash=Surface(name=Task=73)/@0xe23d588 sb=Rect(0, 0 - 1920, 1080) eb=Rect(0, 0 - 1920, 1080) d=0},{WCT{RemoteToken{132eff3 Task{7b1e94f #1 type=home}}} m=TO_FRONT f=NONE p=WCT{RemoteToken{86f6262 DefaultTaskDisplayArea@19039831}} leash=Surface(name=Task=1)/@0x58c0f5d sb=Rect(0, 0 - 1920, 1080) eb=Rect(0, 0 - 1920, 1080) d=0},{WCT{RemoteToken{86f6262 DefaultTaskDisplayArea@19039831}} m=TO_FRONT f=NONE leash=Surface(name=DefaultTaskDisplayArea)/@0xa541e0f sb=Rect(0, 0 - 1920, 1080) eb=Rect(0, 0 - 1920, 1080) d=0}]}
06-04 20:53:27.218 D/AdapterProperties( 1081): ADAPTER_CONNECTION_STATE_CHANGE: XX:XX:XX:XX:C0:7A: 2 -> 3
06-04 20:53:27.219 V/WindowManagerShell( 1328): onTransitionReady android.os.BinderProxy@a00b840: {id=4 t=WAKE f=0x0 trk=0 r=[0@Point(0, 0)] c=[{WCT{android.window.IWindowContainerToken$Stub$Proxy@3e87e35} m=TO_FRONT f=TRANSLUCENT p=WCT{android.window.IWindowContainerToken$Stub$Proxy@27012ca} leash=Surface(name=Task=73)/@0xbf22379 sb=Rect(0, 0 - 1920, 1080) eb=Rect(0, 0 - 1920, 1080) d=0},{WCT{android.window.IWindowContainerToken$Stub$Proxy@1adbc3b} m=TO_FRONT f=NONE p=WCT{android.window.IWindowContainerToken$Stub$Proxy@6f54f58} leash=Surface(name=Task=1)/@0x57e28be sb=Rect(0, 0 - 1920, 1080) eb=Rect(0, 0 - 1920, 1080) d=0},{WCT{android.window.IWindowContainerToken$Stub$Proxy@aafc8b1} m=TO_FRONT f=NONE leash=Surface(name=DefaultTaskDisplayArea)/@0x8156d1f sb=Rect(0, 0 - 1920, 1080) eb=Rect(0, 0 - 1920, 1080) d=0}]}
06-04 20:53:27.220 V/WindowManagerShell( 1328): Playing animation for (#4)android.os.BinderProxy@a00b840@0
06-04 20:53:27.220 D/hdmicecd( 505): [CEC]:printCecMessage, [4 -> 4] len: 0, body:, result:no ack
06-04 20:53:27.221 V/WindowManagerShell( 1328): try handler com.android.wm.shell.keyguard.KeyguardTransitionHandler@6f966ec
06-04 20:53:27.221 V/WindowManagerShell( 1328): try handler com.android.wm.shell.pip.tv.TvPipTransition@c14eab5
06-04 20:53:27.221 V/WindowManagerShell( 1328): try handler com.android.wm.shell.activityembedding.ActivityEmbeddingController@169454a
06-04 20:53:27.221 V/WindowManagerShell( 1328): try handler com.android.wm.shell.transition.RemoteTransitionHandler@e2b3cbb
06-04 20:53:27.221 D/aaa ( 1601): LedStatusService onStartCommand begin
06-04 20:53:27.221 V/WindowManagerShell( 1328): Transition doesn't have explicit remote, search filters for match for {id=4 t=WAKE f=0x0 trk=0 r=[0@Point(0, 0)] c=[{WCT{android.window.IWindowContainerToken$Stub$Proxy@3e87e35} m=TO_FRONT f=TRANSLUCENT p=WCT{android.window.IWindowContainerToken$Stub$Proxy@27012ca} leash=Surface(name=Task=73)/@0xbf22379 sb=Rect(0, 0 - 1920, 1080) eb=Rect(0, 0 - 1920, 1080) d=0},{WCT{android.window.IWindowContainerToken$Stub$Proxy@1adbc3b} m=TO_FRONT f=NONE p=WCT{android.window.IWindowContainerToken$Stub$Proxy@6f54f58} leash=Surface(name=Task=1)/@0x57e28be sb=Rect(0, 0 - 1920, 1080) eb=Rect(0, 0 - 1920, 1080) d=0},{WCT{android.window.IWindowContainerToken$Stub$Proxy@aafc8b1} m=TO_FRONT f=NONE leash=Surface(name=DefaultTaskDisplayArea)/@0x8156d1f sb=Rect(0, 0 - 1920, 1080) eb=Rect(0, 0 - 1920, 1080) d=0}]}
06-04 20:53:27.221 V/WindowManagerShell( 1328): Delegate animation for #4 to null
06-04 20:53:27.221 V/WindowManagerShell( 1328): try handler com.android.wm.shell.transition.DefaultTransitionHandler@88c05d8
06-04 20:53:27.221 V/WindowManagerShell( 1328): start default transition animation, info = {id=4 t=WAKE f=0x0 trk=0 r=[0@Point(0, 0)] c=[{WCT{android.window.IWindowContainerToken$Stub$Proxy@3e87e35} m=TO_FRONT f=TRANSLUCENT p=WCT{android.window.IWindowContainerToken$Stub$Proxy@27012ca} leash=Surface(name=Task=73)/@0xbf22379 sb=Rect(0, 0 - 1920, 1080) eb=Rect(0, 0 - 1920, 1080) d=0},{WCT{android.window.IWindowContainerToken$Stub$Proxy@1adbc3b} m=TO_FRONT f=NONE p=WCT{android.window.IWindowContainerToken$Stub$Proxy@6f54f58} leash=Surface(name=Task=1)/@0x57e28be sb=Rect(0, 0 - 1920, 1080) eb=Rect(0, 0 - 1920, 1080) d=0},{WCT{android.window.IWindowContainerToken$Stub$Proxy@aafc8b1} m=TO_FRONT f=NONE leash=Surface(name=DefaultTaskDisplayArea)/@0x8156d1f sb=Rect(0, 0 - 1920, 1080) eb=Rect(0, 0 - 1920, 1080) d=0}]}
06-04 20:53:27.223 V/WindowManagerShell( 1328): Transition animation finished (aborted=false), notifying core (#4)android.os.BinderProxy@a00b840@0
06-04 20:53:27.223 D/aaa ( 1601): topPkg is -------------- :com.dangbei.haqusetting
06-04 20:53:27.224 I/dangbei111( 1526): cccccc on receiver=android.bluetooth.device.action.ACL_DISCONNECTED,mac=E4:BB:D3:57:C0:7A
06-04 20:53:27.225 I/BLE_Service( 1105): >ACL LINK DISCONNECTED [Dangbei]
06-04 20:53:27.226 V/WindowManager( 711): Finish Transition #4: created at
06-04 20:53:27.091 collect-started=0.117ms request-sent=0.196ms started=20.996ms ready=20.939ms sent=119.826ms finished=133.573ms
06-04 20:53:27.227 D/InstantWifi( 711): mScreenOn is changed to true
