06-04 20:52:10.387 I/ActivityManager( 711): Background started FGS: Allowed [callingPackage: com.dangbei.screencast; callingUid: 10043; uidState: CEM ; uidBFSL: n/a; intent: Intent { act=com.dangbei.screencast.STARTUP pkg=com.dangbei.screencast }; code:SYSTEM_ALERT_WINDOW_PERMISSION; tempAllowListReason:; targetSdkVersion:28; callerTargetSdkVersion:28; startForegroundCount:0; bindFromPackage:null: isBindService:false]
06-04 20:52:10.398 D/CompatibilityChangeReporter( 711): Compat change id reported: 168419799; UID 10019; state: DISABLED
06-04 20:52:10.399 D/CompatibilityChangeReporter( 711): Compat change id reported: 273564678; UID 10019; state: DISABLED
06-04 20:52:10.402 D/CompatibilityChangeReporter( 711): Compat change id reported: 265195908; UID 10019; state: ENABLED
06-04 20:52:10.410 D/CompatibilityChangeReporter( 711): Compat change id reported: 170668199; UID 10043; state: DISABLED
06-04 20:52:10.411 W/ActivityManager( 711): Foreground service started from background can not have location/camera/microphone access: service com.dangbei.screencast/.startup.StartupService
06-04 20:52:10.411 D/CompatibilityChangeReporter( 711): Compat change id reported: 255038118; UID 10043; state: DISABLED
06-04 20:52:10.411 D/CompatibilityChangeReporter( 711): Compat change id reported: 255042465; UID 10043; state: DISABLED
06-04 20:52:10.413 W/ForegroundServiceTypeLoggerModule( 711): Foreground service start for UID: 10043 does not have any types
06-04 20:52:10.415 I/ActivityManager( 711): Deferring FGS notification in legacy app com.dangbei.screencast/u0a43 : Notification(channel=channel_record shortcut=null contentView=null vibrate=null sound=null defaults=0x0 flags=0x60 color=0x00000000 category=transport vis=PUBLIC)
06-04 20:52:10.446 D/CompatibilityChangeReporter( 711): Compat change id reported: 170503758; UID 10019; state: ENABLED
06-04 20:52:10.513 I/ActivityManager( 711): Background started FGS: Allowed [callingPackage: com.dangbei.screencast; callingUid: 10043; uidState: FGS ; uidBFSL: [BFSL]; intent: Intent { cmp=com.dangbei.screencast/.huaweicast.service.HuaweiCastService }; code:PROC_STATE_FGS; tempAllowListReason:; targetSdkVersion:28; callerTargetSdkVersion:28; startForegroundCount:0; bindFromPackage:null: isBindService:false]
06-04 20:52:10.586 D/CompatibilityChangeReporter( 711): Compat change id reported: 261072174; UID 10043; state: DISABLED
06-04 20:52:10.594 W/ActivityManager( 711): Foreground service started from background can not have location/camera/microphone access: service com.dangbei.screencast/.huaweicast.service.HuaweiCastService
06-04 20:52:10.594 W/ForegroundServiceTypeLoggerModule( 711): Foreground service start for UID: 10043 does not have any types
06-04 20:52:10.667 I/ActivityManager( 711): com.tv.filemanager.os is exempt from freezer
06-04 20:52:10.667 D/CompatibilityChangeReporter( 711): Compat change id reported: 135634846; UID 10041; state: DISABLED
06-04 20:52:10.668 D/CompatibilityChangeReporter( 711): Compat change id reported: 177438394; UID 10041; state: DISABLED
06-04 20:52:10.668 D/CompatibilityChangeReporter( 711): Compat change id reported: 135772972; UID 10041; state: DISABLED
06-04 20:52:10.668 D/CompatibilityChangeReporter( 711): Compat change id reported: 135754954; UID 10041; state: DISABLED
06-04 20:52:10.669 D/CompatibilityChangeReporter( 711): Compat change id reported: 143937733; UID 10041; state: DISABLED
06-04 20:52:10.711 I/ActivityManager( 711): Start proc 2518:com.tv.filemanager.os/u0a41 for broadcast {com.tv.filemanager.os/com.dangbei.lerad.filemanager.receives.USBReceiver}
06-04 20:52:10.789 D/CompatibilityChangeReporter( 711): Compat change id reported: 168419799; UID 10041; state: DISABLED
06-04 20:52:10.790 D/CompatibilityChangeReporter( 711): Compat change id reported: 273564678; UID 10041; state: DISABLED
06-04 20:52:10.799 D/CompatibilityChangeReporter( 711): Compat change id reported: 265195908; UID 10041; state: ENABLED
06-04 20:52:10.893 D/CompatibilityChangeReporter( 711): Compat change id reported: 170503758; UID 10041; state: DISABLED
06-04 20:52:11.025 V/WindowManager( 711): app ------------- force_land :0
06-04 20:52:11.042 D/HDMI ( 711): Hotplug event:[port:0, connected:false]
06-04 20:52:11.043 D/HDMI ( 711): reset tv status for hotplug out
06-04 20:52:11.043 D/AudioService( 711): onStatusChange cecEnabled:true available:false
06-04 20:52:11.045 D/AudioService( 711): setWiredDeviceConnectionState( type:400 state:DEVICE_STATE_UNAVAILABLE addr: name:) from android
06-04 20:52:11.046 I/AS.AudioDeviceInventory( 711): handleDeviceConnection(false dev:400 address: name:)
06-04 20:52:11.046 I/AS.AudioDeviceInventory( 711): deviceKey:0x400:
06-04 20:52:11.051 I/AS.AudioDeviceInventory( 711): deviceInfo:[DeviceInfo: type:0x400 (hdmi) name: addr: codec: 0 sensorUuid: null disabled modes: {}] is(already)Connected:true
06-04 20:52:11.089 I/AS.AudioDeviceInventory( 711): sendDeviceConnectionIntent(dev:0x400 state:0x0 address: name:);
06-04 20:52:11.318 D/LocalDisplayAdapter( 711): The active mode was changed from SurfaceFlinger or the display device to {id=23, width=3840, height=2160, fps=59.94006, alternativeRefreshRates=[], supportedHdrTypes=[]}
06-04 20:52:11.318 D/LocalDisplayAdapter( 711): New display modes are added and the active mode has changed, use active mode as default mode.
06-04 20:52:11.318 W/LocalDisplayAdapter( 711): DisplayModeSpecs base mode no longer available, using currently active mode.
06-04 20:52:11.321 I/DisplayDeviceRepository( 711): Display device changed: DisplayDeviceInfo{"内置屏幕": uniqueId="local:4616277992360486155", 3840 x 2160, modeId 3, renderFrameRate 59.94006, defaultModeId 3, supportedModes [{id=1, width=1920, height=1080, fps=119.88013, alternativeRefreshRates=[], supportedHdrTypes=[2, 3]}, {id=2, width=1920, height=1080, fps=120.00001, alternativeRefreshRates=[], supportedHdrTypes=[2, 3]}, {id=3, width=3840, height=2160, fps=59.94006, alternativeRefreshRates=[], supportedHdrTypes=[2, 3]}, {id=4, width=3840, height=2160, fps=60.000004, alternativeRefreshRates=[], supportedHdrTypes=[2, 3]}, {id=5, width=3840, height=2160, fps=50.0, alternativeRefreshRates=[], supportedHdrTypes=[2, 3]}, {id=6, width=3840, height=2160, fps=29.97003, alternativeRefreshRates=[], supportedHdrTypes=[2, 3]}, {id=7, width=3840, height=2160, fps=30.000002, alternativeRefreshRates=[], supportedHdrTypes=[2, 3]}, {id=8, width=3840, height=2160, fps=25.0, alternativeRefreshRates=[], supportedHdrTypes=[2, 3]}, {id=9, width=3840, height=2160, fps=23.976025, alternativeRefreshRates=[], supportedHdrTypes=[2, 3]}, {id=10, width=3840, height=2160, fps=24.000002, alternativeRefreshRates=[], supportedHdrTypes=[2, 3]}, {id=11, width=1920, height=1080, fps=100.0, alternativeRefreshRates=[], supportedHdrTypes=[2, 3]}, {id=12, width=1920, height=1080, fps=59.94006, alternativeRefreshRates=[], supportedHdrTypes=[2, 3]}, {id=13, width=1920, height=1080, fps=60.000004, alternativeRefreshRates=[], supportedHdrTypes=[2, 3]}, {id=14, width=1920, height=1080, fps=50.0, alternativeRefreshRates=[], supportedHdrTypes=[2, 3]}, {id=15, width=1920, height=1080, fps=29.97003, alternativeRefreshRates=[], supportedHdrTypes=[2, 3]}, {id=16, width=1920, height=1080, fps=30.000002, alternativeRefreshRates=[], supportedHdrTypes=[2, 3]}, {id=17, width=1920, height=1080, fps=25.0, alternativeRefreshRates=[], supportedHdrTypes=[2, 3]}, {id=18, width=1920, height=1080, fps=23.976025, alternativeRefreshRates=[], supportedHdrTypes=[2, 3]}, {id=19, width=1920, height=1080, fps=24.000002, alternativeRefreshRates=[], supportedHdrTypes=[2, 3]}, {id=20, width=1280, height=720, fps=59.94006, alternativeRefreshRates=[], supportedHdrTypes=[2, 3]}, {id=21, width=1280, height=720, fps=60.000004, alternativeRefreshRates=[], supportedHdrTypes=[2, 3]}, {id=22, width=1280, height=720, fps=50.0, alternativeRefreshRates=[], supportedHdrTypes=[2, 3]}], colorMode 0, supportedColorModes [0], hdrCapabilities HdrCapabilities{mSupportedHdrTypes=[2, 3], mMaxLuminance=500.0, mMaxAverageLuminance=500.0, mMinLuminance=0.0}, allmSupported true, gameContentTypeSupported false, density 480, 84.813 x 84.406 dpi, appVsyncOff 2000000, presDeadline 13683333, touch INTERNAL, rotation 0, type INTERNAL, address {port=11, model=0x401050603f19a5}, deviceProductInfo DeviceProductInfo{name=Dangbei , manufacturerPnpId=DBP, productId=48, modelYear=null, manufactureDate=ManufactureDate{week=10, year=2014}, connectionToSinkType=2}, state ON, committedState ON, frameRateOverride , brightnessMinimum 0.0, brightnessMaximum 1.0, brightnessDefault 0.39763778, hdrSdrRatio NaN, FLAG_ALLOWED_TO_BE_DEFAULT_DISPLAY, FLAG_ROTATES_WITH_CONTENT, FLAG_SECURE, FLAG_SUPPORTS_PROTECTED_BUFFERS, FLAG_TRUSTED, installOrientation 0, displayShape DisplayShape{ spec=-545313861 displayWidth=3840 displayHeight=2160 physicalPixelDisplaySizeRatio=1.0 rotation=0 offsetX=0 offsetY=0 scale=1.0}}
06-04 20:52:11.325 W/LocalDisplayAdapter( 711): Ignoring request for invalid base mode id 3
06-04 20:52:11.330 I/DisplayDeviceRepository( 711): Display device changed: DisplayDeviceInfo{"内置屏幕": uniqueId="local:4616277992360486155", 3840 x 2160, modeId 23, renderFrameRate 59.94006, defaultModeId 23, supportedModes [{id=23, width=3840, height=2160, fps=59.94006, alternativeRefreshRates=[], supportedHdrTypes=[]}], colorMode 0, supportedColorModes [0], hdrCapabilities HdrCapabilities{mSupportedHdrTypes=[], mMaxLuminance=500.0, mMaxAverageLuminance=500.0, mMinLuminance=0.0}, allmSupported false, gameContentTypeSupported false, density 480, 84.813 x 84.406 dpi, appVsyncOff 2000000, presDeadline 13683333, touch INTERNAL, rotation 0, type INTERNAL, address {port=11, model=0x401050603f19a5}, deviceProductInfo DeviceProductInfo{name=Linux FHD, manufacturerPnpId=LNX, productId=0, modelYear=null, manufactureDate=ManufactureDate{week=5, year=2012}, connectionToSinkType=0}, state ON, committedState ON, frameRateOverride , brightnessMinimum 0.0, brightnessMaximum 1.0, brightnessDefault 0.39763778, hdrSdrRatio NaN, FLAG_ALLOWED_TO_BE_DEFAULT_DISPLAY, FLAG_ROTATES_WITH_CONTENT, FLAG_SECURE, FLAG_SUPPORTS_PROTECTED_BUFFERS, FLAG_TRUSTED, installOrientation 0, displayShape DisplayShape{ spec=-545313861 displayWidth=3840 displayHeight=2160 physicalPixelDisplaySizeRatio=1.0 rotation=0 offsetX=0 offsetY=0 scale=1.0}}
06-04 20:52:11.443 D/CompatibilityChangeReporter( 711): Compat change id reported: 161145287; UID 10041; state: DISABLED
06-04 20:52:11.488 E/ActivityThread( 2518): Failed to find provider info for lerad.provider.etna
06-04 20:52:11.592 I/ActivityManager( 711): com.oranth.usbopenft is exempt from freezer
06-04 20:52:11.592 D/CompatibilityChangeReporter( 711): Compat change id reported: 135634846; UID 1000; state: DISABLED
06-04 20:52:11.687 W/ActivityManager( 711): Slow operation: 96ms so far, now at startProcess: returned from zygote!
06-04 20:52:11.688 W/ActivityManager( 711): Slow operation: 97ms so far, now at startProcess: done updating battery stats
06-04 20:52:11.688 W/ActivityManager( 711): Slow operation: 97ms so far, now at startProcess: building log message
06-04 20:52:11.688 I/ActivityManager( 711): Start proc 2611:com.oranth.usbopenft/1000 for broadcast {com.oranth.usbopenft/com.oranth.usbopenft.UsbReceiver}
06-04 20:52:11.688 W/ActivityManager( 711): Slow operation: 97ms so far, now at startProcess: starting to update pids map
06-04 20:52:11.688 W/ActivityManager( 711): Slow operation: 97ms so far, now at startProcess: done updating pids map
06-04 20:52:11.725 D/CompatibilityChangeReporter( 711): Compat change id reported: 168419799; UID 1000; state: DISABLED
06-04 20:52:11.726 D/CompatibilityChangeReporter( 711): Compat change id reported: 273564678; UID 1000; state: DISABLED
06-04 20:52:13.649 W/BroadcastLoopers( 711): Found previously unknown looper Thread[PackageManager,5,main]
06-04 20:52:13.695 W/BroadcastLoopers( 711): Found previously unknown looper Thread[android.bg,5,main]
06-04 20:52:13.700 W/VoiceInteractionManager( 711): no available voice recognition services found for user 0
06-04 20:52:13.706 W/VoiceInteractionManager( 711): no available voice recognition services found for user 0
06-04 20:52:13.715 D/CompatibilityChangeReporter( 711): Compat change id reported: 253665015; UID 10018; state: ENABLED
06-04 20:52:13.715 D/CompatibilityChangeReporter( 711): Compat change id reported: 194532703; UID 10018; state: ENABLED
06-04 20:52:13.812 D/CompatibilityChangeReporter( 711): Compat change id reported: 161145287; UID 10070; state: ENABLED
06-04 20:52:13.857 W/BroadcastLoopers( 711): Found previously unknown looper Thread[appscheduling.default,5,main]
06-04 20:52:15.506 I/keystore2( 283): system/security/keystore2/src/watchdog.rs:319 - Watchdog thread idle -> terminating. Have a great day.
06-04 20:52:15.517 D/CompatibilityChangeReporter( 711): Compat change id reported: 135634846; UID 10043; state: DISABLED
06-04 20:52:15.518 D/CompatibilityChangeReporter( 711): Compat change id reported: 143937733; UID 10043; state: DISABLED
06-04 20:52:15.531 I/ActivityManager( 711): Start proc 2719:com.huawei.connection/u0a43 for service {com.dangbei.screencast/com.huawei.connection.service.NearFieldManagerService}
06-04 20:52:15.613 D/ActivityManager( 711): freezing 1584 com.android.music
06-04 20:52:15.873 D/OomAdjuster( 711): Not killing cached processes
06-04 20:52:16.383 W/WindowManager( 711): [addWindow] title:
06-04 20:52:16.386 D/CompatibilityChangeReporter( 711): Compat change id reported: 168419799; UID 1000; state: DISABLED
06-04 20:52:16.387 D/CompatibilityChangeReporter( 711): Compat change id reported: 273564678; UID 1000; state: DISABLED
06-04 20:52:16.394 D/CoreBackPreview( 711): Window{93ac867 u0 com.dangbei.leard.leradlauncher}: Setting back callback OnBackInvokedCallbackInfo{mCallback=android.window.IOnBackInvokedCallback$Stub$Proxy@30a7cb2, mPriority=0, mIsAnimationCallback=false}
06-04 20:52:16.490 W/ContextImpl( 711): Calling a method in the system process without a qualified user: android.app.ContextImpl.startService:1899 com.android.server.wm.DisplayPolicy.lambda$focusChangedLw$5:2126 com.android.server.wm.DisplayPolicy.$r8$lambda$Znxk63oh-WzVnzo_WQefN7uxV48:0 com.android.server.wm.DisplayPolicy$$ExternalSyntheticLambda13.run:0 android.os.Handler.handleCallback:958
06-04 20:52:19.261 I/ActivityManager( 711): Skip zero pid ANR, process=WebViewLoader-armeabi-v7a
06-04 20:52:20.630 W/NotificationHistory( 711): Attempted to add notif for locked/gone/disabled user 0
06-04 20:52:20.880 D/ActivityManager( 711): freezing 2406 com.android.externalstorage
06-04 20:52:20.981 I/ActivityManager( 711): Waited long enough for: ServiceRecord{2d95067 u0 com.oranth.storage/.MainService}
06-04 20:52:21.060 D/CompatibilityChangeReporter( 711): Compat change id reported: 161145287; UID 10043; state: DISABLED
06-04 20:52:21.293 I/ActivityManager( 711): Waited long enough for: ServiceRecord{aa37d17 u0 com.droidlogic.mictoggle/.AssistantMicMuteService}
06-04 20:52:21.776 W/ActivityThread( 1559): ClassLoader.loadClass: The class loader returned by Thread.getContextClassLoader() may fail for processes that host multiple applications. You should explicitly specify a context class loader. For example: Thread.setContextClassLoader(getClass().getClassLoader());
06-04 20:52:22.227 I/ActivityManager( 711): Waited long enough for: ServiceRecord{ec6c54b u0 com.dangbei.lerad.rocky/com.dangbei.phrike.core.PhrikeDownloadService}
06-04 20:52:22.472 W/WindowManager( 711): Failed looking up window session=Session{2838a81 1559:1000} callers=com.android.server.wm.WindowManagerService.windowForClientLocked:6075 com.android.server.wm.Session.setOnBackInvokedCallbackInfo:949 android.view.IWindowSession$Stub.onTransact:1145
06-04 20:52:22.472 I/WindowManager( 711): setOnBackInvokedCallback(): No window state for package:com.dangbei.leard.leradlauncher
06-04 20:52:22.477 V/WindowManager( 711): Unknown focus tokens, dropping reportFocusChanged
06-04 20:52:22.498 D/CompatibilityChangeReporter( 711): Compat change id reported: 214016041; UID 1000; state: DISABLED
06-04 20:52:22.499 D/CompatibilityChangeReporter( 711): Compat change id reported: 214016041; UID 1000; state: ENABLED
06-04 20:52:22.573 W/ContextImpl( 711): Calling a method in the system process without a qualified user: android.app.ContextImpl.startService:1899 com.android.server.wm.DisplayPolicy.lambda$focusChangedLw$5:2126 com.android.server.wm.DisplayPolicy.$r8$lambda$Znxk63oh-WzVnzo_WQefN7uxV48:0 com.android.server.wm.DisplayPolicy$$ExternalSyntheticLambda13.run:0 android.os.Handler.handleCallback:958
06-04 20:52:22.574 D/OomAdjuster( 711): Not killing cached processes
06-04 20:52:23.825 D/CompatibilityChangeReporter( 711): Compat change id reported: 261072174; UID 1000; state: ENABLED
06-04 20:52:25.798 I/keystore2( 283): system/security/keystore2/src/watchdog.rs:319 - Watchdog thread idle -> terminating. Have a great day.
06-04 20:52:28.099 D/OomAdjuster( 711): Not killing cached processes
06-04 20:52:28.883 D/CompatibilityChangeReporter( 711): Compat change id reported: 265195908; UID 10070; state: ENABLED
06-04 20:52:29.207 D/HDMI ( 711): Hotplug event:[port:0, connected:true]
06-04 20:52:29.212 V/WindowManager( 711): app ------------- force_land :0
06-04 20:52:29.220 D/HDMI ( 711): initPortInfo port info:port_id: 0, type: HDMI_OUT, address: 0x3000, cec: true, arc: true, mhl: false, earc: false
06-04 20:52:29.226 D/HDMI ( 711): Hotplug event:[port:0, connected:false]
06-04 20:52:29.235 V/WindowManager( 711): app ------------- force_land :0
06-04 20:52:29.237 D/AudioService( 711): setWiredDeviceConnectionState( type:400 state:DEVICE_STATE_AVAILABLE addr: name:) from android
06-04 20:52:29.239 I/AS.AudioDeviceInventory( 711): handleDeviceConnection(true dev:400 address: name:)
06-04 20:52:29.239 I/AS.AudioDeviceInventory( 711): deviceKey:0x400:
06-04 20:52:29.239 I/AS.AudioDeviceInventory( 711): deviceInfo:null is(already)Connected:false
06-04 20:52:32.577 E/LazyAlarmStore( 711): Removed TIME_TICK alarm
06-04 20:52:32.589 D/HDMI ( 711): New logical address for device [4]: [preferred:4, assigned:4]
06-04 20:52:32.705 I/AS.AudioDeviceInventory( 711): sendDeviceConnectionIntent(dev:0x400 state:0x1 address: name:);
06-04 20:52:32.718 W/Looper ( 711): Slow dispatch took 278ms main h=com.android.server.WiredAccessoryManager$1 c=null m=1
06-04 20:52:32.718 W/Looper ( 711): Slow delivery took 234ms main h=com.android.server.power.Notifier$NotifierHandler c=null m=7
06-04 20:52:32.718 W/SyncManager( 711): Clock is valid now.
06-04 20:52:32.718 D/ConditionProviders.SCP( 711): onReceive android.intent.action.TIME_SET
06-04 20:52:32.719 D/ConditionProviders.SCP( 711): evaluateSubscriptionLocked cal=ScheduleCalendar[mDays={1, 2, 3, 4, 5, 6, 7}, mSchedule=ScheduleInfo{days=[1, 2, 3, 4, 5, 6, 7], startHour=22, startMinute=0, endHour=7, endMinute=0, exitAtAlarm=true, nextAlarm=Thu Jan 01 08:00:00 GMT+08:00 1970 (0)}], now=Wed Jun 04 20:52:32 GMT+08:00 2025 (1749041552718), nextUserAlarmTime=Thu Jan 01 08:00:00 GMT+08:00 1970 (0)
06-04 20:52:32.719 D/ConditionProviders.SCP( 711): notifyCondition condition://android/schedule?days=1.2.3.4.5.6.7&start=22.0&end=7.0&exitAtAlarm=true STATE_FALSE reason=!meetsSchedule
06-04 20:52:32.720 D/ConditionProviders.SCP( 711): Scheduling evaluate for Wed Jun 04 22:00:00 GMT+08:00 2025 (1749045600000), in +1h7m27s282ms, now=Wed Jun 04 20:52:32 GMT+08:00 2025 (1749041552718)
06-04 20:52:32.720 D/CompatibilityChangeReporter( 711): Compat change id reported: 171306433; UID 1000; state: ENABLED
06-04 20:52:32.721 D/CompatibilityChangeReporter( 711): Compat change id reported: 218533173; UID 1000; state: ENABLED
06-04 20:52:32.722 D/AudioService( 711): setWiredDeviceConnectionState( type:400 state:DEVICE_STATE_UNAVAILABLE addr: name:) from android
06-04 20:52:32.722 I/AS.AudioDeviceInventory( 711): handleDeviceConnection(false dev:400 address: name:)
06-04 20:52:32.722 I/AS.AudioDeviceInventory( 711): deviceKey:0x400:
06-04 20:52:32.722 I/AS.AudioDeviceInventory( 711): deviceInfo:[DeviceInfo: type:0x400 (hdmi) name: addr: codec: 0 sensorUuid: null disabled modes: {}] is(already)Connected:true
06-04 20:52:32.726 D/HDMI ( 711): addCecDevice new:CEC: logical_address: 0x04 device_type: 4 cec_version: 5 vendor_id: 1877008 display_name: DBBOX-A3 power_status: 0 physical_address: 0x3000 port_id: 0 old:null
06-04 20:52:32.741 I/UsageStatsService( 711): User[0] Time changed in by 3 seconds
06-04 20:52:32.741 I/UsageStatsService( 711): User[0] Flushing usage stats to disk
06-04 20:52:32.742 D/HDMI ( 711): onAddressAllocated address:4 reason:4
06-04 20:52:32.743 D/HDMI ( 711): [S]: 4F:84:30:00:04
06-04 20:52:32.744 D/HDMI ( 711): DeviceDiscoveryAction start com.android.server.hdmi.DeviceDiscoveryAction@f096cc1
06-04 20:52:32.750 I/AS.AudioDeviceInventory( 711): sendDeviceConnectionIntent(dev:0x400 state:0x0 address: name:);
06-04 20:52:32.757 W/Looper ( 711): Drained
06-04 20:52:32.770 D/CompatibilityChangeReporter( 711): Compat change id reported: 143231523; UID 1000; state: DISABLED
06-04 20:52:32.813 I/UsageStatsDatabase( 711): Time changed by +3s195ms. files deleted: 0 files moved: 4
06-04 20:52:32.830 D/HDMI ( 711): [R]: 0F:80:00:00:30:00
06-04 20:52:32.832 D/HDMI ( 711): addCecDevice new:CEC: logical_address: 0x00 device_type: 0 cec_version: 5 vendor_id: 16777215 display_name: TV power_status: -1 physical_address: 0xFFFF port_id: -1 old:null
06-04 20:52:32.832 D/HdmiControlService( 711): Switching to full volume behavior
06-04 20:52:32.832 D/HDMI ( 711): TV is available now for receiving its message
06-04 20:52:32.832 D/AudioService( 711): onStatusChange cecEnabled:true available:true
06-04 20:52:32.842 I/UsageStatsService( 711): User[0] Rollover scheduled @ 2025-06-05 20:09:19(1749125359787)
06-04 20:52:32.847 D/CompatibilityChangeReporter( 711): Compat change id reported: 218533173; UID 10017; state: ENABLED
06-04 20:52:32.847 D/CompatibilityChangeReporter( 711): Compat change id reported: 262645982; UID 10017; state: ENABLED
06-04 20:52:32.848 D/CompatibilityChangeReporter( 711): Compat change id reported: 218533173; UID 10039; state: DISABLED
06-04 20:52:32.849 D/CompatibilityChangeReporter( 711): Compat change id reported: 262645982; UID 10039; state: DISABLED
06-04 20:52:32.851 D/CompatibilityChangeReporter( 711): Compat change id reported: 218533173; UID 10019; state: ENABLED
06-04 20:52:32.851 D/CompatibilityChangeReporter( 711): Compat change id reported: 262645982; UID 10019; state: ENABLED
06-04 20:52:32.854 D/CompatibilityChangeReporter( 711): Compat change id reported: 218533173; UID 10027; state: ENABLED
06-04 20:52:32.855 D/CompatibilityChangeReporter( 711): Compat change id reported: 262645982; UID 10027; state: ENABLED
06-04 20:52:32.866 D/CompatibilityChangeReporter( 711): Compat change id reported: 218533173; UID 10026; state: DISABLED
06-04 20:52:32.866 D/CompatibilityChangeReporter( 711): Compat change id reported: 262645982; UID 10026; state: DISABLED
06-04 20:52:32.867 D/CompatibilityChangeReporter( 711): Compat change id reported: 218533173; UID 10043; state: DISABLED
06-04 20:52:32.867 D/CompatibilityChangeReporter( 711): Compat change id reported: 262645982; UID 10043; state: DISABLED
06-04 20:52:32.874 D/CompatibilityChangeReporter( 711): Compat change id reported: 218533173; UID 10071; state: ENABLED
06-04 20:52:32.875 D/CompatibilityChangeReporter( 711): Compat change id reported: 262645982; UID 10071; state: ENABLED
06-04 20:52:32.879 D/CompatibilityChangeReporter( 711): Compat change id reported: 218533173; UID 10025; state: ENABLED
06-04 20:52:32.880 D/CompatibilityChangeReporter( 711): Compat change id reported: 262645982; UID 10025; state: ENABLED
06-04 20:52:32.882 D/CompatibilityChangeReporter( 711): Compat change id reported: 218533173; UID 10022; state: ENABLED
06-04 20:52:32.882 D/CompatibilityChangeReporter( 711): Compat change id reported: 262645982; UID 10022; state: ENABLED
06-04 20:52:32.884 D/CompatibilityChangeReporter( 711): Compat change id reported: 218533173; UID 10041; state: DISABLED
06-04 20:52:32.884 D/CompatibilityChangeReporter( 711): Compat change id reported: 262645982; UID 10041; state: DISABLED
06-04 20:52:32.886 D/CompatibilityChangeReporter( 711): Compat change id reported: 218533173; UID 10049; state: DISABLED
06-04 20:52:32.886 D/CompatibilityChangeReporter( 711): Compat change id reported: 262645982; UID 10049; state: DISABLED
06-04 20:52:32.888 D/CompatibilityChangeReporter( 711): Compat change id reported: 218533173; UID 10058; state: ENABLED
06-04 20:52:32.889 D/CompatibilityChangeReporter( 711): Compat change id reported: 262645982; UID 10058; state: ENABLED
06-04 20:52:32.890 D/CompatibilityChangeReporter( 711): Compat change id reported: 218533173; UID 10070; state: ENABLED
06-04 20:52:32.891 D/CompatibilityChangeReporter( 711): Compat change id reported: 262645982; UID 10070; state: ENABLED
06-04 20:52:33.099 D/HDMI ( 711): [S]: 4F:87:1C:A4:10
06-04 20:52:33.251 D/HDMI ( 711): [S]: 40:8C
06-04 20:52:33.330 D/HDMI ( 711): [S]: 40:47:44:42:42:4F:58:2D:41:33
06-04 20:52:33.419 I/DisplayDeviceRepository( 711): Display device changed: DisplayDeviceInfo{"内置屏幕": uniqueId="local:4616277992360486155", 3840 x 2160, modeId 23, renderFrameRate 59.94006, defaultModeId 23, supportedModes [{id=23, width=3840, height=2160, fps=59.94006, alternativeRefreshRates=[], supportedHdrTypes=[]}], colorMode 0, supportedColorModes [0], hdrCapabilities HdrCapabilities{mSupportedHdrTypes=[], mMaxLuminance=500.0, mMaxAverageLuminance=500.0, mMinLuminance=0.0}, allmSupported false, gameContentTypeSupported false, density 480, 84.813 x 84.406 dpi, appVsyncOff 2000000, presDeadline 13683333, touch INTERNAL, rotation 0, type INTERNAL, address {port=11, model=0x401050603f19a5}, deviceProductInfo DeviceProductInfo{name=Linux FHD, manufacturerPnpId=LNX, productId=0, modelYear=null, manufactureDate=ManufactureDate{week=5, year=2012}, connectionToSinkType=0}, state ON, committedState ON, frameRateOverride , brightnessMinimum 0.0, brightnessMaximum 1.0, brightnessDefault 0.39763778, hdrSdrRatio NaN, FLAG_ALLOWED_TO_BE_DEFAULT_DISPLAY, FLAG_ROTATES_WITH_CONTENT, FLAG_SECURE, FLAG_SUPPORTS_PROTECTED_BUFFERS, FLAG_TRUSTED, installOrientation 0, displayShape DisplayShape{ spec=-545313861 displayWidth=3840 displayHeight=2160 physicalPixelDisplaySizeRatio=1.0 rotation=0 offsetX=0 offsetY=0 scale=1.0}}
06-04 20:52:33.491 D/HDMI ( 711): Hotplug event:[port:0, connected:true]
06-04 20:52:33.495 V/WindowManager( 711): app ------------- force_land :0
06-04 20:52:33.505 D/HDMI ( 711): initPortInfo port info:port_id: 0, type: HDMI_OUT, address: 0x3000, cec: true, arc: true, mhl: false, earc: false
06-04 20:52:33.515 D/AudioService( 711): setWiredDeviceConnectionState( type:400 state:DEVICE_STATE_AVAILABLE addr: name:) from android
06-04 20:52:33.515 I/AS.AudioDeviceInventory( 711): handleDeviceConnection(true dev:400 address: name:)
06-04 20:52:33.515 I/AS.AudioDeviceInventory( 711): deviceKey:0x400:
06-04 20:52:33.515 I/AS.AudioDeviceInventory( 711): deviceInfo:null is(already)Connected:false
06-04 20:52:33.605 D/HDMI ( 711): [S]: 45:7D
06-04 20:52:33.711 I/AS.AudioDeviceInventory( 711): sendDeviceConnectionIntent(dev:0x400 state:0x1 address: name:);
06-04 20:52:33.766 D/LocalDisplayAdapter( 711): The active mode was changed from SurfaceFlinger or the display device to {id=24, width=1920, height=1080, fps=59.94006, alternativeRefreshRates=[], supportedHdrTypes=[2]}
06-04 20:52:33.766 D/LocalDisplayAdapter( 711): New display modes are added and the active mode has changed, use active mode as default mode.
06-04 20:52:33.766 W/LocalDisplayAdapter( 711): DisplayModeSpecs base mode no longer available, using currently active mode.
06-04 20:52:33.767 I/DisplayDeviceRepository( 711): Display device changed: DisplayDeviceInfo{"内置屏幕": uniqueId="local:4616277992360486155", 3840 x 2160, modeId 23, renderFrameRate 59.94006, defaultModeId 23, supportedModes [{id=23, width=3840, height=2160, fps=59.94006, alternativeRefreshRates=[], supportedHdrTypes=[]}], colorMode 0, supportedColorModes [0], hdrCapabilities HdrCapabilities{mSupportedHdrTypes=[], mMaxLuminance=500.0, mMaxAverageLuminance=500.0, mMinLuminance=0.0}, allmSupported false, gameContentTypeSupported true, density 480, 84.813 x 84.406 dpi, appVsyncOff 2000000, presDeadline 13683333, touch INTERNAL, rotation 0, type INTERNAL, address {port=11, model=0x401050603f19a5}, deviceProductInfo DeviceProductInfo{name=Linux FHD, manufacturerPnpId=LNX, productId=0, modelYear=null, manufactureDate=ManufactureDate{week=5, year=2012}, connectionToSinkType=0}, state ON, committedState ON, frameRateOverride , brightnessMinimum 0.0, brightnessMaximum 1.0, brightnessDefault 0.39763778, hdrSdrRatio NaN, FLAG_ALLOWED_TO_BE_DEFAULT_DISPLAY, FLAG_ROTATES_WITH_CONTENT, FLAG_SECURE, FLAG_SUPPORTS_PROTECTED_BUFFERS, FLAG_TRUSTED, installOrientation 0, displayShape DisplayShape{ spec=-545313861 displayWidth=3840 displayHeight=2160 physicalPixelDisplaySizeRatio=1.0 rotation=0 offsetX=0 offsetY=0 scale=1.0}}
06-04 20:52:33.913 D/HDMI ( 711): [R]: 04:83
06-04 20:52:33.943 D/HDMI ( 711): [R]: 0F:87:00:EC:0A
06-04 20:52:34.049 E/HDMI ( 711): [1]:Failed to send 45:7D with errorCode=1
06-04 20:52:34.050 D/HDMI ( 711): AVR did not respond to
06-04 20:52:34.050 D/HdmiControlService( 711): Switching to full volume behavior
06-04 20:52:34.273 D/HDMI ( 711): New logical address for device [4]: [preferred:4, assigned:4]
06-04 20:52:34.273 D/HDMI ( 711): [S]: 4F:84:30:00:04
06-04 20:52:34.276 D/HDMI ( 711): addCecDevice new:CEC: logical_address: 0x04 device_type: 4 cec_version: 5 vendor_id: 1877008 display_name: DBBOX-A3 power_status: 0 physical_address: 0x3000 port_id: 0 old:null
06-04 20:52:34.288 D/HDMI ( 711): onAddressAllocated address:4 reason:4
06-04 20:52:34.290 I/HdmiCecLocalDevicePlayback( 711): Device Discovery Action is in progress. Restarting.
06-04 20:52:34.290 D/HDMI ( 711): DeviceDiscoveryAction start com.android.server.hdmi.DeviceDiscoveryAction@21700b4
06-04 20:52:34.489 D/HDMI ( 711): [S]: 4F:84:30:00:04
06-04 20:52:34.647 D/HDMI ( 711): [S]: 4F:87:1C:A4:10
06-04 20:52:34.729 D/HDMI ( 711): [R]: 04:8C
06-04 20:52:34.730 D/HDMI ( 711): addCecDevice new:CEC: logical_address: 0x00 device_type: 0 cec_version: 5 vendor_id: 16777215 display_name: TV power_status: -1 physical_address: 0xFFFF port_id: -1 old:null
06-04 20:52:34.731 D/HdmiControlService( 711): Switching to full volume behavior
06-04 20:52:34.999 D/HDMI ( 711): [S]: 40:8C
06-04 20:52:35.078 D/HDMI ( 711): [S]: 40:47:44:42:42:4F:58:2D:41:33
06-04 20:52:35.353 D/HDMI ( 711): [S]: 45:7D
06-04 20:52:35.466 D/HDMI ( 711): AVR did not respond to
06-04 20:52:35.466 D/HdmiControlService( 711): Switching to full volume behavior
06-04 20:52:35.581 D/HDMI ( 711): [S]: 4F:87:1C:A4:10
06-04 20:52:35.895 D/HDMI ( 711): [R]: 0F:87:00:EC:0A
06-04 20:52:36.349 D/HdmiCecController( 711): [P]:AllocatedAddress=[0]
06-04 20:52:36.349 W/HDMI ( 711): [1]:onPollingFinished but action has been removed com.android.server.hdmi.DeviceDiscoveryAction$1@53a54dd
06-04 20:52:36.466 D/HdmiCecController( 711): [P]:AllocatedAddress=[0]
06-04 20:52:36.466 D/HDMI ( 711): [S]: 40:83
06-04 20:52:36.702 D/HDMI ( 711): [R]: 0F:84:00:00:00
06-04 20:52:36.704 D/HDMI ( 711): addCecDevice new:CEC: logical_address: 0x00 device_type: 0 cec_version: 5 vendor_id: 60426 display_name: TV power_status: -1 physical_address: 0x0000 port_id: -1 old:CEC: logical_address: 0x00 device_type: 0 cec_version: 5 vendor_id: 60426 display_name: TV power_status: -1 physical_address: 0xFFFF port_id: -1
06-04 20:52:36.704 D/HdmiControlService( 711): Switching to full volume behavior
06-04 20:52:36.706 D/HDMI ( 711): [S]: 40:46
06-04 20:52:37.114 D/HDMI ( 711): [R]: 04:47:4D:69:54:56:2D:41:4E:53:50:30
06-04 20:52:37.115 D/HdmiCecNetwork( 711): Updating device OSD name from TV to MiTV-ANSP0
06-04 20:52:37.117 D/HDMI ( 711): [S]: 40:8F
06-04 20:52:37.309 D/HDMI ( 711): [R]: 04:90:00
06-04 20:52:37.311 D/HDMI ( 711): addCecDevice new:CEC: logical_address: 0x00 device_type: 0 cec_version: 5 vendor_id: 60426 display_name: MiTV-ANSP0 power_status: 0 physical_address: 0x0000 port_id: -1 old:CEC: logical_address: 0x00 device_type: 0 cec_version: 5 vendor_id: 60426 display_name: MiTV-ANSP0 power_status: 0 physical_address: 0x0000 port_id: -1
06-04 20:52:37.312 D/HdmiControlService( 711): Switching to full volume behavior
06-04 20:52:37.313 D/HDMI ( 711): addCecDevice new:CEC: logical_address: 0x04 device_type: 4 cec_version: 5 vendor_id: 1877008 display_name: DBBOX-A3 power_status: 0 physical_address: 0x3000 port_id: 0 old:null
06-04 20:52:37.645 D/OomAdjuster( 711): Not killing cached processes
06-04 20:52:42.725 D/ActivityManager( 711): freezing 2095 com.android.providers.tv
06-04 20:52:43.070 D/OomAdjuster( 711): Not killing cached processes
06-04 20:52:43.805 D/HDMI ( 711): [R]: 04:8F
06-04 20:52:43.808 D/HDMI ( 711): [S]: 40:90:00 --------- beginning of main
06-04 20:52:51.713 I/bt_btif_dm( 1081): packages/modules/Bluetooth/system/btif/src/btif_dm.cc:3484 btif_dm_ble_auth_cmpl_evt: Removing ble bonding keys on SMP_CONN_TOUT during crosskey: 0
06-04 20:52:51.713 I/bt_btif_storage( 1081): packages/modules/Bluetooth/system/btif/src/btif_storage.cc:1263 btif_storage_remove_ble_bonding_keys: Removing bonding keys for bd addr:xx:xx:xx:xx:c0:69
06-04 20:52:51.713 I/bt_btif_dm( 1081): packages/modules/Bluetooth/system/btif/src/btif_dm.cc:489 get_cod: get_cod remote_cod = 0x0000050c
06-04 20:52:51.713 I/bt_btif_dm( 1081): packages/modules/Bluetooth/system/btif/src/btif_dm.cc:571 bond_state_changed: Bond state changed to state=0 [0:none, 1:bonding, 2:bonded], prev_state=1, sdp_attempts = 0
06-04 20:52:51.713 E/BluetoothMetricIdManager( 1081): packages/modules/Bluetooth/system/gd/common/metric_id_manager.cc:190 ForgetDevice: Failed to remove device from paired_device_cache_
06-04 20:52:51.713 I/bt_btif_dm( 1081): packages/modules/Bluetooth/system/btif/src/btif_dm.cc:620 bond_state_changed: clearing btif pairing_cb
06-04 20:52:51.714 E/bta_gattc_main( 1081): packages/modules/Bluetooth/system/bta/gatt/bta_gattc_main.cc:395 bta_gattc_hdl_event: Ignore unknown conn ID: 3
06-04 20:52:51.714 E/bta_gattc_main( 1081): packages/modules/Bluetooth/system/bta/gatt/bta_gattc_main.cc:395 bta_gattc_hdl_event: Ignore unknown conn ID: 4
06-04 20:52:51.714 E/bta_gattc_main( 1081): packages/modules/Bluetooth/system/bta/gatt/bta_gattc_main.cc:395 bta_gattc_hdl_event: Ignore unknown conn ID: 5
06-04 20:52:51.714 I/bluetooth( 1081): packages/modules/Bluetooth/system/stack/btm/btm_dev.cc:174 BTM_SecDeleteDevice: Remove device xx:xx:xx:xx:c0:69 from filter accept list before delete record
06-04 20:52:51.714 I/BluetoothBondStateMachine( 1081): bondStateChangeCallback: Status: 9 Address: XX:XX:XX:XX:C0:69 newState: 0 hciReason: 0
06-04 20:52:51.714 I/bluetooth( 1081): packages/modules/Bluetooth/system/stack/btm/btm_dev.cc:192 BTM_SecDeleteDevice: BTM_SecDeleteDevice xx:xx:xx:xx:c0:69 complete
06-04 20:52:51.714 W/bluetooth( 1081): packages/modules/Bluetooth/system/main/shim/acl.cc:189 Remove: Unknown device being removed from acceptlist:e4:bb:d3:57:c0:69[PUBLIC_DEVICE_ADDRESS]
06-04 20:52:51.714 I/btif_av ( 1081): packages/modules/Bluetooth/system/btif/src/btif_av.cc:3565 btif_av_acl_disconnected: btif_av_acl_disconnected: Peer xx:xx:xx:xx:c0:69 : ACL Disconnected
06-04 20:52:51.714 E/bt_stack( 1081): [ERROR:bta_gattc_utils.cc(576)] bta_gattc_mark_bg_conn unable to find the bg connection mask for bd_addr=xx:xx:xx:xx:c0:69
06-04 20:52:51.714 I/btif_av ( 1081): packages/modules/Bluetooth/system/btif/src/btif_av.cc:1120 FindOrCreatePeer: BtifAvPeer *BtifAvSource::FindOrCreatePeer(const RawAddress &, tBTA_AV_HNDL): Create peer: peer_address=xx:xx:xx:xx:c0:69 bta_handle=0x41 peer_id=0
06-04 20:52:51.714 I/btif_av ( 1081): packages/modules/Bluetooth/system/btif/src/btif_av.cc:3490 btif_av_get_peer_sep: No active sink or source peer found
06-04 20:52:51.714 I/btif_av ( 1081): packages/modules/Bluetooth/system/btif/src/btif_av.cc:3490 btif_av_get_peer_sep: No active sink or source peer found
06-04 20:52:51.714 I/btif_av ( 1081): packages/modules/Bluetooth/system/btif/src/btif_av.cc:3490 btif_av_get_peer_sep: No active sink or source peer found
06-04 20:52:51.714 I/btif_av ( 1081): packages/modules/Bluetooth/system/btif/src/btif_av.cc:3490 btif_av_get_peer_sep: No active sink or source peer found
06-04 20:52:51.714 I/btif_av ( 1081): packages/modules/Bluetooth/system/btif/src/btif_av.cc:1165 DeleteIdlePeers: DeleteIdlePeers: Deleting idle peer: xx:xx:xx:xx:c0:69 bta_handle=0x41
06-04 20:52:51.714 W/bluetooth( 1081): packages/modules/Bluetooth/system/gd/hci/acl_manager/le_impl.h:821 remove_device_from_connect_list: Device not in acceptlist and cannot be removed:e4:bb:d3:57:c0:69[PUBLIC_DEVICE_ADDRESS]
06-04 20:52:51.717 W/BatteryService( 1081): getBatteryService(): service is NULL
06-04 20:52:51.717 V/BluetoothDatabase( 1081): getProfileConnectionPolicy: device XX:XX:XX:XX:C0:69 profile=A2DP, connectionPolicy=-1
06-04 20:52:51.718 V/BluetoothDatabase( 1081): getProfileConnectionPolicy: device XX:XX:XX:XX:C0:69 profile=HEADSET, connectionPolicy=-1
06-04 20:52:51.718 V/BluetoothDatabase( 1081): getProfileConnectionPolicy: device XX:XX:XX:XX:C0:69 profile=HID_HOST, connectionPolicy=-1
06-04 20:52:51.718 V/BluetoothDatabase( 1081): getProfileConnectionPolicy: device XX:XX:XX:XX:C0:69 profile=PAN, connectionPolicy=-1
06-04 20:52:51.718 V/BluetoothDatabase( 1081): getProfileConnectionPolicy: device XX:XX:XX:XX:C0:69 profile=HEARING_AID, connectionPolicy=-1
06-04 20:52:51.718 D/AdapterProperties( 1081): Failed to remove device: XX:XX:XX:XX:C0:69
06-04 20:52:51.718 D/BluetoothRemoteDevices( 1081): removeDualDevicesMapXX:XX:XX:XX:C0:69
06-04 20:52:51.720 D/BluetoothRemoteDevices( 1081): mDualDevicesMap not have E4:BB:D3:57:C0:69
06-04 20:52:51.722 D/BluetoothCompanionManager( 1081): remove metadata listener: XX:XX:XX:XX:C0:69
06-04 20:52:51.722 D/BluetoothAdapter( 1081): removeOnMetadataChangedListener()
06-04 20:52:51.729 I/BLE_Service( 1105): >ACL LINK DISCONNECTED [Dangbei]
06-04 20:52:51.731 I/dangbei111( 1526): cccccc on receiver=android.bluetooth.device.action.ACL_DISCONNECTED,mac=E4:BB:D3:57:C0:69
06-04 20:52:51.732 I/BluetoothBondStateMachine( 1081): Bond State Change Intent:XX:XX:XX:XX:C0:69 BOND_BONDING => BOND_NONE
06-04 20:52:51.733 W/HeadsetClientService( 1081): getHeadsetClientService(): service is null
06-04 20:52:51.733 W/PbapClientService( 1081): getPbapClientService(): service is null
06-04 20:52:51.733 V/BluetoothDatabase( 1081): setProfileConnectionPolicy connection policy not changed.
06-04 20:52:51.734 D/A2dpService( 1081): Saved connectionPolicy XX:XX:XX:XX:C0:69 = -1
06-04 20:52:51.734 V/BluetoothDatabase( 1081): setProfileConnectionPolicy connection policy not changed.
06-04 20:52:51.734 I/HeadsetService( 1081): setConnectionPolicy: device=XX:XX:XX:XX:C0:69, connectionPolicy=-1, uid/pid=1002/1081
06-04 20:52:51.734 V/BluetoothDatabase( 1081): setProfileConnectionPolicy connection policy not changed.
06-04 20:52:51.734 I/BluetoothBondStateMachine( 1081): StableState(): Entering Off State
06-04 20:52:51.734 E/ccc ( 1526): cccccc 这里接到ACTION_ACL_DISCONNECTED 开启scan 10
06-04 20:52:51.735 D/FastPairService( 711): onReceive: ACTION_BOND_STATE_CHANGED
06-04 20:52:51.736 D/FastPairService( 711): Forget device detect
06-04 20:52:51.736 D/A2dpService( 1081): Bond state changed for device: XX:XX:XX:XX:C0:69 state: 10
06-04 20:52:51.736 D/HearingAidService( 1081): Bond state changed for device: XX:XX:XX:XX:C0:69 state: 10
06-04 20:52:51.738 E/dangbei111( 1526): cccccc 开始扫描
06-04 20:52:51.739 D/BluetoothAdapter( 1526): isLeEnabled(): ON
06-04 20:52:51.741 I/bt_stack( 1081): [INFO:le_scanning_manager.cc(155)] RegisterScanner in shim layer
06-04 20:52:51.742 D/BluetoothLeScanner( 1526): onScannerRegistered() - status=0 scannerId=1 mScannerId=0
06-04 20:52:51.742 I/BLE_Service( 1105): BOND STATE CHANGED [Dangbei] - was 11, now is 10
06-04 20:52:51.744 D/ActivityAttributionService( 1081): notifyActivityAttributionInfo UID=1002 packageName=com.android.bluetooth deviceAddress=no_active_device_address
06-04 20:52:51.744 I/bt_btif ( 1081): packages/modules/Bluetooth/system/btif/src/bluetooth.cc:829 get_profile_interface: get_profile_interface: id = activity_attribution
06-04 20:52:51.744 I/bt_stack( 1081): [INFO:le_scanning_manager.cc(168)] Scan in shim layer started
06-04 20:52:51.745 I/bluetooth( 1081): packages/modules/Bluetooth/system/gd/hci/le_scanning_manager.cc:588 stop_scan: Scanning already stopped, return!
06-04 20:52:51.745 I/bt_stack( 1081): [INFO:le_scanning_manager.cc(168)] Scan in shim layer stopped
06-04 20:52:51.745 I/bt_stack( 1081): [INFO:le_scanning_manager.cc(346)] SetScanParameters in shim layer
06-04 20:52:51.745 I/bt_stack( 1081): [INFO:le_scanning_manager.cc(168)] Scan in shim layer started
06-04 20:52:51.745 I/bluetooth( 1081): packages/modules/Bluetooth/system/gd/hci/le_address_manager.cc:178 register_client: Client registered
06-04 20:52:51.745 I/bluetooth( 1081): packages/modules/Bluetooth/system/gd/hci/le_address_manager.cc:193 unregister_client: Client unregistered
06-04 20:52:51.745 I/bluetooth( 1081): packages/modules/Bluetooth/system/gd/hci/le_scanning_manager.cc:588 stop_scan: Scanning already stopped, return!
06-04 20:52:51.745 I/bluetooth( 1081): packages/modules/Bluetooth/system/gd/hci/le_address_manager.cc:178 register_client: Client registered
06-04 20:52:51.749 I/dangbei111( 1526): cccccc on receiver=android.bluetooth.device.action.BOND_STATE_CHANGED,mac=E4:BB:D3:57:C0:69
06-04 20:52:51.749 I/dangbei111( 1526): Wait for auto connection, processBondStateChange: bondState: 11 --> 10
06-04 20:52:51.754 E/dangbei111( 1526): cccccc 开始扫描
06-04 20:52:51.754 D/BluetoothAdapter( 1526): isLeEnabled(): ON
06-04 20:52:51.755 D/BluetoothDatabase( 1081): getCustomMeta: device XX:XX:XX:XX:C0:69 is not in cache
06-04 20:52:51.758 D/BluetoothDatabase( 1081): getCustomMeta: device XX:XX:XX:XX:C0:69 is not in cache
06-04 20:52:51.763 D/BluetoothDatabase( 1081): getCustomMeta: device XX:XX:XX:XX:C0:69 is not in cache
06-04 20:52:51.765 D/BluetoothDatabase( 1081): getCustomMeta: device XX:XX:XX:XX:C0:69 is not in cache
06-04 20:52:52.604 D/OomAdjuster( 711): Not killing cached processes
06-04 20:52:53.115 D/ActivityManager( 711): freezing 1722 android.process.media
06-04 20:52:53.659 I/WifiHAL ( 525): call wifi_get_link_stats handler
06-04 20:52:53.659 I/WifiHAL ( 525): Creating message to get link statistics; iface = 16
06-04 20:52:53.660 D/WifiHAL ( 525): error code -95 mapped to -3
06-04 20:52:53.660 E/WifiStaIfaceAidlImpl( 711): getLinkLayerStats failed with service-specific exception: android.os.ServiceSpecificException: (code 4)
06-04 20:52:56.664 I/WifiHAL ( 525): call wifi_get_link_stats handler
06-04 20:52:56.664 I/WifiHAL ( 525): Creating message to get link statistics; iface = 16
06-04 20:52:56.664 D/WifiHAL ( 525): error code -95 mapped to -3
06-04 20:52:56.665 E/WifiStaIfaceAidlImpl( 711): getLinkLayerStats failed with service-specific exception: android.os.ServiceSpecificException: (code 4)
06-04 20:52:58.624 I/bluetooth( 1081): packages/modules/Bluetooth/system/gd/metrics/metrics_state.cc:177 AddStateChangedEvent: LEConnectionMetricsRemoteDevice: Transaction State 0x00000002, Connection Type 0x00000001, Origin Type 0x00000001
06-04 20:52:58.624 I/bluetooth( 1081): packages/modules/Bluetooth/system/gd/metrics/metrics_state.cc:58 AddStateChangedEvent: LEConnectionMetricState: Origin Type: 0x00000001, Connection Type: 0x00000001, Transaction State: 0x00000002
06-04 20:52:58.625 I/bluetooth( 1081): packages/modules/Bluetooth/system/gd/metrics/metrics_state.cc:161 UploadLEConnectionSession: LEConnectionMetricsRemoteDevice: The session is uploaded for xx:xx:xx:xx:c0:7a
06-04 20:52:58.625 I/bluetooth( 1081): packages/modules/Bluetooth/system/stack/gatt/connection_manager.cc:438 on_connection_complete: Le connection completed to device:xx:xx:xx:xx:c0:7a
06-04 20:52:58.625 I/bluetooth( 1081): packages/modules/Bluetooth/system/gd/hci/le_address_manager.cc:265 ack_pause: Client already in paused state
06-04 20:52:58.625 I/bluetooth( 1081): packages/modules/Bluetooth/system/stack/gatt/connection_manager.cc:438 on_connection_complete: Le connection completed to device:xx:xx:xx:xx:c0:7a
06-04 20:52:58.625 I/bt_btm_ble( 1081): packages/modules/Bluetooth/system/stack/btm/btm_ble.cc:1730 btm_ble_connected: Updating device record timestamp for existing ble connection
06-04 20:52:58.626 I/bluetooth( 1081): packages/modules/Bluetooth/system/gd/hci/le_address_manager.cc:265 ack_pause: Client already in paused state
06-04 20:52:58.626 I/bluetooth( 1081): packages/modules/Bluetooth/system/gd/hci/le_address_manager.cc:265 ack_pause: Client already in paused state
06-04 20:52:58.632 I/bluetooth( 1081): packages/modules/Bluetooth/system/gd/hci/le_address_manager.cc:596 OnCommandComplete: Received command complete with op_code LE_REMOVE_DEVICE_FROM_FILTER_ACCEPT_LIST
06-04 20:52:58.632 I/bluetooth( 1081): packages/modules/Bluetooth/system/gd/hci/le_address_manager.cc:294 resume_registered_clients: Resuming registered clients
06-04 20:52:58.672 I/bt_stack( 1081): [INFO:gatt_attr.cc(950)] gatt_sr_init_cl_status: bda=xx:xx:xx:xx:c0:7a, cl_supp_feat=0000, aware=1
06-04 20:52:58.673 I/bluetooth( 1081): packages/modules/Bluetooth/system/stack/gap/gap_ble.cc:304 client_connect_cback: No active GAP service found for peer:xx:xx:xx:xx:c0:7a callback:Connected
06-04 20:52:58.673 I/bt_bta_gattc( 1081): packages/modules/Bluetooth/system/bta/gatt/bta_gattc_act.cc:1304 bta_gattc_conn_cback: Connected client_if:3 addr:xx:xx:xx:xx:c0:7a, transport:BT_TRANSPORT_LE reason:GATT_CONN_OK
06-04 20:52:58.673 I/bt_bta_gattc( 1081): packages/modules/Bluetooth/system/bta/gatt/bta_gattc_act.cc:1304 bta_gattc_conn_cback: Connected client_if:4 addr:xx:xx:xx:xx:c0:7a, transport:BT_TRANSPORT_LE reason:GATT_CONN_OK
06-04 20:52:58.673 I/bluetooth( 1081): packages/modules/Bluetooth/system/stack/gatt/gatt_main.cc:405 gatt_update_app_use_link_flag: disable link idle timer for xx:xx:xx:xx:c0:7a
06-04 20:52:58.673 I/bt_stack( 1081): [INFO:l2c_api.cc(1607)] L2CA_MarkLeLinkAsActivesetting link to e4:bb:d3:57:c0:7a as active
06-04 20:52:58.673 I/bluetooth( 1081): packages/modules/Bluetooth/system/stack/gatt/gatt_api.cc:1206 GATT_SetIdleTimeout: idle_timeout=65535, is_active=1, status=1 (1-OK 0-not performed)
06-04 20:52:58.673 I/bt_bta_gattc( 1081): packages/modules/Bluetooth/system/bta/gatt/bta_gattc_act.cc:1304 bta_gattc_conn_cback: Connected client_if:5 addr:xx:xx:xx:xx:c0:7a, transport:BT_TRANSPORT_LE reason:GATT_CONN_OK
06-04 20:52:58.673 I/bluetooth( 1081): packages/modules/Bluetooth/system/stack/gatt/connection_manager.cc:438 on_connection_complete: Le connection completed to device:xx:xx:xx:xx:c0:7a
06-04 20:52:58.673 I/bt_stack( 1081): [INFO:l2c_api.cc(1607)] L2CA_MarkLeLinkAsActivesetting link to e4:bb:d3:57:c0:7a as active
06-04 20:52:58.673 I/bluetooth( 1081): packages/modules/Bluetooth/system/stack/gatt/gatt_api.cc:1206 GATT_SetIdleTimeout: idle_timeout=65535, is_active=1, status=1 (1-OK 0-not performed)
06-04 20:52:58.673 I/bluetooth( 1081): packages/modules/Bluetooth/system/stack/gatt/gatt_main.cc:594 check_cached_model_name: Device xx:xx:xx:xx:c0:7a no cached model name
06-04 20:52:58.673 I/bt_btif_dm( 1081): packages/modules/Bluetooth/system/btif/src/btif_dm.cc:642 btif_update_remote_version_property: Remote version info valid:true [xx:xx:xx:xx:c0:7a]: 9, 1bf, 100
06-04 20:52:58.673 E/bta_gattc_main( 1081): packages/modules/Bluetooth/system/bta/gatt/bta_gattc_main.cc:395 bta_gattc_hdl_event: Ignore unknown conn ID: 3
06-04 20:52:58.673 E/bta_gattc_main( 1081): packages/modules/Bluetooth/system/bta/gatt/bta_gattc_main.cc:395 bta_gattc_hdl_event: Ignore unknown conn ID: 4
06-04 20:52:58.674 W/BatteryService( 1081): getBatteryService(): service is NULL
06-04 20:52:58.680 I/bt_bta_gattc( 1081): packages/modules/Bluetooth/system/bta/gatt/bta_gattc_act.cc:549 bta_gattc_conn: Connected to xx:xx:xx:xx:c0:7a, robust caching support is 0
06-04 20:52:58.683 I/BluetoothPhonePolicy( 1081): processDeviceConnected, device=XX:XX:XX:XX:C0:7A
06-04 20:52:58.684 D/BluetoothDatabase( 1081): setConnection: device XX:XX:XX:XX:C0:7A and isA2dpDevice=false
06-04 20:52:58.684 D/BluetoothDatabase( 1081): Updating last connected time for device: XX:XX:XX:XX:C0:7A to 21
06-04 20:52:58.684 D/BluetoothDatabase( 1081): updateDatabase XX:XX:XX:XX:C0:7A
06-04 20:52:58.686 I/BLE_Service( 1105): >ACL LINK CONNECTED [Dangbei] - checking for supported devices after delay
06-04 20:52:58.690 I/dangbei111( 1526): cccccc on receiver=android.bluetooth.device.action.ACL_CONNECTED,mac=E4:BB:D3:57:C0:7A
06-04 20:52:58.690 E/dangbei111( 1526): cccccc cancelDiscovery begin
06-04 20:52:58.697 E/dangbei111( 1526): cccccc 检查遥控器是否连接: Dangbei E4:BB:D3:57:C0:7A
06-04 20:52:58.699 E/dangbei111( 1526): cccccc 检查遥控器是否连接: 蓝牙的结果 Dangbei E4:BB:D3:57:C0:7A true
06-04 20:52:58.699 E/dangbei111( 1526): cccccc input中没有遥控器存在
06-04 20:52:58.699 E/dangbei111( 1526): cccccc 蓝牙状态连接 开启30s check任务
06-04 20:52:58.702 E/dangbei111( 1526): cccccc 开始扫描
06-04 20:52:58.702 D/BluetoothAdapter( 1526): isLeEnabled(): ON
06-04 20:52:58.742 W/smp_act ( 1081): packages/modules/Bluetooth/system/stack/smp/smp_act.cc:2064 smp_link_encrypted: SMP state machine busy so skipping encryption enable:1 device:xx:xx:xx:xx:c0:7a
06-04 20:52:58.742 W/bt_stack( 1081): [WARNING:bta_gattc_api.cc(689)] notification already registered
06-04 20:52:58.742 W/bt_stack( 1081): [WARNING:bta_gattc_api.cc(689)] notification already registered
06-04 20:52:58.742 W/bt_stack( 1081): [WARNING:bta_gattc_api.cc(689)] notification already registered
