06-04 20:51:58.934 D/SystemServerTiming( 711): OnBootPhase_550_com.android.server.display.color.ColorDisplayService
06-04 20:51:58.934 D/SystemServerTiming( 711): OnBootPhase_550_com.android.server.job.JobSchedulerService
06-04 20:51:58.934 D/SystemServerTiming( 711): OnBootPhase_550_com.android.server.soundtrigger.SoundTriggerService
06-04 20:51:58.934 D/SoundTriggerService( 711): onBootPhase: 550 : false
06-04 20:51:58.935 D/SystemServerTiming( 711): OnBootPhase_550_com.android.server.trust.TrustManagerService
06-04 20:51:58.935 D/SystemServerTiming( 711): OnBootPhase_550_com.android.server.backup.BackupManagerService$Lifecycle
06-04 20:51:58.935 D/SystemServerTiming( 711): OnBootPhase_550_com.android.server.appwidget.AppWidgetService
06-04 20:51:58.935 D/SystemServerTiming( 711): OnBootPhase_550_com.android.server.voiceinteraction.VoiceInteractionManagerService
06-04 20:51:58.935 D/SystemServerTiming( 711): OnBootPhase_550_com.android.server.GestureLauncherService
06-04 20:51:58.935 D/SystemServerTiming( 711): OnBootPhase_550_com.android.server.SensorNotificationService
06-04 20:51:58.935 D/SystemServerTiming( 711): OnBootPhase_550_com.android.server.emergency.EmergencyAffordanceService
06-04 20:51:58.935 D/SystemServerTiming( 711): OnBootPhase_550_com.android.server.blob.BlobStoreManagerService
06-04 20:51:58.935 D/SystemServerTimingAsync( 711): InitThreadPoolExec:UsbService$Lifecycle#onBootPhase
06-04 20:51:58.937 D/SystemServerTiming( 711): OnBootPhase_550_com.android.server.dreams.DreamManagerService
06-04 20:51:58.937 D/SystemServerTiming( 711): OnBootPhase_550_com.android.server.security.AttestationVerificationManagerService
06-04 20:51:58.937 D/SystemServerTiming( 711): OnBootPhase_550_com.android.server.restrictions.RestrictionsManagerService
06-04 20:51:58.938 D/SystemServerTiming( 711): OnBootPhase_550_com.android.server.media.MediaSessionService
06-04 20:51:58.938 D/SystemServerTiming( 711): OnBootPhase_550_com.android.server.hdmi.HdmiControlService
06-04 20:51:58.938 D/SystemServerTiming( 711): OnBootPhase_550_com.android.server.tv.interactive.TvInteractiveAppManagerService
06-04 20:51:58.938 D/SystemServerTiming( 711): OnBootPhase_550_com.android.server.tv.TvInputManagerService
06-04 20:51:58.938 D/SystemServerTiming( 711): OnBootPhase_550_com.android.server.media.MediaResourceMonitorService
06-04 20:51:58.938 D/SystemServerTiming( 711): OnBootPhase_550_com.android.server.tv.TvRemoteService
06-04 20:51:58.938 D/SystemServerTiming( 711): OnBootPhase_550_com.android.server.biometrics.BiometricService
06-04 20:51:58.938 D/SystemServerTiming( 711): OnBootPhase_550_com.android.server.biometrics.AuthService
06-04 20:51:58.938 D/SystemServerTiming( 711): OnBootPhase_550_com.android.server.pm.ShortcutService$Lifecycle
06-04 20:51:58.938 D/SystemServerTiming( 711): OnBootPhase_550_com.android.server.pm.LauncherAppsService
06-04 20:51:58.938 D/SystemServerTiming( 711): OnBootPhase_550_com.android.server.pm.CrossProfileAppsService
06-04 20:51:58.938 D/SystemServerTiming( 711): OnBootPhase_550_com.android.server.people.PeopleService
06-04 20:51:58.938 D/SystemServerTiming( 711): OnBootPhase_550_com.android.server.media.metrics.MediaMetricsManagerService
06-04 20:51:58.938 D/SystemServerTiming( 711): OnBootPhase_550_com.android.server.pm.BackgroundInstallControlService
06-04 20:51:58.939 D/SystemServerTiming( 711): OnBootPhase_550_com.android.server.media.projection.MediaProjectionManagerService
06-04 20:51:58.939 D/SystemServerTiming( 711): OnBootPhase_550_com.android.server.slice.SliceManagerService$Lifecycle
06-04 20:51:58.939 D/SystemServerTiming( 711): OnBootPhase_550_com.android.server.stats.StatsCompanion$Lifecycle
06-04 20:51:58.939 D/SystemServerTiming( 711): OnBootPhase_550_com.android.server.scheduling.RebootReadinessManagerService$Lifecycle
06-04 20:51:58.939 D/SystemServerTiming( 711): OnBootPhase_550_com.android.server.stats.pull.StatsPullAtomService
06-04 20:51:58.939 D/SystemServerTiming( 711): OnBootPhase_550_com.android.server.stats.bootstrap.StatsBootstrapAtomService$Lifecycle
06-04 20:51:58.939 D/SystemServerTiming( 711): OnBootPhase_550_com.android.server.incident.IncidentCompanionService
06-04 20:51:58.939 D/SystemServerTiming( 711): OnBootPhase_550_com.android.server.sdksandbox.SdkSandboxManagerService$Lifecycle
06-04 20:51:58.939 D/SystemServerTiming( 711): OnBootPhase_550_com.android.server.adservices.AdServicesManagerService$Lifecycle
06-04 20:51:58.939 D/SystemServerTiming( 711): OnBootPhase_550_com.android.server.ondevicepersonalization.OnDevicePersonalizationSystemService$Lifecycle
06-04 20:51:58.939 D/SystemServerTiming( 711): OnBootPhase_550_com.android.server.autofill.AutofillManagerService
06-04 20:51:58.939 D/SystemServerTiming( 711): OnBootPhase_550_com.android.server.clipboard.ClipboardService
06-04 20:51:58.939 D/SystemServerTiming( 711): OnBootPhase_550_com.android.server.appbinding.AppBindingService$Lifecycle
06-04 20:51:58.940 I/AppBindingService( 711): Updating constants with: null
06-04 20:51:58.940 D/SystemServerTiming( 711): OnBootPhase_550_com.android.server.tracing.TracingServiceProxy
06-04 20:51:58.940 D/SystemServerTiming( 711): OnBootPhase_550_com.android.server.policy.PermissionPolicyService
06-04 20:51:58.940 D/SystemServerTiming( 711): Permission_grant_default_permissions-0
06-04 20:51:58.940 D/SystemServerTiming( 711): Permission_synchronize_permissions-0
06-04 20:51:58.942 I/ActivityManager( 711): Start proc 917:com.android.systemui/u0a52 for service {com.android.systemui/com.android.systemui.wallpapers.ImageWallpaper}
06-04 20:51:58.953 I/UsbPortManager( 711): all: opID:1 successful
06-04 20:51:58.956 W/BroadcastLoopers( 711): Found previously unknown looper Thread[AudioDeviceBroker,5,main]
06-04 20:51:58.974 D/HDMI ( 711): Process pid:711 is calling addHotplugEventListener
06-04 20:51:58.979 D/SystemServerTiming( 711): Permission_synchronize_addPackages-0
06-04 20:51:58.990 D/GameManagerService( 711): User ID '0' does not have a Game Mode selected for package: 'com.android.systemui'
06-04 20:51:59.023 D/SystemServerTiming( 711): Permission_syncPackages-0
06-04 20:51:59.023 D/SystemServerTiming( 711): Permission_onInitialized-0
06-04 20:51:59.023 I/PermissionManager( 711): Permission ownership changed. Updating all permissions.
06-04 20:51:59.024 W/PermissionManager( 711): Package com.android.adservices.api is an APK in APEX, but has permission allowlist on the system image. Please bundle the allowlist in the com.android.adservices APEX instead.
06-04 20:51:59.083 W/PermissionManager( 711): Package com.android.providers.media.module is an APK in APEX, but has permission allowlist on the system image. Please bundle the allowlist in the com.android.mediaprovider APEX instead.
06-04 20:51:59.083 W/PermissionManager( 711): Package com.android.providers.media.module is an APK in APEX, but has permission allowlist on the system image. Please bundle the allowlist in the com.android.mediaprovider APEX instead.
06-04 20:51:59.083 W/PermissionManager( 711): Package com.android.providers.media.module is an APK in APEX, but has permission allowlist on the system image. Please bundle the allowlist in the com.android.mediaprovider APEX instead.
06-04 20:51:59.083 W/PermissionManager( 711): Package com.android.providers.media.module is an APK in APEX, but has permission allowlist on the system image. Please bundle the allowlist in the com.android.mediaprovider APEX instead.
06-04 20:51:59.083 W/PermissionManager( 711): Package com.android.providers.media.module is an APK in APEX, but has permission allowlist on the system image. Please bundle the allowlist in the com.android.mediaprovider APEX instead.
06-04 20:51:59.084 W/PermissionManager( 711): Package com.android.providers.media.module is an APK in APEX, but has permission allowlist on the system image. Please bundle the allowlist in the com.android.mediaprovider APEX instead.
06-04 20:51:59.084 W/PermissionManager( 711): Package com.android.providers.media.module is an APK in APEX, but has permission allowlist on the system image. Please bundle the allowlist in the com.android.mediaprovider APEX instead.
06-04 20:51:59.084 W/PermissionManager( 711): Package com.android.providers.media.module is an APK in APEX, but has permission allowlist on the system image. Please bundle the allowlist in the com.android.mediaprovider APEX instead.
06-04 20:51:59.084 W/PermissionManager( 711): Package com.android.providers.media.module is an APK in APEX, but has permission allowlist on the system image. Please bundle the allowlist in the com.android.mediaprovider APEX instead.
06-04 20:51:59.084 W/PermissionManager( 711): Package com.android.providers.media.module is an APK in APEX, but has permission allowlist on the system image. Please bundle the allowlist in the com.android.mediaprovider APEX instead.
06-04 20:51:59.084 W/PermissionManager( 711): Package com.android.providers.media.module is an APK in APEX, but has permission allowlist on the system image. Please bundle the allowlist in the com.android.mediaprovider APEX instead.
06-04 20:51:59.084 W/PermissionManager( 711): Package com.android.providers.media.module is an APK in APEX, but has permission allowlist on the system image. Please bundle the allowlist in the com.android.mediaprovider APEX instead.
06-04 20:51:59.084 W/PermissionManager( 711): Package com.android.providers.media.module is an APK in APEX, but has permission allowlist on the system image. Please bundle the allowlist in the com.android.mediaprovider APEX instead.
06-04 20:51:59.092 D/CompatibilityChangeReporter( 711): Compat change id reported: 168419799; UID 10052; state: DISABLED
06-04 20:51:59.092 D/CompatibilityChangeReporter( 711): Compat change id reported: 273564678; UID 10052; state: DISABLED
06-04 20:51:59.095 W/ActivityManager( 711): Slow operation: 108ms so far, now at attachApplicationLocked: immediately before bindApplication
06-04 20:51:59.123 W/ActivityManager( 711): Slow operation: 136ms so far, now at attachApplicationLocked: immediately after bindApplication
06-04 20:51:59.124 W/ActivityManager( 711): Slow operation: 137ms so far, now at attachApplicationLocked: after updateLruProcessLocked
06-04 20:51:59.126 W/SystemServiceManager( 711): Service com.android.server.policy.PermissionPolicyService took 186 ms in onBootPhase
06-04 20:51:59.126 D/SystemServerTiming( 711): OnBootPhase_550_com.android.server.pm.StagingManager$Lifecycle
06-04 20:51:59.126 D/SystemServerTiming( 711): OnBootPhase_550_com.android.server.app.GameManagerService$Lifecycle
06-04 20:51:59.126 D/SystemServerTiming( 711): OnBootPhase_550_com.android.safetycenter.SafetyCenterService
06-04 20:51:59.126 D/SystemServerTiming( 711): OnBootPhase_550_com.android.server.appsearch.AppSearchModule$Lifecycle
06-04 20:51:59.127 D/SystemServerTiming( 711): OnBootPhase_550_com.android.server.media.MediaCommunicationService
06-04 20:51:59.127 D/SystemServerTiming( 711): OnBootPhase_550_com.android.server.compat.overrides.AppCompatOverridesService$Lifecycle
06-04 20:51:59.127 D/SystemServerTiming( 711): OnBootPhase_550_com.android.server.healthconnect.HealthConnectManagerService
06-04 20:51:59.127 D/SystemServerTiming( 711): OnBootPhase_550_com.android.server.devicelock.DeviceLockService
06-04 20:51:59.127 D/DeviceLockService( 711): onBootPhase: 550
06-04 20:51:59.127 D/SystemServerTiming( 711): StartObservingNativeCrashes
06-04 20:51:59.127 D/SystemServerTiming( 711): RegisterAppOpsPolicy
06-04 20:51:59.132 D/CompatibilityChangeReporter( 711): Compat change id reported: 265195908; UID 10052; state: ENABLED
06-04 20:51:59.163 W/ActivityManager( 711): Slow operation: 176ms so far, now at attachApplicationLocked: after updateOomAdjLocked
06-04 20:51:59.191 D/SystemServerTiming( 711): MakeNetworkManagementServiceReady
06-04 20:51:59.192 D/SystemServerTimingAsync( 711): InitThreadPoolExec:WebViewFactoryPreparation
06-04 20:51:59.192 I/SystemServer( 711): WebViewFactoryPreparation
06-04 20:51:59.192 D/SystemServerTimingAsync( 711): WebViewFactoryPreparation
06-04 20:51:59.202 I/ActivityManager( 711): android is exempt from freezer
06-04 20:51:59.202 D/CompatibilityChangeReporter( 711): Compat change id reported: 135634846; UID 1000; state: DISABLED
06-04 20:51:59.205 D/CompatibilityChangeReporter( 711): Compat change id reported: 177438394; UID 1000; state: DISABLED
06-04 20:51:59.206 D/CompatibilityChangeReporter( 711): Compat change id reported: 135772972; UID 1000; state: DISABLED
06-04 20:51:59.207 D/CompatibilityChangeReporter( 711): Compat change id reported: 178038272; UID 1000; state: DISABLED
06-04 20:51:59.210 I/keystore2( 283): system/security/keystore2/src/watchdog.rs:319 - Watchdog thread idle -> terminating. Have a great day.
06-04 20:51:59.222 I/ActivityManager( 711): Start proc 936:WebViewLoader-armeabi-v7a/1037 [android.webkit.WebViewLibraryLoader$RelroFileCreator] for
06-04 20:51:59.223 D/AudioService( 711): No vibrator found
06-04 20:51:59.241 D/CompatibilityChangeReporter( 711): Compat change id reported: 170503758; UID 10052; state: ENABLED
06-04 20:51:59.242 D/SystemServerTiming( 711): MakeConnectivityServiceReady
06-04 20:51:59.250 W/BatteryExternalStatsWorker( 711): error reading modem stats:ERROR_PHONE_NOT_AVAILABLE
06-04 20:51:59.257 D/GameManagerService( 711): User ID '0' does not have a Game Mode selected for package: 'android'
06-04 20:51:59.258 D/CompatibilityChangeReporter( 711): Compat change id reported: 168419799; UID 1000; state: DISABLED
06-04 20:51:59.258 D/CompatibilityChangeReporter( 711): Compat change id reported: 273564678; UID 1000; state: DISABLED
06-04 20:51:59.269 W/NetworkPolicy( 711): setRestrictBackgroundUL: already false
06-04 20:51:59.273 D/CompatibilityChangeReporter( 711): Compat change id reported: 218533173; UID 10077; state: DISABLED
06-04 20:51:59.274 D/CompatibilityChangeReporter( 711): Compat change id reported: 262645982; UID 10077; state: DISABLED
06-04 20:51:59.276 D/CompatibilityChangeReporter( 711): Compat change id reported: 218533173; UID 10045; state: ENABLED
06-04 20:51:59.279 D/CompatibilityChangeReporter( 711): Compat change id reported: 262645982; UID 10045; state: ENABLED
06-04 20:51:59.280 D/CompatibilityChangeReporter( 711): Compat change id reported: 218533173; UID 10050; state: DISABLED
06-04 20:51:59.280 D/CompatibilityChangeReporter( 711): Compat change id reported: 262645982; UID 10050; state: DISABLED
06-04 20:51:59.280 D/CompatibilityChangeReporter( 711): Compat change id reported: 171306433; UID 10050; state: DISABLED
06-04 20:51:59.281 D/CompatibilityChangeReporter( 711): Compat change id reported: 218533173; UID 10048; state: ENABLED
06-04 20:51:59.282 D/CompatibilityChangeReporter( 711): Compat change id reported: 262645982; UID 10048; state: ENABLED
06-04 20:51:59.283 D/CompatibilityChangeReporter( 711): Compat change id reported: 218533173; UID 10040; state: DISABLED
06-04 20:51:59.287 D/CompatibilityChangeReporter( 711): Compat change id reported: 262645982; UID 10040; state: DISABLED
06-04 20:51:59.294 D/SystemServerTiming( 711): MakeVpnManagerServiceReady
06-04 20:51:59.321 D/SystemServerTiming( 711): MakeVcnManagementServiceReady
06-04 20:51:59.329 D/SystemServerTiming( 711): MakeNetworkPolicyServiceReady
06-04 20:51:59.336 W/BroadcastLoopers( 711): Found previously unknown looper Thread[NetworkStats,5,main]
06-04 20:51:59.356 D/SystemServerTiming( 711): PhaseThirdPartyAppsCanStart
06-04 20:51:59.356 I/SystemServiceManager( 711): Starting phase 600
06-04 20:51:59.356 D/SystemServerTiming( 711): OnBootPhase_600
06-04 20:51:59.356 D/SystemServerTiming( 711): OnBootPhase_600_com.android.server.security.FileIntegrityService
06-04 20:51:59.356 D/SystemServerTiming( 711): OnBootPhase_600_com.android.server.pm.Installer
06-04 20:51:59.356 D/SystemServerTiming( 711): OnBootPhase_600_com.android.server.os.DeviceIdentifiersPolicyService
06-04 20:51:59.356 D/SystemServerTiming( 711): OnBootPhase_600_com.android.server.flags.FeatureFlagsService
06-04 20:51:59.356 D/SystemServerTiming( 711): OnBootPhase_600_com.android.server.uri.UriGrantsManagerService$Lifecycle
06-04 20:51:59.356 D/SystemServerTiming( 711): OnBootPhase_600_com.android.server.powerstats.PowerStatsService
06-04 20:51:59.356 D/SystemServerTiming( 711): OnBootPhase_600_com.android.server.permission.access.AccessCheckingService
06-04 20:51:59.356 D/SystemServerTiming( 711): OnBootPhase_600_com.android.server.wm.ActivityTaskManagerService$Lifecycle
06-04 20:51:59.356 D/SystemServerTiming( 711): OnBootPhase_600_com.android.server.am.ActivityManagerService$Lifecycle
06-04 20:51:59.360 I/ExplicitHealthCheckController( 711): Explicit health checks enabled.
06-04 20:51:59.360 I/PackageWatchdog( 711): Syncing state, reason: health check state enabled
06-04 20:51:59.360 I/PackageWatchdog( 711): Not pruning observers, elapsed time: 0ms
06-04 20:51:59.360 I/PackageWatchdog( 711): Cancelling state sync, nothing to sync
06-04 20:51:59.360 I/PackageWatchdog( 711): Saving observer state to file
06-04 20:51:59.361 D/SystemServerTiming( 711): OnBootPhase_600_com.android.server.pm.DataLoaderManagerService
06-04 20:51:59.361 D/SystemServerTiming( 711): OnBootPhase_600_com.android.server.power.PowerManagerService
06-04 20:51:59.365 D/SystemServerTiming( 711): OnBootPhase_600_com.android.server.power.ThermalManagerService
06-04 20:51:59.365 D/SystemServerTiming( 711): OnBootPhase_600_com.android.server.power.hint.HintManagerService
06-04 20:51:59.365 D/SystemServerTiming( 711): OnBootPhase_600_com.android.server.recoverysystem.RecoverySystemService$Lifecycle
06-04 20:51:59.365 D/SystemServerTiming( 711): OnBootPhase_600_com.android.server.lights.LightsService
06-04 20:51:59.365 D/SystemServerTiming( 711): OnBootPhase_600_com.android.server.display.DisplayManagerService
06-04 20:51:59.365 D/SystemServerTiming( 711): OnBootPhase_600_com.android.server.pm.verify.domain.DomainVerificationService
06-04 20:51:59.365 D/SystemServerTiming( 711): OnBootPhase_600_com.android.server.pm.PackageInstallerService$Lifecycle
06-04 20:51:59.365 D/SystemServerTiming( 711): OnBootPhase_600_com.android.server.pm.UserManagerService$LifeCycle
06-04 20:51:59.365 D/SystemServerTiming( 711): OnBootPhase_600_com.android.server.om.OverlayManagerService
06-04 20:51:59.365 D/SystemServerTiming( 711): OnBootPhase_600_com.android.server.resources.ResourcesManagerService
06-04 20:51:59.365 D/SystemServerTiming( 711): OnBootPhase_600_com.android.server.sensorprivacy.SensorPrivacyService
06-04 20:51:59.365 D/SystemServerTiming( 711): OnBootPhase_600_com.android.server.sensors.SensorService
06-04 20:51:59.365 D/SystemServerTiming( 711): OnBootPhase_600_com.android.server.SystemConfigService
06-04 20:51:59.365 D/SystemServerTiming( 711): OnBootPhase_600_com.android.server.BatteryService
06-04 20:51:59.365 D/SystemServerTiming( 711): OnBootPhase_600_com.android.server.usage.UsageStatsService
06-04 20:51:59.365 D/SystemServerTiming( 711): OnBootPhase_600_com.android.server.webkit.WebViewUpdateService
06-04 20:51:59.365 D/SystemServerTiming( 711): OnBootPhase_600_com.android.server.CachedDeviceStateService
06-04 20:51:59.365 D/SystemServerTiming( 711): OnBootPhase_600_com.android.server.BinderCallsStatsService$LifeCycle
06-04 20:51:59.365 D/SystemServerTiming( 711): OnBootPhase_600_com.android.server.LooperStatsService$Lifecycle
06-04 20:51:59.365 D/SystemServerTiming( 711): OnBootPhase_600_com.android.server.rollback.RollbackManagerService
06-04 20:51:59.365 D/SystemServerTiming( 711): OnBootPhase_600_com.android.server.os.NativeTombstoneManagerService
06-04 20:51:59.365 D/SystemServerTiming( 711): OnBootPhase_600_com.android.server.os.BugreportManagerService
06-04 20:51:59.365 D/SystemServerTiming( 711): OnBootPhase_600_com.android.server.gpu.GpuService
06-04 20:51:59.365 D/SystemServerTiming( 711): OnBootPhase_600_com.android.server.security.rkp.RemoteProvisioningService
06-04 20:51:59.365 D/SystemServerTiming( 711): OnBootPhase_600_com.android.server.security.KeyChainSystemService
06-04 20:51:59.365 D/SystemServerTiming( 711): OnBootPhase_600_com.android.server.BinaryTransparencyService
06-04 20:51:59.365 D/SystemServerTiming( 711): OnBootPhase_600_com.android.server.accounts.AccountManagerService$Lifecycle
06-04 20:51:59.365 D/SystemServerTiming( 711): OnBootPhase_600_com.android.server.content.ContentService$Lifecycle
06-04 20:51:59.365 D/SystemServerTiming( 711): OnBootPhase_600_com.android.server.deviceconfig.DeviceConfigInit$Lifecycle
06-04 20:51:59.365 D/SystemServerTiming( 711): OnBootPhase_600_com.android.server.DropBoxManagerService
06-04 20:51:59.365 D/SystemServerTiming( 711): OnBootPhase_600_com.android.role.RoleService
06-04 20:51:59.365 D/SystemServerTiming( 711): OnBootPhase_600_com.android.server.vibrator.VibratorManagerService$Lifecycle
06-04 20:51:59.365 D/SystemServerTiming( 711): OnBootPhase_600_com.android.server.tare.InternalResourceService
06-04 20:51:59.365 D/SystemServerTiming( 711): OnBootPhase_600_com.android.server.alarm.AlarmManagerService
06-04 20:51:59.365 D/SystemServerTiming( 711): OnBootPhase_600_com.android.server.devicestate.DeviceStateManagerService
06-04 20:51:59.365 D/SystemServerTiming( 711): OnBootPhase_600_com.android.server.camera.CameraServiceProxy
06-04 20:51:59.365 D/SystemServerTiming( 711): OnBootPhase_600_com.android.server.bluetooth.BluetoothService
06-04 20:51:59.365 D/SystemServerTiming( 711): OnBootPhase_600_com.android.server.connectivity.IpConnectivityMetrics
06-04 20:51:59.365 D/SystemServerTiming( 711): OnBootPhase_600_com.android.server.net.watchlist.NetworkWatchlistService$Lifecycle
06-04 20:51:59.365 D/SystemServerTiming( 711): OnBootPhase_600_com.android.server.PinnerService
06-04 20:51:59.365 D/SystemServerTiming( 711): OnBootPhase_600_com.android.server.integrity.AppIntegrityManagerService
06-04 20:51:59.365 D/SystemServerTiming( 711): OnBootPhase_600_com.android.server.logcat.LogcatManagerService
06-04 20:51:59.365 D/SystemServerTiming( 711): OnBootPhase_600_com.android.server.inputmethod.InputMethodManagerService$Lifecycle
06-04 20:51:59.365 D/SystemServerTiming( 711): OnBootPhase_600_com.android.server.accessibility.AccessibilityManagerService$Lifecycle
06-04 20:51:59.368 D/SystemServerTiming( 711): OnBootPhase_600_com.android.server.StorageManagerService$Lifecycle
06-04 20:51:59.368 D/SystemServerTiming( 711): OnBootPhase_600_com.android.server.usage.StorageStatsService$Lifecycle
06-04 20:51:59.368 D/SystemServerTiming( 711): OnBootPhase_600_com.android.server.UiModeManagerService
06-04 20:51:59.368 D/SystemServerTiming( 711): OnBootPhase_600_com.android.server.locales.LocaleManagerService
06-04 20:51:59.368 D/SystemServerTiming( 711): OnBootPhase_600_com.android.server.grammaticalinflection.GrammaticalInflectionService
06-04 20:51:59.368 D/SystemServerTiming( 711): OnBootPhase_600_com.android.server.apphibernation.AppHibernationService
06-04 20:51:59.368 D/SystemServerTiming( 711): OnBootPhase_600_com.android.server.locksettings.LockSettingsService$Lifecycle
06-04 20:51:59.368 D/SystemServerTiming( 711): OnBootPhase_600_com.android.server.PersistentDataBlockService
06-04 20:51:59.368 D/SystemServerTiming( 711): OnBootPhase_600_com.android.server.testharness.TestHarnessModeService
06-04 20:51:59.368 D/SystemServerTiming( 711): OnBootPhase_600_com.android.server.oemlock.OemLockService
06-04 20:51:59.369 D/SystemServerTiming( 711): OnBootPhase_600_com.android.server.DeviceIdleController
06-04 20:51:59.369 D/SystemServerTiming( 711): OnBootPhase_600_com.android.server.devicepolicy.DevicePolicyManagerService$Lifecycle
06-04 20:51:59.369 D/SystemServerTiming( 711): OnBootPhase_600_com.android.server.texttospeech.TextToSpeechManagerService
06-04 20:51:59.370 D/SystemServerTiming( 711): OnBootPhase_600_com.android.server.ambientcontext.AmbientContextManagerService
06-04 20:51:59.370 D/SystemServerTiming( 711): OnBootPhase_600_com.android.server.wearable.WearableSensingManagerService
06-04 20:51:59.370 D/SystemServerTiming( 711): OnBootPhase_600_com.android.server.speech.SpeechRecognitionManagerService
06-04 20:51:59.370 D/SystemServerTiming( 711): OnBootPhase_600_com.android.server.searchui.SearchUiManagerService
06-04 20:51:59.371 D/SystemServerTiming( 711): OnBootPhase_600_com.android.server.smartspace.SmartspaceManagerService
06-04 20:51:59.371 D/SystemServerTiming( 711): OnBootPhase_600_com.android.server.graphics.fonts.FontManagerService$Lifecycle
06-04 20:51:59.371 D/SystemServerTiming( 711): OnBootPhase_600_com.android.server.textservices.TextServicesManagerService$Lifecycle
06-04 20:51:59.371 D/SystemServerTiming( 711): OnBootPhase_600_com.android.server.textclassifier.TextClassificationManagerService$Lifecycle
06-04 20:51:59.371 D/SystemServerTiming( 711): OnBootPhase_600_com.android.server.NetworkScoreService$Lifecycle
06-04 20:51:59.371 D/SystemServerTiming( 711): OnBootPhase_600_com.android.server.NetworkStatsServiceInitializer
06-04 20:51:59.371 D/SystemServerTiming( 711): OnBootPhase_600_com.android.server.wifi.WifiService
06-04 20:51:59.371 D/SystemServerTiming( 711): OnBootPhase_600_com.android.server.wifi.scanner.WifiScanningService
06-04 20:51:59.371 D/SystemServerTiming( 711): OnBootPhase_600_com.android.server.wifi.p2p.WifiP2pService
06-04 20:51:59.371 D/SystemServerTiming( 711): OnBootPhase_600_com.android.server.ConnectivityServiceInitializer
06-04 20:51:59.380 D/SystemServerTiming( 711): OnBootPhase_600_com.android.server.notification.NotificationManagerService
06-04 20:51:59.399 D/SystemServerTiming( 711): OnBootPhase_600_com.android.server.storage.DeviceStorageMonitorService
06-04 20:51:59.399 D/SystemServerTiming( 711): OnBootPhase_600_com.android.server.timedetector.TimeDetectorService$Lifecycle
06-04 20:51:59.399 D/SystemServerTiming( 711): OnBootPhase_600_com.android.server.location.LocationManagerService$Lifecycle
06-04 20:51:59.401 E/android.hardware.wifi-service.droidlogic( 525): get aml true wifi is aml_w2_s
06-04 20:51:59.404 W/PackageManager( 711): Invalid dex load report. loadingPackageName=null, uid=1037
06-04 20:51:59.419 D/CompatibilityChangeReporter( 711): Compat change id reported: 261072174; UID 1000; state: ENABLED
06-04 20:51:59.491 E/android.hardware.wifi-service.droidlogic( 525): multiwifi will rmmod wifi comm
06-04 20:51:59.514 W/SystemServiceManager( 711): Service com.android.server.location.LocationManagerService$Lifecycle took 115 ms in onBootPhase
06-04 20:51:59.515 D/SystemServerTiming( 711): OnBootPhase_600_com.android.server.timezonedetector.TimeZoneDetectorService$Lifecycle
06-04 20:51:59.515 D/SystemServerTiming( 711): OnBootPhase_600_com.android.server.location.altitude.AltitudeService$Lifecycle
06-04 20:51:59.516 D/SystemServerTiming( 711): OnBootPhase_600_com.android.server.timezonedetector.location.LocationTimeZoneManagerService$Lifecycle
06-04 20:51:59.516 D/SystemServerTiming( 711): OnBootPhase_600_com.android.server.search.SearchManagerService$Lifecycle
06-04 20:51:59.516 D/SystemServerTiming( 711): OnBootPhase_600_com.android.server.wallpaper.WallpaperManagerService$Lifecycle
06-04 20:51:59.517 D/WallpaperManagerService( 711): Wallpaper_switch-user-0
06-04 20:51:59.518 V/WallpaperManagerService( 711): bindWallpaperComponentLocked: componentName=ComponentInfo{com.android.systemui/com.android.systemui.wallpapers.ImageWallpaper}
06-04 20:51:59.518 D/WallpaperManagerService( 711): WPMS.bindWallpaperComponentLocked-ComponentInfo{com.android.systemui/com.android.systemui.wallpapers.ImageWallpaper}
06-04 20:51:59.522 I/android.hardware.wifi-service.droidlogic( 525): found the match wifi is: aml_w2_s
06-04 20:51:59.522 I/android.hardware.wifi-service.droidlogic( 525): insmod driver: /vendor/lib/modules/w2_comm.ko
06-04 20:51:59.525 D/SystemServerTiming( 711): OnBootPhase_600_com.android.server.wallpapereffectsgeneration.WallpaperEffectsGenerationManagerService
06-04 20:51:59.526 D/SystemServerTiming( 711): OnBootPhase_600_com.android.server.audio.AudioService$Lifecycle
06-04 20:51:59.526 D/SystemServerTiming( 711): OnBootPhase_600_com.android.server.soundtrigger_middleware.SoundTriggerMiddlewareService$Lifecycle
06-04 20:51:59.526 D/SystemServerTiming( 711): OnBootPhase_600_com.android.server.adb.AdbService$Lifecycle
06-04 20:51:59.526 D/SystemServerTiming( 711): OnBootPhase_600_com.android.server.usb.UsbService$Lifecycle
06-04 20:51:59.526 D/SystemServerTiming( 711): OnBootPhase_600_com.android.server.twilight.TwilightService
06-04 20:51:59.526 D/SystemServerTiming( 711): OnBootPhase_600_com.android.server.display.color.ColorDisplayService
06-04 20:51:59.526 D/SystemServerTiming( 711): OnBootPhase_600_com.android.server.job.JobSchedulerService
06-04 20:51:59.548 D/SystemServerTiming( 711): OnBootPhase_600_com.android.server.soundtrigger.SoundTriggerService
06-04 20:51:59.548 D/SoundTriggerService( 711): onBootPhase: 600 : false
06-04 20:51:59.557 D/SystemServerTiming( 711): OnBootPhase_600_com.android.server.trust.TrustManagerService
06-04 20:51:59.560 I/keystore2( 283): system/security/keystore2/src/authorization.rs:143 - on_lock_screen_event(r#UNLOCK, user_id=0, password.is_some()=false, unlocking_sids=Some([]))
06-04 20:51:59.569 D/SystemServerTiming( 711): OnBootPhase_600_com.android.server.backup.BackupManagerService$Lifecycle
06-04 20:51:59.569 D/SystemServerTiming( 711): OnBootPhase_600_com.android.server.appwidget.AppWidgetService
06-04 20:51:59.573 D/SystemServerTiming( 711): OnBootPhase_600_com.android.server.voiceinteraction.VoiceInteractionManagerService
06-04 20:51:59.576 D/SystemServerTiming( 711): OnBootPhase_600_com.android.server.GestureLauncherService
06-04 20:51:59.582 I/android.hardware.wifi-service.droidlogic( 525): insmod driver: /vendor/lib/modules/aml_bt.ko
06-04 20:51:59.587 E/SettingsState( 711): Failed to write settings, restoring old file
06-04 20:51:59.587 E/SettingsState( 711): java.io.SyncFailedException: sync failed
06-04 20:51:59.587 E/SettingsState( 711): at java.io.FileDescriptor.sync(Native Method)
06-04 20:51:59.587 E/SettingsState( 711): at com.android.providers.settings.SettingsState.doWriteState(SettingsState.java:925)
06-04 20:51:59.587 E/SettingsState( 711): at com.android.providers.settings.SettingsState.-$$Nest$mdoWriteState(SettingsState.java:0)
06-04 20:51:59.587 E/SettingsState( 711): at com.android.providers.settings.SettingsState$MyHandler.handleMessage(SettingsState.java:1279)
06-04 20:51:59.587 E/SettingsState( 711): at android.os.Handler.dispatchMessage(Handler.java:106)
06-04 20:51:59.587 E/SettingsState( 711): at android.os.Looper.loopOnce(Looper.java:205)
06-04 20:51:59.587 E/SettingsState( 711): at android.os.Looper.loop(Looper.java:294)
06-04 20:51:59.587 E/SettingsState( 711): at android.os.HandlerThread.run(HandlerThread.java:67)
06-04 20:51:59.590 D/SystemServerTiming( 711): OnBootPhase_600_com.android.server.SensorNotificationService
06-04 20:51:59.592 D/SystemServerTiming( 711): OnBootPhase_600_com.android.server.emergency.EmergencyAffordanceService
06-04 20:51:59.592 D/SystemServerTiming( 711): OnBootPhase_600_com.android.server.blob.BlobStoreManagerService
06-04 20:51:59.613 I/android.hardware.wifi-service.droidlogic( 525): insmod driver: /vendor/lib/modules/w2.ko
06-04 20:51:59.650 W/SystemServiceManager( 711): Service com.android.server.blob.BlobStoreManagerService took 58 ms in onBootPhase
06-04 20:51:59.650 D/SystemServerTiming( 711): OnBootPhase_600_com.android.server.dreams.DreamManagerService
06-04 20:51:59.653 D/SystemServerTiming( 711): OnBootPhase_600_com.android.server.security.AttestationVerificationManagerService
06-04 20:51:59.653 D/SystemServerTiming( 711): OnBootPhase_600_com.android.server.restrictions.RestrictionsManagerService
06-04 20:51:59.653 D/SystemServerTiming( 711): OnBootPhase_600_com.android.server.media.MediaSessionService
06-04 20:51:59.653 D/SystemServerTiming( 711): OnBootPhase_600_com.android.server.hdmi.HdmiControlService
06-04 20:51:59.653 D/SystemServerTiming( 711): OnBootPhase_600_com.android.server.tv.interactive.TvInteractiveAppManagerService
06-04 20:51:59.659 D/SystemServerTiming( 711): OnBootPhase_600_com.android.server.tv.TvInputManagerService
06-04 20:51:59.660 D/SystemServerTiming( 711): OnBootPhase_600_com.android.server.media.MediaResourceMonitorService
06-04 20:51:59.660 D/SystemServerTiming( 711): OnBootPhase_600_com.android.server.tv.TvRemoteService
06-04 20:51:59.660 D/SystemServerTiming( 711): OnBootPhase_600_com.android.server.biometrics.BiometricService
06-04 20:51:59.660 D/SystemServerTiming( 711): OnBootPhase_600_com.android.server.biometrics.AuthService
06-04 20:51:59.660 D/SystemServerTiming( 711): OnBootPhase_600_com.android.server.pm.ShortcutService$Lifecycle
06-04 20:51:59.661 D/SystemServerTiming( 711): OnBootPhase_600_com.android.server.pm.LauncherAppsService
06-04 20:51:59.661 D/SystemServerTiming( 711): OnBootPhase_600_com.android.server.pm.CrossProfileAppsService
06-04 20:51:59.661 D/SystemServerTiming( 711): OnBootPhase_600_com.android.server.people.PeopleService
06-04 20:51:59.662 D/SystemServerTiming( 711): OnBootPhase_600_com.android.server.media.metrics.MediaMetricsManagerService
06-04 20:51:59.662 D/SystemServerTiming( 711): OnBootPhase_600_com.android.server.pm.BackgroundInstallControlService
06-04 20:51:59.662 D/SystemServerTiming( 711): OnBootPhase_600_com.android.server.media.projection.MediaProjectionManagerService
06-04 20:51:59.662 D/SystemServerTiming( 711): OnBootPhase_600_com.android.server.slice.SliceManagerService$Lifecycle
06-04 20:51:59.662 D/SystemServerTiming( 711): OnBootPhase_600_com.android.server.stats.StatsCompanion$Lifecycle
06-04 20:51:59.672 D/SystemServerTiming( 711): OnBootPhase_600_com.android.server.scheduling.RebootReadinessManagerService$Lifecycle
06-04 20:51:59.672 D/SystemServerTiming( 711): OnBootPhase_600_com.android.server.stats.pull.StatsPullAtomService
06-04 20:51:59.673 D/SystemServerTiming( 711): OnBootPhase_600_com.android.server.stats.bootstrap.StatsBootstrapAtomService$Lifecycle
06-04 20:51:59.673 D/SystemServerTiming( 711): OnBootPhase_600_com.android.server.incident.IncidentCompanionService
06-04 20:51:59.673 D/SystemServerTiming( 711): OnBootPhase_600_com.android.server.sdksandbox.SdkSandboxManagerService$Lifecycle
06-04 20:51:59.673 D/SystemServerTiming( 711): OnBootPhase_600_com.android.server.adservices.AdServicesManagerService$Lifecycle
06-04 20:51:59.673 D/SystemServerTiming( 711): OnBootPhase_600_com.android.server.ondevicepersonalization.OnDevicePersonalizationSystemService$Lifecycle
06-04 20:51:59.673 D/SystemServerTiming( 711): OnBootPhase_600_com.android.server.autofill.AutofillManagerService
06-04 20:51:59.673 D/StatsPullAtomService( 711): Registering NetworkStats pullers with statsd
06-04 20:51:59.674 D/SystemServerTiming( 711): OnBootPhase_600_com.android.server.clipboard.ClipboardService
06-04 20:51:59.674 D/SystemServerTiming( 711): OnBootPhase_600_com.android.server.appbinding.AppBindingService$Lifecycle
06-04 20:51:59.675 D/SystemServerTiming( 711): OnBootPhase_600_com.android.server.tracing.TracingServiceProxy
06-04 20:51:59.675 D/SystemServerTiming( 711): OnBootPhase_600_com.android.server.policy.PermissionPolicyService
06-04 20:51:59.675 D/SystemServerTiming( 711): OnBootPhase_600_com.android.server.pm.StagingManager$Lifecycle
06-04 20:51:59.675 D/SystemServerTiming( 711): OnBootPhase_600_com.android.server.app.GameManagerService$Lifecycle
06-04 20:51:59.675 D/SystemServerTiming( 711): OnBootPhase_600_com.android.safetycenter.SafetyCenterService
06-04 20:51:59.675 D/SystemServerTiming( 711): OnBootPhase_600_com.android.server.appsearch.AppSearchModule$Lifecycle
06-04 20:51:59.675 D/SystemServerTiming( 711): OnBootPhase_600_com.android.server.media.MediaCommunicationService
06-04 20:51:59.675 D/SystemServerTiming( 711): OnBootPhase_600_com.android.server.compat.overrides.AppCompatOverridesService$Lifecycle
06-04 20:51:59.675 D/SystemServerTiming( 711): OnBootPhase_600_com.android.server.healthconnect.HealthConnectManagerService
06-04 20:51:59.675 D/SystemServerTiming( 711): OnBootPhase_600_com.android.server.devicelock.DeviceLockService
06-04 20:51:59.675 D/DeviceLockService( 711): onBootPhase: 600
06-04 20:51:59.675 D/SystemServerTiming( 711): StartNetworkStack
06-04 20:51:59.715 V/WindowManagerShell( 917): Adding init callback for DisplayChangeController
06-04 20:51:59.715 V/WindowManagerShell( 917): Adding init callback for DisplayController
06-04 20:51:59.715 V/WindowManagerShell( 917): Adding init callback for DisplayInsetsController
06-04 20:51:59.715 V/WindowManagerShell( 917): Adding init callback for DisplayImeController
06-04 20:51:59.715 V/WindowManagerShell( 917): Adding init callback for ShellController
06-04 20:51:59.717 D/CompatibilityChangeReporter( 711): Compat change id reported: 135634846; UID 1073; state: DISABLED
06-04 20:51:59.718 V/WindowManagerShell( 917): Adding init callback for DragAndDropController
06-04 20:51:59.722 D/CompatibilityChangeReporter( 711): Compat change id reported: 135634846; UID 10051; state: DISABLED
06-04 20:51:59.723 D/CompatibilityChangeReporter( 711): Compat change id reported: 177438394; UID 10051; state: DISABLED
06-04 20:51:59.723 D/CompatibilityChangeReporter( 711): Compat change id reported: 135772972; UID 10051; state: DISABLED
06-04 20:51:59.723 D/CompatibilityChangeReporter( 711): Compat change id reported: 135754954; UID 10051; state: ENABLED
06-04 20:51:59.726 D/SystemServerTiming( 711): StartTethering
06-04 20:51:59.739 D/SystemServerTiming( 711): MakeCountryDetectionServiceReady
06-04 20:51:59.739 D/SystemServerTiming( 711): MakeNetworkTimeUpdateReady
06-04 20:51:59.742 D/SystemServerTiming( 711): MakeInputManagerServiceReady
06-04 20:51:59.751 D/SystemServerTiming( 711): MakeTelephonyRegistryReady
06-04 20:51:59.754 W/ActivityManager( 711): Slow operation: 59ms so far, now at startProcess: done updating battery stats
06-04 20:51:59.755 W/ActivityManager( 711): Slow operation: 63ms so far, now at startProcess: building log message
06-04 20:51:59.755 I/ActivityManager( 711): Start proc 1035:com.android.networkstack.process/1073 for service {com.android.networkstack/com.android.server.NetworkStackService}
06-04 20:51:59.755 W/ActivityManager( 711): Slow operation: 63ms so far, now at startProcess: starting to update pids map
06-04 20:51:59.755 W/ActivityManager( 711): Slow operation: 63ms so far, now at startProcess: done updating pids map
06-04 20:51:59.804 D/SystemServerTiming( 711): MakeMediaRouterServiceReady
06-04 20:51:59.804 I/MR2ServiceImpl( 711): switchUser | user: 0
06-04 20:51:59.804 V/WindowManagerShell( 917): Adding init callback for CompatUIController
06-04 20:51:59.804 D/SystemServerTiming( 711): IncidentDaemonReady
06-04 20:51:59.806 D/SystemServerTiming( 711): MakeIncrementalServiceReady
06-04 20:51:59.806 D/SystemServerTiming( 711): OdsignStatsLogger
06-04 20:51:59.806 D/SystemServerTiming( 711): getCurrentUser
06-04 20:51:59.806 I/ActivityManager( 711): Current user:0
06-04 20:51:59.806 D/SystemServerTiming( 711): ActivityManagerStartApps
06-04 20:51:59.807 D/SystemServerTimingAsync( 711): ssm.StartUser-0
06-04 20:51:59.807 I/SystemServiceManager( 711): Calling onStartUser 0
06-04 20:51:59.807 D/SystemServerTimingAsync( 711): ssm.onStartUser-0_com.android.server.security.FileIntegrityService
06-04 20:51:59.807 D/SystemServerTimingAsync( 711): ssm.onStartUser-0_com.android.server.pm.Installer
06-04 20:51:59.807 D/SystemServerTimingAsync( 711): ssm.onStartUser-0_com.android.server.os.DeviceIdentifiersPolicyService
06-04 20:51:59.807 D/SystemServerTimingAsync( 711): ssm.onStartUser-0_com.android.server.flags.FeatureFlagsService
06-04 20:51:59.807 D/SystemServerTimingAsync( 711): ssm.onStartUser-0_com.android.server.uri.UriGrantsManagerService$Lifecycle
06-04 20:51:59.807 D/SystemServerTimingAsync( 711): ssm.onStartUser-0_com.android.server.powerstats.PowerStatsService
06-04 20:51:59.807 D/SystemServerTimingAsync( 711): ssm.onStartUser-0_com.android.server.permission.access.AccessCheckingService
06-04 20:51:59.807 D/SystemServerTimingAsync( 711): ssm.onStartUser-0_com.android.server.wm.ActivityTaskManagerService$Lifecycle
06-04 20:51:59.807 D/SystemServerTimingAsync( 711): ssm.onStartUser-0_com.android.server.am.ActivityManagerService$Lifecycle
06-04 20:51:59.807 D/SystemServerTimingAsync( 711): ssm.onStartUser-0_com.android.server.pm.DataLoaderManagerService
06-04 20:51:59.807 D/SystemServerTimingAsync( 711): ssm.onStartUser-0_com.android.server.power.PowerManagerService
06-04 20:51:59.807 D/SystemServerTimingAsync( 711): ssm.onStartUser-0_com.android.server.power.ThermalManagerService
06-04 20:51:59.807 D/SystemServerTimingAsync( 711): ssm.onStartUser-0_com.android.server.power.hint.HintManagerService
06-04 20:51:59.807 D/SystemServerTimingAsync( 711): ssm.onStartUser-0_com.android.server.recoverysystem.RecoverySystemService$Lifecycle
06-04 20:51:59.807 D/SystemServerTimingAsync( 711): ssm.onStartUser-0_com.android.server.lights.LightsService
06-04 20:51:59.807 D/SystemServerTimingAsync( 711): ssm.onStartUser-0_com.android.server.display.DisplayManagerService
06-04 20:51:59.807 D/SystemServerTimingAsync( 711): ssm.onStartUser-0_com.android.server.pm.verify.domain.DomainVerificationService
06-04 20:51:59.807 D/SystemServerTimingAsync( 711): ssm.onStartUser-0_com.android.server.pm.PackageInstallerService$Lifecycle
06-04 20:51:59.807 D/SystemServerTimingAsync( 711): ssm.onStartUser-0_com.android.server.pm.UserManagerService$LifeCycle
06-04 20:51:59.807 D/SystemServerTimingAsync( 711): ssm.onStartUser-0_com.android.server.om.OverlayManagerService
06-04 20:51:59.837 V/WindowManagerShell( 917): Adding init callback for ShellTaskOrganizer
06-04 20:51:59.862 W/SystemServiceManager( 711): Service com.android.server.om.OverlayManagerService took 54 ms in onStartUser-0
06-04 20:51:59.862 D/SystemServerTimingAsync( 711): ssm.onStartUser-0_com.android.server.resources.ResourcesManagerService
06-04 20:51:59.862 D/SystemServerTimingAsync( 711): ssm.onStartUser-0_com.android.server.sensorprivacy.SensorPrivacyService
06-04 20:51:59.877 D/GameManagerService( 711): User ID '0' does not have a Game Mode selected for package: 'com.android.networkstack'
06-04 20:51:59.878 D/CompatibilityChangeReporter( 711): Compat change id reported: 168419799; UID 1073; state: DISABLED
06-04 20:51:59.878 D/CompatibilityChangeReporter( 711): Compat change id reported: 273564678; UID 1073; state: DISABLED
06-04 20:51:59.883 V/WindowManagerShell( 917): Adding init callback for DefaultTransitionHandler
06-04 20:51:59.883 V/WindowManagerShell( 917): addHandler: Default
06-04 20:51:59.883 V/WindowManagerShell( 917): addHandler: Remote
06-04 20:51:59.883 V/WindowManagerShell( 917): Adding init callback for Transitions
06-04 20:51:59.887 V/WindowManagerShell( 917): Adding init callback for FullscreenTaskListener
06-04 20:51:59.895 V/WindowManagerShell( 917): Adding init callback for ActivityEmbeddingController
06-04 20:51:59.898 D/CompatibilityChangeReporter( 711): Compat change id reported: 265195908; UID 1073; state: ENABLED
06-04 20:51:59.899 D/CompatibilityChangeReporter( 711): Compat change id reported: 161145287; UID 10052; state: ENABLED
06-04 20:51:59.900 V/WindowManagerShell( 917): Adding init callback for StartingWindowController
06-04 20:51:59.900 V/WindowManagerShell( 917): Adding init callback for ProtoLogController
06-04 20:51:59.900 D/CompatibilityChangeReporter( 711): Compat change id reported: 265464455; UID 10052; state: DISABLED
06-04 20:51:59.901 D/CompatibilityChangeReporter( 711): Compat change id reported: 265452344; UID 10052; state: DISABLED
06-04 20:51:59.901 D/CompatibilityChangeReporter( 711): Compat change id reported: 266124927; UID 10052; state: DISABLED
06-04 20:51:59.902 D/CompatibilityChangeReporter( 711): Compat change id reported: 265451093; UID 10052; state: DISABLED
06-04 20:51:59.902 D/CompatibilityChangeReporter( 711): Compat change id reported: 265456536; UID 10052; state: DISABLED
06-04 20:51:59.903 D/CompatibilityChangeReporter( 711): Compat change id reported: 255940284; UID 10052; state: DISABLED
06-04 20:51:59.904 D/CompatibilityChangeReporter( 711): Compat change id reported: 236283604; UID 10052; state: DISABLED
06-04 20:51:59.905 D/CompatibilityChangeReporter( 711): Compat change id reported: 263959004; UID 10052; state: DISABLED
06-04 20:51:59.905 D/CompatibilityChangeReporter( 711): Compat change id reported: 264304459; UID 10052; state: DISABLED
06-04 20:51:59.906 D/CompatibilityChangeReporter( 711): Compat change id reported: 264301586; UID 10052; state: DISABLED
06-04 20:51:59.906 D/CompatibilityChangeReporter( 711): Compat change id reported: 254631730; UID 10052; state: DISABLED
06-04 20:51:59.907 D/CompatibilityChangeReporter( 711): Compat change id reported: 273509367; UID 10052; state: DISABLED
06-04 20:51:59.907 D/CompatibilityChangeReporter( 711): Compat change id reported: 263259275; UID 10052; state: DISABLED
06-04 20:51:59.907 D/CompatibilityChangeReporter( 711): Compat change id reported: 174042980; UID 10052; state: DISABLED
06-04 20:51:59.907 D/CompatibilityChangeReporter( 711): Compat change id reported: 174042936; UID 10052; state: DISABLED
06-04 20:51:59.908 D/CompatibilityChangeReporter( 711): Compat change id reported: 181136395; UID 10052; state: DISABLED
06-04 20:51:59.915 V/WindowManagerShell( 917): Adding init callback for TvPipTransition
06-04 20:51:59.918 D/CompatibilityChangeReporter( 711): Compat change id reported: 194480991; UID 10052; state: ENABLED
06-04 20:51:59.922 W/ActivityTaskManager( 711): startActivity called from non-Activity context; forcing Intent.FLAG_ACTIVITY_NEW_TASK for: Intent { flg=0x840000 cmp=com.android.systemui/.sensorprivacy.television.TvSensorPrivacyChangedActivity (has extras) }
06-04 20:51:59.926 D/CountryDetector( 711): Using custom country detector class: com.android.server.location.ComprehensiveCountryDetector
06-04 20:51:59.927 E/CountryDetector( 711): Could not instantiate the custom country detector class
06-04 20:51:59.927 D/CountryDetector( 711): Using default country detector
06-04 20:51:59.934 D/CompatibilityChangeReporter( 711): Compat change id reported: 184838306; UID 10052; state: DISABLED
06-04 20:51:59.934 D/CompatibilityChangeReporter( 711): Compat change id reported: 185004937; UID 10052; state: DISABLED
06-04 20:51:59.942 D/CompatibilityChangeReporter( 711): Compat change id reported: 197654537; UID 10052; state: ENABLED
06-04 20:51:59.947 I/ActivityManager( 711): Process WebViewLoader-armeabi-v7a (pid 936) has died: psvc PER
06-04 20:51:59.950 I/ActivityTaskManager( 711): START u0 {flg=0x840000 cmp=com.android.systemui/.sensorprivacy.television.TvSensorPrivacyChangedActivity (has extras)} with LAUNCH_SINGLE_TOP from uid 1000 (BAL_ALLOW_ALLOWLISTED_UID) result code=0
06-04 20:51:59.959 D/DisplayManagerService( 711): Drop pending events for gone uid 1037
06-04 20:51:59.959 D/OomAdjuster( 711): Not killing cached processes
06-04 20:51:59.963 W/ActivityTaskManager( 711): startActivity called from non-Activity context; forcing Intent.FLAG_ACTIVITY_NEW_TASK for: Intent { flg=0x840000 cmp=com.android.systemui/.sensorprivacy.television.TvSensorPrivacyChangedActivity (has extras) }
06-04 20:51:59.967 I/ActivityTaskManager( 711): START u0 {flg=0x840000 cmp=com.android.systemui/.sensorprivacy.television.TvSensorPrivacyChangedActivity (has extras)} with LAUNCH_SINGLE_TOP from uid 1000 (BAL_ALLOW_ALLOWLISTED_UID) result code=3
06-04 20:51:59.972 D/WindowManagerShell( 917): TvPipActionsProvider: onMediaActionsChanged()
06-04 20:51:59.972 D/WindowManagerShell( 917): TvPipActionsProvider: replaceCustomActions, count: 0
06-04 20:51:59.972 D/WindowManagerShell( 917): TvPipMenuController: setDelegate(), delegate=com.android.wm.shell.pip.tv.TvPipController@b867785
06-04 20:51:59.972 V/WindowManagerShell( 917): Adding init callback for TvPipController
06-04 20:51:59.972 V/WindowManagerShell( 917): Adding init callback for KeyguardTransitionHandler
06-04 20:51:59.973 W/ActivityTaskManager( 711): startActivity called from non-Activity context; forcing Intent.FLAG_ACTIVITY_NEW_TASK for: Intent { flg=0x840000 cmp=com.android.systemui/.sensorprivacy.television.TvSensorPrivacyChangedActivity (has extras) }
06-04 20:51:59.975 I/ActivityTaskManager( 711): START u0 {flg=0x840000 cmp=com.android.systemui/.sensorprivacy.television.TvSensorPrivacyChangedActivity (has extras)} with LAUNCH_SINGLE_TOP from uid 1000 (BAL_ALLOW_ALLOWLISTED_UID) result code=3
06-04 20:51:59.978 W/ActivityTaskManager( 711): startActivity called from non-Activity context; forcing Intent.FLAG_ACTIVITY_NEW_TASK for: Intent { flg=0x840000 cmp=com.android.systemui/.sensorprivacy.television.TvSensorPrivacyChangedActivity (has extras) }
06-04 20:51:59.980 I/ActivityTaskManager( 711): START u0 {flg=0x840000 cmp=com.android.systemui/.sensorprivacy.television.TvSensorPrivacyChangedActivity (has extras)} with LAUNCH_SINGLE_TOP from uid 1000 (BAL_ALLOW_ALLOWLISTED_UID) result code=3
06-04 20:51:59.980 W/SystemServiceManager( 711): Service com.android.server.sensorprivacy.SensorPrivacyService took 118 ms in onStartUser-0
06-04 20:51:59.980 D/SystemServerTimingAsync( 711): ssm.onStartUser-0_com.android.server.sensors.SensorService
06-04 20:51:59.981 D/SystemServerTimingAsync( 711): ssm.onStartUser-0_com.android.server.SystemConfigService
06-04 20:51:59.981 D/SystemServerTimingAsync( 711): ssm.onStartUser-0_com.android.server.BatteryService
06-04 20:51:59.981 D/SystemServerTimingAsync( 711): ssm.onStartUser-0_com.android.server.usage.UsageStatsService
06-04 20:51:59.981 D/SystemServerTimingAsync( 711): ssm.onStartUser-0_com.android.server.webkit.WebViewUpdateService
06-04 20:51:59.981 D/SystemServerTimingAsync( 711): ssm.onStartUser-0_com.android.server.CachedDeviceStateService
06-04 20:51:59.981 D/SystemServerTimingAsync( 711): ssm.onStartUser-0_com.android.server.BinderCallsStatsService$LifeCycle
