06-04 20:52:58.742 I/bluetooth( 1081): packages/modules/Bluetooth/system/stack/eatt/eatt_impl.h:1008 connect: Device xx:xx:xx:xx:c0:7a, role central
06-04 20:52:58.742 I/bluetooth( 1081): packages/modules/Bluetooth/system/stack/gatt/gatt_main.cc:405 gatt_update_app_use_link_flag: disable link idle timer for xx:xx:xx:xx:c0:7a
06-04 20:52:58.743 I/bt_stack( 1081): [INFO:l2c_api.cc(1607)] L2CA_MarkLeLinkAsActivesetting link to e4:bb:d3:57:c0:7a as active
06-04 20:52:58.743 I/bluetooth( 1081): packages/modules/Bluetooth/system/stack/gatt/gatt_api.cc:1206 GATT_SetIdleTimeout: idle_timeout=65535, is_active=1, status=1 (1-OK 0-not performed)
06-04 20:52:58.743 I/bt_btif_hh( 1081): packages/modules/Bluetooth/system/btif/src/btif_hh.cc:436 hh_open_handler: Found device, getting dscp info for handle 16
06-04 20:52:58.743 D/BluetoothHidHostService( 1081): Connection state XX:XX:XX:XX:C0:7A: 0->1
06-04 20:52:58.743 I/bt_btif_dm( 1081): packages/modules/Bluetooth/system/btif/src/btif_dm.cc:489 get_cod: get_cod remote_cod = 0x0000050c
06-04 20:52:58.743 I/bt_btif_dm( 1081): packages/modules/Bluetooth/system/btif/src/btif_dm.cc:489 get_cod: get_cod remote_cod = 0x0000050c
06-04 20:52:58.743 W/bt_btif ( 1081): packages/modules/Bluetooth/system/main/bte_logmsg.cc:108 LogMsg: btif_hh_upstreams_evt: name = Dangbei
06-04 20:52:58.743 W/bt_btif ( 1081): packages/modules/Bluetooth/system/main/bte_logmsg.cc:108 LogMsg: bta_hh_co_send_hid_info: fd = 238, name = [Dangbei], dscp_len = 80
06-04 20:52:58.743 W/bt_btif ( 1081): packages/modules/Bluetooth/system/main/bte_logmsg.cc:108 LogMsg: bta_hh_co_send_hid_info: vendor_id = 0x000d, product_id = 0x3838, version= 0x0000,ctry_code=0x00
06-04 20:52:58.744 D/XM_HIDREAD( 2052): add@ add@/devices/virtual/misc/uhid/0005:000D:3838.0001
06-04 20:52:58.744 W/bt_btif ( 1081): packages/modules/Bluetooth/system/main/bte_logmsg.cc:108 LogMsg: bta_hh_co_send_hid_info: wrote descriptor to fd = 238, dscp_len = 80, result = 0
06-04 20:52:58.745 W/bt_stack( 1081): [WARNING:btif_hh.cc(461)] Device xx:xx:xx:xx:c0:7a already added
06-04 20:52:58.745 W/bt_btif ( 1081): packages/modules/Bluetooth/system/main/bte_logmsg.cc:108 LogMsg: btif_hh_upstreams_evt: Device already added
06-04 20:52:58.745 D/XM_HIDREAD( 2052): add@ add@/devices/virtual/misc/uhid/0005:000D:3838.0001/input/input9
06-04 20:52:58.747 D/XM_HIDREAD( 2052): add@ add@/devices/virtual/misc/uhid/0005:000D:3838.0001/input/input9/event9
06-04 20:52:58.748 D/CachedBluetoothDevice( 1105): onProfileStateChanged: profile HID, device XX:XX:XX:XX:C0:7A, newProfileState 1
06-04 20:52:58.748 D/BluetoothAdapter( 1105): getActiveDevices(profile= A2DP)
06-04 20:52:58.750 D/CachedBluetoothDevice( 1328): onProfileStateChanged: profile HID, device XX:XX:XX:XX:C0:7A, newProfileState 1
06-04 20:52:58.750 D/BluetoothAdapter( 1328): getActiveDevices(profile= A2DP)
06-04 20:52:58.750 D/BluetoothHidHostService( 1081): Connection state XX:XX:XX:XX:C0:7A: 1->2
06-04 20:52:58.750 I/BluetoothAdapterService( 1081): getActiveDevices: A2dp device: null
06-04 20:52:58.751 D/BluetoothAdapter( 1105): getActiveDevices(profile= HEADSET)
06-04 20:52:58.752 I/bluetooth( 1081): packages/modules/Bluetooth/system/stack/gatt/gatt_sr.cc:839 gatts_process_mtu_req: MTU 247 request from remote (e4:bb:d3:57:c0:7a), resulted MTU 247
06-04 20:52:58.753 I/bt_btm_ble( 1081): packages/modules/Bluetooth/system/stack/btm/btm_ble.cc:620 BTM_SetBleDataLength: xx:xx:xx:xx:c0:7a, 251
06-04 20:52:58.753 W/bt_stack( 1081): [WARNING:gatt_utils.cc(831)] Call back not found for application conn_id=3
06-04 20:52:58.753 W/bt_stack( 1081): [WARNING:gatt_utils.cc(831)] Call back not found for application conn_id=4
06-04 20:52:58.753 W/bt_stack( 1081): [WARNING:gatt_utils.cc(831)] Call back not found for application conn_id=5
06-04 20:52:58.753 D/XM_HIDREAD( 2052): add@ add@/devices/virtual/misc/uhid/0005:000D:3838.0001/input/input11
06-04 20:52:58.753 I/BluetoothAdapterService( 1081): getActiveDevices: A2dp device: null
06-04 20:52:58.754 D/XM_HIDREAD( 2052): add@ add@/devices/virtual/misc/uhid/0005:000D:3838.0001/input/input11/event10
06-04 20:52:58.755 I/BluetoothAdapterService( 1081): getActiveDevices: Headset device: null
06-04 20:52:58.755 D/BluetoothAdapter( 1105): getActiveDevices(profile= HEARING_AID)
06-04 20:52:58.757 I/BluetoothAdapterService( 1081): getActiveDevices: Hearing Aid devices: Left[null] - Right[null]
06-04 20:52:58.757 D/CachedBluetoothDevice( 1105): onProfileStateChanged: profile HID, device XX:XX:XX:XX:C0:7A, newProfileState 2
06-04 20:52:58.757 D/BluetoothAdapter( 1105): getActiveDevices(profile= A2DP)
06-04 20:52:58.758 D/EventHub( 711): No input device configuration file found for device 'Dangbei'.
06-04 20:52:58.759 I/BluetoothAdapterService( 1081): getActiveDevices: A2dp device: null
06-04 20:52:58.760 D/BluetoothAdapter( 1105): getActiveDevices(profile= HEADSET)
06-04 20:52:58.761 I/EventHub( 711): usingClockIoctl=true
06-04 20:52:58.761 I/EventHub( 711): New device: id=10, fd=351, path='/dev/input/event9', name='Dangbei', classes=KEYBOARD | DPAD | EXTERNAL, configuration='', keyLayout='/vendor/usr/keylayout/Vendor_000d_Product_3838.kl', keyCharacterMap='/system/usr/keychars/Generic.kcm', builtinKeyboard=false,
06-04 20:52:58.762 I/InputReader( 711): Device added: id=10, eventHubId=10, name='Dangbei', descriptor='651c02fc25e22f45bf8fc0886230121b32a1c5c9',sources=KEYBOARD | DPAD
06-04 20:52:58.763 I/BluetoothAdapterService( 1081): getActiveDevices: Headset device: null
06-04 20:52:58.763 D/BluetoothAdapter( 1105): getActiveDevices(profile= HEARING_AID)
06-04 20:52:58.766 D/XM_HIDREAD( 2052): add@ add@/devices/virtual/wakeup/wakeup32
06-04 20:52:58.766 D/XM_HIDREAD( 2052): add@ add@/devices/virtual/misc/uhid/0005:000D:3838.0001/hidraw/hidraw0
06-04 20:52:58.766 D/XM_HIDREAD( 2052): ready open:/dev/hidraw0
06-04 20:52:58.766 D/XM_HIDREAD( 2052): open:/dev/hidraw0 resultFD:-1
06-04 20:52:58.766 E/XM_HIDREAD( 2052): open hidraw error: No such file or directory, wait to retry...
06-04 20:52:58.767 D/BluetoothAdapter( 1328): getActiveDevices(profile= HEADSET)
06-04 20:52:58.768 I/EventHub( 711): The AssociatedDevice changed for path '/sys/devices/virtual/misc/uhid/0005:000D:3838.0001'. Using new AssociatedDevice: path=/sys/devices/virtual/misc/uhid/0005:000D:3838.0001, numBatteries=0, numLight=0
06-04 20:52:58.768 D/EventHub( 711): No input device configuration file found for device 'Dangbei Consumer Control'.
06-04 20:52:58.769 D/AdapterProperties( 1081): PROFILE_CONNECTION_STATE_CHANGE: profile=4, device=XX:XX:XX:XX:C0:7A, 0 -> 1
06-04 20:52:58.770 W/EventHub( 711): Unable to disable kernel key repeat for /dev/input/event10: Function not implemented
06-04 20:52:58.770 I/BluetoothAdapterService( 1081): getActiveDevices: Hearing Aid devices: Left[null] - Right[null]
06-04 20:52:58.770 I/EventHub( 711): usingClockIoctl=true
06-04 20:52:58.770 I/EventHub( 711): New device: id=11, fd=487, path='/dev/input/event10', name='Dangbei Consumer Control', classes=KEYBOARD | DPAD | JOYSTICK | EXTERNAL, configuration='', keyLayout='/vendor/usr/keylayout/Vendor_000d_Product_3838.kl', keyCharacterMap='/system/usr/keychars/Generic.kcm', builtinKeyboard=false,
06-04 20:52:58.771 I/InputReader( 711): Device added: id=10, eventHubId=11, name='Dangbei Consumer Control', descriptor='d1a64ac59cff7d0d22206f3b378df7c5b30d32d8',sources=KEYBOARD | DPAD | JOYSTICK
06-04 20:52:58.772 D/AdapterProperties( 1081): ADAPTER_CONNECTION_STATE_CHANGE: XX:XX:XX:XX:C0:7A: 0 -> 1
06-04 20:52:58.775 D/AdapterProperties( 1081): PROFILE_CONNECTION_STATE_CHANGE: profile=4, device=XX:XX:XX:XX:C0:7A, 1 -> 2
06-04 20:52:58.775 I/BluetoothAdapterService( 1081): getActiveDevices: Headset device: null
06-04 20:52:58.776 D/BluetoothAdapter( 1328): getActiveDevices(profile= HEARING_AID)
06-04 20:52:58.777 I/wpa_supplicant( 1187): wpa_driver_nl80211_driver_cmd: wifi vendor: aml_w2_s
06-04 20:52:58.777 I/wpa_supplicant( 1187): wpa_driver_nl80211_driver_cmd: wlan0: private command: BTCOEXSCAN-START
06-04 20:52:58.777 D/AdapterProperties( 1081): ADAPTER_CONNECTION_STATE_CHANGE: XX:XX:XX:XX:C0:7A: 1 -> 2
06-04 20:52:58.778 I/BluetoothAdapterService( 1081): getActiveDevices: Hearing Aid devices: Left[null] - Right[null]
06-04 20:52:58.780 I/wpa_supplicant( 1187): wpa_driver_nl80211_driver_cmd: wifi vendor: aml_w2_s
06-04 20:52:58.780 I/wpa_supplicant( 1187): wpa_driver_nl80211_driver_cmd: wlan0: private command: BTCOEXSCAN-START
06-04 20:52:58.780 D/CachedBluetoothDevice( 1328): onProfileStateChanged: profile HID, device XX:XX:XX:XX:C0:7A, newProfileState 2
06-04 20:52:58.781 D/BluetoothAdapter( 1328): getActiveDevices(profile= A2DP)
06-04 20:52:58.782 I/bt_stack( 1081): [INFO:eatt_impl.h(888)] supported_features_cb e4:bb:d3:57:c0:7a is_eatt_supported = 0
06-04 20:52:58.785 I/BluetoothAdapterService( 1081): getActiveDevices: A2dp device: null
06-04 20:52:58.785 D/BluetoothAdapter( 1328): getActiveDevices(profile= HEADSET)
06-04 20:52:58.787 I/BluetoothAdapterService( 1081): getActiveDevices: Headset device: null
06-04 20:52:58.787 D/BluetoothAdapter( 1328): getActiveDevices(profile= HEARING_AID)
06-04 20:52:58.789 I/BluetoothAdapterService( 1081): getActiveDevices: Hearing Aid devices: Left[null] - Right[null]
06-04 20:52:58.866 E/XM_HIDREAD( 2052): trying to reopen hidraw: /dev/hidraw0
06-04 20:52:58.866 D/XM_HIDREAD( 2052): ready open:/dev/hidraw0
06-04 20:52:58.867 D/XM_HIDREAD( 2052): open:/dev/hidraw0 resultFD:8
06-04 20:52:58.867 D/XM_HIDREAD( 2052): 1 ready ioctl hidrawFD 8
06-04 20:52:58.867 D/XM_HIDREAD( 2052): 2 ready ioctl hidrawFD 8
06-04 20:52:58.867 D/XM_HIDREAD( 2052): 3 ready ioctl hidrawFD 8
06-04 20:52:58.867 D/XM_HIDREAD( 2052): 4 ready ioctl hidrawFD 8
06-04 20:52:58.867 D/XM_HIDREAD( 2052): ioctl hidrawFD HIDIOCGRDESC ret 0
06-04 20:52:58.867 D/XM_HIDREAD( 2052): dinfo.vendor:13,dinfo.product:14392
06-04 20:52:58.867 D/XM_HIDREAD( 2052): m_pid:0x3838,m_vid:0x000d
06-04 20:52:58.867 D/XM_HIDREAD( 2052): /dev/hidraw0 open succussfully!
06-04 20:52:58.867 D/XM_HIDREAD( 2052): add@ add@/devices/virtual/wakeup/wakeup33
06-04 20:52:58.861 I/xm_hidread( 2052): type=1400 audit(0.0:1217): avc: denied { read write } for name="hidraw0" dev="tmpfs" ino=885 scontext=u:r:init:s0 tcontext=u:object_r:hidraw_audio_device:s0 tclass=chr_file permissive=1
06-04 20:52:58.861 I/xm_hidread( 2052): type=1400 audit(0.0:1218): avc: denied { open } for path="/dev/hidraw0" dev="tmpfs" ino=885 scontext=u:r:init:s0 tcontext=u:object_r:hidraw_audio_device:s0 tclass=chr_file permissive=1
06-04 20:52:58.861 I/xm_hidread( 2052): type=1400 audit(0.0:1219): avc: denied { ioctl } for path="/dev/hidraw0" dev="tmpfs" ino=885 ioctlcmd=0x4803 scontext=u:r:init:s0 tcontext=u:object_r:hidraw_audio_device:s0 tclass=chr_file permissive=1
06-04 20:52:58.952 D/XM_HIDREAD( 2052): poll ret=1, event=1
06-04 20:52:58.952 D/XM_HIDREAD( 2052): [9 bytes]:01 00 00 52 00 00 00 00 00
06-04 20:52:58.957 W/SoundPool( 711): Use of stream types is deprecated for operations other than volume control
06-04 20:52:58.957 W/SoundPool( 711): See the documentation of SoundPool() for what to use instead with android.media.AudioAttributes to qualify your playback use case
06-04 20:52:58.959 W/SoundPool( 711): play soundID 2 not READY
06-04 20:52:58.962 I/SogouIME( 1550): onKeyDown: keyoCode=19
06-04 20:52:58.962 I/DefaultIMS( 1550): onKeyDown: keyoCode=19
06-04 20:52:58.969 I/AmFFmpegByteIOAdapter( 626): File size : 13195
06-04 20:52:58.970 I/AmFFmpegByteIOAdapter( 626): File size : 12971
06-04 20:52:58.970 W/exFFmpeg( 626): Invalid return value 0 for stream protocol
06-04 20:52:58.970 W/exFFmpeg( 626): Invalid return value 0 for stream protocol
06-04 20:52:58.970 I/AmFFmpegExtractor( 626): checkInList: iswhite:0, mime:audio/ogg, type:1, id:86021 tag:0
06-04 20:52:58.970 I/AmFFmpegExtractor( 626): checkInList: iswhite:1, mime:audio/ogg, type:1, id:86021 tag:0
06-04 20:52:58.970 E/AmFFmpegExtractor( 626): codec_ctx->properties: 0
06-04 20:52:58.970 I/AmFFmpegExtractor( 626): checkSupportInList ret 1
06-04 20:52:58.972 W/exFFmpeg( 626): Invalid return value 0 for stream protocol
06-04 20:52:58.972 W/exFFmpeg( 626): Invalid return value 0 for stream protocol
06-04 20:52:58.972 I/AmFFmpegExtractor( 626): checkInList: iswhite:0, mime:audio/ogg, type:1, id:86021 tag:0
06-04 20:52:58.972 I/AmFFmpegExtractor( 626): checkInList: iswhite:1, mime:audio/ogg, type:1, id:86021 tag:0
06-04 20:52:58.972 E/AmFFmpegExtractor( 626): codec_ctx->properties: 0
06-04 20:52:58.972 I/AmFFmpegExtractor( 626): checkSupportInList ret 1
06-04 20:52:58.972 E/SecondScreen( 1559): FirstScreenLayoutView dispatchKeyEvent 19
06-04 20:52:58.976 I/AmFFmpegExtractor( 626): checkInList: iswhite:0, mime:audio/ogg, type:1, id:86021 tag:0
06-04 20:52:58.976 I/AmFFmpegExtractor( 626): checkInList: iswhite:1, mime:audio/ogg, type:1, id:86021 tag:0
06-04 20:52:58.976 E/AmFFmpegExtractor( 626): codec_ctx->properties: 0
06-04 20:52:58.976 I/AmFFmpegExtractor( 626): checkSupportInList ret 0
06-04 20:52:58.977 I/AmFFmpegExtractor( 626): checkInList: iswhite:0, mime:audio/ogg, type:1, id:86021 tag:0
06-04 20:52:58.977 I/AmFFmpegExtractor( 626): checkInList: iswhite:1, mime:audio/ogg, type:1, id:86021 tag:0
06-04 20:52:58.977 E/AmFFmpegExtractor( 626): codec_ctx->properties: 0
06-04 20:52:58.977 I/AmFFmpegExtractor( 626): checkSupportInList ret 0
06-04 20:52:58.979 I/DefaultIMS( 1550): onStartInput attribute=android.view.inputmethod.EditorInfo@9c0b7db restarting=false inputType: 0
06-04 20:52:58.980 E/AmFFmpegExtractor( 626): vendor do not support
06-04 20:52:58.980 E/AmFFmpegExtractor( 626): vendor do not support
06-04 20:52:58.982 D/TrafficStats( 1559): tagSocket(126) with statsTag=0xffffffff, statsUid=-1
06-04 20:52:58.988 D/MediaCodecList( 711): codecHandlesFormat: no format, so no extra checks
06-04 20:52:58.989 D/CCodec ( 711): allocate(c2.android.vorbis.decoder)
06-04 20:52:58.992 I/CCodec ( 711): setting up 'default' as default (vendor) store
06-04 20:52:58.997 I/CCodec ( 711): Created component [c2.android.vorbis.decoder]
06-04 20:52:58.997 D/MediaCodecList( 711): codecHandlesFormat: no format, so no extra checks
06-04 20:52:58.997 D/CCodecConfig( 711): read media type: audio/vorbis
06-04 20:52:58.999 D/CCodec ( 711): allocate(c2.android.vorbis.decoder)
06-04 20:52:59.000 D/ReflectedParamUpdater( 711): extent() != 1 for single value type: algo.buffers.max-count.values
06-04 20:52:59.001 I/CCodec ( 711): setting up 'default' as default (vendor) store
06-04 20:52:59.001 D/ReflectedParamUpdater( 711): extent() != 1 for single value type: output.subscribed-indices.values
06-04 20:52:59.001 D/ReflectedParamUpdater( 711): extent() != 1 for single value type: input.buffers.allocator-ids.values
06-04 20:52:59.001 D/ReflectedParamUpdater( 711): extent() != 1 for single value type: output.buffers.allocator-ids.values
06-04 20:52:59.001 D/ReflectedParamUpdater( 711): extent() != 1 for single value type: algo.buffers.allocator-ids.values
06-04 20:52:59.001 D/ReflectedParamUpdater( 711): extent() != 1 for single value type: output.buffers.pool-ids.values
06-04 20:52:59.002 D/ReflectedParamUpdater( 711): extent() != 1 for single value type: algo.buffers.pool-ids.values
06-04 20:52:59.003 I/CCodec ( 711): Created component [c2.android.vorbis.decoder]
06-04 20:52:59.003 I/CCodecConfig( 711): query failed after returning 7 values (BAD_INDEX)
06-04 20:52:59.004 D/CCodecConfig( 711): c2 config diff is Dict {
06-04 20:52:59.004 D/CCodecConfig( 711): c2::u32 coded.bitrate.value = 64000
06-04 20:52:59.004 D/CCodecConfig( 711): c2::u32 input.buffers.max-size.value = 32768
06-04 20:52:59.004 D/CCodecConfig( 711): c2::u32 input.delay.value = 0
06-04 20:52:59.004 D/CCodecConfig( 711): string input.media-type.value = "audio/vorbis"
06-04 20:52:59.004 D/CCodecConfig( 711): string output.media-type.value = "audio/raw"
06-04 20:52:59.004 D/CCodecConfig( 711): c2::u32 raw.channel-count.value = 1
06-04 20:52:59.004 D/CCodecConfig( 711): c2::u32 raw.sample-rate.value = 48000
06-04 20:52:59.004 D/CCodecConfig( 711): }
06-04 20:52:59.004 D/CCodecConfig( 711): read media type: audio/vorbis
06-04 20:52:59.007 D/MediaCodec( 711): flushMediametrics
06-04 20:52:59.008 D/CCodec ( 711): [c2.android.vorbis.decoder] buffers are bound to CCodec for this session
06-04 20:52:59.008 D/CCodecConfig( 711): no c2 equivalents for durationUs
06-04 20:52:59.008 D/CCodecConfig( 711): no c2 equivalents for track-id
06-04 20:52:59.008 D/CCodecConfig( 711): no c2 equivalents for csd-1
06-04 20:52:59.008 D/CCodecConfig( 711): no c2 equivalents for flags
06-04 20:52:59.008 D/CCodecConfig( 711): c2 config diff is c2::u32 coded.bitrate.value = 112000
06-04 20:52:59.008 D/CCodecConfig( 711): c2::u32 raw.channel-count.value = 2
06-04 20:52:59.008 D/CCodecConfig( 711): c2::u32 raw.sample-rate.value = 44100
06-04 20:52:59.009 W/Codec2Client( 711): query -- param skipped: index = 1107298332.
06-04 20:52:59.009 D/CCodec ( 711): encoding statistics level = 0
06-04 20:52:59.009 D/CCodec ( 711): setup formats input: AMessage(what = 0x00000000) = {
06-04 20:52:59.009 D/CCodec ( 711): int32_t bitrate = 112000
06-04 20:52:59.009 D/CCodec ( 711): int32_t channel-count = 2
06-04 20:52:59.009 D/CCodec ( 711): int32_t max-input-size = 32768
06-04 20:52:59.009 D/CCodec ( 711): string mime = "audio/vorbis"
06-04 20:52:59.009 D/CCodec ( 711): int32_t sample-rate = 44100
06-04 20:52:59.009 D/CCodec ( 711): }
06-04 20:52:59.009 D/CCodec ( 711): setup formats output: AMessage(what = 0x00000000) = {
06-04 20:52:59.009 D/CCodec ( 711): int32_t channel-count = 2
06-04 20:52:59.009 D/CCodec ( 711): string mime = "audio/raw"
06-04 20:52:59.009 D/CCodec ( 711): int32_t sample-rate = 44100
06-04 20:52:59.009 D/CCodec ( 711): int32_t channel-mask = 3
06-04 20:52:59.009 D/CCodec ( 711): int32_t android._config-pcm-encoding = 2
06-04 20:52:59.009 D/CCodec ( 711): }
06-04 20:52:59.010 I/CCodecConfig( 711): query failed after returning 7 values (BAD_INDEX)
06-04 20:52:59.010 W/Codec2Client( 711): query -- param skipped: index = 1342179345.
06-04 20:52:59.010 W/Codec2Client( 711): query -- param skipped: index = 2415921170.
06-04 20:52:59.011 D/BufferPoolAccessor2.0( 635): bufferpool2 0xeb783868 : 0(0 size) total buffers - 0(0 size) used buffers - 8/10 (recycle/alloc) - 2/9 (fetch/transfer)
06-04 20:52:59.012 D/BufferPoolAccessor2.0( 635): Destruction - bufferpool2 0xeb783868 cached: 0/0M, 0/0% in use; allocs: 10, 80% recycled; transfers: 9, 78% unfetched
06-04 20:52:59.012 D/CCodecBufferChannel( 711): [c2.android.vorbis.decoder#135] Created input block pool with allocatorID 16 => poolID 23 - OK (0)
06-04 20:52:59.012 D/BufferPoolAccessor2.0( 635): bufferpool2 0xeb7804a8 : 0(0 size) total buffers - 0(0 size) used buffers - 5/7 (recycle/alloc) - 2/6 (fetch/transfer)
06-04 20:52:59.012 D/BufferPoolAccessor2.0( 635): Destruction - bufferpool2 0xeb7804a8 cached: 0/0M, 0/0% in use; allocs: 7, 71% recycled; transfers: 6, 67% unfetched
06-04 20:52:59.012 D/BufferPoolAccessor2.0( 635): bufferpool2 0xeb780808 : 0(0 size) total buffers - 0(0 size) used buffers - 8/11 (recycle/alloc) - 2/10 (fetch/transfer)
06-04 20:52:59.012 D/BufferPoolAccessor2.0( 635): Destruction - bufferpool2 0xeb780808 cached: 0/0M, 0/0% in use; allocs: 11, 73% recycled; transfers: 10, 80% unfetched
06-04 20:52:59.013 D/BufferPoolAccessor2.0( 635): bufferpool2 0xeb781228 : 0(0 size) total buffers - 0(0 size) used buffers - 8/10 (recycle/alloc) - 2/9 (fetch/transfer)
06-04 20:52:59.013 D/BufferPoolAccessor2.0( 635): Destruction - bufferpool2 0xeb781228 cached: 0/0M, 0/0% in use; allocs: 10, 80% recycled; transfers: 9, 78% unfetched
06-04 20:52:59.013 D/BufferPoolAccessor2.0( 635): bufferpool2 0xeb7818e8 : 0(0 size) total buffers - 0(0 size) used buffers - 11/15 (recycle/alloc) - 4/14 (fetch/transfer)
06-04 20:52:59.013 D/BufferPoolAccessor2.0( 635): Destruction - bufferpool2 0xeb7818e8 cached: 0/0M, 0/0% in use; allocs: 15, 73% recycled; transfers: 14, 71% unfetched
06-04 20:52:59.013 D/BufferPoolAccessor2.0( 635): bufferpool2 0xeb781b28 : 0(0 size) total buffers - 0(0 size) used buffers - 11/15 (recycle/alloc) - 4/14 (fetch/transfer)
06-04 20:52:59.013 D/BufferPoolAccessor2.0( 635): Destruction - bufferpool2 0xeb781b28 cached: 0/0M, 0/0% in use; allocs: 15, 73% recycled; transfers: 14, 71% unfetched
06-04 20:52:59.014 D/ReflectedParamUpdater( 711): extent() != 1 for single value type: algo.buffers.max-count.values
06-04 20:52:59.014 D/BufferPoolAccessor2.0( 711): bufferpool2 0xc0132fc8 : 0(0 size) total buffers - 0(0 size) used buffers - 1/7 (recycle/alloc) - 6/24 (fetch/transfer)
06-04 20:52:59.014 D/BufferPoolAccessor2.0( 711): Destruction - bufferpool2 0xc0132fc8 cached: 0/0M, 0/0% in use; allocs: 7, 14% recycled; transfers: 24, 75% unfetched
06-04 20:52:59.015 D/BufferPoolAccessor2.0( 711): bufferpool2 0xc0132248 : 0(0 size) total buffers - 0(0 size) used buffers - 2/7 (recycle/alloc) - 7/26 (fetch/transfer)
06-04 20:52:59.015 D/ReflectedParamUpdater( 711): extent() != 1 for single value type: output.subscribed-indices.values
06-04 20:52:59.015 D/BufferPoolAccessor2.0( 711): bufferpool2 0xc012ad48 : 0(0 size) total buffers - 0(0 size) used buffers - 2/7 (recycle/alloc) - 5/34 (fetch/transfer)
06-04 20:52:59.015 D/BufferPoolAccessor2.0( 711): Destruction - bufferpool2 0xc0132248 cached: 0/0M, 0/0% in use; allocs: 7, 29% recycled; transfers: 26, 73% unfetched
06-04 20:52:59.015 D/BufferPoolAccessor2.0( 711): Destruction - bufferpool2 0xc012ad48 cached: 0/0M, 0/0% in use; allocs: 7, 29% recycled; transfers: 34, 85% unfetched
06-04 20:52:59.015 D/BufferPoolAccessor2.0( 711): bufferpool2 0xc0108608 : 0(0 size) total buffers - 0(0 size) used buffers - 2/7 (recycle/alloc) - 5/24 (fetch/transfer)
06-04 20:52:59.015 D/BufferPoolAccessor2.0( 711): Destruction - bufferpool2 0xc0108608 cached: 0/0M, 0/0% in use; allocs: 7, 29% recycled; transfers: 24, 79% unfetched
06-04 20:52:59.015 I/CCodecBufferChannel( 711): [c2.android.vorbis.decoder#135] Created output block pool with allocatorID 16 => poolID 23 - OK
06-04 20:52:59.015 D/BufferPoolAccessor2.0( 711): bufferpool2 0xc012d808 : 0(0 size) total buffers - 0(0 size) used buffers - 2/7 (recycle/alloc) - 5/18 (fetch/transfer)
06-04 20:52:59.015 D/BufferPoolAccessor2.0( 711): Destruction - bufferpool2 0xc012d808 cached: 0/0M, 0/0% in use; allocs: 7, 29% recycled; transfers: 18, 72% unfetched
06-04 20:52:59.015 D/BufferPoolAccessor2.0( 711): bufferpool2 0xc0130088 : 0(0 size) total buffers - 0(0 size) used buffers - 2/7 (recycle/alloc) - 5/34 (fetch/transfer)
06-04 20:52:59.015 D/BufferPoolAccessor2.0( 711): Destruction - bufferpool2 0xc0130088 cached: 0/0M, 0/0% in use; allocs: 7, 29% recycled; transfers: 34, 85% unfetched
06-04 20:52:59.015 D/CCodecBufferChannel( 711): [c2.android.vorbis.decoder#135] Configured output block pool ids 23 => OK
06-04 20:52:59.015 D/ReflectedParamUpdater( 711): extent() != 1 for single value type: input.buffers.allocator-ids.values
06-04 20:52:59.015 D/ReflectedParamUpdater( 711): extent() != 1 for single value type: output.buffers.allocator-ids.values
06-04 20:52:59.015 D/ReflectedParamUpdater( 711): extent() != 1 for single value type: algo.buffers.allocator-ids.values
06-04 20:52:59.015 I/C2VendorComponentStore( 498): setDmaBufUsage 5
06-04 20:52:59.016 D/ReflectedParamUpdater( 711): extent() != 1 for single value type: output.buffers.pool-ids.values
06-04 20:52:59.016 D/ReflectedParamUpdater( 711): extent() != 1 for single value type: algo.buffers.pool-ids.values
06-04 20:52:59.017 D/SimpleC2Component( 635): Using output block pool with poolID 23 => got 23 - 0
06-04 20:52:59.018 I/CCodecConfig( 711): query failed after returning 7 values (BAD_INDEX)
06-04 20:52:59.018 D/CCodecConfig( 711): c2 config diff is Dict {
06-04 20:52:59.018 D/CCodecConfig( 711): c2::u32 coded.bitrate.value = 64000
06-04 20:52:59.018 D/CCodecConfig( 711): c2::u32 input.buffers.max-size.value = 32768
06-04 20:52:59.018 D/CCodecConfig( 711): c2::u32 input.delay.value = 0
06-04 20:52:59.018 D/CCodecConfig( 711): string input.media-type.value = "audio/vorbis"
06-04 20:52:59.018 D/CCodecConfig( 711): string output.media-type.value = "audio/raw"
06-04 20:52:59.018 D/CCodecConfig( 711): c2::u32 raw.channel-count.value = 1
06-04 20:52:59.018 D/CCodecConfig( 711): c2::u32 raw.sample-rate.value = 48000
06-04 20:52:59.018 D/CCodecConfig( 711): }
06-04 20:52:59.023 I/C2VendorComponentStore( 498): setDmaBufUsage 5
06-04 20:52:59.023 D/MediaCodec( 711): flushMediametrics
06-04 20:52:59.023 D/CCodec ( 711): [c2.android.vorbis.decoder] buffers are bound to CCodec for this session
06-04 20:52:59.023 D/CCodecConfig( 711): no c2 equivalents for durationUs
06-04 20:52:59.023 D/CCodecConfig( 711): no c2 equivalents for track-id
06-04 20:52:59.023 D/CCodecConfig( 711): no c2 equivalents for csd-1
06-04 20:52:59.023 D/CCodecConfig( 711): no c2 equivalents for flags
06-04 20:52:59.024 D/CCodecConfig( 711): c2 config diff is c2::u32 coded.bitrate.value = 112000
06-04 20:52:59.024 D/CCodecConfig( 711): c2::u32 raw.channel-count.value = 2
06-04 20:52:59.024 D/CCodecConfig( 711): c2::u32 raw.sample-rate.value = 44100
06-04 20:52:59.025 W/Codec2Client( 711): query -- param skipped: index = 1107298332.
06-04 20:52:59.025 D/CCodec ( 711): encoding statistics level = 0
06-04 20:52:59.025 D/CCodec ( 711): setup formats input: AMessage(what = 0x00000000) = {
06-04 20:52:59.025 D/CCodec ( 711): int32_t bitrate = 112000
06-04 20:52:59.025 D/CCodec ( 711): int32_t channel-count = 2
06-04 20:52:59.025 D/CCodec ( 711): int32_t max-input-size = 32768
06-04 20:52:59.025 D/CCodec ( 711): string mime = "audio/vorbis"
06-04 20:52:59.025 D/CCodec ( 711): int32_t sample-rate = 44100
06-04 20:52:59.025 D/CCodec ( 711): }
06-04 20:52:59.026 D/CCodec ( 711): setup formats output: AMessage(what = 0x00000000) = {
06-04 20:52:59.026 D/CCodec ( 711): int32_t channel-count = 2
06-04 20:52:59.026 D/CCodec ( 711): string mime = "audio/raw"
06-04 20:52:59.026 D/CCodec ( 711): int32_t sample-rate = 44100
06-04 20:52:59.026 D/CCodec ( 711): int32_t channel-mask = 3
06-04 20:52:59.026 D/CCodec ( 711): int32_t android._config-pcm-encoding = 2
06-04 20:52:59.026 D/CCodec ( 711): }
06-04 20:52:59.026 I/CCodecConfig( 711): query failed after returning 7 values (BAD_INDEX)
06-04 20:52:59.027 W/Codec2Client( 711): query -- param skipped: index = 1342179345.
06-04 20:52:59.027 W/Codec2Client( 711): query -- param skipped: index = 2415921170.
06-04 20:52:59.028 D/CCodecBufferChannel( 711): [c2.android.vorbis.decoder#129] Created input block pool with allocatorID 16 => poolID 24 - OK (0)
06-04 20:52:59.030 I/CCodecBufferChannel( 711): [c2.android.vorbis.decoder#129] Created output block pool with allocatorID 16 => poolID 24 - OK
06-04 20:52:59.030 D/CCodecBufferChannel( 711): [c2.android.vorbis.decoder#129] Configured output block pool ids 24 => OK
06-04 20:52:59.030 I/C2VendorComponentStore( 498): setDmaBufUsage 5
06-04 20:52:59.030 I/C2VendorComponentStore( 498): setDmaBufUsage 5
06-04 20:52:59.046 D/SimpleC2Component( 635): Using output block pool with poolID 24 => got 24 - 0
06-04 20:52:59.052 I/C2VendorComponentStore( 498): setDmaBufUsage 5
06-04 20:52:59.066 D/CCodecBufferChannel( 711): [c2.android.vorbis.decoder#135] MediaCodec discarded an unknown buffer
06-04 20:52:59.066 D/CCodecBufferChannel( 711): [c2.android.vorbis.decoder#135] MediaCodec discarded an unknown buffer
06-04 20:52:59.066 D/CCodecBufferChannel( 711): [c2.android.vorbis.decoder#135] MediaCodec discarded an unknown buffer
06-04 20:52:59.068 I/hw-BpHwBinder( 711): onLastStrongRef automatically unlinking death recipients
06-04 20:52:59.068 I/hw-BpHwBinder( 635): onLastStrongRef automatically unlinking death recipients
06-04 20:52:59.070 D/MediaCodec( 711): flushMediametrics
06-04 20:52:59.081 I/AmFFmpegByteIOAdapter( 626): File size : 13299
06-04 20:52:59.083 W/exFFmpeg( 626): Invalid return value 0 for stream protocol
06-04 20:52:59.083 W/exFFmpeg( 626): Invalid return value 0 for stream protocol
06-04 20:52:59.083 I/AmFFmpegExtractor( 626): checkInList: iswhite:0, mime:audio/ogg, type:1, id:86021 tag:0
06-04 20:52:59.083 I/AmFFmpegExtractor( 626): checkInList: iswhite:1, mime:audio/ogg, type:1, id:86021 tag:0
06-04 20:52:59.083 E/AmFFmpegExtractor( 626): codec_ctx->properties: 0
06-04 20:52:59.083 I/AmFFmpegExtractor( 626): checkSupportInList ret 1
06-04 20:52:59.086 I/AmFFmpegExtractor( 626): checkInList: iswhite:0, mime:audio/ogg, type:1, id:86021 tag:0
06-04 20:52:59.086 I/AmFFmpegExtractor( 626): checkInList: iswhite:1, mime:audio/ogg, type:1, id:86021 tag:0
06-04 20:52:59.086 E/AmFFmpegExtractor( 626): codec_ctx->properties: 0
06-04 20:52:59.086 I/AmFFmpegExtractor( 626): checkSupportInList ret 0
06-04 20:52:59.086 E/AmFFmpegExtractor( 626): vendor do not support
06-04 20:52:59.094 D/MediaCodecList( 711): codecHandlesFormat: no format, so no extra checks
06-04 20:52:59.096 D/CCodec ( 711): allocate(c2.android.vorbis.decoder)
06-04 20:52:59.096 D/CCodecBufferChannel( 711): [c2.android.vorbis.decoder#129] MediaCodec discarded an unknown buffer
06-04 20:52:59.096 D/CCodecBufferChannel( 711): [c2.android.vorbis.decoder#129] MediaCodec discarded an unknown buffer
06-04 20:52:59.096 D/CCodecBufferChannel( 711): [c2.android.vorbis.decoder#129] MediaCodec discarded an unknown buffer
06-04 20:52:59.097 I/CCodec ( 711): setting up 'default' as default (vendor) store
06-04 20:52:59.098 I/hw-BpHwBinder( 635): onLastStrongRef automatically unlinking death recipients
06-04 20:52:59.098 I/hw-BpHwBinder( 711): onLastStrongRef automatically unlinking death recipients
06-04 20:52:59.100 I/CCodec ( 711): Created component [c2.android.vorbis.decoder]
06-04 20:52:59.100 D/CCodecConfig( 711): read media type: audio/vorbis
06-04 20:52:59.102 D/MediaCodec( 711): flushMediametrics
06-04 20:52:59.103 D/ReflectedParamUpdater( 711): extent() != 1 for single value type: algo.buffers.max-count.values
06-04 20:52:59.104 D/ReflectedParamUpdater( 711): extent() != 1 for single value type: output.subscribed-indices.values
06-04 20:52:59.104 D/ReflectedParamUpdater( 711): extent() != 1 for single value type: input.buffers.allocator-ids.values
06-04 20:52:59.104 D/ReflectedParamUpdater( 711): extent() != 1 for single value type: output.buffers.allocator-ids.values
06-04 20:52:59.105 D/ReflectedParamUpdater( 711): extent() != 1 for single value type: algo.buffers.allocator-ids.values
06-04 20:52:59.105 D/ReflectedParamUpdater( 711): extent() != 1 for single value type: output.buffers.pool-ids.values
06-04 20:52:59.105 D/ReflectedParamUpdater( 711): extent() != 1 for single value type: algo.buffers.pool-ids.values
06-04 20:52:59.107 I/CCodecConfig( 711): query failed after returning 7 values (BAD_INDEX)
06-04 20:52:59.107 D/CCodecConfig( 711): c2 config diff is Dict {
06-04 20:52:59.107 D/CCodecConfig( 711): c2::u32 coded.bitrate.value = 64000
06-04 20:52:59.107 D/CCodecConfig( 711): c2::u32 input.buffers.max-size.value = 32768
06-04 20:52:59.107 D/CCodecConfig( 711): c2::u32 input.delay.value = 0
06-04 20:52:59.107 D/CCodecConfig( 711): string input.media-type.value = "audio/vorbis"
06-04 20:52:59.107 D/CCodecConfig( 711): string output.media-type.value = "audio/raw"
06-04 20:52:59.107 D/CCodecConfig( 711): c2::u32 raw.channel-count.value = 1
06-04 20:52:59.107 D/CCodecConfig( 711): c2::u32 raw.sample-rate.value = 48000
06-04 20:52:59.107 D/CCodecConfig( 711): }
06-04 20:52:59.109 D/MediaCodec( 711): flushMediametrics
06-04 20:52:59.110 D/CCodec ( 711): [c2.android.vorbis.decoder] buffers are bound to CCodec for this session
06-04 20:52:59.110 D/CCodecConfig( 711): no c2 equivalents for durationUs
06-04 20:52:59.110 D/CCodecConfig( 711): no c2 equivalents for track-id
06-04 20:52:59.110 D/CCodecConfig( 711): no c2 equivalents for csd-1
06-04 20:52:59.110 D/CCodecConfig( 711): no c2 equivalents for flags
06-04 20:52:59.110 D/CCodecConfig( 711): c2 config diff is c2::u32 coded.bitrate.value = 112000
06-04 20:52:59.110 D/CCodecConfig( 711): c2::u32 raw.channel-count.value = 2
06-04 20:52:59.110 D/CCodecConfig( 711): c2::u32 raw.sample-rate.value = 44100
06-04 20:52:59.111 W/Codec2Client( 711): query -- param skipped: index = 1107298332.
06-04 20:52:59.111 D/CCodec ( 711): encoding statistics level = 0
06-04 20:52:59.111 D/CCodec ( 711): setup formats input: AMessage(what = 0x00000000) = {
06-04 20:52:59.111 D/CCodec ( 711): int32_t bitrate = 112000
06-04 20:52:59.111 D/CCodec ( 711): int32_t channel-count = 2
06-04 20:52:59.111 D/CCodec ( 711): int32_t max-input-size = 32768
06-04 20:52:59.111 D/CCodec ( 711): string mime = "audio/vorbis"
06-04 20:52:59.111 D/CCodec ( 711): int32_t sample-rate = 44100
06-04 20:52:59.111 D/CCodec ( 711): }
06-04 20:52:59.111 D/CCodec ( 711): setup formats output: AMessage(what = 0x00000000) = {
06-04 20:52:59.111 D/CCodec ( 711): int32_t channel-count = 2
06-04 20:52:59.111 D/CCodec ( 711): string mime = "audio/raw"
06-04 20:52:59.111 D/CCodec ( 711): int32_t sample-rate = 44100
06-04 20:52:59.111 D/CCodec ( 711): int32_t channel-mask = 3
06-04 20:52:59.111 D/CCodec ( 711): int32_t android._config-pcm-encoding = 2
06-04 20:52:59.111 D/CCodec ( 711): }
06-04 20:52:59.111 I/CCodecConfig( 711): query failed after returning 7 values (BAD_INDEX)
06-04 20:52:59.112 D/XM_HIDREAD( 2052): poll ret=1, event=1
06-04 20:52:59.112 D/XM_HIDREAD( 2052): [9 bytes]:01 00 00 00 00 00 00 00 00
06-04 20:52:59.112 W/Codec2Client( 711): query -- param skipped: index = 1342179345.
06-04 20:52:59.112 W/Codec2Client( 711): query -- param skipped: index = 2415921170.
06-04 20:52:59.114 D/CCodecBufferChannel( 711): [c2.android.vorbis.decoder#672] Created input block pool with allocatorID 16 => poolID 25 - OK (0)
06-04 20:52:59.114 I/SogouIME( 1550): onKeyUp: keyoCode=19
06-04 20:52:59.114 I/DefaultIMS( 1550): onKeyUp: keyoCode=19
06-04 20:52:59.114 E/SecondScreen( 1559): FirstScreenLayoutView dispatchKeyEvent 19
06-04 20:52:59.115 I/CCodecBufferChannel( 711): [c2.android.vorbis.decoder#672] Created output block pool with allocatorID 16 => poolID 25 - OK
06-04 20:52:59.115 D/CCodecBufferChannel( 711): [c2.android.vorbis.decoder#672] Configured output block pool ids 25 => OK
06-04 20:52:59.116 I/C2VendorComponentStore( 498): setDmaBufUsage 5
06-04 20:52:59.117 D/SimpleC2Component( 635): Using output block pool with poolID 25 => got 25 - 0
06-04 20:52:59.124 I/C2VendorComponentStore( 498): setDmaBufUsage 5
06-04 20:52:59.149 D/CCodecBufferChannel( 711): [c2.android.vorbis.decoder#672] MediaCodec discarded an unknown buffer
06-04 20:52:59.149 D/CCodecBufferChannel( 711): [c2.android.vorbis.decoder#672] MediaCodec discarded an unknown buffer
06-04 20:52:59.150 I/hw-BpHwBinder( 711): onLastStrongRef automatically unlinking death recipients
06-04 20:52:59.150 I/hw-BpHwBinder( 635): onLastStrongRef automatically unlinking death recipients
06-04 20:52:59.151 I/hw-BpHwBinder( 635): onLastStrongRef automatically unlinking death recipients
06-04 20:52:59.152 D/MediaCodec( 711): flushMediametrics
06-04 20:52:59.643 D/XM_HIDREAD( 2052): poll ret=1, event=1
06-04 20:52:59.643 D/XM_HIDREAD( 2052): [9 bytes]:01 00 00 52 00 00 00 00 00
06-04 20:52:59.649 W/AudioFlinger( 536): createTrack_l(): mismatch between requested flags (00000004) and output flags (00000002)
06-04 20:52:59.653 I/audio_hw_hal_primary( 492): [audiohal_get_latency:1333] io 13: out:0xe86464b0 frames:1664 rate:48000 whole_latency:34 alsa_latency:34
06-04 20:52:59.668 D/AudioFlinger( 536): ro.audio.silent is ignored since no output device is set
06-04 20:52:59.669 I/audio_hw_hal_primary( 492): [aml_audio_output_routing:3986] cur_devices:0x400 unmute_devices:0, mute_devices:0
06-04 20:52:59.669 I/audio_hw_hal_primary( 492): [adev_create_audio_patch:8316] Patch 4: MIX->DEVICE, num_src:1 num_sink:1 patch_src:INVAL
06-04 20:52:59.669 I/audio_hw_hal_primary( 492): [adev_create_audio_patch:8320] sink[0]: OUT_HDMI(id:45)
06-04 20:52:59.669 I/audio_hw_hal_primary( 492): [adev_create_audio_patch:8377] Patch 4: mix(io:13) -> dev[OUT_HDMI(id:45)]
06-04 20:52:59.669 I/audio_hw_hal_primary( 492): [adev_create_audio_patch:8445] dev=0xe87014a0 cur_out_device=0x400
06-04 20:52:59.670 D/UEventObserver( 1105): change@/devices/platform/auge_sound/sound/card0/controlC0ACTION=changeDEVPATH=/devices/platform/auge_sound/sound/card0/controlC0SUBSYSTEM=soundAUDIO_FORMAT=0MAJOR=116MINOR=13DEVNAME=snd/controlC0SEQNUM=3638
06-04 20:52:59.670 I/audio_hw_hal_primary( 492): [audiohal_get_latency:1333] io 13: out:0xe86464b0 frames:2304 rate:48000 whole_latency:48 alsa_latency:48
06-04 20:52:59.671 I/WifiHAL ( 525): call wifi_get_link_stats handler
06-04 20:52:59.671 I/WifiHAL ( 525): Creating message to get link statistics; iface = 16
06-04 20:52:59.671 D/WifiHAL ( 525): error code -95 mapped to -3
06-04 20:52:59.672 E/WifiStaIfaceAidlImpl( 711): getLinkLayerStats failed with service-specific exception: android.os.ServiceSpecificException: (code 4)
06-04 20:52:59.685 D/audioserver( 536): logFgsApiBegin: FGS Logger Transaction failed, -129
06-04 20:52:59.686 I/audio_hw_hal_primary( 492): out_update_source_metadata_v7() line 2013 usage:1 content_type:2
06-04 20:52:59.687 D/audio_hw_hal_ms12v2( 492): set_dolby_ms12_continuous_state audio_continuous_standby_set status 0
06-04 20:52:59.687 D/audio_hw_hal_continuous_standby( 492): audio_continuous_standby_set, type 0, params 0
06-04 20:52:59.687 I/audio_hw_hal_ms12common( 492): aml_set_ms12_scheduler_state ms12_scheduler_state:0, sch_state:0 SCHEDULER_RUNNING is sent to ms12
06-04 20:52:59.687 I/audio_hw_hal_primary( 492): [mixer_aux_buffer_write:7017] io 13: out:0xe86464b0 usecase:PCM_NORMAL standby to unstandby
06-04 20:52:59.687 I/audio_hw_hal_primary( 492): mixer_aux_buffer_write() HDMI changing status, need reconfig Dolby MS12
06-04 20:52:59.687 D/audio_hw_hal_profile( 492): get_hdmi_sink_cap_new is running...
06-04 20:52:59.688 D/audio_hw_hal_profile( 492): query hdmi format...
06-04 20:52:59.688 D/audio_hw_hal_profile( 492): get_hdmi_sink_cap_new ddp is supported; ddp-joc(atmos) is unsupported;
06-04 20:52:59.688 I/audio_hw_hal_profile( 492): get_hdmi_sink_cap_new dts-hd vendor special byte3:0x1
06-04 20:52:59.688 I/audio_hw_hal_profile( 492): PCM cap Max channel =2
06-04 20:52:59.688 I/audio_hw_hal_stream( 492): get_sink_capability mbox+dvb case sink_capability = 0xa000000
06-04 20:52:59.688 I/audio_hw_hal_stream( 492): force ddp out =0
06-04 20:52:59.688 D/audio_hw_hal_profile( 492): get_hdmi_sink_cap_new is running...
06-04 20:52:59.688 D/audio_hw_hal_profile( 492): query hdmi format...
06-04 20:52:59.688 D/audio_hw_hal_profile( 492): get_hdmi_sink_cap_new ddp is supported; ddp-joc(atmos) is unsupported;
06-04 20:52:59.688 I/audio_hw_hal_profile( 492): get_hdmi_sink_cap_new dts-hd vendor special byte3:0x1
06-04 20:52:59.688 I/audio_hw_hal_profile( 492): PCM cap Max channel =2
06-04 20:52:59.688 I/audio_hw_hal_stream( 492): [get_sink_dts_capability:212] mbox+dvb case sink_capability: DTS(0xb000000)
06-04 20:52:59.688 D/audio_hw_hal_profile( 492): get_hdmi_sink_cap_new is running...
06-04 20:52:59.688 D/audio_hw_hal_profile( 492): query hdmi format...
06-04 20:52:59.688 D/audio_hw_hal_profile( 492): get_hdmi_sink_cap_new ddp is supported; ddp-joc(atmos) is unsupported;
06-04 20:52:59.688 I/audio_hw_hal_profile( 492): get_hdmi_sink_cap_new dts-hd vendor special byte3:0x1
06-04 20:52:59.688 I/audio_hw_hal_profile( 492): PCM cap Max channel =2
06-04 20:52:59.688 I/audio_hw_hal_stream( 492): [get_sink_mpegh_capability:245] mbox+dvb case sink_capability: PCM_16_BIT(0x1)
06-04 20:52:59.688 D/audio_hw_hal_profile( 492): get_hdmi_sink_cap_new is running...
06-04 20:52:59.688 D/audio_hw_hal_profile( 492): [get_hdmi_sink_cap_new:960] query hdmi sample_rate... format: PCM_16_BIT(0x1)
06-04 20:52:59.688 I/audio_hw_hal_profile( 492): get_hdmi_sink_cap_new format =0x1 support rate =sup_sampling_rates=32000|44100|48000
06-04 20:52:59.688 I/audio_hw_hal_stream( 492): pcm_fmt support sample_rate_mask:0x7
06-04 20:52:59.688 I/audio_hw_hal_stream( 492): get_sink_dv_capability : /sys/class/amhdmitx/amhdmitx0/hdmi_hdr_status = HDR10-GAMMA_ST2084
06-04 20:52:59.688 I/audio_hw_hal_stream( 492): get_sink_dv_capability : dv enable 0
06-04 20:52:59.688 I/audio_hw_hal_stream( 492): [get_sink_format:446] out:0xe86464b0 out devices:0x80002 cur_out_devices:0x400 format:PCM_16_BIT(0x1) digital_mode(PCM) sink cap:E_AC3(0xa000000)
06-04 20:52:59.688 I/audio_hw_hal_stream( 492): get_sink_format() HDMI ARC or mbox + dvb case
06-04 20:52:59.688 I/audio_hw_hal_stream( 492): [get_sink_format:645] sink_format:PCM_16_BIT(0x1) max channel:2 optical_format:PCM_16_BIT(0x1) dual_output 0
06-04 20:52:59.688 I/audio_hw_hal_primary( 492): [config_output:5882] out:0xe86464b0 hal_internal_format:PCM_16_BIT(0x1) dolby_lib_type: 2 reset_decoder 1 rate =48000 ch=2
06-04 20:52:59.688 I/audio_hw_hal_primary( 492): continuous_mode(adev) 1 ms12->dolby_ms12_enable 1
06-04 20:52:59.688 I/audio_hw_hal_ms12common( 492): audiohal_send_msg_2_ms12 mesg_type:MS12_MESG_TYPE_RESET_MS12_ENCODER entry
06-04 20:52:59.688 D/audio_hw_hal_ms12common( 492): ms12_message_threadloop(), msg type: MS12_MESG_TYPE_RESET_MS12_ENCODER
06-04 20:52:59.689 I/audio_hw_hal_ms12v2( 492): +dolby_ms12_encoder_reconfig()
06-04 20:52:59.689 D/libdolbyms12( 492): mch_enable 0
06-04 20:52:59.689 D/audio_hw_hal_continuous_standby( 492): audio_continuous_standby_set, type 1, params 8
06-04 20:52:59.689 D/audio_hw_hal_ms12common( 492): ms12_message_threadloop mesg_list is empty, loop waiting......
06-04 20:52:59.689 I/audio_hw_hal_ms12common( 492): audiohal_send_msg_2_ms12 mesg_type:MS12_MESG_TYPE_RESET_MS12_ENCODER exit
06-04 20:52:59.689 I/audio_hw_hal_primary( 492): [config_output:6071] out stream alsa port device:0
06-04 20:52:59.689 E/audio_hw_hal_virtualbuf( 492): ms12 system input underrun happens read=52624461983 write=3541333278 diff=49083128705
06-04 20:52:59.689 I/SogouIME( 1550): onKeyDown: keyoCode=19
06-04 20:52:59.689 I/DefaultIMS( 1550): onKeyDown: keyoCode=19
06-04 20:52:59.689 D/libdolbyms12( 492): set runtime mch_enable 0
06-04 20:52:59.690 E/SecondScreen( 1559): FirstScreenLayoutView dispatchKeyEvent 19
06-04 20:52:59.711 I/audio_hw_hal_stream( 492): aml_stream_out_info_print: out:0xe86464b0, stream_type:pcm, sync_mode:non tunnel, input_size:679936 bytes
06-04 20:52:59.711 I/audio_hw_hal_stream( 492): aml_stream_out_info_print: last_time:25407 ms (sec:25, nsec:407092345), last_position:3377 ms (162128), cur_time:74615 ms (sec:74, nsec:615911576), cur_position:3457 ms (165968)
06-04 20:52:59.711 I/audio_hw_hal_stream( 492): aml_stream_out_info_print: time_gap:49208 ms (thr:100 ms), position_gap:80 ms, delay:83 ms, jitter: Position gap is behind system time gap by 49128 ms (thr:100 ms)
06-04 20:52:59.830 D/XM_HIDREAD( 2052): poll ret=1, event=1
06-04 20:52:59.830 D/XM_HIDREAD( 2052): [9 bytes]:01 00 00 00 00 00 00 00 00
06-04 20:52:59.832 I/SogouIME( 1550): onKeyUp: keyoCode=19
06-04 20:52:59.832 I/DefaultIMS( 1550): onKeyUp: keyoCode=19
06-04 20:52:59.832 I/audio_hw_hal_primary( 492): [audiohal_get_latency:1333] io 13: out:0xe86464b0 frames:1152 rate:48000 whole_latency:24 alsa_latency:24
06-04 20:52:59.833 E/SecondScreen( 1559): FirstScreenLayoutView dispatchKeyEvent 19
06-04 20:52:59.854 I/audio_hw_hal_primary( 492): [audiohal_get_latency:1333] io 13: out:0xe86464b0 frames:1152 rate:48000 whole_latency:24 alsa_latency:24
06-04 20:52:59.871 I/audio_hw_hal_primary( 492): [audiohal_get_latency:1333] io 13: out:0xe86464b0 frames:1152 rate:48000 whole_latency:24 alsa_latency:24
06-04 20:52:59.893 I/audio_hw_hal_primary( 492): [audiohal_get_latency:1333] io 13: out:0xe86464b0 frames:1152 rate:48000 whole_latency:24 alsa_latency:24
06-04 20:52:59.909 D/XM_HIDREAD( 2052): poll ret=1, event=1
06-04 20:52:59.909 D/XM_HIDREAD( 2052): [9 bytes]:01 00 00 52 00 00 00 00 00
06-04 20:52:59.911 D/audio_hw_hal_stream( 492): update_audio_hal_info() audio hal format change to 1, atmos flag = 0, is_dolby_atmos = 0, dts_hp_x = 0, update_type = 0 is_dolby_atmos_off = 1 virtual_bass_enable 0
06-04 20:52:59.911 D/audio_hw_hal_stream( 492): update_audio_hal_info() cur_out_devices 0x400, dap_bypass_enable = 0, is_ms12_tuning_dat = 0, dolby_ms12_enable = 1, output_config = 0x8
06-04 20:52:59.911 I/SogouIME( 1550): onKeyDown: keyoCode=19
06-04 20:52:59.911 D/UEventObserver( 1105): change@/devices/platform/auge_sound/sound/card0/controlC0ACTION=changeDEVPATH=/devices/platform/auge_sound/sound/card0/controlC0SUBSYSTEM=soundAUDIO_FORMAT=0MAJOR=116MINOR=13DEVNAME=snd/controlC0SEQNUM=3639
06-04 20:52:59.911 I/DefaultIMS( 1550): onKeyDown: keyoCode=19
06-04 20:52:59.912 E/SecondScreen( 1559): FirstScreenLayoutView dispatchKeyEvent 19
06-04 20:52:59.919 D/UtilLog ( 2271): 日志批量上报 进行正常循环 !!!!!!本次有0次请求,共0条数据
06-04 20:53:00.066 D/XM_HIDREAD( 2052): poll ret=1, event=1
06-04 20:53:00.066 D/XM_HIDREAD( 2052): [9 bytes]:01 00 00 00 00 00 00 00 00
06-04 20:53:00.069 I/SogouIME( 1550): onKeyUp: keyoCode=19
06-04 20:53:00.069 I/DefaultIMS( 1550): onKeyUp: keyoCode=19
06-04 20:53:00.071 E/SecondScreen( 1559): FirstScreenLayoutView dispatchKeyEvent 19
06-04 20:53:00.073 I/audio_hw_hal_primary( 492): [audiohal_get_latency:1333] io 13: out:0xe86464b0 frames:1152 rate:48000 whole_latency:24 alsa_latency:24
06-04 20:53:00.095 I/audio_hw_hal_primary( 492): [audiohal_get_latency:1333] io 13: out:0xe86464b0 frames:1152 rate:48000 whole_latency:24 alsa_latency:24
06-04 20:53:00.112 I/audio_hw_hal_primary( 492): [audiohal_get_latency:1333] io 13: out:0xe86464b0 frames:1024 rate:48000 whole_latency:21 alsa_latency:21
06-04 20:53:00.134 I/audio_hw_hal_primary( 492): [audiohal_get_latency:1333] io 13: out:0xe86464b0 frames:1280 rate:48000 whole_latency:26 alsa_latency:26
06-04 20:53:00.152 I/audio_hw_hal_primary( 492): [audiohal_get_latency:1333] io 13: out:0xe86464b0 frames:1152 rate:48000 whole_latency:24 alsa_latency:24
06-04 20:53:00.174 I/audio_hw_hal_primary( 492): [audiohal_get_latency:1333] io 13: out:0xe86464b0 frames:1152 rate:48000 whole_latency:24 alsa_latency:24
06-04 20:53:00.192 I/audio_hw_hal_primary( 492): [audiohal_get_latency:1333] io 13: out:0xe86464b0 frames:1024 rate:48000 whole_latency:21 alsa_latency:21
06-04 20:53:00.193 D/audioserver( 536): logFgsApiEnd: FGS Logger Transaction failed, -129
06-04 20:53:00.437 D/XM_HIDREAD( 2052): poll ret=1, event=1
06-04 20:53:00.437 D/XM_HIDREAD( 2052): [9 bytes]:01 00 00 4F 00 00 00 00 00
06-04 20:53:00.452 I/audio_hw_hal_primary( 492): [register_audio_patch:8215] Patch 4:id:4 mix(io:13)->dev_0[OUT_HDMI(id:45)] found, register the same patch, do nothing.
06-04 20:53:00.452 I/audio_hw_hal_primary( 492): [adev_create_audio_patch:8316] Patch 4: MIX->DEVICE, num_src:1 num_sink:1 patch_src:INVAL
06-04 20:53:00.452 I/audio_hw_hal_primary( 492): [adev_create_audio_patch:8320] sink[0]: OUT_HDMI(id:45)
06-04 20:53:00.452 I/audio_hw_hal_primary( 492): [adev_create_audio_patch:8377] Patch 4: mix(io:13) -> dev[OUT_HDMI(id:45)]
06-04 20:53:00.452 D/UEventObserver( 1105): change@/devices/platform/auge_sound/sound/card0/controlC0ACTION=changeDEVPATH=/devices/platform/auge_sound/sound/card0/controlC0SUBSYSTEM=soundAUDIO_FORMAT=0MAJOR=116MINOR=13DEVNAME=snd/controlC0SEQNUM=3640
06-04 20:53:00.452 I/audio_hw_hal_primary( 492): [adev_create_audio_patch:8445] dev=0xe87014a0 cur_out_device=0x400
06-04 20:53:00.457 D/audioserver( 536): logFgsApiBegin: FGS Logger Transaction failed, -129
06-04 20:53:00.459 I/SogouIME( 1550): onKeyDown: keyoCode=22
06-04 20:53:00.459 I/DefaultIMS( 1550): onKeyDown: keyoCode=22
06-04 20:53:00.461 E/SecondScreen( 1559): FirstScreenLayoutView dispatchKeyEvent 22
06-04 20:53:00.471 W/AudioFlinger( 536): createTrack_l(): mismatch between requested flags (00000004) and output flags (00000002)
06-04 20:53:00.474 I/audio_hw_hal_primary( 492): [audiohal_get_latency:1333] io 13: out:0xe86464b0 frames:1024 rate:48000 whole_latency:21 alsa_latency:21
06-04 20:53:00.476 I/audio_hw_hal_primary( 492): out_update_source_metadata_v7() line 2013 usage:1 content_type:2
06-04 20:53:00.515 I/audio_hw_hal_primary( 492): [register_audio_patch:8215] Patch 4:id:4 mix(io:13)->dev_0[OUT_HDMI(id:45)] found, register the same patch, do nothing.
06-04 20:53:00.515 I/audio_hw_hal_primary( 492): [adev_create_audio_patch:8316] Patch 4: MIX->DEVICE, num_src:1 num_sink:1 patch_src:INVAL
06-04 20:53:00.515 I/audio_hw_hal_primary( 492): [adev_create_audio_patch:8320] sink[0]: OUT_HDMI(id:45)
06-04 20:53:00.515 I/audio_hw_hal_primary( 492): [adev_create_audio_patch:8377] Patch 4: mix(io:13) -> dev[OUT_HDMI(id:45)]
06-04 20:53:00.515 I/audio_hw_hal_primary( 492): [adev_create_audio_patch:8445] dev=0xe87014a0 cur_out_device=0x400
06-04 20:53:00.516 D/UEventObserver( 1105): change@/devices/platform/auge_sound/sound/card0/controlC0ACTION=changeDEVPATH=/devices/platform/auge_sound/sound/card0/controlC0SUBSYSTEM=soundAUDIO_FORMAT=0MAJOR=116MINOR=13DEVNAME=snd/controlC0SEQNUM=3641
06-04 20:53:00.516 D/audioserver( 536): logFgsApiEnd: FGS Logger Transaction failed, -129
06-04 20:53:00.516 D/audioserver( 536): logFgsApiBegin: FGS Logger Transaction failed, -129
06-04 20:53:00.517 I/audio_hw_hal_primary( 492): out_update_source_metadata_v7() line 2013 usage:1 content_type:2
06-04 20:53:00.521 D/audioserver( 536): logFgsApiBegin: FGS Logger Transaction failed, -129
06-04 20:53:00.555 I/audio_hw_hal_primary( 492): out_update_source_metadata_v7() line 2013 usage:1 content_type:2
06-04 20:53:00.561 D/XM_HIDREAD( 2052): poll ret=1, event=1
06-04 20:53:00.561 D/XM_HIDREAD( 2052): [9 bytes]:01 00 00 00 00 00 00 00 00
06-04 20:53:00.564 I/SogouIME( 1550): onKeyUp: keyoCode=22
06-04 20:53:00.564 I/DefaultIMS( 1550): onKeyUp: keyoCode=22
06-04 20:53:00.565 E/SecondScreen( 1559): FirstScreenLayoutView dispatchKeyEvent 22
06-04 20:53:00.635 I/audio_hw_hal_primary( 492): [audiohal_get_latency:1333] io 13: out:0xe86464b0 frames:1024 rate:48000 whole_latency:21 alsa_latency:21
