06-04 20:55:49.013 I/SystemControlClient( 498): notifyCallback: listener is NULL.
06-04 20:55:49.013 I/SystemControlEvent( 1105): system control callback event: 3
06-04 20:55:49.015 E/ccc ( 1526): cccccc hdmi plug reset
06-04 20:55:49.007 I/HwBinder:317_B( 317): type=1400 audit(0.0:1348): avc: denied { call } for scontext=u:r:system_control:s0 tcontext=u:r:hal_power_default:s0 tclass=binder permissive=1
06-04 20:55:49.015 E/xxxxxxxxxxxxxxx( 1559): onReceive:mIsHDMIPlugged = true
06-04 20:55:49.011 I/HwBinder:317_B( 317): type=1400 audit(0.0:1349): avc: denied { call } for scontext=u:r:system_control:s0 tcontext=u:r:hal_oemlock_default:s0 tclass=binder permissive=1
06-04 20:55:49.018 I/SurfaceFlinger( 266): Reconnecting display 4616277992360486155 (HAL ID 0)
06-04 20:55:49.034 D/hdmicecd( 505): [CEC]:printCecMessage, [4 -> 4] len: 0, body:, result:no ack
06-04 20:55:49.034 D/HDMI ( 711): New logical address for device [4]: [preferred:4, assigned:4]
06-04 20:55:49.035 E/MesonComposer3( 290): destroyLayer: display:0 failed to destroy layer:278
06-04 20:55:49.035 E/HwcComposer( 266): destroyLayer failed Status(-8, EX_SERVICE_SPECIFIC): '3: '
06-04 20:55:49.035 E/HWC2 ( 266): destroyLayer(0, 278) failed: BadLayer (3)
06-04 20:55:49.035 E/MesonComposer3( 290): destroyLayer: display:0 failed to destroy layer:21
06-04 20:55:49.035 E/HwcComposer( 266): destroyLayer failed Status(-8, EX_SERVICE_SPECIFIC): '3: '
06-04 20:55:49.035 E/HWC2 ( 266): destroyLayer(0, 21) failed: BadLayer (3)
06-04 20:55:49.035 E/HwcComposer( 266): setClientTargetSlotCount failed Status(-8, EX_SERVICE_SPECIFIC): '4: '
06-04 20:55:49.036 D/hdmicecd( 505): [HdmiCecControl]:getPhysicalAddress, physical addr: 3000, last pa: 3000, ret = 0
06-04 20:55:49.037 D/hdmicecd( 505): [HdmiCecControl]:getPhysicalAddress, physical addr: 3000, last pa: 3000, ret = 0
06-04 20:55:49.037 D/hdmicecd( 505): [HdmiCecControl]:getPhysicalAddress, physical addr: 3000, last pa: 3000, ret = 0
06-04 20:55:49.037 D/hdmicecd( 505): [HdmiCecControl]:getVendorId, vendorId: 0x1CA410
06-04 20:55:49.038 D/hdmicecd( 505): [HdmiCecControl]:getPhysicalAddress, physical addr: 3000, last pa: 3000, ret = 0
06-04 20:55:49.038 D/HDMI ( 711): addCecDevice new:CEC: logical_address: 0x04 device_type: 4 cec_version: 5 vendor_id: 1877008 display_name: DBBOX-A3 power_status: 0 physical_address: 0x3000 port_id: 0 old:null
06-04 20:55:49.039 I/hdmicecd( 505): [HdmiCecControl]:addr:4, allocate result:0
06-04 20:55:49.047 D/hdmicecd( 505): [HdmiCecControl]:onAddressAllocated:4
06-04 20:55:49.047 I/Scheduler( 266): Display 4616277992360486155 is the pacesetter
06-04 20:55:49.048 E/SchedulerTimer( 266): Terminated
06-04 20:55:49.048 D/HDMI ( 711): onInitializeCecComplete 3
06-04 20:55:49.048 D/SurfaceFlinger( 266): Setting power mode 2 on display 4616277992360486155
06-04 20:55:49.048 W/EventThread( 266): Failed dispatching Hotplug{displayId=4616277992360486155, connected} for Connection{0xe9ac2490, VSyncRequest::None}
06-04 20:55:49.048 W/EventThread( 266): Failed dispatching Hotplug{displayId=4616277992360486155, connected} for Connection{0xe9ac2210, VSyncRequest::None}
06-04 20:55:49.048 D/HdmiControlService( 711): Local device is under address allocation. Queue display callback for later process.
06-04 20:55:49.048 D/HDMI ( 711): onAddressAllocated address:4 reason:3
06-04 20:55:49.049 D/SurfaceFlinger( 266): Finished setting power mode 2 on display 4616277992360486155
06-04 20:55:49.051 I/MesonDisplay( 290): [/mode_policy.c, meson_mode_set_policy, 1177] connector:0 to policy:0
06-04 20:55:49.051 I/MesonDisplay( 290): [/mode_policy.c, is_dv_prefer, 66] not prefer dv, hdr_priority:10000010
06-04 20:55:49.051 I/MesonDisplay( 290): [/mode_policy.c, is_dv_prefer, 66] not prefer dv, hdr_priority:10000010
06-04 20:55:49.051 I/MesonDisplay( 290): [/mode_policy.c, hdr_scene_process, 724] policy:0 is_bestcolorspace:1 state:0
06-04 20:55:49.051 I/MesonDisplay( 290): [/mode_policy_parser.c, is_support_hdmimode, 115] is_support_hdmimode mode: none not support
06-04 20:55:49.051 I/MesonDisplay( 290): [/mode_policy_parser.c, is_support_hdmimode, 110] is_support_hdmimode mode: 2160p60hz
06-04 20:55:49.051 D/MesonDisplay( 290): meson_write /sys/class/amhdmitx/amhdmitx0/valid_mode, outputmode:2160p60hz422,12bit
06-04 20:55:49.051 D/MesonDisplay( 290): valid mode is false!
06-04 20:55:49.052 I/MesonDisplay( 290): [/mode_policy_parser.c, is_support_hdmimode, 110] is_support_hdmimode mode: 2160p50hz
06-04 20:55:49.052 D/MesonDisplay( 290): meson_write /sys/class/amhdmitx/amhdmitx0/valid_mode, outputmode:2160p50hz422,12bit
06-04 20:55:49.052 D/MesonDisplay( 290): valid mode is false!
06-04 20:55:49.052 I/MesonDisplay( 290): [/mode_policy.c, is_support_4kHDR, 507] is_support_4kHDR 4k hdr not support
06-04 20:55:49.052 I/MesonDisplay( 290): [/mode_policy_parser.c, is_support_hdmimode, 110] is_support_hdmimode mode: 1080p60hz
06-04 20:55:49.052 D/MesonDisplay( 290): meson_write /sys/class/amhdmitx/amhdmitx0/valid_mode, outputmode:1080p60hz422,12bit
06-04 20:55:49.052 D/MesonDisplay( 290): valid mode is true!
06-04 20:55:49.052 I/MesonDisplay( 290): [/mode_policy.c, is_support_non4kHDR, 552] is_support_non4kHDR mode:[1080p60hz], color format:[422,12bit]
06-04 20:55:49.052 I/MesonDisplay( 290): [/mode_policy.c, meson_mode_get_policy_output, 1289] final_displaymode:1080p60hz, final_deepcolor:422,12bit, amdv_type:0
06-04 20:55:49.052 I/MesonDisplay( 290): [/mode_policy.c, meson_mode_set_policy, 1177] connector:0 to policy:0
06-04 20:55:49.054 D/LocalDisplayAdapter( 711): The active mode was changed from SurfaceFlinger or the display device to {id=69, width=1920, height=1080, fps=59.94006, alternativeRefreshRates=[], supportedHdrTypes=[2]}
06-04 20:55:49.055 D/LocalDisplayAdapter( 711): New display modes are added and the active mode has changed, use active mode as default mode.
06-04 20:55:49.055 W/LocalDisplayAdapter( 711): DisplayModeSpecs base mode no longer available, using currently active mode.
06-04 20:55:49.056 I/DisplayDeviceRepository( 711): Display device changed: DisplayDeviceInfo{"内置屏幕": uniqueId="local:4616277992360486155", 1920 x 1080, modeId 68, renderFrameRate 59.94006, defaultModeId 68, supportedModes [{id=68, width=1920, height=1080, fps=59.94006, alternativeRefreshRates=[], supportedHdrTypes=[]}], colorMode 0, supportedColorModes [0], hdrCapabilities HdrCapabilities{mSupportedHdrTypes=[], mMaxLuminance=500.0, mMaxAverageLuminance=500.0, mMinLuminance=0.0}, allmSupported false, gameContentTypeSupported true, density 240, 39.973 x 39.756 dpi, appVsyncOff 2000000, presDeadline 13683333, touch INTERNAL, rotation 0, type INTERNAL, address {port=11, model=0x401050603f19a5}, deviceProductInfo DeviceProductInfo{name=Linux FHD, manufacturerPnpId=LNX, productId=0, modelYear=null, manufactureDate=ManufactureDate{week=5, year=2012}, connectionToSinkType=0}, state ON, committedState ON, frameRateOverride , brightnessMinimum 0.0, brightnessMaximum 1.0, brightnessDefault 0.39763778, hdrSdrRatio NaN, FLAG_ALLOWED_TO_BE_DEFAULT_DISPLAY, FLAG_ROTATES_WITH_CONTENT, FLAG_SECURE, FLAG_SUPPORTS_PROTECTED_BUFFERS, FLAG_TRUSTED, installOrientation 0, displayShape DisplayShape{ spec=729782573 displayWidth=1920 displayHeight=1080 physicalPixelDisplaySizeRatio=1.0 rotation=0 offsetX=0 offsetY=0 scale=1.0}}
06-04 20:55:49.058 E/Scheduler( 266): trackPendingFrame: Invalid present fence
06-04 20:55:49.058 D/hdmicecd( 505): [HdmiCecControl]:getPhysicalAddress, physical addr: 3000, last pa: 3000, ret = 0
06-04 20:55:49.059 W/LocalDisplayAdapter( 711): Ignoring request for invalid base mode id 68
06-04 20:55:49.059 D/hdmicecd( 505): [HdmiCecControl]:getVendorId, vendorId: 0x1CA410
06-04 20:55:49.060 D/HDMI ( 711): [S]: 4F:84:30:00:04
06-04 20:55:49.060 D/hdmicecd( 505): [HdmiCecControl]:getPhysicalAddress, physical addr: 3000, last pa: 3000, ret = 0
06-04 20:55:49.060 I/DisplayDeviceRepository( 711): Display device changed: DisplayDeviceInfo{"内置屏幕": uniqueId="local:4616277992360486155", 1920 x 1080, modeId 69, renderFrameRate 59.94006, defaultModeId 69, supportedModes [{id=69, width=1920, height=1080, fps=59.94006, alternativeRefreshRates=[], supportedHdrTypes=[2]}, {id=70, width=1920, height=1080, fps=60.000004, alternativeRefreshRates=[], supportedHdrTypes=[2]}, {id=71, width=3840, height=2160, fps=59.94006, alternativeRefreshRates=[], supportedHdrTypes=[2]}, {id=72, width=3840, height=2160, fps=60.000004, alternativeRefreshRates=[], supportedHdrTypes=[2]}, {id=73, width=3840, height=2160, fps=50.0, alternativeRefreshRates=[], supportedHdrTypes=[2]}, {id=74, width=3840, height=2160, fps=29.97003, alternativeRefreshRates=[], supportedHdrTypes=[2]}, {id=75, width=3840, height=2160, fps=30.000002, alternativeRefreshRates=[], supportedHdrTypes=[2]}, {id=76, width=3840, height=2160, fps=25.0, alternativeRefreshRates=[], supportedHdrTypes=[2]}, {id=77, width=3840, height=2160, fps=23.976025, alternativeRefreshRates=[], supportedHdrTypes=[2]}, {id=78, width=3840, height=2160, fps=24.000002, alternativeRefreshRates=[], supportedHdrTypes=[2]}, {id=79, width=1920, height=1080, fps=50.0, alternativeRefreshRates=[], supportedHdrTypes=[2]}, {id=80, width=1280, height=720, fps=59.94006, alternativeRefreshRates=[], supportedHdrTypes=[2]}, {id=81, width=1280, height=720, fps=60.000004, alternativeRefreshRates=[], supportedHdrTypes=[2]}, {id=82, width=1280, height=720, fps=50.0, alternativeRefreshRates=[], supportedHdrTypes=[2]}], colorMode 0, supportedColorModes [0], hdrCapabilities HdrCapabilities{mSupportedHdrTypes=[2], mMaxLuminance=500.0, mMaxAverageLuminance=500.0, mMinLuminance=0.0}, allmSupported false, gameContentTypeSupported true, density 240, 39.973 x 39.756 dpi, appVsyncOff 2000000, presDeadline 13683333, touch INTERNAL, rotation 0, type INTERNAL, address {port=11, model=0x401050603f19a5}, deviceProductInfo DeviceProductInfo{name=Mi TV, manufacturerPnpId=XMD, productId=74, modelYear=null, manufactureDate=ManufactureDate{week=13, year=2019}, connectionToSinkType=2}, state ON, committedState ON, frameRateOverride , brightnessMinimum 0.0, brightnessMaximum 1.0, brightnessDefault 0.39763778, hdrSdrRatio NaN, FLAG_ALLOWED_TO_BE_DEFAULT_DISPLAY, FLAG_ROTATES_WITH_CONTENT, FLAG_SECURE, FLAG_SUPPORTS_PROTECTED_BUFFERS, FLAG_TRUSTED, installOrientation 0, displayShape DisplayShape{ spec=729782573 displayWidth=1920 displayHeight=1080 physicalPixelDisplaySizeRatio=1.0 rotation=0 offsetX=0 offsetY=0 scale=1.0}}
06-04 20:55:49.061 D/HDMI ( 711): DeviceDiscoveryAction start com.android.server.hdmi.DeviceDiscoveryAction@fafd8a8
06-04 20:55:49.061 I/HdmiCecLocalDevice( 711): Starting queued action:com.android.server.hdmi.ActiveSourceAction@a16dd24
06-04 20:55:49.061 D/HDMI ( 711): setActiveSource logical:0x04 physical:0x3000 ActiveSourceAction
06-04 20:55:49.063 D/hdmicecd( 505): [HdmiCecControl]:getPhysicalAddress, physical addr: 3000, last pa: 3000, ret = 0
06-04 20:55:49.064 I/RefreshRateSelector( 266): Display 4616277992360486155 policy changed
06-04 20:55:49.064 I/RefreshRateSelector( 266): Previous: {defaultModeId=69, allowGroupSwitching=false, primaryRanges={physical=[0.00 Hz, 340282346638528859811704183484516925440.00 Hz], render=[0.00 Hz, 340282346638528859811704183484516925440.00 Hz]}, appRequestRanges={physical=[0.00 Hz, 340282346638528859811704183484516925440.00 Hz], render=[0.00 Hz, 340282346638528859811704183484516925440.00 Hz]}}
06-04 20:55:49.064 I/RefreshRateSelector( 266): Current: DisplayManagerPolicy{defaultModeId=69, allowGroupSwitching=false, primaryRanges={physical=[0.00 Hz, inf Hz], render=[0.00 Hz, 120.00 Hz]}, appRequestRanges={physical=[0.00 Hz, inf Hz], render=[0.00 Hz, inf Hz]}}
06-04 20:55:49.064 I/RefreshRateSelector( 266): 0 mode changes were performed under the previous policy
06-04 20:55:49.063 D/hdmicecd( 505): [HdmiCecControl]:getPhysicalAddress, physical addr: 3000, last pa: 3000, ret = 0
06-04 20:55:49.064 D/HDMI ( 711): ActiveSourceHistoryRecord active source=(0x04, 0x3000) isActiveSource=true from=ActiveSourceAction
06-04 20:55:49.070 D/HdmiControlService( 711): Switching to full volume behavior
06-04 20:55:49.215 D/hdmicecd( 505): [CEC]:printCecMessage, [4 -> f] len: 4, body: 84 30 00 04, result:success
06-04 20:55:49.216 E/IPCThreadState( 505): binder thread pool (1 threads) starved for 155 ms
06-04 20:55:49.216 D/HDMI ( 711): [S]: 4F:87:1C:A4:10
06-04 20:55:49.317 D/WanClient( 1526): sendHeartMessage
06-04 20:55:49.318 D/WanClient( 1526): -----final------sendMessage: {"type":"2bKPMh2jwmQ="}
06-04 20:55:49.356 D/WanClient( 1526): onMessage:Thread[WebSocketConnectReadThread-72,5,main]--{"msg":"+MSejyjwlbc="}
06-04 20:55:49.358 D/WanClient( 1526): onMessageReceived:Thread[WebSocketConnectReadThread-72,5,main] {"msg":"+MSejyjwlbc="}
06-04 20:55:49.358 D/WanClient( 1526): type: null
06-04 20:55:49.358 D/WanClient( 1526): send:HB7FxtN64oc=
06-04 20:55:49.358 D/WanClient( 1526): leave:uQ3qCmhm4oA=
06-04 20:55:49.358 D/WanClient( 1526): join:7EsoetslBbs=
06-04 20:55:49.358 D/WanClient( 1526): ITtylgY8LAxdmHmRQSo49Q==
06-04 20:55:49.367 D/hdmicecd( 505): [CEC]:printCecMessage, [4 -> f] len: 4, body: 87 1c a4 10, result:success
06-04 20:55:49.367 E/IPCThreadState( 505): binder thread pool (1 threads) starved for 152 ms
06-04 20:55:49.368 D/HDMI ( 711): [S]: 40:8C
06-04 20:55:49.446 D/hdmicecd( 505): [CEC]:printCecMessage, [4 -> 0] len: 1, body: 8c, result:success
06-04 20:55:49.447 D/HDMI ( 711): [S]: 40:47:44:42:42:4F:58:2D:41:33
06-04 20:55:49.726 D/hdmicecd( 505): [CEC]:printCecMessage, [4 -> 0] len: 9, body: 47 44 42 42 4f 58 2d 41 33, result:success
06-04 20:55:49.726 E/IPCThreadState( 505): binder thread pool (1 threads) starved for 279 ms
06-04 20:55:49.726 D/HDMI ( 711): [S]: 45:7D
06-04 20:55:49.786 D/hdmicecd( 505): [CEC]:printCecMessage, [4 -> 5] len: 1, body: 7d, result:no ack
06-04 20:55:49.842 D/hdmicecd( 505): [CEC]:printCecMessage, [4 -> 5] len: 1, body: 7d, result:no ack
06-04 20:55:49.842 E/HDMI ( 711): [2]:Failed to send 45:7D with errorCode=1
06-04 20:55:49.843 D/HDMI ( 711): AVR did not respond to
06-04 20:55:49.843 D/HdmiControlService( 711): Switching to full volume behavior
06-04 20:55:49.898 D/hdmicecd( 505): [CEC]:printCecMessage, [4 -> e] len: 0, body:, result:no ack
06-04 20:55:49.898 D/HDMI ( 711): [S]: 4F:82:30:00
06-04 20:55:49.899 D/hdmicecd( 505): [HdmiCecControl]:updateActiveState sending messag:82 active state:1
06-04 20:55:49.914 E/AudioVideoDevReconnectService( 1105): updateDisconnectedRemote, bt_class is 1280
06-04 20:55:49.917 D/AudioVideoDevReconnectService( 1105): mDisconnectedRemoteDevices add: Dangbei,addr:E4:BB:D3:57:C0:7A
06-04 20:55:50.009 D/MesonDisplay( 290): read /sys/class/amhdmitx/amhdmitx0/hdcp_lstore, result length:0, val:
06-04 20:55:50.027 D/hdmicecd( 505): [CEC]:printCecMessage, [4 -> f] len: 3, body: 82 30 00, result:success
06-04 20:55:50.027 E/IPCThreadState( 505): binder thread pool (1 threads) starved for 128 ms
06-04 20:55:50.028 D/HDMI ( 711): [S]: 40:8E:00
06-04 20:55:50.131 D/hdmicecd( 505): [CEC]:printCecMessage, [4 -> 0] len: 2, body: 8e 00, result:success
06-04 20:55:50.131 E/IPCThreadState( 505): binder thread pool (1 threads) starved for 103 ms
06-04 20:55:50.131 D/HDMI ( 711): [S]: 40:8F
06-04 20:55:50.210 D/hdmicecd( 505): [CEC]:printCecMessage, [4 -> 0] len: 1, body: 8f, result:success
06-04 20:55:50.266 D/hdmicecd( 505): [CEC]:printCecMessage, [4 -> b] len: 0, body:, result:no ack
06-04 20:55:50.322 D/hdmicecd( 505): [CEC]:printCecMessage, [4 -> 8] len: 0, body:, result:no ack
06-04 20:55:50.378 D/hdmicecd( 505): [CEC]:printCecMessage, [4 -> 5] len: 0, body:, result:no ack
06-04 20:55:50.423 D/AudioVideoDevReconnectService( 1105): reconnect:Dangbei
06-04 20:55:50.427 D/CachedBluetoothDevice( 1105): connect CachedBluetoothDevice{anonymizedAddress=XX:XX:XX:XX:C0:7A, name=Dangbei, groupId=-1, member=[]}
06-04 20:55:50.429 V/BluetoothDatabase( 3916): getProfileConnectionPolicy: device XX:XX:XX:XX:C0:7A profile=A2DP, connectionPolicy=-1
06-04 20:55:50.430 V/BluetoothDatabase( 3916): getProfileConnectionPolicy: device XX:XX:XX:XX:C0:7A profile=HEADSET, connectionPolicy=-1
06-04 20:55:50.430 V/BluetoothDatabase( 3916): getProfileConnectionPolicy: device XX:XX:XX:XX:C0:7A profile=HID_HOST, connectionPolicy=100
06-04 20:55:50.430 V/BluetoothDatabase( 3916): getProfileConnectionPolicy: device XX:XX:XX:XX:C0:7A profile=HID_HOST, connectionPolicy=100
06-04 20:55:50.430 I/BluetoothAdapterService( 3916): connectEnabledProfiles: Connecting Hid Host Profile
06-04 20:55:50.430 V/BluetoothDatabase( 3916): getProfileConnectionPolicy: device XX:XX:XX:XX:C0:7A profile=HID_HOST, connectionPolicy=100
06-04 20:55:50.432 W/bt_stack( 3916): [WARNING:btif_hh.cc(634)] btif_hh_connect: Device xx:xx:xx:xx:c0:7a already added, attr_mask = 0x0
06-04 20:55:50.433 I/bt_stack( 3916): [INFO:gatt_attr.cc(950)] gatt_sr_init_cl_status: bda=xx:xx:xx:xx:c0:7a, cl_supp_feat=0000, aware=1
06-04 20:55:50.433 I/bluetooth( 3916): packages/modules/Bluetooth/system/gd/metrics/metrics_state.cc:177 AddStateChangedEvent: LEConnectionMetricsRemoteDevice: Transaction State 0x00000001, Connection Type 0x00000001, Origin Type 0x00000001
06-04 20:55:50.433 I/bluetooth( 3916): packages/modules/Bluetooth/system/gd/metrics/metrics_state.cc:58 AddStateChangedEvent: LEConnectionMetricState: Origin Type: 0x00000001, Connection Type: 0x00000001, Transaction State: 0x00000001
06-04 20:55:50.433 W/bluetooth( 3916): packages/modules/Bluetooth/system/main/shim/acl.cc:180 Add: Attempted to add duplicate le address to acceptlist:e4:bb:d3:57:c0:7a[PUBLIC_DEVICE_ADDRESS]
06-04 20:55:50.433 I/bluetooth( 3916): packages/modules/Bluetooth/system/stack/gatt/gatt_main.cc:394 gatt_update_app_use_link_flag: check_acl_link is false, no need to check
06-04 20:55:50.433 W/bluetooth( 3916): packages/modules/Bluetooth/system/gd/hci/acl_manager/le_impl.h:804 add_device_to_connect_list: Device already exists in acceptlist and cannot be added:e4:bb:d3:57:c0:7a[PUBLIC_DEVICE_ADDRESS]
06-04 20:55:50.434 D/BluetoothHidHostService( 3916): Connection state XX:XX:XX:XX:C0:7A: 0->1
06-04 20:55:50.434 D/hdmicecd( 505): [CEC]:printCecMessage, [4 -> 3] len: 0, body:, result:no ack
06-04 20:55:50.438 D/CachedBluetoothDevice( 1105): onProfileStateChanged: profile HID, device XX:XX:XX:XX:C0:7A, newProfileState 1
06-04 20:55:50.438 D/BluetoothAdapter( 1105): getActiveDevices(profile= A2DP)
06-04 20:55:50.439 W/BluetoothHidHostService( 3916): no state change: 1
06-04 20:55:50.440 I/BluetoothAdapterService( 3916): getActiveDevices: A2dp device: null
06-04 20:55:50.440 D/BluetoothAdapter( 1105): getActiveDevices(profile= HEADSET)
06-04 20:55:50.442 I/BluetoothAdapterService( 3916): getActiveDevices: Headset device: null
06-04 20:55:50.443 D/BluetoothAdapter( 1105): getActiveDevices(profile= HEARING_AID)
06-04 20:55:50.444 D/CachedBluetoothDevice( 1328): onProfileStateChanged: profile HID, device XX:XX:XX:XX:C0:7A, newProfileState 1
06-04 20:55:50.444 D/BluetoothAdapter( 1328): getActiveDevices(profile= A2DP)
06-04 20:55:50.445 I/BluetoothAdapterService( 3916): getActiveDevices: Hearing Aid devices: Left[null] - Right[null]
06-04 20:55:50.448 D/AdapterProperties( 3916): PROFILE_CONNECTION_STATE_CHANGE: profile=4, device=XX:XX:XX:XX:C0:7A, 0 -> 1
06-04 20:55:50.448 I/BluetoothAdapterService( 3916): getActiveDevices: A2dp device: null
06-04 20:55:50.449 D/BluetoothAdapter( 1328): getActiveDevices(profile= HEADSET)
06-04 20:55:50.451 D/AdapterProperties( 3916): ADAPTER_CONNECTION_STATE_CHANGE: XX:XX:XX:XX:C0:7A: 0 -> 1
06-04 20:55:50.453 I/BluetoothAdapterService( 3916): getActiveDevices: Headset device: null
06-04 20:55:50.453 D/BluetoothAdapter( 1328): getActiveDevices(profile= HEARING_AID)
06-04 20:55:50.454 I/wpa_supplicant( 1187): wpa_driver_nl80211_driver_cmd: wifi vendor: aml_w2_s
06-04 20:55:50.454 I/wpa_supplicant( 1187): wpa_driver_nl80211_driver_cmd: wlan0: private command: BTCOEXSCAN-START
06-04 20:55:50.457 I/BluetoothAdapterService( 3916): getActiveDevices: Hearing Aid devices: Left[null] - Right[null]
06-04 20:55:50.490 D/hdmicecd( 505): [CEC]:printCecMessage, [4 -> 1] len: 0, body:, result:no ack
06-04 20:55:50.550 D/hdmicecd( 505): [CEC]:printCecMessage, [4 -> 0] len: 0, body:, result:success
06-04 20:55:50.550 D/HdmiCecController( 711): [P]:AllocatedAddress=[0]
06-04 20:55:50.551 D/hdmicecd( 505): [HdmiCecControl]:getPhysicalAddress, physical addr: 3000, last pa: 3000, ret = 0
06-04 20:55:50.551 D/HDMI ( 711): [S]: 40:8F
06-04 20:55:50.630 D/hdmicecd( 505): [CEC]:printCecMessage, [4 -> 0] len: 1, body: 8f, result:success
06-04 20:55:50.713 D/hdmicecd( 505): [CEC]:printCecMsgBuf, msg: 04 46
06-04 20:55:50.713 D/hdmicecd( 505): [CMsgQueue]:sendmsg now = 186048 msg[0] when = 187048
06-04 20:55:50.714 D/HDMI ( 711): [R]: 04:46
06-04 20:55:50.714 D/hdmicecd( 505): [HdmiCecControl]:getPhysicalAddress, physical addr: 3000, last pa: 3000, ret = 0
06-04 20:55:50.715 D/HDMI ( 711): addCecDevice new:CEC: logical_address: 0x00 device_type: 0 cec_version: 5 vendor_id: 16777215 display_name: TV power_status: -1 physical_address: 0xFFFF port_id: -1 old:null
06-04 20:55:50.715 D/HdmiControlService( 711): Switching to full volume behavior
06-04 20:55:50.716 D/HDMI ( 711): [S]: 40:47:44:42:42:4F:58:2D:41:33
06-04 20:55:50.717 D/hdmicecd( 505): [CMsgQueue]:msg size is 0, break
06-04 20:55:50.817 D/hdmicecd( 505): [CEC]:printCecMsgBuf, msg: 04 44 6d
06-04 20:55:50.818 D/HDMI ( 711): [R]: 04:44
06-04 20:55:50.901 D/hdmicecd( 505): [CEC]:printCecMsgBuf, msg: 04 45
06-04 20:55:50.901 D/HDMI ( 711): [R]: 04:45
06-04 20:55:50.908 D/aaa ( 3805): WiFi is connect
06-04 20:55:50.910 D/aaa ( 3805): WiFi is connect
06-04 20:55:50.935 I/led_switch.sh( 4097): type=1400 audit(0.0:1350): avc: denied { write } for name="led_swith.txt" dev="dm-50" ino=349 scontext=u:r:init:s0 tcontext=u:object_r:shell_data_file:s0 tclass=file permissive=1 bug=b/77873135
06-04 20:55:50.935 I/led_switch.sh( 4097): type=1400 audit(0.0:1351): avc: denied { open } for path="/data/local/tmp/led_swith.txt" dev="dm-50" ino=349 scontext=u:r:init:s0 tcontext=u:object_r:shell_data_file:s0 tclass=file permissive=1 bug=b/77873135
06-04 20:55:50.955 I/stop ( 4098): type=1400 audit(0.0:1352): avc: denied { write } for name="property_service" dev="tmpfs" ino=411 scontext=u:r:vendor_toolbox:s0 tcontext=u:object_r:property_socket:s0 tclass=sock_file permissive=1
06-04 20:55:50.955 I/stop ( 4098): type=1400 audit(0.0:1353): avc: denied { connectto } for path="/dev/socket/property_service" scontext=u:r:vendor_toolbox:s0 tcontext=u:r:init:s0 tclass=unix_stream_socket permissive=1
06-04 20:55:50.979 I/init ( 4100): type=1400 audit(0.0:1354): avc: denied { execute_no_trans } for path="/vendor/bin/rainbow_flow" dev="dm-11" ino=333945 scontext=u:r:init:s0 tcontext=u:object_r:vendor_file:s0 tclass=file permissive=1
06-04 20:55:51.010 D/MesonDisplay( 290): read /sys/class/amhdmitx/amhdmitx0/hdcp_lstore, result length:0, val:
06-04 20:55:51.054 D/hdmicecd( 505): [CEC]:printCecMsgBuf, msg: 0f 87 00 ec 0a
06-04 20:55:51.055 D/HDMI ( 711): [R]: 0F:87:00:EC:0A
06-04 20:55:51.056 D/hdmicecd( 505): [HdmiCecControl]:getPhysicalAddress, physical addr: 3000, last pa: 3000, ret = 0
06-04 20:55:51.317 D/hdmicecd( 505): [CEC]:printCecMessage, [4 -> 0] len: 9, body: 47 44 42 42 4f 58 2d 41 33, result:success
06-04 20:55:51.318 E/IPCThreadState( 505): binder thread pool (1 threads) starved for 601 ms
06-04 20:55:51.318 D/HDMI ( 711): [S]: 40:8F
06-04 20:55:51.398 D/hdmicecd( 505): [CEC]:printCecMessage, [4 -> 0] len: 1, body: 8f, result:success
06-04 20:55:51.498 D/hdmicecd( 505): [CEC]:printCecMsgBuf, msg: 04 8c
06-04 20:55:51.500 D/HDMI ( 711): [R]: 04:8C
06-04 20:55:51.501 D/hdmicecd( 505): [HdmiCecControl]:getVendorId, vendorId: 0x1CA410
06-04 20:55:51.502 D/HDMI ( 711): [S]: 4F:87:1C:A4:10
06-04 20:55:51.602 D/hdmicecd( 505): [CEC]:printCecMsgBuf, msg: 04 90 00
06-04 20:55:51.602 D/hdmicecd( 505): [HdmiCecControl]:updateActiveState received tv power status 0
06-04 20:55:51.605 D/HDMI ( 711): [R]: 04:90:00
06-04 20:55:51.606 D/hdmicecd( 505): [HdmiCecControl]:getPhysicalAddress, physical addr: 3000, last pa: 3000, ret = 0
06-04 20:55:51.607 D/hdmicecd( 505): [HdmiCecControl]:getPhysicalAddress, physical addr: 3000, last pa: 3000, ret = 0
06-04 20:55:51.607 D/HDMI ( 711): addCecDevice new:CEC: logical_address: 0x00 device_type: 0 cec_version: 5 vendor_id: 60426 display_name: MiTV-ANSP0 power_status: 0 physical_address: 0x0000 port_id: -1 old:CEC: logical_address: 0x00 device_type: 0 cec_version: 5 vendor_id: 60426 display_name: TV power_status: 0 physical_address: 0xFFFF port_id: -1
06-04 20:55:51.608 D/HdmiControlService( 711): Switching to full volume behavior
06-04 20:55:51.609 D/hdmicecd( 505): [HdmiCecControl]:getPhysicalAddress, physical addr: 3000, last pa: 3000, ret = 0
06-04 20:55:51.609 D/HDMI ( 711): addCecDevice new:CEC: logical_address: 0x04 device_type: 4 cec_version: 5 vendor_id: 1877008 display_name: DBBOX-A3 power_status: 0 physical_address: 0x3000 port_id: 0 old:null
06-04 20:55:51.609 D/HDMI ( 711): Hot-plug detection started.
06-04 20:55:51.609 D/HDMI ( 711): queryDisplayStatus status=0
06-04 20:55:51.609 D/AudioService( 711): onStatusChange cecEnabled:true available:true
06-04 20:55:51.610 D/AudioService( 711): TV, no CEC: setting HDMI as regular vol device
06-04 20:55:51.610 D/AudioService( 711): Removing DeviceType: 0x400 from mFullVolumeDevices
06-04 20:55:51.610 D/AudioService( 711): Removing DeviceType: 0x400 from mFixedVolumeDevices
06-04 20:55:51.610 D/AudioService( 711): Removing DeviceType: 0x400 from mAbsoluteVolumeDeviceInfoMap
06-04 20:55:51.612 D/xm_audio( 492): adev_get_parameters
06-04 20:55:51.614 D/xm_audio( 492): adev_get_parameters
06-04 20:55:51.619 D/xm_audio( 492): adev_get_parameters
06-04 20:55:51.621 D/xm_audio( 492): adev_get_parameters
06-04 20:55:51.628 D/xm_audio( 492): adev_get_parameters
06-04 20:55:51.630 D/xm_audio( 492): adev_get_parameters
06-04 20:55:51.636 D/xm_audio( 492): adev_get_parameters
06-04 20:55:51.637 D/xm_audio( 492): adev_get_parameters
06-04 20:55:51.646 D/xm_audio( 492): adev_get_parameters
06-04 20:55:51.647 D/xm_audio( 492): adev_get_parameters
06-04 20:55:51.650 D/xm_audio( 492): adev_get_parameters
06-04 20:55:51.652 D/xm_audio( 492): adev_get_parameters
06-04 20:55:51.657 D/xm_audio( 492): adev_get_parameters
06-04 20:55:51.658 D/xm_audio( 492): adev_get_parameters
06-04 20:55:51.662 D/xm_audio( 492): adev_get_parameters
06-04 20:55:51.663 D/xm_audio( 492): adev_get_parameters
06-04 20:55:51.667 D/xm_audio( 492): adev_get_parameters
06-04 20:55:51.669 D/xm_audio( 492): adev_get_parameters
06-04 20:55:51.675 D/xm_audio( 492): adev_get_parameters
06-04 20:55:51.676 D/xm_audio( 492): adev_get_parameters
06-04 20:55:51.681 D/xm_audio( 492): adev_get_parameters
06-04 20:55:51.682 D/xm_audio( 492): adev_get_parameters
06-04 20:55:51.688 D/xm_audio( 492): adev_get_parameters
06-04 20:55:51.690 D/xm_audio( 492): adev_get_parameters
06-04 20:55:51.694 D/xm_audio( 492): adev_get_parameters
06-04 20:55:51.695 D/xm_audio( 492): adev_get_parameters
06-04 20:55:51.700 D/xm_audio( 492): adev_get_parameters
06-04 20:55:51.702 D/xm_audio( 492): adev_get_parameters
06-04 20:55:51.707 D/xm_audio( 492): adev_get_parameters
06-04 20:55:51.708 D/xm_audio( 492): adev_get_parameters
06-04 20:55:51.709 D/hdmicecd( 505): [CEC]:printCecMsgBuf, msg: 04 90 00
06-04 20:55:51.709 D/hdmicecd( 505): [HdmiCecControl]:updateActiveState received tv power status 0
06-04 20:55:51.710 D/HDMI ( 711): [R]: 04:90:00
06-04 20:55:51.722 D/xm_audio( 492): adev_get_parameters
06-04 20:55:51.723 D/xm_audio( 492): adev_get_parameters
06-04 20:55:51.728 D/xm_audio( 492): adev_get_parameters
06-04 20:55:51.730 D/xm_audio( 492): adev_get_parameters
06-04 20:55:51.739 D/xm_audio( 492): adev_get_parameters
06-04 20:55:51.740 D/xm_audio( 492): adev_get_parameters
06-04 20:55:51.744 D/xm_audio( 492): adev_get_parameters
06-04 20:55:51.745 D/xm_audio( 492): adev_get_parameters
06-04 20:55:51.748 D/xm_audio( 492): adev_get_parameters
06-04 20:55:51.749 D/xm_audio( 492): adev_get_parameters
06-04 20:55:51.813 D/hdmicecd( 505): [CEC]:printCecMsgBuf, msg: 04 90 00
06-04 20:55:51.813 D/hdmicecd( 505): [HdmiCecControl]:updateActiveState received tv power status 0
06-04 20:55:51.814 D/HDMI ( 711): [R]: 04:90:00
06-04 20:55:51.945 I/WifiHAL ( 525): call wifi_get_link_stats handler
06-04 20:55:51.945 I/WifiHAL ( 525): Creating message to get link statistics; iface = 16
06-04 20:55:52.008 D/hdmicecd( 505): [CEC]:printCecMessage, [4 -> f] len: 4, body: 87 1c a4 10, result:success
06-04 20:55:52.008 E/IPCThreadState( 505): binder thread pool (1 threads) starved for 506 ms
06-04 20:55:52.010 D/MesonDisplay( 290): read /sys/class/amhdmitx/amhdmitx0/hdcp_lstore, result length:0, val:
06-04 20:55:52.213 D/WifiHAL ( 525): error code -95 mapped to -3
06-04 20:55:52.213 E/IPCThreadState( 525): binder thread pool (1 threads) starved for 268 ms
06-04 20:55:52.213 E/WifiStaIfaceAidlImpl( 711): getLinkLayerStats failed with service-specific exception: android.os.ServiceSpecificException: (code 4)
06-04 20:55:53.010 D/MesonDisplay( 290): read /sys/class/amhdmitx/amhdmitx0/hdcp_lstore, result length:0, val:
06-04 20:55:53.970 I/WifiService( 711): startScan uid=1000
06-04 20:55:53.972 E/ccc ( 3250): cccccc i will start scan
06-04 20:55:53.977 D/InstantWifi( 711): Drop, size: 1
06-04 20:55:54.011 D/MesonDisplay( 290): read /sys/class/amhdmitx/amhdmitx0/hdcp_lstore, result length:0, val:
06-04 20:55:54.501 D/UtilLog ( 2271): 日志批量上报 进行正常循环 !!!!!!本次有0次请求,共0条数据
06-04 20:55:54.501 D/UtilLog ( 2271): 日志批量上报 进行正常循环 !!!!!!本次有0次请求,共0条数据
06-04 20:55:54.501 D/UtilLog ( 2271): 日志批量上报 进行正常循环 !!!!!!本次有0次请求,共0条数据
06-04 20:55:54.501 D/UtilLog ( 2271): 日志批量上报 进行正常循环 !!!!!!本次有0次请求,共0条数据
06-04 20:55:55.011 D/MesonDisplay( 290): read /sys/class/amhdmitx/amhdmitx0/hdcp_lstore, result length:0, val:
06-04 20:55:55.217 I/WifiHAL ( 525): call wifi_get_link_stats handler
06-04 20:55:55.217 I/WifiHAL ( 525): Creating message to get link statistics; iface = 16
06-04 20:55:55.217 D/WifiHAL ( 525): error code -95 mapped to -3
06-04 20:55:55.217 E/WifiStaIfaceAidlImpl( 711): getLinkLayerStats failed with service-specific exception: android.os.ServiceSpecificException: (code 4)
06-04 20:55:55.397 I/TDLog ( 2271): [APP] New data found, Submitting...
06-04 20:55:55.409 D/TrafficStats( 2271): tagSocket(106) with statsTag=0xffffffff, statsUid=-1
06-04 20:55:55.419 I/TDLog ( 2271): [APP] Failed to submit data!
06-04 20:55:56.012 D/MesonDisplay( 290): read /sys/class/amhdmitx/amhdmitx0/hdcp_lstore, result length:0, val:
06-04 20:55:56.667 D/WifiNl80211Manager( 711): Scan result ready event
06-04 20:55:56.667 D/WifiNative( 711): Scan result ready event
06-04 20:55:56.726 E/ccc ( 3250): cccccc SCAN_RESULTS_AVAILABLE_ACTION hhhh
06-04 20:55:56.727 E/hq ( 1559): NetWorkStateReceiver:::NetWorkStateReceiver onReceive: 网络变化广播 >>>> intent.action=android.net.wifi.SCAN_RESULTS
06-04 20:55:56.734 I/WifiHAL ( 525): call wifi_get_link_stats handler
06-04 20:55:56.734 I/WifiHAL ( 525): Creating message to get link statistics; iface = 16
06-04 20:55:56.734 D/WifiHAL ( 525): error code -95 mapped to -3
06-04 20:55:56.734 E/WifiStaIfaceAidlImpl( 711): getLinkLayerStats failed with service-specific exception: android.os.ServiceSpecificException: (code 4)
06-04 20:55:56.748 W/eventbuscore( 1559): post Event:com.dangbei.leard.base.entity.event.NetWifiRssiEvent
06-04 20:55:56.752 E/ccc ( 3250): cccccc result is not empty call back
06-04 20:55:56.752 E/ccc ( 3250): cccccc 666666666666666
06-04 20:55:56.772 E/ccc ( 3250): cccccc sort 4 55
06-04 20:55:56.813 W/System ( 1328): A resource failed to call release.
06-04 20:55:56.813 W/System ( 1328): A resource failed to call release.
06-04 20:55:56.813 W/System ( 1328): A resource failed to call release.
06-04 20:55:56.813 W/System ( 1328): A resource failed to call release.
06-04 20:55:56.813 W/System ( 1328): A resource failed to call release.
06-04 20:55:56.813 W/System ( 1328): A resource failed to call release.
06-04 20:55:56.813 W/System ( 1328): A resource failed to call release.
06-04 20:55:56.813 W/System ( 1328): A resource failed to call release.
06-04 20:55:56.813 W/System ( 1328): A resource failed to call release.
06-04 20:55:56.813 W/System ( 1328): A resource failed to call release.
06-04 20:55:57.012 D/MesonDisplay( 290): read /sys/class/amhdmitx/amhdmitx0/hdcp_lstore, result length:0, val:
06-04 20:55:58.012 D/MesonDisplay( 290): read /sys/class/amhdmitx/amhdmitx0/hdcp_lstore, result length:0, val:
06-04 20:55:58.220 I/WifiHAL ( 525): call wifi_get_link_stats handler
06-04 20:55:58.220 I/WifiHAL ( 525): Creating message to get link statistics; iface = 16
06-04 20:55:58.220 D/WifiHAL ( 525): error code -95 mapped to -3
06-04 20:55:58.220 E/WifiStaIfaceAidlImpl( 711): getLinkLayerStats failed with service-specific exception: android.os.ServiceSpecificException: (code 4)
06-04 20:55:59.013 D/MesonDisplay( 290): read /sys/class/amhdmitx/amhdmitx0/hdcp_lstore, result length:0, val:
06-04 20:55:59.919 D/UtilLog ( 2271): 日志批量上报 进行正常循环 !!!!!!本次有0次请求,共0条数据
06-04 20:56:00.013 D/MesonDisplay( 290): read /sys/class/amhdmitx/amhdmitx0/hdcp_lstore, result length:0, val:
06-04 20:56:00.013 D/MesonDisplay( 290): read /sys/class/amhdmitx/amhdmitx0/hdcp_lstore, result length:0, val:
06-04 20:56:00.013 I/MesonDisplay( 290): [/HDCPTxAuth.cpp, authInit, 223] hdcp_tx key:
06-04 20:56:01.226 I/WifiHAL ( 525): call wifi_get_link_stats handler
06-04 20:56:01.226 I/WifiHAL ( 525): Creating message to get link statistics; iface = 16
06-04 20:56:01.226 D/WifiHAL ( 525): error code -95 mapped to -3
06-04 20:56:01.227 E/WifiStaIfaceAidlImpl( 711): getLinkLayerStats failed with service-specific exception: android.os.ServiceSpecificException: (code 4)
06-04 20:56:02.583 I/cling--ap-11( 3465): type=1400 audit(0.0:1355): avc: denied { search } for name="net" dev="sysfs" ino=12344 scontext=u:r:untrusted_app_27:s0:c43,c256,c512,c768 tcontext=u:object_r:sysfs_net:s0 tclass=dir permissive=1 app=com.dangbei.screencast
06-04 20:56:04.233 I/WifiHAL ( 525): call wifi_get_link_stats handler
06-04 20:56:04.233 I/WifiHAL ( 525): Creating message to get link statistics; iface = 16
06-04 20:56:04.233 D/WifiHAL ( 525): error code -95 mapped to -3
06-04 20:56:04.234 E/WifiStaIfaceAidlImpl( 711): getLinkLayerStats failed with service-specific exception: android.os.ServiceSpecificException: (code 4)
06-04 20:56:07.241 I/WifiHAL ( 525): call wifi_get_link_stats handler
06-04 20:56:07.241 I/WifiHAL ( 525): Creating message to get link statistics; iface = 16
06-04 20:56:07.241 D/WifiHAL ( 525): error code -95 mapped to -3
06-04 20:56:07.241 E/WifiStaIfaceAidlImpl( 711): getLinkLayerStats failed with service-specific exception: android.os.ServiceSpecificException: (code 4)
06-04 20:56:09.317 D/WanClient( 1526): sendHeartMessage
06-04 20:56:09.318 D/WanClient( 1526): -----final------sendMessage: {"type":"2bKPMh2jwmQ="}
06-04 20:56:09.353 D/WanClient( 1526): onMessage:Thread[WebSocketConnectReadThread-72,5,main]--{"msg":"+MSejyjwlbc="}
06-04 20:56:09.356 D/WanClient( 1526): onMessageReceived:Thread[WebSocketConnectReadThread-72,5,main] {"msg":"+MSejyjwlbc="}
06-04 20:56:09.356 D/WanClient( 1526): type: null
06-04 20:56:09.356 D/WanClient( 1526): send:HB7FxtN64oc=
06-04 20:56:09.356 D/WanClient( 1526): leave:uQ3qCmhm4oA=
06-04 20:56:09.356 D/WanClient( 1526): join:7EsoetslBbs=
06-04 20:56:09.356 D/WanClient( 1526): ITtylgY8LAxdmHmRQSo49Q==
06-04 20:56:09.357 E/ccc ( 1526): cccccc sendCycleCheckBroadcast
06-04 20:56:09.357 W/ContextImpl( 1526): Calling a method in the system process without a qualified user: android.app.ContextImpl.sendBroadcast:1220 android.content.ContextWrapper.sendBroadcast:504 com.dangbei.etna.setting.core.SettingHelper.sendCycleToProjector:257 com.dangbei.etna.setting.core.SettingHelper.sendCycleCheckBroadcast:226 com.dangbei.etna.setting.core.SettingHelper.startLoop$lambda-0:185
06-04 20:56:09.359 W/ContextImpl( 1526): Calling a method in the system process without a qualified user: android.app.ContextImpl.sendBroadcast:1220 android.content.ContextWrapper.sendBroadcast:504 com.dangbei.etna.setting.core.SettingHelper.sendCycleToVoice:242 com.dangbei.etna.setting.core.SettingHelper.sendCycleCheckBroadcast:227 com.dangbei.etna.setting.core.SettingHelper.startLoop$lambda-0:185
06-04 20:56:09.360 D/OomAdjuster( 711): Not killing cached processes
06-04 20:56:09.362 D/RockyVoice( 1823): RestartReceiver onReceive
06-04 20:56:09.919 D/UtilLog ( 2271): 日志批量上报 进行正常循环 !!!!!!本次有0次请求,共0条数据
06-04 20:56:10.245 I/WifiHAL ( 525): call wifi_get_link_stats handler
06-04 20:56:10.245 I/WifiHAL ( 525): Creating message to get link statistics; iface = 16
06-04 20:56:10.245 D/WifiHAL ( 525): error code -95 mapped to -3
06-04 20:56:10.246 E/WifiStaIfaceAidlImpl( 711): getLinkLayerStats failed with service-specific exception: android.os.ServiceSpecificException: (code 4)
06-04 20:56:13.249 I/WifiHAL ( 525): call wifi_get_link_stats handler
06-04 20:56:13.249 I/WifiHAL ( 525): Creating message to get link statistics; iface = 16
06-04 20:56:13.249 D/WifiHAL ( 525): error code -95 mapped to -3
06-04 20:56:13.250 E/WifiStaIfaceAidlImpl( 711): getLinkLayerStats failed with service-specific exception: android.os.ServiceSpecificException: (code 4)
06-04 20:56:14.419 I/pool-58-thread-( 1559): type=1400 audit(0.0:1356): avc: denied { search } for name="net" dev="sysfs" ino=12344 scontext=u:r:system_app:s0 tcontext=u:object_r:sysfs_net:s0 tclass=dir permissive=1
06-04 20:56:14.425 I/dangbei ad sdk( 1559): ad manager report data::cache data size=0
06-04 20:56:14.419 I/pool-58-thread-( 1559): type=1400 audit(0.0:1357): avc: denied { read } for name="address" dev="sysfs" ino=22126 scontext=u:r:system_app:s0 tcontext=u:object_r:sysfs_net:s0 tclass=file permissive=1
06-04 20:56:14.419 I/pool-58-thread-( 1559): type=1400 audit(0.0:1358): avc: denied { open } for path="/sys/devices/virtual/net/dummy0/address" dev="sysfs" ino=22126 scontext=u:r:system_app:s0 tcontext=u:object_r:sysfs_net:s0 tclass=file permissive=1
06-04 20:56:14.419 I/pool-58-thread-( 1559): type=1400 audit(0.0:1359): avc: denied { getattr } for path="/sys/devices/virtual/net/dummy0/address" dev="sysfs" ino=22126 scontext=u:r:system_app:s0 tcontext=u:object_r:sysfs_net:s0 tclass=file permissive=1
06-04 20:56:14.465 D/TrafficStats( 1559): tagSocket(113) with statsTag=0xffffffff, statsUid=-1
06-04 20:56:15.041 D/dangbei ad sdk( 1559): HttpUtils.....::response={"msg":"no available advert","code":200}
06-04 20:56:15.697 D/hdmicecd( 505): [CEC]:printCecMsgBuf, msg: 04 8f
06-04 20:56:15.699 D/HDMI ( 711): [R]: 04:8F
06-04 20:56:15.700 D/HDMI ( 711): [S]: 40:90:00
06-04 20:56:15.775 I/cling--ap-12( 3465): type=1400 audit(0.0:1360): avc: denied { read } for name="address" dev="sysfs" ino=22126 scontext=u:r:untrusted_app_27:s0:c43,c256,c512,c768 tcontext=u:object_r:sysfs_net:s0 tclass=file permissive=1 app=com.dangbei.screencast
06-04 20:56:15.775 I/cling--ap-12( 3465): type=1400 audit(0.0:1361): avc: denied { open } for path="/sys/devices/virtual/net/dummy0/address" dev="sysfs" ino=22126 scontext=u:r:untrusted_app_27:s0:c43,c256,c512,c768 tcontext=u:object_r:sysfs_net:s0 tclass=file permissive=1 app=com.dangbei.screencast
06-04 20:56:15.775 I/cling--ap-12( 3465): type=1400 audit(0.0:1362): avc: denied { getattr } for path="/sys/devices/virtual/net/dummy0/address" dev="sysfs" ino=22126 scontext=u:r:untrusted_app_27:s0:c43,c256,c512,c768 tcontext=u:object_r:sysfs_net:s0 tclass=file permissive=1 app=com.dangbei.screencast
06-04 20:56:16.132 I/audio_hw_hal_alsamgr( 492): alsa format =0x1 delay frames =768 total frames=9555200
06-04 20:56:16.132 D/hdmicecd( 505): [CEC]:printCecMessage, [4 -> 0] len: 2, body: 90 00, result:success
06-04 20:56:16.133 E/IPCThreadState( 505): binder thread pool (1 threads) starved for 432 ms
06-04 20:56:16.255 I/WifiHAL ( 525): call wifi_get_link_stats handler
06-04 20:56:16.255 I/WifiHAL ( 525): Creating message to get link statistics; iface = 16
06-04 20:56:16.255 D/WifiHAL ( 525): error code -95 mapped to -3
06-04 20:56:16.255 E/WifiStaIfaceAidlImpl( 711): getLinkLayerStats failed with service-specific exception: android.os.ServiceSpecificException: (code 4)
06-04 20:56:19.105 I/adbd ( 1450): host-18: read thread spawning
06-04 20:56:19.105 I/adbd ( 1450): host-18: write thread spawning
06-04 20:56:19.106 I/adbd ( 1450): authentication not required
06-04 20:56:19.198 E/dangbei111( 1526): cccccc 检查遥控器是否连接: Dangbei E4:BB:D3:57:C0:7A
06-04 20:56:19.200 E/dangbei111( 1526): cccccc 检查遥控器是否连接: 蓝牙的结果 Dangbei E4:BB:D3:57:C0:7A false
06-04 20:56:19.200 E/dangbei111( 1526): cccccc input中没有遥控器存在
06-04 20:56:19.200 E/dangbei111( 1526): cccccc 蓝牙状态连接 不是连接状态 啥都不干
06-04 20:56:19.203 E/dangbei111( 1526): cccccc 开始扫描
06-04 20:56:19.203 D/BluetoothAdapter( 1526): isLeEnabled(): ON
06-04 20:56:19.208 I/bt_stack( 3916): [INFO:le_scanning_manager.cc(155)] RegisterScanner in shim layer
06-04 20:56:19.209 D/BluetoothLeScanner( 1526): onScannerRegistered() - status=0 scannerId=1 mScannerId=0
06-04 20:56:19.220 D/ActivityAttributionService( 3916): notifyActivityAttributionInfo UID=1002 packageName=com.android.bluetooth deviceAddress=no_active_device_address
06-04 20:56:19.220 I/bt_btif ( 3916): packages/modules/Bluetooth/system/btif/src/bluetooth.cc:829 get_profile_interface: get_profile_interface: id = activity_attribution
06-04 20:56:19.220 I/bt_stack( 3916): [INFO:le_scanning_manager.cc(168)] Scan in shim layer started
06-04 20:56:19.221 I/bluetooth( 3916): packages/modules/Bluetooth/system/gd/hci/le_scanning_manager.cc:588 stop_scan: Scanning already stopped, return!
06-04 20:56:19.221 D/bt_vendor( 494): op for 7
06-04 20:56:19.221 D/bt_upio ( 494): upio_set : pio 0 action 2, polarity 1
06-04 20:56:19.221 D/bt_upio ( 494): begin open btwrite.
06-04 20:56:19.221 E/bt_upio ( 494): upio_set : open(/proc/bluetooth/sleep/btwrite) for write failed: No such file or directory (2)
06-04 20:56:19.221 I/bluetooth( 3916): packages/modules/Bluetooth/system/gd/hci/le_address_manager.cc:178 register_client: Client registered
06-04 20:56:19.223 I/bt_stack( 3916): [INFO:le_scanning_manager.cc(168)] Scan in shim layer stopped
06-04 20:56:19.223 I/bluetooth( 3916): packages/modules/Bluetooth/system/gd/hci/le_address_manager.cc:193 unregister_client: Client unregistered
06-04 20:56:19.223 I/bt_stack( 3916): [INFO:le_scanning_manager.cc(346)] SetScanParameters in shim layer
06-04 20:56:19.223 E/dangbei111( 1526): cccccc 开始扫描
06-04 20:56:19.223 I/bt_stack( 3916): [INFO:le_scanning_manager.cc(168)] Scan in shim layer started
06-04 20:56:19.223 D/BluetoothAdapter( 1526): isLeEnabled(): ON
06-04 20:56:19.224 I/bluetooth( 3916): packages/modules/Bluetooth/system/gd/hci/le_scanning_manager.cc:588 stop_scan: Scanning already stopped, return!
06-04 20:56:19.224 I/bluetooth( 3916): packages/modules/Bluetooth/system/gd/hci/le_address_manager.cc:178 register_client: Client registered
06-04 20:56:19.262 I/WifiHAL ( 525): call wifi_get_link_stats handler
06-04 20:56:19.262 I/WifiHAL ( 525): Creating message to get link statistics; iface = 16
06-04 20:56:19.262 D/WifiHAL ( 525): error code -95 mapped to -3
06-04 20:56:19.263 E/WifiStaIfaceAidlImpl( 711): getLinkLayerStats failed with service-specific exception: android.os.ServiceSpecificException: (code 4)
06-04 20:56:19.387 I/bt_btif_dm( 3916): packages/modules/Bluetooth/system/btif/src/btif_dm.cc:691 btif_update_remote_properties: cod from storage is also unclassified
06-04 20:56:19.391 D/OomAdjuster( 711): Not killing cached processes
06-04 20:56:19.846 I/bt_btif_dm( 3916): packages/modules/Bluetooth/system/btif/src/btif_dm.cc:691 btif_update_remote_properties: cod from storage is also unclassified
06-04 20:56:19.920 D/UtilLog ( 2271): 日志批量上报 进行正常循环 !!!!!!本次有0次请求,共0条数据
06-04 20:56:20.006 I/bt_btif_dm( 3916): packages/modules/Bluetooth/system/btif/src/btif_dm.cc:691 btif_update_remote_properties: cod from storage is also unclassified
06-04 20:56:20.433 I/bluetooth( 3916): packages/modules/Bluetooth/system/gd/hci/acl_manager/le_impl.h:1129 on_create_connection_timeout: on_create_connection_timeout, address: e4:bb:d3:57:c0:7a[PUBLIC_DEVICE_ADDRESS]
06-04 20:56:20.434 I/bluetooth( 3916): packages/modules/Bluetooth/system/gd/metrics/metrics_state.cc:177 AddStateChangedEvent: LEConnectionMetricsRemoteDevice: Transaction State 0x00000004, Connection Type 0x00000001, Origin Type 0x00000001
06-04 20:56:20.434 I/bluetooth( 3916): packages/modules/Bluetooth/system/gd/metrics/metrics_state.cc:58 AddStateChangedEvent: LEConnectionMetricState: Origin Type: 0x00000001, Connection Type: 0x00000001, Transaction State: 0x00000004
06-04 20:56:20.434 I/bluetooth( 3916): packages/modules/Bluetooth/system/gd/metrics/metrics_state.cc:161 UploadLEConnectionSession: LEConnectionMetricsRemoteDevice: The session is uploaded for xx:xx:xx:xx:c0:7a
06-04 20:56:20.434 I/bluetooth( 3916): packages/modules/Bluetooth/system/gd/metrics/metrics_state.cc:177 AddStateChangedEvent: LEConnectionMetricsRemoteDevice: Transaction State 0x00000003, Connection Type 0x00000001, Origin Type 0x00000000
06-04 20:56:20.434 I/bluetooth( 3916): packages/modules/Bluetooth/system/gd/metrics/metrics_state.cc:183 AddStateChangedEvent: LEConnectionMetricsRemoteDevice: Empty Address Cancellation 0x00000003, 0x00000001, 0x00000003
06-04 20:56:20.434 I/bluetooth( 3916): packages/modules/Bluetooth/system/gd/hci/acl_manager/le_impl.h:1039 disarm_connectability: Disarming LE connection state machine with create connection cancel
06-04 20:56:20.434 W/bluetooth( 3916): packages/modules/Bluetooth/system/main/shim/acl.cc:1769 OnLeConnectFail: Connection failed le remote:e4:bb:d3:57:c0:7a[PUBLIC_DEVICE_ADDRESS]
06-04 20:56:20.434 I/bluetooth( 3916): packages/modules/Bluetooth/system/stack/arbiter/acl_arbiter.cc:90 OnLeDisconnect: Notifying Rust of LE disconnection
06-04 20:56:20.434 I/bt ( 3916): bluetooth_core::gatt::arbiter: processing disconnection on transport TransportIndex(0)
06-04 20:56:20.435 I/bluetooth( 3916): packages/modules/Bluetooth/system/stack/eatt/eatt_impl.h:914 disconnect: Device: xx:xx:xx:xx:c0:7a, cid: 0xffff
06-04 20:56:20.435 W/bt_stack( 3916): [WARNING:eatt_impl.h(918)] disconnect no eatt device found
06-04 20:56:20.435 I/bluetooth( 3916): packages/modules/Bluetooth/system/stack/gap/gap_ble.cc:304 client_connect_cback: No active GAP service found for peer:xx:xx:xx:xx:c0:7a callback:Disconnected
06-04 20:56:20.435 I/bt_bta_gattc( 3916): packages/modules/Bluetooth/system/bta/gatt/bta_gattc_act.cc:1310 bta_gattc_conn_cback: Disconnected att_id:3 addr:xx:xx:xx:xx:c0:7a, transport:BT_TRANSPORT_LE reason:UNKNOWN[255]
06-04 20:56:20.435 I/bt_bta_gattc( 3916): packages/modules/Bluetooth/system/bta/gatt/bta_gattc_act.cc:1310 bta_gattc_conn_cback: Disconnected att_id:4 addr:xx:xx:xx:xx:c0:7a, transport:BT_TRANSPORT_LE reason:UNKNOWN[255]
06-04 20:56:20.435 I/bt_bta_gattc( 3916): packages/modules/Bluetooth/system/bta/gatt/bta_gattc_act.cc:1310 bta_gattc_conn_cback: Disconnected att_id:5 addr:xx:xx:xx:xx:c0:7a, transport:BT_TRANSPORT_LE reason:UNKNOWN[255]
06-04 20:56:20.435 W/bluetooth( 3916): packages/modules/Bluetooth/system/stack/acl/ble_acl.cc:153 acl_ble_connection_fail: LE connection fail peer:xx:xx:xx:xx:c0:7a[public] bd_addr:xx:xx:xx:xx:c0:7a hci_status:HCI_ERR_HOST_TIMEOUT
06-04 20:56:20.435 E/bta_gattc_main( 3916): packages/modules/Bluetooth/system/bta/gatt/bta_gattc_main.cc:395 bta_gattc_hdl_event: Ignore unknown conn ID: 3
06-04 20:56:20.435 E/bta_gattc_main( 3916): packages/modules/Bluetooth/system/bta/gatt/bta_gattc_main.cc:395 bta_gattc_hdl_event: Ignore unknown conn ID: 4
06-04 20:56:20.435 W/bt_stack( 3916): [WARNING:bta_gattc_act.cc(360)] bta_gattc_open_fail: Cannot establish Connection. conn_id=000000. Return GATT_ERROR(133)
06-04 20:56:20.435 W/BluetoothHidHostService( 3916): no state change: 1
06-04 20:56:20.436 D/BluetoothHidHostService( 3916): Connection state XX:XX:XX:XX:C0:7A: 1->0
06-04 20:56:20.437 I/bluetooth( 3916): packages/modules/Bluetooth/system/gd/metrics/metrics_state.cc:177 AddStateChangedEvent: LEConnectionMetricsRemoteDevice: Transaction State 0x00000002, Connection Type 0x00000001, Origin Type 0x00000001
06-04 20:56:20.437 I/bluetooth( 3916): packages/modules/Bluetooth/system/gd/metrics/metrics_state.cc:183 AddStateChangedEvent: LEConnectionMetricsRemoteDevice: Empty Address Cancellation 0x00000002, 0x00000001, 0x00000002
06-04 20:56:20.437 W/bluetooth( 3916): packages/modules/Bluetooth/system/gd/hci/acl_manager/le_impl.h:339 on_common_le_connection_complete: No prior connection request for 00:00:00:00:00:00[PUBLIC_DEVICE_ADDRESS]
06-04 20:56:20.439 I/LocalBluetoothProfileManager( 1105): Failed to connect HID device
06-04 20:56:20.439 I/bluetooth( 3916): packages/modules/Bluetooth/system/gd/hci/acl_manager/le_impl.h:878 update_connectability_state_after_armed: Le connection state machine armed state:ConnectabilityState::ARMED status:SUCCESS
06-04 20:56:20.439 D/CachedBluetoothDevice( 1105): onProfileStateChanged: profile HID, device XX:XX:XX:XX:C0:7A, newProfileState 0
06-04 20:56:20.440 D/BluetoothAdapter( 1105): getActiveDevices(profile= A2DP)
06-04 20:56:20.442 D/AdapterProperties( 3916): PROFILE_CONNECTION_STATE_CHANGE: profile=4, device=XX:XX:XX:XX:C0:7A, 1 -> 0
06-04 20:56:20.442 I/BluetoothAdapterService( 3916): getActiveDevices: A2dp device: null
06-04 20:56:20.443 D/BluetoothAdapter( 1105): getActiveDevices(profile= HEADSET)
06-04 20:56:20.443 I/LocalBluetoothProfileManager( 1328): Failed to connect HID device
06-04 20:56:20.444 D/CachedBluetoothDevice( 1328): onProfileStateChanged: profile HID, device XX:XX:XX:XX:C0:7A, newProfileState 0
06-04 20:56:20.444 D/BluetoothAdapter( 1328): getActiveDevices(profile= A2DP)
06-04 20:56:20.445 D/AdapterProperties( 3916): ADAPTER_CONNECTION_STATE_CHANGE: XX:XX:XX:XX:C0:7A: 1 -> 0
