06-04 20:54:34.030 D/UEventObserver( 1105): change@/devices/platform/auge_sound/sound/card0/controlC0ACTION=changeDEVPATH=/devices/platform/auge_sound/sound/card0/controlC0SUBSYSTEM=soundAUDIO_FORMAT=0MAJOR=116MINOR=13DEVNAME=snd/controlC0SEQNUM=3781
06-04 20:54:34.035 E/Scheduler( 266): trackPendingFrame: Invalid present fence
06-04 20:54:34.040 V/WindowManager( 711): Sent Transition #6 createdAt=06-04 20:54:33.951 via request=TransitionRequestInfo { type = 11, triggerTask = null, remoteTransition = null, displayChange = null, flags = 0 }
06-04 20:54:34.040 V/WindowManager( 711): startWCT=WindowContainerTransaction { changes = {} hops = [] errorCallbackToken=null taskFragmentOrganizer=null }
06-04 20:54:34.040 V/WindowManager( 711): info={id=6 t=WAKE f=0x0 trk=0 r=[0@Point(0, 0)] c=[{WCT{RemoteToken{a920107 Task{2f7c9d4 #73 type=standard A=1000:com.dangbei.haqusetting}}} m=TO_FRONT f=TRANSLUCENT p=WCT{RemoteToken{86f6262 DefaultTaskDisplayArea@19039831}} leash=Surface(name=Task=73)/@0xe23d588 sb=Rect(0, 0 - 1920, 1080) eb=Rect(0, 0 - 1920, 1080) d=0},{WCT{RemoteToken{132eff3 Task{7b1e94f #1 type=home}}} m=TO_FRONT f=NONE p=WCT{RemoteToken{86f6262 DefaultTaskDisplayArea@19039831}} leash=Surface(name=Task=1)/@0x58c0f5d sb=Rect(0, 0 - 1920, 1080) eb=Rect(0, 0 - 1920, 1080) d=0},{WCT{RemoteToken{86f6262 DefaultTaskDisplayArea@19039831}} m=TO_FRONT f=NONE leash=Surface(name=DefaultTaskDisplayArea)/@0xa541e0f sb=Rect(0, 0 - 1920, 1080) eb=Rect(0, 0 - 1920, 1080) d=0}]}
06-04 20:54:34.051 E/Scheduler( 266): trackPendingFrame: Invalid present fence
06-04 20:54:34.052 W/APM::Devices( 536): DeviceVector::remove device 00000400 not in
06-04 20:54:34.057 I/AS.AudioDeviceInventory( 711): sendDeviceConnectionIntent(dev:0x400 state:0x0 address: name:);
06-04 20:54:34.063 V/WindowManagerShell( 1328): onTransitionReady android.os.BinderProxy@6dc4be7: {id=6 t=WAKE f=0x0 trk=0 r=[0@Point(0, 0)] c=[{WCT{android.window.IWindowContainerToken$Stub$Proxy@ec8a500} m=TO_FRONT f=TRANSLUCENT p=WCT{android.window.IWindowContainerToken$Stub$Proxy@bb47139} leash=Surface(name=Task=73)/@0x696e394 sb=Rect(0, 0 - 1920, 1080) eb=Rect(0, 0 - 1920, 1080) d=0},{WCT{android.window.IWindowContainerToken$Stub$Proxy@169c37e} m=TO_FRONT f=NONE p=WCT{android.window.IWindowContainerToken$Stub$Proxy@50cd0df} leash=Surface(name=Task=1)/@0xe2e3d sb=Rect(0, 0 - 1920, 1080) eb=Rect(0, 0 - 1920, 1080) d=0},{WCT{android.window.IWindowContainerToken$Stub$Proxy@993112c} m=TO_FRONT f=NONE leash=Surface(name=DefaultTaskDisplayArea)/@0x84e7632 sb=Rect(0, 0 - 1920, 1080) eb=Rect(0, 0 - 1920, 1080) d=0}]}
06-04 20:54:34.063 V/WindowManagerShell( 1328): Playing animation for (#6)android.os.BinderProxy@6dc4be7@0
06-04 20:54:34.063 V/WindowManagerShell( 1328): try handler com.android.wm.shell.keyguard.KeyguardTransitionHandler@6f966ec
06-04 20:54:34.063 V/WindowManagerShell( 1328): try handler com.android.wm.shell.pip.tv.TvPipTransition@c14eab5
06-04 20:54:34.063 V/WindowManagerShell( 1328): try handler com.android.wm.shell.activityembedding.ActivityEmbeddingController@169454a
06-04 20:54:34.063 V/WindowManagerShell( 1328): try handler com.android.wm.shell.transition.RemoteTransitionHandler@e2b3cbb
06-04 20:54:34.063 V/WindowManagerShell( 1328): Transition doesn't have explicit remote, search filters for match for {id=6 t=WAKE f=0x0 trk=0 r=[0@Point(0, 0)] c=[{WCT{android.window.IWindowContainerToken$Stub$Proxy@ec8a500} m=TO_FRONT f=TRANSLUCENT p=WCT{android.window.IWindowContainerToken$Stub$Proxy@bb47139} leash=Surface(name=Task=73)/@0x696e394 sb=Rect(0, 0 - 1920, 1080) eb=Rect(0, 0 - 1920, 1080) d=0},{WCT{android.window.IWindowContainerToken$Stub$Proxy@169c37e} m=TO_FRONT f=NONE p=WCT{android.window.IWindowContainerToken$Stub$Proxy@50cd0df} leash=Surface(name=Task=1)/@0xe2e3d sb=Rect(0, 0 - 1920, 1080) eb=Rect(0, 0 - 1920, 1080) d=0},{WCT{android.window.IWindowContainerToken$Stub$Proxy@993112c} m=TO_FRONT f=NONE leash=Surface(name=DefaultTaskDisplayArea)/@0x84e7632 sb=Rect(0, 0 - 1920, 1080) eb=Rect(0, 0 - 1920, 1080) d=0}]}
06-04 20:54:34.063 V/WindowManagerShell( 1328): Delegate animation for #6 to null
06-04 20:54:34.063 V/WindowManagerShell( 1328): try handler com.android.wm.shell.transition.DefaultTransitionHandler@88c05d8
06-04 20:54:34.063 V/WindowManagerShell( 1328): start default transition animation, info = {id=6 t=WAKE f=0x0 trk=0 r=[0@Point(0, 0)] c=[{WCT{android.window.IWindowContainerToken$Stub$Proxy@ec8a500} m=TO_FRONT f=TRANSLUCENT p=WCT{android.window.IWindowContainerToken$Stub$Proxy@bb47139} leash=Surface(name=Task=73)/@0x696e394 sb=Rect(0, 0 - 1920, 1080) eb=Rect(0, 0 - 1920, 1080) d=0},{WCT{android.window.IWindowContainerToken$Stub$Proxy@169c37e} m=TO_FRONT f=NONE p=WCT{android.window.IWindowContainerToken$Stub$Proxy@50cd0df} leash=Surface(name=Task=1)/@0xe2e3d sb=Rect(0, 0 - 1920, 1080) eb=Rect(0, 0 - 1920, 1080) d=0},{WCT{android.window.IWindowContainerToken$Stub$Proxy@993112c} m=TO_FRONT f=NONE leash=Surface(name=DefaultTaskDisplayArea)/@0x84e7632 sb=Rect(0, 0 - 1920, 1080) eb=Rect(0, 0 - 1920, 1080) d=0}]}
06-04 20:54:34.066 D/hdmicecd( 505): [CEC]:printCecMessage, [4 -> 4] len: 0, body:, result:no ack
06-04 20:54:34.066 E/MesonHwc( 290): getCrtc by id(0) failed.
06-04 20:54:34.066 V/MesonDisplayServer( 290): GetDisplayMode:
06-04 20:54:34.066 I/SystemControl( 317): [/DisplayMode.cpp, getDisplayMode, 2331] getDisplayMode mode:
06-04 20:54:34.066 I/SystemControl( 317): [/Ubootenv.cpp, get, 336] [ubootenv] get key:hdmimode envValue: none
06-04 20:54:34.066 I/SystemControl( 317): [/Ubootenv.cpp, get, 336] [ubootenv] get key:cvbsmode envValue: 576cvbs
06-04 20:54:34.066 I/SystemControl( 317): [/DisplayMode.cpp, getCommonData, 1542] hdmi_current_mode:, ubootenv hdmimode:none cvbsmode:576cvbs
06-04 20:54:34.067 V/WindowManagerShell( 1328): Transition animation finished (aborted=false), notifying core (#6)android.os.BinderProxy@6dc4be7@0
06-04 20:54:34.070 E/Scheduler( 266): trackPendingFrame: Invalid present fence
06-04 20:54:34.071 I/audio_hw_hal_primary( 492): [adev_set_parameters:4123] dev:0xe87014a0, kv: screen_state=on
06-04 20:54:34.071 D/audio_hw_hal_hfp( 492): [audio_extn_hfp_set_parameters:739] audio_extn_hfp_set_parameters
06-04 20:54:34.071 E/audio_route( 492): unable to find path 'speaker_fadein'
06-04 20:54:34.071 I/audio_hw_hal_resourcemgr( 492): [set_output_device_mute:690] device:0x2 mute:0 port_mute:0 using_fade:1
06-04 20:54:34.071 I/audio_hw_hal_primary( 492): adev_set_parameters : screen_state=on pthread_cond_broadcast
06-04 20:54:34.072 V/WindowManager( 711): Finish Transition #6: created at
06-04 20:54:33.951 collect-started=0.091ms request-sent=0.161ms started=6.276ms ready=6.194ms sent=86.318ms finished=118.698ms
06-04 20:54:34.074 V/WindowManagerShell( 1328): Track 0 became idle
06-04 20:54:34.074 V/WindowManagerShell( 1328): All active transition animations finished
06-04 20:54:34.074 V/WindowManagerShell( 1328): animated by com.android.wm.shell.transition.DefaultTransitionHandler@88c05d8
06-04 20:54:34.074 V/WindowManagerShell( 1328): Track 0 became idle
06-04 20:54:34.074 V/WindowManagerShell( 1328): All active transition animations finished
06-04 20:54:34.075 D/CompatibilityChangeReporter( 711): Compat change id reported: 214016041; UID 1000; state: DISABLED
06-04 20:54:34.075 D/CompatibilityChangeReporter( 711): Compat change id reported: 214016041; UID 1000; state: ENABLED
06-04 20:54:34.077 E/MesonHwc( 290): getCrtc by id(0) failed.
06-04 20:54:34.077 D/MesonDisplayServer( 290): use connector getDisplayAttribute "HDMI Color ATTR": "422,12bit"
06-04 20:54:34.077 I/SystemControl( 317): [/Ubootenv.cpp, get, 336] [ubootenv] get key:user_colorattribute envValue: 420,10bit
06-04 20:54:34.077 I/SystemControl( 317): [/DisplayMode.cpp, getCommonData, 1554] hdmi_current_attr:422,12bit, ubootenv_colorattribute:420,10bit
06-04 20:54:34.078 I/SystemControl( 317): [/Ubootenv.cpp, get, 345] [ubootenv] search end and not find env:dv_enable
06-04 20:54:34.078 I/SystemControl( 317): [/DisplayMode.cpp, getCommonData, 1567] dv_enable:0
06-04 20:54:34.078 I/SystemControl( 317): [/Ubootenv.cpp, get, 345] [ubootenv] search end and not find env:user_prefer_dv_type
06-04 20:54:34.078 I/SystemControl( 317): [/DisplayMode.cpp, getCommonData, 1578] ubootenv_dv_type:0
06-04 20:54:34.078 I/SystemControl( 317): [/DisplayMode.cpp, getHdmiData, 1721] display sink type:0 [0:none, 1:sink, 2:repeater]
06-04 20:54:34.078 I/SystemControl( 317): [/DisplayMode.cpp, filterHdmiDispcap, 1398] before filtered HdmiDispcap:
06-04 20:54:34.078 I/SystemControl( 317): [/DisplayMode.cpp, filterHdmiDispcap, 1427] after filtered HdmiDispcap:
06-04 20:54:33.978 I/systemcontrol( 317): type=1400 audit(0.0:1322): avc: denied { call } for scontext=u:r:system_control:s0 tcontext=u:r:hal_oemlock_default:s0 tclass=binder permissive=1
06-04 20:54:33.978 I/systemcontrol( 317): type=1400 audit(0.0:1323): avc: denied { call } for scontext=u:r:system_control:s0 tcontext=u:r:mediacodec:s0 tclass=binder permissive=1
06-04 20:54:34.079 I/ImeTracker( 711): com.dangbei.haqusetting:fdc47130: onRequestHide at ORIGIN_SERVER_HIDE_INPUT reason HIDE_SAME_WINDOW_FOCUSED_WITHOUT_EDITOR
06-04 20:54:34.079 I/ImeTracker( 711): com.dangbei.haqusetting:fdc47130: onCancelled at PHASE_SERVER_SHOULD_HIDE
06-04 20:54:34.081 I/DefaultIMS( 1550): onStartInput attribute=android.view.inputmethod.EditorInfo@a7e875a restarting=false inputType: 0
06-04 20:54:34.086 E/MesonHwc( 290): getCrtc by id(0) failed.
06-04 20:54:34.086 D/MesonDisplayServer( 290): getDisplayAttribute "Dolby Vision CAP2": "The Rx don't support DolbyVision"
06-04 20:54:34.086 E/SystemControl( 317): [/DisplayMode.cpp, getHdmiDvCap, 1618] TV isn't support dolby vision: The Rx don't support DolbyVision
06-04 20:54:34.086 I/SystemControl( 317): [/DisplayMode.cpp, onTxEvent, 3294] onTxEvent boot config enable do nothing, just return
06-04 20:54:34.090 E/SensorManager( 711): sensor or listener is null
06-04 20:54:34.092 D/FastPairService( 711): onReceive: ACTION_SCREEN_ON
06-04 20:54:34.092 V/FastPairService( 711): invalidateScan: scan is disabled
06-04 20:54:34.092 E/NearbyManager( 711): Cannot stop scan with this callback because it is never registered.
06-04 20:54:34.094 I/AudioVideoDevReconnectService( 1105): onReceive:android.intent.action.SCREEN_ON,mWaitForDisconnct:true
06-04 20:54:34.094 E/hq ( 1559): AdHelper:::StrReceiver onReceive=android.intent.action.SCREEN_ON
06-04 20:54:34.095 D/FrameWorkHelper( 1559): isStrRestart:>>> true
06-04 20:54:34.096 D/FrameWorkHelper( 1559): resetRestart:
06-04 20:54:34.096 E/hq ( 1559): AdHelper:::str 开启,重新走广告流程
06-04 20:54:34.096 V/MediaRouter( 711): Audio routes updated: AudioRoutesInfo{ type=SPEAKER }, a2dp=false
06-04 20:54:34.097 V/MediaRouter( 711): Selecting route: RouteInfo{ name=电视, description=null, status=null, category=RouteCategory{ name=系统 types=ROUTE_TYPE_LIVE_AUDIO ROUTE_TYPE_LIVE_VIDEO groupable=false }, supportedTypes=ROUTE_TYPE_LIVE_AUDIO ROUTE_TYPE_LIVE_VIDEO , presentationDisplay=null }
06-04 20:54:34.098 D/aaa ( 3805): aaa screen on
06-04 20:54:34.105 W/ContextImpl( 711): Calling a method in the system process without a qualified user: android.app.ContextImpl.startService:1899 com.android.server.wm.DisplayPolicy.lambda$focusChangedLw$5:2126 com.android.server.wm.DisplayPolicy.$r8$lambda$Znxk63oh-WzVnzo_WQefN7uxV48:0 com.android.server.wm.DisplayPolicy$$ExternalSyntheticLambda13.run:0 android.os.Handler.handleCallback:958
06-04 20:54:34.107 D/xm_audio( 492): adev_get_parameters
06-04 20:54:34.108 D/xm_audio( 492): adev_get_parameters
06-04 20:54:34.109 D/aaa ( 3805): LedStatusService onStartCommand begin
06-04 20:54:34.110 V/MediaRouter( 1328): Audio routes updated: AudioRoutesInfo{ type=SPEAKER }, a2dp=false
06-04 20:54:34.110 V/MediaRouter( 1328): Selecting route: RouteInfo{ name=电视, description=null, status=null, category=RouteCategory{ name=系统 types=ROUTE_TYPE_LIVE_AUDIO ROUTE_TYPE_LIVE_VIDEO groupable=false }, supportedTypes=ROUTE_TYPE_LIVE_AUDIO ROUTE_TYPE_LIVE_VIDEO , presentationDisplay=null }
06-04 20:54:34.113 D/xm_audio( 492): adev_get_parameters
06-04 20:54:34.113 D/aaa ( 3805): topPkg is -------------- :com.dangbei.haqusetting
06-04 20:54:34.114 I/efs.base( 3465): wa upload succ, HttpResponse {succ=true, code=200, data='暂不支持该服务', extra={req_url=https://errlog.umeng.com/api/crashsdk/logcollect}}
06-04 20:54:34.116 D/HDMI ( 711): receive android.intent.action.SCREEN_ON
06-04 20:54:34.117 D/xm_audio( 492): adev_get_parameters
06-04 20:54:34.122 D/xm_audio( 492): adev_get_parameters
06-04 20:54:34.123 D/xm_audio( 492): adev_get_parameters
06-04 20:54:34.126 D/hdmicecd( 505): [CEC]:printCecMessage, [4 -> 4] len: 0, body:, result:no ack
06-04 20:54:34.129 D/xm_audio( 492): adev_get_parameters
06-04 20:54:34.131 D/xm_audio( 492): adev_get_parameters
06-04 20:54:34.133 D/XM_HIDREAD( 2052): remove@ remove@/devices/virtual/misc/uhid/0005:000D:3838.0002/input/input12/event9
06-04 20:54:34.133 I/EventHub( 711): Removing device Dangbei due to epoll hang-up event.
06-04 20:54:34.133 I/EventHub( 711): Removed device: path=/dev/input/event9 name=Dangbei id=13 fd=442 classes=KEYBOARD | DPAD | EXTERNAL
06-04 20:54:34.134 D/XM_HIDREAD( 2052): remove@ remove@/devices/virtual/wakeup/wakeup33
06-04 20:54:34.138 D/xm_audio( 492): adev_get_parameters
06-04 20:54:34.139 D/xm_audio( 492): adev_get_parameters
06-04 20:54:34.141 E/xxxxxxxxxxxxxxx( 1559): onReceive:mIsHDMIPlugged = false
06-04 20:54:34.142 D/InstantWifi( 711): mScreenOn is changed to true
06-04 20:54:34.143 I/WifiHAL ( 525): call wifi_get_link_stats handler
06-04 20:54:34.143 I/WifiHAL ( 525): Creating message to get link statistics; iface = 16
06-04 20:54:34.143 D/WifiHAL ( 525): error code -95 mapped to -3
06-04 20:54:34.145 D/xm_audio( 492): adev_get_parameters
06-04 20:54:34.146 E/WifiStaIfaceAidlImpl( 711): getLinkLayerStats failed with service-specific exception: android.os.ServiceSpecificException: (code 4)
06-04 20:54:34.146 D/xm_audio( 492): adev_get_parameters
06-04 20:54:34.148 I/WifiHAL ( 525): call wifi_get_link_stats handler
06-04 20:54:34.149 I/WifiHAL ( 525): Creating message to get link statistics; iface = 16
06-04 20:54:34.149 D/WifiHAL ( 525): error code -95 mapped to -3
06-04 20:54:34.149 E/WifiStaIfaceAidlImpl( 711): getLinkLayerStats failed with service-specific exception: android.os.ServiceSpecificException: (code 4)
06-04 20:54:34.152 D/xm_audio( 492): adev_get_parameters
06-04 20:54:34.153 D/xm_audio( 492): adev_get_parameters
06-04 20:54:34.157 D/xm_audio( 492): adev_get_parameters
06-04 20:54:34.158 D/xm_audio( 492): adev_get_parameters
06-04 20:54:34.161 I/InputReader( 711): Device removed: id=11, eventHubId=13, name='Dangbei Consumer Control', descriptor='651c02fc25e22f45bf8fc0886230121b32a1c5c9', sources=KEYBOARD | DPAD | JOYSTICK
06-04 20:54:34.168 W/ActivityManager( 711): pid 711 system sent binder code 1 with flags 1 to frozen apps and got error -32
06-04 20:54:34.168 W/DisplayManagerService( 711): Failed to notify process 1081 that displays changed, assuming it died.
06-04 20:54:34.168 W/DisplayManagerService( 711): android.os.DeadObjectException
06-04 20:54:34.168 W/DisplayManagerService( 711): at android.os.BinderProxy.transactNative(Native Method)
06-04 20:54:34.168 W/DisplayManagerService( 711): at android.os.BinderProxy.transact(BinderProxy.java:584)
06-04 20:54:34.168 W/DisplayManagerService( 711): at android.hardware.display.IDisplayManagerCallback$Stub$Proxy.onDisplayEvent(IDisplayManagerCallback.java:121)
06-04 20:54:34.168 W/DisplayManagerService( 711): at com.android.server.display.DisplayManagerService$CallbackRecord.notifyDisplayEventAsync(DisplayManagerService.java:3370)
06-04 20:54:34.168 W/DisplayManagerService( 711): at com.android.server.display.DisplayManagerService.deliverDisplayEvent(DisplayManagerService.java:2913)
06-04 20:54:34.168 W/DisplayManagerService( 711): at com.android.server.display.DisplayManagerService.-$$Nest$mdeliverDisplayEvent(DisplayManagerService.java:0)
06-04 20:54:34.168 W/DisplayManagerService( 711): at com.android.server.display.DisplayManagerService$DisplayManagerHandler.handleMessage(DisplayManagerService.java:3231)
06-04 20:54:34.168 W/DisplayManagerService( 711): at android.os.Handler.dispatchMessage(Handler.java:106)
06-04 20:54:34.168 W/DisplayManagerService( 711): at android.os.Looper.loopOnce(Looper.java:205)
06-04 20:54:34.168 W/DisplayManagerService( 711): at android.os.Looper.loop(Looper.java:294)
06-04 20:54:34.168 W/DisplayManagerService( 711): at android.os.HandlerThread.run(HandlerThread.java:67)
06-04 20:54:34.168 W/DisplayManagerService( 711): at com.android.server.ServiceThread.run(ServiceThread.java:46)
06-04 20:54:34.170 I/EventHub( 711): Removing device '/dev/input/event9' due to inotify event
06-04 20:54:34.173 D/xm_audio( 492): adev_get_parameters
06-04 20:54:34.175 D/xm_audio( 492): adev_get_parameters
06-04 20:54:34.178 D/XM_HIDREAD( 2052): remove@ remove@/devices/virtual/misc/uhid/0005:000D:3838.0002/input/input12
06-04 20:54:34.181 D/XM_HIDREAD( 2052): remove@ remove@/devices/virtual/misc/uhid/0005:000D:3838.0002/input/input14/event10
06-04 20:54:34.182 I/EventHub( 711): Removing device Dangbei Consumer Control due to epoll hang-up event.
06-04 20:54:34.182 I/EventHub( 711): Removed device: path=/dev/input/event10 name=Dangbei Consumer Control id=12 fd=351 classes=KEYBOARD | DPAD | JOYSTICK | EXTERNAL
06-04 20:54:34.182 D/XM_HIDREAD( 2052): remove@ remove@/devices/virtual/wakeup/wakeup32
06-04 20:54:34.183 D/xm_audio( 492): adev_get_parameters
06-04 20:54:34.186 D/xm_audio( 492): adev_get_parameters
06-04 20:54:34.186 D/hdmicecd( 505): [CEC]:printCecMessage, [4 -> 4] len: 0, body:, result:no ack
06-04 20:54:34.186 D/HDMI ( 711): New logical address for device [4]: [preferred:4, assigned:4]
06-04 20:54:34.187 D/hdmicecd( 505): [HdmiCecControl]:getPhysicalAddress, physical addr: ffff, last pa: 3000, ret = 0
06-04 20:54:34.187 D/hdmicecd( 505): [HdmiCecControl]:getPhysicalAddress, physical addr: ffff, last pa: 3000, ret = 0
06-04 20:54:34.187 D/hdmicecd( 505): [HdmiCecControl]:getPhysicalAddress, physical addr: ffff, last pa: 3000, ret = 0
06-04 20:54:34.188 D/hdmicecd( 505): [HdmiCecControl]:getVendorId, vendorId: 0x1CA410
06-04 20:54:34.188 D/hdmicecd( 505): [HdmiCecControl]:getPhysicalAddress, physical addr: ffff, last pa: 3000, ret = 0
06-04 20:54:34.188 D/HDMI ( 711): addCecDevice new:CEC: logical_address: 0x04 device_type: 4 cec_version: 5 vendor_id: 1877008 display_name: DBBOX-A3 power_status: 0 physical_address: 0x3000 port_id: 0 old:null
06-04 20:54:34.188 I/hdmicecd( 505): [HdmiCecControl]:addr:4, allocate result:0
06-04 20:54:34.190 I/wpa_supplicant( 1187): wpa_driver_nl80211_driver_cmd: wifi vendor: aml_w2_s
06-04 20:54:34.191 I/wpa_supplicant( 1187): wpa_driver_nl80211_driver_cmd: wlan0: private command: SETSUSPENDMODE 0
06-04 20:54:34.191 D/xm_audio( 492): adev_get_parameters
06-04 20:54:34.192 D/xm_audio( 492): adev_get_parameters
06-04 20:54:34.193 D/InstantWifi( 711): Receive Wifi is connected, freq = 5745 and currentNetworkId : 0, wifiinfo = SSID: , BSSID: 02:00:00:00:00:00, MAC: 02:00:00:00:00:00, IP: /192.168.3.180, Security type: 2, Supplicant state: COMPLETED, Wi-Fi standard: 6, RSSI: -48, Link speed: 1200Mbps, Tx Link speed: 1200Mbps, Max Supported Tx Link speed: 1200Mbps, Rx Link speed: 453Mbps, Max Supported Rx Link speed: 1200Mbps, Frequency: 5745MHz, Net ID: -1, Metered hint: false, score: 60, isUsable: true, CarrierMerged: false, SubscriptionId: -1, IsPrimary: 1, Trusted: true, Restricted: false, Ephemeral: false, OEM paid: false, OEM private: false, OSU AP: false, FQDN: , Provider friendly name: , Requesting package name: MLO Information: , Is TID-To-Link negotiation supported by the AP: false, AP MLD Address: , AP MLO Link Id: , AP MLO Affiliated links:
06-04 20:54:34.197 D/hdmicecd( 505): [HdmiCecControl]:onAddressAllocated:4
06-04 20:54:34.197 D/HDMI ( 711): onInitializeCecComplete 3
06-04 20:54:34.197 D/HdmiControlService( 711): Local device is under address allocation. Queue display callback for later process.
06-04 20:54:34.198 D/HDMI ( 711): onAddressAllocated address:4 reason:3
06-04 20:54:34.198 D/hdmicecd( 505): [HdmiCecControl]:getPhysicalAddress, physical addr: ffff, last pa: 3000, ret = 0
06-04 20:54:34.199 D/hdmicecd( 505): [HdmiCecControl]:getVendorId, vendorId: 0x1CA410
06-04 20:54:34.199 D/hdmicecd( 505): [HdmiCecControl]:getPhysicalAddress, physical addr: ffff, last pa: 3000, ret = 0
06-04 20:54:34.199 D/HDMI ( 711): DeviceDiscoveryAction start com.android.server.hdmi.DeviceDiscoveryAction@5a43af0
06-04 20:54:34.199 I/HdmiCecLocalDevice( 711): Starting queued action:com.android.server.hdmi.ActiveSourceAction@870c49f
06-04 20:54:34.200 D/HDMI ( 711): setActiveSource logical:0x04 physical:0x3000 ActiveSourceAction
06-04 20:54:34.200 D/hdmicecd( 505): [HdmiCecControl]:getPhysicalAddress, physical addr: ffff, last pa: 3000, ret = 0
06-04 20:54:34.201 D/hdmicecd( 505): [HdmiCecControl]:getPhysicalAddress, physical addr: ffff, last pa: 3000, ret = 0
06-04 20:54:34.201 D/HDMI ( 711): ActiveSourceHistoryRecord active source=(0x04, 0x3000) isActiveSource=true from=ActiveSourceAction
06-04 20:54:34.202 I/vol.Events( 1328): writeEvent level_changed STREAM_VOICE_CALL 100
06-04 20:54:34.205 I/InputReader( 711): Device removed: id=11, eventHubId=12, name='Dangbei Consumer Control', descriptor='651c02fc25e22f45bf8fc0886230121b32a1c5c9', sources=KEYBOARD | DPAD | JOYSTICK
06-04 20:54:34.206 D/HdmiControlService( 711): Switching to full volume behavior
06-04 20:54:34.206 D/HDMI ( 711): [S]: 4F:84:30:00:04
06-04 20:54:34.208 I/EventHub( 711): Removing device '/dev/input/event10' due to inotify event
06-04 20:54:34.211 D/XM_HIDREAD( 2052): remove@ remove@/devices/virtual/misc/uhid/0005:000D:3838.0002/input/input14
06-04 20:54:34.211 D/XM_HIDREAD( 2052): remove@ remove@/devices/virtual/misc/uhid/0005:000D:3838.0002/hidraw/hidraw0
06-04 20:54:34.211 D/XM_HIDREAD( 2052): remove@ remove@/devices/virtual/misc/uhid/0005:000D:3838.0002
06-04 20:54:34.211 I/vol.Events( 1328): writeEvent level_changed STREAM_SYSTEM 100
06-04 20:54:34.211 I/Zygote ( 469): Process 1081 exited due to signal 9 (Killed)
06-04 20:54:34.212 D/XM_HIDREAD( 2052): poll ret=1, event=18
06-04 20:54:34.212 E/XM_HIDREAD( 2052): (8) thread_io_ready, poll error, event=18
06-04 20:54:34.212 D/XM_HIDREAD( 2052): (8) thread_io_thread, finish
06-04 20:54:34.214 I/ActivityManager( 711): Process com.android.bluetooth (pid 1081) has died: psvc PER
06-04 20:54:34.215 I/vol.Events( 1328): writeEvent level_changed STREAM_RING 100
06-04 20:54:34.215 W/ActivityManager( 711): Scheduling restart of crashed service com.android.bluetooth/.gatt.GattService in 1000ms for connection
06-04 20:54:34.215 W/ActivityManager( 711): Scheduling restart of crashed service com.android.bluetooth/.btservice.AdapterService in 10999ms for connection
06-04 20:54:34.216 D/BluetoothHidHost( 1105): Proxy object disconnected
06-04 20:54:34.216 D/BluetoothHidHost( 1105): Unbinding service...
06-04 20:54:34.216 D/BluetoothA2dp( 711): Proxy object disconnected
06-04 20:54:34.216 D/BluetoothPan( 1328): Proxy object disconnected
06-04 20:54:34.216 D/BluetoothPan( 1328): Unbinding service...
06-04 20:54:34.216 D/BluetoothA2dp( 711): Unbinding service...
06-04 20:54:34.216 D/BluetoothA2dp( 711): Proxy object disconnected
06-04 20:54:34.216 D/BluetoothA2dp( 711): Unbinding service...
06-04 20:54:34.216 D/BluetoothA2dp( 711): Proxy object disconnected
06-04 20:54:34.216 D/BluetoothA2dp( 711): Unbinding service...
06-04 20:54:34.216 D/BluetoothA2dp( 711): Proxy object disconnected
06-04 20:54:34.216 D/BluetoothA2dp( 711): Unbinding service...
06-04 20:54:34.216 D/BluetoothA2dp( 711): Proxy object disconnected
06-04 20:54:34.216 D/BluetoothA2dp( 711): Unbinding service...
06-04 20:54:34.216 D/BluetoothA2dp( 711): Proxy object disconnected
06-04 20:54:34.216 D/BluetoothA2dp( 711): Unbinding service...
06-04 20:54:34.216 D/BluetoothHearingAid( 711): Proxy object disconnected
06-04 20:54:34.216 D/BluetoothHearingAid( 711): Unbinding service...
06-04 20:54:34.216 D/BluetoothHearingAid( 711): Proxy object disconnected
06-04 20:54:34.216 D/BluetoothHearingAid( 711): Unbinding service...
06-04 20:54:34.216 D/BluetoothHearingAid( 711): Proxy object disconnected
06-04 20:54:34.217 D/BluetoothHearingAid( 711): Unbinding service...
06-04 20:54:34.217 D/BluetoothHearingAid( 711): Proxy object disconnected
06-04 20:54:34.217 D/BluetoothHearingAid( 711): Unbinding service...
06-04 20:54:34.217 D/BluetoothHearingAid( 711): Proxy object disconnected
06-04 20:54:34.217 D/BluetoothHearingAid( 711): Unbinding service...
06-04 20:54:34.217 D/BluetoothHearingAid( 711): Proxy object disconnected
06-04 20:54:34.217 D/BluetoothHearingAid( 711): Unbinding service...
06-04 20:54:34.217 D/BluetoothPan( 1328): Proxy object disconnected
06-04 20:54:34.217 D/DisplayManagerService( 711): Drop pending events for gone uid 1002
06-04 20:54:34.217 D/BluetoothHeadset( 711): Proxy object disconnected
06-04 20:54:34.217 D/BluetoothHeadset( 711): Unbinding service...
06-04 20:54:34.217 D/BluetoothHeadset( 711): Proxy object disconnected
06-04 20:54:34.217 D/BluetoothHeadset( 711): Unbinding service...
06-04 20:54:34.218 D/BluetoothHeadset( 1328): Proxy object disconnected
06-04 20:54:34.218 D/BluetoothHeadset( 1328): Unbinding service...
06-04 20:54:34.218 W/ActivityManager( 711): pid 711 system sent binder code 1 with flags 1 to frozen apps and got error -32
06-04 20:54:34.218 D/ActivityManager( 711): Too many transaction errors, throttling freezer binder callback.
06-04 20:54:34.218 D/BluetoothPan( 1105): Proxy object disconnected
06-04 20:54:34.219 D/BluetoothPan( 1105): Unbinding service...
06-04 20:54:34.219 D/BluetoothPan( 1328): Proxy object disconnected
06-04 20:54:34.219 D/BluetoothPan( 1328): Unbinding service...
06-04 20:54:34.219 D/BluetoothHeadset( 1328): Proxy object disconnected
06-04 20:54:34.219 D/BluetoothA2dp( 1105): Proxy object disconnected
06-04 20:54:34.219 D/BluetoothA2dp( 1105): Unbinding service...
06-04 20:54:34.219 D/BluetoothHeadset( 1105): Proxy object disconnected
06-04 20:54:34.219 D/BluetoothHeadset( 1105): Unbinding service...
06-04 20:54:34.219 D/BluetoothA2dp( 1328): Proxy object disconnected
06-04 20:54:34.219 D/BluetoothA2dp( 1328): Unbinding service...
06-04 20:54:34.219 D/BluetoothHearingAid( 1105): Proxy object disconnected
06-04 20:54:34.219 D/BluetoothHearingAid( 1105): Unbinding service...
06-04 20:54:34.219 D/BluetoothHearingAid( 1328): Proxy object disconnected
06-04 20:54:34.219 D/BluetoothHearingAid( 1328): Unbinding service...
06-04 20:54:34.220 D/BluetoothHearingAid( 1328): Proxy object disconnected
06-04 20:54:34.220 D/BluetoothPan( 1105): Proxy object disconnected
06-04 20:54:34.220 D/BluetoothHeadset( 1105): Proxy object disconnected
06-04 20:54:34.222 D/BluetoothPan( 1328): Proxy object disconnected
06-04 20:54:34.222 I/libprocessgroup( 711): Successfully killed process cgroup uid 1002 pid 1081 in 0ms
06-04 20:54:34.222 D/BluetoothA2dp( 1328): Proxy object disconnected
06-04 20:54:34.223 W/AS.PlaybackActivityMon( 711): client died
06-04 20:54:34.223 E/android.hardware.bluetooth@1.1-impl( 494): BluetoothDeathRecipient::serviceDied - Bluetooth service died
06-04 20:54:34.223 I/android.hardware.bluetooth@1.1-impl( 494): BluetoothHci::close()
06-04 20:54:34.223 I/android.hardware.bluetooth@1.1-impl( 494): Skipping unlink call, service died.
06-04 20:54:34.224 D/bt_vendor( 494): op for 6
06-04 20:54:34.224 D/bt_upio ( 494): upio_set : pio 2 action 1, polarity 0
06-04 20:54:34.224 E/bt_upio ( 494): upio_set : open(/proc/bluetooth/sleep/lpm) for write failed: No such file or directory (2)
06-04 20:54:34.224 E/bt_hwcfg( 494): LPM disabled!!
06-04 20:54:34.224 D/BluetoothHearingAid( 1105): Proxy object disconnected
06-04 20:54:34.224 D/bt_vendor( 494): op for 4
06-04 20:54:34.225 D/bt_vendor( 494): property_set_state: HW_STATE_SUCCESS
06-04 20:54:34.225 D/bt_vendor( 494): op: shutdwon_status =
06-04 20:54:34.225 D/bt_vendor( 494): hw_reg_pum_power_cfg_clear start
06-04 20:54:34.225 D/BluetoothHidHost( 1105): Proxy object disconnected
06-04 20:54:34.226 D/BluetoothHidHost( 1328): Proxy object disconnected
06-04 20:54:34.226 D/BluetoothHidHost( 1328): Unbinding service...
06-04 20:54:34.227 D/BluetoothManagerService( 711): BluetoothServiceConnection, disconnected: com.android.bluetooth.btservice.AdapterService
06-04 20:54:34.227 D/BluetoothManagerService( 711): BluetoothServiceConnection, disconnected: com.android.bluetooth.gatt.GattService
06-04 20:54:34.227 E/BluetoothManagerService( 711): MESSAGE_BLUETOOTH_SERVICE_DISCONNECTED(1)
06-04 20:54:34.228 D/BluetoothManagerService( 711): Broadcasting onBluetoothServiceDown() to 8 receivers.
06-04 20:54:34.228 D/BluetoothAdapter( 3250): onBluetoothServiceDown
06-04 20:54:34.228 D/BluetoothAdapter( 711): onBluetoothServiceDown
06-04 20:54:34.228 D/BluetoothManagerService( 711): Sending BLE State Change: ON > TURNING_OFF
06-04 20:54:34.229 D/BluetoothAdapter( 2271): onBluetoothServiceDown
06-04 20:54:34.229 D/BluetoothManagerService( 711): Sending State Change: ON > TURNING_OFF
06-04 20:54:34.229 D/BluetoothAdapter( 1105): onBluetoothServiceDown
06-04 20:54:34.229 D/BluetoothAdapter( 1823): onBluetoothServiceDown
06-04 20:54:34.229 D/BluetoothAdapter( 1559): onBluetoothServiceDown
06-04 20:54:34.230 D/BluetoothManagerService( 711): Bluetooth is complete send Service Down
06-04 20:54:34.230 D/BluetoothManagerService( 711): Broadcasting onBluetoothServiceDown() to 8 receivers.
06-04 20:54:34.230 D/BluetoothAdapter( 711): onBluetoothServiceDown
06-04 20:54:34.230 D/BluetoothManagerService( 711): unbindAndFinish(): null mBinding = false mUnbinding = false
06-04 20:54:34.230 D/BluetoothManagerService( 711): Sending BLE State Change: TURNING_OFF > OFF
06-04 20:54:34.231 D/BluetoothAdapter( 1105): onBluetoothServiceDown
06-04 20:54:34.232 I/BLE_Service( 1105): ACTION STATE CHANGED was 13
06-04 20:54:34.233 D/BluetoothAdapter( 1823): onBluetoothServiceDown
06-04 20:54:34.233 D/BluetoothAdapter( 2271): onBluetoothServiceDown
06-04 20:54:34.230 D/BluetoothAdapter( 3250): onBluetoothServiceDown
06-04 20:54:34.235 D/BluetoothAdapter( 1559): onBluetoothServiceDown
06-04 20:54:34.235 D/BluetoothManagerService( 711): Sending State Change: TURNING_OFF > OFF
06-04 20:54:34.235 E/BluetoothDevice( 1105): BT not enabled. Cannot get bond state
06-04 20:54:34.235 E/BluetoothDevice( 1105): BT not enabled. Cannot get bond state
06-04 20:54:34.235 D/BluetoothHidHost( 1328): Proxy object disconnected
06-04 20:54:34.236 E/BluetoothManagerService( 711): MESSAGE_BLUETOOTH_SERVICE_DISCONNECTED(2)
06-04 20:54:34.237 I/wpa_supplicant( 1187): wpa_driver_nl80211_driver_cmd: wifi vendor: aml_w2_s
06-04 20:54:34.237 I/wpa_supplicant( 1187): wpa_driver_nl80211_driver_cmd: wlan0: private command: BTCOEXSCAN-START
06-04 20:54:34.237 D/BluetoothA2dp( 1105): Proxy object disconnected
06-04 20:54:34.237 I/MediaSessionStack( 711): removeSession | record: com.android.bluetooth/BluetoothMediaBrowserService (userId=0)
06-04 20:54:34.238 I/MediaSessionStack( 711): removeSession | record: com.android.bluetooth/BluetoothMediaBrowserService (userId=0)
06-04 20:54:34.239 D/BluetoothAdapter( 1328): onBluetoothServiceDown
06-04 20:54:34.239 D/BluetoothAdapter( 1328): onBluetoothServiceDown
06-04 20:54:34.240 D/BluetoothAdapter( 1526): onBluetoothServiceDown
06-04 20:54:34.240 D/BluetoothAdapter( 1526): onBluetoothServiceDown
06-04 20:54:34.240 D/bt_vendor( 494): hw_reg_pum_power_cfg_clear end
06-04 20:54:34.242 I/BLE_Service( 1105): ACTION STATE CHANGED was 10
06-04 20:54:34.242 I/wpa_supplicant( 1187): wpa_driver_nl80211_driver_cmd: wifi vendor: aml_w2_s
06-04 20:54:34.242 I/wpa_supplicant( 1187): wpa_driver_nl80211_driver_cmd: wlan0: private command: BTCOEXSCAN-STOP
06-04 20:54:34.244 I/vol.Events( 1328): writeEvent level_changed STREAM_MUSIC 20
06-04 20:54:34.248 I/vol.Events( 1328): writeEvent level_changed STREAM_ALARM 100
06-04 20:54:34.269 E/BluetoothDevice( 1328): BT not enabled. Cannot get bond state
06-04 20:54:34.269 E/BluetoothDevice( 1328): BT not enabled. Cannot get bond state
06-04 20:54:34.269 W/BluetoothHidHost( 1328): Proxy not attached to service
06-04 20:54:34.270 D/BluetoothHidHost( 1328): java.lang.Throwable
06-04 20:54:34.270 D/BluetoothHidHost( 1328): at android.bluetooth.BluetoothHidHost.getConnectionState(BluetoothHidHost.java:441)
06-04 20:54:34.270 D/BluetoothHidHost( 1328): at com.android.settingslib.bluetooth.HidProfile.getConnectionStatus(go/retraceme f52b90d40c9757c33d597329b7d93a419828f05e967eab5bf4316109a5573534:7)
06-04 20:54:34.270 D/BluetoothHidHost( 1328): at com.android.settingslib.bluetooth.CachedBluetoothDevice.getMaxConnectionState(go/retraceme f52b90d40c9757c33d597329b7d93a419828f05e967eab5bf4316109a5573534:33)
06-04 20:54:34.270 D/BluetoothHidHost( 1328): at com.android.systemui.statusbar.policy.bluetooth.BluetoothRepositoryImpl$fetchConnectionStatus$2.invokeSuspend(go/retraceme f52b90d40c9757c33d597329b7d93a419828f05e967eab5bf4316109a5573534:54)
06-04 20:54:34.270 D/BluetoothHidHost( 1328): at kotlin.coroutines.jvm.internal.BaseContinuationImpl.resumeWith(go/retraceme f52b90d40c9757c33d597329b7d93a419828f05e967eab5bf4316109a5573534:8)
06-04 20:54:34.270 D/BluetoothHidHost( 1328): at kotlinx.coroutines.DispatchedTask.run(go/retraceme f52b90d40c9757c33d597329b7d93a419828f05e967eab5bf4316109a5573534:111)
06-04 20:54:34.270 D/BluetoothHidHost( 1328): at kotlinx.coroutines.internal.LimitedDispatcher$Worker.run(go/retraceme f52b90d40c9757c33d597329b7d93a419828f05e967eab5bf4316109a5573534:4)
06-04 20:54:34.270 D/BluetoothHidHost( 1328): at kotlinx.coroutines.scheduling.TaskImpl.run(go/retraceme f52b90d40c9757c33d597329b7d93a419828f05e967eab5bf4316109a5573534:3)
06-04 20:54:34.270 D/BluetoothHidHost( 1328): at kotlinx.coroutines.scheduling.CoroutineScheduler$Worker.run(go/retraceme f52b90d40c9757c33d597329b7d93a419828f05e967eab5bf4316109a5573534:93)
06-04 20:54:34.270 W/BluetoothHidHost( 1328): Proxy not attached to service
06-04 20:54:34.270 D/BluetoothHidHost( 1328): java.lang.Throwable
06-04 20:54:34.270 D/BluetoothHidHost( 1328): at android.bluetooth.BluetoothHidHost.getConnectionState(BluetoothHidHost.java:441)
06-04 20:54:34.270 D/BluetoothHidHost( 1328): at com.android.settingslib.bluetooth.HidProfile.getConnectionStatus(go/retraceme f52b90d40c9757c33d597329b7d93a419828f05e967eab5bf4316109a5573534:7)
06-04 20:54:34.270 D/BluetoothHidHost( 1328): at com.android.settingslib.bluetooth.CachedBluetoothDevice.isConnected(go/retraceme f52b90d40c9757c33d597329b7d93a419828f05e967eab5bf4316109a5573534:29)
06-04 20:54:34.270 D/BluetoothHidHost( 1328): at com.android.systemui.statusbar.policy.bluetooth.BluetoothRepositoryImpl$fetchConnectionStatus$2.invokeSuspend(go/retraceme f52b90d40c9757c33d597329b7d93a419828f05e967eab5bf4316109a5573534:106)
06-04 20:54:34.270 D/BluetoothHidHost( 1328): at kotlin.coroutines.jvm.internal.BaseContinuationImpl.resumeWith(go/retraceme f52b90d40c9757c33d597329b7d93a419828f05e967eab5bf4316109a5573534:8)
06-04 20:54:34.270 D/BluetoothHidHost( 1328): at kotlinx.coroutines.DispatchedTask.run(go/retraceme f52b90d40c9757c33d597329b7d93a419828f05e967eab5bf4316109a5573534:111)
06-04 20:54:34.270 D/BluetoothHidHost( 1328): at kotlinx.coroutines.internal.LimitedDispatcher$Worker.run(go/retraceme f52b90d40c9757c33d597329b7d93a419828f05e967eab5bf4316109a5573534:4)
06-04 20:54:34.270 D/BluetoothHidHost( 1328): at kotlinx.coroutines.scheduling.TaskImpl.run(go/retraceme f52b90d40c9757c33d597329b7d93a419828f05e967eab5bf4316109a5573534:3)
06-04 20:54:34.270 D/BluetoothHidHost( 1328): at kotlinx.coroutines.scheduling.CoroutineScheduler$Worker.run(go/retraceme f52b90d40c9757c33d597329b7d93a419828f05e967eab5bf4316109a5573534:93)
06-04 20:54:34.340 D/bt_vendor( 494): aml_reset_bt
06-04 20:54:34.355 D/bt_vendor( 494): aml_reset_bt end
06-04 20:54:34.360 D/hdmicecd( 505): [CEC]:printCecMessage, [4 -> f] len: 4, body: 84 30 00 04, result:success
06-04 20:54:34.360 E/IPCThreadState( 505): binder thread pool (1 threads) starved for 154 ms
06-04 20:54:34.360 D/HDMI ( 711): [S]: 4F:87:1C:A4:10
06-04 20:54:34.471 D/bt_vendor( 494): aml_disbt_configure read rsp [0x4, 0xe, 0x8, 0x1, 0xf0, 0xfc, 0, 0, 0, 0, 0, 0]
06-04 20:54:34.486 D/bt_vendor( 494): aml_disbt_configure end
06-04 20:54:34.486 D/bt_userial_vendor( 494): SJD userial_vendor_close 9
06-04 20:54:34.486 D/bt_userial_vendor( 494): device fd = 9 close
06-04 20:54:34.487 D/bt_userial_vendor( 494): SJD userial_vendor_closed
06-04 20:54:34.487 D/bt_vendor( 494): op for 0
06-04 20:54:34.487 D/bt_vendor( 494): === power off BT ===
06-04 20:54:34.487 D/bt_upio ( 494): is_emulator_context : 0
06-04 20:54:34.487 D/bt_upio ( 494): is_rfkill_disabled ? [0]
06-04 20:54:34.512 D/hdmicecd( 505): [CEC]:printCecMessage, [4 -> f] len: 4, body: 87 1c a4 10, result:success
06-04 20:54:34.512 E/IPCThreadState( 505): binder thread pool (1 threads) starved for 152 ms
06-04 20:54:34.512 D/HDMI ( 711): [S]: 40:8C
06-04 20:54:34.590 D/hdmicecd( 505): [CEC]:printCecMessage, [4 -> 0] len: 1, body: 8c, result:success
06-04 20:54:34.591 D/HDMI ( 711): [S]: 40:47:44:42:42:4F:58:2D:41:33
06-04 20:54:34.628 D/BluetoothManagerService( 711): MESSAGE_RESTART_BLUETOOTH_SERVICE: retry count=1
06-04 20:54:34.629 D/BluetoothManagerService( 711): binding Bluetooth service
06-04 20:54:34.631 D/CompatibilityChangeReporter( 711): Compat change id reported: 135634846; UID 1002; state: DISABLED
06-04 20:54:34.647 D/Zygote ( 469): Forked child process 3916
06-04 20:54:34.649 I/ActivityManager( 711): Start proc 3916:com.android.bluetooth/1002 for service {com.android.bluetooth/com.android.bluetooth.btservice.AdapterService}
06-04 20:54:34.655 I/Zygote ( 3916): seccomp disabled by setenforce 0
06-04 20:54:34.662 I/droid.bluetooth( 3916): Using CollectorTypeCC GC.
06-04 20:54:34.668 E/droid.bluetooth( 3916): Not starting debugger since process cannot load the jdwp agent.
06-04 20:54:34.662 I/rainbow_flow( 3831): type=1400 audit(0.0:1324): avc: denied { ioctl } for path="/dev/spidev1.0" dev="tmpfs" ino=538 ioctlcmd=0x6b00 scontext=u:r:init:s0 tcontext=u:object_r:device:s0 tclass=chr_file permissive=1
06-04 20:54:34.677 D/CompatibilityChangeReporter( 711): Compat change id reported: 168419799; UID 1002; state: DISABLED
06-04 20:54:34.678 D/CompatibilityChangeReporter( 711): Compat change id reported: 273564678; UID 1002; state: DISABLED
06-04 20:54:34.681 D/CompatibilityChangeReporter( 711): Compat change id reported: 265195908; UID 1002; state: ENABLED
06-04 20:54:34.681 D/CompatibilityChangeReporter( 3916): Compat change id reported: 171979766; UID 1002; state: ENABLED
06-04 20:54:34.681 D/CompatibilityChangeReporter( 3916): Compat change id reported: 242716250; UID 1002; state: ENABLED
06-04 20:54:34.696 D/nativeloader( 3916): Configuring clns-shared-4 for other apk /apex/com.android.btservices/app/Bluetooth@UD2A.240505.001.W1/Bluetooth.apk. target_sdk_version=34, uses_libraries=, library_path=/apex/com.android.btservices/app/Bluetooth@UD2A.240505.001.W1/lib/arm:/system/lib:/system_ext/lib, permitted_path=/data:/mnt/expand:/data/user_de/0/com.android.bluetooth:/apex/com.android.btservices/app/Bluetooth@UD2A.240505.001.W1:/system/lib:/system_ext/lib
06-04 20:54:34.698 D/nativeloader( 3916): InitApexLibraries:
06-04 20:54:34.698 D/nativeloader( 3916): com_android_adservices: libhpke_jni.so:libtflite_support_classifiers_native.so
06-04 20:54:34.698 D/nativeloader( 3916): com_android_appsearch: libicing.so
06-04 20:54:34.698 D/nativeloader( 3916): com_android_art: libartservice.so
06-04 20:54:34.698 D/nativeloader( 3916): com_android_btservices: libbluetooth_jni.so
06-04 20:54:34.698 D/nativeloader( 3916): com_android_conscrypt: libjavacrypto.so
06-04 20:54:34.698 D/nativeloader( 3916): com_android_extservices: libhpke_jni.so:libtflite_support_classifiers_native.so
06-04 20:54:34.698 D/nativeloader( 3916): com_android_os_statsd: libstats_jni.so
06-04 20:54:34.698 D/nativeloader( 3916): com_android_tethering: libandroid_net_connectivity_com_android_net_module_util_jni.so:libcronet.114.0.5735.84.so:libframework-connectivity-jni.so:libframework-connectivity-tiramisu-jni.so:libservice-connectivity.so
06-04 20:54:34.698 D/nativeloader( 3916): com_android_uwb: libuwb_uci_jni_rust.so
06-04 20:54:34.698 D/nativeloader( 3916): com_android_virt: libvirtualizationservice_jni.so:libvirtualmachine_jni.so
06-04 20:54:34.721 D/bt_upio ( 494): in upio_set_bluetooth_power(), write 0 to rfkill state.
06-04 20:54:34.721 D/bt_vendor( 494): bt_power 0
06-04 20:54:34.722 E/android.hardware.bluetooth@1.0-impl( 494): bt_vendor_release_wake_lock call in
06-04 20:54:34.722 E/android.hardware.bluetooth@1.0-impl( 494): bt_vendor_release_wake_lock wakelock unacquired
06-04 20:54:34.718 I/xm_hidread( 2052): type=1400 audit(0.0:1325): avc: denied { read } for scontext=u:r:init:s0 tcontext=u:r:init:s0 tclass=netlink_kobject_uevent_socket permissive=1
06-04 20:54:34.730 V/GraphicsEnvironment( 3916): Currently set values for:
06-04 20:54:34.730 V/GraphicsEnvironment( 3916): angle_gl_driver_selection_pkgs=[]
06-04 20:54:34.730 V/GraphicsEnvironment( 3916): angle_gl_driver_selection_values=[]
06-04 20:54:34.730 V/GraphicsEnvironment( 3916): ANGLE GameManagerService for com.android.bluetooth: false
06-04 20:54:34.730 V/GraphicsEnvironment( 3916): com.android.bluetooth is not listed in per-application setting
06-04 20:54:34.731 V/GraphicsEnvironment( 3916): Neither updatable production driver nor prerelease driver is supported.
06-04 20:54:34.754 I/bt_stack_config( 3916): packages/modules/Bluetooth/system/main/stack_config.cc:199 get_pts_broadcast_audio_config_options: Config isn't ready, use default option
06-04 20:54:34.757 I/droid.bluetooth( 3916): [0604/205434.756865:INFO:btif_config_cache.cc(67)] BtifConfigCache, capacity: 10000
06-04 20:54:34.766 E/ActivityThread( 3916): Failed to find provider info for bluetooth_legacy.provider
06-04 20:54:34.766 D/DataMigration( 3916): Legacy migration skiped: no migration app installed
06-04 20:54:34.768 I/BluetoothAvrcpControllerJni( 3916): classInitNative: succeeds
06-04 20:54:34.769 D/CompatibilityChangeReporter( 3916): Compat change id reported: 263076149; UID 1002; state: ENABLED
06-04 20:54:34.770 I/BluetoothHidHostServiceJni( 3916): classInitNative: succeeds
06-04 20:54:34.771 I/BluetoothPanServiceJni( 3916): classInitNative(L108): succeeds
06-04 20:54:34.772 I/AdapterServiceConfig( 3916): init: profile=A2dpService, enabled=true
06-04 20:54:34.772 I/AdapterServiceConfig( 3916): init: profile=A2dpSinkService, enabled=false
06-04 20:54:34.772 I/AdapterServiceConfig( 3916): init: profile=AvrcpTargetService, enabled=true
06-04 20:54:34.772 I/AdapterServiceConfig( 3916): init: profile=AvrcpControllerService, enabled=false
06-04 20:54:34.772 I/AdapterServiceConfig( 3916): init: profile=BassClientService, enabled=false
06-04 20:54:34.772 I/AdapterServiceConfig( 3916): init: profile=BatteryService, enabled=false
06-04 20:54:34.772 I/AdapterServiceConfig( 3916): init: profile=CsipSetCoordinatorService, enabled=false
06-04 20:54:34.772 I/AdapterServiceConfig( 3916): init: profile=HapClientService, enabled=false
06-04 20:54:34.772 I/AdapterServiceConfig( 3916): init: profile=HeadsetService, enabled=true
06-04 20:54:34.772 I/AdapterServiceConfig( 3916): init: profile=HeadsetClientService, enabled=false
06-04 20:54:34.772 I/AdapterServiceConfig( 3916): init: profile=HearingAidService, enabled=true
06-04 20:54:34.772 I/AdapterServiceConfig( 3916): init: profile=HidDeviceService, enabled=false
06-04 20:54:34.772 I/AdapterServiceConfig( 3916): init: profile=HidHostService, enabled=true
06-04 20:54:34.772 I/AdapterServiceConfig( 3916): init: profile=GattService, enabled=true
06-04 20:54:34.772 I/AdapterServiceConfig( 3916): init: profile=LeAudioService, enabled=false
06-04 20:54:34.772 I/AdapterServiceConfig( 3916): init: profile=TbsService, enabled=false
06-04 20:54:34.772 I/AdapterServiceConfig( 3916): init: profile=BluetoothMapService, enabled=false
06-04 20:54:34.772 I/AdapterServiceConfig( 3916): init: profile=MapClientService, enabled=false
06-04 20:54:34.772 I/AdapterServiceConfig( 3916): init: profile=McpService, enabled=true
06-04 20:54:34.772 I/AdapterServiceConfig( 3916): init: profile=BluetoothOppService, enabled=true
06-04 20:54:34.772 I/AdapterServiceConfig( 3916): init: profile=PanService, enabled=true
06-04 20:54:34.772 I/AdapterServiceConfig( 3916): init: profile=BluetoothPbapService, enabled=false
06-04 20:54:34.772 I/AdapterServiceConfig( 3916): init: profile=PbapClientService, enabled=false
06-04 20:54:34.772 I/AdapterServiceConfig( 3916): init: profile=SapService, enabled=false
06-04 20:54:34.772 I/AdapterServiceConfig( 3916): init: profile=VolumeControlService, enabled=false
06-04 20:54:34.777 I/BluetoothMetricsLogger( 3916): setCounterMetricsAlarm()
06-04 20:54:34.781 D/BluetoothAdapterService( 3916): onCreate()
06-04 20:54:34.790 D/CompatibilityChangeReporter( 711): Compat change id reported: 161145287; UID 1002; state: ENABLED
06-04 20:54:34.795 D/AdapterState( 3916): make() - Creating AdapterState
06-04 20:54:34.796 I/AdapterState( 3916): OFF : entered
06-04 20:54:34.796 D/AdapterProperties( 3916): Setting state to OFF
06-04 20:54:34.797 D/BluetoothKeystoreService( 3916): new BluetoothKeystoreService isCommonCriteriaMode: false
06-04 20:54:34.798 D/BluetoothKeystoreService( 3916): start
06-04 20:54:34.798 I/droid.bluetooth( 3916): [0604/205434.798340:INFO:com_android_bluetooth_btservice_BluetoothKeystore.cpp(97)] classInitNative: succeeds
06-04 20:54:34.798 D/BluetoothKeystoreService( 3916): setBluetoothKeystoreService(): set to: com.android.bluetooth.btservice.bluetoothkeystore.BluetoothKeystoreService@aec2d8a
06-04 20:54:34.800 D/BluetoothKeystoreService( 3916): loadConfigData
06-04 20:54:34.801 D/BluetoothKeystoreService( 3916): getCompareResult: 0
06-04 20:54:34.804 D/CompatibilityChangeReporter( 3916): Compat change id reported: 183155436; UID 1002; state: ENABLED
06-04 20:54:34.805 I/bt_btif ( 3916): packages/modules/Bluetooth/system/btif/src/bluetooth.cc:386 init: init: start restricted = 0 ; common criteria mode = 0, config compare result = 0
06-04 20:54:34.805 I/bt ( 3916): bt_common::init_flags: Flags loaded: asha_packet_drop_frequency_threshold=60asha_phy_update_retry_limit=5always_send_services_if_gatt_disc_done=truealways_use_private_gatt_for_debugging=falseasynchronously_start_l2cap_coc=truebtaa_hci=truebta_dm_clear_conn_id_on_client_close=truebtm_dm_flush_discovery_queue_on_search_cancel=falseclassic_discovery_only=falseclear_hidd_interrupt_cid_on_disconnect=truedelay_hidh_cleanup_until_hidh_ready_start=truedevice_iot_config_logging=falsedynamic_avrcp_version_enhancement=truefinite_att_timeout=truegatt_robust_caching_client=truegatt_robust_caching_server=falsegd_core=falsegd_hal_snoop_logger_socket=truegd_hal_snoop_logger_filtering=truegd_l2cap=falsegd_link_policy=falsegd_remote_name_request=falsegd_rust=falsehci_adapter=0hfp_dynamic_version=trueirk_rotation=falseleaudio_targeted_announcement_reconnection_mode=truepass_phy_update_callback=truepbap_pse_dynamic_version_upgrade=falseperiodic_advertising_adi=trueprivate_gatt=truequeue_l2cap_coc_while_encrypting=trueread_encryption_key_size=trueredact_log=truerust_event_loop=truesco_codec_select_lc3=falsesco_codec_timeout_clear=falsesdp_serialization=truesdp_skip_rnr_if_known=truebluetooth_quality_report_callback=trueset_min_encryption=truesubrating=truetrigger_advertising_callbacks_on_first_resume_after_pause=trueuse_unified_connection_manager=falsesdp_return_classic_services_when_le_discovery_fails=truedefault_log_level=4logging_explicit_tag_settings={}
06-04 20:54:34.805 I/droid.bluetooth( 3916): [0604/205434.805741:INFO:message_loop_thread.cc(184)] Run: message loop starting for thread bt_stack_manager_thread
06-04 20:54:34.806 I/bt_stack_manager( 3916): packages/modules/Bluetooth/system/btif/src/stack_manager.cc:277 event_init_stack: is initializing the stack
06-04 20:54:34.806 I/droid.bluetooth( 3916): [0604/205434.806264:INFO:message_loop_thread.cc(184)] Run: message loop starting for thread bt_main_thread
06-04 20:54:34.806 I/device_iot_config( 3916): packages/modules/Bluetooth/system/device/src/device_iot_config_int.cc:68 device_iot_config_module_init:
06-04 20:54:34.806 E/droid.bluetooth( 3916): [0604/205434.806554:ERROR:config.cc(106)] config_new: unable to open file '/data/misc/bluedroid/bt_remote_dev_info.conf': No such file or directory
06-04 20:54:34.806 W/device_iot_config( 3916): packages/modules/Bluetooth/system/device/src/device_iot_config_int.cc:83 device_iot_config_module_init: Unable to load config file: /data/misc/bluedroid/bt_remote_dev_info.conf; using backup.
06-04 20:54:34.806 E/droid.bluetooth( 3916): [0604/205434.806683:ERROR:config.cc(106)] config_new: unable to open file '/data/misc/bluedroid/bt_remote_dev_info.bak': No such file or directory
06-04 20:54:34.806 E/device_iot_config( 3916): packages/modules/Bluetooth/system/device/src/device_iot_config_int.cc:89 device_iot_config_module_init: Unable to load bak file; creating empty config.
06-04 20:54:34.806 I/device_iot_config( 3916): packages/modules/Bluetooth/system/device/src/device_iot_config_int.cc:130 device_iot_config_module_init: Devices loaded 0
06-04 20:54:34.807 I/bt_osi_thread( 3916): packages/modules/Bluetooth/system/osi/src/thread.cc:210 run_thread: run_thread: thread id 3946, thread name alarm_default_ca started
06-04 20:54:34.807 I/bt_osi_thread( 3916): packages/modules/Bluetooth/system/osi/src/thread.cc:210 run_thread: run_thread: thread id 3947, thread name alarm_dispatcher started
06-04 20:54:34.807 I/bt_core_module( 3916): packages/modules/Bluetooth/system/btcore/src/module.cc:86 module_start_up: module_start_up Starting module "gd_shim_module"
