06-04 20:53:27.227 V/WindowManagerShell( 1328): Track 0 became idle
06-04 20:53:27.227 V/WindowManagerShell( 1328): All active transition animations finished
06-04 20:53:27.227 V/WindowManagerShell( 1328): animated by com.android.wm.shell.transition.DefaultTransitionHandler@88c05d8
06-04 20:53:27.227 V/WindowManagerShell( 1328): Track 0 became idle
06-04 20:53:27.227 V/WindowManagerShell( 1328): All active transition animations finished
06-04 20:53:27.229 E/ccc ( 1526): cccccc 这里接到ACTION_ACL_DISCONNECTED 开启scan 12
06-04 20:53:27.230 I/WifiHAL ( 525): call wifi_get_link_stats handler
06-04 20:53:27.230 I/WifiHAL ( 525): Creating message to get link statistics; iface = 16
06-04 20:53:27.230 D/WifiHAL ( 525): error code -95 mapped to -3
06-04 20:53:27.231 E/WifiStaIfaceAidlImpl( 711): getLinkLayerStats failed with service-specific exception: android.os.ServiceSpecificException: (code 4)
06-04 20:53:27.232 I/WifiHAL ( 525): call wifi_get_link_stats handler
06-04 20:53:27.232 I/WifiHAL ( 525): Creating message to get link statistics; iface = 16
06-04 20:53:27.232 D/WifiHAL ( 525): error code -95 mapped to -3
06-04 20:53:27.232 E/WifiStaIfaceAidlImpl( 711): getLinkLayerStats failed with service-specific exception: android.os.ServiceSpecificException: (code 4)
06-04 20:53:27.233 D/CachedBluetoothDevice( 1328): onProfileStateChanged: profile HID, device XX:XX:XX:XX:C0:7A, newProfileState 3
06-04 20:53:27.233 D/BluetoothAdapter( 1328): getActiveDevices(profile= A2DP)
06-04 20:53:27.233 I/bluetooth( 1081): packages/modules/Bluetooth/system/btif/co/bta_hh_co.cc:367 btif_hh_poll_event_thread: Polling thread stopped for device xx:xx:xx:xx:c0:7a
06-04 20:53:27.235 E/dangbei111( 1526): cccccc 开始扫描
06-04 20:53:27.235 D/BluetoothAdapter( 1526): isLeEnabled(): ON
06-04 20:53:27.240 I/wpa_supplicant( 1187): wpa_driver_nl80211_driver_cmd: wifi vendor: aml_w2_s
06-04 20:53:27.240 I/wpa_supplicant( 1187): wpa_driver_nl80211_driver_cmd: wlan0: private command: SETSUSPENDMODE 0
06-04 20:53:27.241 D/TrafficStats( 1559): tagSocket(126) with statsTag=0xffffffff, statsUid=-1
06-04 20:53:27.244 D/MesonDisplayServer( 290): getDisplayAttribute "Dolby Vision CAP2": "The Rx don't support DolbyVision"
06-04 20:53:27.245 E/SystemControl( 317): [/DisplayMode.cpp, getHdmiDvCap, 1618] TV isn't support dolby vision: The Rx don't support DolbyVision
06-04 20:53:27.245 I/SystemControl( 317): [/DisplayMode.cpp, onTxEvent, 3294] onTxEvent boot config enable do nothing, just return
06-04 20:53:27.252 D/CachedBluetoothDevice( 1105): onProfileStateChanged: profile HID, device XX:XX:XX:XX:C0:7A, newProfileState 3
06-04 20:53:27.253 D/BluetoothAdapter( 1105): getActiveDevices(profile= A2DP)
06-04 20:53:27.253 I/wpa_supplicant( 1187): wpa_driver_nl80211_driver_cmd: wifi vendor: aml_w2_s
06-04 20:53:27.253 I/wpa_supplicant( 1187): wpa_driver_nl80211_driver_cmd: wlan0: private command: BTCOEXSCAN-START
06-04 20:53:27.256 D/InstantWifi( 711): Receive Wifi is connected, freq = 5745 and currentNetworkId : 0, wifiinfo = SSID: , BSSID: 02:00:00:00:00:00, MAC: 02:00:00:00:00:00, IP: /192.168.3.180, Security type: 2, Supplicant state: COMPLETED, Wi-Fi standard: 6, RSSI: -50, Link speed: 1200Mbps, Tx Link speed: 1200Mbps, Max Supported Tx Link speed: 1200Mbps, Rx Link speed: 680Mbps, Max Supported Rx Link speed: 1200Mbps, Frequency: 5745MHz, Net ID: -1, Metered hint: false, score: 60, isUsable: true, CarrierMerged: false, SubscriptionId: -1, IsPrimary: 1, Trusted: true, Restricted: false, Ephemeral: false, OEM paid: false, OEM private: false, OSU AP: false, FQDN: , Provider friendly name: , Requesting package name: MLO Information: , Is TID-To-Link negotiation supported by the AP: false, AP MLD Address: , AP MLO Link Id: , AP MLO Affiliated links:
06-04 20:53:27.256 E/MesonHwc( 290): dolby vision driver is not ready
06-04 20:53:27.256 I/BluetoothAdapterService( 1081): getActiveDevices: A2dp device: null
06-04 20:53:27.257 D/BluetoothAdapter( 1328): getActiveDevices(profile= HEADSET)
06-04 20:53:27.259 D/MesonDisplayServer( 290): getDisplayAttribute "Dolby Vision CAP2": "The Rx don't support DolbyVision"
06-04 20:53:27.259 I/SystemControl( 317): [/Ubootenv.cpp, get, 345] [ubootenv] search end and not find env:hdr_resolution_priority
06-04 20:53:27.259 I/SystemControl( 317): [/Ubootenv.cpp, get, 345] [ubootenv] search end and not find env:user_prefer_dv_type
06-04 20:53:27.259 E/MesonHwc( 290): dolby vision driver is not ready
06-04 20:53:27.260 V/MesonDisplayServer( 290): GetDisplayMode:dummy_l
06-04 20:53:27.260 I/SystemControl( 317): [/Ubootenv.cpp, get, 345] [ubootenv] search end and not find env:framerate_priority
06-04 20:53:27.260 I/SystemControl( 317): [/Ubootenv.cpp, get, 336] [ubootenv] get key:hdmimode envValue: none
06-04 20:53:27.260 I/MesonDisplay( 290): [/mode_policy.c, meson_mode_set_policy, 1177] connector:0 to policy:0
06-04 20:53:27.260 I/MesonDisplay( 290): [/mode_policy.c, is_dv_prefer, 66] not prefer dv, hdr_priority:10000010
06-04 20:53:27.260 I/MesonDisplay( 290): [/mode_policy.c, is_dv_prefer, 66] not prefer dv, hdr_priority:10000010
06-04 20:53:27.260 I/MesonDisplay( 290): [/mode_policy.c, hdr_scene_process, 724] policy:0 is_bestcolorspace:0 state:1
06-04 20:53:27.260 I/MesonDisplay( 290): [/mode_policy_parser.c, is_support_hdmimode, 115] is_support_hdmimode mode: none not support
06-04 20:53:27.260 I/MesonDisplay( 290): [/mode_policy_parser.c, is_support_hdmimode, 110] is_support_hdmimode mode: 2160p60hz
06-04 20:53:27.260 I/MesonDisplay( 290): [/mode_policy.c, meson_mode_support_mode, 1309] meson_mode_support_mode type:1 mode:2160p60hz
06-04 20:53:27.260 I/MesonDisplay( 290): [/mode_policy_parser.c, is_support_hdmimode, 110] is_support_hdmimode mode: 2160p60hz
06-04 20:53:27.260 D/MesonDisplay( 290): meson_write /sys/class/amhdmitx/amhdmitx0/valid_mode, outputmode:2160p60hz422,12bit
06-04 20:53:27.260 D/MesonDisplay( 290): valid mode is false!
06-04 20:53:27.260 I/MesonDisplay( 290): [/mode_policy_parser.c, is_support_hdmimode, 110] is_support_hdmimode mode: 2160p50hz
06-04 20:53:27.261 I/MesonDisplay( 290): [/mode_policy.c, meson_mode_support_mode, 1309] meson_mode_support_mode type:1 mode:2160p50hz
06-04 20:53:27.261 I/MesonDisplay( 290): [/mode_policy_parser.c, is_support_hdmimode, 110] is_support_hdmimode mode: 2160p50hz
06-04 20:53:27.261 D/MesonDisplay( 290): meson_write /sys/class/amhdmitx/amhdmitx0/valid_mode, outputmode:2160p50hz422,12bit
06-04 20:53:27.261 D/MesonDisplay( 290): valid mode is false!
06-04 20:53:27.261 I/MesonDisplay( 290): [/mode_policy_parser.c, is_support_hdmimode, 110] is_support_hdmimode mode: 1080p60hz
06-04 20:53:27.261 I/MesonDisplay( 290): [/mode_policy.c, meson_mode_support_mode, 1309] meson_mode_support_mode type:1 mode:1080p60hz
06-04 20:53:27.261 I/MesonDisplay( 290): [/mode_policy_parser.c, is_support_hdmimode, 110] is_support_hdmimode mode: 1080p60hz
06-04 20:53:27.261 D/MesonDisplay( 290): meson_write /sys/class/amhdmitx/amhdmitx0/valid_mode, outputmode:1080p60hz422,12bit
06-04 20:53:27.261 D/MesonDisplay( 290): valid mode is true!
06-04 20:53:27.261 I/MesonDisplay( 290): [/mode_policy.c, meson_mode_support_mode, 1349] support current mode:[1080p60hz], color format:[422,12bit]
06-04 20:53:27.261 I/MesonDisplay( 290): [/mode_policy.c, hdr_scene_process, 812] hdr_scene_process mode:[1080p60hz] support hdr
06-04 20:53:27.261 D/MesonDisplay( 290): meson_write /sys/class/amhdmitx/amhdmitx0/valid_mode, outputmode:1080p60hz420,10bit
06-04 20:53:27.261 D/MesonDisplay( 290): valid mode is false!
06-04 20:53:27.261 I/MesonDisplay( 290): [/mode_policy.c, get_best_color_attr, 613] get_best_color_attr current mode:[1080p60hz] brr_mode:[1080p60hz]
06-04 20:53:27.261 D/MesonDisplay( 290): meson_write /sys/class/amhdmitx/amhdmitx0/valid_mode, outputmode:1080p60hz422,12bit
06-04 20:53:27.261 D/MesonDisplay( 290): valid mode is true!
06-04 20:53:27.261 I/MesonDisplay( 290): [/mode_policy.c, get_best_color_attr, 679] support current mode:[1080p60hz], color format:[422,12bit]
06-04 20:53:27.261 I/MesonDisplay( 290): [/mode_policy.c, meson_mode_get_policy_output, 1289] final_displaymode:1080p60hz, final_deepcolor:422,12bit, amdv_type:0
06-04 20:53:27.261 I/SystemControl( 317): [/Ubootenv.cpp, get, 336] [ubootenv] get key:hdr_preferred_policy envValue: 0
06-04 20:53:27.261 D/MesonDisplayServer( 290): use connector getDisplayAttribute "HDMI Color ATTR": "422,12bit"
06-04 20:53:27.261 D/MesonDisplayServer( 290): getDisplayAttribute "HDR Policy": "0"
06-04 20:53:27.261 D/MesonDisplayServer( 290): getDisplayAttribute "FORCE HDR Mode": "0"
06-04 20:53:27.261 D/MesonDisplayServer( 290): getDisplayAttribute "Dolby Vision Mode": "usage: echo mode > /sys/class/amdolby_vision/dv_mode AMDV_OUTPUT_MODE_BYPASS 0 AMDV_OUTPUT_MODE_IPT 1 AMDV_OUTPUT_MODE_IPT_TUNNEL 2 AMDV_OUTPUT_MODE_HDR10 3 AMDV_OUTPUT_MODE_SDR10 4 AMDV_OUTPUT_MODE_SDR8 5current dv_mode = off"
06-04 20:53:27.261 D/MesonDisplayServer( 290): getDisplayAttribute "Dolby Vision Policy": "0"
06-04 20:53:27.262 I/SystemControl( 317): [/Ubootenv.cpp, get, 345] [ubootenv] search end and not find env:hdr_force_mode
06-04 20:53:27.262 I/SystemControl( 317): [/Ubootenv.cpp, get, 336] [ubootenv] get key:hdr_policy envValue: 0
06-04 20:53:27.262 E/MesonHwc( 290): dolby vision driver is not ready
06-04 20:53:27.262 D/MesonDisplayServer( 290): use connector getDisplayAttribute "HDR Priority": "268435472"
06-04 20:53:27.262 I/SystemControl( 317): [/Ubootenv.cpp, get, 336] [ubootenv] get key:hdr_priority envValue: 268435472
06-04 20:53:27.262 D/MesonDisplayServer( 290): getDisplayAttribute "Dolby Vision Enable": "N"
06-04 20:53:27.262 D/MesonDisplayServer( 290): getDisplayAttribute "Dolby Vision LL Policy": "0"
06-04 20:53:27.262 E/MesonHwc( 290): dolby vision driver is not ready
06-04 20:53:27.262 V/MesonDisplayServer( 290): GetDisplayMode:dummy_l
06-04 20:53:27.262 I/MesonDisplay( 290): [/HDCPTxAuth.cpp, stopVerAll, 344] hdcp_tx 2.2 & 1.4 stop hdcp pwr
06-04 20:53:27.262 E/MesonDisplay( 290): open /sys/class/amhdmitx/amhdmitx0/hdcp_pwr fail. Error info [No such file or directory]
06-04 20:53:27.264 I/BluetoothAdapterService( 1081): getActiveDevices: A2dp device: null
06-04 20:53:27.264 D/BluetoothAdapter( 1105): getActiveDevices(profile= HEADSET)
06-04 20:53:27.265 I/BluetoothAdapterService( 1081): getActiveDevices: Headset device: null
06-04 20:53:27.267 D/BluetoothAdapter( 1328): getActiveDevices(profile= HEARING_AID)
06-04 20:53:27.269 I/BluetoothAdapterService( 1081): getActiveDevices: Headset device: null
06-04 20:53:27.270 D/BluetoothAdapter( 1105): getActiveDevices(profile= HEARING_AID)
06-04 20:53:27.271 I/BluetoothAdapterService( 1081): getActiveDevices: Hearing Aid devices: Left[null] - Right[null]
06-04 20:53:27.275 I/BluetoothAdapterService( 1081): getActiveDevices: Hearing Aid devices: Left[null] - Right[null]
06-04 20:53:27.277 D/hdmicecd( 505): [CEC]:printCecMessage, [4 -> 4] len: 0, body:, result:no ack
06-04 20:53:27.278 D/XM_HIDREAD( 2052): remove@ remove@/devices/virtual/misc/uhid/0005:000D:3838.0001/input/input9/event9
06-04 20:53:27.279 I/EventHub( 711): Removing device Dangbei due to epoll hang-up event.
06-04 20:53:27.280 I/EventHub( 711): Removed device: path=/dev/input/event9 name=Dangbei id=10 fd=351 classes=KEYBOARD | DPAD | EXTERNAL
06-04 20:53:27.283 I/efs.base( 3465): lt=event`ev_ct=efs_core`ev_ac=log_lag`tm=2025-06-04 20:53:27`dn=44a903f6-afe3-4478-bff9-2c554859be60`ps=com.dangbei.screencast`um_os=android`stime=1749041597089`pid=3465`fr=android`pkg=com.dangbei.screencast`vcode=20830`dsp_w=1920`uid=44a903f6-afe3-4478-bff9-2c554859be60`rom=14`wid=44a903f6-afe3-4478-bff9-2c554859be60`um_app_carrier=`um_access=wifi`um_app_channel=os`um_crash_sdk_version=1.4.0`ctime=1749041607`model=dbbox-a3`lang=zh`net=wifi`brand=amlogic`dsp_h=1080`um_network_type=0`ver=v2.8.3`cnt=1`build_model=DBBOX-A3`w_tm=1749041607`appid=5fc60c21094d637f3130af19`um_umid_header=aif54b0e13231baa76d39051a48c8b0e67`sdk=34`tzone=Asia/Shanghai`sdk_ver=1.3.6.umeng
06-04 20:53:27.293 I/android.hardware.bluetooth@1.0-impl( 494): [HandleIncomingEvent-549]: rec adv direct packet
06-04 20:53:27.295 I/android.hardware.bluetooth@1.0-impl( 494): [HandleIncomingEvent-549]: rec adv direct packet
06-04 20:53:27.296 D/XM_HIDREAD( 2052): remove@ remove@/devices/virtual/wakeup/wakeup32
06-04 20:53:27.297 I/android.hardware.bluetooth@1.0-impl( 494): [HandleIncomingEvent-549]: rec adv direct packet
06-04 20:53:27.298 I/android.hardware.bluetooth@1.0-impl( 494): [HandleIncomingEvent-549]: rec adv direct packet
06-04 20:53:27.300 I/android.hardware.bluetooth@1.0-impl( 494): [HandleIncomingEvent-549]: rec adv direct packet
06-04 20:53:27.304 I/ImeTracker( 711): com.dangbei.haqusetting:1db841e5: onRequestHide at ORIGIN_SERVER_HIDE_INPUT reason HIDE_SAME_WINDOW_FOCUSED_WITHOUT_EDITOR
06-04 20:53:27.305 E/MesonDisplay( 290): open /sys/class/amhdmitx/amhdmitx0/hdcp_pwr fail. Error info [No such file or directory]
06-04 20:53:27.305 E/MesonDisplay( 290): open /sys/class/amhdmitx/amhdmitx0/hdcp_ctrl fail. Error info [No such file or directory]
06-04 20:53:27.305 E/MesonDisplay( 290): open /sys/class/amhdmitx/amhdmitx0/hdcp_ctrl fail. Error info [No such file or directory]
06-04 20:53:27.305 I/ImeTracker( 711): com.dangbei.haqusetting:1db841e5: onCancelled at PHASE_SERVER_SHOULD_HIDE
06-04 20:53:27.305 D/XM_HIDREAD( 2052): remove@ remove@/devices/virtual/misc/uhid/0005:000D:3838.0001/input/input9
06-04 20:53:27.306 I/DefaultIMS( 1550): onStartInput attribute=android.view.inputmethod.EditorInfo@831b67c restarting=false inputType: 0
06-04 20:53:27.307 D/XM_HIDREAD( 2052): remove@ remove@/devices/virtual/misc/uhid/0005:000D:3838.0001/input/input11/event10
06-04 20:53:27.307 I/MesonDisplay( 290): [/HDCPTxAuth.cpp, stop, 137] hdcp_tx pthread exit id = 3908813248, (null) done
06-04 20:53:27.307 D/MesonDisplayServer( 290): SetDisplay[HDMI] Mode to "1080p60hz"
06-04 20:53:27.309 I/android.hardware.bluetooth@1.0-impl( 494): [HandleIncomingEvent-549]: rec adv direct packet
06-04 20:53:27.310 I/android.hardware.bluetooth@1.0-impl( 494): [HandleIncomingEvent-549]: rec adv direct packet
06-04 20:53:27.312 I/android.hardware.bluetooth@1.0-impl( 494): [HandleIncomingEvent-549]: rec adv direct packet
06-04 20:53:27.314 I/android.hardware.bluetooth@1.0-impl( 494): [HandleIncomingEvent-549]: rec adv direct packet
06-04 20:53:27.316 I/android.hardware.bluetooth@1.0-impl( 494): [HandleIncomingEvent-549]: rec adv direct packet
06-04 20:53:27.318 D/TrafficStats( 3465): tagSocket(224) with statsTag=0xffffffff, statsUid=-1
06-04 20:53:27.320 D/XM_HIDREAD( 2052): remove@ remove@/devices/virtual/misc/uhid/0005:000D:3838.0001/input/input11
06-04 20:53:27.320 D/XM_HIDREAD( 2052): remove@ remove@/devices/virtual/misc/uhid/0005:000D:3838.0001/hidraw/hidraw0
06-04 20:53:27.321 I/android.hardware.bluetooth@1.0-impl( 494): [HandleIncomingEvent-549]: rec adv direct packet
06-04 20:53:27.321 D/XM_HIDREAD( 2052): remove@ remove@/devices/virtual/misc/uhid/0005:000D:3838.0001
06-04 20:53:27.322 D/XM_HIDREAD( 2052): poll ret=1, event=18
06-04 20:53:27.322 E/XM_HIDREAD( 2052): (8) thread_io_ready, poll error, event=18
06-04 20:53:27.322 I/bt_btif_gattc( 1081): packages/modules/Bluetooth/system/btif/src/btif_gatt_client.cc:360 btif_gattc_close_impl: client_if=7, conn_id=0, address=xx:xx:xx:xx:c0:7a
06-04 20:53:27.322 D/XM_HIDREAD( 2052): (8) thread_io_thread, finish
06-04 20:53:27.322 E/bt_stack( 1081): [ERROR:bta_gattc_act.cc(312)] No such connection need to be cancelled
06-04 20:53:27.322 D/BluetoothHidHostService( 1081): Connection state XX:XX:XX:XX:C0:7A: 3->0
06-04 20:53:27.322 I/bt_stack( 1081): [INFO:gatt_api.cc(1514)] GATT_CancelConnect: gatt_if:7, address: xx:xx:xx:xx:c0:7a, direct:0
06-04 20:53:27.322 I/bt_btif_gattc( 1081): packages/modules/Bluetooth/system/btif/src/btif_gatt_client.cc:360 btif_gattc_close_impl: client_if=6, conn_id=0, address=xx:xx:xx:xx:c0:7a
06-04 20:53:27.322 E/bt_stack( 1081): [ERROR:bta_gattc_act.cc(312)] No such connection need to be cancelled
06-04 20:53:27.323 I/bt_stack( 1081): [INFO:gatt_api.cc(1514)] GATT_CancelConnect: gatt_if:6, address: xx:xx:xx:xx:c0:7a, direct:0
06-04 20:53:27.323 I/bt_stack( 1081): [INFO:gatt_api.cc(1279)] GATT_Deregister gatt_if=7
06-04 20:53:27.323 I/bt_stack( 1081): [INFO:gatt_api.cc(1279)] GATT_Deregister gatt_if=6
06-04 20:53:27.324 I/InputReader( 711): Device removed: id=10, eventHubId=10, name='Dangbei', descriptor='651c02fc25e22f45bf8fc0886230121b32a1c5c9', sources=KEYBOARD | DPAD | JOYSTICK
06-04 20:53:27.325 D/CachedBluetoothDevice( 1105): onProfileStateChanged: profile HID, device XX:XX:XX:XX:C0:7A, newProfileState 0
06-04 20:53:27.325 D/BluetoothAdapter( 1105): getActiveDevices(profile= A2DP)
06-04 20:53:27.326 I/EventHub( 711): Removing device Dangbei Consumer Control due to epoll hang-up event.
06-04 20:53:27.326 I/EventHub( 711): Removed device: path=/dev/input/event10 name=Dangbei Consumer Control id=11 fd=487 classes=KEYBOARD | DPAD | JOYSTICK | EXTERNAL
06-04 20:53:27.328 D/AdapterProperties( 1081): PROFILE_CONNECTION_STATE_CHANGE: profile=4, device=XX:XX:XX:XX:C0:7A, 3 -> 0
06-04 20:53:27.328 D/XM_HIDREAD( 2052): remove@ remove@/devices/virtual/wakeup/wakeup33
06-04 20:53:27.329 D/AdapterProperties( 1081): ADAPTER_CONNECTION_STATE_CHANGE: XX:XX:XX:XX:C0:7A: 3 -> 0
06-04 20:53:27.329 I/android.hardware.bluetooth@1.0-impl( 494): [HandleIncomingEvent-549]: rec adv direct packet
06-04 20:53:27.333 I/BluetoothAdapterService( 1081): getActiveDevices: A2dp device: null
06-04 20:53:27.333 I/wpa_supplicant( 1187): wpa_driver_nl80211_driver_cmd: wifi vendor: aml_w2_s
06-04 20:53:27.333 I/wpa_supplicant( 1187): wpa_driver_nl80211_driver_cmd: wlan0: private command: BTCOEXSCAN-STOP
06-04 20:53:27.333 D/BluetoothAdapter( 1105): getActiveDevices(profile= HEADSET)
06-04 20:53:27.334 D/hdmicecd( 505): [CEC]:printCecMessage, [4 -> 4] len: 0, body:, result:no ack
06-04 20:53:27.335 D/HDMI ( 711): New logical address for device [4]: [preferred:4, assigned:4]
06-04 20:53:27.335 D/hdmicecd( 505): [HdmiCecControl]:getPhysicalAddress, physical addr: 3000, last pa: 3000, ret = 0
06-04 20:53:27.335 D/hdmicecd( 505): [HdmiCecControl]:getPhysicalAddress, physical addr: 3000, last pa: 3000, ret = 0
06-04 20:53:27.336 D/hdmicecd( 505): [HdmiCecControl]:getPhysicalAddress, physical addr: 3000, last pa: 3000, ret = 0
06-04 20:53:27.336 D/hdmicecd( 505): [HdmiCecControl]:getVendorId, vendorId: 0x1CA410
06-04 20:53:27.336 D/hdmicecd( 505): [HdmiCecControl]:getPhysicalAddress, physical addr: 3000, last pa: 3000, ret = 0
06-04 20:53:27.336 E/MesonHwc( 290): waitVBlank failed crtc[63]ret[-1]
06-04 20:53:27.336 E/MesonHwc( 290): wait for hw vsync error:-1
06-04 20:53:27.336 W/HWComposer( 266): Ignoring duplicate VSYNC event from HWC for display 4616277992360486155 (t=102240802000)
06-04 20:53:27.337 D/HDMI ( 711): addCecDevice new:CEC: logical_address: 0x04 device_type: 4 cec_version: 5 vendor_id: 1877008 display_name: DBBOX-A3 power_status: 0 physical_address: 0x3000 port_id: 0 old:null
06-04 20:53:27.337 I/BluetoothAdapterService( 1081): getActiveDevices: Headset device: null
06-04 20:53:27.337 I/hdmicecd( 505): [HdmiCecControl]:addr:4, allocate result:0
06-04 20:53:27.338 D/BluetoothAdapter( 1105): getActiveDevices(profile= HEARING_AID)
06-04 20:53:27.340 I/BluetoothAdapterService( 1081): getActiveDevices: Hearing Aid devices: Left[null] - Right[null]
06-04 20:53:27.346 D/hdmicecd( 505): [HdmiCecControl]:onAddressAllocated:4
06-04 20:53:27.346 D/HDMI ( 711): onInitializeCecComplete 3
06-04 20:53:27.346 D/HdmiControlService( 711): Local device is under address allocation. Queue display callback for later process.
06-04 20:53:27.347 D/HDMI ( 711): onAddressAllocated address:4 reason:3
06-04 20:53:27.348 I/EventHub( 711): Removing device '/dev/input/event9' due to inotify event
06-04 20:53:27.348 I/EventHub( 711): Removing device '/dev/input/event10' due to inotify event
06-04 20:53:27.348 E/EventHub( 711): Invalid device id=11 provided to isDeviceEnabled
06-04 20:53:27.348 W/InputReader( 711): Ignoring disabled device Dangbei
06-04 20:53:27.348 I/InputReader( 711): Device removed: id=10, eventHubId=11, name='Dangbei', descriptor='651c02fc25e22f45bf8fc0886230121b32a1c5c9', sources=KEYBOARD | DPAD | JOYSTICK
06-04 20:53:27.350 I/bluetooth( 1081): packages/modules/Bluetooth/system/gd/metrics/metrics_state.cc:177 AddStateChangedEvent: LEConnectionMetricsRemoteDevice: Transaction State 0x00000002, Connection Type 0x00000001, Origin Type 0x00000001
06-04 20:53:27.350 I/bluetooth( 1081): packages/modules/Bluetooth/system/gd/metrics/metrics_state.cc:58 AddStateChangedEvent: LEConnectionMetricState: Origin Type: 0x00000001, Connection Type: 0x00000001, Transaction State: 0x00000002
06-04 20:53:27.350 I/bluetooth( 1081): packages/modules/Bluetooth/system/gd/metrics/metrics_state.cc:161 UploadLEConnectionSession: LEConnectionMetricsRemoteDevice: The session is uploaded for xx:xx:xx:xx:c0:7a
06-04 20:53:27.350 W/bluetooth( 1081): packages/modules/Bluetooth/system/main/shim/acl.cc:189 Remove: Unknown device being removed from acceptlist:e4:bb:d3:57:c0:7a[PUBLIC_DEVICE_ADDRESS]
06-04 20:53:27.350 I/bluetooth( 1081): packages/modules/Bluetooth/system/gd/hci/le_address_manager.cc:265 ack_pause: Client already in paused state
06-04 20:53:27.350 I/bluetooth( 1081): packages/modules/Bluetooth/system/stack/gatt/connection_manager.cc:438 on_connection_complete: Le connection completed to device:xx:xx:xx:xx:c0:7a
06-04 20:53:27.350 I/bluetooth( 1081): packages/modules/Bluetooth/system/stack/gatt/connection_manager.cc:438 on_connection_complete: Le connection completed to device:xx:xx:xx:xx:c0:7a
06-04 20:53:27.350 I/bt_btm_ble( 1081): packages/modules/Bluetooth/system/stack/btm/btm_ble.cc:1730 btm_ble_connected: Updating device record timestamp for existing ble connection
06-04 20:53:27.351 I/bluetooth( 1081): packages/modules/Bluetooth/system/gd/hci/le_address_manager.cc:265 ack_pause: Client already in paused state
06-04 20:53:27.351 I/bluetooth( 1081): packages/modules/Bluetooth/system/gd/hci/le_address_manager.cc:265 ack_pause: Client already in paused state
06-04 20:53:27.356 D/CachedBluetoothDevice( 1328): onProfileStateChanged: profile HID, device XX:XX:XX:XX:C0:7A, newProfileState 0
06-04 20:53:27.356 D/BluetoothAdapter( 1328): getActiveDevices(profile= A2DP)
06-04 20:53:27.360 I/bluetooth( 1081): packages/modules/Bluetooth/system/gd/hci/le_address_manager.cc:596 OnCommandComplete: Received command complete with op_code LE_REMOVE_DEVICE_FROM_FILTER_ACCEPT_LIST
06-04 20:53:27.361 I/bluetooth( 1081): packages/modules/Bluetooth/system/gd/hci/le_address_manager.cc:294 resume_registered_clients: Resuming registered clients
06-04 20:53:27.361 I/BluetoothAdapterService( 1081): getActiveDevices: A2dp device: null
06-04 20:53:27.362 D/BluetoothAdapter( 1328): getActiveDevices(profile= HEADSET)
06-04 20:53:27.364 I/BluetoothAdapterService( 1081): getActiveDevices: Headset device: null
06-04 20:53:27.364 D/BluetoothAdapter( 1328): getActiveDevices(profile= HEARING_AID)
06-04 20:53:27.365 I/BluetoothAdapterService( 1081): getActiveDevices: Hearing Aid devices: Left[null] - Right[null]
06-04 20:53:27.394 I/gbei.screencast( 3465): Background concurrent copying GC freed 227578(13MB) AllocSpace objects, 83(3304KB) LOS objects, 49% free, 5861KB/11MB, paused 2.670ms,85us total 183.249ms
06-04 20:53:27.398 I/bt_stack( 1081): [INFO:gatt_attr.cc(950)] gatt_sr_init_cl_status: bda=xx:xx:xx:xx:c0:7a, cl_supp_feat=0000, aware=1
06-04 20:53:27.398 I/bluetooth( 1081): packages/modules/Bluetooth/system/stack/gap/gap_ble.cc:304 client_connect_cback: No active GAP service found for peer:xx:xx:xx:xx:c0:7a callback:Connected
06-04 20:53:27.398 I/bt_bta_gattc( 1081): packages/modules/Bluetooth/system/bta/gatt/bta_gattc_act.cc:1304 bta_gattc_conn_cback: Connected client_if:3 addr:xx:xx:xx:xx:c0:7a, transport:BT_TRANSPORT_LE reason:GATT_CONN_OK
06-04 20:53:27.398 I/bt_bta_gattc( 1081): packages/modules/Bluetooth/system/bta/gatt/bta_gattc_act.cc:1304 bta_gattc_conn_cback: Connected client_if:4 addr:xx:xx:xx:xx:c0:7a, transport:BT_TRANSPORT_LE reason:GATT_CONN_OK
06-04 20:53:27.398 I/bluetooth( 1081): packages/modules/Bluetooth/system/stack/gatt/gatt_main.cc:405 gatt_update_app_use_link_flag: disable link idle timer for xx:xx:xx:xx:c0:7a
06-04 20:53:27.398 I/bt_stack( 1081): [INFO:l2c_api.cc(1607)] L2CA_MarkLeLinkAsActivesetting link to e4:bb:d3:57:c0:7a as active
06-04 20:53:27.398 I/bluetooth( 1081): packages/modules/Bluetooth/system/stack/gatt/gatt_api.cc:1206 GATT_SetIdleTimeout: idle_timeout=65535, is_active=1, status=1 (1-OK 0-not performed)
06-04 20:53:27.398 I/bt_bta_gattc( 1081): packages/modules/Bluetooth/system/bta/gatt/bta_gattc_act.cc:1304 bta_gattc_conn_cback: Connected client_if:5 addr:xx:xx:xx:xx:c0:7a, transport:BT_TRANSPORT_LE reason:GATT_CONN_OK
06-04 20:53:27.398 I/bluetooth( 1081): packages/modules/Bluetooth/system/stack/gatt/connection_manager.cc:438 on_connection_complete: Le connection completed to device:xx:xx:xx:xx:c0:7a
06-04 20:53:27.398 I/bt_stack( 1081): [INFO:l2c_api.cc(1607)] L2CA_MarkLeLinkAsActivesetting link to e4:bb:d3:57:c0:7a as active
06-04 20:53:27.398 I/bluetooth( 1081): packages/modules/Bluetooth/system/stack/gatt/gatt_api.cc:1206 GATT_SetIdleTimeout: idle_timeout=65535, is_active=1, status=1 (1-OK 0-not performed)
06-04 20:53:27.398 I/bluetooth( 1081): packages/modules/Bluetooth/system/stack/gatt/gatt_main.cc:594 check_cached_model_name: Device xx:xx:xx:xx:c0:7a no cached model name
06-04 20:53:27.398 I/bt_btif_dm( 1081): packages/modules/Bluetooth/system/btif/src/btif_dm.cc:642 btif_update_remote_version_property: Remote version info valid:true [xx:xx:xx:xx:c0:7a]: 9, 1bf, 100
06-04 20:53:27.398 E/bta_gattc_main( 1081): packages/modules/Bluetooth/system/bta/gatt/bta_gattc_main.cc:395 bta_gattc_hdl_event: Ignore unknown conn ID: 3
06-04 20:53:27.398 E/bta_gattc_main( 1081): packages/modules/Bluetooth/system/bta/gatt/bta_gattc_main.cc:395 bta_gattc_hdl_event: Ignore unknown conn ID: 4
06-04 20:53:27.399 W/BatteryService( 1081): getBatteryService(): service is NULL
06-04 20:53:27.399 I/bt_bta_gattc( 1081): packages/modules/Bluetooth/system/bta/gatt/bta_gattc_act.cc:549 bta_gattc_conn: Connected to xx:xx:xx:xx:c0:7a, robust caching support is 0
06-04 20:53:27.405 I/BluetoothPhonePolicy( 1081): processDeviceConnected, device=XX:XX:XX:XX:C0:7A
06-04 20:53:27.405 D/BluetoothDatabase( 1081): setConnection: device XX:XX:XX:XX:C0:7A and isA2dpDevice=false
06-04 20:53:27.405 D/BluetoothDatabase( 1081): Updating last connected time for device: XX:XX:XX:XX:C0:7A to 22
06-04 20:53:27.405 D/BluetoothDatabase( 1081): updateDatabase XX:XX:XX:XX:C0:7A
06-04 20:53:27.407 I/audio_hw_hal_primary( 492): [adev_uevent_callback:9131] uevent type=0
06-04 20:53:27.408 I/SystemControl( 317): [/UEventObserver.cpp, HDMITxUenventThreadLoop, 451] HDMI TX switch_name:hdmitx_vmode_audio, switch_state: 1
06-04 20:53:27.409 D/hdmicecd( 505): [HdmiCecControl]:getPhysicalAddress, physical addr: 3000, last pa: 3000, ret = 0
06-04 20:53:27.410 D/HDMI ( 711): [S]: 4F:84:30:00:04
06-04 20:53:27.410 D/hdmicecd( 505): [HdmiCecControl]:getVendorId, vendorId: 0x1CA410
06-04 20:53:27.411 D/hdmicecd( 505): [HdmiCecControl]:getPhysicalAddress, physical addr: 3000, last pa: 3000, ret = 0
06-04 20:53:27.411 D/HDMI ( 711): DeviceDiscoveryAction start com.android.server.hdmi.DeviceDiscoveryAction@57a6a6b
06-04 20:53:27.412 I/HdmiCecLocalDevice( 711): Starting queued action:com.android.server.hdmi.ActiveSourceAction@bda995f
06-04 20:53:27.412 D/HDMI ( 711): setActiveSource logical:0x04 physical:0x3000 ActiveSourceAction
06-04 20:53:27.412 D/hdmicecd( 505): [HdmiCecControl]:getPhysicalAddress, physical addr: 3000, last pa: 3000, ret = 0
06-04 20:53:27.413 D/hdmicecd( 505): [HdmiCecControl]:getPhysicalAddress, physical addr: 3000, last pa: 3000, ret = 0
06-04 20:53:27.413 I/SystemControl( 317): [/UEventObserver.cpp, HDMITxUenventThreadLoop, 451] HDMI TX switch_name:hdmitx_current_status, switch_state: 25
06-04 20:53:27.413 D/HDMI ( 711): ActiveSourceHistoryRecord active source=(0x04, 0x3000) isActiveSource=true from=ActiveSourceAction
06-04 20:53:27.416 I/audio_hw_hal_alsamgr( 492): raw to lpcm switch aml_alsa_output_write
06-04 20:53:27.420 D/HdmiControlService( 711): Switching to full volume behavior
06-04 20:53:27.433 I/SystemControl( 317): [/UEventObserver.cpp, HDMITxUenventThreadLoop, 451] HDMI TX switch_name:hdmitx_current_status, switch_state: 26
06-04 20:53:27.435 I/SystemControl( 317): [/UEventObserver.cpp, HDMITxUenventThreadLoop, 451] HDMI TX switch_name:hdmitx_current_status, switch_state: 27
06-04 20:53:27.438 I/audio_hw_hal_ms12v2( 492): dolby_ms12_threadloop alsa is not running
06-04 20:53:27.438 I/audio_hw_hal_alsamgr( 492): aml_alsa_output_write alsa_running_status[0xe86415a0] change from 0 to 1
06-04 20:53:27.439 E/bond ( 3250): name=Dangbei,state=12,action=android.bluetooth.device.action.ACL_CONNECTED
06-04 20:53:27.439 V/MesonDisplayServer( 290): GetDisplayMode:1080p60hz
06-04 20:53:27.440 I/BLE_Service( 1105): >ACL LINK CONNECTED [Dangbei] - checking for supported devices after delay
06-04 20:53:27.442 I/SystemControl( 317): [/Ubootenv.cpp, get, 336] [ubootenv] get key:1080p_x envValue: 0
06-04 20:53:27.442 I/SystemControl( 317): [/Ubootenv.cpp, get, 336] [ubootenv] get key:1080p_y envValue: 0
06-04 20:53:27.442 I/SystemControl( 317): [/Ubootenv.cpp, get, 336] [ubootenv] get key:1080p_w envValue: 1920
06-04 20:53:27.442 I/SystemControl( 317): [/Ubootenv.cpp, get, 336] [ubootenv] get key:1080p_h envValue: 1080
06-04 20:53:27.442 I/SystemControl( 317): [/Ubootenv.cpp, updateValue, 68] [ubootenv] update value name [ubootenv.var.1080p_x]: value [0]
06-04 20:53:27.442 I/SystemControl( 317): [/Ubootenv.cpp, get, 336] [ubootenv] get key:1080p_x envValue: 0
06-04 20:53:27.442 I/SystemControl( 317): [/Ubootenv.cpp, updateValue, 68] [ubootenv] update value name [ubootenv.var.1080p_y]: value [0]
06-04 20:53:27.442 I/SystemControl( 317): [/Ubootenv.cpp, get, 336] [ubootenv] get key:1080p_y envValue: 0
06-04 20:53:27.442 I/SystemControl( 317): [/Ubootenv.cpp, updateValue, 68] [ubootenv] update value name [ubootenv.var.1080p_w]: value [1920]
06-04 20:53:27.442 I/SystemControl( 317): [/Ubootenv.cpp, get, 336] [ubootenv] get key:1080p_w envValue: 1920
06-04 20:53:27.443 I/SystemControl( 317): [/Ubootenv.cpp, updateValue, 68] [ubootenv] update value name [ubootenv.var.1080p_h]: value [1080]
06-04 20:53:27.443 I/SystemControl( 317): [/Ubootenv.cpp, get, 336] [ubootenv] get key:1080p_h envValue: 1080
06-04 20:53:27.443 V/MesonDisplayServer( 290): SetDisplay[HDMI] DisplayRect to "(0,0,1920,1080)"
06-04 20:53:27.443 V/MesonDisplayServer( 290): SetDisplayViewPort done
06-04 20:53:27.444 I/dangbei111( 1526): cccccc on receiver=android.bluetooth.device.action.ACL_CONNECTED,mac=E4:BB:D3:57:C0:7A
06-04 20:53:27.444 E/dangbei111( 1526): cccccc cancelDiscovery begin
06-04 20:53:27.445 E/Scheduler( 266): trackPendingFrame: Invalid present fence
06-04 20:53:27.453 E/dangbei111( 1526): cccccc 检查遥控器是否连接: Dangbei E4:BB:D3:57:C0:7A
06-04 20:53:27.455 E/dangbei111( 1526): cccccc 检查遥控器是否连接: 蓝牙的结果 Dangbei E4:BB:D3:57:C0:7A true
06-04 20:53:27.455 E/dangbei111( 1526): cccccc input中没有遥控器存在
06-04 20:53:27.455 E/dangbei111( 1526): cccccc 蓝牙状态连接 开启30s check任务
06-04 20:53:27.458 E/dangbei111( 1526): cccccc 开始扫描
06-04 20:53:27.458 D/BluetoothAdapter( 1526): isLeEnabled(): ON
06-04 20:53:27.463 E/MesonHwc( 290): open file [/sys/class/amhdmitx/amhdmitx0/aud_mute] error:Permission denied
06-04 20:53:27.463 E/MesonHwc( 290): open file [/sys/class/amhdmitx/amhdmitx0/aud_mute] error:Permission denied
06-04 20:53:27.463 E/MesonHwc( 290): dolby vision driver is not ready
06-04 20:53:27.464 I/MesonDisplay( 290): [/HDCPTxAuth.cpp, authThread, 173] hdcp_tx thread loop entry
06-04 20:53:27.464 I/MesonDisplay( 290): [/HDCPTxAuth.cpp, start, 109] hdcp_tx, create hdcp thread id = 3908813248 done
06-04 20:53:27.464 D/MesonDisplay( 290): read /sys/class/amhdmitx/amhdmitx0/hdcp_lstore, result length:0, val:
06-04 20:53:27.464 I/SystemControl( 317): [/Ubootenv.cpp, get, 345] [ubootenv] search end and not find env:digitaudiooutput
06-04 20:53:27.464 V/MesonDisplayServer( 290): GetDisplayMode:1080p60hz
06-04 20:53:27.464 I/SystemControl( 317): [/Ubootenv.cpp, get, 336] [ubootenv] get key:hdmichecksum envValue: 0xd3a10000
06-04 20:53:27.464 D/MesonDisplayServer( 290): use connector getDisplayAttribute "HDMI Color ATTR": "422,12bit"
06-04 20:53:27.465 I/SystemControl( 317): [/Ubootenv.cpp, updateValue, 68] [ubootenv] update value name [ubootenv.var.1080p60hz_deepcolor]: value [422,12bit]
06-04 20:53:27.465 I/SystemControl( 317): [/Ubootenv.cpp, get, 336] [ubootenv] get key:1080p60hz_deepcolor envValue: 422,12bit
06-04 20:53:27.465 I/SystemControl( 317): [/Ubootenv.cpp, updateValue, 68] [ubootenv] update value name [ubootenv.var.colorattribute]: value [422,12bit]
06-04 20:53:27.465 I/SystemControl( 317): [/Ubootenv.cpp, get, 336] [ubootenv] get key:colorattribute envValue: 422,12bit
06-04 20:53:27.465 I/SystemControl( 317): [/Ubootenv.cpp, updateValue, 68] [ubootenv] update value name [ubootenv.var.hdmi_colordepth]: value [8]
06-04 20:53:27.465 I/SystemControl( 317): [/Ubootenv.cpp, get, 336] [ubootenv] get key:hdmi_colordepth envValue: 8
06-04 20:53:27.465 I/SystemControl( 317): [/Ubootenv.cpp, updateValue, 68] [ubootenv] update value name [ubootenv.var.hdmi_colorspace]: value [auto]
06-04 20:53:27.465 I/SystemControl( 317): [/Ubootenv.cpp, get, 336] [ubootenv] get key:hdmi_colorspace envValue: auto
06-04 20:53:27.465 I/SystemControl( 317): [/Ubootenv.cpp, updateValue, 68] [ubootenv] update value name [ubootenv.var.outputmode]: value [1080p60hz]
06-04 20:53:27.466 I/SystemControl( 317): [/Ubootenv.cpp, get, 336] [ubootenv] get key:outputmode envValue: 1080p60hz
06-04 20:53:27.466 E/MesonHwc( 290): dolby vision driver is not ready
06-04 20:53:27.467 E/MesonHwc( 290): dolby vision driver is not ready
06-04 20:53:27.468 W/smp_act ( 1081): packages/modules/Bluetooth/system/stack/smp/smp_act.cc:2064 smp_link_encrypted: SMP state machine busy so skipping encryption enable:1 device:xx:xx:xx:xx:c0:7a
06-04 20:53:27.468 W/bt_stack( 1081): [WARNING:bta_gattc_api.cc(689)] notification already registered
06-04 20:53:27.468 E/MesonHwc( 290): dolby vision driver is not ready
06-04 20:53:27.468 W/bt_stack( 1081): [WARNING:bta_gattc_api.cc(689)] notification already registered
06-04 20:53:27.468 W/bt_stack( 1081): [WARNING:bta_gattc_api.cc(689)] notification already registered
06-04 20:53:27.468 I/bluetooth( 1081): packages/modules/Bluetooth/system/stack/eatt/eatt_impl.h:1008 connect: Device xx:xx:xx:xx:c0:7a, role central
06-04 20:53:27.468 I/bluetooth( 1081): packages/modules/Bluetooth/system/btif/co/bta_hh_co.cc:418 bta_hh_co_open: Found an existing device with the same handle dev_status=2, address=xx:xx:xx:xx:c0:7a, attr_mask=0x0000, sub_class=0x00, app_id=255
06-04 20:53:27.468 I/bluetooth( 1081): packages/modules/Bluetooth/system/stack/gatt/gatt_main.cc:405 gatt_update_app_use_link_flag: disable link idle timer for xx:xx:xx:xx:c0:7a
06-04 20:53:27.468 I/bt_stack( 1081): [INFO:l2c_api.cc(1607)] L2CA_MarkLeLinkAsActivesetting link to e4:bb:d3:57:c0:7a as active
06-04 20:53:27.468 I/bluetooth( 1081): packages/modules/Bluetooth/system/stack/gatt/gatt_api.cc:1206 GATT_SetIdleTimeout: idle_timeout=65535, is_active=1, status=1 (1-OK 0-not performed)
06-04 20:53:27.468 D/BluetoothHidHostService( 1081): Connection state XX:XX:XX:XX:C0:7A: 0->1
06-04 20:53:27.468 I/bt_btif_hh( 1081): packages/modules/Bluetooth/system/btif/src/btif_hh.cc:436 hh_open_handler: Found device, getting dscp info for handle 16
06-04 20:53:27.468 I/bt_btif_dm( 1081): packages/modules/Bluetooth/system/btif/src/btif_dm.cc:489 get_cod: get_cod remote_cod = 0x0000050c
06-04 20:53:27.468 I/bt_btif_dm( 1081): packages/modules/Bluetooth/system/btif/src/btif_dm.cc:489 get_cod: get_cod remote_cod = 0x0000050c
06-04 20:53:27.469 W/bt_btif ( 1081): packages/modules/Bluetooth/system/main/bte_logmsg.cc:108 LogMsg: btif_hh_upstreams_evt: name = Dangbei
06-04 20:53:27.469 W/bt_btif ( 1081): packages/modules/Bluetooth/system/main/bte_logmsg.cc:108 LogMsg: bta_hh_co_send_hid_info: fd = 254, name = [Dangbei], dscp_len = 80
06-04 20:53:27.469 W/bt_btif ( 1081): packages/modules/Bluetooth/system/main/bte_logmsg.cc:108 LogMsg: bta_hh_co_send_hid_info: vendor_id = 0x000d, product_id = 0x3838, version= 0x0000,ctry_code=0x00
06-04 20:53:27.469 W/bt_btif ( 1081): packages/modules/Bluetooth/system/main/bte_logmsg.cc:108 LogMsg: bta_hh_co_send_hid_info: wrote descriptor to fd = 254, dscp_len = 80, result = 0
06-04 20:53:27.469 W/bt_stack( 1081): [WARNING:btif_hh.cc(461)] Device xx:xx:xx:xx:c0:7a already added
06-04 20:53:27.469 W/bt_btif ( 1081): packages/modules/Bluetooth/system/main/bte_logmsg.cc:108 LogMsg: btif_hh_upstreams_evt: Device already added
06-04 20:53:27.469 D/MesonHwc( 290): ERR: PLEASE FIX NON-IMPLEMENT FUN(update).
06-04 20:53:27.469 D/XM_HIDREAD( 2052): add@ add@/devices/virtual/misc/uhid/0005:000D:3838.0002
06-04 20:53:27.470 D/MesonComposer3( 290): halEventcallback onHotplug client3.0
06-04 20:53:27.470 D/XM_HIDREAD( 2052): add@ add@/devices/virtual/misc/uhid/0005:000D:3838.0002/input/input12
06-04 20:53:27.470 E/MesonHwc( 290): getPort 11
06-04 20:53:27.470 E/MesonHwc( 290): getPort 11
06-04 20:53:27.471 D/XM_HIDREAD( 2052): add@ add@/devices/virtual/misc/uhid/0005:000D:3838.0002/input/input12/event9
06-04 20:53:27.471 D/XM_HIDREAD( 2052): add@ add@/devices/virtual/misc/uhid/0005:000D:3838.0002/input/input14
06-04 20:53:27.473 D/XM_HIDREAD( 2052): add@ add@/devices/virtual/misc/uhid/0005:000D:3838.0002/input/input14/event10
06-04 20:53:27.473 D/XM_HIDREAD( 2052): add@ add@/devices/virtual/misc/uhid/0005:000D:3838.0002/hidraw/hidraw0
06-04 20:53:27.473 D/XM_HIDREAD( 2052): ready open:/dev/hidraw0
06-04 20:53:27.473 D/XM_HIDREAD( 2052): open:/dev/hidraw0 resultFD:-1
06-04 20:53:27.473 E/XM_HIDREAD( 2052): open hidraw error: No such file or directory, wait to retry...
06-04 20:53:27.476 I/SurfaceFlinger( 266): Reconnecting display 4616277992360486155 (HAL ID 0)
06-04 20:53:27.476 I/SystemControl( 317): notify plugin
06-04 20:53:27.476 I/SystemControl( 317): [/SystemControlHal.cpp, onEvent, 72] onEvent event:3, client size:5
06-04 20:53:27.476 I/SystemControlClient( 503): notifyCallback event type:3
06-04 20:53:27.476 I/SystemControlClient( 503): notifyCallback: listener is NULL.
06-04 20:53:27.477 I/SystemControlClient( 498): notifyCallback event type:3
06-04 20:53:27.477 I/SystemControlClient( 498): notifyCallback: listener is NULL.
06-04 20:53:27.477 I/SystemControlClient( 502): notifyCallback event type:3
06-04 20:53:27.477 I/SystemControlClient( 502): notifyCallback: listener is NULL.
06-04 20:53:27.477 I/SystemControlClient( 248): notifyCallback event type:3
06-04 20:53:27.477 I/SystemControlClient( 248): notifyCallback: listener is NULL.
06-04 20:53:27.477 E/MesonComposer3( 290): destroyLayer: display:0 failed to destroy layer:268
06-04 20:53:27.477 E/HwcComposer( 266): destroyLayer failed Status(-8, EX_SERVICE_SPECIFIC): '3: '
06-04 20:53:27.477 E/HWC2 ( 266): destroyLayer(0, 268) failed: BadLayer (3)
06-04 20:53:27.477 E/MesonComposer3( 290): destroyLayer: display:0 failed to destroy layer:11
06-04 20:53:27.478 E/HwcComposer( 266): destroyLayer failed Status(-8, EX_SERVICE_SPECIFIC): '3: '
06-04 20:53:27.478 E/HWC2 ( 266): destroyLayer(0, 11) failed: BadLayer (3)
06-04 20:53:27.478 I/SystemControlEvent( 1105): system control callback event: 3
06-04 20:53:27.478 I/bluetooth( 1081): packages/modules/Bluetooth/system/stack/gatt/gatt_sr.cc:839 gatts_process_mtu_req: MTU 247 request from remote (e4:bb:d3:57:c0:7a), resulted MTU 247
06-04 20:53:27.478 I/bt_btm_ble( 1081): packages/modules/Bluetooth/system/stack/btm/btm_ble.cc:620 BTM_SetBleDataLength: xx:xx:xx:xx:c0:7a, 251
06-04 20:53:27.478 E/HwcComposer( 266): setClientTargetSlotCount failed Status(-8, EX_SERVICE_SPECIFIC): '4: '
06-04 20:53:27.478 W/bt_stack( 1081): [WARNING:gatt_utils.cc(831)] Call back not found for application conn_id=3
06-04 20:53:27.478 W/bt_stack( 1081): [WARNING:gatt_utils.cc(831)] Call back not found for application conn_id=4
06-04 20:53:27.478 W/bt_stack( 1081): [WARNING:gatt_utils.cc(831)] Call back not found for application conn_id=5
06-04 20:53:27.480 E/xxxxxxxxxxxxxxx( 1559): onReceive:mIsHDMIPlugged = true
06-04 20:53:27.480 E/ccc ( 1526): cccccc hdmi plug reset
06-04 20:53:27.483 D/BluetoothHidHostService( 1081): Connection state XX:XX:XX:XX:C0:7A: 1->2
06-04 20:53:27.484 D/CachedBluetoothDevice( 1105): onProfileStateChanged: profile HID, device XX:XX:XX:XX:C0:7A, newProfileState 1
06-04 20:53:27.484 D/BluetoothAdapter( 1105): getActiveDevices(profile= A2DP)
06-04 20:53:27.490 D/AdapterProperties( 1081): PROFILE_CONNECTION_STATE_CHANGE: profile=4, device=XX:XX:XX:XX:C0:7A, 0 -> 1
06-04 20:53:27.491 D/EventHub( 711): No input device configuration file found for device 'Dangbei Consumer Control'.
06-04 20:53:27.492 D/AdapterProperties( 1081): ADAPTER_CONNECTION_STATE_CHANGE: XX:XX:XX:XX:C0:7A: 0 -> 1
06-04 20:53:27.492 D/CachedBluetoothDevice( 1328): onProfileStateChanged: profile HID, device XX:XX:XX:XX:C0:7A, newProfileState 1
06-04 20:53:27.492 D/BluetoothAdapter( 1328): getActiveDevices(profile= A2DP)
06-04 20:53:27.493 W/EventHub( 711): Unable to disable kernel key repeat for /dev/input/event10: Function not implemented
06-04 20:53:27.493 I/EventHub( 711): usingClockIoctl=true
06-04 20:53:27.493 I/EventHub( 711): New device: id=12, fd=351, path='/dev/input/event10', name='Dangbei Consumer Control', classes=KEYBOARD | DPAD | JOYSTICK | EXTERNAL, configuration='', keyLayout='/vendor/usr/keylayout/Vendor_000d_Product_3838.kl', keyCharacterMap='/system/usr/keychars/Generic.kcm', builtinKeyboard=false,
06-04 20:53:27.494 I/InputReader( 711): Device added: id=11, eventHubId=12, name='Dangbei Consumer Control', descriptor='651c02fc25e22f45bf8fc0886230121b32a1c5c9',sources=KEYBOARD | DPAD | JOYSTICK
06-04 20:53:27.494 I/BluetoothAdapterService( 1081): getActiveDevices: A2dp device: null
06-04 20:53:27.497 D/BluetoothAdapter( 1105): getActiveDevices(profile= HEADSET)
06-04 20:53:27.498 D/AdapterProperties( 1081): PROFILE_CONNECTION_STATE_CHANGE: profile=4, device=XX:XX:XX:XX:C0:7A, 1 -> 2
06-04 20:53:27.500 I/BluetoothAdapterService( 1081): getActiveDevices: A2dp device: null
06-04 20:53:27.501 I/wpa_supplicant( 1187): wpa_driver_nl80211_driver_cmd: wifi vendor: aml_w2_s
06-04 20:53:27.501 I/wpa_supplicant( 1187): wpa_driver_nl80211_driver_cmd: wlan0: private command: BTCOEXSCAN-START
06-04 20:53:27.502 D/BluetoothAdapter( 1328): getActiveDevices(profile= HEADSET)
06-04 20:53:27.503 I/Scheduler( 266): Display 4616277992360486155 is the pacesetter
06-04 20:53:27.503 D/AdapterProperties( 1081): ADAPTER_CONNECTION_STATE_CHANGE: XX:XX:XX:XX:C0:7A: 1 -> 2
06-04 20:53:27.503 E/SchedulerTimer( 266): Terminated
06-04 20:53:27.503 D/SurfaceFlinger( 266): Setting power mode 2 on display 4616277992360486155
06-04 20:53:27.504 D/SurfaceFlinger( 266): Finished setting power mode 2 on display 4616277992360486155
06-04 20:53:27.507 I/BluetoothAdapterService( 1081): getActiveDevices: Headset device: null
06-04 20:53:27.508 I/MesonDisplay( 290): [/mode_policy.c, meson_mode_set_policy, 1177] connector:0 to policy:0
06-04 20:53:27.509 I/MesonDisplay( 290): [/mode_policy.c, is_dv_prefer, 66] not prefer dv, hdr_priority:10000010
06-04 20:53:27.509 I/MesonDisplay( 290): [/mode_policy.c, is_dv_prefer, 66] not prefer dv, hdr_priority:10000010
06-04 20:53:27.509 I/MesonDisplay( 290): [/mode_policy.c, hdr_scene_process, 724] policy:0 is_bestcolorspace:1 state:0
06-04 20:53:27.509 I/MesonDisplay( 290): [/mode_policy_parser.c, is_support_hdmimode, 115] is_support_hdmimode mode: none not support
06-04 20:53:27.509 I/MesonDisplay( 290): [/mode_policy_parser.c, is_support_hdmimode, 110] is_support_hdmimode mode: 2160p60hz
06-04 20:53:27.509 D/MesonDisplay( 290): meson_write /sys/class/amhdmitx/amhdmitx0/valid_mode, outputmode:2160p60hz422,12bit
06-04 20:53:27.509 D/MesonDisplay( 290): valid mode is false!
06-04 20:53:27.509 I/MesonDisplay( 290): [/mode_policy_parser.c, is_support_hdmimode, 110] is_support_hdmimode mode: 2160p50hz
06-04 20:53:27.509 D/MesonDisplay( 290): meson_write /sys/class/amhdmitx/amhdmitx0/valid_mode, outputmode:2160p50hz422,12bit
06-04 20:53:27.509 D/MesonDisplay( 290): valid mode is false!
06-04 20:53:27.509 I/MesonDisplay( 290): [/mode_policy.c, is_support_4kHDR, 507] is_support_4kHDR 4k hdr not support
06-04 20:53:27.509 I/MesonDisplay( 290): [/mode_policy_parser.c, is_support_hdmimode, 110] is_support_hdmimode mode: 1080p60hz
06-04 20:53:27.509 D/MesonDisplay( 290): meson_write /sys/class/amhdmitx/amhdmitx0/valid_mode, outputmode:1080p60hz422,12bit
06-04 20:53:27.509 D/MesonDisplay( 290): valid mode is true!
06-04 20:53:27.509 I/MesonDisplay( 290): [/mode_policy.c, is_support_non4kHDR, 552] is_support_non4kHDR mode:[1080p60hz], color format:[422,12bit]
06-04 20:53:27.509 I/MesonDisplay( 290): [/mode_policy.c, meson_mode_get_policy_output, 1289] final_displaymode:1080p60hz, final_deepcolor:422,12bit, amdv_type:0
06-04 20:53:27.509 I/MesonDisplay( 290): [/mode_policy.c, meson_mode_set_policy, 1177] connector:0 to policy:0
06-04 20:53:27.509 I/bt_stack( 1081): [INFO:eatt_impl.h(888)] supported_features_cb e4:bb:d3:57:c0:7a is_eatt_supported = 0
06-04 20:53:27.511 D/BluetoothAdapter( 1105): getActiveDevices(profile= HEARING_AID)
06-04 20:53:27.513 I/BluetoothAdapterService( 1081): getActiveDevices: Headset device: null
06-04 20:53:27.513 D/LocalDisplayAdapter( 711): The active mode was changed from SurfaceFlinger or the display device to {id=39, width=1920, height=1080, fps=59.94006, alternativeRefreshRates=[], supportedHdrTypes=[2]}
06-04 20:53:27.514 D/LocalDisplayAdapter( 711): New display modes are added and the active mode has changed, use active mode as default mode.
06-04 20:53:27.514 W/LocalDisplayAdapter( 711): DisplayModeSpecs base mode no longer available, using currently active mode.
06-04 20:53:27.514 I/DisplayDeviceRepository( 711): Display device changed: DisplayDeviceInfo{"内置屏幕": uniqueId="local:4616277992360486155", 1920 x 1080, modeId 38, renderFrameRate 59.94006, defaultModeId 38, supportedModes [{id=38, width=1920, height=1080, fps=59.94006, alternativeRefreshRates=[], supportedHdrTypes=[]}], colorMode 0, supportedColorModes [0], hdrCapabilities HdrCapabilities{mSupportedHdrTypes=[], mMaxLuminance=500.0, mMaxAverageLuminance=500.0, mMinLuminance=0.0}, allmSupported false, gameContentTypeSupported true, density 240, 39.973 x 39.756 dpi, appVsyncOff 2000000, presDeadline 13683333, touch INTERNAL, rotation 0, type INTERNAL, address {port=11, model=0x401050603f19a5}, deviceProductInfo DeviceProductInfo{name=Linux FHD, manufacturerPnpId=LNX, productId=0, modelYear=null, manufactureDate=ManufactureDate{week=5, year=2012}, connectionToSinkType=0}, state ON, committedState ON, frameRateOverride , brightnessMinimum 0.0, brightnessMaximum 1.0, brightnessDefault 0.39763778, hdrSdrRatio NaN, FLAG_ALLOWED_TO_BE_DEFAULT_DISPLAY, FLAG_ROTATES_WITH_CONTENT, FLAG_SECURE, FLAG_SUPPORTS_PROTECTED_BUFFERS, FLAG_TRUSTED, installOrientation 0, displayShape DisplayShape{ spec=729782573 displayWidth=1920 displayHeight=1080 physicalPixelDisplaySizeRatio=1.0 rotation=0 offsetX=0 offsetY=0 scale=1.0}}
06-04 20:53:27.515 D/BluetoothAdapter( 1328): getActiveDevices(profile= HEARING_AID)
06-04 20:53:27.516 D/EventHub( 711): No input device configuration file found for device 'Dangbei'.
06-04 20:53:27.518 I/EventHub( 711): usingClockIoctl=true
06-04 20:53:27.518 I/EventHub( 711): New device: id=13, fd=442, path='/dev/input/event9', name='Dangbei', classes=KEYBOARD | DPAD | EXTERNAL, configuration='', keyLayout='/vendor/usr/keylayout/Vendor_000d_Product_3838.kl', keyCharacterMap='/system/usr/keychars/Generic.kcm', builtinKeyboard=false,
06-04 20:53:27.518 I/InputReader( 711): Device added: id=11, eventHubId=13, name='Dangbei', descriptor='d1a64ac59cff7d0d22206f3b378df7c5b30d32d8',sources=KEYBOARD | DPAD | JOYSTICK
06-04 20:53:27.519 I/RefreshRateSelector( 266): Display 4616277992360486155 policy changed
06-04 20:53:27.519 I/RefreshRateSelector( 266): Previous: {defaultModeId=39, allowGroupSwitching=false, primaryRanges={physical=[0.00 Hz, 340282346638528859811704183484516925440.00 Hz], render=[0.00 Hz, 340282346638528859811704183484516925440.00 Hz]}, appRequestRanges={physical=[0.00 Hz, 340282346638528859811704183484516925440.00 Hz], render=[0.00 Hz, 340282346638528859811704183484516925440.00 Hz]}}
06-04 20:53:27.519 I/RefreshRateSelector( 266): Current: DisplayManagerPolicy{defaultModeId=39, allowGroupSwitching=false, primaryRanges={physical=[0.00 Hz, inf Hz], render=[0.00 Hz, 120.00 Hz]}, appRequestRanges={physical=[0.00 Hz, inf Hz], render=[0.00 Hz, inf Hz]}}
06-04 20:53:27.519 I/RefreshRateSelector( 266): 0 mode changes were performed under the previous policy
06-04 20:53:27.524 I/BluetoothAdapterService( 1081): getActiveDevices: Hearing Aid devices: Left[null] - Right[null]
06-04 20:53:27.525 D/CachedBluetoothDevice( 1105): onProfileStateChanged: profile HID, device XX:XX:XX:XX:C0:7A, newProfileState 2
06-04 20:53:27.525 D/BluetoothAdapter( 1105): getActiveDevices(profile= A2DP)
06-04 20:53:27.526 I/BluetoothAdapterService( 1081): getActiveDevices: Hearing Aid devices: Left[null] - Right[null]
06-04 20:53:27.528 D/CachedBluetoothDevice( 1328): onProfileStateChanged: profile HID, device XX:XX:XX:XX:C0:7A, newProfileState 2
06-04 20:53:27.528 I/wpa_supplicant( 1187): wpa_driver_nl80211_driver_cmd: wifi vendor: aml_w2_s
06-04 20:53:27.528 I/wpa_supplicant( 1187): wpa_driver_nl80211_driver_cmd: wlan0: private command: BTCOEXSCAN-START
06-04 20:53:27.528 D/BluetoothAdapter( 1328): getActiveDevices(profile= A2DP)
