05-24 13:18:46.130 297 391 W EventThread: Ignoring VSYNC request while display is disconnected
05-24 13:18:46.131 272 313 D sunxihwc: getHdrCapabilities: getHdrCapabilities: support hdr10 and hlg
05-24 13:18:46.131 297 297 W HwcComposer: getPerFrameMetadataKeys failed with 8
05-24 13:18:46.135 285 285 I display.output-service: platform is homlet
05-24 13:18:46.137 269 269 I gralloc : alloc buffer:W:1920 H:1080 S:1920 PL[1920 1080] SZ:8294400 fmt:1 if:0 af:1 usg:1b00 fg:00000004
05-24 13:18:46.141 269 269 I gralloc : alloc buffer:W:1920 H:1080 S:1920 PL[1920 1080] SZ:8294400 fmt:1 if:0 af:1 usg:1b00 fg:00000004
05-24 13:18:46.142 297 297 I SurfaceFlinger: Dispatching display hotplug event displayId=0, connected=1
05-24 13:18:46.148 191 191 I servicemanager: Found vendor.display.output.IDisplayOutputManager/default in device VINTF manifest.
05-24 13:18:46.150 272 388 I sunxihwc: pollThreadLoop: polling VsyncThread start
05-24 13:18:46.151 372 372 I installd: installd firing up
05-24 13:18:46.153 297 395 W SurfaceFlinger: Failed to set thread name on dispatch thread
05-24 13:18:46.157 272 387 I sunxihwc: threadLoop: set CommitThread priority as HAL_PRIORITY_URGENT_DISPLAY
05-24 13:18:46.160 383 383 I storaged: type=1400 audit(0.0:291): avc: denied { read } for path="/sys/kernel/debug/mmc0/mmc0:0001/ext_csd" dev="debugfs" ino=5997 scontext=u:r:storaged:s0 tcontext=u:object_r:debugfs_mmc:s0 tclass=file permissive=1
05-24 13:18:46.220 278 278 I EventThread: type=1400 audit(0.0:292): avc: denied { search } for name="extcon" dev="sysfs" ino=18109 scontext=u:r:hal_tv_cec_default:s0 tcontext=u:object_r:sysfs_extcon:s0 tclass=dir permissive=1
05-24 13:18:46.319 189 189 I lowmemorykiller: lmkd data connection established
05-24 13:18:46.334 398 398 D dom2reg : timezone change, new: Asia/Shanghai, pre:
05-24 13:18:46.340 398 398 D dom2reg : convert timezone to alpha2 country code: CN
05-24 13:18:46.342 398 398 D dom2reg : regulatory set to [CN] success(0)
05-24 13:18:46.370 399 399 D WifiHWInfo: Start to load wireless module hardware info table...
05-24 13:18:46.386 386 386 I wificond: wificond is starting up...
05-24 13:18:46.384 338 338 I rainbow_flow: type=1400 audit(0.0:293): avc: denied { ioctl } for path="/dev/spidev1.0" dev="tmpfs" ino=212 ioctlcmd=0x6b00 scontext=u:r:init:s0 tcontext=u:object_r:device:s0 tclass=chr_file permissive=1
05-24 13:18:46.387 399 399 D WifiHWInfo: Entry [01], BUS: SDIO, ID: 0x024C8179, Name: rtl8189es.
05-24 13:18:46.387 399 399 D WifiHWInfo: Entry [02], BUS: SDIO, ID: 0x024CB723, Name: rtl8723bs_vq0.
05-24 13:18:46.387 399 399 D WifiHWInfo: Entry [03], BUS: SDIO, ID: 0x024CB703, Name: rtl8723cs.
05-24 13:18:46.387 399 399 D WifiHWInfo: Entry [04], BUS: SDIO, ID: 0x024CD723, Name: rtl8723ds.
05-24 13:18:46.387 399 399 D WifiHWInfo: Entry [05], BUS: SDIO, ID: 0x024CF179, Name: rtl8189fs.
05-24 13:18:46.387 399 399 D WifiHWInfo: Entry [06], BUS: SDIO, ID: 0x024CB822, Name: rtl88x2bs.
05-24 13:18:46.387 399 399 D WifiHWInfo: Entry [07], BUS: USB, ID: 0x0BDAD723, Name: rtl8723du.
05-24 13:18:46.387 399 399 D WifiHWInfo: Entry [08], BUS: USB, ID: 0x0BDA8179, Name: rtl8188etv.
05-24 13:18:46.387 399 399 D WifiHWInfo: Entry [09], BUS: USB, ID: 0x0BDA0179, Name: rtl8188eu.
05-24 13:18:46.387 399 399 D WifiHWInfo: Entry [10], BUS: USB, ID: 0x0BDA818B, Name: rtl8192eu.
05-24 13:18:46.387 399 399 D WifiHWInfo: Entry [11], BUS: USB, ID: 0x0BDAB720, Name: rtl8723bu.
05-24 13:18:46.387 399 399 D WifiHWInfo: Entry [12], BUS: USB, ID: 0x0BDAC82C, Name: rtl8822cu.
05-24 13:18:46.387 399 399 D WifiHWInfo: Entry [13], BUS: USB, ID: 0x0BDAF179, Name: rtl8188fu.
05-24 13:18:46.387 399 399 D WifiHWInfo: Entry [14], BUS: SDIO, ID: 0x02D0A9A6, Name: ap6212.
05-24 13:18:46.387 399 399 D WifiHWInfo: Entry [15], BUS: SDIO, ID: 0x02D04330, Name: ap6330.
05-24 13:18:46.387 399 399 D WifiHWInfo: Entry [16], BUS: SDIO, ID: 0x02D04356, Name: ap6356s.
05-24 13:18:46.387 399 399 D WifiHWInfo: Entry [17], BUS: SDIO, ID: 0x02D0A9BF, Name: ap6255.
05-24 13:18:46.387 399 399 D WifiHWInfo: Entry [18], BUS: SDIO, ID: 0x02D04334, Name: bcm43342.
05-24 13:18:46.387 399 399 D WifiHWInfo: Entry [19], BUS: SDIO, ID: 0x00202281, Name: xr819.
05-24 13:18:46.387 399 399 D WifiHWInfo: Entry [20], BUS: SDIO, ID: 0x0A9E2282, Name: xr829.
05-24 13:18:46.387 399 399 D WifiHWInfo: Entry [21], BUS: SDIO, ID: 0x0271050A, Name: qca6174a.
05-24 13:18:46.387 399 399 D WifiHWInfo: Entry [22], BUS: SDIO, ID: 0x30303030, Name: ssv6x5x.
05-24 13:18:46.387 399 399 D WifiHWInfo: Entry [23], BUS: SDIO, ID: 0x00000000, Name: uwe5621.
05-24 13:18:46.387 399 399 D WifiHWInfo: Entry [24], BUS: SDIO, ID: 0x54490145, Name: aic8800.
05-24 13:18:46.387 399 399 D WifiHWInfo: Entry [25], BUS: SDIO, ID: 0xC8A1C08D, Name: aic8800.
05-24 13:18:46.387 399 399 D WifiHWInfo: Entry [26], BUS: USB, ID: 0xA69C8800, Name: aic8800.
05-24 13:18:46.387 399 399 D WifiHWInfo: Entry [27], BUS: USB, ID: 0x007A8888, Name: atbm6023is.
05-24 13:18:46.387 399 399 D WifiHWInfo: Entry [28], BUS: SDIO, ID: 0x02E79086, Name: 9012p.
05-24 13:18:46.387 399 399 D WifiHWInfo: Entry [29], BUS: SDIO, ID: 0x007A6011, Name: atbm613x_wifi_sdio.
05-24 13:18:46.387 399 399 D WifiHWInfo: Entry [30], BUS: SDIO, ID: 0x024CC822, Name: 88x2cs.
05-24 13:18:46.387 399 399 D WifiHWInfo: Entry [31], BUS: SDIO, ID: 0x000018F0, Name: dummy.
05-24 13:18:46.388 399 399 D HWINFO : ********** Wireless information **********
05-24 13:18:46.388 399 399 D HWINFO : module vendor: sprd
05-24 13:18:46.388 399 399 D HWINFO : module name : uwe5621
05-24 13:18:46.388 399 399 D HWINFO : wifi hal name: libwifi-hal-sprd.so
05-24 13:18:46.388 399 399 D HWINFO : libbt-vendor : libbt-sprd.so
05-24 13:18:46.388 399 399 D HWINFO : is bt support: 1
05-24 13:18:46.388 399 399 D HWINFO : ******************************************
05-24 13:18:46.406 386 386 E cutils-trace: Error opening trace file: No such file or directory (2)
05-24 13:18:46.422 386 386 I HidlServiceManagement: Registered android.system.wifi.keystore@1.0::IKeystore/default
05-24 13:18:46.552 175 175 I sunxi-rfkill soc@3000000: rfkill: set block: 1
05-24 13:18:46.561 175 175 I sunxi-rfkill soc@3000000: rfkill: bt power off success
05-24 13:18:46.440 343 343 I xiriservice_All: type=1400 audit(0.0:294): avc: denied { read } for scontext=u:r:init:s0 tcontext=u:r:init:s0 tclass=netlink_kobject_uevent_socket permissive=1
05-24 13:18:46.464 407 407 E cutils-trace: Error opening trace file: No such file or directory (2)
05-24 13:18:46.504 409 409 W kmsgd : logRotateSizeKBytes is 8192
05-24 13:18:46.506 409 409 W kmsgd : maxRotatedLogs is 8
05-24 13:18:46.506 409 409 W kmsgd : outputFileName is /data/media/awlog/kernel/kmsg
05-24 13:18:46.510 409 409 I kmsgd : openLogFile append
05-24 13:18:46.524 407 407 I usbd : Usb HAL found.
05-24 13:18:46.524 407 407 I usbd : peristent prop is adb
05-24 13:18:46.509 405 405 I gatekeeperd: Starting gatekeeperd...
05-24 13:18:46.543 405 405 E cutils-trace: Error opening trace file: No such file or directory (2)
05-24 13:18:46.568 281 281 I android.hardware.usb.gadget@1.1-service.aw: setCurrentUsbFunctions None
05-24 13:18:46.568 281 281 I android.hardware.usb.gadget@1.1-service.aw: Gadget cannot be pulled down
05-24 13:18:46.569 281 281 I android.hardware.usb.gadget@1.1-service.aw: mMonitor not running
05-24 13:18:46.569 281 281 I android.hardware.usb.gadget@1.1-service.aw: Returned from tearDown gadget
05-24 13:18:46.638 258 258 D zygote : Time zone APEX ICU file found: /apex/com.android.tzdata/etc/icu/icu_tzdata.dat
05-24 13:18:46.640 258 258 D zygote : I18n APEX ICU file found: /apex/com.android.i18n/etc/icu/icudt68l.dat
05-24 13:18:46.669 281 281 I android.hardware.usb.gadget@1.1-service.aw: setCurrentUsbFunctions Adb
05-24 13:18:46.670 281 281 I android.hardware.usb.gadget@1.1-service.aw: Service started
05-24 13:18:46.670 281 281 I android.hardware.usb.gadget@1.1-service.aw: Usb Gadget setcurrent functions called successfully
05-24 13:18:46.671 412 412 I adbd : persist.adb.watchdog set to ''
05-24 13:18:46.672 412 412 I adbd : persist.sys.test_harness set to ''
05-24 13:18:46.672 412 412 I adbd : adb watchdog timeout set to 600 seconds
05-24 13:18:46.673 412 412 I adbd : Setup mdns on port= 5555
05-24 13:18:46.673 412 412 I adbd : adbd listening on tcp:5555
05-24 13:18:46.673 412 412 I adbd : adbd listening on vsock:5555
05-24 13:18:46.673 412 412 I adbd : adbd started
05-24 13:18:46.681 412 416 I adbd : Waiting for persist.adb.tls_server.enable=1
05-24 13:18:46.689 412 418 I adbd : opening control endpoint /dev/usb-ffs/adb/ep0
05-24 13:18:46.817 418 418 I : read descriptors
05-24 13:18:46.837 418 418 I : read strings
05-24 13:18:46.722 281 414 I android.hardware.usb.gadget@1.1-service.aw: GADGET pulled up
05-24 13:18:46.725 406 406 I update_engine: [INFO:main.cc(55)] A/B Update Engine starting
05-24 13:18:46.724 278 278 I EventThread: type=1400 audit(0.0:295): avc: denied { search } for name="extcon" dev="sysfs" ino=18109 scontext=u:r:hal_tv_cec_default:s0 tcontext=u:object_r:sysfs_extcon:s0 tclass=dir permissive=1
05-24 13:18:46.726 412 418 I adbd : UsbFfsConnection constructed
05-24 13:18:46.731 396 396 I android.hardware.media.omx@1.0-service: mediacodecservice starting
05-24 13:18:46.740 412 424 I adbd : UsbFfs-monitor thread spawned
05-24 13:18:46.740 412 424 I adbd : USB event: FUNCTIONFS_BIND
05-24 13:18:46.746 406 406 E cutils-trace: Error opening trace file: No such file or directory (2)
05-24 13:18:46.747 258 258 I zygote : Using memfd for future sealing
05-24 13:18:46.749 396 396 W android.hardware.media.omx@1.0-service: Could not read additional policy file '/vendor/etc/seccomp_policy/mediacodec.policy'
05-24 13:18:46.750 396 396 W android.hardware.media.omx@1.0-service: libminijail[396]: failed to get path of fd 4: No such file or directory
05-24 13:18:46.751 396 396 W android.hardware.media.omx@1.0-service: libminijail[396]: allowing syscall: clock_gettime
05-24 13:18:46.755 396 396 W android.hardware.media.omx@1.0-service: libminijail[396]: allowing syscall: connect
05-24 13:18:46.756 396 396 W android.hardware.media.omx@1.0-service: libminijail[396]: allowing syscall: fcntl64
05-24 13:18:46.756 396 396 W android.hardware.media.omx@1.0-service: libminijail[396]: allowing syscall: socket
05-24 13:18:46.756 396 396 W android.hardware.media.omx@1.0-service: libminijail[396]: allowing syscall: writev
05-24 13:18:46.756 404 404 I mediaswcodec: media swcodec service starting
05-24 13:18:46.766 396 396 W android.hardware.media.omx@1.0-service: libminijail[396]: compile_file: (59): syscall getrandom redefined here
05-24 13:18:46.766 396 396 W android.hardware.media.omx@1.0-service: libminijail[396]: compile_file: (15): previous definition here
05-24 13:18:46.769 401 401 E cutils-trace: Error opening trace file: No such file or directory (2)
05-24 13:18:46.775 404 404 W mediaswcodec: Could not read additional policy file '/vendor/etc/seccomp_policy/mediaswcodec.policy'
05-24 13:18:46.776 404 404 W mediaswcodec: libminijail[404]: failed to get path of fd 4: No such file or directory
05-24 13:18:46.776 404 404 W mediaswcodec: libminijail[404]: allowing syscall: clock_gettime
05-24 13:18:46.776 404 404 W mediaswcodec: libminijail[404]: allowing syscall: connect
05-24 13:18:46.776 404 404 W mediaswcodec: libminijail[404]: allowing syscall: fcntl64
05-24 13:18:46.776 404 404 W mediaswcodec: libminijail[404]: allowing syscall: socket
05-24 13:18:46.776 404 404 W mediaswcodec: libminijail[404]: allowing syscall: writev
05-24 13:18:46.777 404 404 W mediaswcodec: libminijail[404]: compile_file: (71): syscall futex redefined here
05-24 13:18:46.777 404 404 W mediaswcodec: libminijail[404]: compile_file: (15): previous definition here
05-24 13:18:46.781 396 396 W android.hardware.media.omx@1.0-service: libminijail[396]: compile_file: /system/etc/seccomp_policy/crash_dump.arm.policy(1): syscall read redefined here
05-24 13:18:46.781 396 396 W android.hardware.media.omx@1.0-service: libminijail[396]: compile_file: (9): previous definition here
05-24 13:18:46.781 404 404 W mediaswcodec: libminijail[404]: logging seccomp filter failures
05-24 13:18:46.781 396 396 W android.hardware.media.omx@1.0-service: libminijail[396]: compile_file: /system/etc/seccomp_policy/crash_dump.arm.policy(2): syscall write redefined here
05-24 13:18:46.781 396 396 W android.hardware.media.omx@1.0-service: libminijail[396]: compile_file: (5): previous definition here
05-24 13:18:46.781 396 396 W android.hardware.media.omx@1.0-service: libminijail[396]: compile_file: /system/etc/seccomp_policy/crash_dump.arm.policy(3): syscall exit redefined here
05-24 13:18:46.781 396 396 W android.hardware.media.omx@1.0-service: libminijail[396]: compile_file: (40): previous definition here
05-24 13:18:46.782 396 396 W android.hardware.media.omx@1.0-service: libminijail[396]: compile_file: /system/etc/seccomp_policy/crash_dump.arm.policy(4): syscall rt_sigreturn redefined here
05-24 13:18:46.782 396 396 W android.hardware.media.omx@1.0-service: libminijail[396]: compile_file: (45): previous definition here
05-24 13:18:46.782 396 396 W android.hardware.media.omx@1.0-service: libminijail[396]: compile_file: /system/etc/seccomp_policy/crash_dump.arm.policy(6): syscall exit_group redefined here
05-24 13:18:46.782 396 396 W android.hardware.media.omx@1.0-service: libminijail[396]: compile_file: (44): previous definition here
05-24 13:18:46.782 396 396 W android.hardware.media.omx@1.0-service: libminijail[396]: compile_file: /system/etc/seccomp_policy/crash_dump.arm.policy(7): syscall clock_gettime redefined here
05-24 13:18:46.782 396 396 W android.hardware.media.omx@1.0-service: libminijail[396]: compile_file: (7): previous definition here
05-24 13:18:46.782 396 396 W android.hardware.media.omx@1.0-service: libminijail[396]: compile_file: /system/etc/seccomp_policy/crash_dump.arm.policy(8): syscall gettimeofday redefined here
05-24 13:18:46.782 396 396 W android.hardware.media.omx@1.0-service: libminijail[396]: compile_file: (47): previous definition here
05-24 13:18:46.782 396 396 W android.hardware.media.omx@1.0-service: libminijail[396]: compile_file: /system/etc/seccomp_policy/crash_dump.arm.policy(9): syscall futex redefined here
05-24 13:18:46.782 396 396 W android.hardware.media.omx@1.0-service: libminijail[396]: compile_file: (3): previous definition here
05-24 13:18:46.782 396 396 W android.hardware.media.omx@1.0-service: libminijail[396]: compile_file: /system/etc/seccomp_policy/crash_dump.arm.policy(10): syscall getrandom redefined here
05-24 13:18:46.782 396 396 W android.hardware.media.omx@1.0-service: libminijail[396]: compile_file: (15): previous definition here
05-24 13:18:46.782 396 396 W android.hardware.media.omx@1.0-service: libminijail[396]: compile_file: /system/etc/seccomp_policy/crash_dump.arm.policy(13): syscall ppoll redefined here
05-24 13:18:46.783 396 396 W android.hardware.media.omx@1.0-service: libminijail[396]: compile_file: (13): previous definition here
05-24 13:18:46.783 404 404 I CodecServiceRegistrant: Creating software Codec2 service...
05-24 13:18:46.783 396 396 W android.hardware.media.omx@1.0-service: libminijail[396]: compile_file: /system/etc/seccomp_policy/crash_dump.arm.policy(14): syscall pipe2 redefined here
05-24 13:18:46.785 396 396 W android.hardware.media.omx@1.0-service: libminijail[396]: compile_file: (46): previous definition here
05-24 13:18:46.785 396 396 W android.hardware.media.omx@1.0-service: libminijail[396]: compile_file: /system/etc/seccomp_policy/crash_dump.arm.policy(15): syscall openat redefined here
05-24 13:18:46.785 396 396 W android.hardware.media.omx@1.0-service: libminijail[396]: compile_file: (30): previous definition here
05-24 13:18:46.785 396 396 W android.hardware.media.omx@1.0-service: libminijail[396]: compile_file: /system/etc/seccomp_policy/crash_dump.arm.policy(16): syscall dup redefined here
05-24 13:18:46.786 396 396 W android.hardware.media.omx@1.0-service: libminijail[396]: compile_file: (12): previous definition here
05-24 13:18:46.786 396 396 W android.hardware.media.omx@1.0-service: libminijail[396]: compile_file: /system/etc/seccomp_policy/crash_dump.arm.policy(17): syscall close redefined here
05-24 13:18:46.786 396 396 W android.hardware.media.omx@1.0-service: libminijail[396]: compile_file: (10): previous definition here
05-24 13:18:46.786 396 396 W android.hardware.media.omx@1.0-service: libminijail[396]: compile_file: /system/etc/seccomp_policy/crash_dump.arm.policy(18): syscall lseek redefined here
05-24 13:18:46.786 396 396 W android.hardware.media.omx@1.0-service: libminijail[396]: compile_file: (50): previous definition here
05-24 13:18:46.786 396 396 W android.hardware.media.omx@1.0-service: libminijail[396]: compile_file: /system/etc/seccomp_policy/crash_dump.arm.policy(19): syscall getdents64 redefined here
05-24 13:18:46.786 396 396 W android.hardware.media.omx@1.0-service: libminijail[396]: compile_file: (58): previous definition here
05-24 13:18:46.786 396 396 W android.hardware.media.omx@1.0-service: libminijail[396]: compile_file: /system/etc/seccomp_policy/crash_dump.arm.policy(20): syscall faccessat redefined here
05-24 13:18:46.788 396 396 W android.hardware.media.omx@1.0-service: libminijail[396]: compile_file: (38): previous definition here
05-24 13:18:46.788 396 396 W android.hardware.media.omx@1.0-service: libminijail[396]: compile_file: /system/etc/seccomp_policy/crash_dump.arm.policy(25): syscall rt_sigprocmask redefined here
05-24 13:18:46.788 396 396 W android.hardware.media.omx@1.0-service: libminijail[396]: compile_file: (41): previous definition here
05-24 13:18:46.788 396 396 W android.hardware.media.omx@1.0-service: libminijail[396]: compile_file: /system/etc/seccomp_policy/crash_dump.arm.policy(28): syscall prctl redefined here
05-24 13:18:46.788 396 396 W android.hardware.media.omx@1.0-service: libminijail[396]: compile_file: (6): previous definition here
05-24 13:18:46.790 404 404 E cutils-trace: Error opening trace file: No such file or directory (2)
05-24 13:18:46.791 396 396 W android.hardware.media.omx@1.0-service: libminijail[396]: compile_file: /system/etc/seccomp_policy/crash_dump.arm.policy(29): syscall madvise redefined here
05-24 13:18:46.791 396 396 W android.hardware.media.omx@1.0-service: libminijail[396]: compile_file: (29): previous definition here
05-24 13:18:46.791 396 396 W android.hardware.media.omx@1.0-service: libminijail[396]: compile_file: /system/etc/seccomp_policy/crash_dump.arm.policy(30): syscall mprotect redefined here
05-24 13:18:46.791 396 396 W android.hardware.media.omx@1.0-service: libminijail[396]: compile_file: (28): previous definition here
05-24 13:18:46.792 396 396 W android.hardware.media.omx@1.0-service: libminijail[396]: compile_file: /system/etc/seccomp_policy/crash_dump.arm.policy(31): syscall munmap redefined here
05-24 13:18:46.792 396 396 W android.hardware.media.omx@1.0-service: libminijail[396]: compile_file: (27): previous definition here
05-24 13:18:46.792 396 396 W android.hardware.media.omx@1.0-service: libminijail[396]: compile_file: /system/etc/seccomp_policy/crash_dump.arm.policy(32): syscall getuid32 redefined here
05-24 13:18:46.792 396 396 W android.hardware.media.omx@1.0-service: libminijail[396]: compile_file: (34): previous definition here
05-24 13:18:46.792 396 396 W android.hardware.media.omx@1.0-service: libminijail[396]: compile_file: /system/etc/seccomp_policy/crash_dump.arm.policy(33): syscall fstat64 redefined here
05-24 13:18:46.792 396 396 W android.hardware.media.omx@1.0-service: libminijail[396]: compile_file: (35): previous definition here
05-24 13:18:46.792 396 396 W android.hardware.media.omx@1.0-service: libminijail[396]: compile_file: /system/etc/seccomp_policy/crash_dump.arm.policy(34): syscall mmap2 redefined here
05-24 13:18:46.792 396 396 W android.hardware.media.omx@1.0-service: libminijail[396]: compile_file: (14): previous definition here
05-24 13:18:46.799 396 396 W android.hardware.media.omx@1.0-service: libminijail[396]: logging seccomp filter failures
05-24 13:18:46.828 374 374 I main_extractorservice: enable media.extractor memory limits
05-24 13:18:46.829 374 374 V MediaUtils: physMem: 2055442432
05-24 13:18:46.829 374 374 V MediaUtils: requested limit: 411088480
05-24 13:18:46.829 374 374 I libc : malloc_limit: Allocation limit enabled, max size 411088480 bytes
05-24 13:18:46.831 368 368 D gpioservice: main gpio service is running.
05-24 13:18:46.839 368 368 I gpioservice: ServiceManager: 0xf7688cc0
05-24 13:18:46.840 368 368 D GpioService: GpioService created
05-24 13:18:46.840 191 191 E SELinux : avc: denied { add } for pid=368 uid=0 name=softwinner.gpio scontext=u:r:gpioservice:s0 tcontext=u:object_r:default_android_service:s0 tclass=service_manager permissive=1
05-24 13:18:46.843 374 374 W mediaextractor: Could not read additional policy file '/vendor/etc/seccomp_policy/mediaextractor.policy'
05-24 13:18:46.843 374 374 W mediaextractor: libminijail[374]: failed to get path of fd 4: No such file or directory
05-24 13:18:46.844 374 374 W mediaextractor: libminijail[374]: allowing syscall: clock_gettime
05-24 13:18:46.844 374 374 W mediaextractor: libminijail[374]: allowing syscall: connect
05-24 13:18:46.844 374 374 W mediaextractor: libminijail[374]: allowing syscall: fcntl64
05-24 13:18:46.844 374 374 W mediaextractor: libminijail[374]: allowing syscall: socket
05-24 13:18:46.844 374 374 W mediaextractor: libminijail[374]: allowing syscall: writev
05-24 13:18:46.846 396 396 I cedarc : : register h265 decoder success!
05-24 13:18:46.846 374 374 W mediaextractor: libminijail[374]: compile_file: /apex/com.android.media/etc/seccomp_policy/crash_dump.arm.policy(1): syscall read redefined here
05-24 13:18:46.846 396 396 E cedarc : : dlopen 'libawh265soft.so' fail: dlopen failed: library "libawh265soft.so" not found
05-24 13:18:46.846 374 374 W mediaextractor: libminijail[374]: compile_file: (19): previous definition here
05-24 13:18:46.847 374 374 W mediaextractor: libminijail[374]: compile_file: /apex/com.android.media/etc/seccomp_policy/crash_dump.arm.policy(2): syscall write redefined here
05-24 13:18:46.847 374 374 W mediaextractor: libminijail[374]: compile_file: (6): previous definition here
05-24 13:18:46.847 374 374 W mediaextractor: libminijail[374]: compile_file: /apex/com.android.media/etc/seccomp_policy/crash_dump.arm.policy(3): syscall exit redefined here
05-24 13:18:46.847 374 374 W mediaextractor: libminijail[374]: compile_file: (27): previous definition here
05-24 13:18:46.847 374 374 W mediaextractor: libminijail[374]: compile_file: /apex/com.android.media/etc/seccomp_policy/crash_dump.arm.policy(4): syscall rt_sigreturn redefined here
05-24 13:18:46.847 374 374 W mediaextractor: libminijail[374]: compile_file: (29): previous definition here
05-24 13:18:46.847 374 374 W mediaextractor: libminijail[374]: compile_file: /apex/com.android.media/etc/seccomp_policy/crash_dump.arm.policy(6): syscall exit_group redefined here
05-24 13:18:46.847 374 374 W mediaextractor: libminijail[374]: compile_file: (28): previous definition here
05-24 13:18:46.847 374 374 W mediaextractor: libminijail[374]: compile_file: /apex/com.android.media/etc/seccomp_policy/crash_dump.arm.policy(7): syscall clock_gettime redefined here
05-24 13:18:46.847 374 374 W mediaextractor: libminijail[374]: compile_file: (20): previous definition here
05-24 13:18:46.847 374 374 W mediaextractor: libminijail[374]: compile_file: /apex/com.android.media/etc/seccomp_policy/crash_dump.arm.policy(9): syscall futex redefined here
05-24 13:18:46.848 374 374 W mediaextractor: libminijail[374]: compile_file: (4): previous definition here
05-24 13:18:46.848 374 374 W mediaextractor: libminijail[374]: compile_file: /apex/com.android.media/etc/seccomp_policy/crash_dump.arm.policy(10): syscall getrandom redefined here
05-24 13:18:46.848 374 374 W mediaextractor: libminijail[374]: compile_file: (43): previous definition here
05-24 13:18:46.848 374 374 W mediaextractor: libminijail[374]: compile_file: /apex/com.android.media/etc/seccomp_policy/crash_dump.arm.policy(12): syscall gettid redefined here
05-24 13:18:46.848 374 374 W mediaextractor: libminijail[374]: compile_file: (34): previous definition here
05-24 13:18:46.848 374 374 W mediaextractor: libminijail[374]: compile_file: /apex/com.android.media/etc/seccomp_policy/crash_dump.arm.policy(15): syscall openat redefined here
05-24 13:18:46.848 374 374 W mediaextractor: libminijail[374]: compile_file: (16): previous definition here
05-24 13:18:46.848 374 374 W mediaextractor: libminijail[374]: compile_file: /apex/com.android.media/etc/seccomp_policy/crash_dump.arm.policy(16): syscall dup redefined here
05-24 13:18:46.848 374 374 W mediaextractor: libminijail[374]: compile_file: (11): previous definition here
05-24 13:18:46.848 374 374 W mediaextractor: libminijail[374]: compile_file: /apex/com.android.media/etc/seccomp_policy/crash_dump.arm.policy(17): syscall close redefined here
05-24 13:18:46.848 374 374 W mediaextractor: libminijail[374]: compile_file: (9): previous definition here
05-24 13:18:46.849 374 374 W mediaextractor: libminijail[374]: compile_file: /apex/com.android.media/etc/seccomp_policy/crash_dump.arm.policy(18): syscall lseek redefined here
05-24 13:18:46.849 374 374 W mediaextractor: libminijail[374]: compile_file: (21): previous definition here
05-24 13:18:46.849 374 374 W mediaextractor: libminijail[374]: compile_file: /apex/com.android.media/etc/seccomp_policy/crash_dump.arm.policy(20): syscall faccessat redefined here
05-24 13:18:46.849 374 374 W mediaextractor: libminijail[374]: compile_file: (30): previous definition here
05-24 13:18:46.849 374 374 W mediaextractor: libminijail[374]: compile_file: /apex/com.android.media/etc/seccomp_policy/crash_dump.arm.policy(25): syscall rt_sigprocmask redefined here
05-24 13:18:46.849 374 374 W mediaextractor: libminijail[374]: compile_file: (35): previous definition here
05-24 13:18:46.849 374 374 W mediaextractor: libminijail[374]: compile_file: /apex/com.android.media/etc/seccomp_policy/crash_dump.arm.policy(28): syscall prctl redefined here
05-24 13:18:46.849 374 374 W mediaextractor: libminijail[374]: compile_file: (5): previous definition here
05-24 13:18:46.850 374 374 W mediaextractor: libminijail[374]: compile_file: /apex/com.android.media/etc/seccomp_policy/crash_dump.arm.policy(29): syscall madvise redefined here
05-24 13:18:46.850 374 374 W mediaextractor: libminijail[374]: compile_file: (31): previous definition here
05-24 13:18:46.850 374 374 W mediaextractor: libminijail[374]: compile_file: /apex/com.android.media/etc/seccomp_policy/crash_dump.arm.policy(30): syscall mprotect redefined here
05-24 13:18:46.850 374 374 W mediaextractor: libminijail[374]: compile_file: (12): previous definition here
05-24 13:18:46.850 374 374 W mediaextractor: libminijail[374]: compile_file: /apex/com.android.media/etc/seccomp_policy/crash_dump.arm.policy(31): syscall munmap redefined here
05-24 13:18:46.850 374 374 W mediaextractor: libminijail[374]: compile_file: (10): previous definition here
05-24 13:18:46.850 374 374 W mediaextractor: libminijail[374]: compile_file: /apex/com.android.media/etc/seccomp_policy/crash_dump.arm.policy(32): syscall getuid32 redefined here
05-24 13:18:46.850 374 374 W mediaextractor: libminijail[374]: compile_file: (13): previous definition here
05-24 13:18:46.850 374 374 W mediaextractor: libminijail[374]: compile_file: /apex/com.android.media/etc/seccomp_policy/crash_dump.arm.policy(33): syscall fstat64 redefined here
05-24 13:18:46.851 374 374 W mediaextractor: libminijail[374]: compile_file: (25): previous definition here
05-24 13:18:46.851 374 374 W mediaextractor: libminijail[374]: compile_file: /apex/com.android.media/etc/seccomp_policy/crash_dump.arm.policy(34): syscall mmap2 redefined here
05-24 13:18:46.851 374 374 W mediaextractor: libminijail[374]: compile_file: (8): previous definition here
05-24 13:18:46.851 374 374 W mediaextractor: libminijail[374]: compile_file: /apex/com.android.media/etc/seccomp_policy/crash_dump.arm.policy(35): syscall geteuid32 redefined here
05-24 13:18:46.851 374 374 W mediaextractor: libminijail[374]: compile_file: (38): previous definition here
05-24 13:18:46.851 374 374 W mediaextractor: libminijail[374]: compile_file: /apex/com.android.media/etc/seccomp_policy/crash_dump.arm.policy(36): syscall getgid32 redefined here
05-24 13:18:46.851 374 374 W mediaextractor: libminijail[374]: compile_file: (39): previous definition here
05-24 13:18:46.851 374 374 W mediaextractor: libminijail[374]: compile_file: /apex/com.android.media/etc/seccomp_policy/crash_dump.arm.policy(37): syscall getegid32 redefined here
05-24 13:18:46.851 374 374 W mediaextractor: libminijail[374]: compile_file: (40): previous definition here
05-24 13:18:46.852 374 374 W mediaextractor: libminijail[374]: compile_file: /apex/com.android.media/etc/seccomp_policy/crash_dump.arm.policy(38): syscall getgroups32 redefined here
05-24 13:18:46.852 374 374 W mediaextractor: libminijail[374]: compile_file: (41): previous definition here
05-24 13:18:46.852 396 396 I cedarc : : register h264 decoder success!
05-24 13:18:46.853 396 396 I cedarc : : register mjpeg decoder success!
05-24 13:18:46.857 374 374 W mediaextractor: libminijail[374]: logging seccomp filter failures
05-24 13:18:46.863 401 401 I HidlServiceManagement: Registered android.hardware.radio@1.6::IRadio/slot1
05-24 13:18:46.864 406 406 I update_engine: [INFO:boot_control_android.cc(69)] Loaded boot control hidl hal.
05-24 13:18:46.866 396 396 I cedarc : : register mjpegplus decoder success!
05-24 13:18:46.871 396 396 I cedarc : : register mpeg2 decoder success!
05-24 13:18:46.873 396 396 W cedarc : : Invalid plugin, CedarPluginVDInit not found, lib:libawmpeg4base.so.
05-24 13:18:46.874 406 406 I update_engine: [INFO:daemon_state_android.cc(44)] Booted in dev mode.
05-24 13:18:46.874 396 396 I cedarc : : register mpeg4Normal decoder success!
05-24 13:18:46.882 396 396 I cedarc : : register Mpeg4Vp6 decoder success!
05-24 13:18:46.883 396 396 I cedarc : : register mpeg4dx decoder success!
05-24 13:18:46.890 396 396 I cedarc : : register mpeg4H263 decoder success!
05-24 13:18:46.891 396 396 I cedarc : : register vp8 decoder success!
05-24 13:18:46.891 396 396 I cedarc : : register vc1 decoder success!
05-24 13:18:46.892 406 406 I update_engine: [INFO:update_attempter_android.cc(1082)] Scheduling CleanupPreviousUpdateAction.
05-24 13:18:46.896 385 385 D systemmixservice: main SystemMix service is running.
05-24 13:18:46.897 385 385 I systemmixservice: ServiceManager: 0xe9382cb0
05-24 13:18:46.898 385 385 D SystemMixService: SystemMixService created
05-24 13:18:46.898 191 191 E SELinux : avc: denied { add } for pid=385 uid=0 name=softwinner.systemmix scontext=u:r:systemmix:s0 tcontext=u:object_r:default_android_service:s0 tclass=service_manager permissive=1
05-24 13:18:46.899 406 406 I update_engine: [INFO:action_processor.cc(51)] ActionProcessor: starting CleanupPreviousUpdateAction
05-24 13:18:46.899 404 404 I HidlServiceManagement: Registered android.hardware.media.c2@1.2::IComponentStore/software
05-24 13:18:46.896 338 338 I rainbow_flow: type=1400 audit(0.0:296): avc: denied { ioctl } for path="/dev/spidev1.0" dev="tmpfs" ino=212 ioctlcmd=0x6b00 scontext=u:r:init:s0 tcontext=u:object_r:device:s0 tclass=chr_file permissive=1
05-24 13:18:46.902 192 192 I hwservicemanager: getTransport: Cannot find entry android.hardware.media.c2@1.0::IComponentStore/default in either framework or device VINTF manifest.
05-24 13:18:46.903 404 404 I CodecServiceRegistrant: Preferred Codec2 store is defaulted to "software".
05-24 13:18:46.903 404 404 I CodecServiceRegistrant: Software Codec2 service created and registered.
05-24 13:18:46.904 401 401 I HidlServiceManagement: Registered android.hardware.radio.config@1.3::IRadioConfig/default
05-24 13:18:46.906 396 396 I SoftOMXPlugin: createOMXPlugin
05-24 13:18:46.907 396 396 D MediaCodecsXmlParser: parsing /vendor/etc/media_codecs.xml...
05-24 13:18:46.907 406 406 I update_engine: [INFO:cleanup_previous_update_action.cc(149)] Starting/resuming CleanupPreviousUpdateAction
05-24 13:18:46.909 396 396 D MediaCodecsXmlParser: parsing /vendor/etc/media_codecs_google_audio.xml...
05-24 13:18:46.909 396 396 D MediaCodecsXmlParser: unable to open media codecs configuration xml file: /vendor/etc/media_codecs_google_audio.xml
05-24 13:18:46.912 396 396 D MediaCodecsXmlParser: parsing /vendor/etc/media_codecs_google_video.xml...
05-24 13:18:46.912 396 396 D MediaCodecsXmlParser: unable to open media codecs configuration xml file: /vendor/etc/media_codecs_google_video.xml
05-24 13:18:46.912 396 396 D MediaCodecsXmlParser: parsing /vendor/etc/media_codecs_performance.xml...
05-24 13:18:46.914 401 401 I HidlServiceManagement: Registered android.hardware.radio@1.2::ISap/slot1
05-24 13:18:46.915 396 396 D MediaCodecsXmlParser: MediaCodec: cannot update non-existing codec: OMX.google.h264.encoder at line 25 of /vendor/etc/media_codecs_performance.xml
05-24 13:18:46.916 396 396 D MediaCodecsXmlParser: MediaCodec: cannot update non-existing codec: OMX.google.h263.encoder at line 31 of /vendor/etc/media_codecs_performance.xml
05-24 13:18:46.916 396 396 D MediaCodecsXmlParser: MediaCodec: cannot update non-existing codec: OMX.google.mpeg4.encoder at line 34 of /vendor/etc/media_codecs_performance.xml
05-24 13:18:46.916 396 396 D MediaCodecsXmlParser: MediaCodec: cannot update non-existing codec: OMX.google.vp8.encoder at line 37 of /vendor/etc/media_codecs_performance.xml
05-24 13:18:46.916 396 396 D MediaCodecsXmlParser: MediaCodec: cannot update non-existing codec: OMX.allwinner.video.decoder.h263 at line 59 of /vendor/etc/media_codecs_performance.xml
05-24 13:18:46.916 396 396 D MediaCodecsXmlParser: MediaCodec: cannot update non-existing codec: OMX.google.mpeg4.decoder at line 80 of /vendor/etc/media_codecs_performance.xml
05-24 13:18:46.916 396 396 D MediaCodecsXmlParser: MediaCodec: cannot update non-existing codec: OMX.google.h264.decoder at line 83 of /vendor/etc/media_codecs_performance.xml
05-24 13:18:46.916 396 396 D MediaCodecsXmlParser: MediaCodec: cannot update non-existing codec: OMX.google.h263.decoder at line 89 of /vendor/etc/media_codecs_performance.xml
05-24 13:18:46.916 396 396 D MediaCodecsXmlParser: MediaCodec: cannot update non-existing codec: OMX.google.hevc.decoder at line 93 of /vendor/etc/media_codecs_performance.xml
05-24 13:18:46.916 396 396 D MediaCodecsXmlParser: MediaCodec: cannot update non-existing codec: OMX.google.vp8.decoder at line 101 of /vendor/etc/media_codecs_performance.xml
05-24 13:18:46.916 396 396 D MediaCodecsXmlParser: MediaCodec: cannot update non-existing codec: OMX.google.vp9.decoder at line 107 of /vendor/etc/media_codecs_performance.xml
05-24 13:18:46.917 396 396 I MediaCodecsXmlParser: Did not find media_codecs_shaping.xml in search path
05-24 13:18:46.918 396 396 E cutils-trace: Error opening trace file: No such file or directory (2)
05-24 13:18:46.919 406 406 I update_engine: [INFO:cleanup_previous_update_action.cc(124)] CleanupPreviousUpdateAction scheduled task ID 1 for WaitBootCompleted
05-24 13:18:46.921 396 396 I HidlServiceManagement: Registered android.hardware.media.omx@1.0::IOmx/default
05-24 13:18:46.921 396 396 I HidlServiceManagement: Removing namespace from process name android.hardware.media.omx@1.0-service to omx@1.0-service.
05-24 13:18:46.922 396 396 I android.hardware.media.omx@1.0-service: IOmx HAL service created.
05-24 13:18:46.923 396 396 I OmxStore: omx common prefix: 'OMX.'
05-24 13:18:46.923 396 396 D MediaCodecsXmlParser: parsing /vendor/etc/media_codecs.xml...
05-24 13:18:46.923 396 396 D MediaCodecsXmlParser: parsing /vendor/etc/media_codecs_google_audio.xml...
05-24 13:18:46.923 396 396 D MediaCodecsXmlParser: unable to open media codecs configuration xml file: /vendor/etc/media_codecs_google_audio.xml
05-24 13:18:46.926 396 396 D MediaCodecsXmlParser: parsing /vendor/etc/media_codecs_google_video.xml...
05-24 13:18:46.927 396 396 D MediaCodecsXmlParser: unable to open media codecs configuration xml file: /vendor/etc/media_codecs_google_video.xml
05-24 13:18:46.927 396 396 D MediaCodecsXmlParser: parsing /vendor/etc/media_codecs_performance.xml...
05-24 13:18:46.927 396 396 D MediaCodecsXmlParser: MediaCodec: cannot update non-existing codec: OMX.google.h264.encoder at line 25 of /vendor/etc/media_codecs_performance.xml
05-24 13:18:46.927 396 396 D MediaCodecsXmlParser: MediaCodec: cannot update non-existing codec: OMX.google.h263.encoder at line 31 of /vendor/etc/media_codecs_performance.xml
05-24 13:18:46.927 396 396 D MediaCodecsXmlParser: MediaCodec: cannot update non-existing codec: OMX.google.mpeg4.encoder at line 34 of /vendor/etc/media_codecs_performance.xml
05-24 13:18:46.927 396 396 D MediaCodecsXmlParser: MediaCodec: cannot update non-existing codec: OMX.google.vp8.encoder at line 37 of /vendor/etc/media_codecs_performance.xml
05-24 13:18:46.928 396 396 D MediaCodecsXmlParser: MediaCodec: cannot update non-existing codec: OMX.allwinner.video.decoder.h263 at line 59 of /vendor/etc/media_codecs_performance.xml
05-24 13:18:46.928 396 396 D MediaCodecsXmlParser: MediaCodec: cannot update non-existing codec: OMX.google.mpeg4.decoder at line 80 of /vendor/etc/media_codecs_performance.xml
05-24 13:18:46.928 396 396 D MediaCodecsXmlParser: MediaCodec: cannot update non-existing codec: OMX.google.h264.decoder at line 83 of /vendor/etc/media_codecs_performance.xml
05-24 13:18:46.928 396 396 D MediaCodecsXmlParser: MediaCodec: cannot update non-existing codec: OMX.google.h263.decoder at line 89 of /vendor/etc/media_codecs_performance.xml
05-24 13:18:46.929 396 396 D MediaCodecsXmlParser: MediaCodec: cannot update non-existing codec: OMX.google.hevc.decoder at line 93 of /vendor/etc/media_codecs_performance.xml
05-24 13:18:46.929 396 396 D MediaCodecsXmlParser: MediaCodec: cannot update non-existing codec: OMX.google.vp8.decoder at line 101 of /vendor/etc/media_codecs_performance.xml
05-24 13:18:46.929 396 396 D MediaCodecsXmlParser: MediaCodec: cannot update non-existing codec: OMX.google.vp9.decoder at line 107 of /vendor/etc/media_codecs_performance.xml
05-24 13:18:46.930 396 396 I MediaCodecsXmlParser: Did not find media_codecs_shaping.xml in search path
05-24 13:18:46.930 396 396 E MediaCodecsXmlParser: Cannot find the role for a decoder of type video/divx
05-24 13:18:46.930 396 396 E MediaCodecsXmlParser: Cannot find the role for a decoder of type video/jpeg
05-24 13:18:46.930 396 396 E MediaCodecsXmlParser: Cannot find the role for a decoder of type video/mpeg1
05-24 13:18:46.930 396 396 E MediaCodecsXmlParser: Cannot find the role for a decoder of type video/x-ms-mpeg4v1
05-24 13:18:46.930 396 396 E MediaCodecsXmlParser: Cannot find the role for a decoder of type video/x-ms-mpeg4v2
05-24 13:18:46.930 396 396 E MediaCodecsXmlParser: Cannot find the role for a decoder of type video/rvg2
05-24 13:18:46.930 396 396 E MediaCodecsXmlParser: Cannot find the role for a decoder of type video/flv1
05-24 13:18:46.930 396 396 E MediaCodecsXmlParser: Cannot find the role for a decoder of type video/wvc1
05-24 13:18:46.930 396 396 E MediaCodecsXmlParser: Cannot find the role for a decoder of type video/x-vnd.on2.vp6
05-24 13:18:46.930 396 396 E MediaCodecsXmlParser: Cannot find the role for a decoder of type video/wmv1
05-24 13:18:46.930 396 396 E MediaCodecsXmlParser: Cannot find the role for a decoder of type video/wmv2
05-24 13:18:46.930 396 396 E MediaCodecsXmlParser: Cannot find the role for a decoder of type video/xvid
05-24 13:18:46.941 396 396 I HidlServiceManagement: Registered android.hardware.media.omx@1.0::IOmxStore/default
05-24 13:18:46.942 396 396 I HidlServiceManagement: Removing namespace from process name android.hardware.media.omx@1.0-service to omx@1.0-service.
05-24 13:18:46.987 374 374 I MediaExtractorFactory: plugin directory not present (/system/lib/extractors)
05-24 13:18:46.987 374 374 I MediaExtractorFactory: plugin directory not present (/system_ext/lib/extractors)
05-24 13:18:47.011 382 382 D multiir : multi_ir open uinput dev
05-24 13:18:47.012 343 343 I xiriservice_All: type=1400 audit(0.0:297): avc: denied { read } for scontext=u:r:init:s0 tcontext=u:r:init:s0 tclass=netlink_kobject_uevent_socket permissive=1
05-24 13:18:47.014 331 333 D XM_HIDREAD: add@ add@/devices/virtual/input/input1
05-24 13:18:47.030 366 366 I cameraserver: ServiceManager: 0xefd53960
05-24 13:18:47.030 366 366 I CameraService: CameraService started (pid=366)
05-24 13:18:47.030 366 366 I CameraService: CameraService process starting
05-24 13:18:47.031 366 366 W BatteryNotifier: batterystats service unavailable!
05-24 13:18:47.031 366 366 W BatteryNotifier: batterystats service unavailable!
05-24 13:18:47.031 366 366 E cutils-trace: Error opening trace file: No such file or directory (2)
05-24 13:18:47.032 331 333 D XM_HIDREAD: add@ add@/devices/virtual/input/input1/event1
05-24 13:18:47.146 382 382 I input : sunxi-ir-uinput as /devices/virtual/input/input1
05-24 13:18:47.033 382 382 D multiir : uinputfd=4
05-24 13:18:47.042 366 366 I CameraProviderManager: Connecting to new camera provider: external/0, isRemote? 1
05-24 13:18:47.044 366 366 I CameraProviderManager: Camera provider external/0 ready with 0 camera devices
05-24 13:18:47.044 366 446 W CameraProviderManager: addProviderLocked: Camera provider HAL with name 'external/0' already registered
05-24 13:18:47.047 383 383 E cutils-trace: Error opening trace file: No such file or directory (2)
05-24 13:18:47.048 366 366 I cameraserver: Waiting for activity service
05-24 13:18:47.065 382 382 D multiir : uevent listen start
05-24 13:18:47.067 380 380 V MediaUtils: physMem: 2055442432
05-24 13:18:47.068 380 380 V MediaUtils: requested limit: 134217728
05-24 13:18:47.069 380 380 I libc : malloc_limit: Allocation limit enabled, max size 134217728 bytes
05-24 13:18:47.070 380 380 D AudioPowerUsage: AudioPowerUsage
05-24 13:18:47.070 380 380 D AudioAnalytics: AudioAnalytics
05-24 13:18:47.070 380 380 D MediaMetricsService: MediaMetricsService
05-24 13:18:47.076 383 383 W storaged: health: invalid battery status
05-24 13:18:47.078 383 383 I ServiceManager: Waiting for service 'package_native' on '/dev/binder'...
05-24 13:18:47.087 258 258 D Zygote : VMRuntime.setVerifierEnabled(false)
05-24 13:18:47.094 287 287 I ServiceManager: Waiting for service 'media.metrics' on '/dev/binder' successful after waiting 1305ms
05-24 13:18:47.095 287 287 I AudioFlinger: Using default 3000 mSec as standby time.
05-24 13:18:47.096 380 450 I ServiceManager: Waiting for service 'package_native' on '/dev/binder'...
05-24 13:18:47.123 373 373 D isomountservice: main isomount service is running.
05-24 13:18:47.125 373 373 I isomountservice: ServiceManager: 0xf418ccc0
05-24 13:18:47.161 382 382 D multiir : find target device, path=/dev/input/event0
05-24 13:18:47.164 287 287 E APM::HwModule: refreshSupportedDevices: invalid source devices for primary input
05-24 13:18:47.164 287 287 E APM::HwModule: refreshSupportedDevices: invalid source devices for fast input
05-24 13:18:47.166 382 456 D multiir : MultiirService create
05-24 13:18:47.166 191 191 E SELinux : avc: denied { add } for pid=382 uid=0 name=softwinner.multi_ir scontext=u:r:multi_ir:s0 tcontext=u:object_r:default_android_service:s0 tclass=service_manager permissive=1
05-24 13:18:47.186 287 287 D APM_EngineLoader: Loaded engine from libaudiopolicyenginedefault.so
05-24 13:18:47.188 287 287 D APM::AudioPolicyEngine/Base: loadAudioPolicyEngineConfig: No configuration found, using default matching phone experience.
05-24 13:18:47.224 278 278 I EventThread: type=1400 audit(0.0:298): avc: denied { search } for name="extcon" dev="sysfs" ino=18109 scontext=u:r:hal_tv_cec_default:s0 tcontext=u:object_r:sysfs_extcon:s0 tclass=dir permissive=1
05-24 13:18:47.249 287 287 W APM::AudioPolicyEngine/Base: loadAudioPolicyEngineConfig: No configuration of AUDIO_STREAM_ASSISTANT found, using default volume configuration
05-24 13:18:47.250 287 287 W APM::AudioPolicyEngine/Base: loadAudioPolicyEngineConfig: No configuration of AUDIO_STREAM_CALL_ASSISTANT found, using default volume configuration
05-24 13:18:47.280 263 263 V audio_hw_primary: init_audio_devices, line: 611
05-24 13:18:47.281 263 263 D audio_hw_primary: read card /sys/class/sound/card0/id
05-24 13:18:47.282 263 263 D audio_hw_primary: /sys/class/sound/card0/id, audiocodec, len: 11
05-24 13:18:47.282 263 263 D audio_hw_primary: linux name = audiocodec, android name = AUDIO_CODEC
05-24 13:18:47.282 263 263 D audio_hw_primary: find name map, card_id = audiocodec, card_name = AUDIO_CODEC
05-24 13:18:47.282 263 263 V audio_hw_primary: card: 0, name: AUDIO_CODEC, capture: 0, playback: 1
05-24 13:18:47.282 263 263 D audio_hw_primary: read card /sys/class/sound/card1/id
05-24 13:18:47.283 263 263 D audio_hw_primary: /sys/class/sound/card1/id, sndspdif, len: 9
05-24 13:18:47.283 263 263 D audio_hw_primary: linux name = sndspdif, android name = AUDIO_SPDIF
05-24 13:18:47.283 263 263 D audio_hw_primary: find name map, card_id = sndspdif, card_name = AUDIO_SPDIF
05-24 13:18:47.283 263 263 V audio_hw_primary: card: 1, name: AUDIO_SPDIF, capture: 1, playback: 1
05-24 13:18:47.283 263 263 D audio_hw_primary: read card /sys/class/sound/card2/id
05-24 13:18:47.283 263 263 D audio_hw_primary: /sys/class/sound/card2/id, ahubdam, len: 8
05-24 13:18:47.283 263 263 D audio_hw_primary: linux name = ahubdam, android name = AUDIO_DAM
05-24 13:18:47.284 263 263 D audio_hw_primary: find name map, card_id = ahubdam, card_name = AUDIO_DAM
05-24 13:18:47.284 263 263 V audio_hw_primary: card: 2, name: AUDIO_DAM, capture: 0, playback: 0
05-24 13:18:47.284 263 263 D audio_hw_primary: read card /sys/class/sound/card3/id
05-24 13:18:47.285 263 263 D audio_hw_primary: /sys/class/sound/card3/id, ahubhdmi, len: 9
05-24 13:18:47.285 263 263 D audio_hw_primary: linux name = ahubhdmi, android name = AUDIO_HDMI
05-24 13:18:47.285 263 263 D audio_hw_primary: find name map, card_id = ahubhdmi, card_name = AUDIO_HDMI
05-24 13:18:47.285 263 263 V audio_hw_primary: card: 3, name: AUDIO_HDMI, capture: 1, playback: 1
05-24 13:18:47.285 263 263 D audio_hw_primary: read card /sys/class/sound/card4/id
05-24 13:18:47.286 263 263 D audio_hw_primary: /sys/class/sound/card4/id, ahubi2s2, len: 9
05-24 13:18:47.286 263 263 D audio_hw_primary: linux name = ahubi2s2, android name = AUDIO_I2S2
05-24 13:18:47.286 263 263 D audio_hw_primary: find name map, card_id = ahubi2s2, card_name = AUDIO_I2S2
05-24 13:18:47.286 263 263 V audio_hw_primary: card: 4, name: AUDIO_I2S2, capture: 1, playback: 1
05-24 13:18:47.286 263 263 D audio_hw_primary: getCardNumbyName: name = AUDIO_CODEC , card = 0
05-24 13:18:47.286 263 263 D audio_hw_primary: getCardNumbyName: name = AUDIO_DAM , card = 2
05-24 13:18:47.287 263 263 D audio_hw_primary: getCardNumbyName: name = AUDIO_HDMI , card = 3
05-24 13:18:47.287 263 263 D audio_hw_primary: getCardNumbyName: name = AUDIO_I2S2 , card = 4
05-24 13:18:47.287 263 263 D audio_hw_primary: getCardNumbyName: name = AUDIO_SPDIF , card = 1
05-24 13:18:47.287 263 263 E audio_hw_primary: AUDIO_BT card does not exist
05-24 13:18:47.287 263 263 E audio_hw_primary: AUDIO_MIX card does not exist
05-24 13:18:47.287 263 263 V audio_hw_primary: init_audio_devices_active, line: 635
05-24 13:18:47.284 263 263 I audio.service: type=1400 audit(0.0:299): avc: denied { read } for name="u:object_r:vendor_audio_prop:s0" dev="tmpfs" ino=6563 scontext=u:r:hal_audio_default:s0 tcontext=u:object_r:vendor_audio_prop:s0 tclass=file permissive=1
05-24 13:18:47.284 263 263 I audio.service: type=1400 audit(0.0:300): avc: denied { open } for path="/dev/__properties__/u:object_r:vendor_audio_prop:s0" dev="tmpfs" ino=6563 scontext=u:r:hal_audio_default:s0 tcontext=u:object_r:vendor_audio_prop:s0 tclass=file permissive=1
05-24 13:18:47.284 263 263 I audio.service: type=1400 audit(0.0:301): avc: denied { getattr } for path="/dev/__properties__/u:object_r:vendor_audio_prop:s0" dev="tmpfs" ino=6563 scontext=u:r:hal_audio_default:s0 tcontext=u:object_r:vendor_audio_prop:s0 tclass=file permissive=1
05-24 13:18:47.288 263 263 I audio.service: type=1400 audit(0.0:302): avc: denied { map } for path="/dev/__properties__/u:object_r:vendor_audio_prop:s0" dev="tmpfs" ino=6563 scontext=u:r:hal_audio_default:s0 tcontext=u:object_r:vendor_audio_prop:s0 tclass=file permissive=1
05-24 13:18:47.289 263 263 V audio_hw_primary: init_audio_devices_active: get property vendor.audio.input.active: AUDIO_AC107
05-24 13:18:47.288 1 1 I /system/bin/init: type=1107 audit(0.0:303): uid=0 auid=4294967295 ses=4294967295 subj=u:r:init:s0 msg='avc: denied { set } for property=vendor.audio.input.active pid=263 uid=1041 gid=1005 scontext=u:r:hal_audio_default:s0 tcontext=u:object_r:vendor_audio_prop:s0 tclass=property_service permissive=1'
05-24 13:18:47.291 263 263 V audio_hw_primary: set property vendor.audio.input.active: AUDIO_AC107 ok
05-24 13:18:47.291 263 263 E audio_hw_primary: can not set AUDIO_AC107 input active
05-24 13:18:47.291 263 263 E audio_hw_primary: but device AUDIO_I2S2 input will be active
05-24 13:18:47.291 263 263 V audio_hw_primary: init_audio_devices_active: get property vendor.audio.output.active: AUDIO_CODEC,AUDIO_HDMI
05-24 13:18:47.292 263 263 V audio_hw_primary: set property vendor.audio.output.active: AUDIO_CODEC,AUDIO_HDMI ok
05-24 13:18:47.292 263 263 V audio_hw_primary: AUDIO_CODEC output device will be active
05-24 13:18:47.292 263 263 V audio_hw_primary: AUDIO_HDMI output device will be active
05-24 13:18:47.292 263 263 D audio_hw_primary: XX 2 1 2 0
05-24 13:18:47.298 263 263 W audio_route: Control 'External Speaker Switch' doesn't exist - skipping
05-24 13:18:47.298 263 263 W audio_route: Control 'Headphone Switch' doesn't exist - skipping
