05-24 13:19:13.235 2580 2580 W System.err: at com.tencent.qqlivetv.model.user.UserAccountInfoServer.b(SourceFile:2)
05-24 13:19:13.235 2580 2580 W System.err: at com.tencent.qqlivetv.model.user.UserAccountInfoServer.(SourceFile:3)
05-24 13:19:13.235 2580 2580 W System.err: at com.tencent.qqlivetv.model.user.UserAccountInfoServer.(SourceFile:1)
05-24 13:19:13.235 2580 2580 W System.err: at com.tencent.qqlivetv.model.user.UserAccountInfoServer$c.(SourceFile:1)
05-24 13:19:13.235 2580 2580 W System.err: at com.tencent.qqlivetv.model.user.UserAccountInfoServer.a(SourceFile:1)
05-24 13:19:13.235 2580 2580 W System.err: at com.tencent.qqlivetv.start.task.TaskVideo.execute(SourceFile:1)
05-24 13:19:13.235 2580 2580 W System.err: at ov.b0.run(SourceFile:3)
05-24 13:19:13.235 2580 2580 W System.err: at en.a.a(SourceFile:2)
05-24 13:19:13.235 2580 2580 W System.err: at rn.c.c(SourceFile:3)
05-24 13:19:13.235 2580 2580 W System.err: at rn.c.f(SourceFile:7)
05-24 13:19:13.235 2580 2580 W System.err: at com.ktcp.video.applicationagent.VideoApplicationAgent.onCreate(SourceFile:9)
05-24 13:19:13.235 2580 2580 W System.err: at com.ktcp.video.applicationagent.WrapperApplicationAgent.onCreate(SourceFile:1)
05-24 13:19:13.235 2580 2580 W System.err: at com.ktcp.video.QQLiveApplicationLike.onCreate(SourceFile:3)
05-24 13:19:13.235 2580 2580 W System.err: at com.tencent.tinker.entry.TinkerApplicationInlineFence.handleMessageImpl(SourceFile:14)
05-24 13:19:13.235 2580 2580 W System.err: at com.tencent.tinker.entry.TinkerApplicationInlineFence.handleMessage_$noinline$(SourceFile:2)
05-24 13:19:13.235 2580 2580 W System.err: at com.tencent.tinker.entry.TinkerApplicationInlineFence.handleMessage(SourceFile:1)
05-24 13:19:13.235 2580 2580 W System.err: at com.tencent.tinker.loader.app.TinkerInlineFenceAction.callOnCreate(SourceFile:2)
05-24 13:19:13.236 2580 2580 W System.err: at com.tencent.tinker.loader.app.TinkerApplication.onCreate(SourceFile:3)
05-24 13:19:13.236 2580 2580 W System.err: at android.app.Instrumentation.callApplicationOnCreate(Instrumentation.java:1211)
05-24 13:19:13.236 2580 2580 W System.err: at android.app.ActivityThread.handleBindApplication(ActivityThread.java:6740)
05-24 13:19:13.236 2580 2580 W System.err: at android.app.ActivityThread.access$1500(ActivityThread.java:247)
05-24 13:19:13.236 2580 2580 W System.err: at android.app.ActivityThread$H.handleMessage(ActivityThread.java:2053)
05-24 13:19:13.236 2580 2580 W System.err: at android.os.Handler.dispatchMessage(Handler.java:106)
05-24 13:19:13.236 2580 2580 W System.err: at android.os.Looper.loopOnce(Looper.java:201)
05-24 13:19:13.236 2580 2580 W System.err: at android.os.Looper.loop(Looper.java:288)
05-24 13:19:13.236 2580 2580 W System.err: at android.app.ActivityThread.main(ActivityThread.java:7854)
05-24 13:19:13.236 2580 2580 W System.err: at java.lang.reflect.Method.invoke(Native Method)
05-24 13:19:13.236 2580 2580 W System.err: at com.android.internal.os.RuntimeInit$MethodAndArgsCaller.run(RuntimeInit.java:548)
05-24 13:19:13.236 2580 2580 W System.err: at com.android.internal.os.ZygoteInit.main(ZygoteInit.java:1182)
05-24 13:19:13.237 2580 2580 W System.err: org.json.JSONException: No value for mode_status
05-24 13:19:13.238 2580 2580 W System.err: at org.json.JSONObject.get(JSONObject.java:403)
05-24 13:19:13.238 2580 2580 W System.err: at org.json.JSONObject.getJSONObject(JSONObject.java:623)
05-24 13:19:13.238 2580 2580 W System.err: at nd.y.a(SourceFile:1)
05-24 13:19:13.238 2580 2580 W System.err: at mq.c0.M(SourceFile:1)
05-24 13:19:13.238 2580 2580 W System.err: at mq.c0.R(SourceFile:12)
05-24 13:19:13.238 2580 2580 W System.err: at mq.c0.l(SourceFile:2)
05-24 13:19:13.238 2580 2580 W System.err: at mq.c0.(SourceFile:27)
05-24 13:19:13.238 2580 2580 W System.err: at mq.c0.(SourceFile:1)
05-24 13:19:13.238 2580 2580 W System.err: at mq.c0$b.(SourceFile:1)
05-24 13:19:13.238 2580 2580 W System.err: at mq.c0.h(SourceFile:1)
05-24 13:19:13.238 2580 2580 W System.err: at gs.k.k0(SourceFile:10)
05-24 13:19:13.238 2580 2580 W System.err: at gs.k.(SourceFile:21)
05-24 13:19:13.238 2580 2580 W System.err: at com.tencent.qqlivetv.model.user.UserAccountInfoServer.b(SourceFile:2)
05-24 13:19:13.238 2580 2580 W System.err: at com.tencent.qqlivetv.model.user.UserAccountInfoServer.(SourceFile:3)
05-24 13:19:13.238 2580 2580 W System.err: at com.tencent.qqlivetv.model.user.UserAccountInfoServer.(SourceFile:1)
05-24 13:19:13.238 2580 2580 W System.err: at com.tencent.qqlivetv.model.user.UserAccountInfoServer$c.(SourceFile:1)
05-24 13:19:13.238 2580 2580 W System.err: at com.tencent.qqlivetv.model.user.UserAccountInfoServer.a(SourceFile:1)
05-24 13:19:13.238 2580 2580 W System.err: at com.tencent.qqlivetv.start.task.TaskVideo.execute(SourceFile:1)
05-24 13:19:13.238 2580 2580 W System.err: at ov.b0.run(SourceFile:3)
05-24 13:19:13.238 2580 2580 W System.err: at en.a.a(SourceFile:2)
05-24 13:19:13.238 2580 2580 W System.err: at rn.c.c(SourceFile:3)
05-24 13:19:13.238 2580 2580 W System.err: at rn.c.f(SourceFile:7)
05-24 13:19:13.238 2580 2580 W System.err: at com.ktcp.video.applicationagent.VideoApplicationAgent.onCreate(SourceFile:9)
05-24 13:19:13.238 2580 2580 W System.err: at com.ktcp.video.applicationagent.WrapperApplicationAgent.onCreate(SourceFile:1)
05-24 13:19:13.238 2580 2580 W System.err: at com.ktcp.video.QQLiveApplicationLike.onCreate(SourceFile:3)
05-24 13:19:13.238 2580 2580 W System.err: at com.tencent.tinker.entry.TinkerApplicationInlineFence.handleMessageImpl(SourceFile:14)
05-24 13:19:13.238 2580 2580 W System.err: at com.tencent.tinker.entry.TinkerApplicationInlineFence.handleMessage_$noinline$(SourceFile:2)
05-24 13:19:13.238 2580 2580 W System.err: at com.tencent.tinker.entry.TinkerApplicationInlineFence.handleMessage(SourceFile:1)
05-24 13:19:13.238 2580 2580 W System.err: at com.tencent.tinker.loader.app.TinkerInlineFenceAction.callOnCreate(SourceFile:2)
05-24 13:19:13.238 2580 2580 W System.err: at com.tencent.tinker.loader.app.TinkerApplication.onCreate(SourceFile:3)
05-24 13:19:13.238 2580 2580 W System.err: at android.app.Instrumentation.callApplicationOnCreate(Instrumentation.java:1211)
05-24 13:19:13.238 2580 2580 W System.err: at android.app.ActivityThread.handleBindApplication(ActivityThread.java:6740)
05-24 13:19:13.238 2580 2580 W System.err: at android.app.ActivityThread.access$1500(ActivityThread.java:247)
05-24 13:19:13.238 2580 2580 W System.err: at android.app.ActivityThread$H.handleMessage(ActivityThread.java:2053)
05-24 13:19:13.238 2580 2580 W System.err: at android.os.Handler.dispatchMessage(Handler.java:106)
05-24 13:19:13.238 2580 2580 W System.err: at android.os.Looper.loopOnce(Looper.java:201)
05-24 13:19:13.239 2580 2580 W System.err: at android.os.Looper.loop(Looper.java:288)
05-24 13:19:13.239 2580 2580 W System.err: at android.app.ActivityThread.main(ActivityThread.java:7854)
05-24 13:19:13.239 2580 2580 W System.err: at java.lang.reflect.Method.invoke(Native Method)
05-24 13:19:13.239 2580 2580 W System.err: at com.android.internal.os.RuntimeInit$MethodAndArgsCaller.run(RuntimeInit.java:548)
05-24 13:19:13.239 2580 2580 W System.err: at com.android.internal.os.ZygoteInit.main(ZygoteInit.java:1182)
05-24 13:19:13.239 2580 2580 W System.err: org.json.JSONException: No value for account_sync
05-24 13:19:13.239 2580 2580 W System.err: at org.json.JSONObject.get(JSONObject.java:403)
05-24 13:19:13.239 2580 2580 W System.err: at org.json.JSONObject.getJSONObject(JSONObject.java:623)
05-24 13:19:13.239 2580 2580 W System.err: at nd.y.a(SourceFile:1)
05-24 13:19:13.239 2580 2580 W System.err: at mq.c0.E(SourceFile:1)
05-24 13:19:13.239 2580 2580 W System.err: at mq.c0.R(SourceFile:13)
05-24 13:19:13.239 2580 2580 W System.err: at mq.c0.l(SourceFile:2)
05-24 13:19:13.239 2580 2580 W System.err: at mq.c0.(SourceFile:27)
05-24 13:19:13.239 2580 2580 W System.err: at mq.c0.(SourceFile:1)
05-24 13:19:13.239 2580 2580 W System.err: at mq.c0$b.(SourceFile:1)
05-24 13:19:13.239 2580 2580 W System.err: at mq.c0.h(SourceFile:1)
05-24 13:19:13.239 2580 2580 W System.err: at gs.k.k0(SourceFile:10)
05-24 13:19:13.240 2580 2580 W System.err: at gs.k.(SourceFile:21)
05-24 13:19:13.241 1095 1208 E hq : ErrorCoroutineExceptionHandler:::runTry error:com.dangbei.leard.base.proider.error.EmptyApiException: 数据为空 from=requestMessageDialog from=requestMessageDialog
05-24 13:19:13.240 2580 2580 W System.err: at com.tencent.qqlivetv.model.user.UserAccountInfoServer.b(SourceFile:2)
05-24 13:19:13.243 2580 2580 W System.err: at com.tencent.qqlivetv.model.user.UserAccountInfoServer.(SourceFile:3)
05-24 13:19:13.243 2580 2580 W System.err: at com.tencent.qqlivetv.model.user.UserAccountInfoServer.(SourceFile:1)
05-24 13:19:13.243 2580 2580 W System.err: at com.tencent.qqlivetv.model.user.UserAccountInfoServer$c.(SourceFile:1)
05-24 13:19:13.243 2580 2580 W System.err: at com.tencent.qqlivetv.model.user.UserAccountInfoServer.a(SourceFile:1)
05-24 13:19:13.243 2580 2580 W System.err: at com.tencent.qqlivetv.start.task.TaskVideo.execute(SourceFile:1)
05-24 13:19:13.243 2580 2580 W System.err: at ov.b0.run(SourceFile:3)
05-24 13:19:13.243 2580 2580 W System.err: at en.a.a(SourceFile:2)
05-24 13:19:13.243 2580 2580 W System.err: at rn.c.c(SourceFile:3)
05-24 13:19:13.243 2580 2580 W System.err: at rn.c.f(SourceFile:7)
05-24 13:19:13.243 2580 2580 W System.err: at com.ktcp.video.applicationagent.VideoApplicationAgent.onCreate(SourceFile:9)
05-24 13:19:13.243 2580 2580 W System.err: at com.ktcp.video.applicationagent.WrapperApplicationAgent.onCreate(SourceFile:1)
05-24 13:19:13.243 2580 2580 W System.err: at com.ktcp.video.QQLiveApplicationLike.onCreate(SourceFile:3)
05-24 13:19:13.243 2580 2580 W System.err: at com.tencent.tinker.entry.TinkerApplicationInlineFence.handleMessageImpl(SourceFile:14)
05-24 13:19:13.243 2580 2580 W System.err: at com.tencent.tinker.entry.TinkerApplicationInlineFence.handleMessage_$noinline$(SourceFile:2)
05-24 13:19:13.243 2580 2580 W System.err: at com.tencent.tinker.entry.TinkerApplicationInlineFence.handleMessage(SourceFile:1)
05-24 13:19:13.243 2580 2580 W System.err: at com.tencent.tinker.loader.app.TinkerInlineFenceAction.callOnCreate(SourceFile:2)
05-24 13:19:13.243 2580 2580 W System.err: at com.tencent.tinker.loader.app.TinkerApplication.onCreate(SourceFile:3)
05-24 13:19:13.243 2580 2580 W System.err: at android.app.Instrumentation.callApplicationOnCreate(Instrumentation.java:1211)
05-24 13:19:13.243 2580 2580 W System.err: at android.app.ActivityThread.handleBindApplication(ActivityThread.java:6740)
05-24 13:19:13.243 2580 2580 W System.err: at android.app.ActivityThread.access$1500(ActivityThread.java:247)
05-24 13:19:13.243 2580 2580 W System.err: at android.app.ActivityThread$H.handleMessage(ActivityThread.java:2053)
05-24 13:19:13.243 2580 2580 W System.err: at android.os.Handler.dispatchMessage(Handler.java:106)
05-24 13:19:13.243 2580 2580 W System.err: at android.os.Looper.loopOnce(Looper.java:201)
05-24 13:19:13.243 2580 2580 W System.err: at android.os.Looper.loop(Looper.java:288)
05-24 13:19:13.243 2580 2580 W System.err: at android.app.ActivityThread.main(ActivityThread.java:7854)
05-24 13:19:13.243 2580 2580 W System.err: at java.lang.reflect.Method.invoke(Native Method)
05-24 13:19:13.243 2580 2580 W System.err: at com.android.internal.os.RuntimeInit$MethodAndArgsCaller.run(RuntimeInit.java:548)
05-24 13:19:13.243 2580 2580 W System.err: at com.android.internal.os.ZygoteInit.main(ZygoteInit.java:1182)
05-24 13:19:13.246 2580 2580 W System.err: org.json.JSONException: No value for req_limit
05-24 13:19:13.246 2580 2580 W System.err: at org.json.JSONObject.get(JSONObject.java:403)
05-24 13:19:13.246 2580 2580 W System.err: at org.json.JSONObject.getJSONObject(JSONObject.java:623)
05-24 13:19:13.246 2580 2580 W System.err: at nd.y.a(SourceFile:1)
05-24 13:19:13.246 2580 2580 W System.err: at mq.c0.N(SourceFile:1)
05-24 13:19:13.246 2580 2580 W System.err: at mq.c0.R(SourceFile:14)
05-24 13:19:13.246 2580 2580 W System.err: at mq.c0.l(SourceFile:2)
05-24 13:19:13.246 2580 2580 W System.err: at mq.c0.(SourceFile:27)
05-24 13:19:13.246 2580 2580 W System.err: at mq.c0.(SourceFile:1)
05-24 13:19:13.246 2580 2580 W System.err: at mq.c0$b.(SourceFile:1)
05-24 13:19:13.246 2580 2580 W System.err: at mq.c0.h(SourceFile:1)
05-24 13:19:13.246 2580 2580 W System.err: at gs.k.k0(SourceFile:10)
05-24 13:19:13.246 2580 2580 W System.err: at gs.k.(SourceFile:21)
05-24 13:19:13.246 2580 2580 W System.err: at com.tencent.qqlivetv.model.user.UserAccountInfoServer.b(SourceFile:2)
05-24 13:19:13.246 2580 2580 W System.err: at com.tencent.qqlivetv.model.user.UserAccountInfoServer.(SourceFile:3)
05-24 13:19:13.246 2580 2580 W System.err: at com.tencent.qqlivetv.model.user.UserAccountInfoServer.(SourceFile:1)
05-24 13:19:13.246 2580 2580 W System.err: at com.tencent.qqlivetv.model.user.UserAccountInfoServer$c.(SourceFile:1)
05-24 13:19:13.247 2580 2580 W System.err: at com.tencent.qqlivetv.model.user.UserAccountInfoServer.a(SourceFile:1)
05-24 13:19:13.247 2580 2580 W System.err: at com.tencent.qqlivetv.start.task.TaskVideo.execute(SourceFile:1)
05-24 13:19:13.247 2580 2580 W System.err: at ov.b0.run(SourceFile:3)
05-24 13:19:13.247 2580 2580 W System.err: at en.a.a(SourceFile:2)
05-24 13:19:13.247 2580 2580 W System.err: at rn.c.c(SourceFile:3)
05-24 13:19:13.247 2580 2580 W System.err: at rn.c.f(SourceFile:7)
05-24 13:19:13.247 2580 2580 W System.err: at com.ktcp.video.applicationagent.VideoApplicationAgent.onCreate(SourceFile:9)
05-24 13:19:13.247 2580 2580 W System.err: at com.ktcp.video.applicationagent.WrapperApplicationAgent.onCreate(SourceFile:1)
05-24 13:19:13.247 2580 2580 W System.err: at com.ktcp.video.QQLiveApplicationLike.onCreate(SourceFile:3)
05-24 13:19:13.247 2580 2580 W System.err: at com.tencent.tinker.entry.TinkerApplicationInlineFence.handleMessageImpl(SourceFile:14)
05-24 13:19:13.247 2580 2580 W System.err: at com.tencent.tinker.entry.TinkerApplicationInlineFence.handleMessage_$noinline$(SourceFile:2)
05-24 13:19:13.247 2580 2580 W System.err: at com.tencent.tinker.entry.TinkerApplicationInlineFence.handleMessage(SourceFile:1)
05-24 13:19:13.247 2580 2580 W System.err: at com.tencent.tinker.loader.app.TinkerInlineFenceAction.callOnCreate(SourceFile:2)
05-24 13:19:13.247 2580 2580 W System.err: at com.tencent.tinker.loader.app.TinkerApplication.onCreate(SourceFile:3)
05-24 13:19:13.247 2580 2580 W System.err: at android.app.Instrumentation.callApplicationOnCreate(Instrumentation.java:1211)
05-24 13:19:13.247 2580 2580 W System.err: at android.app.ActivityThread.handleBindApplication(ActivityThread.java:6740)
05-24 13:19:13.247 2580 2580 W System.err: at android.app.ActivityThread.access$1500(ActivityThread.java:247)
05-24 13:19:13.247 2580 2580 W System.err: at android.app.ActivityThread$H.handleMessage(ActivityThread.java:2053)
05-24 13:19:13.247 2580 2580 W System.err: at android.os.Handler.dispatchMessage(Handler.java:106)
05-24 13:19:13.247 2580 2580 W System.err: at android.os.Looper.loopOnce(Looper.java:201)
05-24 13:19:13.247 2580 2580 W System.err: at android.os.Looper.loop(Looper.java:288)
05-24 13:19:13.247 2580 2580 W System.err: at android.app.ActivityThread.main(ActivityThread.java:7854)
05-24 13:19:13.247 2580 2580 W System.err: at java.lang.reflect.Method.invoke(Native Method)
05-24 13:19:13.247 2580 2580 W System.err: at com.android.internal.os.RuntimeInit$MethodAndArgsCaller.run(RuntimeInit.java:548)
05-24 13:19:13.247 2580 2580 W System.err: at com.android.internal.os.ZygoteInit.main(ZygoteInit.java:1182)
05-24 13:19:13.304 2567 2567 I CHInputSession: set engine mode: 2 layout: 2
05-24 13:19:13.311 487 487 W NotificationHistory: Attempted to add notif for locked/gone/disabled user 0
05-24 13:19:13.325 690 690 V TvNotificationHandler: Notification not added because it isn't relevant for tv
05-24 13:19:13.381 1095 1110 I OpenGLRenderer: Davey! duration=9223371996625ms; Flags=0, FrameTimelineVsyncId=959, IntendedVsync=40229064988, Vsync=40229064988, InputEventId=0, HandleInputStart=40229741185, AnimationStart=40229745935, PerformTraversalsStart=40229748976, DrawStart=40230237601, FrameDeadline=40269064988, FrameInterval=40229732310, FrameStartTime=20000000, SyncQueued=40230660685, SyncStart=40230881685, IssueDrawCommandsStart=40231851560, SwapBuffers=40242320268, FrameCompleted=9223372036854775807, DequeueBufferDuration=69750, QueueBufferDuration=1385167, GpuCompleted=9223372036854775807, SwapBuffersCompleted=40244728601, DisplayPresentTime=0,
05-24 13:19:13.470 1421 1421 I hpplay-java: [main]:NetworkReceiver:onReceive
05-24 13:19:13.472 1421 1647 I hpplay-java: [P:requestRights:0]:BaseRunnable:P:udtIp:33 start running ...
05-24 13:19:13.479 1095 1110 I OpenGLRenderer: Davey! duration=9223371996524ms; Flags=0, FrameTimelineVsyncId=964, IntendedVsync=40329069000, Vsync=40329069000, InputEventId=0, HandleInputStart=40329645726, AnimationStart=40329650310, PerformTraversalsStart=40329653601, DrawStart=40330420393, FrameDeadline=40369069000, FrameInterval=40329636268, FrameStartTime=20000000, SyncQueued=40330835768, SyncStart=40331762518, IssueDrawCommandsStart=40333190518, SwapBuffers=40338642351, FrameCompleted=9223372036854775807, DequeueBufferDuration=41125, QueueBufferDuration=1298083, GpuCompleted=9223372036854775807, SwapBuffersCompleted=40341417518, DisplayPresentTime=0,
05-24 13:19:13.486 2567 2567 D CHJNIDefault: setInputMode value=-1
05-24 13:19:13.486 2567 2567 I InputContext: onChanged: candidateWords=[]
05-24 13:19:13.486 2567 2567 I InputContext: onChanged: candidateWordInfo.size=0 global offset: 0pausedCandidateData = false
05-24 13:19:13.486 2567 2567 I InputContext: onChanged: composing=null
05-24 13:19:13.486 2567 2567 I InputContext: onChanged: forCompose=false
05-24 13:19:13.497 1421 1647 I hpplay-java: [P:udtIp:1]:IPManager:updateIPAddress getIPAddress: 10.192.35.175 name:wlan0
05-24 13:19:13.499 1421 1647 I hpplay-java: [P:udtIp:1]:BaseRunnable:P:udtIp:33 onCompletion change name ...
05-24 13:19:13.499 2567 2567 I nw : onChanged: input mode:languageID=0
05-24 13:19:13.499 2567 2567 I nw : scriptID=2
05-24 13:19:13.499 2567 2567 I nw : layoutID=2
05-24 13:19:13.500 1095 1110 I OpenGLRenderer: Davey! duration=9223371996505ms; Flags=0, FrameTimelineVsyncId=966, IntendedVsync=40349069078, Vsync=40349069078, InputEventId=0, HandleInputStart=40349714726, AnimationStart=40349719518, PerformTraversalsStart=40349722685, DrawStart=40350840560, FrameDeadline=40389069078, FrameInterval=40349703560, FrameStartTime=20000000, SyncQueued=40351324476, SyncStart=40351780935, IssueDrawCommandsStart=40353223226, SwapBuffers=40362019935, FrameCompleted=9223372036854775807, DequeueBufferDuration=40291, QueueBufferDuration=1433000, GpuCompleted=9223372036854775807, SwapBuffersCompleted=40364802560, DisplayPresentTime=0,
05-24 13:19:13.503 1421 1421 I hpplay-java: [main]:NetworkReceiver:onReceive restart in infos1
05-24 13:19:13.504 1421 1421 I hpplay-java: [main]:NetworkReceiver:tipNetConnected false
05-24 13:19:13.508 1421 1550 I hpplay-java: [P:reCastCostCount:0]:BaseRunnable:P:rstaServ:34 start running ...
05-24 13:19:13.509 1421 1550 I hpplay-java: [P:rstaServ:1]:NetworkReceiver:restartServerIfNecessary mFirstComing:true, netInitialStickyBroadcast:false
05-24 13:19:13.511 1421 1550 I hpplay-java: [P:rstaServ:1]:IPManager:getActiveNets type: WIFI
05-24 13:19:13.512 1421 1550 I hpplay-java: [P:rstaServ:1]:IPManager:getActiveNets eth0:false wifi:true mobile:false ap:false
05-24 13:19:13.512 1421 1550 I hpplay-java: [P:rstaServ:1]:IPManager:getIPAddress IP_WLAN0
05-24 13:19:13.514 2580 2580 I FileLockLib: [2580]file 86 unlocked. fl.pid=0
05-24 13:19:13.523 1421 1550 I hpplay-java: [P:rstaServ:1]:IPManager:updateIPAddress getIPAddress: 10.192.35.175 name:wlan0
05-24 13:19:13.528 2580 2580 I FileLockLib: [2580]file 86 unlocked. fl.pid=0
05-24 13:19:13.530 1421 1550 I hpplay-java: [P:rstaServ:1]:NetworkReceiver:restartServerIfNecessary mStartIp:null, currentIp:10.192.35.175 ap:false
05-24 13:19:13.531 1421 1421 I hpplay-java: [main]:NetworkReceiver:WHAT_RESTART_SERVER
05-24 13:19:13.532 1421 1421 I hpplay-java: [main]:NetworkReceiver:restartServer
05-24 13:19:13.532 1421 1421 I hpplay-java: [main]:ServerTaskManager:stopServer,keepPush true
05-24 13:19:13.532 1421 1421 I hpplay-java: [main]:ServerTaskManager:stopServer ignore, reason: server was stopped or not lunched
05-24 13:19:13.534 1421 1421 I hpplay-java: [main]:ServerTaskManager:exeTask ignore, reason: TaskList is clear
05-24 13:19:13.535 1421 1550 I hpplay-java: [P:rstaServ:1]:BaseRunnable:P:rstaServ:34 onCompletion change name ...
05-24 13:19:13.620 1095 1696 I OpenGLRenderer: Davey! duration=9223371996396ms; Flags=0, FrameTimelineVsyncId=974, IntendedVsync=40449071308, Vsync=40449071308, InputEventId=0, HandleInputStart=40449659518, AnimationStart=40449663893, PerformTraversalsStart=40449666851, DrawStart=40450625476, FrameDeadline=40489071308, FrameInterval=40449649185, FrameStartTime=20000000, SyncQueued=40451077768, SyncStart=40460736351, IssueDrawCommandsStart=40461767518, SwapBuffers=40471884893, FrameCompleted=9223372036854775807, DequeueBufferDuration=39042, QueueBufferDuration=1309250, GpuCompleted=9223372036854775807, SwapBuffersCompleted=40474279185, DisplayPresentTime=0,
05-24 13:19:13.642 1095 1110 I OpenGLRenderer: Davey! duration=9223371996382ms; Flags=0, FrameTimelineVsyncId=976, IntendedVsync=40469071429, Vsync=40469071429, InputEventId=0, HandleInputStart=40469686810, AnimationStart=40469691268, PerformTraversalsStart=40469694268, DrawStart=40471071101, FrameDeadline=40509071429, FrameInterval=40469678518, FrameStartTime=20000000, SyncQueued=40471557310, SyncStart=40474573060, IssueDrawCommandsStart=40476093810, SwapBuffers=40495494435, FrameCompleted=9223372036854775807, DequeueBufferDuration=2636042, QueueBufferDuration=3042625, GpuCompleted=9223372036854775807, SwapBuffersCompleted=40499572601, DisplayPresentTime=0,
05-24 13:19:13.666 2202 2657 E BLOG : [thread_background] biliid.bluetooth
05-24 13:19:13.665 1095 1110 I OpenGLRenderer: Davey! duration=9223371996360ms; Flags=0, FrameTimelineVsyncId=978, IntendedVsync=40489068412, Vsync=40489068412, InputEventId=0, HandleInputStart=40489849851, AnimationStart=40489855018, PerformTraversalsStart=40490101435, DrawStart=40491065726, FrameDeadline=40529068412, FrameInterval=40489840435, FrameStartTime=20000000, SyncQueued=40495031518, SyncStart=40499795185, IssueDrawCommandsStart=40502860310, SwapBuffers=40524926268, FrameCompleted=9223372036854775807, DequeueBufferDuration=108000, QueueBufferDuration=1109208, GpuCompleted=9223372036854775807, SwapBuffersCompleted=40527053268, DisplayPresentTime=0,
05-24 13:19:13.671 2202 2657 I bilid.native: Read file: /proc/cpuinfo.
05-24 13:19:13.689 2202 2657 I bilid.native: Read file: /sys/devices/system/cpu/cpu0/cpufreq/cpuinfo_max_freq.
05-24 13:19:13.690 2202 2657 I bilid.native: Read file: /sys/devices/system/cpu/cpu0/cpufreq/cpuinfo_min_freq.
05-24 13:19:13.763 672 672 E WifiHAL : wifi_get_link_stats: requestResponse Error:-5
05-24 13:19:13.765 487 621 E WifiVendorHal: getWifiLinkLayerStats_1_5_Internal(l.1191) failed {.code = ERROR_INVALID_ARGS, .description = }
05-24 13:19:13.797 2202 2202 D CompatibilityChangeReporter: Compat change id reported: 160794467; UID 10079; state: DISABLED
05-24 13:19:13.805 1586 1586 V MediaPlayerList: onActiveSessionsChanged: number of controllers: 0
05-24 13:19:13.822 1586 1586 V MediaPlayerList: onActiveSessionsChanged: number of controllers: 1
05-24 13:19:13.822 1586 1586 D MediaPlayerList: onActiveSessionsChanged: controller: com.xiaodianshi.tv.yst
05-24 13:19:13.828 1586 1586 I MediaPlayerList: Adding wrapped media player: com.xiaodianshi.tv.yst at key: 1
05-24 13:19:13.851 1586 1586 I AvrcpBrowsedPlayerWrapper: onConnected: com.xiaodianshi.tv.yst is connected
05-24 13:19:13.851 1586 1586 D AvrcpBrowsablePlayerConnector: Browse player callback called: package=com.xiaodianshi.tv.yst : status=0
05-24 13:19:13.851 1586 1586 D AvrcpBrowsablePlayerConnector: Received a message: msg.what=1
05-24 13:19:13.851 1586 1586 I AvrcpBrowsablePlayerConnector: Checking root contents for com.xiaodianshi.tv.yst
05-24 13:19:13.857 487 818 W WifiService: Permission violation - getScanResults not allowed for uid=10077, packageName=com.sony.dangbeimarket, reason=java.lang.SecurityException: UID 10077 has no location permission
05-24 13:19:13.864 1095 1110 I OpenGLRenderer: Davey! duration=9223371996145ms; Flags=0, FrameTimelineVsyncId=995, IntendedVsync=40709069268, Vsync=40709069268, InputEventId=0, HandleInputStart=40711354018, AnimationStart=40711357852, PerformTraversalsStart=40711591102, DrawStart=40712558352, FrameDeadline=40729069268, FrameInterval=40711345768, FrameStartTime=20000000, SyncQueued=40713096893, SyncStart=40713427602, IssueDrawCommandsStart=40716260310, SwapBuffers=40722082518, FrameCompleted=9223372036854775807, DequeueBufferDuration=42792, QueueBufferDuration=3042084, GpuCompleted=9223372036854775807, SwapBuffersCompleted=40726183602, DisplayPresentTime=0,
05-24 13:19:13.877 487 589 W ServiceManager: Permission failure: android.permission.HIGH_SAMPLING_RATE_SENSORS from uid=10079 pid=2202
05-24 13:19:13.900 1586 1586 V MediaPlayerList: onActiveSessionsChanged: number of controllers: 0
05-24 13:19:13.901 1586 1586 V MediaPlayerList: onActiveSessionsChanged: number of controllers: 0
05-24 13:19:13.913 1095 1105 I d.leradlaunche: Background young concurrent copying GC freed 55836(3594KB) AllocSpace objects, 127(3936KB) LOS objects, 0% free, 24MB/24MB, paused 5.515ms total 1.139s
05-24 13:19:13.921 1095 1696 I OpenGLRenderer: Davey! duration=9223371996085ms; Flags=0, FrameTimelineVsyncId=999, IntendedVsync=40769070259, Vsync=40769070259, InputEventId=0, HandleInputStart=40769605102, AnimationStart=40769609143, PerformTraversalsStart=40769855602, DrawStart=40770626518, FrameDeadline=40809070259, FrameInterval=40769597602, FrameStartTime=20000000, SyncQueued=40771059393, SyncStart=40771337227, IssueDrawCommandsStart=40776922852, SwapBuffers=40782518435, FrameCompleted=9223372036854775807, DequeueBufferDuration=44541, QueueBufferDuration=4715208, GpuCompleted=9223372036854775807, SwapBuffersCompleted=40788498352, DisplayPresentTime=0,
05-24 13:19:13.942 1586 1586 V MediaPlayerList: onActiveSessionsChanged: number of controllers: 0
05-24 13:19:13.971 1586 1586 I AvrcpBrowsedPlayerWrapper: onConnected: com.xiaodianshi.tv.yst is connected
05-24 13:19:13.971 1586 1586 I AvrcpBrowsedPlayerWrapper: getFolderItems: Connected to browsable player: com.xiaodianshi.tv.yst
05-24 13:19:13.977 1586 1586 V MediaPlayerList: onActiveSessionsChanged: number of controllers: 1
05-24 13:19:13.980 1586 1586 D MediaPlayerList: onActiveSessionsChanged: controller: com.xiaodianshi.tv.yst
05-24 13:19:13.980 1586 1586 D MediaPlayerList: Already have a controller for the player: com.xiaodianshi.tv.yst, updating instead
05-24 13:19:14.038 1586 1586 V MediaPlayerList: onActiveSessionsChanged: number of controllers: 0
05-24 13:19:14.040 1586 1586 V MediaPlayerList: onActiveSessionsChanged: number of controllers: 0
05-24 13:19:14.077 487 589 D CompatibilityChangeReporter: Compat change id reported: 135634846; UID 10079; state: DISABLED
05-24 13:19:14.080 487 552 D CompatibilityChangeReporter: Compat change id reported: 143937733; UID 10079; state: DISABLED
05-24 13:19:14.101 1095 1696 I OpenGLRenderer: Davey! duration=9223371995904ms; Flags=0, FrameTimelineVsyncId=1010, IntendedVsync=40949069876, Vsync=40949069876, InputEventId=0, HandleInputStart=40949589185, AnimationStart=40949593102, PerformTraversalsStart=40949852393, DrawStart=40950683810, FrameDeadline=40989069876, FrameInterval=40949580435, FrameStartTime=20000000, SyncQueued=40951170393, SyncStart=40952314477, IssueDrawCommandsStart=40953296935, SwapBuffers=40962494893, FrameCompleted=9223372036854775807, DequeueBufferDuration=43500, QueueBufferDuration=1363458, GpuCompleted=9223372036854775807, SwapBuffersCompleted=40964774143, DisplayPresentTime=0,
05-24 13:19:14.109 258 258 D Zygote : Forked child process 2767
05-24 13:19:14.111 487 552 I ActivityManager: app.processName = com.xiaodianshi.tv.yst:stats
05-24 13:19:14.111 487 552 I ActivityManager: Start proc 2767:com.xiaodianshi.tv.yst:stats/u0a79 for service {com.xiaodianshi.tv.yst/com.bilibili.lib.neuron.internal.NeuronRemoteService}
05-24 13:19:14.122 2767 2767 I Zygote : seccomp disabled by setenforce 0
05-24 13:19:14.123 487 761 D SntpClient: request time failed: java.net.SocketTimeoutException: Poll timed out
05-24 13:19:14.127 2580 2580 I TvQQVideoNative: TvQQVideoNative RegisterNative RegisterNativeMethods_QQlivetvurls_All begin
05-24 13:19:14.129 2580 2580 I TvQQVideoNative: TvQQVideoNative RegisterNative RegisterNativeMethods_QQlivetvurls_All end!
05-24 13:19:14.139 1522 2722 E sony_okhttp: POST_res url:https://db-sonydbapi-dangbei.yysh.mgtv.com/dbapinew/acheck.php
05-24 13:19:14.139 1522 2722 E sony_okhttp: response: {"list":[{"appid":"7977","baoming":"com.dangbei.screencast","banben":"1.0.4","appcode":"104","lastapp":"2023-12-06","appsize":"36.32MB","source":0,"color":"","isdisplay":"1","apptitle":"当贝投屏","upinfo":"1.修复了部分设备上app闪退问题;\r\n2.优化用户体验。","md5v":"1754a9b66fd2ab722c4885232efd516b","appico":"https:\/\/db-imgzndscom.yysh.mgtv.com\/uploads\/new\/211228\/117-21122Q00520V4.png","downurl":"https:\/\/db-appzndscom.yysh.mgtv.com\/down\/20220318\/dbtp_1.0.4_dangbei.apk","reurl":"https:\/\/db-dlphpdangbeinet.yysh.mgtv.com\/down\/20220318\/dbtp_1.0.4_dangbei.apk","reurl2":"http:\/\/db-dwsphpdangbeinet.yysh.mgtv.com\/down\/20220318\/dbtp_1.0.4_dangbei.php?md5=224f004fd1ed9ed9f7c9c561c0a3ba3c","dburl":"https:\/\/db-appzndscom.yysh.mgtv.com\/html\/20220318\/dbtp_1.0.4_dangbei.dangbei","auto_down":0},{"appid":"6805","baoming":"com.hpplay.happyplay.aw","banben":"8.18.09","appcode":"808081809","lastapp":"2025-01-22","appsize":"70.31MB","source":0,"color":"","isdisplay":"1","apptitle":"乐播投屏","upinfo":"1.优化用户体验;\r\n2.修复已知bug。","md5v":"5780754f0b2ee2575ca29babea899fdb","appico":"https:\/\/db-imgzndscom.yysh.mgtv.com\/uploads\/new\/180730\/9-1PI015031HQ.png","downurl":"https:\/\/db-appzndscom.yysh.mgtv.com\/down\/20250122\/lbtpsony_8.18.09_dangbei.apk","reurl":"https:\/\/db-dlphpdangbeinet.yysh.mgtv.com\/down\/20250122\/lbtpsony_8.18.09_dangbei.apk","reurl2":"http:\/\/db-dwsphpdangbeinet.yysh.mgtv.com\/down\/20250122\/lbtpsony_8.18.09_dangbei.php?md5=224f004fd1ed9ed9f7c9c561c0a3ba3c","dburl":"https:\/\/db-appzndscom.yysh.mgtv.com\/html\/20250122\/lbtpsony_8.18.09_dangbei.dangbei","auto_down":1},{"appid":"5893","baoming":"com.ktcp.video","banben":"15.5.0.2017","appcode":"1228900","lastapp":"2025-05-20","appsize":"26.56MB","source":0,"color":"","isdisplay":"1","apptitle":"云视听极光","upinfo":"1.优化用户体验;\r\n2.修复已知bug。\r\n\r\n","md5v":"ee108177a596cc03f8f115e03e72d873","appico":"https:\/\/db-imgzndscom.yysh.mgtv.com
05-24 13:19:14.140 1522 2722 E sony_okhttp: \/images\/20250514\/JZXqOS4dthPXO.png","downurl":"https:\/\/db-appzndscom.yysh.mgtv.com\/down\/20250407\/txsp10075_15.5.0.2017_dangbei.apk","reurl":"https:\/\/db-dlphpdangbeinet.yysh.mgtv.com\/down\/20250407\/txsp10075_15.5.0.2017_dangbei.apk","reurl2":"http:\/\/db-dwsphpdangbeinet.yysh.mgtv.com\/down\/20250407\/txsp10075_15.5.0.2017_dangbei.php?md5=224f004fd1ed9ed9f7c9c561c0a3ba3c","dburl":"https:\/\/db-appzndscom.yysh.mgtv.com\/html\/20250407\/txsp10075_15.5.0.2017_dangbei.dangbei","auto_down":1},{"appid":"7101","baoming":"com.tv.kuaisou","banben":"3.14.6","appcode":"331","lastapp":"2025-01-10","appsize":"28.97MB","source":0,"color":"","isdisplay":"1","apptitle":"BesTV哈趣影视","upinfo":"1.优化用户体验;\n2.修复已知问题。","md5v":"8dcf0d57f99c7577d2cc30da0a0aff32","appico":"https:\/\/db-imgzndscom.yysh.mgtv.com\/uploads\/new\/220221\/117-22022115394A40.png","downurl":"https:\/\/db-appzndscom.yysh.mgtv.com\/down\/20250110\/dbyssony_3.14.6_dangbei.apk","reurl":"https:\/\/db-dlphpdangbeinet.yysh.mgtv.com\/down\/20250110\/dbyssony_3.14.6_dangbei.apk","reurl2":"http:\/\/db-dwsphpdangbeinet.yysh.mgtv.com\/down\/20250110\/dbyssony_3.14.6_dangbei.php?md5=224f004fd1ed9ed9f7c9c561c0a3ba3c","dburl":"https:\/\/db-appzndscom.yysh.mgtv.com\/html\/20250110\/dbyssony_3.14.6_dangbei.dangbei","auto_down":1},{"appid":"7109","baoming":"com.xiaodianshi.tv.yst","banben":"1.7.7","appcode":"107700","lastapp":"2025-03-31","appsize":"21.05MB","source":0,"color":"","isdisplay":"1","apptitle":"云视听小电视","upinfo":"1.优化用户体验;\n2.修复已知问题。","md5v":"989f6505c3ce2c61abd1acedec28a134","appico":"https:\/\/db-imgzndscom.yysh.mgtv.com\/images\/20250210\/9o9bx36rmdh2f.png","downurl":"https:\/\/db-appzndscom.yysh.mgtv.com\/down\/20250331\/ystxds8sony_1.7.7_dangbei.apk","reurl":"https:\/\/db-dlphpdangbeinet.yysh.mgtv.com\/down\/20250331\/ystxds8sony_1.7.7_dangbei.apk","reurl2":"http:\/\/db-dwsphpdangbeinet.yysh.mgtv.com\/down\/20250331\/ystxds8sony_1.7.7_dangbei.php?md5=224f004fd1ed9ed9f7c9c561c0a3ba3c","dburl":"https:\/\/db-
05-24 13:19:14.140 1522 2722 E sony_okhttp: appzndscom.yysh.mgtv.com\/html\/20250331\/ystxds8sony_1.7.7_dangbei.dangbei","auto_down":1}],"allnum":5,"update_interval":"10080"}
05-24 13:19:14.141 487 532 W IorapForwardingService: No service published for: iorapd
05-24 13:19:14.148 487 589 D WifiNl80211Manager: Scan result ready event
05-24 13:19:14.148 487 589 D WifiNative: Scan result ready event
05-24 13:19:14.157 412 422 I adbd : jdwp connection from 2767
05-24 13:19:14.158 1522 1653 E db_sony : for bean = com.dangbei.screencast 104 false
05-24 13:19:14.158 1522 1653 E db_sony : for bean = com.hpplay.happyplay.aw 808081809 true
05-24 13:19:14.158 1522 1653 E db_sony : for bean = com.ktcp.video 1228900 true
05-24 13:19:14.158 1522 1653 E db_sony : for bean = com.tv.kuaisou 331 true
05-24 13:19:14.158 1522 1653 E db_sony : for bean = com.xiaodianshi.tv.yst 107700 true
05-24 13:19:14.158 1522 1653 D db_sony : update info = []
05-24 13:19:14.159 1522 1653 D db_sony : startAutoUpdate self
05-24 13:19:14.162 1522 1653 D lei_hardWareType: ravenDBBOX-A2
05-24 13:19:14.163 487 818 E ConnectivityService: Exception = android.content.pm.PackageManager$NameNotFoundException: android.net.cts
05-24 13:19:14.166 1522 1653 E sony_okhttp: POST url:https://db-sonydbapi-dangbei.yysh.mgtv.com/apinew/update.php times=1
05-24 13:19:14.166 1522 1653 E sony_okhttp: Req: devid=6c4ff89b77d21354222f2318d84cbd23&licence=&sdkcode=31&device_model=ravenDBBOX-A2&packagename=com.sony.dangbeimarket&mtime=1748063954161&mac=9A:6A:06:09:19:95&chanel=dz_sony_mango&vcode=203&sdkinfo=12&buryUUID=a0fbae0dbab9452bd553085ae76eba24&vname=2.0.1&system=1&buryId=8f93103a8a6f4e4b1dca953283095004&chkey=4eb6c2a8e4b6dde62217303b48c67676&model=DBBOX-A2&trans=0&
05-24 13:19:14.261 1095 1696 I OpenGLRenderer: Davey! duration=9223371995745ms; Flags=0, FrameTimelineVsyncId=1019, IntendedVsync=41109071881, Vsync=41109071881, InputEventId=0, HandleInputStart=41116066393, AnimationStart=41116070185, PerformTraversalsStart=41116277518, DrawStart=41117098352, FrameDeadline=41149071881, FrameInterval=41116057935, FrameStartTime=20000000, SyncQueued=41117542060, SyncStart=41117855227, IssueDrawCommandsStart=41118777935, SwapBuffers=41124147893, FrameCompleted=9223372036854775807, DequeueBufferDuration=44125, QueueBufferDuration=5818833, GpuCompleted=9223372036854775807, SwapBuffersCompleted=41133129310, DisplayPresentTime=0,
05-24 13:19:14.298 2580 2763 I FileLockLib: [2580]file 86 unlocked. fl.pid=0
05-24 13:19:14.309 412 2793 I adbd : host-16: write thread spawning
05-24 13:19:14.313 412 2792 I adbd : host-16: read thread spawning
05-24 13:19:14.313 412 2792 I adbd : host-16: read failed: Success
05-24 13:19:14.313 412 2792 I adbd : host-16: connection terminated: read failed
05-24 13:19:14.313 412 412 I adbd : host-16: already offline
05-24 13:19:14.313 412 412 I adbd : destroying transport host-16
05-24 13:19:14.313 412 412 I adbd : BlockingConnectionAdapter(host-16): stopping
05-24 13:19:14.316 412 412 I adbd : BlockingConnectionAdapter(host-16): stopped
05-24 13:19:14.317 412 412 I adbd : BlockingConnectionAdapter(host-16): destructing
05-24 13:19:14.317 412 412 I adbd : BlockingConnectionAdapter(host-16): already stopped
05-24 13:19:14.319 2580 2763 I FileLockLib: [2580]file 86 unlocked. fl.pid=0
05-24 13:19:14.320 1095 1696 I OpenGLRenderer: Davey! duration=9223371995685ms; Flags=0, FrameTimelineVsyncId=1022, IntendedVsync=41169064515, Vsync=41169064515, InputEventId=0, HandleInputStart=41169598643, AnimationStart=41169602435, PerformTraversalsStart=41169606143, DrawStart=41170509018, FrameDeadline=41209064515, FrameInterval=41169590727, FrameStartTime=20000000, SyncQueued=41170990810, SyncStart=41171295143, IssueDrawCommandsStart=41172453768, SwapBuffers=41177662143, FrameCompleted=9223372036854775807, DequeueBufferDuration=51542, QueueBufferDuration=2654750, GpuCompleted=9223372036854775807, SwapBuffersCompleted=41181742185, DisplayPresentTime=0,
05-24 13:19:14.320 2580 2763 I FileLockLib: [2580]file 86 unlocked. fl.pid=0
05-24 13:19:14.333 2580 2580 I com.ktcp.video: Thread[1,tid=2580,Native,Thread*=0xf5e6de00,peer=0x72108d00,"main"] recursive attempt to load library "/data/app/~~vHTa0tJ0WFVJe0yyYCw-JQ==/com.ktcp.video-wIAhVHMsF3y1PAy88nEKBQ==/lib/arm/libglide-native.so"
05-24 13:19:14.339 2767 2767 D CompatibilityChangeReporter: Compat change id reported: 171979766; UID 10079; state: DISABLED
05-24 13:19:14.359 2767 2767 D ApplicationLoaders: Returning zygote-cached class loader: /system/framework/android.test.base.jar
05-24 13:19:14.392 487 626 W IE_Capabilities: Unknown RSN cipher suite: 6ac0f00
05-24 13:19:14.417 487 626 W IE_Capabilities: Unknown RSN cipher suite: 6ac0f00
05-24 13:19:14.430 487 626 W IE_Capabilities: Unknown RSN cipher suite: 6ac0f00
05-24 13:19:14.432 487 626 W IE_Capabilities: Unknown RSN cipher suite: 6ac0f00
05-24 13:19:14.459 487 626 W IE_Capabilities: Unknown RSN cipher suite: 6ac0f00
05-24 13:19:14.461 2580 2768 W Settings: Setting airplane_mode_on has moved from android.provider.Settings.System to android.provider.Settings.Global, returning read-only value.
05-24 13:19:14.461 487 626 W IE_Capabilities: Unknown RSN cipher suite: 6ac0f00
05-24 13:19:14.470 2580 2580 I FileLockLib: [2580]file 86 unlocked. fl.pid=0
05-24 13:19:14.479 487 626 W IE_Capabilities: Unknown RSN cipher suite: 6ac0f00
05-24 13:19:14.481 2580 2768 I FileLockLib: [2580]file 86 unlocked. fl.pid=0
05-24 13:19:14.483 487 626 W IE_Capabilities: Unknown RSN cipher suite: 6ac0f00
05-24 13:19:14.495 487 626 W IE_Capabilities: Unknown RSN cipher suite: 6ac0f00
05-24 13:19:14.508 487 626 W IE_Capabilities: Unknown RSN cipher suite: 6ac0f00
05-24 13:19:14.522 2767 2767 W System : ClassLoader referenced unknown path:
05-24 13:19:14.523 2767 2767 W hi.tv.yst:stat: Unsupported class loader
05-24 13:19:14.546 2580 2580 I FileLockLib: [2580]file 86 unlocked. fl.pid=0
05-24 13:19:14.548 2580 2580 I FileLockLib: [2580]file 86 unlocked. fl.pid=0
05-24 13:19:14.549 2580 2580 I FileLockLib: [2580]file 86 unlocked. fl.pid=0
05-24 13:19:14.550 2580 2580 I BootReceiver: onReceive, action=android.intent.action.BOOT_COMPLETED
05-24 13:19:14.551 2580 2580 I DaemonService: start GuardService
05-24 13:19:14.558 487 818 D CompatibilityChangeReporter: Compat change id reported: 135634846; UID 10081; state: DISABLED
05-24 13:19:14.560 487 552 D CompatibilityChangeReporter: Compat change id reported: 143937733; UID 10081; state: DISABLED
05-24 13:19:14.562 487 626 W IE_Capabilities: Unknown RSN cipher suite: 6ac0f00
05-24 13:19:14.568 487 626 W IE_Capabilities: Unknown RSN cipher suite: 6ac0f00
05-24 13:19:14.578 487 626 W IE_Capabilities: Unknown RSN cipher suite: 6ac0f00
05-24 13:19:14.584 258 258 D Zygote : Forked child process 2807
05-24 13:19:14.586 487 552 I ActivityManager: app.processName = com.ktcp.video:daemon
05-24 13:19:14.586 487 552 I ActivityManager: Start proc 2807:com.ktcp.video:daemon/u0a81 for service {com.ktcp.video/com.tencent.qqlivetv.keeplive.proc.DaemonService}
05-24 13:19:14.616 2450 2450 I rainbow_flow: type=1400 audit(0.0:1176): avc: denied { ioctl } for path="/dev/spidev1.0" dev="tmpfs" ino=212 ioctlcmd=0x6b00 scontext=u:r:init:s0 tcontext=u:object_r:device:s0 tclass=chr_file permissive=1
05-24 13:19:14.602 2807 2807 I Zygote : seccomp disabled by setenforce 0
05-24 13:19:14.636 487 626 W IE_Capabilities: Unknown RSN cipher suite: 6ac0f00
05-24 13:19:14.642 1522 2722 E sony_okhttp: POST_res url:https://db-sonydbapi-dangbei.yysh.mgtv.com/apinew/update.php
05-24 13:19:14.642 1522 2722 E sony_okhttp: response: {"itemCode":"20240605","verCode":"45","verName":"1.4.7","apptime":"2024-06-05","start":"1","content_length":"11999925","md5v":"784d88029c5aba42c2806def978eb7f9","tjurl":"https:\/\/db-sonydbapi-dangbei.yysh.mgtv.com\/apinew\/tjlistnew.php?page=1&chanel=dz_sony_mango","appurl":"https:\/\/db-appzndscom.yysh.mgtv.com\/update\/2024-06-05\/dbmarket_v1.4.7_45_sony10.apk","dburl":"https:\/\/db-appzndscom.yysh.mgtv.com\/update\/2024-06-05\/dbmarket_v1.4.7_45_sony10.dangbei","reurl":"http:\/\/db-dwsphpdangbeinet.yysh.mgtv.com\/update\/2024-06-05\/dbmarket_v1.4.7_45_sony10.apk","reurl2":"https:\/\/db-dlphpdangbeinet.yysh.mgtv.com\/update\/2024-06-05\/dbmarket_v1.4.7_45_sony10.php","status":"d","upgrade":1,"popup_interval":0,"appdes":"\n1.\u5782\u7c7b\u670d\u52a1\u680f\u76ee\u9996\u6b21\u542f\u52a8\u65f6\u7684\u4ea4\u4e92\u4f18\u5316\n2.\u5176\u4ed6\u7ec6\u8282\u4f53\u9a8c\u4f18\u5316\n\n\u7248\u672c\uff1a1.4.7\n\u5927\u5c0f\uff1a12MB\n "}
05-24 13:19:14.644 1522 1522 D db_sony : startAutoUpdate self no has high version
05-24 13:19:14.647 412 422 I adbd : jdwp connection from 2807
05-24 13:19:14.674 487 818 D CompatibilityChangeReporter: Compat change id reported: 135634846; UID 10085; state: DISABLED
05-24 13:19:14.676 487 552 D CompatibilityChangeReporter: Compat change id reported: 143937733; UID 10085; state: DISABLED
05-24 13:19:14.679 2767 2767 V GraphicsEnvironment: ANGLE Developer option for 'com.xiaodianshi.tv.yst' set to: 'default'
05-24 13:19:14.679 2767 2767 V GraphicsEnvironment: Neither updatable production driver nor prerelease driver is supported.
05-24 13:19:14.690 2767 2767 D NetworkSecurityConfig: Using Network Security Config from resource arg debugBuild: false
05-24 13:19:14.691 487 818 I ActivityManager: Killing 1061:com.android.traceur/u0a31 (adj 955): empty #17
05-24 13:19:14.697 1522 1808 I TDLog : [SDK] Submit local data to collector server ...
05-24 13:19:14.697 2767 2767 D NetworkSecurityConfig: Using Network Security Config from resource arg debugBuild: false
05-24 13:19:14.705 487 553 I libprocessgroup: Successfully killed process cgroup uid 10031 pid 1061 in 0ms
05-24 13:19:14.709 258 258 D Zygote : Forked child process 2824
05-24 13:19:14.710 487 552 I ActivityManager: app.processName = com.starcor.mango
05-24 13:19:14.710 487 552 I ActivityManager: Start proc 2824:com.starcor.mango/u0a85 for broadcast {com.starcor.mango/com.mgtv.tv.launcher.SystemStartReceiver}
05-24 13:19:14.723 2824 2824 I Zygote : seccomp disabled by setenforce 0
05-24 13:19:14.736 278 278 I EventThread: type=1400 audit(0.0:1177): avc: denied { search } for name="extcon" dev="sysfs" ino=18109 scontext=u:r:hal_tv_cec_default:s0 tcontext=u:object_r:sysfs_extcon:s0 tclass=dir permissive=1
05-24 13:19:14.779 412 422 I adbd : jdwp connection from 2824
05-24 13:19:14.782 2807 2807 D CompatibilityChangeReporter: Compat change id reported: 171979766; UID 10081; state: DISABLED
05-24 13:19:14.805 2807 2807 D ApplicationLoaders: Returning zygote-cached class loader: /system/framework/android.test.base.jar
05-24 13:19:14.865 2767 2841 W hi.tv.yst:stat: Unsupported class loader
05-24 13:19:14.924 2807 2807 V GraphicsEnvironment: ANGLE Developer option for 'com.ktcp.video' set to: 'default'
05-24 13:19:14.924 2807 2807 V GraphicsEnvironment: Neither updatable production driver nor prerelease driver is supported.
05-24 13:19:14.927 487 626 W IE_Capabilities: Unknown RSN cipher suite: 6ac0f00
05-24 13:19:14.949 2807 2807 D NetworkSecurityConfig: Using Network Security Config from resource arg debugBuild: false
05-24 13:19:14.957 487 626 W IE_Capabilities: Unknown RSN cipher suite: 6ac0f00
05-24 13:19:14.966 2807 2807 D NetworkSecurityConfig: Using Network Security Config from resource arg debugBuild: false
05-24 13:19:14.978 1095 1105 I d.leradlaunche: Background concurrent copying GC freed 89925(4424KB) AllocSpace objects, 133(6124KB) LOS objects, 50% free, 21MB/43MB, paused 254us total 1.056s
05-24 13:19:14.985 487 626 W IE_Capabilities: Unknown RSN cipher suite: 6ac0f00
05-24 13:19:14.990 487 818 D CompatibilityChangeReporter: Compat change id reported: 168419799; UID 10085; state: DISABLED
05-24 13:19:14.997 487 626 W IE_Capabilities: Unknown RSN cipher suite: 6ac0f00
05-24 13:19:15.002 487 626 W IE_Capabilities: Unknown RSN cipher suite: 6ac0f00
05-24 13:19:15.004 487 626 W IE_Capabilities: Unknown RSN cipher suite: 6ac0f00
05-24 13:19:15.005 487 626 W IE_Capabilities: Unknown RSN cipher suite: 6ac0f00
05-24 13:19:15.013 487 626 D WificondScannerImpl: Filtering out 22 scan results.
05-24 13:19:15.019 2824 2824 D CompatibilityChangeReporter: Compat change id reported: 171979766; UID 10085; state: DISABLED
05-24 13:19:15.039 2202 2685 W VideoCapabilities: Unrecognized profile/level 0/3 for video/mpeg2
05-24 13:19:15.058 2202 2657 D config.Worker: config,ver: null
05-24 13:19:15.058 2202 2657 D ab.Worker: ab,ver: null
05-24 13:19:15.062 2807 2807 I MMKV : current API level = 31
05-24 13:19:15.062 2807 2807 I MMKV : version v1.2.8 page size:4096
05-24 13:19:15.062 2807 2807 I MMKV : root dir: /data/user/0/com.ktcp.video/files/mmkv
05-24 13:19:15.063 2807 2807 I MMKV : loading [common_config] with 101377 actual size, file size 262144, InterProcess 1, meta info version:3
05-24 13:19:15.063 2807 2807 I MMKV : loading [common_config] with crc 3620098526 sequence 15 version 3
05-24 13:19:15.074 2824 2824 D ApplicationLoaders: Returning zygote-cached class loader: /system/framework/android.test.base.jar
05-24 13:19:15.087 2807 2807 I MMKV : loaded [common_config] with 592 key-values
05-24 13:19:15.114 1095 1095 E hq : NetWorkStateReceiver:::NetWorkStateReceiver onReceive: 网络变化广播 >>>> intent.action=android.net.wifi.SCAN_RESULTS
05-24 13:19:15.124 2767 2841 W hi.tv.yst:stat: Unsupported class loader
05-24 13:19:15.124 487 589 E system_server: Invalid class loader spec: =UnsupportedClassLoaderContext=
05-24 13:19:15.125 487 589 E PackageDexUsage: Unsupported context?
05-24 13:19:15.129 2202 2218 W odianshi.tv.ys: Suspending all threads took: 15.940ms
05-24 13:19:15.135 672 672 E WifiHAL : wifi_get_link_stats: requestResponse Error:-5
05-24 13:19:15.136 487 621 E WifiVendorHal: getWifiLinkLayerStats_1_5_Internal(l.1191) failed {.code = ERROR_INVALID_ARGS, .description = }
05-24 13:19:15.143 2767 2841 W hi.tv.yst:stat: Unsupported class loader
05-24 13:19:15.143 487 532 W IorapForwardingService: No service published for: iorapd
05-24 13:19:15.164 2807 2807 I MMKV : loading [mmkv.default] with 157258 actual size, file size 262144, InterProcess 1, meta info version:3
05-24 13:19:15.164 2807 2807 I MMKV : loading [mmkv.default] with crc 2694064318 sequence 7 version 3
05-24 13:19:15.165 2807 2807 I MMKV : loaded [mmkv.default] with 176 key-values
05-24 13:19:15.187 1095 1095 W eventbuscore: post Event:com.dangbei.leard.base.entity.event.NetWifiRssiEvent
05-24 13:19:15.218 2767 2841 W hi.tv.yst:stat: Unsupported class loader
05-24 13:19:15.222 487 589 E system_server: Invalid class loader spec: =UnsupportedClassLoaderContext=
05-24 13:19:15.222 487 589 E PackageDexUsage: Unsupported context?
05-24 13:19:15.238 2767 2841 W hi.tv.yst:stat: Unsupported class loader
05-24 13:19:15.236 278 278 I EventThread: type=1400 audit(0.0:1178): avc: denied { search } for name="extcon" dev="sysfs" ino=18109 scontext=u:r:hal_tv_cec_default:s0 tcontext=u:object_r:sysfs_extcon:s0 tclass=dir permissive=1
05-24 13:19:15.269 2767 2841 W hi.tv.yst:stat: Unsupported class loader
05-24 13:19:15.270 487 758 E system_server: Invalid class loader spec: =UnsupportedClassLoaderContext=
05-24 13:19:15.270 487 758 E PackageDexUsage: Unsupported context?
05-24 13:19:15.278 2767 2841 W hi.tv.yst:stat: Unsupported class loader
05-24 13:19:15.285 258 258 I Zygote : Process 1061 exited due to signal 9 (Killed)
05-24 13:19:15.315 2807 2807 D xlog-library: max_size=102400,_max_files=6
05-24 13:19:15.319 1095 1259 E hq : ErrorCoroutineExceptionHandler:::runTry error:com.dangbei.leard.base.proider.error.EmptyApiException: 数据为空 from=requestMessageDialog from=requestMessageDialog
05-24 13:19:15.337 2807 2807 D xlog-library: appender_open _dir=/storage/emulated/0/ktcp_video/dailylog/video_comktcpvideo/dailylognew/com.ktcp.video_daemon,_nameprefix=log
05-24 13:19:15.338 2807 2807 D xlog-library: appender_open logdir already exists.
05-24 13:19:15.363 2807 2854 W XLOGReport: OtherSize: 13, MainSize: 13
05-24 13:19:15.365 2807 2807 D xlog-library: FELIX ~~~~~ begin of mmap ~~~~~
05-24 13:19:15.370 2807 2807 D xlog-library: FELIX ~~~~~ end of mmap ~~~~~
05-24 13:19:15.378 2807 2807 I MMKV : loading [new_app_ktcp_vmultidex_sp] with 28 actual size, file size 4096, InterProcess 1, meta info version:3
05-24 13:19:15.378 2807 2807 I MMKV : loading [new_app_ktcp_vmultidex_sp] with crc 2378458700 sequence 1 version 3
05-24 13:19:15.378 2807 2807 I MMKV : loaded [new_app_ktcp_vmultidex_sp] with 1 key-values
05-24 13:19:15.393 2807 2807 D MultiDex: VM with version 2.1.0 has multidex support
05-24 13:19:15.394 2767 2841 W hi.tv.yst:stat: Unsupported class loader
05-24 13:19:15.395 2405 2511 W gbei.zhushou.o: Long monitor contention with owner ProcessingThread (2495) at void com.tendcloud.tenddata.dm.onTDEBEventDataStore(com.tendcloud.tenddata.di)(td:14) waiters=0 in void com.tendcloud.tenddata.dm.onTDEBEventDataStore(com.tendcloud.tenddata.di) for 274ms
