05-24 13:18:47.299 263 263 W audio_route: Control 'Earpiece Switch' doesn't exist - skipping
05-24 13:18:47.299 263 263 W audio_route: Control 'AIF1IN0R Mux' doesn't exist - skipping
05-24 13:18:47.299 263 263 W audio_route: Control 'AIF1IN0L Mux' doesn't exist - skipping
05-24 13:18:47.299 263 263 W audio_route: Control 'DACR Mixer AIF1DA0R Switch' doesn't exist - skipping
05-24 13:18:47.299 263 263 W audio_route: Control 'DACL Mixer AIF1DA0L Switch' doesn't exist - skipping
05-24 13:18:47.300 263 263 W audio_route: Control 'AIF1OUT0L Mux' doesn't exist - skipping
05-24 13:18:47.300 263 263 W audio_route: Control 'AIF1OUT0R Mux' doesn't exist - skipping
05-24 13:18:47.300 263 263 W audio_route: Control 'AIF1 AD0L Mixer ADCL Switch' doesn't exist - skipping
05-24 13:18:47.300 263 263 W audio_route: Control 'AIF1 AD0R Mixer ADCR Switch' doesn't exist - skipping
05-24 13:18:47.300 263 263 W audio_route: Control 'ADCR Mux' doesn't exist - skipping
05-24 13:18:47.300 263 263 W audio_route: Control 'ADCL Mux' doesn't exist - skipping
05-24 13:18:47.300 263 263 W audio_route: Control 'HP_R Mux' doesn't exist - skipping
05-24 13:18:47.300 263 263 W audio_route: Control 'HP_L Mux' doesn't exist - skipping
05-24 13:18:47.300 263 263 W audio_route: Control 'HP_R Mux' doesn't exist - skipping
05-24 13:18:47.300 263 263 W audio_route: Control 'HP_L Mux' doesn't exist - skipping
05-24 13:18:47.300 263 263 W audio_route: Control 'Right Output Mixer DACR Switch' doesn't exist - skipping
05-24 13:18:47.300 263 263 W audio_route: Control 'Left Output Mixer DACL Switch' doesn't exist - skipping
05-24 13:18:47.300 263 263 W audio_route: Control 'SPK_L Mux' doesn't exist - skipping
05-24 13:18:47.301 263 263 W audio_route: Control 'SPK_R Mux' doesn't exist - skipping
05-24 13:18:47.301 263 263 W audio_route: Control 'External Speaker Switch' doesn't exist - skipping
05-24 13:18:47.301 263 263 W audio_route: Control 'Headphone Switch' doesn't exist - skipping
05-24 13:18:47.301 263 263 W audio_route: Control 'AIF1IN0R Mux' doesn't exist - skipping
05-24 13:18:47.301 263 263 W audio_route: Control 'AIF1IN0L Mux' doesn't exist - skipping
05-24 13:18:47.301 263 263 W audio_route: Control 'DACR Mixer AIF1DA0R Switch' doesn't exist - skipping
05-24 13:18:47.301 263 263 W audio_route: Control 'DACL Mixer AIF1DA0L Switch' doesn't exist - skipping
05-24 13:18:47.301 263 263 W audio_route: Control 'Left Output Mixer DACR Switch' doesn't exist - skipping
05-24 13:18:47.301 263 263 W audio_route: Control 'Left Output Mixer DACL Switch' doesn't exist - skipping
05-24 13:18:47.301 263 263 W audio_route: Control 'SPK_L Mux' doesn't exist - skipping
05-24 13:18:47.301 263 263 W audio_route: Control 'External Speaker Switch' doesn't exist - skipping
05-24 13:18:47.301 263 263 W audio_route: unknown enum value string 0 for ctl LINEOUTL src LR
05-24 13:18:47.302 263 263 W audio_route: unknown enum value string 0 for ctl LINEOUTR src LR
05-24 13:18:47.302 263 263 W audio_route: Control 'DACR Mixer AIF1DA0R Switch' doesn't exist - skipping
05-24 13:18:47.302 263 263 W audio_route: Control 'DACL Mixer AIF1DA0L Switch' doesn't exist - skipping
05-24 13:18:47.302 263 263 W audio_route: Control 'AIF1 AD0L Mixer ADCL Switch' doesn't exist - skipping
05-24 13:18:47.302 263 263 W audio_route: Control 'AIF1 AD0R Mixer ADCR Switch' doesn't exist - skipping
05-24 13:18:47.302 263 263 W audio_route: Control 'Left Output Mixer DACL Switch' doesn't exist - skipping
05-24 13:18:47.302 263 263 W audio_route: Control 'Left Output Mixer DACR Switch' doesn't exist - skipping
05-24 13:18:47.302 263 263 W audio_route: Control 'Right Output Mixer DACL Switch' doesn't exist - skipping
05-24 13:18:47.302 263 263 W audio_route: Control 'Right Output Mixer DACR Switch' doesn't exist - skipping
05-24 13:18:47.302 263 263 W audio_route: Control 'Headphone Switch' doesn't exist - skipping
05-24 13:18:47.302 263 263 W audio_route: Control 'External Speaker Switch' doesn't exist - skipping
05-24 13:18:47.302 263 263 W audio_route: Control 'AIF1OUT0R Mux' doesn't exist - skipping
05-24 13:18:47.302 263 263 W audio_route: Control 'AIF1OUT0L Mux' doesn't exist - skipping
05-24 13:18:47.303 263 263 W audio_route: Control 'AIF1 AD0R Mixer ADCR Switch' doesn't exist - skipping
05-24 13:18:47.303 263 263 W audio_route: Control 'AIF1 AD0L Mixer ADCL Switch' doesn't exist - skipping
05-24 13:18:47.303 263 263 W audio_route: Control 'ADCR Mux' doesn't exist - skipping
05-24 13:18:47.303 263 263 W audio_route: Control 'ADCL Mux' doesn't exist - skipping
05-24 13:18:47.303 263 263 W audio_route: Control 'LADC input Mixer MIC1 boost Switch' doesn't exist - skipping
05-24 13:18:47.303 263 263 W audio_route: Control 'RADC input Mixer MIC1 boost Switch' doesn't exist - skipping
05-24 13:18:47.303 263 263 W audio_route: Control 'AIF1OUT0R Mux' doesn't exist - skipping
05-24 13:18:47.303 263 263 W audio_route: Control 'AIF1OUT0L Mux' doesn't exist - skipping
05-24 13:18:47.305 263 263 W audio_route: Control 'AIF1 AD0R Mixer ADCR Switch' doesn't exist - skipping
05-24 13:18:47.317 263 263 W audio_route: Control 'AIF1 AD0L Mixer ADCL Switch' doesn't exist - skipping
05-24 13:18:47.317 263 263 W audio_route: Control 'ADCR Mux' doesn't exist - skipping
05-24 13:18:47.317 263 263 W audio_route: Control 'ADCL Mux' doesn't exist - skipping
05-24 13:18:47.317 263 263 W audio_route: Control 'MIC2 SRC' doesn't exist - skipping
05-24 13:18:47.317 263 263 W audio_route: Control 'LADC input Mixer MIC2 boost Switch' doesn't exist - skipping
05-24 13:18:47.317 263 263 W audio_route: Control 'RADC input Mixer MIC2 boost Switch' doesn't exist - skipping
05-24 13:18:47.317 263 263 W audio_route: Control 'ADCL Mux' doesn't exist - skipping
05-24 13:18:47.317 263 263 W audio_route: Control 'ADCR Mux' doesn't exist - skipping
05-24 13:18:47.317 263 263 W audio_route: Control 'AIF1 AD0L Mixer ADCL Switch' doesn't exist - skipping
05-24 13:18:47.317 263 263 W audio_route: Control 'AIF1 AD0R Mixer ADCR Switch' doesn't exist - skipping
05-24 13:18:47.317 263 263 W audio_route: Control 'AIF1OUT0L Mux' doesn't exist - skipping
05-24 13:18:47.317 263 263 W audio_route: Control 'AIF1OUT0R Mux' doesn't exist - skipping
05-24 13:18:47.317 263 263 W audio_route: Control 'AIF2 ADC volume' doesn't exist - skipping
05-24 13:18:47.317 263 263 W audio_route: Control 'LEFT ADC input Mixer MIC1 boost Switch' doesn't exist - skipping
05-24 13:18:47.317 263 263 W audio_route: Control 'ADCL Mux' doesn't exist - skipping
05-24 13:18:47.317 263 263 W audio_route: Control 'AIF2 ADL Mixer ADCL Switch' doesn't exist - skipping
05-24 13:18:47.317 263 263 W audio_route: Control 'AIF2OUTL Mux' doesn't exist - skipping
05-24 13:18:47.317 263 263 W audio_route: Control 'AIF2INL Mux' doesn't exist - skipping
05-24 13:18:47.317 263 263 W audio_route: Control 'AIF2INL Mux switch aif2inl aif2Switch' doesn't exist - skipping
05-24 13:18:47.317 263 263 W audio_route: Control 'DACL Mixer AIF2DACL Switch' doesn't exist - skipping
05-24 13:18:47.317 263 263 W audio_route: Control 'Right Output Mixer DACL Switch' doesn't exist - skipping
05-24 13:18:47.317 263 263 W audio_route: Control 'Left Output Mixer DACL Switch' doesn't exist - skipping
05-24 13:18:47.317 263 263 W audio_route: Control 'SPK_L Mux' doesn't exist - skipping
05-24 13:18:47.317 263 263 W audio_route: Control 'SPK_R Mux' doesn't exist - skipping
05-24 13:18:47.317 263 263 W audio_route: Control 'External Speaker Switch' doesn't exist - skipping
05-24 13:18:47.317 263 263 W audio_route: Control 'AIF2 ADC volume' doesn't exist - skipping
05-24 13:18:47.317 263 263 W audio_route: Control 'MIC2 SRC' doesn't exist - skipping
05-24 13:18:47.317 263 263 W audio_route: Control 'LEFT ADC input Mixer MIC2 boost Switch' doesn't exist - skipping
05-24 13:18:47.317 263 263 W audio_route: Control 'ADCL Mux' doesn't exist - skipping
05-24 13:18:47.317 263 263 W audio_route: Control 'AIF2 ADL Mixer ADCL Switch' doesn't exist - skipping
05-24 13:18:47.318 263 263 W audio_route: Control 'AIF2OUTL Mux' doesn't exist - skipping
05-24 13:18:47.318 263 263 W audio_route: Control 'AIF2INL Mux' doesn't exist - skipping
05-24 13:18:47.318 263 263 W audio_route: Control 'AIF2INL Mux switch aif2inl aif2Switch' doesn't exist - skipping
05-24 13:18:47.318 263 263 W audio_route: Control 'DACL Mixer AIF2DACL Switch' doesn't exist - skipping
05-24 13:18:47.318 263 263 W audio_route: Control 'Left Output Mixer DACL Switch' doesn't exist - skipping
05-24 13:18:47.318 263 263 W audio_route: Control 'Right Output Mixer DACL Switch' doesn't exist - skipping
05-24 13:18:47.318 263 263 W audio_route: Control 'HP_L Mux' doesn't exist - skipping
05-24 13:18:47.318 263 263 W audio_route: Control 'HP_R Mux' doesn't exist - skipping
05-24 13:18:47.318 263 263 W audio_route: Control 'Headphone Switch' doesn't exist - skipping
05-24 13:18:47.318 263 263 W audio_route: Control 'AIF2 ADC volume' doesn't exist - skipping
05-24 13:18:47.318 263 263 W audio_route: Control 'LEFT ADC input Mixer MIC1 boost Switch' doesn't exist - skipping
05-24 13:18:47.318 263 263 W audio_route: Control 'ADCL Mux' doesn't exist - skipping
05-24 13:18:47.318 263 263 W audio_route: Control 'AIF2 ADL Mixer ADCL Switch' doesn't exist - skipping
05-24 13:18:47.318 263 263 W audio_route: Control 'AIF2OUTL Mux' doesn't exist - skipping
05-24 13:18:47.318 263 263 W audio_route: Control 'AIF2INL Mux' doesn't exist - skipping
05-24 13:18:47.318 263 263 W audio_route: Control 'AIF2INL Mux switch aif2inl aif2Switch' doesn't exist - skipping
05-24 13:18:47.318 263 263 W audio_route: Control 'DACL Mixer AIF2DACL Switch' doesn't exist - skipping
05-24 13:18:47.318 263 263 W audio_route: Control 'Left Output Mixer DACL Switch' doesn't exist - skipping
05-24 13:18:47.318 263 263 W audio_route: Control 'Right Output Mixer DACL Switch' doesn't exist - skipping
05-24 13:18:47.318 263 263 W audio_route: Control 'HP_L Mux' doesn't exist - skipping
05-24 13:18:47.318 263 263 W audio_route: Control 'HP_R Mux' doesn't exist - skipping
05-24 13:18:47.318 263 263 W audio_route: Control 'Headphone Switch' doesn't exist - skipping
05-24 13:18:47.318 263 263 W audio_route: Control 'AIF2INL Mux' doesn't exist - skipping
05-24 13:18:47.318 263 263 W audio_route: Control 'AIF2INL Mux switch aif2inl aif2Switch' doesn't exist - skipping
05-24 13:18:47.318 263 263 W audio_route: Control 'AIF2 ADR Mixer AIF2 DACL Switch' doesn't exist - skipping
05-24 13:18:47.318 263 263 W audio_route: Control 'AIF3OUT Mux' doesn't exist - skipping
05-24 13:18:47.318 263 263 W audio_route: Control 'AIF2INR Mux VIR switch aif2inr aif3Switch' doesn't exist - skipping
05-24 13:18:47.318 263 263 W audio_route: Control 'AIF2 ADL Mixer AIF2 DACR Switch' doesn't exist - skipping
05-24 13:18:47.318 263 263 W audio_route: Control 'AIF2OUTL Mux' doesn't exist - skipping
05-24 13:18:47.318 263 263 W audio_route: Control 'AIF2 ADC volume' doesn't exist - skipping
05-24 13:18:47.318 263 263 W audio_route: Control 'LEFT ADC input Mixer MIC1 boost Switch' doesn't exist - skipping
05-24 13:18:47.318 263 263 W audio_route: Control 'ADCL Mux' doesn't exist - skipping
05-24 13:18:47.318 263 263 W audio_route: Control 'AIF2 ADL Mixer ADCL Switch' doesn't exist - skipping
05-24 13:18:47.318 263 263 W audio_route: Control 'AIF2OUTL Mux' doesn't exist - skipping
05-24 13:18:47.318 263 263 W audio_route: Control 'AIF2INL Mux' doesn't exist - skipping
05-24 13:18:47.318 263 263 W audio_route: Control 'AIF2INL Mux switch aif2inl aif2Switch' doesn't exist - skipping
05-24 13:18:47.318 263 263 W audio_route: Control 'DACL Mixer AIF2DACL Switch' doesn't exist - skipping
05-24 13:18:47.318 263 263 W audio_route: Control 'EAR Mux' doesn't exist - skipping
05-24 13:18:47.318 263 263 W audio_route: Control 'Earpiece Switch' doesn't exist - skipping
05-24 13:18:47.318 263 263 W audio_route: Control 'AIF1 AD0L Mixer ADCL Switch' doesn't exist - skipping
05-24 13:18:47.318 263 263 W audio_route: Control 'AIF1 AD0L Mixer AIF2 DACL Switch' doesn't exist - skipping
05-24 13:18:47.318 263 263 W audio_route: Control 'AIF1OUT0L Mux' doesn't exist - skipping
05-24 13:18:47.318 263 263 W audio_route: Control 'AIF1 AD0L Mixer ADCL Switch' doesn't exist - skipping
05-24 13:18:47.318 263 263 W audio_route: Control 'AIF1 AD0L Mixer AIF2 DACL Switch' doesn't exist - skipping
05-24 13:18:47.318 263 263 W audio_route: Control 'AIF1OUT0L Mux' doesn't exist - skipping
05-24 13:18:47.318 263 263 W audio_route: Control 'AIF1 AD0L Mixer AIF2 DACL Switch' doesn't exist - skipping
05-24 13:18:47.318 263 263 W audio_route: Control 'AIF1 AD0L Mixer AIF2 DACR Switch' doesn't exist - skipping
05-24 13:18:47.318 263 263 W audio_route: Control 'AIF1OUT0L Mux' doesn't exist - skipping
05-24 13:18:47.318 263 263 W audio_route: Control 'Line Out Mixer MIC1 boost Switch' doesn't exist - skipping
05-24 13:18:47.318 263 263 W audio_route: Control 'MIC2 SRC' doesn't exist - skipping
05-24 13:18:47.318 263 263 W audio_route: Control 'Line Out Mixer MIC2 boost Switch' doesn't exist - skipping
05-24 13:18:47.318 263 263 W audio_route: Control 'Left Output Mixer LINEINL-LINEINR Switch' doesn't exist - skipping
05-24 13:18:47.318 263 263 W audio_route: Control 'Right Output Mixer LINEINL-LINEINR Switch' doesn't exist - skipping
05-24 13:18:47.318 263 263 W audio_route: Control 'EAR Mux' doesn't exist - skipping
05-24 13:18:47.319 263 263 W audio_route: Control 'External Speaker Switch' doesn't exist - skipping
05-24 13:18:47.319 263 263 W audio_route: Control 'Headphone Switch' doesn't exist - skipping
05-24 13:18:47.319 263 263 W audio_route: Control 'Headphone Switch' doesn't exist - skipping
05-24 13:18:47.319 263 263 W audio_route: Control 'Earpiece Switch' doesn't exist - skipping
05-24 13:18:47.319 263 263 W audio_route: Control 'LEFT ADC input Mixer LININL-R Switch' doesn't exist - skipping
05-24 13:18:47.319 263 263 W audio_route: Control 'ADCL Mux' doesn't exist - skipping
05-24 13:18:47.319 263 263 W audio_route: Control 'AIF2 ADL Mixer ADCL Switch' doesn't exist - skipping
05-24 13:18:47.319 263 263 W audio_route: Control 'AIF3OUT Mux' doesn't exist - skipping
05-24 13:18:47.319 263 263 W audio_route: Control 'AIF2INL Mux switch aif2inl aif2Switch' doesn't exist - skipping
05-24 13:18:47.319 263 263 W audio_route: Control 'AIF2INR Mux VIR switch aif2inr aif3Switch' doesn't exist - skipping
05-24 13:18:47.319 263 263 W audio_route: Control 'DACR Mixer AIF2DACR Switch' doesn't exist - skipping
05-24 13:18:47.319 263 263 W audio_route: Control 'Right Output Mixer DACR Switch' doesn't exist - skipping
05-24 13:18:47.319 263 263 W audio_route: Control 'Line Out Mixer Right Output mixer Switch' doesn't exist - skipping
05-24 13:18:47.319 263 263 W audio_route: Control 'AIF1OUT0L Mux' doesn't exist - skipping
05-24 13:18:47.319 263 263 W audio_route: Control 'AIF1 AD0L Mixer ADCL Switch' doesn't exist - skipping
05-24 13:18:47.319 263 263 W audio_route: Control 'ADCL Mux' doesn't exist - skipping
05-24 13:18:47.319 263 263 W audio_route: Control 'LEFT ADC input Mixer MIC1 boost Switch' doesn't exist - skipping
05-24 13:18:47.319 263 263 W audio_route: Control 'LEFT ADC input Mixer LININL-R Switch' doesn't exist - skipping
05-24 13:18:47.319 263 263 W audio_route: Control 'AIF1OUT0L Mux' doesn't exist - skipping
05-24 13:18:47.319 263 263 W audio_route: Control 'AIF1 AD0L Mixer ADCL Switch' doesn't exist - skipping
05-24 13:18:47.319 263 263 W audio_route: Control 'ADCL Mux' doesn't exist - skipping
05-24 13:18:47.319 263 263 W audio_route: Control 'LEFT ADC input Mixer MIC2 boost Switch' doesn't exist - skipping
05-24 13:18:47.319 263 263 W audio_route: Control 'LEFT ADC input Mixer LININL-R Switch' doesn't exist - skipping
05-24 13:18:47.319 263 263 W audio_route: Control 'AIF1OUT0L Mux' doesn't exist - skipping
05-24 13:18:47.319 263 263 W audio_route: Control 'AIF1 AD0L Mixer ADCL Switch' doesn't exist - skipping
05-24 13:18:47.319 263 263 W audio_route: Control 'AIF1 AD0L Mixer AIF2 DACR Switch' doesn't exist - skipping
05-24 13:18:47.319 263 263 W audio_route: Control 'AIF1IN0L Mux' doesn't exist - skipping
05-24 13:18:47.319 263 263 W audio_route: Control 'AIF2 ADL Mixer AIF1 DA0L Switch' doesn't exist - skipping
05-24 13:18:47.319 263 263 W audio_route: Control 'AIF2 ADL Mixer AIF1 DA0L Switch' doesn't exist - skipping
05-24 13:18:47.319 263 263 W audio_route: Control 'AIF3OUT Mux' doesn't exist - skipping
05-24 13:18:47.319 263 263 W audio_route: Control 'AIF2INR Mux switch aif2inr aif2Switch' doesn't exist - skipping
05-24 13:18:47.319 263 263 W audio_route: Control 'AIF2INR Mux VIR switch aif2inr aif3Switch' doesn't exist - skipping
05-24 13:18:47.319 263 263 W audio_route: Control 'AIF1 AD0L Mixer AIF2 DACR Switch' doesn't exist - skipping
05-24 13:18:47.319 263 263 W audio_route: Control 'AIF1OUT0L Mux' doesn't exist - skipping
05-24 13:18:47.319 263 263 W audio_route: Control 'AC DACR mixer I2S_DACDATR Switch' doesn't exist - skipping
05-24 13:18:47.319 263 263 W audio_route: Control 'AC DACL mixer I2S_DACDATL Switch' doesn't exist - skipping
05-24 13:18:47.319 263 263 W audio_route: Control 'Right Output Mixer DACR Switch' doesn't exist - skipping
05-24 13:18:47.319 263 263 W audio_route: Control 'Left Output Mixer DACL Switch' doesn't exist - skipping
05-24 13:18:47.319 263 263 W audio_route: Control 'External Speaker Switch' doesn't exist - skipping
05-24 13:18:47.319 263 263 D audio_route: Apply path: media-speaker-headphones
05-24 13:18:47.319 263 263 D audio_route: Apply path: media-headset-mic
05-24 13:18:47.320 263 319 V audio_hw_primary: adev_get_master_volume, line: 3587
05-24 13:18:47.321 263 319 V audio_hw_primary: adev_set_master_volume, line: 3579
05-24 13:18:47.322 287 287 I AudioFlinger: loadHwModule() Loaded primary audio interface, handle 10
05-24 13:18:47.322 287 287 I AudioFlinger: openOutput() this 0xf6add000, module 10 Device type:0x2,@:, SamplingRate 48000, Format 0x000001, Channels 0x3, flags 0x2
05-24 13:18:47.322 263 319 D audio_hw_primary: adev_open_output_stream
05-24 13:18:47.323 263 319 V audio_hw_primary: adev_open_output_stream, flags: 2
05-24 13:18:47.323 263 319 V audio_hw_primary: +++++++++++++++ adev_open_output_stream: req_sample_rate: 44100, fmt: 1, channel_count: 3
05-24 13:18:47.326 287 287 I AudioFlinger: HAL output buffer size 960 frames, normal sink buffer size 960 frames
05-24 13:18:47.344 258 425 I zygote : Verified 2763 classes from mainline modules in 200.245ms
05-24 13:18:47.355 287 287 I BufferProvider: found effect "Multichannel Downmix To Stereo" from The Android Open Source Project
05-24 13:18:47.357 287 287 D AudioFlinger: Failed to add event callback
05-24 13:18:47.364 287 287 V APM_AudioPolicyManager: checkAndSetVolume cannot set volume group 3 volume when isn ot requested for comm
05-24 13:18:47.376 287 463 I AudioFlinger: AudioFlinger's thread 0xf6805a40 tid=463 ready to run
05-24 13:18:47.376 287 463 W AudioFlinger: no wake lock to update, system not ready yet
05-24 13:18:47.376 287 463 D AudioFlinger: ro.audio.silent is ignored since no output device is set
05-24 13:18:47.377 263 319 D audio_hw_primary: out_standby
05-24 13:18:47.377 287 463 W AudioFlinger: no wake lock to update, system not ready yet
05-24 13:18:47.378 287 463 D AudioFlinger: ro.audio.silent is ignored since no output device is set
05-24 13:18:47.378 287 287 W AudioFlinger: moveEffects() bad srcOutput 0
05-24 13:18:47.378 287 287 V APM_AudioPolicyManager: selectOutputForMusicEffects selected output 13
05-24 13:18:47.378 287 287 V APM_AudioPolicyManager: setOutputDevices device {type:0x2,@:} delayMs 0
05-24 13:18:47.378 287 287 V APM_AudioPolicyManager: setOutputDevices() prevDevice {type:0x2,@:}
05-24 13:18:47.379 287 287 V APM_AudioPolicyManager: setOutputDevices changing device to {type:0x2,@:}
05-24 13:18:47.401 263 319 V audio_hw_primary: adev_create_audio_patch num_sources: 1, num_sinks: 1
05-24 13:18:47.401 263 319 V audio_hw_primary: playback device: 2
05-24 13:18:47.403 287 287 V APM_AudioPolicyManager: setOutputDevices() AF::createAudioPatch returned 0 patchHandle 12 num_sources 1 num_sinks 1
05-24 13:18:47.405 287 287 V APM_AudioPolicyManager: checkAndSetVolume cannot set volume group 3 volume when isn ot requested for comm
05-24 13:18:47.409 287 287 W APM_AudioPolicyManager: Input profile contains no device on module primary
05-24 13:18:47.409 287 287 W APM_AudioPolicyManager: Input profile contains no device on module primary
05-24 13:18:47.415 263 319 D xm_audio: -->adev_open, name=audio_hw_if, socketthread_running=false, pth_listen=0
05-24 13:18:47.416 287 287 I AudioFlinger: loadHwModule() Loaded xm_hidraw audio interface, handle 18
05-24 13:18:47.417 263 319 D xm_audio: -->adev_open_input_stream
05-24 13:18:47.417 263 319 D xm_audio: -->adev_open_input_stream, config->sample_rate=16000
05-24 13:18:47.417 263 319 D xm_audio: -->adev_open_input_stream exit
05-24 13:18:47.418 263 319 I xm_audio: in_get_sample_rate
05-24 13:18:47.418 263 319 I xm_audio: in_get_channels
05-24 13:18:47.420 263 319 I xm_audio: in_get_sample_rate
05-24 13:18:47.420 263 319 I xm_audio: in_get_channels
05-24 13:18:47.421 263 319 I xm_audio: in_get_channels
05-24 13:18:47.421 263 319 I xm_audio: in_get_buffer_size
05-24 13:18:47.421 263 319 I xm_audio: in_get_buffer_size: fsize=512.000000, size=512
05-24 13:18:47.421 263 465 D xm_audio: socket_thread start
05-24 13:18:47.422 263 319 I xm_audio: in_get_buffer_size
05-24 13:18:47.422 263 319 I xm_audio: in_get_buffer_size: fsize=512.000000, size=512
05-24 13:18:47.422 263 319 I xm_audio: in_get_sample_rate
05-24 13:18:47.422 263 319 I xm_audio: in_get_channels
05-24 13:18:47.423 263 465 D xm_audio: create socket g_is_running4
05-24 13:18:47.424 331 334 D XM_HIDREAD: Client connected.
05-24 13:18:47.425 331 334 D XM_HIDREAD: accept before.
05-24 13:18:47.425 263 465 D xm_audio: create socket g_is_running5
05-24 13:18:47.425 263 465 E xm_audio: so socket connect suc
05-24 13:18:47.427 331 469 D XM_HIDREAD: handle_client start.
05-24 13:18:47.433 263 470 D xm_audio: data_thread start
05-24 13:18:47.441 287 467 I AudioFlinger: AudioFlinger's thread 0xf674e480 tid=467 ready to run
05-24 13:18:47.441 263 319 D xm_audio: -->adev_close_input_stream
05-24 13:18:47.441 263 319 D xm_audio: -->adev_close_input_stream ready free stream.
05-24 13:18:47.441 263 319 D xm_audio: -->adev_close_input_stream free stream finish.
05-24 13:18:47.505 287 287 I bt_a2dp_hw: system/bt/audio_a2dp_hw/src/audio_a2dp_hw.cc:1893 adev_open: adev_open: adev_open in A2dp_hw module
05-24 13:18:47.506 287 287 I AudioFlinger: loadHwModule() Loaded a2dp audio interface, handle 26
05-24 13:18:47.507 287 287 V APM_AudioPolicyManager: onNewAudioModulesAvailableInt: Input device list is empty! for profile a2dp input
05-24 13:18:47.511 263 319 I r_submix: adev_open(name=audio_hw_if)
05-24 13:18:47.512 263 319 I r_submix: adev_init_check()
05-24 13:18:47.513 287 287 I AudioFlinger: loadHwModule() Loaded r_submix audio interface, handle 34
05-24 13:18:47.513 263 319 D r_submix: adev_open_input_stream(addr=0)
05-24 13:18:47.514 263 319 D r_submix: submix_audio_device_create_pipe_l(addr=0, idx=9)
05-24 13:18:47.514 263 319 D r_submix: now using address 0 for route 9
05-24 13:18:47.528 287 475 I AudioFlinger: AudioFlinger's thread 0xf610c800 tid=475 ready to run
05-24 13:18:47.529 263 319 D r_submix: adev_close_input_stream()
05-24 13:18:47.529 263 319 D r_submix: submix_audio_device_release_pipe_l(idx=9) addr=0
05-24 13:18:47.529 263 319 D r_submix: submix_audio_device_destroy_pipe_l(): pipe destroyed
05-24 13:18:47.532 473 473 E cutils-trace: Error opening trace file: No such file or directory (2)
05-24 13:18:47.533 287 287 I audioserver: Waiting for activity service
05-24 13:18:47.588 479 479 E cutils-trace: Error opening trace file: No such file or directory (2)
05-24 13:18:47.615 258 258 D Zygote32Timing: ZygotePreload took to complete: 529ms
05-24 13:18:47.615 258 258 D Zygote : VMRuntime.setVerifierEnabled(true)
05-24 13:18:47.624 381 381 W awplayer: : Set log level to 3
05-24 13:18:47.649 258 258 I zygote : Explicit concurrent copying GC freed 6064(607KB) AllocSpace objects, 0(0B) LOS objects, 68% free, 719KB/2255KB, paused 129us total 32.780ms
05-24 13:18:47.671 381 381 I cedarc : : register avs decoder success!
05-24 13:18:47.672 381 381 I cedarc : : register h264 decoder success!
05-24 13:18:47.672 381 381 I cedarc : : register h265 decoder success!
05-24 13:18:47.673 381 381 I cedarc : : register mjpeg decoder success!
05-24 13:18:47.673 381 381 I cedarc : : register mjpegplus decoder success!
05-24 13:18:47.674 381 381 I cedarc : : register mpeg2 decoder success!
05-24 13:18:47.675 381 381 W awplayer: : Invalid plugin,function CedarPluginVDInit not found.
05-24 13:18:47.675 258 258 I zygote : Explicit concurrent copying GC freed 229(40KB) AllocSpace objects, 0(0B) LOS objects, 68% free, 710KB/2246KB, paused 58us total 25.496ms
05-24 13:18:47.676 258 258 D Zygote32Timing: PostZygoteInitGC took to complete: 60ms
05-24 13:18:47.676 258 258 D Zygote32Timing: ZygoteInit took to complete: 659ms
05-24 13:18:47.676 381 381 I cedarc : : register mpeg4dx decoder success!
05-24 13:18:47.677 381 381 I cedarc : : register mpeg4H263 decoder success!
05-24 13:18:47.677 381 381 I cedarc : : register mpeg4Normal decoder success!
05-24 13:18:47.677 381 381 I cedarc : : register Mpeg4Vp6 decoder success!
05-24 13:18:47.678 381 381 I cedarc : : register vp6Soft decoder success!
05-24 13:18:47.678 381 381 I cedarc : : register vp8 decoder success!
05-24 13:18:47.678 381 381 E cedarc : : register Wmv12Soft decoder failure!!!
05-24 13:18:47.678 381 381 I cedarc : : register vc1 decoder success!
05-24 13:18:47.678 381 381 D cedarc : : register Vp9Hw decoder success!
05-24 13:18:47.679 381 381 I cedarc : : register avs2 decoder success!
05-24 13:18:47.682 381 381 D awplayer: : aw stream init...
05-24 13:18:47.682 381 381 D awplayer: : Register stream rtp version v1.1
05-24 13:18:47.695 381 381 I mediaserver: ServiceManager: 0xe8962960
05-24 13:18:47.696 381 381 W BatteryNotifier: batterystats service unavailable!
05-24 13:18:47.697 381 381 W BatteryNotifier: batterystats service unavailable!
05-24 13:18:47.697 412 419 I adbd : adbd mDNS service _adb._tcp registered: 1
05-24 13:18:47.755 258 258 D Zygote : Forked child process 487
05-24 13:18:47.755 258 258 I Zygote : System server process 487 has been created
05-24 13:18:47.757 258 258 I Zygote : Accepting command socket connections
05-24 13:18:48.056 487 487 W zygote : ClassLoaderContext classpath element checksum mismatch. expected=2438086019, found=3271157068 (PCL[/system/framework/com.android.location.provider.jar*3633238673:/system/framework/services.jar*1819737098:/system/framework/services.jar!classes2.dex*2438086019:/system/framework/ethernet-service.jar*655162001:/system/framework/pppoe-service.jar*2082030846] | PCL[/system/framework/com.android.location.provider.jar*3633238673:/system/framework/services.jar*1819737098:/system/framework/services.jar!classes2.dex*3271157068:/system/framework/ethernet-service.jar*655162001:/system/framework/pppoe-service.jar*2082030846])
05-24 13:18:48.062 487 487 W zygote : ClassLoaderContext classpath element checksum mismatch. expected=2438086019, found=3271157068 (PCL[/system/framework/com.android.location.provider.jar*3633238673:/system/framework/services.jar*1819737098:/system/framework/services.jar!classes2.dex*2438086019:/system/framework/ethernet-service.jar*655162001:/system/framework/pppoe-service.jar*2082030846:/apex/com.android.appsearch/javalib/service-appsearch.jar*4100577803] | PCL[/system/framework/com.android.location.provider.jar*3633238673:/system/framework/services.jar*1819737098:/system/framework/services.jar!classes2.dex*3271157068:/system/framework/ethernet-service.jar*655162001:/system/framework/pppoe-service.jar*2082030846:/apex/com.android.appsearch/javalib/service-appsearch.jar*4100577803])
05-24 13:18:48.069 487 487 W zygote : ClassLoaderContext classpath element checksum mismatch. expected=2438086019, found=3271157068 (PCL[/system/framework/com.android.location.provider.jar*3633238673:/system/framework/services.jar*1819737098:/system/framework/services.jar!classes2.dex*2438086019:/system/framework/ethernet-service.jar*655162001:/system/framework/pppoe-service.jar*2082030846:/apex/com.android.appsearch/javalib/service-appsearch.jar*4100577803:/apex/com.android.media/javalib/service-media-s.jar*3881732923] | PCL[/system/framework/com.android.location.provider.jar*3633238673:/system/framework/services.jar*1819737098:/system/framework/services.jar!classes2.dex*3271157068:/system/framework/ethernet-service.jar*655162001:/system/framework/pppoe-service.jar*2082030846:/apex/com.android.appsearch/javalib/service-appsearch.jar*4100577803:/apex/com.android.media/javalib/service-media-s.jar*3881732923])
05-24 13:18:48.079 487 487 I Zygote : seccomp disabled by setenforce 0
05-24 13:18:48.096 338 338 I rainbow_flow: type=1400 audit(0.0:304): avc: denied { ioctl } for path="/dev/spidev1.0" dev="tmpfs" ino=212 ioctlcmd=0x6b00 scontext=u:r:init:s0 tcontext=u:object_r:device:s0 tclass=chr_file permissive=1
05-24 13:18:48.098 487 487 W system_server: Failed to upload odrefresh metrics: metrics file '/data/misc/odrefresh/odrefresh-metrics.txt' could not be opened: No such file or directory
05-24 13:18:48.104 412 422 I adbd : jdwp connection from 487
05-24 13:18:48.107 487 509 D Zygote : begin preload_base
05-24 13:18:48.107 487 509 I Zygote : Calling ZygoteHooks.beginPreload()
05-24 13:18:48.224 278 278 I EventThread: type=1400 audit(0.0:305): avc: denied { search } for name="extcon" dev="sysfs" ino=18109 scontext=u:r:hal_tv_cec_default:s0 tcontext=u:object_r:sysfs_extcon:s0 tclass=dir permissive=1
05-24 13:18:48.297 487 509 D System_Preload_Base: BeginPreload took to complete: 190ms
05-24 13:18:48.306 487 509 D ApplicationLoaders: Created zygote-cached class loader: /system/framework/android.hidl.base-V1.0-java.jar
05-24 13:18:48.314 487 509 D ApplicationLoaders: Created zygote-cached class loader: /system/framework/android.hidl.manager-V1.0-java.jar
05-24 13:18:48.320 487 509 D ApplicationLoaders: Created zygote-cached class loader: /system/framework/android.test.base.jar
05-24 13:18:48.321 487 509 D System_Preload_Base: CacheNonBootClasspathClassLoaders took to complete: 22ms
05-24 13:18:48.321 487 509 I Zygote : Preloading resources...
05-24 13:18:48.346 487 509 W Resources: Preloaded drawable resource #0x1080286 (android:drawable/dialog_background_material) that varies with configuration!!
05-24 13:18:48.376 487 509 I Zygote : ...preloaded 64 resources in 55ms.
05-24 13:18:48.383 487 509 I Zygote : ...preloaded 41 resources in 6ms.
05-24 13:18:48.384 487 509 D System_Preload_Base: PreloadResources took to complete: 63ms
05-24 13:18:48.384 487 509 D Zygote : Zygote:ThreadPreadloadBase took 278ms.
05-24 13:18:48.386 487 518 D Zygote : Zygote:ThreadPreadloadClass start
05-24 13:18:48.388 487 519 I Zygote : Preloading classes...
05-24 13:18:48.393 487 487 I SystemServerTiming: InitBeforeStartServices
05-24 13:18:48.399 487 487 I SystemServer: Entered the Android system server!
05-24 13:18:48.440 487 520 D libEGL : loaded /vendor/lib/egl/libGLES_mali.so
05-24 13:18:48.485 487 519 I Typeface: Preloading /system/fonts/Roboto-Regular.ttf
05-24 13:18:48.501 487 519 I Typeface: Preloading /system/fonts/RobotoStatic-Regular.ttf
05-24 13:18:48.611 297 297 D RenderEngine: shader cache generated - 48 shaders in 2459.399658 ms
05-24 13:18:48.612 487 519 I Typeface: Preloading /system/fonts/NotoSansCJK-Regular.ttc
05-24 13:18:48.612 487 519 I Typeface: Preloading /system/fonts/NotoSerifCJK-Regular.ttc
05-24 13:18:48.616 297 297 I HidlServiceManagement: Registered android.frameworks.displayservice@1.0::IDisplayService/default
05-24 13:18:48.617 297 297 D SurfaceFlinger: Setting power mode 2 on display 0
05-24 13:18:48.617 272 272 D sunxihwc: setPowerMode: device(hdmi0) power mode: On
05-24 13:18:48.617 272 272 I sunxihwc: setRuntimeState: disp2 blank control [unblank], driver usage [1]
05-24 13:18:48.618 297 297 D SurfaceFlinger: Finished setting power mode 2 on display 0
05-24 13:18:48.656 487 519 E ActivityRecognitionHardware: activity_recognition HAL is deprecated. class_init is effectively a no-op
05-24 13:18:48.747 487 487 E UsbAlsaJackDetectorJNI: Can't register UsbAlsaJackDetector native methods
05-24 13:18:48.776 487 487 I SystemServerInitThreadPool: Creating instance with 4 threads
05-24 13:18:48.778 487 487 D SystemServerTiming: InitBeforeStartServices took to complete: 384ms
05-24 13:18:48.778 487 487 I SystemServerTiming: StartServices
05-24 13:18:48.778 487 487 D SystemServer: VMRuntime.setVerifierEnabled(false)
05-24 13:18:48.778 487 487 I SystemServerTiming: startBootstrapServices
05-24 13:18:48.778 487 487 I SystemServerTiming: StartWatchdog
05-24 13:18:48.779 487 529 I SystemServerTimingAsync: InitThreadPoolExec:loadPreinstalledSystemFontMap
05-24 13:18:48.779 487 529 D SystemServerInitThreadPool: Started executing loadPreinstalledSystemFontMap
05-24 13:18:48.779 487 529 I SystemServerTimingAsync: loadPreinstalledSystemFontMap
05-24 13:18:48.791 487 487 D SystemServerTiming: StartWatchdog took to complete: 13ms
05-24 13:18:48.791 487 487 I SystemServer: Reading configuration...
05-24 13:18:48.791 487 487 I SystemServerTiming: ReadingSystemConfig
05-24 13:18:48.792 487 487 D SystemServerTiming: ReadingSystemConfig took to complete: 0ms
05-24 13:18:48.793 487 487 I SystemServerTiming: PlatformCompat
05-24 13:18:48.796 487 487 D CompatConfig: Found a config file: /system/etc/compatconfig/calendar-provider-compat-config.xml
05-24 13:18:48.798 487 487 D CompatConfig: Adding: com.android.server.compat.config.Change@8c56d44
05-24 13:18:48.800 487 537 I SystemServerTimingAsync: InitThreadPoolExec:ReadingSystemConfig
05-24 13:18:48.800 487 537 D SystemServerInitThreadPool: Started executing ReadingSystemConfig
05-24 13:18:48.802 487 487 D CompatConfig: Found a config file: /system/etc/compatconfig/services-platform-compat-config.xml
05-24 13:18:48.805 487 537 I SystemConfig: Reading permissions from /system/etc/sysconfig/preinstalled-packages-platform-full-base.xml
05-24 13:18:48.807 487 487 D CompatConfig: Adding: com.android.server.compat.config.Change@10c58f3
05-24 13:18:48.808 487 487 D CompatConfig: Adding: com.android.server.compat.config.Change@44e19b0
05-24 13:18:48.808 487 519 D MtpDeviceJNI: register_android_mtp_MtpDevice
05-24 13:18:48.809 487 487 D CompatConfig: Adding: com.android.server.compat.config.Change@f34c029
05-24 13:18:48.817 487 487 D CompatConfig: Adding: com.android.server.compat.config.Change@4b87fae
05-24 13:18:48.818 487 537 I incfs : Initial API level of the device: 31
05-24 13:18:48.819 487 537 I incfs : ro.incremental.enable: module:/vendor/lib/modules/incrementalfs.ko
05-24 13:18:48.819 487 537 I incfs : isFsAvailable: false
05-24 13:18:48.819 487 537 I incfs : isFsAvailable: false
05-24 13:18:48.819 487 537 E incfs : could not open IncFs kernel module "/vendor/lib/modules/incrementalfs.ko": No such file or directory
05-24 13:18:48.819 487 537 E incfs : IncFs_Features: failed to open features dir, assuming v1/none.: No such file or directory
05-24 13:18:48.820 487 487 D CompatConfig: Adding: com.android.server.compat.config.Change@809914f
05-24 13:18:48.821 487 537 I SystemConfig: Reading permissions from /system/etc/sysconfig/hiddenapi-package-whitelist.xml
05-24 13:18:48.822 487 487 D CompatConfig: Adding: com.android.server.compat.config.Change@87320dc
05-24 13:18:48.823 487 487 D CompatConfig: Adding: com.android.server.compat.config.Change@10e8ba
05-24 13:18:48.824 487 537 I SystemConfig: Reading permissions from /system/etc/sysconfig/framework-sysconfig.xml
05-24 13:18:48.825 487 487 D CompatConfig: Adding: com.android.server.compat.config.Change@7f6ec8
05-24 13:18:48.826 487 487 D CompatConfig: Adding: com.android.server.compat.config.Change@b34b61
05-24 13:18:48.827 487 487 D CompatConfig: Adding: com.android.server.compat.config.Change@b54d686
05-24 13:18:48.828 487 487 D CompatConfig: Adding: com.android.server.compat.config.Change@e205b47
05-24 13:18:48.829 487 487 D CompatConfig: Adding: com.android.server.compat.config.Change@f80af74
05-24 13:18:48.830 487 487 D CompatConfig: Adding: com.android.server.compat.config.Change@897d512
05-24 13:18:48.830 487 537 I SystemConfig: Reading permissions from /system/etc/sysconfig/preinstalled-packages-platform.xml
05-24 13:18:48.830 487 487 D CompatConfig: Adding: com.android.server.compat.config.Change@97d64e3
05-24 13:18:48.832 487 537 I SystemConfig: Reading permissions from /system/etc/sysconfig/preinstalled-packages-com.android.providers.media.module.xml
05-24 13:18:48.833 487 487 D CompatConfig: Adding: com.android.server.compat.config.Change@4a10599
05-24 13:18:48.834 487 487 D CompatConfig: Adding: com.android.server.compat.config.Change@59a305e
05-24 13:18:48.835 487 487 D CompatConfig: Adding: com.android.server.compat.config.Change@4176c3f
05-24 13:18:48.836 487 487 D CompatConfig: Adding: com.android.server.compat.config.Change@8ae790c
05-24 13:18:48.837 487 487 D CompatConfig: Adding: com.android.server.compat.config.Change@9d4f46a
05-24 13:18:48.838 487 537 I SystemConfig: Reading permissions from /system/etc/permissions/javax.obex.xml
05-24 13:18:48.840 487 537 I SystemConfig: Reading permissions from /system/etc/permissions/android.hardware.location.network.xml
05-24 13:18:48.841 487 487 D CompatConfig: Adding: com.android.server.compat.config.Change@65019f8
05-24 13:18:48.843 487 487 D CompatConfig: Adding: com.android.server.compat.config.Change@5d4ced1
05-24 13:18:48.846 487 537 I SystemConfig: Reading permissions from /system/etc/permissions/android.software.webview.xml
05-24 13:18:48.847 487 487 D CompatConfig: Adding: com.android.server.compat.config.Change@a68dda4
05-24 13:18:48.847 487 537 I SystemConfig: Reading permissions from /system/etc/permissions/com.android.documentsui.xml
05-24 13:18:48.853 487 487 D CompatConfig: Adding: com.android.server.compat.config.Change@306870d
05-24 13:18:48.854 487 487 D CompatConfig: Adding: com.android.server.compat.config.Change@7fba6c2
05-24 13:18:48.856 487 487 D CompatConfig: Adding: com.android.server.compat.config.Change@f014cd3
05-24 13:18:48.857 487 487 D CompatConfig: Adding: com.android.server.compat.config.Change@7283010
05-24 13:18:48.857 487 487 D CompatConfig: Adding: com.android.server.compat.config.Change@7218709
05-24 13:18:48.858 487 487 D CompatConfig: Adding: com.android.server.compat.config.Change@a616d0e
05-24 13:18:48.860 487 487 D CompatConfig: Adding: com.android.server.compat.config.Change@189e32f
05-24 13:18:48.861 487 487 D CompatConfig: Adding: com.android.server.compat.config.Change@483d3c
05-24 13:18:48.861 487 487 D CompatConfig: Adding: com.android.server.compat.config.Change@9d28ac5
05-24 13:18:48.862 487 487 D CompatConfig: Adding: com.android.server.compat.config.Change@e4b4c1a
05-24 13:18:48.864 487 487 D CompatConfig: Adding: com.android.server.compat.config.Change@d5b834b
05-24 13:18:48.865 487 487 D CompatConfig: Adding: com.android.server.compat.config.Change@8f9f128
05-24 13:18:48.866 487 487 D CompatConfig: Adding: com.android.server.compat.config.Change@8c20fe6
05-24 13:18:48.867 487 487 D CompatConfig: Adding: com.android.server.compat.config.Change@d5d0927
05-24 13:18:48.867 487 537 I SystemConfig: Reading permissions from /system/etc/permissions/com.android.future.usb.accessory.xml
05-24 13:18:48.868 487 487 D CompatConfig: Adding: com.android.server.compat.config.Change@490f7d4
05-24 13:18:48.870 487 487 D CompatConfig: Adding: com.android.server.compat.config.Change@f344d7d
05-24 13:18:48.871 487 537 I SystemConfig: Reading permissions from /system/etc/permissions/oranth-privapp-permissions.xml
05-24 13:18:48.873 487 487 D CompatConfig: Adding: com.android.server.compat.config.Change@a0710c3
05-24 13:18:48.874 487 487 D CompatConfig: Adding: com.android.server.compat.config.Change@5efbd40
05-24 13:18:48.877 487 487 D CompatConfig: Adding: com.android.server.compat.config.Change@23d4479
05-24 13:18:48.879 487 487 D CompatConfig: Adding: com.android.server.compat.config.Change@d8935be
05-24 13:18:48.880 487 487 D CompatConfig: Adding: com.android.server.compat.config.Change@bff61f
05-24 13:18:48.881 487 487 D CompatConfig: Adding: com.android.server.compat.config.Change@9b36d6c
05-24 13:18:48.882 487 537 I SystemConfig: Reading permissions from /system/etc/permissions/com.android.networkstack.tethering.xml
05-24 13:18:48.883 487 487 D CompatConfig: Adding: com.android.server.compat.config.Change@49eefca
05-24 13:18:48.884 487 487 D CompatConfig: Adding: com.android.server.compat.config.Change@4f7d53b
05-24 13:18:48.886 487 537 I SystemConfig: Reading permissions from /system/etc/permissions/com.android.media.remotedisplay.xml
05-24 13:18:48.887 487 487 D CompatConfig: Adding: com.android.server.compat.config.Change@91e09b1
05-24 13:18:48.888 487 487 D CompatConfig: Adding: com.android.server.compat.config.Change@8a43e96
05-24 13:18:48.888 487 487 D CompatConfig: Adding: com.android.server.compat.config.Change@7048a17
05-24 13:18:48.889 487 487 D CompatConfig: Adding: com.android.server.compat.config.Change@3cbfe04
05-24 13:18:48.890 487 487 D CompatConfig: Adding: com.android.server.compat.config.Change@588fed
05-24 13:18:48.892 487 537 I SystemConfig: Reading permissions from /system/etc/permissions/android.software.live_wallpaper.xml
05-24 13:18:48.893 487 487 D CompatConfig: Adding: com.android.server.compat.config.Change@cbdb0b3
05-24 13:18:48.896 487 487 D CompatConfig: Found a config file: /system/etc/compatconfig/framework-platform-compat-config.xml
05-24 13:18:48.899 191 191 I servicemanager: Notifying gsiservice they have clients: 1
05-24 13:18:48.900 191 191 I servicemanager: Notifying gsiservice they have clients: 0
05-24 13:18:48.900 251 254 I AidlLazyServiceRegistrar: Process has 1 (of 1 available) client(s) in use after notification gsiservice has clients: 1
05-24 13:18:48.900 251 254 I AidlLazyServiceRegistrar: Process has 0 (of 1 available) client(s) in use after notification gsiservice has clients: 0
05-24 13:18:48.900 251 254 I AidlLazyServiceRegistrar: Trying to shut down the service. No clients in use for any service in process.
05-24 13:18:48.901 191 191 I BpBinder: onLastStrongRef automatically unlinking death recipients:
05-24 13:18:48.901 251 254 I AidlLazyServiceRegistrar: Unregistered all clients and exiting
05-24 13:18:48.902 487 537 I SystemConfig: Reading permissions from /system/etc/permissions/permissions-awbms.xml
05-24 13:18:48.905 487 537 I SystemConfig: Reading permissions from /system/etc/permissions/org.apache.http.legacy.xml
05-24 13:18:48.907 487 537 I SystemConfig: Reading permissions from /system/etc/permissions/android.test.base.xml
05-24 13:18:48.908 487 537 I SystemConfig: Reading permissions from /system/etc/permissions/privapp-vendor-permissions.xml
05-24 13:18:48.914 487 537 I SystemConfig: Reading permissions from /system/etc/permissions/android.test.mock.xml
05-24 13:18:48.916 487 537 I SystemConfig: Reading permissions from /system/etc/permissions/com.android.location.provider.xml
05-24 13:18:48.918 487 487 D CompatConfig: Adding: com.android.server.compat.config.Change@604832b
05-24 13:18:48.918 487 537 I SystemConfig: Reading permissions from /system/etc/permissions/android.software.controls.xml
05-24 13:18:48.918 487 487 D CompatConfig: Adding: com.android.server.compat.config.Change@9d3c121
05-24 13:18:48.919 487 487 D CompatConfig: Adding: com.android.server.compat.config.Change@4877946
05-24 13:18:48.920 487 487 D CompatConfig: Adding: com.android.server.compat.config.Change@6c62707
05-24 13:18:48.920 487 537 I SystemConfig: Reading permissions from /system/etc/permissions/privapp-permissions-platform.xml
05-24 13:18:48.920 487 487 D CompatConfig: Adding: com.android.server.compat.config.Change@f0a4e5d
05-24 13:18:48.921 487 487 D CompatConfig: Adding: com.android.server.compat.config.Change@431e3d2
05-24 13:18:48.921 487 487 D CompatConfig: Adding: com.android.server.compat.config.Change@3142ca3
05-24 13:18:48.921 487 487 D CompatConfig: Adding: com.android.server.compat.config.Change@e42dba0
05-24 13:18:48.922 406 406 I update_engine: [INFO:cleanup_previous_update_action.cc(112)] Executing task 1
05-24 13:18:48.923 487 487 D CompatConfig: Adding: com.android.server.compat.config.Change@f227359
05-24 13:18:48.924 527 527 D BootAnimation: BootAnimationPreloadTiming start time: 15799ms
05-24 13:18:48.925 406 406 I update_engine: [INFO:cleanup_previous_update_action.cc(124)] CleanupPreviousUpdateAction scheduled task ID 3 for WaitBootCompleted
05-24 13:18:48.925 487 487 D CompatConfig: Adding: com.android.server.compat.config.Change@a66b1e
05-24 13:18:48.926 487 487 D CompatConfig: Adding: com.android.server.compat.config.Change@2b2efff
05-24 13:18:48.926 487 487 D CompatConfig: Adding: com.android.server.compat.config.Change@98a11cc
05-24 13:18:48.927 487 487 D CompatConfig: Adding: com.android.server.compat.config.Change@fdec15
05-24 13:18:48.927 487 487 D CompatConfig: Adding: com.android.server.compat.config.Change@74a1b2a
05-24 13:18:48.927 487 487 D CompatConfig: Adding: com.android.server.compat.config.Change@b508d1b
05-24 13:18:48.927 487 487 D CompatConfig: Adding: com.android.server.compat.config.Change@a2c7eb8
05-24 13:18:48.928 487 487 D CompatConfig: Adding: com.android.server.compat.config.Change@dde3491
05-24 13:18:48.928 487 487 D CompatConfig: Adding: com.android.server.compat.config.Change@4c6bff6
05-24 13:18:48.928 487 487 D CompatConfig: Adding: com.android.server.compat.config.Change@560dff7
05-24 13:18:48.928 487 487 D CompatConfig: Adding: com.android.server.compat.config.Change@e86ce64
05-24 13:18:48.929 487 487 D CompatConfig: Adding: com.android.server.compat.config.Change@7a088cd
05-24 13:18:48.929 487 487 D CompatConfig: Adding: com.android.server.compat.config.Change@496e582
05-24 13:18:48.930 487 487 D CompatConfig: Adding: com.android.server.compat.config.Change@2b98493
05-24 13:18:48.931 487 487 D CompatConfig: Adding: com.android.server.compat.config.Change@c146cd0
05-24 13:18:48.931 487 537 I SystemConfig: Reading permissions from /system/etc/permissions/android.hardware.hdmi.cec.xml
05-24 13:18:48.932 487 487 D CompatConfig: Adding: com.android.server.compat.config.Change@d51d7ce
05-24 13:18:49.037 1 1 I init : Service 'gsid' (pid 251) exited with status 0 oneshot service took 4.605000 seconds in background
05-24 13:18:49.051 1 1 I init : Sending signal 9 to service 'gsid' (pid 251) process group...
05-24 13:18:48.932 487 487 D CompatConfig: Adding: com.android.server.compat.config.Change@2edd6ef
05-24 13:18:48.933 487 487 D CompatConfig: Adding: com.android.server.compat.config.Change@29b85fc
05-24 13:18:48.933 487 537 I SystemConfig: Reading permissions from /system/etc/permissions/android.test.runner.xml
05-24 13:18:48.936 487 537 I SystemConfig: Reading permissions from /system/etc/permissions/com.android.mediadrm.signer.xml
05-24 13:18:48.940 487 487 D CompatConfig: Adding: com.android.server.compat.config.Change@61905e8
05-24 13:18:48.945 487 487 D CompatConfig: Adding: com.android.server.compat.config.Change@1e46401
05-24 13:18:48.945 487 487 D CompatConfig: Adding: com.android.server.compat.config.Change@e7d12a6
05-24 13:18:48.946 487 487 D CompatConfig: Adding: com.android.server.compat.config.Change@953b4e7
05-24 13:18:49.064 1 1 I libprocessgroup: Successfully killed process cgroup uid 0 pid 251 in 0ms
05-24 13:18:48.946 487 487 D CompatConfig: Adding: com.android.server.compat.config.Change@b6c9894
05-24 13:18:48.947 487 487 D CompatConfig: Adding: com.android.server.compat.config.Change@a323f3d
05-24 13:18:48.948 487 487 D CompatConfig: Adding: com.android.server.compat.config.Change@cd7b332
05-24 13:18:48.950 487 537 I SystemConfig: Reading permissions from /system/etc/permissions/com.android.networkstack.xml
05-24 13:18:48.951 487 487 D CompatConfig: Adding: com.android.server.compat.config.Change@3c4aa00
05-24 13:18:48.952 487 487 D CompatConfig: Adding: com.android.server.compat.config.Change@2889239
05-24 13:18:48.953 487 487 D CompatConfig: Adding: com.android.server.compat.config.Change@1c9d07e
05-24 13:18:48.954 487 487 D CompatConfig: Adding: com.android.server.compat.config.Change@fe859df
05-24 13:18:48.955 487 487 D CompatConfig: Adding: com.android.server.compat.config.Change@2ca662c
05-24 13:18:48.957 487 537 I SystemConfig: Reading permissions from /system/etc/permissions/platform.xml
05-24 13:18:48.958 487 487 D CompatConfig: Adding: com.android.server.compat.config.Change@a2e768a
05-24 13:18:48.959 487 487 D CompatConfig: Adding: com.android.server.compat.config.Change@6a2b4fb
05-24 13:18:48.960 487 487 D CompatConfig: Adding: com.android.server.compat.config.Change@b8db918
05-24 13:18:48.961 487 487 D CompatConfig: Adding: com.android.server.compat.config.Change@a4d4f71
05-24 13:18:48.962 487 487 D CompatConfig: Adding: com.android.server.compat.config.Change@3857156
05-24 13:18:48.963 487 487 D CompatConfig: Adding: com.android.server.compat.config.Change@6dda5d7
05-24 13:18:48.964 487 487 D CompatConfig: Adding: com.android.server.compat.config.Change@314ec4
05-24 13:18:48.965 487 487 D CompatConfig: Adding: com.android.server.compat.config.Change@a9671ad
05-24 13:18:48.965 487 487 D CompatConfig: Adding: com.android.server.compat.config.Change@17f4ce2
05-24 13:18:48.966 487 487 D CompatConfig: Adding: com.android.server.compat.config.Change@56cc873
05-24 13:18:48.966 487 487 D CompatConfig: Adding: com.android.server.compat.config.Change@569330
05-24 13:18:48.967 487 487 D CompatConfig: Adding: com.android.server.compat.config.Change@cd57ba9
05-24 13:18:48.968 487 487 D CompatConfig: Adding: com.android.server.compat.config.Change@6c178cf
