05-24 13:18:56.242 487 965 D ReflectedParamUpdater: extent() != 1 for single value type: algo.buffers.pool-ids.values
05-24 13:18:56.246 487 965 I CCodecConfig: query failed after returning 7 values (BAD_INDEX)
05-24 13:18:56.247 487 965 D CCodecConfig: c2 config diff is Dict {
05-24 13:18:56.247 487 965 D CCodecConfig: c2::u32 coded.bitrate.value = 64000
05-24 13:18:56.247 487 965 D CCodecConfig: c2::u32 input.buffers.max-size.value = 32768
05-24 13:18:56.247 487 965 D CCodecConfig: c2::u32 input.delay.value = 0
05-24 13:18:56.247 487 965 D CCodecConfig: string input.media-type.value = "audio/vorbis"
05-24 13:18:56.247 487 965 D CCodecConfig: string output.media-type.value = "audio/raw"
05-24 13:18:56.247 487 965 D CCodecConfig: c2::u32 raw.channel-count.value = 1
05-24 13:18:56.247 487 965 D CCodecConfig: c2::u32 raw.sample-rate.value = 48000
05-24 13:18:56.247 487 965 D CCodecConfig: }
05-24 13:18:56.248 679 694 D BluetoothAdapterService: enable() - Enable called with quiet mode status = false
05-24 13:18:56.248 679 826 I AdapterState: BLE_TURNING_ON : entered
05-24 13:18:56.248 679 826 D AdapterProperties: Setting state to BLE_TURNING_ON
05-24 13:18:56.249 487 965 D CCodec : [c2.android.vorbis.decoder] buffers are bound to CCodec for this session
05-24 13:18:56.249 487 965 D CCodecConfig: no c2 equivalents for durationUs
05-24 13:18:56.249 487 965 D CCodecConfig: no c2 equivalents for track-id
05-24 13:18:56.249 487 965 D CCodecConfig: no c2 equivalents for csd-1
05-24 13:18:56.249 487 965 D CCodecConfig: no c2 equivalents for channel-mask
05-24 13:18:56.249 487 965 D CCodecConfig: no c2 equivalents for flags
05-24 13:18:56.249 679 826 D BluetoothAdapterService: updateAdapterState() - Broadcasting state BLE_TURNING_ON to 1 receivers.
05-24 13:18:56.250 487 965 D CCodecConfig: c2 config diff is c2::u32 coded.bitrate.value = 499821
05-24 13:18:56.250 487 965 D CCodecConfig: c2::u32 raw.channel-count.value = 2
05-24 13:18:56.250 487 965 D CCodecConfig: c2::u32 raw.sample-rate.value = 44100
05-24 13:18:56.252 487 965 W Codec2Client: query -- param skipped: index = 1107298332.
05-24 13:18:56.252 487 965 D CCodec : setup formats input: AMessage(what = 0x00000000) = {
05-24 13:18:56.252 487 965 D CCodec : int32_t bitrate = 499821
05-24 13:18:56.252 487 965 D CCodec : int32_t channel-count = 2
05-24 13:18:56.252 487 965 D CCodec : int32_t max-input-size = 32768
05-24 13:18:56.252 487 965 D CCodec : string mime = "audio/vorbis"
05-24 13:18:56.252 487 965 D CCodec : int32_t sample-rate = 44100
05-24 13:18:56.252 487 965 D CCodec : }
05-24 13:18:56.252 487 965 D CCodec : setup formats output: AMessage(what = 0x00000000) = {
05-24 13:18:56.252 487 965 D CCodec : int32_t channel-count = 2
05-24 13:18:56.252 487 965 D CCodec : string mime = "audio/raw"
05-24 13:18:56.252 487 965 D CCodec : int32_t sample-rate = 44100
05-24 13:18:56.252 487 965 D CCodec : int32_t channel-mask = 3
05-24 13:18:56.252 487 965 D CCodec : }
05-24 13:18:56.252 487 965 I CCodecConfig: query failed after returning 7 values (BAD_INDEX)
05-24 13:18:56.253 487 532 D BluetoothManagerService: MESSAGE_BLUETOOTH_STATE_CHANGE: OFF > BLE_TURNING_ON
05-24 13:18:56.253 487 532 D BluetoothManagerService: Sending BLE State Change: OFF > BLE_TURNING_ON
05-24 13:18:56.253 487 965 W Codec2Client: query -- param skipped: index = 1342179345.
05-24 13:18:56.254 487 965 W Codec2Client: query -- param skipped: index = 2415921170.
05-24 13:18:56.255 487 965 D CCodecBufferChannel: [c2.android.vorbis.decoder#62] Created input block pool with allocatorID 16 => poolID 19 - OK (0)
05-24 13:18:56.256 679 826 D BluetoothAdapterService: bleOnProcessStart()
05-24 13:18:56.256 679 826 I AdapterProperties: init(), maxConnectedAudioDevices, default=5, propertyOverlayed=5, finalValue=5
05-24 13:18:56.258 487 965 I CCodecBufferChannel: [c2.android.vorbis.decoder#62] Created output block pool with allocatorID 16 => poolID 21 - OK
05-24 13:18:56.259 487 965 D CCodecBufferChannel: [c2.android.vorbis.decoder#62] Configured output block pool ids 21 => OK
05-24 13:18:56.262 679 826 D BluetoothAdapterService: bleOnProcessStart() - Make Bond State Machine
05-24 13:18:56.263 679 826 D BluetoothBondStateMachine: make
05-24 13:18:56.264 690 690 E libEGL : validate_display:538 error 3001 (EGL_NOT_INITIALIZED)
05-24 13:18:56.268 404 968 D SimpleC2Component: Using output block pool with poolID 21 => got 21 - 0
05-24 13:18:56.270 679 971 I BluetoothBondStateMachine: StableState(): Entering Off State
05-24 13:18:56.280 679 679 I BtGatt.JNI: classInitNative(L1073): classInitNative: Success!
05-24 13:18:56.283 679 679 D BtGatt.DebugUtils: handleDebugAction() action=null
05-24 13:18:56.294 679 679 I bt_btif : system/bt/btif/src/bluetooth.cc:417 get_profile_interface: get_profile_interface: id = gatt
05-24 13:18:56.305 679 679 D CompatibilityChangeReporter: Compat change id reported: 160794467; UID 1002; state: ENABLED
05-24 13:18:56.331 679 869 I bt_stack_manager: system/bt/btif/src/stack_manager.cc:246 event_start_up_stack: event_start_up_stack is bringing up the stack
05-24 13:18:56.332 679 869 I bt_core_module: system/bt/btcore/src/module.cc:85 module_start_up: module_start_up Starting module "btif_config_module"
05-24 13:18:56.333 679 869 I bt_core_module: system/bt/btcore/src/module.cc:90 module_start_up: module_start_up Started module "btif_config_module"
05-24 13:18:56.334 679 869 I bt_core_module: system/bt/btcore/src/module.cc:85 module_start_up: module_start_up Starting module "btsnoop_module"
05-24 13:18:56.334 679 869 I droid.bluetoot: [0524/131856.334208:INFO:btsnoop.cc(204)] start_up: Snoop Logs fully enabled
05-24 13:18:56.334 679 869 I droid.bluetoot: [0524/131856.334375:INFO:btsnoop.cc(356)] delete_btsnoop_files: Deleting snoop logs if they exist. filtered = 1
05-24 13:18:56.341 487 965 I hw-BpHwBinder: onLastStrongRef automatically unlinking death recipients
05-24 13:18:56.344 679 869 I bt_core_module: system/bt/btcore/src/module.cc:90 module_start_up: module_start_up Started module "btsnoop_module"
05-24 13:18:56.346 679 869 I bt_core_module: system/bt/btcore/src/module.cc:85 module_start_up: module_start_up Starting module "hci_module"
05-24 13:18:56.346 679 869 I bt_hci : system/bt/hci/src/hci_layer.cc:200 hci_module_start_up: hci_module_start_up
05-24 13:18:56.346 679 977 I droid.bluetoot: [0524/131856.346838:INFO:message_loop_thread.cc(224)] Run: message loop starting for thread bt_hci_thread
05-24 13:18:56.348 679 977 I bt_hci : system/bt/hci/src/hci_layer_android.cc:159 hci_initialize: hci_initialize
05-24 13:18:56.349 192 192 I hwservicemanager: getTransport: Cannot find entry android.hardware.bluetooth@1.1::IBluetoothHci/default in either framework or device VINTF manifest.
05-24 13:18:56.349 679 869 I bt_hci : system/bt/hci/src/hci_layer.cc:257 hci_module_start_up: hci_module_start_up starting async portion
05-24 13:18:56.351 679 977 I bt_hci : system/bt/hci/src/hci_layer_android.cc:178 hci_initialize: hci_initialize: IBluetoothHci::getService() returned 0xf48a5f20 (remote)
05-24 13:18:56.352 679 977 E cutils-trace: Error opening trace file: No such file or directory (2)
05-24 13:18:56.352 264 264 I android.hardware.bluetooth@1.0-impl: BluetoothHci::initialize()
05-24 13:18:56.355 264 264 D android.hardware.bluetooth@1.0-service: get_local_address: Trying /sys/class/addr_mgt/addr_bt
05-24 13:18:56.355 264 264 D android.hardware.bluetooth@1.0-service: get_local_address: Got Factory BDA B6:9D:26:31:B8:89
05-24 13:18:56.355 264 264 D WifiHWInfo: Start to load wireless module hardware info table...
05-24 13:18:56.355 264 264 D WifiHWInfo: Entry [01], BUS: SDIO, ID: 0x024C8179, Name: rtl8189es.
05-24 13:18:56.355 264 264 D WifiHWInfo: Entry [02], BUS: SDIO, ID: 0x024CB723, Name: rtl8723bs_vq0.
05-24 13:18:56.355 264 264 D WifiHWInfo: Entry [03], BUS: SDIO, ID: 0x024CB703, Name: rtl8723cs.
05-24 13:18:56.355 264 264 D WifiHWInfo: Entry [04], BUS: SDIO, ID: 0x024CD723, Name: rtl8723ds.
05-24 13:18:56.355 264 264 D WifiHWInfo: Entry [05], BUS: SDIO, ID: 0x024CF179, Name: rtl8189fs.
05-24 13:18:56.355 264 264 D WifiHWInfo: Entry [06], BUS: SDIO, ID: 0x024CB822, Name: rtl88x2bs.
05-24 13:18:56.355 264 264 D WifiHWInfo: Entry [07], BUS: USB, ID: 0x0BDAD723, Name: rtl8723du.
05-24 13:18:56.355 264 264 D WifiHWInfo: Entry [08], BUS: USB, ID: 0x0BDA8179, Name: rtl8188etv.
05-24 13:18:56.356 264 264 D WifiHWInfo: Entry [09], BUS: USB, ID: 0x0BDA0179, Name: rtl8188eu.
05-24 13:18:56.356 264 264 D WifiHWInfo: Entry [10], BUS: USB, ID: 0x0BDA818B, Name: rtl8192eu.
05-24 13:18:56.356 264 264 D WifiHWInfo: Entry [11], BUS: USB, ID: 0x0BDAB720, Name: rtl8723bu.
05-24 13:18:56.356 264 264 D WifiHWInfo: Entry [12], BUS: USB, ID: 0x0BDAC82C, Name: rtl8822cu.
05-24 13:18:56.356 264 264 D WifiHWInfo: Entry [13], BUS: USB, ID: 0x0BDAF179, Name: rtl8188fu.
05-24 13:18:56.356 264 264 D WifiHWInfo: Entry [14], BUS: SDIO, ID: 0x02D0A9A6, Name: ap6212.
05-24 13:18:56.356 264 264 D WifiHWInfo: Entry [15], BUS: SDIO, ID: 0x02D04330, Name: ap6330.
05-24 13:18:56.356 264 264 D WifiHWInfo: Entry [16], BUS: SDIO, ID: 0x02D04356, Name: ap6356s.
05-24 13:18:56.356 264 264 D WifiHWInfo: Entry [17], BUS: SDIO, ID: 0x02D0A9BF, Name: ap6255.
05-24 13:18:56.356 264 264 D WifiHWInfo: Entry [18], BUS: SDIO, ID: 0x02D04334, Name: bcm43342.
05-24 13:18:56.356 264 264 D WifiHWInfo: Entry [19], BUS: SDIO, ID: 0x00202281, Name: xr819.
05-24 13:18:56.356 264 264 D WifiHWInfo: Entry [20], BUS: SDIO, ID: 0x0A9E2282, Name: xr829.
05-24 13:18:56.356 264 264 D WifiHWInfo: Entry [21], BUS: SDIO, ID: 0x0271050A, Name: qca6174a.
05-24 13:18:56.356 264 264 D WifiHWInfo: Entry [22], BUS: SDIO, ID: 0x30303030, Name: ssv6x5x.
05-24 13:18:56.356 264 264 D WifiHWInfo: Entry [23], BUS: SDIO, ID: 0x00000000, Name: uwe5621.
05-24 13:18:56.356 264 264 D WifiHWInfo: Entry [24], BUS: SDIO, ID: 0x54490145, Name: aic8800.
05-24 13:18:56.356 264 264 D WifiHWInfo: Entry [25], BUS: SDIO, ID: 0xC8A1C08D, Name: aic8800.
05-24 13:18:56.356 264 264 D WifiHWInfo: Entry [26], BUS: USB, ID: 0xA69C8800, Name: aic8800.
05-24 13:18:56.356 264 264 D WifiHWInfo: Entry [27], BUS: USB, ID: 0x007A8888, Name: atbm6023is.
05-24 13:18:56.356 264 264 D WifiHWInfo: Entry [28], BUS: SDIO, ID: 0x02E79086, Name: 9012p.
05-24 13:18:56.356 264 264 D WifiHWInfo: Entry [29], BUS: SDIO, ID: 0x007A6011, Name: atbm613x_wifi_sdio.
05-24 13:18:56.356 264 264 D WifiHWInfo: Entry [30], BUS: SDIO, ID: 0x024CC822, Name: 88x2cs.
05-24 13:18:56.356 264 264 D WifiHWInfo: Entry [31], BUS: SDIO, ID: 0x000018F0, Name: dummy.
05-24 13:18:56.356 264 264 D libbt-auto-detect: init, get libbt name: libbt-sprd.so.
05-24 13:18:56.359 264 264 I bt_vendor: init
05-24 13:18:56.356 1 1 I /system/bin/init: type=1107 audit(0.0:388): uid=0 auid=4294967295 ses=4294967295 subj=u:r:init:s0 msg='avc: denied { set } for property=vendor.driver.lpm.load pid=264 uid=1002 gid=1002 scontext=u:r:hal_bluetooth_default:s0 tcontext=u:object_r:vendor_wireless_prop:s0 tclass=property_service permissive=1'
05-24 13:18:56.361 264 264 D bt_vnd_hci: sprd_vendor_hci_init
05-24 13:18:56.361 264 264 I bt_chip_vendor: marlin3_init
05-24 13:18:56.361 264 264 I bt_vnd_conf: Attempt to load conf from /vendor/etc/bt_configure_pskey.ini
05-24 13:18:56.361 264 979 D bt_vnd_hci: hci_server_thread
05-24 13:18:56.363 264 264 D bt_vnd_conf: device_class -> 0x001F00
05-24 13:18:56.363 264 264 D bt_vnd_conf: feature_set -> 0xBF, 0xFF, 0x8D, 0xFE, 0xDB, 0x3D, 0x7B, 0x87, 0xFF, 0xA7, 0xFF, 0x7F, 0x00, 0xE0, 0xF7, 0x3E
05-24 13:18:56.363 264 264 D bt_vnd_conf: device_addr -> 0x6D, 0x6D, 0x8E, 0x8E, 0x8F, 0x8F
05-24 13:18:56.363 264 264 D bt_vnd_conf: comp_id -> 0x01EC
05-24 13:18:56.363 264 264 D bt_vnd_conf: g_sys_uart0_communication_supported -> 1
05-24 13:18:56.363 264 264 D bt_vnd_conf: cp2_log_mode -> 1
05-24 13:18:56.363 264 264 D bt_vnd_conf: LogLevel -> 0xFF
05-24 13:18:56.363 264 264 D bt_vnd_conf: g_central_or_perpheral -> 0
05-24 13:18:56.363 264 264 D bt_vnd_conf: Log_BitMask -> 0xFFFF
05-24 13:18:56.363 264 264 D bt_vnd_conf: super_ssp_enable -> 0
05-24 13:18:56.363 264 264 D bt_vnd_conf: common_rfu_b3 -> 0
05-24 13:18:56.363 264 264 D bt_vnd_conf: common_rfu_w -> 0x00000000, 0x00000000
05-24 13:18:56.363 264 264 D bt_vnd_conf: le_rfu_w -> 0x00000000, 0x000000000
05-24 13:18:56.363 264 264 D bt_vnd_conf: lmp_rfu_w -> 0x00000000, 0x000000000
05-24 13:18:56.363 264 264 D bt_vnd_conf: lc_rfu_w -> 0x00000000, 0x000000000
05-24 13:18:56.363 264 264 D bt_vnd_conf: g_wbs_nv_117 -> 0x004D
05-24 13:18:56.363 264 264 D bt_vnd_conf: g_wbs_nv_118 -> 0x0166
05-24 13:18:56.363 264 264 D bt_vnd_conf: g_nbv_nv_117 -> 0x004D
05-24 13:18:56.363 264 264 D bt_vnd_conf: g_nbv_nv_118 -> 0x0166
05-24 13:18:56.363 264 264 D bt_vnd_conf: g_sys_sco_transmit_mode -> 0
05-24 13:18:56.363 264 264 D bt_vnd_conf: audio_rfu_b1 -> 0
05-24 13:18:56.363 264 264 D bt_vnd_conf: audio_rfu_b2 -> 0
05-24 13:18:56.363 264 264 D bt_vnd_conf: audio_rfu_b3 -> 0
05-24 13:18:56.363 264 264 D bt_vnd_conf: audio_rfu_w -> 0x00000000, 0x00000000
05-24 13:18:56.363 264 264 D bt_vnd_conf: g_sys_sleep_in_standby_supported -> 1
05-24 13:18:56.363 264 264 D bt_vnd_conf: g_sys_sleep_master_supported -> 1
05-24 13:18:56.363 264 264 D bt_vnd_conf: g_sys_sleep_slave_supported -> 1
05-24 13:18:56.363 264 264 D bt_vnd_conf: power_rfu_b1 -> 0
05-24 13:18:56.363 264 264 D bt_vnd_conf: power_rfu_w -> 0x00000000, 0x00000000
05-24 13:18:56.363 264 264 D bt_vnd_conf: win_ext -> 40
05-24 13:18:56.363 264 264 D bt_vnd_conf: edr_tx_edr_delay -> 6
05-24 13:18:56.363 264 264 D bt_vnd_conf: edr_rx_edr_delay -> 8
05-24 13:18:56.363 264 264 D bt_vnd_conf: tx_delay -> 12
05-24 13:18:56.363 264 264 D bt_vnd_conf: rx_delay -> 34
05-24 13:18:56.363 264 264 D bt_vnd_conf: bb_rfu_w -> 0x00000000, 0x00000000
05-24 13:18:56.363 264 264 D bt_vnd_conf: agc_mode -> 0
05-24 13:18:56.363 264 264 D bt_vnd_conf: diff_or_eq -> 0xFF
05-24 13:18:56.363 264 264 D bt_vnd_conf: ramp_mode -> 0
05-24 13:18:56.363 264 264 D bt_vnd_conf: modem_rfu_b1 -> 0
05-24 13:18:56.363 264 264 D bt_vnd_conf: modem_rfu_w -> 0x00000000, 0x00000000
05-24 13:18:56.363 264 264 D bt_vnd_conf: BQB_BitMask_1 -> 0x00000000
05-24 13:18:56.363 264 264 D bt_vnd_conf: BQB_BitMask_2 -> 0x00000000
05-24 13:18:56.363 264 264 D bt_vnd_conf: bt_coex_threshold -> 0x04E2, 0x1F40, 0x0020, 0x00C8, 0x0006, 0x0000, 0x0000, 0x0000
05-24 13:18:56.363 264 264 D bt_vnd_conf: other_rfu_w -> 0x00000000, 0x00000000
05-24 13:18:56.363 264 264 I bt_vnd_conf: Attempt to load conf from /vendor/etc/bt_configure_rf.ini
05-24 13:18:56.364 264 979 D bt_vnd_hci: name: bt_vendor_sprd_hci
05-24 13:18:56.364 264 979 D bt_vnd_hci: listen socket: bt_vendor_sprd_hci, fd: 6
05-24 13:18:56.364 264 979 D bt_vnd_hci: hci_server_thread wati for btools
05-24 13:18:56.364 264 264 D bt_vnd_conf: g_GainValue_A -> 0xE000, 0xE000, 0xE000, 0xE000, 0xE000, 0xE000
05-24 13:18:56.364 264 264 D bt_vnd_conf: g_ClassicPowerValue_A -> 0x4115, 0x3A15, 0x3415, 0x2E15, 0x2715, 0x2115, 0x1715, 0x1115, 0x0B15, 0x0715
05-24 13:18:56.364 264 264 D bt_vnd_conf: g_LEPowerValue_A -> 0x3B15, 0x3715, 0x3315, 0x2F15, 0x2B15, 0x2715, 0x2315, 0x1F15, 0x1B15, 0x1715, 0x1315, 0x0F15, 0x0B15, 0x0815, 0x0415, 0x0015
05-24 13:18:56.364 264 264 D bt_vnd_conf: g_BRChannelpwrvalue_A -> 0x0615, 0x0615, 0x0615, 0x0615, 0x0615, 0x0615, 0x0615, 0x0615
05-24 13:18:56.364 264 264 D bt_vnd_conf: g_EDRChannelpwrvalue_A -> 0x0615, 0x0615, 0x0615, 0x0715, 0x0715, 0x0715, 0x0715, 0x0715
05-24 13:18:56.364 264 264 D bt_vnd_conf: g_LEChannelpwrvalue_A -> 0x1515, 0x1515, 0x1515, 0x1515, 0x1515, 0x1515, 0x1515, 0x1515
05-24 13:18:56.365 264 264 D bt_vnd_conf: g_GainValue_B -> 0xE000, 0xE000, 0xE000, 0xE000, 0xE000, 0xE000
05-24 13:18:56.365 264 264 D bt_vnd_conf: g_ClassicPowerValue_B -> 0x4915, 0x4315, 0x4115, 0x3915, 0x3115, 0x2A15, 0x2215, 0x1B15, 0x1415, 0x0E15
05-24 13:18:56.365 264 264 D bt_vnd_conf: g_LEPowerValue_B -> 0x4B15, 0x4B15, 0x4B15, 0x4B15, 0x4B15, 0x4615, 0x4015, 0x3B15, 0x3615, 0x3015, 0x2B15, 0x2615, 0x2015, 0x1A15, 0x1415, 0x0E15
05-24 13:18:56.365 264 264 D bt_vnd_conf: g_BRChannelpwrvalue_B -> 0x0815, 0x0915, 0x0C15, 0x0C15, 0x0C15, 0x0C15, 0x0C15, 0x0B15
05-24 13:18:56.365 264 264 D bt_vnd_conf: g_EDRChannelpwrvalue_B -> 0x0A15, 0x0B15, 0x0D15, 0x0E15, 0x0E15, 0x0E15, 0x0E15, 0x0D15
05-24 13:18:56.365 264 264 D bt_vnd_conf: g_LEChannelpwrvalue_B -> 0x0E15,0x0E15,0x1115,0x1115,0x1115,0x1115,0x1115,0x1015
05-24 13:18:56.365 264 264 D bt_vnd_conf: LE_fix_powerword -> 0x00
05-24 13:18:56.365 264 264 D bt_vnd_conf: Classic_pc_by_channel -> 0xFF
05-24 13:18:56.365 264 264 D bt_vnd_conf: LE_pc_by_channel -> 0xFF
05-24 13:18:56.365 264 264 D bt_vnd_conf: RF_switch_mode -> 0x02
05-24 13:18:56.365 264 264 D bt_vnd_conf: Data_Capture_Mode -> 0x00
05-24 13:18:56.365 264 264 D bt_vnd_conf: Analog_IQ_Debug_Mode -> 0x00
05-24 13:18:56.365 264 264 D bt_vnd_conf: RF_common_rfu_b3 -> 0x55
05-24 13:18:56.365 264 264 D bt_vnd_conf: RF_common_rfu_w -> 0x555F4334, 0x55555555, 0x55555555, 0x55555555, 0x55555555
05-24 13:18:56.365 264 264 I bt_vnd_conf: set_mac_address
05-24 13:18:56.365 264 264 D bt_vendor: marlin3 start up
05-24 13:18:56.365 264 264 D android.hardware.bluetooth@1.0-impl: Open vendor library loaded
05-24 13:18:56.365 264 264 E bt_upio : init_rfkill: No rfkill control node found
05-24 13:18:56.365 264 264 I bt_userial_vendor: userial vendor open: opening /dev/ttyBT0, baud 14
05-24 13:18:56.365 264 264 D bt_vendor: check_access, /dev/ttyBT0 R/W access OK after wait 0ms
05-24 13:18:56.366 278 278 D hdmi-cec: cec physical address: 1.0.0.0
05-24 13:18:56.368 487 715 D MediaCodecList: codecHandlesFormat: no format, so no extra checks
05-24 13:18:56.374 487 980 D CCodec : allocate(c2.android.vorbis.decoder)
05-24 13:18:56.494 264 264 I : mtty_open probe is success!
05-24 13:18:56.499 264 264 E bluetooth_set_power: start_block=0
05-24 13:18:56.505 264 264 I WCN : start_marlin [MARLIN_BLUETOOTH]
05-24 13:18:56.379 487 980 I CCodec : Created component [c2.android.vorbis.decoder]
05-24 13:18:56.379 487 980 D CCodecConfig: read media type: audio/vorbis
05-24 13:18:56.382 487 980 D ReflectedParamUpdater: extent() != 1 for single value type: algo.buffers.max-count.values
05-24 13:18:56.383 487 980 D ReflectedParamUpdater: extent() != 1 for single value type: output.subscribed-indices.values
05-24 13:18:56.383 487 980 D ReflectedParamUpdater: extent() != 1 for single value type: input.buffers.allocator-ids.values
05-24 13:18:56.383 487 980 D ReflectedParamUpdater: extent() != 1 for single value type: output.buffers.allocator-ids.values
05-24 13:18:56.383 487 980 D ReflectedParamUpdater: extent() != 1 for single value type: algo.buffers.allocator-ids.values
05-24 13:18:56.383 487 980 D ReflectedParamUpdater: extent() != 1 for single value type: output.buffers.pool-ids.values
05-24 13:18:56.384 487 980 D ReflectedParamUpdater: extent() != 1 for single value type: algo.buffers.pool-ids.values
05-24 13:18:56.386 487 980 I CCodecConfig: query failed after returning 7 values (BAD_INDEX)
05-24 13:18:56.387 487 980 D CCodecConfig: c2 config diff is Dict {
05-24 13:18:56.387 487 980 D CCodecConfig: c2::u32 coded.bitrate.value = 64000
05-24 13:18:56.387 487 980 D CCodecConfig: c2::u32 input.buffers.max-size.value = 32768
05-24 13:18:56.387 487 980 D CCodecConfig: c2::u32 input.delay.value = 0
05-24 13:18:56.387 487 980 D CCodecConfig: string input.media-type.value = "audio/vorbis"
05-24 13:18:56.387 487 980 D CCodecConfig: string output.media-type.value = "audio/raw"
05-24 13:18:56.387 487 980 D CCodecConfig: c2::u32 raw.channel-count.value = 1
05-24 13:18:56.387 487 980 D CCodecConfig: c2::u32 raw.sample-rate.value = 48000
05-24 13:18:56.387 487 980 D CCodecConfig: }
05-24 13:18:56.388 487 980 D CCodec : [c2.android.vorbis.decoder] buffers are bound to CCodec for this session
05-24 13:18:56.388 487 980 D CCodecConfig: no c2 equivalents for durationUs
05-24 13:18:56.388 487 980 D CCodecConfig: no c2 equivalents for track-id
05-24 13:18:56.388 487 980 D CCodecConfig: no c2 equivalents for csd-1
05-24 13:18:56.389 487 980 D CCodecConfig: no c2 equivalents for channel-mask
05-24 13:18:56.389 487 980 D CCodecConfig: no c2 equivalents for flags
05-24 13:18:56.390 487 980 D CCodecConfig: c2 config diff is c2::u32 coded.bitrate.value = 499821
05-24 13:18:56.390 487 980 D CCodecConfig: c2::u32 raw.channel-count.value = 2
05-24 13:18:56.390 487 980 D CCodecConfig: c2::u32 raw.sample-rate.value = 44100
05-24 13:18:56.391 487 980 W Codec2Client: query -- param skipped: index = 1107298332.
05-24 13:18:56.391 487 980 D CCodec : setup formats input: AMessage(what = 0x00000000) = {
05-24 13:18:56.391 487 980 D CCodec : int32_t bitrate = 499821
05-24 13:18:56.391 487 980 D CCodec : int32_t channel-count = 2
05-24 13:18:56.391 487 980 D CCodec : int32_t max-input-size = 32768
05-24 13:18:56.391 487 980 D CCodec : string mime = "audio/vorbis"
05-24 13:18:56.391 487 980 D CCodec : int32_t sample-rate = 44100
05-24 13:18:56.391 487 980 D CCodec : }
05-24 13:18:56.391 487 980 D CCodec : setup formats output: AMessage(what = 0x00000000) = {
05-24 13:18:56.391 487 980 D CCodec : int32_t channel-count = 2
05-24 13:18:56.391 487 980 D CCodec : string mime = "audio/raw"
05-24 13:18:56.391 487 980 D CCodec : int32_t sample-rate = 44100
05-24 13:18:56.391 487 980 D CCodec : int32_t channel-mask = 3
05-24 13:18:56.391 487 980 D CCodec : }
05-24 13:18:56.392 487 980 I CCodecConfig: query failed after returning 7 values (BAD_INDEX)
05-24 13:18:56.392 487 980 W Codec2Client: query -- param skipped: index = 1342179345.
05-24 13:18:56.392 487 980 W Codec2Client: query -- param skipped: index = 2415921170.
05-24 13:18:56.394 487 980 D CCodecBufferChannel: [c2.android.vorbis.decoder#454] Created input block pool with allocatorID 16 => poolID 20 - OK (0)
05-24 13:18:56.395 487 980 I CCodecBufferChannel: [c2.android.vorbis.decoder#454] Created output block pool with allocatorID 16 => poolID 22 - OK
05-24 13:18:56.395 487 980 D CCodecBufferChannel: [c2.android.vorbis.decoder#454] Configured output block pool ids 22 => OK
05-24 13:18:56.398 762 771 I rkstack.proces: Background young concurrent copying GC freed 11555(683KB) AllocSpace objects, 0(0B) LOS objects, 88% free, 3083KB/27MB, paused 141us total 104.058ms
05-24 13:18:56.511 264 264 D : CPU: 0 PID: 264 Comm: bluetooth@1.0-s Tainted: G O 5.4.125+ #1
05-24 13:18:56.521 264 264 D Hardware name: sun50iw9 (DT)
05-24 13:18:56.526 264 264 D Call trace:
05-24 13:18:56.529 264 264 D : dump_backtrace.cfi_jt+0x0/0x4
05-24 13:18:56.535 264 264 D : dump_stack+0xbc/0x104
05-24 13:18:56.540 264 264 D : marlin_set_power+0x2c/0x78c [uwe5621_bsp_sdio]
05-24 13:18:56.433 487 487 W Looper : Slow dispatch took 197ms main h=android.os.Handler c=com.android.server.hdmi.WorkSourceUidPreservingRunnable@975cec5 m=0
05-24 13:18:56.542 1 1 I init : processing action (vendor.driver.lpm.load=1) from (/vendor/etc/init/init.bluetooth.common.rc:68)
05-24 13:18:56.547 264 264 D : start_marlin+0xbc/0x14c [uwe5621_bsp_sdio]
05-24 13:18:56.547 264 264 D : bluetooth_set_power+0x44/0x70 [sprdbt_tty]
05-24 13:18:56.442 487 487 V NotificationAssistants: 0 notification assistant service connected: ComponentInfo{android.ext.services/android.ext.services.notification.Assistant}
05-24 13:18:56.444 487 487 D BluetoothA2dp: Binding service...
05-24 13:18:56.562 1 1 I init : processing action (vendor.init.lpm.load=1) from (/vendor/etc/init/init.bluetooth.common.rc:71)
05-24 13:18:56.566 264 264 D : mtty_open+0xb0/0x150 [sprdbt_tty]
05-24 13:18:56.566 264 264 D : tty_open+0x350/0x550
05-24 13:18:56.566 264 264 D : chrdev_open+0x1d8/0x254
05-24 13:18:56.453 487 534 D CompatibilityChangeReporter: Compat change id reported: 158002302; UID 10064; state: ENABLED
05-24 13:18:56.453 690 690 V WallpaperService: Setting wallpaper dimming: 0
05-24 13:18:56.459 487 487 I PackageWatchdog: Syncing health check requests for packages: {}
05-24 13:18:56.459 487 487 D ExplicitHealthCheckController: Getting health check supported packages
05-24 13:18:56.460 487 487 W Looper : Drained
05-24 13:18:56.460 487 533 I ActivityManagerTiming: FinishBooting
05-24 13:18:56.461 258 258 W Zygote : forkRepeatedly terminated due to non-simple command
05-24 13:18:56.461 258 258 D Zygote : mbuffer starts with 1 , nice name is , mEnd = 19, mNext = 19, mLinesLeft = 0, mFd = 4
05-24 13:18:56.463 487 533 I ActivityManager: About to commit checkpoint
05-24 13:18:56.464 487 533 I SystemServiceManager: Starting phase 1000
05-24 13:18:56.465 487 533 I ActivityManagerTiming: OnBootPhase_1000
05-24 13:18:56.465 487 533 E PowerStatsService: Failed to start PowerStatsService loggers
05-24 13:18:56.466 487 567 V DisplayPowerController[0]: Brightness [0.39763778] reason changing to: 'manual', previous reason: 'override'.
05-24 13:18:56.467 257 742 I netd : firewallReplaceUidChain(fw_standby, false, []) -> {true} <0.10ms>
05-24 13:18:56.468 487 595 D AppStandbyController: Loading headless system app cache. appIdleEnabled=false
05-24 13:18:56.473 487 599 D RollbackManager: mRollbackLifetimeDurationInMillis=1209600000
05-24 13:18:56.484 487 510 I ExplicitHealthCheckController: Explicit health check supported packages [PackageConfig{com.android.networkstack, 86400000}]
05-24 13:18:56.485 487 510 D PackageWatchdog: Received supported packages [PackageConfig{com.android.networkstack, 86400000}]
05-24 13:18:56.486 487 510 D ExplicitHealthCheckController: Getting health check requested packages
05-24 13:18:56.489 487 510 I ExplicitHealthCheckController: Explicit health check requested packages []
05-24 13:18:56.491 487 510 I ExplicitHealthCheckController: No more health check requests, unbinding...
05-24 13:18:56.494 487 510 I ExplicitHealthCheckController: Explicit health check service is unbound
05-24 13:18:56.521 192 192 I hwservicemanager: getTransport: Cannot find entry android.hardware.configstore@1.0::ISurfaceFlingerConfigs/default in either framework or device VINTF manifest.
05-24 13:18:56.522 690 947 D EglHelper: createEglContext start
05-24 13:18:56.600 264 264 D : do_dentry_open+0x270/0x3ac
05-24 13:18:56.605 264 264 D : vfs_open+0x2c/0x38
05-24 13:18:56.609 264 264 D : path_openat+0x6a8/0xf78
05-24 13:18:56.614 264 264 D : do_filp_open+0x78/0x124
05-24 13:18:56.619 264 264 D : do_sys_open+0x13c/0x290
05-24 13:18:56.624 264 264 D : __arm64_compat_sys_openat+0x24/0x30
05-24 13:18:56.630 264 264 D : el0_svc_common+0xb8/0x1cc
05-24 13:18:56.635 264 264 D : el0_svc_compat_handler+0x1c/0x28
05-24 13:18:56.640 264 264 D : el0_svc_compat+0x8/0x24
05-24 13:18:56.645 264 264 I WCN : marlin power state:0, subsys: [MARLIN_BLUETOOTH] power 1
05-24 13:18:56.529 690 947 D EglHelper: createEglContext done
05-24 13:18:56.529 690 947 D EglHelper: createEglSurface start
05-24 13:18:56.530 690 947 D EglHelper: createEglSurface done
05-24 13:18:56.654 264 264 I WCN : the first power on start
05-24 13:18:56.539 404 981 D SimpleC2Component: Using output block pool with poolID 22 => got 22 - 0
05-24 13:18:56.543 487 533 D IorapForwardingService: BgJob Scheduled (jobId=283673059, interval: 86400000ms)
05-24 13:18:56.544 487 533 W SystemServiceManager: Service com.google.android.startop.iorap.IorapForwardingService took 69 ms in onBootPhase
05-24 13:18:56.544 487 533 D TestHarnessModeService: Completing Test Harness Mode setup.
05-24 13:18:56.540 690 690 I ImageWallpaper: type=1400 audit(0.0:389): avc: denied { open } for path="/data/user_de/0/com.android.systemui/code_cache/com.android.opengl.shaders_cache" dev="dm-9" ino=54990 scontext=u:r:platform_app:s0:c512,c768 tcontext=u:object_r:app_data_file:s0:c512,c768 tclass=file permissive=1 app=com.softwinner.screenshot
05-24 13:18:56.544 487 615 D StorageManagerService: Thinking about init, mBootCompleted=true, mDaemonConnected=true
05-24 13:18:56.544 487 615 D StorageManagerService: Setting up emulation state, initlocked=false
05-24 13:18:56.544 196 196 D vold : fscrypt_unlock_user_key 0 serial=0
05-24 13:18:56.546 487 615 D StorageManagerService: Thinking about reset, mBootCompleted=true, mDaemonConnected=true
05-24 13:18:56.546 487 615 I StorageSessionController: Started resetting external storage service...
05-24 13:18:56.546 487 615 I StorageSessionController: Finished resetting external storage service
05-24 13:18:56.547 487 615 I StorageManagerService: Resetting vold...
05-24 13:18:56.547 487 615 I StorageManagerService: Reset vold
05-24 13:18:56.548 196 196 I vold : onUserAdded: 0
05-24 13:18:56.578 487 621 D WifiService: Handle boot completed
05-24 13:18:56.583 487 533 D SoundTriggerService: onBootPhase: 1000 : false
05-24 13:18:56.587 762 858 I Tethering: USB bcast connected:false configured:false rndis:false ncm:false
05-24 13:18:56.588 487 998 I HibernationStateDiskStore: No hibernation file on disk for file /data/system/hibernation/states
05-24 13:18:56.591 487 533 D CompatibilityChangeReporter: Compat change id reported: 168936375; UID 1000; state: DISABLED
05-24 13:18:56.592 487 533 D CompatibilityChangeReporter: Compat change id reported: 168936375; UID 1000; state: ENABLED
05-24 13:18:56.598 487 734 D CCodecBufferChannel: [c2.android.vorbis.decoder#219] MediaCodec discarded an unknown buffer
05-24 13:18:56.600 412 417 I adbd : adbd_auth: received a new framework connection
05-24 13:18:56.601 412 417 I adbd : adbd_auth: received new framework fd 29 (current = -1)
05-24 13:18:56.607 487 734 I hw-BpHwBinder: onLastStrongRef automatically unlinking death recipients
05-24 13:18:56.607 487 621 I WifiScoreCard: Installing MemoryStore
05-24 13:18:56.608 487 533 D CompatibilityChangeReporter: Compat change id reported: 73144566; UID 1000; state: DISABLED
05-24 13:18:56.609 487 533 D CompatibilityChangeReporter: Compat change id reported: 73144566; UID 1000; state: ENABLED
05-24 13:18:56.614 487 621 I WifiHealthMonitor: Installing MemoryStore
05-24 13:18:56.619 487 533 D GameManagerService: onBootCompleted
05-24 13:18:56.628 487 533 D AppSearchStatsCollector: atoms registered
05-24 13:18:56.628 487 533 D ActivityManagerTiming: OnBootPhase_1000 took to complete: 163ms
05-24 13:18:56.628 487 533 D ActivityManagerTiming: TotalBootTime took to complete: 8242ms
05-24 13:18:56.629 487 533 D SystemServerInitThreadPool: Shutdown requested
05-24 13:18:56.629 487 533 I SystemServerTiming: WaitInitThreadPoolShutdown
05-24 13:18:56.630 487 533 D SystemServerInitThreadPool: Shutdown successful
05-24 13:18:56.631 487 533 D SystemServerTiming: WaitInitThreadPoolShutdown took to complete: 2ms
05-24 13:18:56.645 487 533 D ActivityManager: refreshZramWriteback
05-24 13:18:56.645 487 533 D ActivityManager: real start flush
05-24 13:18:56.648 487 1002 W ZramWriteback: Writeback device is not set
05-24 13:18:56.648 487 1002 D ZramWriteback: wait to flush
05-24 13:18:56.649 487 533 I ActivityManager: User 0 state changed from BOOTING to RUNNING_LOCKED
05-24 13:18:56.649 487 533 W ActivityManager: UserLifecycleEvent 4 received without an active userJourneySession.
05-24 13:18:56.654 487 533 D StorageManagerService: unlockUserKey: 0 isFileEncryptedNativeOrEmulated: false hasToken: false hasSecret: false
05-24 13:18:56.760 1 1 I init : processing action (sys.boot_completed=1) from (/system/etc/init/hw/init.rc:1130)
05-24 13:18:56.775 264 264 I sunxi-rfkill soc@3000000: rfkill: wlan power on success
05-24 13:18:56.782 264 264 I WCN : marlin chip en pull up
05-24 13:18:56.784 1 1 I init : starting service 'exec 17 (/bin/rm -rf /data/per_boot)'...
05-24 13:18:56.671 487 533 W ActivityManager: UserLifecycleEvent 5 received without an active userJourneySession.
05-24 13:18:56.672 487 533 D ActivityManager: Started unlocking user 0
05-24 13:18:56.672 487 533 D ActivityManager: Unlocking user 0 progress 0
05-24 13:18:56.672 487 533 D ActivityManager: Unlocking user 0 progress 5
05-24 13:18:56.673 196 196 D vold : fscrypt_prepare_user_storage for volume null, user 0, serial 0, flags 2
05-24 13:18:56.673 196 196 D vold : Preparing: /data/system_ce/0
05-24 13:18:56.673 196 196 D vold : Preparing: /data/misc_ce/0
05-24 13:18:56.673 196 196 D vold : Preparing: /data/vendor_ce/0
05-24 13:18:56.674 196 196 D vold : Preparing: /data/media/0
05-24 13:18:56.675 196 196 D vold : Preparing: /data/data
05-24 13:18:56.675 196 196 D vold : Starting restorecon of /data/system_ce/0
05-24 13:18:56.697 487 714 D MediaCodecList: codecHandlesFormat: no format, so no extra checks
05-24 13:18:56.699 487 1004 D CCodec : allocate(c2.android.vorbis.decoder)
05-24 13:18:56.809 1 1 I init : SVC_EXEC service 'exec 17 (/bin/rm -rf /data/per_boot)' pid 1005 (uid 1000 gid 1000+0 context default) started; waiting...
05-24 13:18:56.810 1006 1006 I selinux : SELinux: Skipping restorecon on directory(/data/system_ce/0)
05-24 13:18:56.703 487 1004 I CCodec : Created component [c2.android.vorbis.decoder]
05-24 13:18:56.704 487 1004 D CCodecConfig: read media type: audio/vorbis
05-24 13:18:56.707 487 1004 D ReflectedParamUpdater: extent() != 1 for single value type: algo.buffers.max-count.values
05-24 13:18:56.708 487 1004 D ReflectedParamUpdater: extent() != 1 for single value type: output.subscribed-indices.values
05-24 13:18:56.709 487 1004 D ReflectedParamUpdater: extent() != 1 for single value type: input.buffers.allocator-ids.values
05-24 13:18:56.709 487 1004 D ReflectedParamUpdater: extent() != 1 for single value type: output.buffers.allocator-ids.values
05-24 13:18:56.709 487 1004 D ReflectedParamUpdater: extent() != 1 for single value type: algo.buffers.allocator-ids.values
05-24 13:18:56.709 487 1004 D ReflectedParamUpdater: extent() != 1 for single value type: output.buffers.pool-ids.values
05-24 13:18:56.710 487 1004 D ReflectedParamUpdater: extent() != 1 for single value type: algo.buffers.pool-ids.values
05-24 13:18:56.834 264 264 I sdiohal : sdiohal_scan_card
05-24 13:18:56.834 1006 1006 I selinux :
05-24 13:18:56.839 264 264 I sunxi-rfkill soc@3000000: rfkill: bus_index: 1
05-24 13:18:56.712 487 1004 I CCodecConfig: query failed after returning 7 values (BAD_INDEX)
05-24 13:18:56.713 487 1004 D CCodecConfig: c2 config diff is Dict {
05-24 13:18:56.713 487 1004 D CCodecConfig: c2::u32 coded.bitrate.value = 64000
05-24 13:18:56.713 487 1004 D CCodecConfig: c2::u32 input.buffers.max-size.value = 32768
05-24 13:18:56.713 487 1004 D CCodecConfig: c2::u32 input.delay.value = 0
05-24 13:18:56.713 487 1004 D CCodecConfig: string input.media-type.value = "audio/vorbis"
05-24 13:18:56.713 487 1004 D CCodecConfig: string output.media-type.value = "audio/raw"
05-24 13:18:56.713 487 1004 D CCodecConfig: c2::u32 raw.channel-count.value = 1
05-24 13:18:56.713 487 1004 D CCodecConfig: c2::u32 raw.sample-rate.value = 48000
05-24 13:18:56.713 487 1004 D CCodecConfig: }
05-24 13:18:56.715 487 1004 D CCodec : [c2.android.vorbis.decoder] buffers are bound to CCodec for this session
05-24 13:18:56.715 487 1004 D CCodecConfig: no c2 equivalents for durationUs
05-24 13:18:56.716 487 1004 D CCodecConfig: no c2 equivalents for track-id
05-24 13:18:56.716 487 1004 D CCodecConfig: no c2 equivalents for csd-1
05-24 13:18:56.716 487 1004 D CCodecConfig: no c2 equivalents for channel-mask
05-24 13:18:56.716 487 1004 D CCodecConfig: no c2 equivalents for flags
05-24 13:18:56.717 487 1004 D CCodecConfig: c2 config diff is c2::u32 coded.bitrate.value = 499821
05-24 13:18:56.717 487 1004 D CCodecConfig: c2::u32 raw.channel-count.value = 2
05-24 13:18:56.717 487 1004 D CCodecConfig: c2::u32 raw.sample-rate.value = 44100
05-24 13:18:56.719 487 1004 W Codec2Client: query -- param skipped: index = 1107298332.
05-24 13:18:56.720 487 1004 D CCodec : setup formats input: AMessage(what = 0x00000000) = {
05-24 13:18:56.720 487 1004 D CCodec : int32_t bitrate = 499821
05-24 13:18:56.720 487 1004 D CCodec : int32_t channel-count = 2
05-24 13:18:56.720 487 1004 D CCodec : int32_t max-input-size = 32768
05-24 13:18:56.720 487 1004 D CCodec : string mime = "audio/vorbis"
05-24 13:18:56.720 487 1004 D CCodec : int32_t sample-rate = 44100
05-24 13:18:56.720 487 1004 D CCodec : }
05-24 13:18:56.720 487 1004 D CCodec : setup formats output: AMessage(what = 0x00000000) = {
05-24 13:18:56.720 487 1004 D CCodec : int32_t channel-count = 2
05-24 13:18:56.720 487 1004 D CCodec : string mime = "audio/raw"
05-24 13:18:56.720 487 1004 D CCodec : int32_t sample-rate = 44100
05-24 13:18:56.720 487 1004 D CCodec : int32_t channel-mask = 3
05-24 13:18:56.720 487 1004 D CCodec : }
05-24 13:18:56.721 487 1004 I CCodecConfig: query failed after returning 7 values (BAD_INDEX)
05-24 13:18:56.722 487 1004 W Codec2Client: query -- param skipped: index = 1342179345.
05-24 13:18:56.722 487 1004 W Codec2Client: query -- param skipped: index = 2415921170.
05-24 13:18:56.849 0 0 E : [ C0] sunxi-mmc 4021000.sdmmc: smc 2 p1 err, cmd 52, RTO !!
05-24 13:18:56.725 487 1004 D CCodecBufferChannel: [c2.android.vorbis.decoder#6] Created input block pool with allocatorID 16 => poolID 21 - OK (0)
05-24 13:18:56.727 487 1004 I CCodecBufferChannel: [c2.android.vorbis.decoder#6] Created output block pool with allocatorID 16 => poolID 23 - OK
05-24 13:18:56.727 487 1004 D CCodecBufferChannel: [c2.android.vorbis.decoder#6] Configured output block pool ids 23 => OK
05-24 13:18:56.736 196 196 D vold : Finished restorecon of /data/system_ce/0
05-24 13:18:56.736 196 196 D vold : Starting restorecon of /data/vendor_ce/0
05-24 13:18:56.737 331 333 D XM_HIDREAD: add@ add@/bus/sdio/drivers/sdiohal
05-24 13:18:56.736 331 331 I xm_hidread: type=1400 audit(0.0:390): avc: denied { read } for scontext=u:r:init:s0 tcontext=u:r:init:s0 tclass=netlink_kobject_uevent_socket permissive=1
05-24 13:18:56.857 264 264 W sdiohal : probe of mmc2:8800:1 failed with error -110
05-24 13:18:56.865 0 0 E : [ C0] sunxi-mmc 4021000.sdmmc: smc 2 p1 err, cmd 7, RTO !!
05-24 13:18:56.868 1 1 I init : Service 'exec 17 (/bin/rm -rf /data/per_boot)' (pid 1005) exited with status 0 waiting took 0.060000 seconds
05-24 13:18:56.873 0 0 E : [ C0] sunxi-mmc 4021000.sdmmc: smc 2 p1 err, cmd 7, RTO !!
05-24 13:18:56.889 1 1 I init : Sending signal 9 to service 'exec 17 (/bin/rm -rf /data/per_boot)' (pid 1005) process group...
05-24 13:18:56.894 0 0 E : [ C0] sunxi-mmc 4021000.sdmmc: smc 2 p1 err, cmd 7, RTO !!
05-24 13:18:56.909 1 1 I libprocessgroup: Successfully killed process cgroup uid 1000 pid 1005 in 0ms
05-24 13:18:56.913 0 0 E : [ C0] sunxi-mmc 4021000.sdmmc: smc 2 p1 err, cmd 7, RTO !!
05-24 13:18:56.808 263 319 V audio_hw_primary: adev_set_parameters, A2dpSuspended=false
05-24 13:18:56.809 331 333 D XM_HIDREAD: remove@ remove@/devices/platform/soc@3000000/4021000.sdmmc/mmc_host/mmc2/mmc2:8800/mmc2:8800:1
05-24 13:18:56.812 196 196 D vold : Finished restorecon of /data/vendor_ce/0
05-24 13:18:56.812 196 196 D vold : Starting restorecon of /data/misc_ce/0
05-24 13:18:56.812 331 333 D XM_HIDREAD: remove@ remove@/devices/platform/soc@3000000/4021000.sdmmc/mmc_host/mmc2/mmc2:8800
05-24 13:18:56.813 272 387 D sunxihwc: checkPerformance: PerfMonitor total[w]: 76 acquire: 66 submit: 1 release: 9
05-24 13:18:56.932 32 32 I mmc2 : card 8800 removed
05-24 13:18:56.941 32 32 I sunxi-mmc 4021000.sdmmc: sdc set ios:clk 0Hz bm PP pm OFF vdd 0 width 1 timing LEGACY(SDR12) dt B
05-24 13:18:56.818 196 196 D vold : Finished restorecon of /data/misc_ce/0
05-24 13:18:56.818 196 196 D vold : /system/bin/vold_prepare_subdirs
05-24 13:18:56.818 196 196 D vold : prepare
05-24 13:18:56.818 196 196 D vold :
05-24 13:18:56.818 196 196 D vold : 0
05-24 13:18:56.818 196 196 D vold : 2
05-24 13:18:56.822 263 319 V audio_hw_primary: adev_set_parameters, BT_SCO=off
05-24 13:18:56.812 338 338 I rainbow_flow: type=1400 audit(0.0:391): avc: denied { ioctl } for path="/dev/spidev1.0" dev="tmpfs" ino=212 ioctlcmd=0x6b00 scontext=u:r:init:s0 tcontext=u:object_r:device:s0 tclass=chr_file permissive=1
05-24 13:18:56.825 487 640 I AS.AudioDeviceInventory: removePreferredDevicesForStrategySync, strategy: 14
05-24 13:18:56.957 32 32 I sunxi-mmc 4021000.sdmmc: sdc set ios:clk 0Hz bm PP pm UP vdd 23 width 1 timing LEGACY(SDR12) dt B
05-24 13:18:56.873 404 1007 D SimpleC2Component: Using output block pool with poolID 23 => got 23 - 0
05-24 13:18:56.887 487 980 D CCodecBufferChannel: [c2.android.vorbis.decoder#454] MediaCodec discarded an unknown buffer
05-24 13:18:56.900 487 1010 I hw-BpHwBinder: onLastStrongRef automatically unlinking death recipients
05-24 13:18:56.900 1009 1009 D vold_prepare_subdirs: Setting up mode 771 uid 1000 gid 1000 context u:object_r:system_data_file:s0:c512,c768 on path: /data/data
05-24 13:18:56.901 1009 1009 D vold_prepare_subdirs: Setting up mode 700 uid 0 gid 0 context u:object_r:vold_data_file:s0 on path: /data/misc_ce/0/vold
05-24 13:18:56.902 1009 1009 D vold_prepare_subdirs: Setting up mode 700 uid 0 gid 0 context u:object_r:storaged_data_file:s0 on path: /data/misc_ce/0/storaged
05-24 13:18:56.904 1009 1009 D vold_prepare_subdirs: Setting up mode 700 uid 0 gid 0 context u:object_r:rollback_data_file:s0 on path: /data/misc_ce/0/rollback
05-24 13:18:57.009 32 32 I sunxi-mmc 4021000.sdmmc: sdc set ios:clk 400000Hz bm PP pm ON vdd 23 width 1 timing LEGACY(SDR12) dt B
05-24 13:18:56.906 1009 1009 D vold_prepare_subdirs: Setting up mode 700 uid 0 gid 0 context u:object_r:apex_rollback_data_file:s0 on path: /data/misc_ce/0/apexrollback
05-24 13:18:56.907 1009 1009 D vold_prepare_subdirs: Setting up mode 711 uid 0 gid 0 context u:object_r:apex_module_data_file:s0 on path: /data/misc_ce/0/apexdata
05-24 13:18:56.909 1009 1009 D vold_prepare_subdirs: Setting up mode 771 uid 0 gid 1000 context u:object_r:apex_wifi_data_file:s0 on path: /data/misc_ce/0/apexdata/com.android.wifi
05-24 13:18:56.910 1009 1009 D vold_prepare_subdirs: Setting up mode 771 uid 0 gid 1000 context u:object_r:apex_module_data_file:s0 on path: /data/misc_ce/0/apexdata/com.android.vndk.v31
05-24 13:18:56.912 1009 1009 D vold_prepare_subdirs: Setting up mode 771 uid 0 gid 1000 context u:object_r:apex_module_data_file:s0 on path: /data/misc_ce/0/apexdata/com.android.tzdata
05-24 13:18:56.913 1009 1009 D vold_prepare_subdirs: Setting up mode 771 uid 0 gid 1000 context u:object_r:apex_module_data_file:s0 on path: /data/misc_ce/0/apexdata/com.android.tethering
05-24 13:18:57.042 0 0 E : [ C0] sunxi-mmc 4021000.sdmmc: smc 2 p1 err, cmd 52, RTO !!
05-24 13:18:57.050 0 0 E : [ C0] sunxi-mmc 4021000.sdmmc: smc 2 p1 err, cmd 52, RTO !!
05-24 13:18:56.923 1009 1009 D vold_prepare_subdirs: Setting up mode 771 uid 0 gid 1000 context u:object_r:apex_module_data_file:s0 on path: /data/misc_ce/0/apexdata/com.android.sdkext
05-24 13:18:57.058 32 32 I sunxi-mmc 4021000.sdmmc: sdc set ios:clk 400000Hz bm PP pm ON vdd 23 width 1 timing LEGACY(SDR12) dt B
05-24 13:18:56.943 406 406 I update_engine: [INFO:cleanup_previous_update_action.cc(112)] Executing task 6
05-24 13:18:56.945 1009 1009 D vold_prepare_subdirs: Setting up mode 771 uid 0 gid 1000 context u:object_r:apex_module_data_file:s0 on path: /data/misc_ce/0/apexdata/com.android.scheduling
05-24 13:18:56.947 1009 1009 D vold_prepare_subdirs: Setting up mode 771 uid 0 gid 1000 context u:object_r:apex_module_data_file:s0 on path: /data/misc_ce/0/apexdata/com.android.runtime
05-24 13:18:56.949 1009 1009 D vold_prepare_subdirs: Setting up mode 771 uid 0 gid 1000 context u:object_r:apex_module_data_file:s0 on path: /data/misc_ce/0/apexdata/com.android.resolv
05-24 13:18:56.950 1009 1009 D vold_prepare_subdirs: Setting up mode 771 uid 0 gid 1000 context u:object_r:apex_permission_data_file:s0 on path: /data/misc_ce/0/apexdata/com.android.permission
05-24 13:18:56.951 406 406 I update_engine: [INFO:cleanup_previous_update_action.cc(189)] Boot completed, waiting on markBootSuccessful()
05-24 13:18:56.954 1009 1009 D vold_prepare_subdirs: Setting up mode 771 uid 0 gid 1000 context u:object_r:apex_module_data_file:s0 on path: /data/misc_ce/0/apexdata/com.android.os.statsd
05-24 13:18:56.954 406 406 I update_engine: EnsureMetadataMounted does nothing in Android mode.
05-24 13:18:56.955 1009 1009 D vold_prepare_subdirs: Setting up mode 771 uid 0 gid 1000 context u:object_r:apex_module_data_file:s0 on path: /data/misc_ce/0/apexdata/com.android.neuralnetworks
05-24 13:18:56.957 1009 1009 D vold_prepare_subdirs: Setting up mode 771 uid 0 gid 1000 context u:object_r:apex_module_data_file:s0 on path: /data/misc_ce/0/apexdata/com.android.mediaprovider
05-24 13:18:56.970 406 406 I update_engine: Read merge statistics file failed: No such file or directory
05-24 13:18:56.971 1009 1009 D vold_prepare_subdirs: Setting up mode 771 uid 0 gid 1000 context u:object_r:apex_module_data_file:s0 on path: /data/misc_ce/0/apexdata/com.android.media.swcodec
05-24 13:18:57.085 32 32 I sunxi-mmc 4021000.sdmmc: sdc set ios:clk 400000Hz bm PP pm ON vdd 23 width 1 timing LEGACY(SDR12) dt B
05-24 13:18:56.973 1009 1009 D vold_prepare_subdirs: Setting up mode 771 uid 0 gid 1000 context u:object_r:apex_module_data_file:s0 on path: /data/misc_ce/0/apexdata/com.android.media
05-24 13:18:56.976 1009 1009 D vold_prepare_subdirs: Setting up mode 771 uid 0 gid 1000 context u:object_r:apex_module_data_file:s0 on path: /data/misc_ce/0/apexdata/com.android.ipsec
05-24 13:18:56.978 1009 1009 D vold_prepare_subdirs: Setting up mode 771 uid 0 gid 1000 context u:object_r:apex_module_data_file:s0 on path: /data/misc_ce/0/apexdata/com.android.i18n
05-24 13:18:56.980 1009 1009 D vold_prepare_subdirs: Setting up mode 771 uid 0 gid 1000 context u:object_r:apex_module_data_file:s0 on path: /data/misc_ce/0/apexdata/com.android.extservices
05-24 13:18:56.981 406 406 I update_engine: [INFO:cleanup_previous_update_action.cc(261)] Waiting for any previous merge request to complete. This can take up to several minutes.
05-24 13:18:56.982 1009 1009 D vold_prepare_subdirs: Setting up mode 771 uid 0 gid 1000 context u:object_r:apex_module_data_file:s0 on path: /data/misc_ce/0/apexdata/com.android.conscrypt
05-24 13:18:56.983 487 715 D MediaCodecList: codecHandlesFormat: no format, so no extra checks
05-24 13:18:56.984 1009 1009 D vold_prepare_subdirs: Setting up mode 771 uid 0 gid 1000 context u:object_r:apex_module_data_file:s0 on path: /data/misc_ce/0/apexdata/com.android.art
05-24 13:18:56.985 1009 1009 D vold_prepare_subdirs: Setting up mode 771 uid 0 gid 1000 context u:object_r:apex_appsearch_data_file:s0 on path: /data/misc_ce/0/apexdata/com.android.appsearch
05-24 13:18:56.986 406 406 I update_engine: CheckMergeState for snapshots returned: 0
05-24 13:18:56.988 1009 1009 D vold_prepare_subdirs: Setting up mode 771 uid 0 gid 1000 context u:object_r:apex_module_data_file:s0 on path: /data/misc_ce/0/apexdata/com.android.adbd
05-24 13:18:56.989 1009 1009 D vold_prepare_subdirs: Setting up mode 700 uid 1000 gid 1000 context u:object_r:backup_data_file:s0 on path: /data/system_ce/0/backup
05-24 13:18:56.991 406 406 I update_engine: ProcessUpdateState handling state: 0
05-24 13:18:56.992 1009 1009 D vold_prepare_subdirs: Setting up mode 700 uid 1000 gid 1000 context u:object_r:backup_data_file:s0 on path: /data/system_ce/0/backup_stage
05-24 13:18:56.993 1009 1009 D vold_prepare_subdirs: Setting up mode 700 uid 1000 gid 1000 context u:object_r:face_vendor_data_file:s0 on path: /data/vendor_ce/0/facedata
05-24 13:18:56.997 406 406 I update_engine: [INFO:cleanup_previous_update_action.cc(287)] Can't find any snapshot to merge.
05-24 13:18:57.003 487 533 V UserDataPreparer: Found /data/user/0 with serial number 0
05-24 13:18:57.004 487 533 V UserDataPreparer: Found /data/system_ce/0 with serial number 0
05-24 13:18:57.004 487 1011 D CCodec : allocate(c2.android.vorbis.decoder)
05-24 13:18:57.004 406 406 I update_engine: [INFO:cleanup_previous_update_action.cc(130)] Stopping/suspending/completing CleanupPreviousUpdateAction
05-24 13:18:57.005 487 533 D UserDataPreparer: Setting property: sys.user.0.ce_available=true
05-24 13:18:57.009 487 1011 I CCodec : Created component [c2.android.vorbis.decoder]
05-24 13:18:57.010 487 1011 D CCodecConfig: read media type: audio/vorbis
05-24 13:18:57.013 487 532 W IorapForwardingService: No service published for: iorapd
05-24 13:18:57.016 487 1011 D ReflectedParamUpdater: extent() != 1 for single value type: algo.buffers.max-count.values
05-24 13:18:57.017 487 1011 D ReflectedParamUpdater: extent() != 1 for single value type: output.subscribed-indices.values
05-24 13:18:57.019 487 1011 D ReflectedParamUpdater: extent() != 1 for single value type: input.buffers.allocator-ids.values
05-24 13:18:57.020 487 1011 D ReflectedParamUpdater: extent() != 1 for single value type: output.buffers.allocator-ids.values
05-24 13:18:57.021 278 278 D hdmi-cec: setOption, flag=0x0005, value=0x007a686f
05-24 13:18:57.022 278 278 D hdmi-cec: reset logical address to broadcast
05-24 13:18:57.024 487 533 V PackageManager: reconcileAppsData for null u0 0x2 migrateAppData=false
05-24 13:18:57.027 406 406 I update_engine: [INFO:cleanup_previous_update_action.cc(469)] Not reporting merge stats because state is None
05-24 13:18:57.031 487 1011 D ReflectedParamUpdater: extent() != 1 for single value type: algo.buffers.allocator-ids.values
05-24 13:18:57.033 487 1011 D ReflectedParamUpdater: extent() != 1 for single value type: output.buffers.pool-ids.values
05-24 13:18:57.034 487 1011 D ReflectedParamUpdater: extent() != 1 for single value type: algo.buffers.pool-ids.values
05-24 13:18:57.036 278 278 D hdmi-cec: reset logical address to broadcast
05-24 13:18:57.134 32 32 I sunxi-mmc 4021000.sdmmc: sdc set ios:clk 400000Hz bm PP pm ON vdd 23 width 4 timing LEGACY(SDR12) dt B
05-24 13:18:57.156 32 32 I sunxi-mmc 4021000.sdmmc: sdc set ios:clk 400000Hz bm PP pm ON vdd 23 width 4 timing UHS-SDR104 dt B
05-24 13:18:57.043 487 1011 I CCodecConfig: query failed after returning 7 values (BAD_INDEX)
05-24 13:18:57.045 487 1011 D CCodecConfig: c2 config diff is Dict {
05-24 13:18:57.045 487 1011 D CCodecConfig: c2::u32 coded.bitrate.value = 64000
05-24 13:18:57.045 487 1011 D CCodecConfig: c2::u32 input.buffers.max-size.value = 32768
