05-24 13:19:07.650 1586 1586 E a2dp_vendor_aptx_hd_encoder: system/bt/stack/a2dp/a2dp_vendor_aptx_hd_encoder.cc:123 A2DP_VendorLoadEncoderAptxHd: A2DP_VendorLoadEncoderAptxHd: cannot open aptX-HD encoder library libaptXHD_encoder.so: dlopen failed: library "libaptXHD_encoder.so" not found
05-24 13:19:07.650 1586 1586 E a2dp_vendor_aptx_hd: system/bt/stack/a2dp/a2dp_vendor_aptx_hd.cc:483 init: init: cannot load the encoder
05-24 13:19:07.650 1586 1586 I a2dp_codec: system/bt/stack/a2dp/a2dp_codec_config.cc:113 createCodec: createCodec: codec LDAC
05-24 13:19:07.650 1586 1586 I a2dp_codec: system/bt/stack/a2dp/a2dp_codec_config.cc:633 init: init: updated LDAC codec priority to 5001
05-24 13:19:07.650 487 621 E WifiVendorHal: getWifiLinkLayerStats_1_5_Internal(l.1191) failed {.code = ERROR_INVALID_ARGS, .description = }
05-24 13:19:07.650 1586 1586 I a2dp_codec: system/bt/stack/a2dp/a2dp_codec_config.cc:113 createCodec: createCodec: codec SBC SINK
05-24 13:19:07.650 1586 1586 I a2dp_codec: system/bt/stack/a2dp/a2dp_codec_config.cc:113 createCodec: createCodec: codec AAC SINK
05-24 13:19:07.650 1586 1586 I a2dp_codec: system/bt/stack/a2dp/a2dp_codec_config.cc:113 createCodec: createCodec: codec LDAC SINK
05-24 13:19:07.652 1586 1586 E a2dp_vendor_ldac_decoder: system/bt/stack/a2dp/a2dp_vendor_ldac_decoder.cc:134 A2DP_VendorLoadDecoderLdac: A2DP_VendorLoadDecoderLdac: cannot open LDAC decoder library libldacBT_bco.so: dlopen failed: library "libldacBT_bco.so" not found
05-24 13:19:07.652 1586 1586 E a2dp_vendor_ldac: system/bt/stack/a2dp/a2dp_vendor_ldac.cc:1418 init: init: cannot load the decoder
05-24 13:19:07.652 1586 1586 I a2dp_codec: system/bt/stack/a2dp/a2dp_codec_config.cc:658 init: init: initialized Source codec LDAC
05-24 13:19:07.652 1586 1586 I a2dp_codec: system/bt/stack/a2dp/a2dp_codec_config.cc:658 init: init: initialized Source codec AAC
05-24 13:19:07.652 1586 1586 I a2dp_codec: system/bt/stack/a2dp/a2dp_codec_config.cc:658 init: init: initialized Source codec SBC
05-24 13:19:07.652 1586 1586 I a2dp_codec: system/bt/stack/a2dp/a2dp_codec_config.cc:665 init: init: initialized Sink codec AAC SINK
05-24 13:19:07.652 1586 1586 I a2dp_codec: system/bt/stack/a2dp/a2dp_codec_config.cc:665 init: init: initialized Sink codec SBC SINK
05-24 13:19:07.652 1586 1586 I a2dp_codec: system/bt/stack/a2dp/a2dp_codec_config.cc:569 init: init
05-24 13:19:07.652 1586 1586 I a2dp_codec: system/bt/stack/a2dp/a2dp_codec_config.cc:113 createCodec: createCodec: codec SBC
05-24 13:19:07.652 1586 1586 I a2dp_codec: system/bt/stack/a2dp/a2dp_codec_config.cc:633 init: init: updated SBC codec priority to 1001
05-24 13:19:07.652 1586 1586 I a2dp_codec: system/bt/stack/a2dp/a2dp_codec_config.cc:113 createCodec: createCodec: codec AAC
05-24 13:19:07.652 1586 1586 I a2dp_codec: system/bt/stack/a2dp/a2dp_codec_config.cc:633 init: init: updated AAC codec priority to 2001
05-24 13:19:07.652 1586 1586 I a2dp_codec: system/bt/stack/a2dp/a2dp_codec_config.cc:113 createCodec: createCodec: codec aptX
05-24 13:19:07.653 1586 1586 E a2dp_vendor_aptx_encoder: system/bt/stack/a2dp/a2dp_vendor_aptx_encoder.cc:123 A2DP_VendorLoadEncoderAptx: A2DP_VendorLoadEncoderAptx: cannot open aptX encoder library libaptX_encoder.so: dlopen failed: library "libaptX_encoder.so" not found
05-24 13:19:07.653 1586 1586 E a2dp_vendor_aptx: system/bt/stack/a2dp/a2dp_vendor_aptx.cc:465 init: init: cannot load the encoder
05-24 13:19:07.653 1586 1586 I a2dp_codec: system/bt/stack/a2dp/a2dp_codec_config.cc:113 createCodec: createCodec: codec aptX-HD
05-24 13:19:07.654 1586 1586 E a2dp_vendor_aptx_hd_encoder: system/bt/stack/a2dp/a2dp_vendor_aptx_hd_encoder.cc:123 A2DP_VendorLoadEncoderAptxHd: A2DP_VendorLoadEncoderAptxHd: cannot open aptX-HD encoder library libaptXHD_encoder.so: dlopen failed: library "libaptXHD_encoder.so" not found
05-24 13:19:07.654 1586 1586 E a2dp_vendor_aptx_hd: system/bt/stack/a2dp/a2dp_vendor_aptx_hd.cc:483 init: init: cannot load the encoder
05-24 13:19:07.654 1586 1586 I a2dp_codec: system/bt/stack/a2dp/a2dp_codec_config.cc:113 createCodec: createCodec: codec LDAC
05-24 13:19:07.654 1586 1586 I a2dp_codec: system/bt/stack/a2dp/a2dp_codec_config.cc:633 init: init: updated LDAC codec priority to 5001
05-24 13:19:07.654 1586 1586 I a2dp_codec: system/bt/stack/a2dp/a2dp_codec_config.cc:113 createCodec: createCodec: codec SBC SINK
05-24 13:19:07.654 1586 1586 I a2dp_codec: system/bt/stack/a2dp/a2dp_codec_config.cc:113 createCodec: createCodec: codec AAC SINK
05-24 13:19:07.654 1586 1586 I a2dp_codec: system/bt/stack/a2dp/a2dp_codec_config.cc:113 createCodec: createCodec: codec LDAC SINK
05-24 13:19:07.655 1586 1586 E a2dp_vendor_ldac_decoder: system/bt/stack/a2dp/a2dp_vendor_ldac_decoder.cc:134 A2DP_VendorLoadDecoderLdac: A2DP_VendorLoadDecoderLdac: cannot open LDAC decoder library libldacBT_bco.so: dlopen failed: library "libldacBT_bco.so" not found
05-24 13:19:07.655 1586 1586 E a2dp_vendor_ldac: system/bt/stack/a2dp/a2dp_vendor_ldac.cc:1418 init: init: cannot load the decoder
05-24 13:19:07.655 1586 1586 I a2dp_codec: system/bt/stack/a2dp/a2dp_codec_config.cc:658 init: init: initialized Source codec LDAC
05-24 13:19:07.655 1586 1586 I a2dp_codec: system/bt/stack/a2dp/a2dp_codec_config.cc:658 init: init: initialized Source codec AAC
05-24 13:19:07.655 1586 1586 I a2dp_codec: system/bt/stack/a2dp/a2dp_codec_config.cc:658 init: init: initialized Source codec SBC
05-24 13:19:07.655 1586 1586 I a2dp_codec: system/bt/stack/a2dp/a2dp_codec_config.cc:665 init: init: initialized Sink codec AAC SINK
05-24 13:19:07.655 1586 1586 I a2dp_codec: system/bt/stack/a2dp/a2dp_codec_config.cc:665 init: init: initialized Sink codec SBC SINK
05-24 13:19:07.655 1586 1586 I a2dp_codec: system/bt/stack/a2dp/a2dp_codec_config.cc:569 init: init
05-24 13:19:07.655 1586 1586 I a2dp_codec: system/bt/stack/a2dp/a2dp_codec_config.cc:113 createCodec: createCodec: codec SBC
05-24 13:19:07.655 1586 1586 I a2dp_codec: system/bt/stack/a2dp/a2dp_codec_config.cc:633 init: init: updated SBC codec priority to 1001
05-24 13:19:07.655 1586 1586 I a2dp_codec: system/bt/stack/a2dp/a2dp_codec_config.cc:113 createCodec: createCodec: codec AAC
05-24 13:19:07.655 1586 1586 I a2dp_codec: system/bt/stack/a2dp/a2dp_codec_config.cc:633 init: init: updated AAC codec priority to 2001
05-24 13:19:07.655 1586 1586 I a2dp_codec: system/bt/stack/a2dp/a2dp_codec_config.cc:113 createCodec: createCodec: codec aptX
05-24 13:19:07.656 257 742 I netd : getFwmarkForNetwork(100) -> {MarkMaskParcel{mark: 100, mask: 65535}} <0.02ms>
05-24 13:19:07.656 1586 1586 E a2dp_vendor_aptx_encoder: system/bt/stack/a2dp/a2dp_vendor_aptx_encoder.cc:123 A2DP_VendorLoadEncoderAptx: A2DP_VendorLoadEncoderAptx: cannot open aptX encoder library libaptX_encoder.so: dlopen failed: library "libaptX_encoder.so" not found
05-24 13:19:07.656 1586 1586 E a2dp_vendor_aptx: system/bt/stack/a2dp/a2dp_vendor_aptx.cc:465 init: init: cannot load the encoder
05-24 13:19:07.656 1586 1586 I a2dp_codec: system/bt/stack/a2dp/a2dp_codec_config.cc:113 createCodec: createCodec: codec aptX-HD
05-24 13:19:07.657 2151 2151 V GraphicsEnvironment: ANGLE Developer option for 'com.android.remoteprovisioner' set to: 'default'
05-24 13:19:07.657 2151 2151 V GraphicsEnvironment: Neither updatable production driver nor prerelease driver is supported.
05-24 13:19:07.657 1586 1586 E a2dp_vendor_aptx_hd_encoder: system/bt/stack/a2dp/a2dp_vendor_aptx_hd_encoder.cc:123 A2DP_VendorLoadEncoderAptxHd: A2DP_VendorLoadEncoderAptxHd: cannot open aptX-HD encoder library libaptXHD_encoder.so: dlopen failed: library "libaptXHD_encoder.so" not found
05-24 13:19:07.657 1586 1586 E a2dp_vendor_aptx_hd: system/bt/stack/a2dp/a2dp_vendor_aptx_hd.cc:483 init: init: cannot load the encoder
05-24 13:19:07.657 1586 1586 I a2dp_codec: system/bt/stack/a2dp/a2dp_codec_config.cc:113 createCodec: createCodec: codec LDAC
05-24 13:19:07.657 1586 1586 I a2dp_codec: system/bt/stack/a2dp/a2dp_codec_config.cc:633 init: init: updated LDAC codec priority to 5001
05-24 13:19:07.657 1586 1586 I a2dp_codec: system/bt/stack/a2dp/a2dp_codec_config.cc:113 createCodec: createCodec: codec SBC SINK
05-24 13:19:07.657 1586 1586 I a2dp_codec: system/bt/stack/a2dp/a2dp_codec_config.cc:113 createCodec: createCodec: codec AAC SINK
05-24 13:19:07.658 1586 1586 I a2dp_codec: system/bt/stack/a2dp/a2dp_codec_config.cc:113 createCodec: createCodec: codec LDAC SINK
05-24 13:19:07.659 2151 2151 D NetworkSecurityConfig: No Network Security Config specified, using platform default
05-24 13:19:07.660 2151 2151 D NetworkSecurityConfig: No Network Security Config specified, using platform default
05-24 13:19:07.660 257 742 I netd : interfaceGetCfg(wlan0) -> {InterfaceConfigurationParcel{ifName: wlan0, hwAddr: b4:2f:03:15:e9:b5, ipv4Addr: 0.0.0.0, prefixLength: 0, flags: [up, broadcast, running, multicast]}} <0.52ms>
05-24 13:19:07.663 1586 1586 E a2dp_vendor_ldac_decoder: system/bt/stack/a2dp/a2dp_vendor_ldac_decoder.cc:134 A2DP_VendorLoadDecoderLdac: A2DP_VendorLoadDecoderLdac: cannot open LDAC decoder library libldacBT_bco.so: dlopen failed: library "libldacBT_bco.so" not found
05-24 13:19:07.663 1586 1586 E a2dp_vendor_ldac: system/bt/stack/a2dp/a2dp_vendor_ldac.cc:1418 init: init: cannot load the decoder
05-24 13:19:07.663 1586 1586 I a2dp_codec: system/bt/stack/a2dp/a2dp_codec_config.cc:658 init: init: initialized Source codec LDAC
05-24 13:19:07.663 1586 1586 I a2dp_codec: system/bt/stack/a2dp/a2dp_codec_config.cc:658 init: init: initialized Source codec AAC
05-24 13:19:07.663 1586 1586 I a2dp_codec: system/bt/stack/a2dp/a2dp_codec_config.cc:658 init: init: initialized Source codec SBC
05-24 13:19:07.663 1586 1586 I a2dp_codec: system/bt/stack/a2dp/a2dp_codec_config.cc:665 init: init: initialized Sink codec AAC SINK
05-24 13:19:07.663 1586 1586 I a2dp_codec: system/bt/stack/a2dp/a2dp_codec_config.cc:665 init: init: initialized Sink codec SBC SINK
05-24 13:19:07.663 1586 1586 I a2dp_codec: system/bt/stack/a2dp/a2dp_codec_config.cc:569 init: init
05-24 13:19:07.663 1586 1586 I a2dp_codec: system/bt/stack/a2dp/a2dp_codec_config.cc:113 createCodec: createCodec: codec SBC
05-24 13:19:07.663 1586 1586 I a2dp_codec: system/bt/stack/a2dp/a2dp_codec_config.cc:633 init: init: updated SBC codec priority to 1001
05-24 13:19:07.663 1586 1586 I a2dp_codec: system/bt/stack/a2dp/a2dp_codec_config.cc:113 createCodec: createCodec: codec AAC
05-24 13:19:07.664 1586 1586 I a2dp_codec: system/bt/stack/a2dp/a2dp_codec_config.cc:633 init: init: updated AAC codec priority to 2001
05-24 13:19:07.664 1586 1586 I a2dp_codec: system/bt/stack/a2dp/a2dp_codec_config.cc:113 createCodec: createCodec: codec aptX
05-24 13:19:07.664 2151 2151 I RemoteProvisioningBootReceiver: Caught boot intent, waking up.
05-24 13:19:07.665 1586 1586 E a2dp_vendor_aptx_encoder: system/bt/stack/a2dp/a2dp_vendor_aptx_encoder.cc:123 A2DP_VendorLoadEncoderAptx: A2DP_VendorLoadEncoderAptx: cannot open aptX encoder library libaptX_encoder.so: dlopen failed: library "libaptX_encoder.so" not found
05-24 13:19:07.665 1586 1586 E a2dp_vendor_aptx: system/bt/stack/a2dp/a2dp_vendor_aptx.cc:465 init: init: cannot load the encoder
05-24 13:19:07.665 1586 1586 I a2dp_codec: system/bt/stack/a2dp/a2dp_codec_config.cc:113 createCodec: createCodec: codec aptX-HD
05-24 13:19:07.666 487 818 D CompatibilityChangeReporter: Compat change id reported: 171306433; UID 1073; state: ENABLED
05-24 13:19:07.667 1586 1586 E a2dp_vendor_aptx_hd_encoder: system/bt/stack/a2dp/a2dp_vendor_aptx_hd_encoder.cc:123 A2DP_VendorLoadEncoderAptxHd: A2DP_VendorLoadEncoderAptxHd: cannot open aptX-HD encoder library libaptXHD_encoder.so: dlopen failed: library "libaptXHD_encoder.so" not found
05-24 13:19:07.667 1586 1586 E a2dp_vendor_aptx_hd: system/bt/stack/a2dp/a2dp_vendor_aptx_hd.cc:483 init: init: cannot load the encoder
05-24 13:19:07.667 672 672 E WifiHAL : wifi_get_link_stats: requestResponse Error:-5
05-24 13:19:07.667 1586 1586 I a2dp_codec: system/bt/stack/a2dp/a2dp_codec_config.cc:113 createCodec: createCodec: codec LDAC
05-24 13:19:07.667 1586 1586 I a2dp_codec: system/bt/stack/a2dp/a2dp_codec_config.cc:633 init: init: updated LDAC codec priority to 5001
05-24 13:19:07.667 1586 1586 I a2dp_codec: system/bt/stack/a2dp/a2dp_codec_config.cc:113 createCodec: createCodec: codec SBC SINK
05-24 13:19:07.667 1586 1586 I a2dp_codec: system/bt/stack/a2dp/a2dp_codec_config.cc:113 createCodec: createCodec: codec AAC SINK
05-24 13:19:07.667 1586 1586 I a2dp_codec: system/bt/stack/a2dp/a2dp_codec_config.cc:113 createCodec: createCodec: codec LDAC SINK
05-24 13:19:07.671 487 621 E WifiVendorHal: getWifiLinkLayerStats_1_5_Internal(l.1191) failed {.code = ERROR_INVALID_ARGS, .description = }
05-24 13:19:07.678 1586 1586 E a2dp_vendor_ldac_decoder: system/bt/stack/a2dp/a2dp_vendor_ldac_decoder.cc:134 A2DP_VendorLoadDecoderLdac: A2DP_VendorLoadDecoderLdac: cannot open LDAC decoder library libldacBT_bco.so: dlopen failed: library "libldacBT_bco.so" not found
05-24 13:19:07.678 1586 1586 E a2dp_vendor_ldac: system/bt/stack/a2dp/a2dp_vendor_ldac.cc:1418 init: init: cannot load the decoder
05-24 13:19:07.678 1586 1586 I a2dp_codec: system/bt/stack/a2dp/a2dp_codec_config.cc:658 init: init: initialized Source codec LDAC
05-24 13:19:07.678 1586 1586 I a2dp_codec: system/bt/stack/a2dp/a2dp_codec_config.cc:658 init: init: initialized Source codec AAC
05-24 13:19:07.678 1586 1586 I a2dp_codec: system/bt/stack/a2dp/a2dp_codec_config.cc:658 init: init: initialized Source codec SBC
05-24 13:19:07.678 1586 1586 I a2dp_codec: system/bt/stack/a2dp/a2dp_codec_config.cc:665 init: init: initialized Sink codec AAC SINK
05-24 13:19:07.678 1586 1586 I a2dp_codec: system/bt/stack/a2dp/a2dp_codec_config.cc:665 init: init: initialized Sink codec SBC SINK
05-24 13:19:07.678 1586 1586 I bt_btif_a2dp_source: system/bt/btif/src/btif_a2dp_source.cc:325 btif_a2dp_source_init: btif_a2dp_source_init
05-24 13:19:07.684 1586 2173 I bt_stack: [INFO:message_loop_thread.cc(224)] Run: message loop starting for thread bt_a2dp_source_worker_thread
05-24 13:19:07.684 1586 1586 I bt_btif_storage: system/bt/btif/src/btif_storage.cc:661 btif_storage_get_adapter_property: btif_storage_get_adapter_property service_mask:0x20000048
05-24 13:19:07.684 1586 1890 I bt_bta_av: system/bt/bta/av/bta_av_main.cc:418 bta_av_api_register: bta_av_api_register: AVRCP version used for sdp: "avrcp15"
05-24 13:19:07.684 1586 1890 I bt_l2cap: system/bt/stack/l2cap/l2c_api.cc:134 L2CA_Register: L2CAP Registered service classic PSM: 0x0019
05-24 13:19:07.684 1586 1890 I bt_l2cap: system/bt/stack/l2cap/l2c_api.cc:134 L2CA_Register: L2CAP Registered service classic PSM: 0x0017
05-24 13:19:07.684 1586 1890 I bt_l2cap: system/bt/stack/l2cap/l2c_api.cc:134 L2CA_Register: L2CAP Registered service classic PSM: 0x001b
05-24 13:19:07.684 1586 1586 D A2dpService: A2DP offload flag set to false
05-24 13:19:07.685 1586 1890 I bt_bta_dm: system/bt/bta/dm/bta_dm_act.cc:3198 bta_dm_eir_update_uuid: EIR Adding UUID=0x110A into extended inquiry response
05-24 13:19:07.685 1586 1890 I bt_bta_dm: system/bt/bta/dm/bta_dm_act.cc:2897 bta_dm_set_eir: Generating extended inquiry response packet EIR
05-24 13:19:07.685 1586 1890 I bt_bta_av: system/bt/bta/av/bta_av_act.cc:304 bta_av_rc_create: Skipping RC creation for the old AVRCP profile
05-24 13:19:07.685 1586 1890 I bt_bta_dm: system/bt/bta/dm/bta_dm_act.cc:3198 bta_dm_eir_update_uuid: EIR Adding UUID=0x110E into extended inquiry response
05-24 13:19:07.685 1586 1890 I bt_bta_dm: system/bt/bta/dm/bta_dm_act.cc:2897 bta_dm_set_eir: Generating extended inquiry response packet EIR
05-24 13:19:07.685 1586 1890 I bt_bta_av: system/bt/bta/av/bta_av_main.cc:418 bta_av_api_register: bta_av_api_register: AVRCP version used for sdp: "avrcp15"
05-24 13:19:07.685 1586 1890 I bt_bta_av: system/bt/bta/av/bta_av_main.cc:418 bta_av_api_register: bta_av_api_register: AVRCP version used for sdp: "avrcp15"
05-24 13:19:07.685 1586 1890 I bt_bta_av: system/bt/bta/av/bta_av_main.cc:418 bta_av_api_register: bta_av_api_register: AVRCP version used for sdp: "avrcp15"
05-24 13:19:07.685 1586 1890 I bt_bta_av: system/bt/bta/av/bta_av_main.cc:418 bta_av_api_register: bta_av_api_register: AVRCP version used for sdp: "avrcp15"
05-24 13:19:07.685 1586 1890 I bt_bta_av: system/bt/bta/av/bta_av_main.cc:418 bta_av_api_register: bta_av_api_register: AVRCP version used for sdp: "avrcp15"
05-24 13:19:07.686 1586 2173 I bt_btif_a2dp_source: system/bt/btif/src/btif_a2dp_source.cc:335 btif_a2dp_source_init_delayed: btif_a2dp_source_init_delayed
05-24 13:19:07.686 487 818 D ConnectivityService: requestNetwork for uid/pid:1000/487 asUid: 10063 activeRequest: null callbackRequest: 29 [NetworkRequest [ REQUEST id=30, [ Capabilities: INTERNET&NOT_RESTRICTED&TRUSTED&NOT_VCN_MANAGED Uid: 10063 RequestorUid: 1000 RequestorPkg: android] ]] callback flags: 0 priority: 2147483647
05-24 13:19:07.689 1586 1586 D A2dpService: setA2dpService(): set to: com.android.bluetooth.a2dp.A2dpService@e999ed2
05-24 13:19:07.692 1586 1586 I BluetoothHidHostServiceJni: classInitNative: succeeds
05-24 13:19:07.694 487 629 D ConnectivityService: NetReassign [no changes]
05-24 13:19:07.697 487 664 D PPPOE : got request NetworkRequest [ REQUEST id=30, [ Capabilities: INTERNET&NOT_RESTRICTED&TRUSTED&NOT_VCN_MANAGED Uid: 10063 RequestorUid: 1000 RequestorPkg: android] ]
05-24 13:19:07.697 487 1458 I ActivityManager: com.android.shell is exempt from freezer
05-24 13:19:07.698 487 1458 D CompatibilityChangeReporter: Compat change id reported: 135634846; UID 2000; state: DISABLED
05-24 13:19:07.698 487 1458 D CompatibilityChangeReporter: Compat change id reported: 177438394; UID 2000; state: DISABLED
05-24 13:19:07.698 487 1458 D CompatibilityChangeReporter: Compat change id reported: 135772972; UID 2000; state: DISABLED
05-24 13:19:07.698 487 1458 D CompatibilityChangeReporter: Compat change id reported: 135754954; UID 2000; state: ENABLED
05-24 13:19:07.709 487 663 D Ethernet: got request NetworkRequest [ REQUEST id=30, [ Capabilities: INTERNET&NOT_RESTRICTED&TRUSTED&NOT_VCN_MANAGED Uid: 10063 RequestorUid: 1000 RequestorPkg: android] ]
05-24 13:19:07.709 487 663 D EthernetNetworkFactory: acceptRequest, request: NetworkRequest [ REQUEST id=30, [ Capabilities: INTERNET&NOT_RESTRICTED&TRUSTED&NOT_VCN_MANAGED Uid: 10063 RequestorUid: 1000 RequestorPkg: android] ]
05-24 13:19:07.709 487 663 I EthernetNetworkFactory: networkForRequest, request: NetworkRequest [ REQUEST id=30, [ Capabilities: INTERNET&NOT_RESTRICTED&TRUSTED&NOT_VCN_MANAGED Uid: 10063 RequestorUid: 1000 RequestorPkg: android] ], network: null
05-24 13:19:07.711 487 621 D WifiNetworkFactory: got request NetworkRequest [ REQUEST id=30, [ Capabilities: INTERNET&NOT_RESTRICTED&TRUSTED&NOT_VCN_MANAGED Uid: 10063 RequestorUid: 1000 RequestorPkg: android] ]
05-24 13:19:07.711 487 621 D UntrustedWifiNetworkFactory: got request NetworkRequest [ REQUEST id=30, [ Capabilities: INTERNET&NOT_RESTRICTED&TRUSTED&NOT_VCN_MANAGED Uid: 10063 RequestorUid: 1000 RequestorPkg: android] ]
05-24 13:19:07.711 487 621 D OemPaidWifiNetworkFactory: got request NetworkRequest [ REQUEST id=30, [ Capabilities: INTERNET&NOT_RESTRICTED&TRUSTED&NOT_VCN_MANAGED Uid: 10063 RequestorUid: 1000 RequestorPkg: android] ]
05-24 13:19:07.713 1586 1586 I bt_btif : system/bt/btif/src/bluetooth.cc:417 get_profile_interface: get_profile_interface: id = hidhost
05-24 13:19:07.716 1586 1586 I bt_btif_storage: system/bt/btif/src/btif_storage.cc:661 btif_storage_get_adapter_property: btif_storage_get_adapter_property service_mask:0x20100048
05-24 13:19:07.716 1586 1890 I bt_l2cap: system/bt/stack/l2cap/l2c_api.cc:134 L2CA_Register: L2CAP Registered service classic PSM: 0x0011
05-24 13:19:07.716 1586 1890 I bt_l2cap: system/bt/stack/l2cap/l2c_api.cc:134 L2CA_Register: L2CAP Registered service classic PSM: 0x0013
05-24 13:19:07.716 1586 1890 I bluetooth: system/bt/stack/gatt/gatt_api.cc:1019 GATT_Register: Allocated name:GattClient uuid:d782dec9-92b2-a61f-fd27-dee1ca0f3a6a gatt_if:4 eatt_support:0
05-24 13:19:07.717 1586 1791 W bt_stack: [WARNING:btif_hh.cc(403)] Added device e4:bb:d3:57:c0:49
05-24 13:19:07.717 1586 1791 W bt_btif : system/bt/main/bte_logmsg.cc:194 LogMsg: BTA_HH_ADD_DEV_EVT: status = 0, handle = 16
05-24 13:19:07.719 1586 1586 I BluetoothPanServiceJni: classInitNative(L110): succeeds
05-24 13:19:07.720 258 258 D Zygote : Forked child process 2176
05-24 13:19:07.721 487 629 D ConnectivityService: [100 WIFI] EVENT_NETWORK_INFO_CHANGED, going from CONNECTING to CONNECTING
05-24 13:19:07.722 487 629 D ConnectivityService: NetReassign [no changes]
05-24 13:19:07.722 487 552 I ActivityManager: app.processName = com.android.shell
05-24 13:19:07.722 487 552 I ActivityManager: Start proc 2176:com.android.shell/2000 for broadcast {com.android.shell/com.android.shell.HeapDumpReceiver}
05-24 13:19:07.729 1586 1586 D BluetoothPanServiceJni: initializeNative(L115): pan
05-24 13:19:07.729 1586 1586 I bt_btif : system/bt/btif/src/bluetooth.cc:417 get_profile_interface: get_profile_interface: id = pan
05-24 13:19:07.729 1586 1890 I bt_l2cap: system/bt/stack/l2cap/l2c_api.cc:134 L2CA_Register: L2CAP Registered service classic PSM: 0x000f
05-24 13:19:07.729 1586 1890 I bt_bta_dm: system/bt/bta/dm/bta_dm_act.cc:3198 bta_dm_eir_update_uuid: EIR Adding UUID=0x1116 into extended inquiry response
05-24 13:19:07.729 1586 1890 I bt_bta_dm: system/bt/bta/dm/bta_dm_act.cc:2897 bta_dm_set_eir: Generating extended inquiry response packet EIR
05-24 13:19:07.729 1586 1890 I bt_bta_dm: system/bt/bta/dm/bta_dm_act.cc:3198 bta_dm_eir_update_uuid: EIR Adding UUID=0x1115 into extended inquiry response
05-24 13:19:07.729 1586 1890 I bt_bta_dm: system/bt/bta/dm/bta_dm_act.cc:2897 bta_dm_set_eir: Generating extended inquiry response packet EIR
05-24 13:19:07.729 1586 1890 I bt_bta_dm: system/bt/bta/dm/bta_dm_act.cc:3198 bta_dm_eir_update_uuid: EIR Adding UUID=0x1116 into extended inquiry response
05-24 13:19:07.729 1586 1890 I bt_bta_dm: system/bt/bta/dm/bta_dm_act.cc:2897 bta_dm_set_eir: Generating extended inquiry response packet EIR
05-24 13:19:07.729 1586 1890 I bt_bta_dm: system/bt/bta/dm/bta_dm_act.cc:3198 bta_dm_eir_update_uuid: EIR Adding UUID=0x1115 into extended inquiry response
05-24 13:19:07.729 1586 1890 I bt_bta_dm: system/bt/bta/dm/bta_dm_act.cc:2897 bta_dm_set_eir: Generating extended inquiry response packet EIR
05-24 13:19:07.729 1586 1791 D BluetoothPanServiceJni: control_state_callback(L62): state:0, local_role:3, ifname:bt-pan
05-24 13:19:07.731 2176 2176 I Zygote : seccomp disabled by setenforce 0
05-24 13:19:07.739 487 629 D ConnectivityService: NetReassign [no changes]
05-24 13:19:07.753 412 422 I adbd : jdwp connection from 2176
05-24 13:19:07.767 1586 1586 I AvrcpTargetService: User unlocked, initializing the service
05-24 13:19:07.767 1586 1586 I AvrcpTargetService: Starting the AVRCP Target Service
05-24 13:19:07.770 1586 1586 V MediaPlayerList: Creating MediaPlayerList
05-24 13:19:07.776 487 621 E WifiVendorHal: configureNeighborDiscoveryOffload(l.2704) failed {.code = ERROR_INVALID_ARGS, .description = }
05-24 13:19:07.781 487 510 D CompatibilityChangeReporter: Compat change id reported: 168419799; UID 2000; state: DISABLED
05-24 13:19:07.784 487 1458 D MediaSessionService: The MediaKeyEventSessionChangedListener (android.os.BinderProxy@10f9d28) is added by com.android.bluetooth
05-24 13:19:07.788 1586 1586 I AvrcpTargetJni: classInitNative: AvrcpTargetJni initialized!
05-24 13:19:07.788 1586 1586 D AvrcpNativeInterface: Init AvrcpNativeInterface
05-24 13:19:07.788 1586 1586 D AvrcpTargetJni: initNative
05-24 13:19:07.789 1586 1890 I bt_stack: [INFO:avrcp_service.cc(287)] AVRCP Target Service started
05-24 13:19:07.789 1586 1890 I bt_bta_dm: system/bt/bta/dm/bta_dm_act.cc:3198 bta_dm_eir_update_uuid: EIR Adding UUID=0x110C into extended inquiry response
05-24 13:19:07.789 1586 1890 I bt_bta_dm: system/bt/bta/dm/bta_dm_act.cc:2897 bta_dm_set_eir: Generating extended inquiry response packet EIR
05-24 13:19:07.789 1586 1890 I bt_stack: [INFO:connection_handler.cc(197)] Connect to device ff:ff:ff:ff:ff:ff
05-24 13:19:07.789 1586 1890 I bt_stack: [INFO:connection_handler.cc(219)] virtual bool bluetooth::avrcp::ConnectionHandler::AvrcpConnect(bool, const RawAddress &): handle=0000 status= 000000
05-24 13:19:07.791 2176 2176 D CompatibilityChangeReporter: Compat change id reported: 171979766; UID 2000; state: ENABLED
05-24 13:19:07.796 257 742 I netd : interfaceSetIPv6PrivacyExtensions(wlan0, true) <0.52ms>
05-24 13:19:07.798 257 742 I netd : setIPv6AddrGenMode(wlan0, 2) <0.49ms>
05-24 13:19:07.804 257 742 I netd : interfaceSetEnableIPv6(wlan0, true) <0.67ms>
05-24 13:19:07.804 1586 1586 V MediaPlayerList: Initializing MediaPlayerList
05-24 13:19:07.806 1586 1586 I AvrcpBrowsedPlayerWrapper: Wrapping Media Browser com.android.music
05-24 13:19:07.806 1586 1586 I AvrcpBrowsedPlayerWrapper: Wrapping Media Browser com.xiaodianshi.tv.yst
05-24 13:19:07.806 1586 1586 E AvrcpTargetService: Please use AVRCP version 1.6 to enable cover art
05-24 13:19:07.810 1039 1290 I MediaProvider: Observed non-standard /storage/emulated/0/tad/.nomedia
05-24 13:19:07.817 1586 1586 V BluetoothHidDeviceServiceJni: classInitNative: done
05-24 13:19:07.817 1586 1586 V BluetoothHidDeviceServiceJni: initNative enter
05-24 13:19:07.817 1586 1586 I bt_btif : system/bt/btif/src/bluetooth.cc:417 get_profile_interface: get_profile_interface: id = hiddev
05-24 13:19:07.817 1586 1586 I bt_btif_storage: system/bt/btif/src/btif_storage.cc:661 btif_storage_get_adapter_property: btif_storage_get_adapter_property service_mask:0x60100048
05-24 13:19:07.818 1586 1586 V BluetoothHidDeviceServiceJni: initNative done
05-24 13:19:07.829 487 629 D ConnectivityService: Adding iface wlan0 to network 100
05-24 13:19:07.830 257 742 E Netd : no such netId 100
05-24 13:19:07.830 257 742 I netd : networkAddInterface(100, wlan0) -> ServiceSpecificException(64, "Machine is not on the network") <0.07ms>
05-24 13:19:07.830 1586 1586 D BtOppService: setBluetoothOppService(): set to: com.android.bluetooth.opp.BluetoothOppService@2309da6
05-24 13:19:07.831 487 629 W ConnectivityService: Exception adding interface: android.os.ServiceSpecificException: Machine is not on the network (code 64)
05-24 13:19:07.833 257 742 E Netd : no such netId 100
05-24 13:19:07.833 257 742 I netd : networkAddRouteParcel(100, RouteInfoParcel{destination: fe80::/64, ifName: wlan0, nextHop: , mtu: 0}) -> ServiceSpecificException(64, "Machine is not on the network") <0.17ms>
05-24 13:19:07.838 1586 1586 I BluetoothPbapService: setCurrentUser(0)
05-24 13:19:07.839 1586 1586 I BluetoothPbapService: setUserUnlocked(0)
05-24 13:19:07.839 1586 1586 I BluetoothPbapService: setUserUnlocked(0)
05-24 13:19:07.844 487 629 W BestClock: java.time.DateTimeException: Missing NTP fix
05-24 13:19:07.850 1586 1611 D CompatibilityChangeReporter: Compat change id reported: 150939131; UID 1002; state: ENABLED
05-24 13:19:07.851 1586 1586 D BluetoothPbapService: setBluetoothPbapService(): set to: com.android.bluetooth.pbap.BluetoothPbapService@ee9c92c
05-24 13:19:07.851 1586 1586 D AvrcpVolumeManager: onAudioDevicesAdded: Not expecting device changed
05-24 13:19:07.857 487 758 D CompatibilityChangeReporter: Compat change id reported: 135634846; UID 10053; state: DISABLED
05-24 13:19:07.857 487 758 D CompatibilityChangeReporter: Compat change id reported: 177438394; UID 10053; state: DISABLED
05-24 13:19:07.857 487 758 D CompatibilityChangeReporter: Compat change id reported: 135772972; UID 10053; state: DISABLED
05-24 13:19:07.857 487 758 D CompatibilityChangeReporter: Compat change id reported: 135754954; UID 10053; state: DISABLED
05-24 13:19:07.858 487 552 D CompatibilityChangeReporter: Compat change id reported: 143937733; UID 10053; state: DISABLED
05-24 13:19:07.863 1586 2197 D ObexServerSockets: create(rfcomm = -2, l2capPsm = -2)
05-24 13:19:07.863 487 1458 D CompatibilityChangeReporter: Compat change id reported: 135634846; UID 10079; state: DISABLED
05-24 13:19:07.865 257 742 I netd : trafficSwapActiveStatsMap() <20.56ms>
05-24 13:19:07.866 1586 1586 D AdapterProperties: onBluetoothReady, state=TURNING_ON, ScanMode=20
05-24 13:19:07.871 487 510 D CompatibilityChangeReporter: Compat change id reported: 135634846; UID 10016; state: DISABLED
05-24 13:19:07.871 487 510 D CompatibilityChangeReporter: Compat change id reported: 177438394; UID 10016; state: DISABLED
05-24 13:19:07.871 487 510 D CompatibilityChangeReporter: Compat change id reported: 135772972; UID 10016; state: DISABLED
05-24 13:19:07.871 487 510 D CompatibilityChangeReporter: Compat change id reported: 135754954; UID 10016; state: ENABLED
05-24 13:19:07.874 2176 2176 V GraphicsEnvironment: ANGLE Developer option for 'com.android.shell' set to: 'default'
05-24 13:19:07.874 1586 1586 D BluetoothAdapterService: updateUuids() - Updating UUIDs for bonded devices
05-24 13:19:07.877 257 742 I netd : tetherGetStats() -> {[]} <4.25ms>
05-24 13:19:07.877 1586 2197 I bt_btif_sock_rfcomm: system/bt/btif/src/btif_sock_rfc.cc:303 btsock_rfc_listen: Adding listening socket service_name: (null) - channel: -2
05-24 13:19:07.878 2176 2176 V GraphicsEnvironment: Neither updatable production driver nor prerelease driver is supported.
05-24 13:19:07.879 487 629 W BestClock: java.time.DateTimeException: Missing NTP fix
05-24 13:19:07.879 1586 1890 I bt_stack: [INFO:port_api.cc(234)] RFCOMM_CreateConnection: bd_addr=ff:ff:ff:ff:ff:ff, scn=4, is_server=1, mtu=990, uuid=000000, dlci=8, signal_state=0x0b, p_port=0xc8059504
05-24 13:19:07.880 1586 1586 I BluetoothAdapterService: initProfileServices: Initializing all bluetooth profile services
05-24 13:19:07.880 1586 1586 I BluetoothA2dpSinkServiceJni: classInitNative: succeeds
05-24 13:19:07.880 1586 1586 W HeadsetClientService: getHeadsetClientService(): service is null
05-24 13:19:07.880 1586 1586 W MapClientService: getMapClientService(): service is null
05-24 13:19:07.880 1586 1586 W PbapClientService: getPbapClientService(): service is null
05-24 13:19:07.880 1586 1586 W HearingAidService: getHearingAidService(): service is NULL
05-24 13:19:07.880 1586 1586 W SapService: getSapService(): service is null
05-24 13:19:07.881 258 258 D Zygote : Forked child process 2201
05-24 13:19:07.881 1586 1761 I AdapterState: ON : entered
05-24 13:19:07.881 1586 1761 D AdapterProperties: Setting state to ON
05-24 13:19:07.882 487 552 I ActivityManager: app.processName = com.android.music
05-24 13:19:07.882 487 552 I ActivityManager: Start proc 2201:com.android.music/u0a53 for service {com.android.music/com.android.music.MediaPlaybackService}
05-24 13:19:07.883 487 552 D CompatibilityChangeReporter: Compat change id reported: 143937733; UID 10079; state: DISABLED
05-24 13:19:07.883 1586 1791 D AdapterProperties: Scan Mode:21
05-24 13:19:07.885 1586 1761 D BluetoothAdapterService: updateAdapterState() - Broadcasting state ON to 1 receivers.
05-24 13:19:07.891 672 672 E WifiHAL : wifi_get_link_stats: requestResponse Error:-5
05-24 13:19:07.892 2201 2201 I Zygote : seccomp disabled by setenforce 0
05-24 13:19:07.893 487 532 D BluetoothManagerService: MESSAGE_BLUETOOTH_STATE_CHANGE: TURNING_ON > ON
05-24 13:19:07.893 487 532 D BluetoothManagerService: Broadcasting onBluetoothStateChange(true) to 4 receivers.
05-24 13:19:07.893 487 532 D BluetoothHeadset: onBluetoothStateChange: up=true
05-24 13:19:07.893 487 532 D BluetoothManagerService: Creating new ProfileServiceConnections object for profile: 1
05-24 13:19:07.898 1586 1791 D AdapterProperties: Discoverable Timeout:120
05-24 13:19:07.901 258 258 D Zygote : Forked child process 2202
05-24 13:19:08.079 1424 1424 W audit : audit_lost=321 audit_rate_limit=5 audit_backlog_limit=64
05-24 13:19:08.090 1424 1424 E audit : rate limit exceeded
05-24 13:19:07.903 487 552 I ActivityManager: app.processName = com.xiaodianshi.tv.yst
05-24 13:19:07.903 487 552 I ActivityManager: Start proc 2202:com.xiaodianshi.tv.yst/u0a79 for service {com.xiaodianshi.tv.yst/com.xiaodianshi.tv.yst.video.service.YstMediaService}
05-24 13:19:07.903 487 552 D CompatibilityChangeReporter: Compat change id reported: 143937733; UID 10016; state: ENABLED
05-24 13:19:07.909 487 619 W BestClock: java.time.DateTimeException: Missing NTP fix
05-24 13:19:07.910 487 619 W BestClock: java.time.DateTimeException: Missing NTP fix
05-24 13:19:07.911 1586 1586 I BluetoothPhonePolicy: Received ACTION_UUID for device E4:BB:D3:57:C0:49
05-24 13:19:07.911 1586 1586 I BluetoothPhonePolicy: index=0uuid=00001812-0000-1000-8000-00805f9b34fb
05-24 13:19:07.911 1586 1586 I BluetoothPhonePolicy: processInitProfilePriorities() - device E4:BB:D3:57:C0:49
05-24 13:19:07.911 2202 2202 I Zygote : seccomp disabled by setenforce 0
05-24 13:19:07.911 1586 1586 W HearingAidService: getHearingAidService(): service is NULL
05-24 13:19:07.911 1586 1586 V BluetoothDatabase: getProfileConnectionPolicy: E4:BB:D3:57:C0:49, profile=4, connectionPolicy = 100
05-24 13:19:07.916 1586 1791 D AdapterProperties: mLocalIOCapability set to 1
05-24 13:19:07.916 1586 1791 D AdapterProperties: mLocalIOCapabilityBLE set to 4
05-24 13:19:07.917 487 532 D BluetoothManagerService: Sending BLE State Change: TURNING_ON > ON
05-24 13:19:07.918 487 532 D BluetoothManagerService: Sending State Change: TURNING_ON > ON
05-24 13:19:07.920 487 621 E WifiVendorHal: getWifiLinkLayerStats_1_5_Internal(l.1191) failed {.code = ERROR_INVALID_ARGS, .description = }
05-24 13:19:07.921 2176 2176 D NetworkSecurityConfig: No Network Security Config specified, using platform default
05-24 13:19:07.922 2176 2176 D NetworkSecurityConfig: No Network Security Config specified, using platform default
05-24 13:19:07.923 1421 1421 I hpplay-java: [main]:hpplay-aw:[main]:TalkReceiver:action: android.bluetooth.adapter.action.STATE_CHANGED
05-24 13:19:07.923 258 258 D Zygote : Forked child process 2208
05-24 13:19:07.925 487 552 W ActivityManager: Slow operation: 57ms so far, now at startProcess: returned from zygote!
05-24 13:19:07.925 487 552 W ActivityManager: Slow operation: 57ms so far, now at startProcess: done updating battery stats
05-24 13:19:07.925 487 552 W ActivityManager: Slow operation: 57ms so far, now at startProcess: building log message
05-24 13:19:07.925 487 552 I ActivityManager: app.processName = android.process.acore
05-24 13:19:07.925 487 552 I ActivityManager: Start proc 2208:android.process.acore/u0a16 for content provider {com.android.providers.contacts/com.android.providers.contacts.ContactsProvider2}
05-24 13:19:07.926 487 552 W ActivityManager: Slow operation: 58ms so far, now at startProcess: starting to update pids map
05-24 13:19:07.926 487 552 W ActivityManager: Slow operation: 58ms so far, now at startProcess: done updating pids map
05-24 13:19:07.930 690 896 D LocalBluetoothProfileManager: Adding local A2DP profile
05-24 13:19:07.938 412 422 I adbd : jdwp connection from 2202
05-24 13:19:07.940 1586 1799 D BluetoothActiveDeviceManager: handleMessage(MESSAGE_ADAPTER_ACTION_STATE_CHANGED): newState=12
05-24 13:19:07.944 1586 2197 I bluetooth: system/bt/btif/src/btif_sock_l2cap.cc:316 btsock_l2cap_alloc_l: Allocated l2cap socket structure socket_id:1
05-24 13:19:07.945 1586 1890 I bt_l2cap: system/bt/stack/l2cap/l2c_api.cc:134 L2CA_Register: L2CAP Registered service classic PSM: 0x1001
05-24 13:19:07.945 1586 1890 I bluetooth: system/bt/btif/src/btif_sock_l2cap.cc:341 send_app_psm_or_chan_l: Sending l2cap socket socket_id:1 channel:4097
05-24 13:19:07.946 2208 2208 I Zygote : seccomp disabled by setenforce 0
05-24 13:19:07.947 1586 2197 D BluetoothAdapter: listenUsingL2capOn: set assigned channel to 4097
05-24 13:19:07.947 1586 2197 D ObexServerSockets: Succeed to create listening sockets
05-24 13:19:07.947 1586 2197 D ObexServerSockets0: startAccept()
05-24 13:19:07.953 690 896 D BluetoothA2dp: Binding service...
05-24 13:19:07.953 412 422 I adbd : jdwp connection from 2201
05-24 13:19:07.960 762 1381 D DhcpClient: l2key: W2bf55f257f6c0097 lease address: /10.192.35.175 lease expiry: 1748150246405 current time: 1748063947959
05-24 13:19:07.961 1586 1586 D BluetoothAdapterService: isQuetModeEnabled() - Enabled = false
05-24 13:19:07.961 1586 1586 I BluetoothPhonePolicy: autoConnect: Initiate auto connection on BT on...
05-24 13:19:07.961 1586 1586 D BluetoothDatabase: getMostRecentlyConnectedA2dpDevice: Invalid address for device LocalStorage
05-24 13:19:07.961 1586 1586 E BluetoothPhonePolicy: autoConnect: most recently active a2dp device is null
05-24 13:19:07.961 1586 1586 D BtOppService: start Socket Listeners
05-24 13:19:07.961 1586 1586 D BtOppService: stopListeners: mServerSocket is null
05-24 13:19:07.961 1586 1586 D ObexServerSockets: create(rfcomm = -2, l2capPsm = -2)
05-24 13:19:07.962 1586 2197 D BluetoothSdpJni: sdpCreatePbapPseRecordNative
05-24 13:19:07.963 1586 1586 I bt_btif_sock_rfcomm: system/bt/btif/src/btif_sock_rfc.cc:303 btsock_rfc_listen: Adding listening socket service_name: (null) - channel: -2
05-24 13:19:07.968 1586 2227 D ObexServerSockets0: Accepting socket connection...
05-24 13:19:07.971 1586 1890 I bt_bta_dm: system/bt/bta/dm/bta_dm_act.cc:3198 bta_dm_eir_update_uuid: EIR Adding UUID=0x112F into extended inquiry response
05-24 13:19:07.971 1586 1890 I bt_bta_dm: system/bt/bta/dm/bta_dm_act.cc:2897 bta_dm_set_eir: Generating extended inquiry response packet EIR
05-24 13:19:07.972 1586 2197 D BluetoothSdpJni: SDP Create record success - handle: 0
05-24 13:19:07.972 1586 1890 I bt_stack: [INFO:port_api.cc(234)] RFCOMM_CreateConnection: bd_addr=ff:ff:ff:ff:ff:ff, scn=5, is_server=1, mtu=990, uuid=000000, dlci=10, signal_state=0x0b, p_port=0xc805958c
05-24 13:19:07.972 1586 1586 D BluetoothAdapter: listenUsingInsecureL2capOn: port=-2
05-24 13:19:07.972 1586 2197 D BluetoothPbapService: created Sdp record, mSdpHandle=0
05-24 13:19:07.973 2176 2176 D HeapDumpReceiver: onReceive(): Intent { act=android.intent.action.BOOT_COMPLETED flg=0x89000010 cmp=com.android.shell/.HeapDumpReceiver (has extras) }
05-24 13:19:07.973 762 1381 D DhcpClient: Broadcasting DHCPREQUEST ciaddr=0.0.0.0 request=10.192.35.175 serverid=null
05-24 13:19:07.975 1586 2223 D ObexServerSockets0: Accepting socket connection...
05-24 13:19:07.977 2176 2237 D HeapDumpReceiver: Deleting from /data/user_de/0/com.android.shell/files/heapdumps
05-24 13:19:07.985 412 422 I adbd : jdwp connection from 2208
05-24 13:19:07.986 1586 1586 I bluetooth: system/bt/btif/src/btif_sock_l2cap.cc:316 btsock_l2cap_alloc_l: Allocated l2cap socket structure socket_id:2
05-24 13:19:07.987 1586 1890 I bt_l2cap: system/bt/stack/l2cap/l2c_api.cc:134 L2CA_Register: L2CAP Registered service classic PSM: 0x1003
05-24 13:19:07.987 1586 1890 I bluetooth: system/bt/btif/src/btif_sock_l2cap.cc:341 send_app_psm_or_chan_l: Sending l2cap socket socket_id:2 channel:4099
05-24 13:19:07.988 1586 1586 D BluetoothAdapter: listenUsingInsecureL2capOn: set assigned channel to 4099
05-24 13:19:07.988 1586 1586 D ObexServerSockets: Succeed to create listening sockets
05-24 13:19:07.988 1586 1586 D ObexServerSockets1: startAccept()
05-24 13:19:07.989 487 758 D CompatibilityChangeReporter: Compat change id reported: 135634846; UID 10022; state: DISABLED
05-24 13:19:07.989 487 758 D CompatibilityChangeReporter: Compat change id reported: 177438394; UID 10022; state: DISABLED
05-24 13:19:07.989 487 758 D CompatibilityChangeReporter: Compat change id reported: 135772972; UID 10022; state: DISABLED
05-24 13:19:07.989 487 758 D CompatibilityChangeReporter: Compat change id reported: 135754954; UID 10022; state: DISABLED
05-24 13:19:07.989 1586 1586 D BluetoothSdpJni: sdpCreateOppOpsRecordNative
05-24 13:19:07.990 1586 1586 D BluetoothSdpJni: SDP Create record success - handle: 1
05-24 13:19:07.990 1586 1890 I bt_bta_dm: system/bt/bta/dm/bta_dm_act.cc:3198 bta_dm_eir_update_uuid: EIR Adding UUID=0x1105 into extended inquiry response
05-24 13:19:07.990 1586 1890 I bt_bta_dm: system/bt/bta/dm/bta_dm_act.cc:2897 bta_dm_set_eir: Generating extended inquiry response packet EIR
05-24 13:19:07.990 487 552 D CompatibilityChangeReporter: Compat change id reported: 143937733; UID 10022; state: DISABLED
05-24 13:19:07.991 1586 1586 D BtOppService: mOppSdpHandle :1
05-24 13:19:07.992 1586 2247 D ObexServerSockets1: Accepting socket connection...
05-24 13:19:07.992 1586 2246 D ObexServerSockets1: Accepting socket connection...
05-24 13:19:08.000 690 690 D BluetoothA2dp: Proxy object connected
05-24 13:19:08.008 258 258 D Zygote : Forked child process 2249
05-24 13:19:08.011 487 552 I ActivityManager: app.processName = com.android.statementservice
05-24 13:19:08.011 487 552 I ActivityManager: Start proc 2249:com.android.statementservice/u0a22 for broadcast {com.android.statementservice/com.android.statementservice.domain.BootCompletedReceiver}
05-24 13:19:08.012 690 896 D LocalBluetoothProfileManager: Adding local HEADSET profile
05-24 13:19:08.019 2249 2249 I Zygote : seccomp disabled by setenforce 0
05-24 13:19:08.021 487 532 D BluetoothHeadset: Proxy object connected
05-24 13:19:08.024 690 896 D LocalBluetoothProfileManager: Adding local MAP profile
05-24 13:19:08.024 487 758 D CompatibilityChangeReporter: Compat change id reported: 168419799; UID 10079; state: DISABLED
05-24 13:19:08.024 487 640 I AS.BtHelper: setBtScoActiveDevice: (null) -> (null)
05-24 13:19:08.025 690 896 D BluetoothMap: Create BluetoothMap proxy object
05-24 13:19:08.034 690 896 D BluetoothMap: Binding service...
05-24 13:19:08.046 487 818 D CompatibilityChangeReporter: Compat change id reported: 168419799; UID 10016; state: DISABLED
05-24 13:19:08.057 690 896 D LocalBluetoothProfileManager: Adding local OPP profile
05-24 13:19:08.057 690 896 D LocalBluetoothProfileManager: Adding local HID_HOST profile
05-24 13:19:08.058 412 422 I adbd : jdwp connection from 2249
05-24 13:19:08.059 690 690 D BluetoothMap: Proxy object connected
05-24 13:19:08.059 690 690 D BluetoothMap: getConnectedDevices()
05-24 13:19:08.060 2208 2208 D CompatibilityChangeReporter: Compat change id reported: 171979766; UID 10016; state: ENABLED
05-24 13:19:08.060 2202 2202 D CompatibilityChangeReporter: Compat change id reported: 171979766; UID 10079; state: DISABLED
05-24 13:19:08.068 690 896 D BluetoothHidHost: Binding service...
05-24 13:19:08.071 2202 2202 D ApplicationLoaders: Returning zygote-cached class loader: /system/framework/android.test.base.jar
05-24 13:19:08.081 690 690 D BluetoothHidHost: Proxy object connected
05-24 13:19:08.082 690 896 D LocalBluetoothProfileManager: Adding local HID_DEVICE profile
05-24 13:19:08.085 690 896 D BluetoothHidDevice: Binding service...
05-24 13:19:08.087 487 510 D CompatibilityChangeReporter: Compat change id reported: 168419799; UID 10053; state: DISABLED
05-24 13:19:08.093 487 621 D chongyuzhao: stop reconnect
05-24 13:19:08.097 1522 1522 D lei_hardWareType: ravenDBBOX-A2
05-24 13:19:08.100 487 532 W IorapForwardingService: No service published for: iorapd
05-24 13:19:08.110 2201 2201 D CompatibilityChangeReporter: Compat change id reported: 171979766; UID 10053; state: DISABLED
05-24 13:19:08.111 487 510 E ConnectivityService: Exception = android.content.pm.PackageManager$NameNotFoundException: android.net.cts
05-24 13:19:08.113 487 818 D CompatibilityChangeReporter: Compat change id reported: 168419799; UID 10022; state: DISABLED
05-24 13:19:08.114 1522 1522 E sony_okhttp: request url: https://db-sonydbapi-dangbei.yysh.mgtv.com/apinew/start.php Network is not available
05-24 13:19:08.116 1522 1522 E db_sony : autoUpdate = false
05-24 13:19:08.117 1522 1522 E db_sony : ACTION_BOOT_COMPLETED RecommendCardUtils
05-24 13:19:08.117 1522 1653 E RecommendCardUtils: checkOrCreateChannel: channel已存在 2
05-24 13:19:08.117 1522 1653 E RecommendCardUtils: false getRecommendData false
05-24 13:19:08.117 1522 1653 D lei_hardWareType: ravenDBBOX-A2
05-24 13:19:08.122 690 876 D BluetoothHeadset: Proxy object connected
05-24 13:19:08.124 487 510 E ConnectivityService: Exception = android.content.pm.PackageManager$NameNotFoundException: android.net.cts
05-24 13:19:08.127 1522 1653 E sony_okhttp: request url: https://db-sonydbapi-dangbei.yysh.mgtv.com/dbapinew/tabs_card_o.php Network is not available
05-24 13:19:08.128 690 896 D LocalBluetoothProfileManager: Adding local PAN profile
05-24 13:19:08.129 690 690 D BluetoothHidDevice: Proxy object connected
05-24 13:19:08.131 690 896 D BluetoothPan: Binding service...
05-24 13:19:08.131 2249 2249 D CompatibilityChangeReporter: Compat change id reported: 171979766; UID 10022; state: DISABLED
05-24 13:19:08.135 2201 2201 D ApplicationLoaders: Returning zygote-cached class loader: /system/framework/android.test.base.jar
05-24 13:19:08.139 690 690 D BluetoothPan: Proxy object connected
05-24 13:19:08.144 690 896 D LocalBluetoothProfileManager: Adding local PBAP profile
05-24 13:19:08.147 2249 2249 D ApplicationLoaders: Returning zygote-cached class loader: /system/framework/android.test.base.jar
05-24 13:19:08.163 690 896 D LocalBluetoothProfileManager: Current Profiles[]
05-24 13:19:08.164 690 896 D BluetoothMap: getConnectionState(E4:BB:D3:57:C0:49)
05-24 13:19:08.165 1586 1828 D BluetoothPbapService: getConnectionState: E4:BB:D3:57:C0:49
05-24 13:19:08.167 690 896 D LocalBluetoothProfileManager: New Profiles[HID]
05-24 13:19:08.168 690 896 D CachedBluetoothDevice: updating profiles for Dangbei
05-24 13:19:08.169 690 896 V CachedBluetoothDevice: Class: 1f00
05-24 13:19:08.169 690 896 V CachedBluetoothDevice: UUID:
05-24 13:19:08.170 690 896 V CachedBluetoothDevice: 00001812-0000-1000-8000-00805f9b34fb
05-24 13:19:08.195 1095 1375 D hq : NetWorkStateReceiver:::检查网络,并且持续更新 isConnect=false
05-24 13:19:08.297 2208 2208 V GraphicsEnvironment: ANGLE Developer option for 'com.android.providers.contacts' set to: 'default'
05-24 13:19:08.297 2208 2208 V GraphicsEnvironment: Neither updatable production driver nor prerelease driver is supported.
05-24 13:19:08.299 2208 2208 D NetworkSecurityConfig: No Network Security Config specified, using platform default
05-24 13:19:08.300 2208 2208 D NetworkSecurityConfig: No Network Security Config specified, using platform default
05-24 13:19:08.335 1039 1290 I MediaProvider: Observed non-standard /storage/emulated/0/tad/.nomedia
05-24 13:19:08.336 487 505 I system_server: Background concurrent copying GC freed 223964(9419KB) AllocSpace objects, 106(2232KB) LOS objects, 49% free, 12MB/24MB, paused 361us total 735.966ms
05-24 13:19:08.354 2202 2202 W System : ClassLoader referenced unknown path:
05-24 13:19:08.354 2202 2202 W odianshi.tv.ys: Unsupported class loader
05-24 13:19:08.374 2249 2249 V GraphicsEnvironment: ANGLE Developer option for 'com.android.statementservice' set to: 'default'
05-24 13:19:08.374 2249 2249 V GraphicsEnvironment: Neither updatable production driver nor prerelease driver is supported.
05-24 13:19:08.377 2249 2249 D NetworkSecurityConfig: No Network Security Config specified, using platform default
05-24 13:19:08.377 2249 2249 D NetworkSecurityConfig: No Network Security Config specified, using platform default
05-24 13:19:08.383 2201 2201 V GraphicsEnvironment: ANGLE Developer option for 'com.android.music' set to: 'default'
05-24 13:19:08.383 2201 2201 V GraphicsEnvironment: Neither updatable production driver nor prerelease driver is supported.
05-24 13:19:08.385 2201 2201 D NetworkSecurityConfig: No Network Security Config specified, using platform default
05-24 13:19:08.386 2201 2201 D NetworkSecurityConfig: No Network Security Config specified, using platform default
05-24 13:19:08.387 2202 2202 V GraphicsEnvironment: ANGLE Developer option for 'com.xiaodianshi.tv.yst' set to: 'default'
05-24 13:19:08.388 2202 2202 V GraphicsEnvironment: Neither updatable production driver nor prerelease driver is supported.
05-24 13:19:08.391 2202 2202 D NetworkSecurityConfig: Using Network Security Config from resource arg debugBuild: false
05-24 13:19:08.393 2202 2202 D NetworkSecurityConfig: Using Network Security Config from resource arg debugBuild: false
05-24 13:19:08.394 2201 2201 D music_MediaPlaybackSer: onCreate()
05-24 13:19:08.394 2201 2201 D music_MediaPlaybackSer: Create MusicProvider
05-24 13:19:08.395 2201 2201 D music_MediaPlaybackSer: Create MediaSession
05-24 13:19:08.404 1586 1586 V MediaPlayerList: onActiveSessionsChanged: number of controllers: 0
05-24 13:19:08.424 2201 2201 D CompatibilityChangeReporter: Compat change id reported: 160794467; UID 10053; state: DISABLED
05-24 13:19:08.426 2201 2201 D music_MediaPlaybackSer: updatePlaybackState, playback state=0
05-24 13:19:08.429 2208 2208 I ContactsPerf: VoicemailContentProvider.onCreate start
05-24 13:19:08.436 2201 2201 D music_MusicApp: add mount callback: com.android.music.MediaPlaybackService@87d2aae
05-24 13:19:08.439 2208 2208 I ContactsPerf: VoicemailContentProvider.onCreate finish
05-24 13:19:08.439 2249 2284 D CompatibilityChangeReporter: Compat change id reported: 160794467; UID 10022; state: DISABLED
05-24 13:19:08.443 2201 2201 D music_MediaPlaybackSer: OnGetRoot: clientPackageName=com.android.bluetooth; clientUid=1002 ; rootHints=null
05-24 13:19:08.443 487 510 D CompatibilityChangeReporter: Compat change id reported: 171306433; UID 10022; state: DISABLED
05-24 13:19:08.445 1586 1586 I AvrcpBrowsedPlayerWrapper: onConnected: com.android.music is connected
05-24 13:19:08.445 1586 1586 D AvrcpBrowsablePlayerConnector: Browse player callback called: package=com.android.music : status=0
05-24 13:19:08.445 1586 1586 D AvrcpBrowsablePlayerConnector: Received a message: msg.what=1
05-24 13:19:08.446 1586 1586 I AvrcpBrowsablePlayerConnector: Checking root contents for com.android.music
05-24 13:19:08.451 2201 2201 D music_MediaPlaybackSer: onDestroy
05-24 13:19:08.451 2201 2201 D music_MusicApp: remove mount callback: com.android.music.MediaPlaybackService@87d2aae
