05-24 13:18:59.670 1058 1205 W ContextImpl: Calling a method in the system process without a qualified user: android.app.ContextImpl.bindService:1895 android.content.ContextWrapper.bindService:810 com.dangbei.lerad.etna.lib.client.EtnaClient.bindServer:138 com.dangbei.lerad.etna.lib.client.EtnaClient.access$600:29 com.dangbei.lerad.etna.lib.client.EtnaClient$3.call:205
05-24 13:18:59.795 387 387 I : DVI mode selected: packets not configured
05-24 13:18:59.802 387 387 I : Error: set vsif failed
05-24 13:18:59.679 487 629 D ConnectivityService: NetReassign [no changes]
05-24 13:18:59.685 487 629 D ConnectivityService: NetReassign [no changes]
05-24 13:18:59.699 1058 1214 W ContextImpl: Calling a method in the system process without a qualified user: android.app.ContextImpl.bindService:1895 android.content.ContextWrapper.bindService:810 com.dangbei.lerad.etna.lib.client.EtnaClient.bindServer:138 com.dangbei.lerad.etna.lib.client.EtnaClient.access$600:29 com.dangbei.lerad.etna.lib.client.EtnaClient$3.call:205
05-24 13:18:59.835 387 387 I : DVI mode selected: packets not configured
05-24 13:18:59.841 387 387 I : Error: set vsif failed
05-24 13:18:59.716 1179 1179 D CompatibilityChangeReporter: Compat change id reported: 171979766; UID 1000; state: ENABLED
05-24 13:18:59.875 387 387 I : DVI mode selected: packets not configured
05-24 13:18:59.759 406 406 E update_engine: [ERROR:update_attempter_android.cc(-1)] unknown(...): Domain=update_engine, Code=generic_error, Message=No ongoing update to cancel.
05-24 13:18:59.881 387 387 I : Error: set vsif failed
05-24 13:18:59.761 406 406 E update_engine: [ERROR:update_attempter_android.cc(90)] Replying with failure: pc:0xc98cac9: No ongoing update to cancel.
05-24 13:18:59.763 1058 1058 E ccc : cccccc 故意做的cancel 捕获 No ongoing update to cancel.
05-24 13:18:59.763 1058 1058 W System.err: android.os.ServiceSpecificException: No ongoing update to cancel. (code 1)
05-24 13:18:59.765 1058 1058 W System.err: at android.os.Parcel.createExceptionOrNull(Parcel.java:2439)
05-24 13:18:59.765 1058 1058 W System.err: at android.os.Parcel.createException(Parcel.java:2409)
05-24 13:18:59.765 1058 1058 W System.err: at android.os.Parcel.readException(Parcel.java:2392)
05-24 13:18:59.765 1058 1058 W System.err: at android.os.Parcel.readException(Parcel.java:2334)
05-24 13:18:59.765 1058 1058 W System.err: at android.os.IUpdateEngine$Stub$Proxy.cancel(IUpdateEngine.java:480)
05-24 13:18:59.765 1058 1058 W System.err: at android.os.UpdateEngine.cancel(UpdateEngine.java:381)
05-24 13:18:59.765 1058 1058 W System.err: at com.oranth.otalibrary.OTAManager.cancel(OTAManager.java:54)
05-24 13:18:59.765 1058 1058 W System.err: at com.dangbei.etna.update.ota.OtaUpdateHelper.cancelInstalling(OtaUpdateHelper.kt:91)
05-24 13:18:59.765 1058 1058 W System.err: at com.dangbei.etna.update.ota.OtaUpdateHelper.init(OtaUpdateHelper.kt:54)
05-24 13:18:59.765 1058 1058 W System.err: at com.dangbei.etna.update.UpdateHelper.init(UpdateHelper.kt:60)
05-24 13:18:59.765 1058 1058 W System.err: at com.dangbei.lerad.etna.haqu.EtnaApplication.init(EtnaApplication.kt:97)
05-24 13:18:59.765 1058 1058 W System.err: at com.dangbei.lerad.etna.haqu.EtnaApplication.onCreate(EtnaApplication.kt:59)
05-24 13:18:59.765 1058 1058 W System.err: at android.app.Instrumentation.callApplicationOnCreate(Instrumentation.java:1211)
05-24 13:18:59.765 1058 1058 W System.err: at android.app.ActivityThread.handleBindApplication(ActivityThread.java:6740)
05-24 13:18:59.765 1058 1058 W System.err: at android.app.ActivityThread.access$1500(ActivityThread.java:247)
05-24 13:18:59.765 1058 1058 W System.err: at android.app.ActivityThread$H.handleMessage(ActivityThread.java:2053)
05-24 13:18:59.765 1058 1058 W System.err: at android.os.Handler.dispatchMessage(Handler.java:106)
05-24 13:18:59.765 1058 1058 W System.err: at android.os.Looper.loopOnce(Looper.java:201)
05-24 13:18:59.765 1058 1058 W System.err: at android.os.Looper.loop(Looper.java:288)
05-24 13:18:59.765 1058 1058 W System.err: at android.app.ActivityThread.main(ActivityThread.java:7854)
05-24 13:18:59.765 1058 1058 W System.err: at java.lang.reflect.Method.invoke(Native Method)
05-24 13:18:59.765 1058 1058 W System.err: at com.android.internal.os.RuntimeInit$MethodAndArgsCaller.run(RuntimeInit.java:548)
05-24 13:18:59.765 1058 1058 W System.err: at com.android.internal.os.ZygoteInit.main(ZygoteInit.java:1182)
05-24 13:18:59.769 1058 1058 I MMKV : loading [mmkv.default] with 3965 actual size, file size 4096, InterProcess 0, meta info version:3
05-24 13:18:59.769 1058 1058 I MMKV : loading [mmkv.default] with crc 2783141744 sequence 10 version 3
05-24 13:18:59.769 1058 1058 I MMKV : loaded [mmkv.default] with 11 key-values
05-24 13:18:59.777 1058 1058 E ccc : cccccc updateHelper 通知更新
05-24 13:18:59.778 1058 1058 E ccc : cccccc updateHelper 通知更新
05-24 13:18:59.780 1058 1058 E ccc : cccccc updateHelper 通知更新
05-24 13:18:59.791 1058 1058 E ccc : cccccc etna-service onCreate
05-24 13:18:59.794 1058 1058 W ContextImpl: Calling a method in the system process without a qualified user: android.app.ContextImpl.sendBroadcast:1173 android.content.ContextWrapper.sendBroadcast:479 com.dangbei.lerad.etna.core.EtnaManager.sendRebootBroadcast:82 com.dangbei.lerad.etna.core.EtnaService.onStartCommand:89 android.app.ActivityThread.handleServiceArgs:4639
05-24 13:18:59.796 487 511 E ActivityManager: Sending non-protected broadcast lerad.service.etna.haqu from system 1058:com.dangbei.lerad.etna.haqu/1000 pkg com.dangbei.lerad.etna.haqu
05-24 13:18:59.796 487 511 E ActivityManager: java.lang.Throwable
05-24 13:18:59.796 487 511 E ActivityManager: at com.android.server.am.ActivityManagerService.checkBroadcastFromSystem(ActivityManagerService.java:12816)
05-24 13:18:59.796 487 511 E ActivityManager: at com.android.server.am.ActivityManagerService.broadcastIntentLocked(ActivityManagerService.java:13416)
05-24 13:18:59.796 487 511 E ActivityManager: at com.android.server.am.ActivityManagerService.broadcastIntentLocked(ActivityManagerService.java:12833)
05-24 13:18:59.796 487 511 E ActivityManager: at com.android.server.am.ActivityManagerService.broadcastIntentWithFeature(ActivityManagerService.java:13670)
05-24 13:18:59.796 487 511 E ActivityManager: at android.app.IActivityManager$Stub.onTransact(IActivityManager.java:2326)
05-24 13:18:59.796 487 511 E ActivityManager: at com.android.server.am.ActivityManagerService.onTransact(ActivityManagerService.java:2509)
05-24 13:18:59.796 487 511 E ActivityManager: at android.os.Binder.execTransactInternal(Binder.java:1179)
05-24 13:18:59.796 487 511 E ActivityManager: at android.os.Binder.execTransact(Binder.java:1143)
05-24 13:18:59.800 487 511 E ActivityManager: Sending non-protected broadcast lerad.service.etna.haqu from system 1058:com.dangbei.lerad.etna.haqu/1000 pkg com.dangbei.lerad.etna.haqu
05-24 13:18:59.800 487 511 E ActivityManager: java.lang.Throwable
05-24 13:18:59.800 487 511 E ActivityManager: at com.android.server.am.ActivityManagerService.checkBroadcastFromSystem(ActivityManagerService.java:12816)
05-24 13:18:59.800 487 511 E ActivityManager: at com.android.server.am.ActivityManagerService.broadcastIntentLocked(ActivityManagerService.java:13513)
05-24 13:18:59.800 487 511 E ActivityManager: at com.android.server.am.ActivityManagerService.broadcastIntentLocked(ActivityManagerService.java:12833)
05-24 13:18:59.800 487 511 E ActivityManager: at com.android.server.am.ActivityManagerService.broadcastIntentWithFeature(ActivityManagerService.java:13670)
05-24 13:18:59.800 487 511 E ActivityManager: at android.app.IActivityManager$Stub.onTransact(IActivityManager.java:2326)
05-24 13:18:59.800 487 511 E ActivityManager: at com.android.server.am.ActivityManagerService.onTransact(ActivityManagerService.java:2509)
05-24 13:18:59.800 487 511 E ActivityManager: at android.os.Binder.execTransactInternal(Binder.java:1179)
05-24 13:18:59.800 487 511 E ActivityManager: at android.os.Binder.execTransact(Binder.java:1143)
05-24 13:18:59.800 487 551 I DropBoxManagerService: add tag=system_server_wtf isTagEnabled=true flags=0x2
05-24 13:18:59.802 1058 1058 E ccc : cccccc etna-service onStartCommand
05-24 13:18:59.808 1179 1179 V GraphicsEnvironment: ANGLE Developer option for 'com.oranth.storage' set to: 'default'
05-24 13:18:59.809 1179 1179 V GraphicsEnvironment: Neither updatable production driver nor prerelease driver is supported.
05-24 13:18:59.811 1058 1058 E CoreService: onStartCommand
05-24 13:18:59.812 487 551 I DropBoxManagerService: add tag=system_server_wtf isTagEnabled=true flags=0x2
05-24 13:18:59.812 1058 1219 W ContextImpl: Calling a method in the system process without a qualified user: android.app.ContextImpl.bindService:1895 android.content.ContextWrapper.bindService:810 com.dangbei.lerad.etna.lib.client.EtnaClient.bindServer:138 com.dangbei.lerad.etna.lib.client.EtnaClient.access$600:29 com.dangbei.lerad.etna.lib.client.EtnaClient$3.call:205
05-24 13:18:59.815 1058 1214 W ContextImpl: Calling a method in the system process without a qualified user: android.app.ContextImpl.bindService:1895 android.content.ContextWrapper.bindService:810 com.dangbei.lerad.etna.lib.client.EtnaClient.bindServer:138 com.dangbei.lerad.etna.lib.client.EtnaClient.access$600:29 com.dangbei.lerad.etna.lib.client.EtnaClient$3.call:205
05-24 13:18:59.817 1058 1058 E ccc : cccccc etnaService addListener com.dangbei.lerad.etna.lib.client.EtnaServerListener@c8ed607 com.dangbei.etna.setting
05-24 13:18:59.817 1058 1058 E ccc : cccccc SettingHelper onServerConnected
05-24 13:18:59.819 272 389 D displayd: hotplug change: name=6000000.hdmi, state=HDMI=0
05-24 13:18:59.819 272 389 D displayd: HotplugMonitor: 6000000.hdmi connected=0
05-24 13:18:59.819 272 389 D displayd: xxxxxxx: updateConnectState: type=-1 connected=0
05-24 13:18:59.820 1058 1205 W ContextImpl: Calling a method in the system process without a qualified user: android.app.ContextImpl.bindService:1895 android.content.ContextWrapper.bindService:810 com.dangbei.lerad.etna.lib.client.EtnaClient.bindServer:138 com.dangbei.lerad.etna.lib.client.EtnaClient.access$600:29 com.dangbei.lerad.etna.lib.client.EtnaClient$3.call:205
05-24 13:18:59.820 272 389 D displayd: xxxxxxx: updated: type=2 connected=0
05-24 13:18:59.820 272 389 D displayd: xxxxxxx: updated: type=4 connected=0
05-24 13:18:59.820 272 389 E displayd: xxxxxxx: hdmi connected state is 0
05-24 13:18:59.820 272 389 I sunxihwc: switchDevice: display[1]: type=2 mode=0 enable=0
05-24 13:18:59.820 272 389 I sunxihwc: switchDevice: display[0]: type=4 mode=6 enable=1
05-24 13:18:59.821 272 389 D sunxihwc: setHotplugState: mbHotplug = 1
05-24 13:18:59.821 1058 1058 E ccc : cccccc etnaService addListener com.dangbei.lerad.etna.lib.client.EtnaServerListener@e999ed2 com.dangbei.etna.update
05-24 13:18:59.821 1058 1058 E ccc : cccccc UpdateHelper onServerConnected
05-24 13:18:59.823 1058 1213 E ccc : cccccc sendCycleCheckBootGuideStatusMessage
05-24 13:18:59.825 1058 1213 W ContextImpl: Calling a method in the system process without a qualified user: android.app.ContextImpl.startService:1816 android.content.ContextWrapper.startService:774 com.dangbei.etna.setting.core.SettingHelper.startRocky:254 com.dangbei.etna.setting.core.SettingHelper.sendCycleCheckBootGuideStatusMessage:200 com.dangbei.etna.setting.core.SettingHelper.startLoop:189
05-24 13:18:59.825 272 389 I sunxihwc: updateConnectedDevices: display[0] connected=1 type=4 device=0xe97a400c
05-24 13:18:59.825 272 389 I sunxihwc: updateConnectedDevices: display[1] connected=0 type=2 device=0x0
05-24 13:18:59.825 272 389 D sunxihwc: enqueueEvent: enqueueEvent: event 1
05-24 13:18:59.825 272 389 W displayd: xxxxxxx: reset layer mode: 2D-ORIGINAL
05-24 13:18:59.825 272 389 W displayd: xxxxxxx: Request layer mode: 2D-ORIGINAL
05-24 13:18:59.825 272 377 D sunxihwc: setHotplugState: mbHotplug = 0
05-24 13:18:59.825 272 389 I sunxihwc: set3DMode: display[0]: mode=0
05-24 13:18:59.825 272 389 W displayd: xxxxxxx: Current device mapping:
05-24 13:18:59.825 272 389 W displayd: + display [1]: enable=0 type=2 mode=0
05-24 13:18:59.825 272 389 W displayd: + display [0]: enable=1 type=4 mode=6
05-24 13:18:59.831 1179 1179 D NetworkSecurityConfig: No Network Security Config specified, using platform default
05-24 13:18:59.833 1058 1058 E ccc : cccccc etnaService addListener com.dangbei.lerad.etna.lib.client.EtnaServerListener@e999ed2 com.dangbei.etna.update
05-24 13:18:59.834 1058 1058 E ccc : cccccc UpdateHelper onServerConnected
05-24 13:18:59.835 1058 1058 E ccc : cccccc etnaService addListener com.dangbei.lerad.etna.lib.client.EtnaServerListener@c8ed607 com.dangbei.etna.setting
05-24 13:18:59.835 1058 1058 E ccc : cccccc SettingHelper onServerConnected
05-24 13:18:59.835 1058 1058 E ccc : cccccc etnaService addListener com.dangbei.lerad.etna.lib.client.EtnaServerListener@e38cba3 com.dangbei.lerad.etna.haqu.andes
05-24 13:18:59.840 487 758 I ActivityManager: com.dangbei.lerad.rocky is exempt from freezer
05-24 13:18:59.841 487 758 D CompatibilityChangeReporter: Compat change id reported: 135634846; UID 1000; state: DISABLED
05-24 13:18:59.841 1058 1213 E ccc : cccccc sendCycleCheckBroadcast
05-24 13:18:59.842 1058 1213 W ContextImpl: Calling a method in the system process without a qualified user: android.app.ContextImpl.sendBroadcast:1173 android.content.ContextWrapper.sendBroadcast:479 com.dangbei.etna.setting.core.SettingHelper.sendCycleToProjector:244 com.dangbei.etna.setting.core.SettingHelper.sendCycleCheckBroadcast:213 com.dangbei.etna.setting.core.SettingHelper.sendCycleCheckBootGuideStatusMessage:201
05-24 13:18:59.844 1058 1213 W ContextImpl: Calling a method in the system process without a qualified user: android.app.ContextImpl.sendBroadcast:1173 android.content.ContextWrapper.sendBroadcast:479 com.dangbei.etna.setting.core.SettingHelper.sendCycleToVoice:229 com.dangbei.etna.setting.core.SettingHelper.sendCycleCheckBroadcast:214 com.dangbei.etna.setting.core.SettingHelper.sendCycleCheckBootGuideStatusMessage:201
05-24 13:18:59.846 487 758 E ActivityManager: Sending non-protected broadcast com.dangbei.etna.setting.action_cycle_check_broadcast from system 1058:com.dangbei.lerad.etna.haqu/1000 pkg com.dangbei.lerad.etna.haqu
05-24 13:18:59.846 487 758 E ActivityManager: java.lang.Throwable
05-24 13:18:59.846 487 758 E ActivityManager: at com.android.server.am.ActivityManagerService.checkBroadcastFromSystem(ActivityManagerService.java:12816)
05-24 13:18:59.846 487 758 E ActivityManager: at com.android.server.am.ActivityManagerService.broadcastIntentLocked(ActivityManagerService.java:13513)
05-24 13:18:59.846 487 758 E ActivityManager: at com.android.server.am.ActivityManagerService.broadcastIntentLocked(ActivityManagerService.java:12833)
05-24 13:18:59.846 487 758 E ActivityManager: at com.android.server.am.ActivityManagerService.broadcastIntentWithFeature(ActivityManagerService.java:13670)
05-24 13:18:59.846 487 758 E ActivityManager: at android.app.IActivityManager$Stub.onTransact(IActivityManager.java:2326)
05-24 13:18:59.846 487 758 E ActivityManager: at com.android.server.am.ActivityManagerService.onTransact(ActivityManagerService.java:2509)
05-24 13:18:59.846 487 758 E ActivityManager: at android.os.Binder.execTransactInternal(Binder.java:1179)
05-24 13:18:59.846 487 758 E ActivityManager: at android.os.Binder.execTransact(Binder.java:1143)
05-24 13:18:59.849 487 551 I DropBoxManagerService: add tag=system_server_wtf isTagEnabled=true flags=0x2
05-24 13:18:59.855 1179 1179 D NetworkSecurityConfig: No Network Security Config specified, using platform default
05-24 13:18:59.860 1058 1211 E ccc : cccccc sendCycleCheckBootGuideStatusMessage
05-24 13:18:59.860 487 632 D NsdService: New client listening to asynchronous messages
05-24 13:18:59.860 487 632 D NsdService: New client, channel: com.android.internal.util.AsyncChannel@92a06e3 messenger: android.os.Messenger@b9048e0
05-24 13:18:59.860 1058 1211 W ContextImpl: Calling a method in the system process without a qualified user: android.app.ContextImpl.startService:1816 android.content.ContextWrapper.startService:774 com.dangbei.etna.setting.core.SettingHelper.startRocky:254 com.dangbei.etna.setting.core.SettingHelper.sendCycleCheckBootGuideStatusMessage:200 com.dangbei.etna.setting.core.SettingHelper.startLoop:189
05-24 13:18:59.861 258 258 D Zygote : Forked child process 1223
05-24 13:18:59.941 124 124 I : HDMI cable is disconnected
05-24 13:18:59.820 343 343 I xiriservice_All: type=1400 audit(0.0:464): avc: denied { read } for scontext=u:r:init:s0 tcontext=u:r:init:s0 tclass=netlink_kobject_uevent_socket permissive=1
05-24 13:18:59.863 487 552 I ActivityManager: app.processName = com.dangbei.lerad.rocky
05-24 13:18:59.863 487 552 I ActivityManager: Start proc 1223:com.dangbei.lerad.rocky/1000 for service {com.dangbei.lerad.rocky/com.dangbei.rocky.RockyService}
05-24 13:18:59.867 1058 1058 D CompatibilityChangeReporter: Compat change id reported: 191844585; UID 1000; state: DISABLED
05-24 13:18:59.870 487 632 D NsdService: mdnssd [start-service]
05-24 13:18:59.872 1058 1211 E ccc : cccccc sendCycleCheckBroadcast
05-24 13:18:59.873 1058 1211 W ContextImpl: Calling a method in the system process without a qualified user: android.app.ContextImpl.sendBroadcast:1173 android.content.ContextWrapper.sendBroadcast:479 com.dangbei.etna.setting.core.SettingHelper.sendCycleToProjector:244 com.dangbei.etna.setting.core.SettingHelper.sendCycleCheckBroadcast:213 com.dangbei.etna.setting.core.SettingHelper.sendCycleCheckBootGuideStatusMessage:201
05-24 13:18:59.875 1095 1113 I hq : getCurrentUser: visitorBean=Users{userId=-1, nickName='游客', avatarUrl='null', wxToken='null', vip='null', mobile='null', sex=null, description='null', city='null', province='null', country='null', launcherMode=null, token='null', token='null'}
05-24 13:18:59.875 1223 1223 I Zygote : seccomp disabled by setenforce 0
05-24 13:18:59.878 1179 1179 I aaa : low stroage service is start !!!
05-24 13:18:59.880 1179 1179 W ContextImpl: Calling a method in the system process without a qualified user: android.app.ContextImpl.startService:1816 android.content.ContextWrapper.startService:774 android.content.ContextWrapper.startService:774 com.oranth.storage.BootCompletedReceiver.onReceive:15 android.app.ActivityThread.handleReceiver:4308
05-24 13:18:59.882 487 632 E NsdService: Failed to execute mdnssd [start-service]
05-24 13:18:59.882 487 632 E NsdService: com.android.server.NativeDaemonConnector$NativeDaemonFailureException: command '1 mdnssd start-service' failed with '402 1 Service already running'
05-24 13:18:59.882 487 632 E NsdService: at com.android.server.NativeDaemonConnector.executeForList(NativeDaemonConnector.java:516)
05-24 13:18:59.882 487 632 E NsdService: at com.android.server.NativeDaemonConnector.execute(NativeDaemonConnector.java:412)
05-24 13:18:59.882 487 632 E NsdService: at com.android.server.NativeDaemonConnector.execute(NativeDaemonConnector.java:407)
05-24 13:18:59.882 487 632 E NsdService: at com.android.server.NsdService$DaemonConnection.execute(NsdService.java:743)
05-24 13:18:59.882 487 632 E NsdService: at com.android.server.NsdService$DaemonConnection.maybeStart(NsdService.java:758)
05-24 13:18:59.882 487 632 E NsdService: at com.android.server.NsdService$NsdStateMachine.maybeStartDaemon(NsdService.java:100)
05-24 13:18:59.882 487 632 E NsdService: at com.android.server.NsdService$NsdStateMachine.access$1600(NsdService.java:88)
05-24 13:18:59.882 487 632 E NsdService: at com.android.server.NsdService$NsdStateMachine$DefaultState.processMessage(NsdService.java:223)
05-24 13:18:59.882 487 632 E NsdService: at com.android.internal.util.StateMachine$SmHandler.processMsg(StateMachine.java:993)
05-24 13:18:59.882 487 632 E NsdService: at com.android.internal.util.StateMachine$SmHandler.handleMessage(StateMachine.java:810)
05-24 13:18:59.882 487 632 E NsdService: at android.os.Handler.dispatchMessage(Handler.java:106)
05-24 13:18:59.882 487 632 E NsdService: at android.os.Looper.loopOnce(Looper.java:201)
05-24 13:18:59.882 487 632 E NsdService: at android.os.Looper.loop(Looper.java:288)
05-24 13:18:59.882 487 632 E NsdService: at android.os.HandlerThread.run(HandlerThread.java:67)
05-24 13:18:59.883 1058 1058 D WanCommander: handleConnection:
05-24 13:18:59.883 1058 1211 W ContextImpl: Calling a method in the system process without a qualified user: android.app.ContextImpl.sendBroadcast:1173 android.content.ContextWrapper.sendBroadcast:479 com.dangbei.etna.setting.core.SettingHelper.sendCycleToVoice:229 com.dangbei.etna.setting.core.SettingHelper.sendCycleCheckBroadcast:214 com.dangbei.etna.setting.core.SettingHelper.sendCycleCheckBootGuideStatusMessage:201
05-24 13:18:59.886 487 825 E ActivityManager: Sending non-protected broadcast com.dangbei.etna.setting.action_cycle_check_broadcast from system 1058:com.dangbei.lerad.etna.haqu/1000 pkg com.dangbei.lerad.etna.haqu
05-24 13:18:59.886 487 825 E ActivityManager: java.lang.Throwable
05-24 13:18:59.886 487 825 E ActivityManager: at com.android.server.am.ActivityManagerService.checkBroadcastFromSystem(ActivityManagerService.java:12816)
05-24 13:18:59.886 487 825 E ActivityManager: at com.android.server.am.ActivityManagerService.broadcastIntentLocked(ActivityManagerService.java:13513)
05-24 13:18:59.886 487 825 E ActivityManager: at com.android.server.am.ActivityManagerService.broadcastIntentLocked(ActivityManagerService.java:12833)
05-24 13:18:59.886 487 825 E ActivityManager: at com.android.server.am.ActivityManagerService.broadcastIntentWithFeature(ActivityManagerService.java:13670)
05-24 13:18:59.886 487 825 E ActivityManager: at android.app.IActivityManager$Stub.onTransact(IActivityManager.java:2326)
05-24 13:18:59.886 487 825 E ActivityManager: at com.android.server.am.ActivityManagerService.onTransact(ActivityManagerService.java:2509)
05-24 13:18:59.886 487 825 E ActivityManager: at android.os.Binder.execTransactInternal(Binder.java:1179)
05-24 13:18:59.886 487 825 E ActivityManager: at android.os.Binder.execTransact(Binder.java:1143)
05-24 13:18:59.891 487 551 I DropBoxManagerService: add tag=system_server_wtf isTagEnabled=true flags=0x2
05-24 13:18:59.898 412 422 I adbd : jdwp connection from 1223
05-24 13:18:59.898 1058 1058 E EtnaListener: onServerConnected
05-24 13:18:59.905 690 690 V SystemUIService: BOOT_COMPLETED received
05-24 13:18:59.905 1179 1179 D bbb : onCreate()
05-24 13:18:59.907 1179 1179 D CompatibilityChangeReporter: Compat change id reported: 160794467; UID 1000; state: ENABLED
05-24 13:18:59.907 690 690 D SystemUIBootTiming: SystemUIService: bootcomplete com.android.systemui.util.NotificationChannels took 0 ms
05-24 13:18:59.907 690 690 D SystemUIService: loading: com.android.systemui.volume.VolumeUI
05-24 13:18:59.914 690 690 I vol.Events: writeEvent collection_started
05-24 13:18:59.915 1179 1179 D bbb : onStartCommand begin !!!!!!! data分区剩余 20130MB
05-24 13:18:59.919 487 825 D CompatibilityChangeReporter: Compat change id reported: 171306433; UID 1000; state: ENABLED
05-24 13:18:59.928 487 511 D CompatibilityChangeReporter: Compat change id reported: 168419799; UID 1000; state: DISABLED
05-24 13:18:59.936 1223 1223 D CompatibilityChangeReporter: Compat change id reported: 171979766; UID 1000; state: DISABLED
05-24 13:18:59.950 1223 1223 D ApplicationLoaders: Returning zygote-cached class loader: /system/framework/android.test.base.jar
05-24 13:18:59.950 1223 1223 D ApplicationLoaders: Returning zygote-cached class loader: /system/framework/android.hidl.manager-V1.0-java.jar
05-24 13:18:59.950 1223 1223 D ApplicationLoaders: Returning zygote-cached class loader: /system/framework/android.hidl.base-V1.0-java.jar
05-24 13:19:00.035 487 532 W IorapForwardingService: No service published for: iorapd
05-24 13:19:00.042 278 306 D hdmi-cec: update hdmi connected: 0
05-24 13:19:00.067 278 278 D hdmi-cec: cec physical address: 1.0.0.0
05-24 13:19:00.040 278 278 I EventThread: type=1400 audit(0.0:465): avc: denied { search } for name="extcon" dev="sysfs" ino=18109 scontext=u:r:hal_tv_cec_default:s0 tcontext=u:object_r:sysfs_extcon:s0 tclass=dir permissive=1
05-24 13:19:00.072 672 672 I WifiHAL : Initializing wifi
05-24 13:19:00.115 672 672 E WifiHAL : wifi_get_logger_supported_feature_set: Error -5 happened.
05-24 13:19:00.115 672 672 E WifiHAL : Failed to get supported logger feature set: -5
05-24 13:19:00.116 672 672 E WifiHAL : wifi_get_firmware_version: Error -5 happened.
05-24 13:19:00.116 672 672 E WifiHAL : Failed to get supported logger feature set: -5
05-24 13:19:00.116 672 672 E WifiHAL : get_firmware_bus_max_size_supported: requestResponse Error:-3
05-24 13:19:00.116 672 672 E WifiHAL : Failed to get supported bus size, error : -3
05-24 13:19:00.116 672 672 E WifiHAL : wifi_logger_ring_buffers_init: Ring buffer logging feature not supported 0
05-24 13:19:00.116 672 672 E WifiHAL : Wifi Logger Ring Initialization Failed
05-24 13:19:00.116 672 672 E WifiHAL : wifiGetCapabilities: Failed to send request, Error:-5
05-24 13:19:00.117 672 672 E WifiHAL : Failed to get wifi Capabilities, error: -5
05-24 13:19:00.118 672 672 I android.hardware.wifi@1.0-service-lazy: Adding interface handle for wlan1
05-24 13:19:00.118 672 672 I android.hardware.wifi@1.0-service-lazy: Adding interface handle for wlan0
05-24 13:19:00.076 338 338 I rainbow_flow: type=1400 audit(0.0:466): avc: denied { ioctl } for path="/dev/spidev1.0" dev="tmpfs" ino=212 ioctlcmd=0x6b00 scontext=u:r:init:s0 tcontext=u:object_r:device:s0 tclass=chr_file permissive=1
05-24 13:19:00.118 672 672 W android.hardware.wifi@1.0-service-lazy: No active wlan interfaces in use! Using default
05-24 13:19:00.119 672 672 W android.hardware.wifi@1.0-service-lazy: No active wlan interfaces in use! Using default
05-24 13:19:00.119 672 672 E WifiHAL : wifi_get_driver_version: Error -5 happened.
05-24 13:19:00.119 672 672 E android.hardware.wifi@1.0-service-lazy: Failed to get driver version: INVALID_ARGS
05-24 13:19:00.119 672 672 I android.hardware.wifi@1.0-service-lazy: Configured chip in mode 3
05-24 13:19:00.119 672 672 W android.hardware.wifi@1.0-service-lazy: No active wlan interfaces in use! Using default
05-24 13:19:00.122 487 621 D HalDevMgr: updateRttController: no one is interested in RTT controllers
05-24 13:19:00.210 672 672 I ieee80211 phy0: sprdwl_vendor_get_support_feature
05-24 13:19:00.124 672 672 D WifiHAL : wifi_virtual_interface_create: ifname=wlan0 create
05-24 13:19:00.125 672 672 I android.hardware.wifi@1.0-service-lazy: Adding interface handle for wlan1
05-24 13:19:00.125 672 672 I android.hardware.wifi@1.0-service-lazy: Adding interface handle for wlan0
05-24 13:19:00.125 672 672 E android.hardware.wifi@1.0-service-lazy: Failed to set DFS flag; DFS channels may be unavailable.
05-24 13:19:00.129 487 758 W StorageManagerService: Reporting emulated;0 unmounted due to system locked
05-24 13:19:00.130 1095 1095 E hq : USBReceiver:::USBReceiver onReceive: list=1
05-24 13:19:00.136 1095 1209 D hq : NetWorkStateReceiver:::检查网络,并且持续更新 isConnect=false
05-24 13:19:00.140 487 658 W HdmiCecController: Failed to send 40:8F with errorCode=1
05-24 13:19:00.141 672 672 I WifiHAL : mpdu_size_threshold : 128, aggressive_statistics_gathering : 0
05-24 13:19:00.141 1095 1095 E DispatcherManager: publishMode=DBBOX-A2 piDispatcher=com.dangbei.launcher.dispatcher.function.BOXAXDispatcher@9de96ed
05-24 13:19:00.142 672 672 E WifiHAL : wifi_set_link_stats: requestResponse Error:-5
05-24 13:19:00.143 1095 1095 I hq : 当前的服务模式是,serviceMode=0
05-24 13:19:00.149 487 621 E WifiVendorHal: enableLinkLayerStats(l.1461) failed {.code = ERROR_INVALID_ARGS, .description = }
05-24 13:19:00.149 487 621 E WifiVendorHal: unable to enable link layer stats collection
05-24 13:19:00.150 487 621 D WifiNl80211Manager: Setting up interface for client mode: wlan0
05-24 13:19:00.151 386 386 I wificond: createClientInterface: wiphy_index 0 iface_name wlan0
05-24 13:19:00.156 386 386 I wificond: create scanner for interface with index: 14
05-24 13:19:00.157 386 386 I wificond: subscribe scan result for interface with index: 14
05-24 13:19:00.164 386 386 I wificond: add channel type 0 support at wiphy index: 0
05-24 13:19:00.165 386 386 I wificond: add channel type 1 support at wiphy index: 0
05-24 13:19:00.168 257 742 I netd : interfaceGetCfg(wlan0) -> {InterfaceConfigurationParcel{ifName: wlan0, hwAddr: b4:2f:03:15:e9:b5, ipv4Addr: 0.0.0.0, prefixLength: 0, flags: [up, broadcast, running, multicast]}} <0.61ms>
05-24 13:19:00.172 487 621 I WifiNative: Interface state changed on Iface:{Name=wlan0,Id=0,Type=STA_SCAN}, isUp=true
05-24 13:19:00.172 487 621 I WifiNative: Successfully setup Iface:{Name=wlan0,Id=0,Type=STA_SCAN}
05-24 13:19:00.172 487 621 E SupplicantStaIfaceHal: checkHalVersionByInterfaceName: called but mServiceManager is null
05-24 13:19:00.172 487 621 E SupplicantStaIfaceHal: checkHalVersionByInterfaceName: called but mServiceManager is null
05-24 13:19:00.172 487 621 E SupplicantStaIfaceHal: Method getKeyMgmtCapabilities is not supported in existing HAL
05-24 13:19:00.172 487 621 E SupplicantStaIfaceHal: checkHalVersionByInterfaceName: called but mServiceManager is null
05-24 13:19:00.181 1095 1095 E hq : 检查user:::switchDao id=121952577
05-24 13:19:00.198 672 672 E WifiHAL : wifi_get_logger_supported_feature_set: Error -5 happened.
05-24 13:19:00.311 672 672 I ieee80211 phy0: sprdwl_vendor_get_support_feature
05-24 13:19:00.215 1223 1223 V GraphicsEnvironment: ANGLE Developer option for 'com.dangbei.lerad.rocky' set to: 'default'
05-24 13:19:00.329 672 672 I ieee80211 phy0: sprdwl_vendor_get_support_feature
05-24 13:19:00.218 1223 1223 V GraphicsEnvironment: Neither updatable production driver nor prerelease driver is supported.
05-24 13:19:00.336 743 743 I logd : start watching /data/system/packages.list ...
05-24 13:19:00.218 672 672 E WifiHAL : wifi_get_logger_supported_feature_set: Error -5 happened.
05-24 13:19:00.228 1223 1223 D NetworkSecurityConfig: No Network Security Config specified, using platform default
05-24 13:19:00.230 1223 1223 D NetworkSecurityConfig: No Network Security Config specified, using platform default
05-24 13:19:00.350 743 743 I logd : ReadPackageList, total packages: 90
05-24 13:19:00.235 1223 1223 I MultiDex: VM with version 2.1.0 has multidex support
05-24 13:19:00.235 1223 1223 I MultiDex: Installing application
05-24 13:19:00.235 1223 1223 I MultiDex: VM has multidex support, MultiDex support library is disabled.
05-24 13:19:00.244 672 672 E WifiHAL : wifi_get_logger_supported_feature_set: Error -5 happened.
05-24 13:19:00.364 672 672 I ieee80211 phy0: sprdwl_vendor_get_support_feature
05-24 13:19:00.246 1223 1223 D RockyApplication: init: false
05-24 13:19:00.249 487 621 E SupplicantStaIfaceHal: checkHalVersionByInterfaceName: called but mServiceManager is null
05-24 13:19:00.249 487 621 E SupplicantStaIfaceHal: checkHalVersionByInterfaceName: called but mServiceManager is null
05-24 13:19:00.249 487 621 I SupplicantStaIfaceHal: Method getWpaDriverFeatureSet is not supported in existing HAL
05-24 13:19:00.250 487 621 D WifiClientModeManager[wlan0]: entering StartedState
05-24 13:19:00.251 257 742 I netd : interfaceGetCfg(wlan0) -> {InterfaceConfigurationParcel{ifName: wlan0, hwAddr: b4:2f:03:15:e9:b5, ipv4Addr: 0.0.0.0, prefixLength: 0, flags: [up, broadcast, running, multicast]}} <0.53ms>
05-24 13:19:00.253 487 621 D WifiNetworkFactory: got request NetworkRequest [ REQUEST id=23, [ Capabilities: INTERNET&NOT_RESTRICTED&TRUSTED&NOT_VCN_MANAGED Uid: 1000 RequestorUid: 1000 RequestorPkg: android] ]
05-24 13:19:00.254 487 621 D UntrustedWifiNetworkFactory: got request NetworkRequest [ REQUEST id=23, [ Capabilities: INTERNET&NOT_RESTRICTED&TRUSTED&NOT_VCN_MANAGED Uid: 1000 RequestorUid: 1000 RequestorPkg: android] ]
05-24 13:19:00.254 487 621 D OemPaidWifiNetworkFactory: got request NetworkRequest [ REQUEST id=23, [ Capabilities: INTERNET&NOT_RESTRICTED&TRUSTED&NOT_VCN_MANAGED Uid: 1000 RequestorUid: 1000 RequestorPkg: android] ]
05-24 13:19:00.257 487 621 D WifiService: updateInterfaceIpState: ifaceName=wlan0 mode=-1 previous LOHS mode= -1
05-24 13:19:00.258 487 621 D WifiService: updateInterfaceIpState: ifaceName=wlan1 mode=-1 previous LOHS mode= -1
05-24 13:19:00.259 679 826 E AdapterState: BLE_TURNING_ON : BLE_START_TIMEOUT
05-24 13:19:00.263 679 826 I AdapterState: BLE_TURNING_OFF : entered
05-24 13:19:00.263 679 826 D AdapterProperties: Setting state to BLE_TURNING_OFF
05-24 13:19:00.263 487 487 D WifiP2pService: Wifi enabled=false
05-24 13:19:00.265 679 826 D BluetoothAdapterService: updateAdapterState() - Broadcasting state BLE_TURNING_OFF to 1 receivers.
05-24 13:19:00.266 487 532 D BluetoothManagerService: MESSAGE_BLUETOOTH_STATE_CHANGE: BLE_TURNING_ON > BLE_TURNING_OFF
05-24 13:19:00.266 487 532 D BluetoothManagerService: Sending BLE State Change: BLE_TURNING_ON > BLE_TURNING_OFF
05-24 13:19:00.266 679 826 D AdapterProperties: onBleDisable
05-24 13:19:00.270 487 621 I android_os_HwBinder: HwBinder: Starting thread pool for getting: android.hidl.manager@1.0::IServiceManager/default
05-24 13:19:00.272 679 679 D BtGatt.DebugUtils: handleDebugAction() action=null
05-24 13:19:00.275 690 1238 I vol.Events: writeEvent level_changed STREAM_VOICE_CALL 15
05-24 13:19:00.276 487 511 W StorageManagerService: Reporting emulated;0 unmounted due to system locked
05-24 13:19:00.277 690 1238 I vol.Events: writeEvent level_changed STREAM_SYSTEM 5
05-24 13:19:00.278 487 621 I SupplicantStaIfaceHal: Starting supplicant using HIDL
05-24 13:19:00.282 690 1238 I vol.Events: writeEvent level_changed STREAM_RING 5
05-24 13:19:00.283 690 1238 I vol.Events: writeEvent level_changed STREAM_MUSIC 9
05-24 13:19:00.284 690 1238 I vol.Events: writeEvent level_changed STREAM_ALARM 17
05-24 13:19:00.285 690 1238 I vol.Events: writeEvent level_changed STREAM_BLUETOOTH_SCO 7
05-24 13:19:00.289 1095 1095 E hq : 检查user:::更新前的信息: null
05-24 13:19:00.289 1095 1095 E hq : 更新后的信息: Users{userId=121952577, nickName='时光好不经用', avatarUrl='https://thirdwx.qlogo.cn/mmopen/vi_32/VWtia4DXNcOLWrABwaX2Ryu2MsE0ZlOho4pfjj39jh9giclXFd6Aw7jYOwcSnZABhmWQ1C70EoMfJicTKj1exDUv2QOUewrzEgNIibzuWp5hK4A/132', wxToken='oV3gIwbcNt02MOLLNpR4XqSTh-Y8', vip='[{"id":30,"memberCode":"bestv","mlUserId":"097a942a34272802fff0a4134caa9056","token":"","status":1,"endDate":"2025-06-21","pic":"http://dbimgsou.bestv.com.cn/newos/20240125/65b213276894c.png"},{"id":33,"memberCode":"dbmusic","mlUserId":"121952577","token":"","status":2,"endDate":"2024-11-11","pic":""},{"id":13,"memberCode":"dbmusic","mlUserId":"121952577","token":"","status":2,"endDate":"2024-11-28","pic":""},{"id":1,"memberCode":"iqiyi","mlUserId":"eed63f0b9b6a077e2b471caf17b74d96","token":"","status":1,"endDate":"2025-06-21","pic":"http://dbimgsou.bestv.com.cn/newos/20240125/65b213276894c.png"},{"id":35,"memberCode":"mitu","mlUserId":"","token":"","status":0,"endDate":"2025-05-23","pic":""}]', mobile='13701278204', sex=0, description='和丰账号ID:9a010', city='', province='', country='', launcherMode=null, token='', token='null'}
05-24 13:19:00.289 192 192 I hwservicemanager: Since android.hardware.wifi.supplicant@1.0::ISupplicant/default is not registered, trying to start it as a lazy HAL.
05-24 13:19:00.290 679 679 W bt_stack: [WARNING:bta_gattc_api.cc(61)] GATTC Module not enabled/already disabled
05-24 13:19:00.290 487 621 D SupplicantStaIfaceHal: Successfully triggered start of supplicant using HIDL
05-24 13:19:00.290 679 679 W bt_stack: [WARNING:bta_gatts_api.cc(60)] GATTS Module not enabled/already disabled
05-24 13:19:00.294 1095 1095 D AdHelper: ad server environment is official? false
05-24 13:19:00.295 1095 1095 D AdHelper: ad server environment is official? false
05-24 13:19:00.295 1095 1095 D AdHelper: ad server environment is official? false
05-24 13:19:00.296 1095 1095 D AdHelper: ad server environment is official? false
05-24 13:19:00.299 690 690 D SystemUIService: running: com.android.systemui.volume.VolumeUI@80a5e43
05-24 13:19:00.310 1223 1223 D RockyManager: initFarWakeStatus isMainFarSwitch: false
05-24 13:19:00.311 679 679 W BtGatt.ScanManager: exception when invoking removeOnUidImportanceListener
05-24 13:19:00.311 679 679 W BtGatt.ScanManager: java.lang.IllegalArgumentException: Listener not registered: com.android.bluetooth.gatt.ScanManager$2@2ec8fb3
05-24 13:19:00.311 679 679 W BtGatt.ScanManager: at android.app.ActivityManager.removeOnUidImportanceListener(ActivityManager.java:3591)
05-24 13:19:00.311 679 679 W BtGatt.ScanManager: at com.android.bluetooth.gatt.ScanManager.cleanup(ScanManager.java:165)
05-24 13:19:00.311 679 679 W BtGatt.ScanManager: at com.android.bluetooth.gatt.GattService.cleanup(GattService.java:313)
05-24 13:19:00.311 679 679 W BtGatt.ScanManager: at com.android.bluetooth.btservice.ProfileService.onDestroy(ProfileService.java:253)
05-24 13:19:00.311 679 679 W BtGatt.ScanManager: at android.app.ActivityThread.handleStopService(ActivityThread.java:4669)
05-24 13:19:00.311 679 679 W BtGatt.ScanManager: at android.app.ActivityThread.access$2100(ActivityThread.java:247)
05-24 13:19:00.311 679 679 W BtGatt.ScanManager: at android.app.ActivityThread$H.handleMessage(ActivityThread.java:2096)
05-24 13:19:00.311 679 679 W BtGatt.ScanManager: at android.os.Handler.dispatchMessage(Handler.java:106)
05-24 13:19:00.311 679 679 W BtGatt.ScanManager: at android.os.Looper.loopOnce(Looper.java:201)
05-24 13:19:00.311 679 679 W BtGatt.ScanManager: at android.os.Looper.loop(Looper.java:288)
05-24 13:19:00.311 679 679 W BtGatt.ScanManager: at android.app.ActivityThread.main(ActivityThread.java:7854)
05-24 13:19:00.311 679 679 W BtGatt.ScanManager: at java.lang.reflect.Method.invoke(Native Method)
05-24 13:19:00.311 679 679 W BtGatt.ScanManager: at com.android.internal.os.RuntimeInit$MethodAndArgsCaller.run(RuntimeInit.java:548)
05-24 13:19:00.311 679 679 W BtGatt.ScanManager: at com.android.internal.os.ZygoteInit.main(ZygoteInit.java:1182)
05-24 13:19:00.311 487 818 W StorageManagerService: Reporting emulated;0 unmounted due to system locked
05-24 13:19:00.312 679 679 W BtGatt.ScanManager: exception when invoking unregisterReceiver(mLocationReceiver)
05-24 13:19:00.312 679 679 W BtGatt.ScanManager: java.lang.IllegalArgumentException: Receiver not registered: com.android.bluetooth.gatt.ScanManager$3@9f3e970
05-24 13:19:00.312 679 679 W BtGatt.ScanManager: at android.app.LoadedApk.forgetReceiverDispatcher(LoadedApk.java:1555)
05-24 13:19:00.312 679 679 W BtGatt.ScanManager: at android.app.ContextImpl.unregisterReceiver(ContextImpl.java:1789)
05-24 13:19:00.312 679 679 W BtGatt.ScanManager: at android.content.ContextWrapper.unregisterReceiver(ContextWrapper.java:769)
05-24 13:19:00.312 679 679 W BtGatt.ScanManager: at com.android.bluetooth.gatt.ScanManager.cleanup(ScanManager.java:186)
05-24 13:19:00.312 679 679 W BtGatt.ScanManager: at com.android.bluetooth.gatt.GattService.cleanup(GattService.java:313)
05-24 13:19:00.312 679 679 W BtGatt.ScanManager: at com.android.bluetooth.btservice.ProfileService.onDestroy(ProfileService.java:253)
05-24 13:19:00.312 679 679 W BtGatt.ScanManager: at android.app.ActivityThread.handleStopService(ActivityThread.java:4669)
05-24 13:19:00.312 679 679 W BtGatt.ScanManager: at android.app.ActivityThread.access$2100(ActivityThread.java:247)
05-24 13:19:00.312 679 679 W BtGatt.ScanManager: at android.app.ActivityThread$H.handleMessage(ActivityThread.java:2096)
05-24 13:19:00.312 679 679 W BtGatt.ScanManager: at android.os.Handler.dispatchMessage(Handler.java:106)
05-24 13:19:00.312 679 679 W BtGatt.ScanManager: at android.os.Looper.loopOnce(Looper.java:201)
05-24 13:19:00.312 679 679 W BtGatt.ScanManager: at android.os.Looper.loop(Looper.java:288)
05-24 13:19:00.312 679 679 W BtGatt.ScanManager: at android.app.ActivityThread.main(ActivityThread.java:7854)
05-24 13:19:00.312 679 679 W BtGatt.ScanManager: at java.lang.reflect.Method.invoke(Native Method)
05-24 13:19:00.312 679 679 W BtGatt.ScanManager: at com.android.internal.os.RuntimeInit$MethodAndArgsCaller.run(RuntimeInit.java:548)
05-24 13:19:00.312 679 679 W BtGatt.ScanManager: at com.android.internal.os.ZygoteInit.main(ZygoteInit.java:1182)
05-24 13:19:00.313 690 690 D SystemUIBootTiming: SystemUIService: bootcomplete com.android.systemui.volume.VolumeUI took 406 ms
05-24 13:19:00.313 690 690 D SystemUIService: loading: com.android.systemui.privacy.television.TvOngoingPrivacyChip
05-24 13:19:00.316 1223 1223 I RockyManager: isFarWake: false
05-24 13:19:00.318 1095 1095 D AdHelper: AdHelper init: end
05-24 13:19:00.322 1223 1223 W ContextImpl: Calling a method in the system process without a qualified user: android.app.ContextImpl.startService:1816 android.content.ContextWrapper.startService:774 com.cvte.tv.api.TvApiSDKManager.:177 com.cvte.tv.api.TvApiSDKManager.init:217 com.dangbei.rocky.component.system.SystemControlUtils.initSystemAidl:82
05-24 13:19:00.330 1095 1095 E xxxxxxxxxxxxxxx: onConfigurationChanged2===>{1.0 ?mcc?mnc [zh_CN] ldltr sw720dp w1280dp h696dp 240dpi xlrg long land television -touch qwerty/v/v dpad/v winConfig={ mBounds=Rect(0, 0 - 1920, 1080) mAppBounds=Rect(0, 0 - 1920, 1080) mMaxBounds=Rect(0, 0 - 1920, 1080) mWindowingMode=fullscreen mDisplayWindowingMode=fullscreen mActivityType=undefined mAlwaysOnTop=undefined mRotation=ROTATION_0} s.6 fontWeightAdjustment=0}
05-24 13:19:00.331 1095 1095 E memInfo.totalMem: memInfo.totalMem=2055442432 1073741824
05-24 13:19:00.332 487 712 W StorageManagerService: Reporting emulated;0 unmounted due to system locked
05-24 13:19:00.335 487 712 W StorageManagerService: Reporting emulated;0 unmounted due to system locked
05-24 13:19:00.344 487 825 W ActivityManager: Unable to start service Intent { act=com.cvte.tv.api.TV_API_SERVICE pkg=com.cvte.tv.api.impl } U=0: not found
05-24 13:19:00.346 690 1238 I vol.Events: writeEvent zen_mode_config_changed [disallowAlarms=false disallowMedia=false disallowSystem=true disallowRinger=false]
05-24 13:19:00.348 1223 1223 W ContextImpl: Calling a method in the system process without a qualified user: android.app.ContextImpl.bindService:1895 android.content.ContextWrapper.bindService:810 com.cvte.tv.api.TvApiSDKManager.:178 com.cvte.tv.api.TvApiSDKManager.init:217 com.dangbei.rocky.component.system.SystemControlUtils.initSystemAidl:82
05-24 13:19:00.320 1095 1095 I nd.statics.boot: type=1400 audit(0.0:467): avc: denied { open } for path="/dev/__properties__/u:object_r:serialno_prop:s0" dev="tmpfs" ino=6525 scontext=u:r:system_app:s0 tcontext=u:object_r:serialno_prop:s0 tclass=file permissive=1
05-24 13:19:00.354 487 510 W StorageManagerService: Reporting emulated;0 unmounted due to system locked
05-24 13:19:00.359 679 869 I bt_core_module: system/bt/btcore/src/module.cc:90 module_start_up: module_start_up Started module "controller_module"
05-24 13:19:00.359 679 869 I bt_btm_pm: system/bt/stack/acl/btm_pm.cc:392 btm_pm_reset: reset pm
05-24 13:19:00.359 679 869 I btm_acl : system/bt/stack/acl/btm_acl.cc:654 check_link_policy: hold not supported (settings: 0x000d)
05-24 13:19:00.360 679 869 I bt_btm_sec: system/bt/stack/btm/btm_sec.cc:225 BTM_SecRegister: BTM_SecRegister p_cb_info->p_le_callback == 0x0xc7c539f5
05-24 13:19:00.477 1256 1256 W audit : audit_lost=57 audit_rate_limit=5 audit_backlog_limit=64
05-24 13:19:00.360 679 869 I bt_btm_sec: system/bt/stack/btm/btm_sec.cc:240 BTM_SecRegister: BTM_SecRegister btm_cb.api.p_le_callback = 0x0xc7c539f5
05-24 13:19:00.372 487 510 W StorageManagerService: Reporting emulated;0 unmounted due to system locked
05-24 13:19:00.375 487 510 W StorageManagerService: Reporting emulated;0 unmounted due to system locked
05-24 13:19:00.381 487 510 W StorageManagerService: Reporting emulated;0 unmounted due to system locked
05-24 13:19:00.385 487 510 W StorageManagerService: Reporting emulated;0 unmounted due to system locked
05-24 13:19:00.496 1256 1256 E audit : rate limit exceeded
05-24 13:19:00.385 679 1128 I bluetooth: system/bt/stack/gatt/gatt_api.cc:1019 GATT_Register: Allocated name:GattClient uuid:f5e651a0-4781-3333-6be0-f65ce88b7109 gatt_if:3 eatt_support:0
05-24 13:19:00.320 1095 1095 I nd.statics.boot: type=1400 audit(0.0:468): avc: denied { getattr } for path="/dev/__properties__/u:object_r:serialno_prop:s0" dev="tmpfs" ino=6525 scontext=u:r:system_app:s0 tcontext=u:object_r:serialno_prop:s0 tclass=file permissive=1
05-24 13:19:00.392 487 511 W ActivityManager: Unable to start service Intent { act=com.cvte.tv.api.TV_API_SERVICE pkg=com.cvte.tv.api.impl } U=0: not found
05-24 13:19:00.395 1223 1223 D TvApiSDKManager: getTvApi getSystemService = false
05-24 13:19:00.396 1223 1223 D TvApiSDKManager: getTvApi startService
05-24 13:19:00.396 1223 1223 W ContextImpl: Calling a method in the system process without a qualified user: android.app.ContextImpl.startService:1816 android.content.ContextWrapper.startService:774 com.cvte.tv.api.TvApiSDKManager.getTvApi:361 com.dangbei.rocky.component.system.SystemControlUtils.initSystemAidl:83 com.dangbei.rocky.component.system.SystemComponent.onAttached:38
05-24 13:19:00.397 487 712 W ActivityManager: Unable to start service Intent { act=com.cvte.tv.api.TV_API_SERVICE pkg=com.cvte.tv.api.impl } U=0: not found
05-24 13:19:00.398 1223 1223 W ContextImpl: Calling a method in the system process without a qualified user: android.app.ContextImpl.bindService:1895 android.content.ContextWrapper.bindService:810 com.cvte.tv.api.TvApiSDKManager.getTvApi:362 com.dangbei.rocky.component.system.SystemControlUtils.initSystemAidl:83 com.dangbei.rocky.component.system.SystemComponent.onAttached:38
05-24 13:19:00.398 487 712 W StorageManagerService: Reporting emulated;0 unmounted due to system locked
05-24 13:19:00.405 487 510 W ActivityManager: Unable to start service Intent { act=com.cvte.tv.api.TV_API_SERVICE pkg=com.cvte.tv.api.impl } U=0: not found
05-24 13:19:00.415 1095 1095 D OsInitLaunch: send cache: homeCreate, null, null, null
05-24 13:19:00.422 196 196 I vold : Bind mounting //data/media/0/Android/data on /mnt/user/0/emulated/0/Android/data
05-24 13:19:00.423 196 196 I vold : Bind mounted //data/media/0/Android/data on /mnt/user/0/emulated/0/Android/data
05-24 13:19:00.423 196 196 I vold : Bind mounting //data/media/0/Android/obb on /mnt/user/0/emulated/0/Android/obb
05-24 13:19:00.427 196 196 I vold : Bind mounted //data/media/0/Android/obb on /mnt/user/0/emulated/0/Android/obb
05-24 13:19:00.427 196 196 I vold : Configuring read_ahead of /mnt/user/0/emulated fuse filesystem to 256kb
05-24 13:19:00.428 196 196 I vold : Writing 256 to /sys/class/bdi/0:55/read_ahead_kb
05-24 13:19:00.428 196 196 I vold : Configuring max_ratio of /mnt/user/0/emulated fuse filesystem to 40
05-24 13:19:00.428 196 196 I vold : Writing 40 to /sys/class/bdi/0:55/max_ratio
05-24 13:19:00.435 487 615 I StorageManagerService: Mounted volume VolumeInfo{emulated;0}:
05-24 13:19:00.435 487 615 I StorageManagerService: type=EMULATED diskId=null partGuid= mountFlags=PRIMARY|VISIBLE
05-24 13:19:00.435 487 615 I StorageManagerService: mountUserId=0 state=MOUNTED
05-24 13:19:00.435 487 615 I StorageManagerService: fsType=null fsUuid=null fsLabel=null
05-24 13:19:00.435 487 615 I StorageManagerService: path=/storage/emulated internalPath=/data/media
05-24 13:19:00.436 690 690 D SystemUIService: running: com.android.systemui.privacy.television.TvOngoingPrivacyChip@4d190b5
05-24 13:19:00.437 487 615 I StorageSessionController: Notifying volume state changed for session with id: emulated;0
05-24 13:19:00.437 679 1128 I bt_stack: [INFO:ble_advertiser_hci_interface.cc(767)] Extended advertising will be in use
05-24 13:19:00.438 1095 1256 D getEthernetMacAddr: getEthernetMacAddr use eth0
05-24 13:19:00.440 679 1128 E bt_btif_storage: system/bt/btif/src/btif_storage.cc:632 btif_storage_get_adapter_property: btif_storage_get_adapter_property: Controller ready!
05-24 13:19:00.440 679 1128 I bt_btif_storage: system/bt/btif/src/btif_storage.cc:661 btif_storage_get_adapter_property: btif_storage_get_adapter_property service_mask:0x20000000
05-24 13:19:00.441 679 1128 I bt_stack: [INFO:btif_bqr.cc(229)] EnableBtQualityReport: is_enable: true
05-24 13:19:00.441 679 1128 W bt_stack: [WARNING:btif_bqr.cc(237)] EnableBtQualityReport: Bluetooth Quality Report is disabled. bqr_prop_evtmask: , bqr_prop_interval_ms:
05-24 13:19:00.320 1095 1095 I nd.statics.boot: type=1400 audit(0.0:469): avc: denied { map } for path="/dev/__properties__/u:object_r:serialno_prop:s0" dev="tmpfs" ino=6525 scontext=u:r:system_app:s0 tcontext=u:object_r:serialno_prop:s0 tclass=file permissive=1
05-24 13:19:00.442 679 1266 I bt_osi_thread: system/bt/osi/src/thread.cc:209 run_thread: run_thread: thread id 1266, thread name btif_sock started
05-24 13:19:00.444 679 1128 I bt_bte_conf: system/bt/main/bte_conf.cc:84 bte_load_did_conf: Device ID record 1 : primary
05-24 13:19:00.444 679 1128 I bt_bte_conf: system/bt/main/bte_conf.cc:85 bte_load_did_conf: vendorId = 00e0
05-24 13:19:00.444 679 1128 I bt_bte_conf: system/bt/main/bte_conf.cc:86 bte_load_did_conf: vendorIdSource = 0001
05-24 13:19:00.444 679 1128 I bt_bte_conf: system/bt/main/bte_conf.cc:87 bte_load_did_conf: product = 1200
05-24 13:19:00.444 679 1128 I bt_bte_conf: system/bt/main/bte_conf.cc:88 bte_load_did_conf: version = 1436
05-24 13:19:00.444 679 1128 I bt_bte_conf: system/bt/main/bte_conf.cc:89 bte_load_did_conf: clientExecutableURL =
05-24 13:19:00.444 679 1128 I bt_bte_conf: system/bt/main/bte_conf.cc:90 bte_load_did_conf: serviceDescription =
05-24 13:19:00.444 679 1128 I bt_bte_conf: system/bt/main/bte_conf.cc:91 bte_load_did_conf: documentationURL =
05-24 13:19:00.444 679 1128 I bt_bta_dm: system/bt/bta/dm/bta_dm_act.cc:3198 bta_dm_eir_update_uuid: EIR Adding UUID=0x1200 into extended inquiry response
