05-24 13:18:50.128 487 487 W android.permission.PermissionManager: Missing ActivityManager; assuming 1000 holds android.permission.SET_PREFERRED_APPLICATIONS
05-24 13:18:50.128 487 487 W android.permission.PermissionManager: Missing ActivityManager; assuming 1000 holds android.permission.SET_PREFERRED_APPLICATIONS
05-24 13:18:50.129 487 487 W android.permission.PermissionManager: Missing ActivityManager; assuming 1000 holds android.permission.SET_PREFERRED_APPLICATIONS
05-24 13:18:50.129 487 487 W android.permission.PermissionManager: Missing ActivityManager; assuming 1000 holds android.permission.SET_PREFERRED_APPLICATIONS
05-24 13:18:50.130 487 487 W android.permission.PermissionManager: Missing ActivityManager; assuming 1000 holds android.permission.SET_PREFERRED_APPLICATIONS
05-24 13:18:50.130 487 487 W android.permission.PermissionManager: Missing ActivityManager; assuming 1000 holds android.permission.SET_PREFERRED_APPLICATIONS
05-24 13:18:50.130 487 487 W android.permission.PermissionManager: Missing ActivityManager; assuming 1000 holds android.permission.SET_PREFERRED_APPLICATIONS
05-24 13:18:50.131 487 487 W android.permission.PermissionManager: Missing ActivityManager; assuming 1000 holds android.permission.SET_PREFERRED_APPLICATIONS
05-24 13:18:50.131 487 487 W android.permission.PermissionManager: Missing ActivityManager; assuming 1000 holds android.permission.SET_PREFERRED_APPLICATIONS
05-24 13:18:50.132 487 487 W android.permission.PermissionManager: Missing ActivityManager; assuming 1000 holds android.permission.SET_PREFERRED_APPLICATIONS
05-24 13:18:50.132 487 487 W android.permission.PermissionManager: Missing ActivityManager; assuming 1000 holds android.permission.SET_PREFERRED_APPLICATIONS
05-24 13:18:50.133 487 487 W android.permission.PermissionManager: Missing ActivityManager; assuming 1000 holds android.permission.SET_PREFERRED_APPLICATIONS
05-24 13:18:50.133 487 487 W android.permission.PermissionManager: Missing ActivityManager; assuming 1000 holds android.permission.SET_PREFERRED_APPLICATIONS
05-24 13:18:50.134 487 487 W android.permission.PermissionManager: Missing ActivityManager; assuming 1000 holds android.permission.SET_PREFERRED_APPLICATIONS
05-24 13:18:50.134 487 487 W android.permission.PermissionManager: Missing ActivityManager; assuming 1000 holds android.permission.SET_PREFERRED_APPLICATIONS
05-24 13:18:50.135 487 487 W android.permission.PermissionManager: Missing ActivityManager; assuming 1000 holds android.permission.SET_PREFERRED_APPLICATIONS
05-24 13:18:50.135 487 487 W android.permission.PermissionManager: Missing ActivityManager; assuming 1000 holds android.permission.SET_PREFERRED_APPLICATIONS
05-24 13:18:50.136 487 487 W android.permission.PermissionManager: Missing ActivityManager; assuming 1000 holds android.permission.SET_PREFERRED_APPLICATIONS
05-24 13:18:50.172 487 487 W PackageSettings: Missing permission state for package: com.android.cts.priv.ctsshim
05-24 13:18:50.172 487 487 W PackageSettings: Missing permission state for package: com.android.internal.systemui.navbar.gestural_wide_back
05-24 13:18:50.172 487 487 W PackageSettings: Missing permission state for package: com.softwinner.awlogsettings
05-24 13:18:50.173 487 487 W PackageSettings: Missing permission state for package: com.android.htmlviewer
05-24 13:18:50.173 487 487 W PackageSettings: Missing permission state for package: com.android.internal.systemui.onehanded.gestural
05-24 13:18:50.174 487 487 W PackageSettings: Missing permission state for package: com.android.simappdialog
05-24 13:18:50.174 487 487 W PackageSettings: Missing permission state for package: com.android.connectivity.resources
05-24 13:18:50.174 487 487 W PackageSettings: Missing permission state for package: com.android.modulemetadata
05-24 13:18:50.174 487 487 W PackageSettings: Missing permission state for package: com.google.android.apps.searchlite.overlay
05-24 13:18:50.174 487 487 W PackageSettings: Missing permission state for package: com.android.internal.systemui.navbar.threebutton
05-24 13:18:50.174 487 487 W PackageSettings: Missing permission state for package: com.google.android.networkstackconfig
05-24 13:18:50.176 487 487 W PackageSettings: Missing permission state for package: com.android.internal.systemui.navbar.gestural_extra_wide_back
05-24 13:18:50.177 487 487 W PackageSettings: Missing permission state for package: com.android.dreams.basic
05-24 13:18:50.178 487 487 W PackageSettings: Missing permission state for package: android.ext.shared
05-24 13:18:50.178 487 487 W PackageSettings: Missing permission state for package: com.google.android.networkstack.tetheringconfig
05-24 13:18:50.178 487 487 W PackageSettings: Missing permission state for package: com.android.wifi.resources
05-24 13:18:50.178 487 487 W PackageSettings: Missing permission state for package: com.android.theme.font.notoserifsource
05-24 13:18:50.179 487 487 W PackageSettings: Missing permission state for package: com.allwinnertech.packageoverride
05-24 13:18:50.180 487 487 W PackageSettings: Missing permission state for package: com.android.bookmarkprovider
05-24 13:18:50.180 487 487 W PackageSettings: Missing permission state for package: com.android.cts.ctsshim
05-24 13:18:50.180 487 487 W PackageSettings: Missing permission state for package: com.softwinner.theme.icon
05-24 13:18:50.181 487 487 W PackageSettings: Missing permission state for package: com.softwinner.theme.color
05-24 13:18:50.181 487 487 W PackageSettings: Missing permission state for package: com.android.internal.systemui.navbar.gestural
05-24 13:18:50.182 487 487 W PackageSettings: Missing permission state for package: com.android.internal.systemui.navbar.gestural_narrow_back
05-24 13:18:50.182 487 487 W PackageSettings: Missing permission state for package: android.auto_generated_rro_vendor__
05-24 13:18:50.186 487 487 W PackageSettings: Missing permission state for shared user: android.uid.log
05-24 13:18:50.186 487 487 W PackageSettings: Missing permission state for shared user: android.uid.nfc
05-24 13:18:50.186 487 487 W PackageSettings: Missing permission state for shared user: android.uid.uwb
05-24 13:18:50.194 487 487 D PackageManagerTiming: read user settings took to complete: 335ms
05-24 13:18:50.199 487 487 D PackageManager: Keeping known cache 3092719a30d4f859347f91616328f4432fdfbe0c
05-24 13:18:50.202 487 487 D PackageManager: No files in app dir /system/system_ext/overlay
05-24 13:18:50.211 487 487 I PackageBackwardCompatibility: Loaded android.content.pm.AndroidTestBaseUpdater
05-24 13:18:50.213 487 487 D CompatibilityChangeReporter: Compat change id reported: 143539591; UID -1; state: ENABLED
05-24 13:18:50.247 487 487 D PackageManager: No files in app dir /oem/overlay
05-24 13:18:50.247 487 487 D PackageManager: No files in app dir /odm/overlay
05-24 13:18:50.266 487 487 W PackageManager: Failed to parse /system/framework/oat: Missing base APK in /system/framework/oat/arm
05-24 13:18:50.267 487 487 W PackageManager: Failed to parse /system/framework/arm: Missing base APK in /system/framework/arm
05-24 13:18:50.308 487 505 I system_server: Background young concurrent copying GC freed 175164(9238KB) AllocSpace objects, 108(2516KB) LOS objects, 80% free, 6093KB/29MB, paused 251us total 213.063ms
05-24 13:18:50.357 487 579 D PackageParsing: homlet: force set orientation: 0
05-24 13:18:50.365 487 579 D CompatibilityChangeReporter: Compat change id reported: 150232615; UID -1; state: ENABLED
05-24 13:18:50.402 487 487 D CompatibilityChangeReporter: Compat change id reported: 143539591; UID -1; state: DISABLED
05-24 13:18:50.402 487 487 D CompatibilityChangeReporter: Compat change id reported: 168782947; UID -1; state: ENABLED
05-24 13:18:50.406 487 487 W PackageManager: Failed to parse /system/priv-app/SettingsAssist: /system/priv-app/SettingsAssist/SettingsAssist.apk (at Binary XML file line #34): com.softwinner.settingsassist.Recovery: Targeting S+ (version 31 and above) requires that an explicit value for android:exported be defined when intent filters are present
05-24 13:18:50.420 487 487 D CompatibilityChangeReporter: Compat change id reported: 168782947; UID -1; state: DISABLED
05-24 13:18:50.453 487 487 W PackageManager: Provider ComponentInfo{com.dangbei.leard.leradlauncher/androidx.core.content.FileProvider} already defined; ignoring
05-24 13:18:50.556 487 487 D PackageManager: No files in app dir /vendor/priv-app
05-24 13:18:50.556 487 487 D PackageManager: No files in app dir /vendor/app
05-24 13:18:50.556 487 487 D PackageManager: No files in app dir /odm/priv-app
05-24 13:18:50.557 487 487 D PackageManager: No files in app dir /odm/app
05-24 13:18:50.557 487 487 D PackageManager: No files in app dir /oem/priv-app
05-24 13:18:50.557 487 487 D PackageManager: No files in app dir /oem/app
05-24 13:18:50.651 487 487 D PackageManager: No files in app dir /apex/com.android.vndk.v31/priv-app
05-24 13:18:50.651 487 487 D PackageManager: No files in app dir /apex/com.android.vndk.v31/app
05-24 13:18:50.651 487 487 D PackageManager: No files in app dir /apex/com.android.tzdata/priv-app
05-24 13:18:50.651 487 487 D PackageManager: No files in app dir /apex/com.android.tzdata/app
05-24 13:18:50.663 487 487 D PackageManager: No files in app dir /apex/com.android.tethering/app
05-24 13:18:50.663 487 487 D PackageManager: No files in app dir /apex/com.android.sdkext/priv-app
05-24 13:18:50.663 487 487 D PackageManager: No files in app dir /apex/com.android.sdkext/app
05-24 13:18:50.663 487 487 D PackageManager: No files in app dir /apex/com.android.scheduling/priv-app
05-24 13:18:50.663 487 487 D PackageManager: No files in app dir /apex/com.android.scheduling/app
05-24 13:18:50.663 487 487 D PackageManager: No files in app dir /apex/com.android.runtime/priv-app
05-24 13:18:50.664 487 487 D PackageManager: No files in app dir /apex/com.android.runtime/app
05-24 13:18:50.664 487 487 D PackageManager: No files in app dir /apex/com.android.resolv/priv-app
05-24 13:18:50.664 487 487 D PackageManager: No files in app dir /apex/com.android.resolv/app
05-24 13:18:50.673 487 487 D PackageManager: No files in app dir /apex/com.android.permission/app
05-24 13:18:50.674 487 487 D PackageManager: No files in app dir /apex/com.android.os.statsd/priv-app
05-24 13:18:50.674 487 487 D PackageManager: No files in app dir /apex/com.android.os.statsd/app
05-24 13:18:50.674 487 487 D PackageManager: No files in app dir /apex/com.android.neuralnetworks/priv-app
05-24 13:18:50.674 487 487 D PackageManager: No files in app dir /apex/com.android.neuralnetworks/app
05-24 13:18:50.680 487 487 D PackageManager: No files in app dir /apex/com.android.mediaprovider/app
05-24 13:18:50.681 487 487 D PackageManager: No files in app dir /apex/com.android.media.swcodec/priv-app
05-24 13:18:50.682 487 487 D PackageManager: No files in app dir /apex/com.android.media.swcodec/app
05-24 13:18:50.682 487 487 D PackageManager: No files in app dir /apex/com.android.media/priv-app
05-24 13:18:50.682 487 487 D PackageManager: No files in app dir /apex/com.android.media/app
05-24 13:18:50.682 487 487 D PackageManager: No files in app dir /apex/com.android.ipsec/priv-app
05-24 13:18:50.682 487 487 D PackageManager: No files in app dir /apex/com.android.ipsec/app
05-24 13:18:50.682 487 487 D PackageManager: No files in app dir /apex/com.android.i18n/priv-app
05-24 13:18:50.682 487 487 D PackageManager: No files in app dir /apex/com.android.i18n/app
05-24 13:18:50.689 487 487 D PackageManager: No files in app dir /apex/com.android.extservices/app
05-24 13:18:50.689 487 487 D PackageManager: No files in app dir /apex/com.android.conscrypt/priv-app
05-24 13:18:50.690 487 487 D PackageManager: No files in app dir /apex/com.android.conscrypt/app
05-24 13:18:50.690 487 487 D PackageManager: No files in app dir /apex/com.android.art/priv-app
05-24 13:18:50.690 487 487 D PackageManager: No files in app dir /apex/com.android.art/app
05-24 13:18:50.690 487 487 D PackageManager: No files in app dir /apex/com.android.appsearch/priv-app
05-24 13:18:50.690 487 487 D PackageManager: No files in app dir /apex/com.android.appsearch/app
05-24 13:18:50.691 487 487 D PackageManager: No files in app dir /apex/com.android.adbd/priv-app
05-24 13:18:50.691 487 487 D PackageManager: No files in app dir /apex/com.android.adbd/app
05-24 13:18:50.705 487 487 I PackageManager: Finished scanning system apps. Time: 509 ms, packageCount: 112 , timePerPackage: 4 , cached: 112
05-24 13:18:50.724 487 487 D CompatibilityChangeReporter: Compat change id reported: 133396946; UID -1; state: ENABLED
05-24 13:18:50.730 487 487 D CompatibilityChangeReporter: Compat change id reported: 133396946; UID -1; state: DISABLED
05-24 13:18:50.776 487 487 I PackageManager: Finished scanning non-system apps. Time: 72 ms, packageCount: 8 , timePerPackage: 9 , cached: 8
05-24 13:18:50.778 487 487 W PackageManager: There should probably be exactly one storage manager; found 2: matches=[ResolveInfo{91964ac com.android.storagemanager/.deletionhelper.DeletionHelperActivity m=0x108000}, ResolveInfo{5847575 com.android.tv.settings/.device.StorageResetActivity m=0x108000}]
05-24 13:18:50.779 487 487 E PackageManager: There should probably be exactly one setup wizard; found 2: matches=[ResolveInfo{2add90a com.dangbei.hqguide/.main.MainActivity p=1000 m=0x108000}, ResolveInfo{3e2a57b com.softwinner.provision/.DefaultActivity p=1 m=0x108000}]
05-24 13:18:50.790 487 487 I PackageManager: Time to scan packages: 0.595 seconds
05-24 13:18:50.832 487 487 I PackageManager: Permission ownership changed. Updating all permissions.
05-24 13:18:50.884 487 487 V PackageManager: reconcileAppsData for null u0 0x3 migrateAppData=true
05-24 13:18:50.917 372 397 I SELinux : SELinux: Loaded file_contexts
05-24 13:18:50.927 406 406 I update_engine: [INFO:cleanup_previous_update_action.cc(112)] Executing task 3
05-24 13:18:50.929 406 406 I update_engine: [INFO:cleanup_previous_update_action.cc(124)] CleanupPreviousUpdateAction scheduled task ID 4 for WaitBootCompleted
05-24 13:18:50.948 338 338 I rainbow_flow: type=1400 audit(0.0:311): avc: denied { ioctl } for path="/dev/spidev1.0" dev="tmpfs" ino=212 ioctlcmd=0x6b00 scontext=u:r:init:s0 tcontext=u:object_r:device:s0 tclass=chr_file permissive=1
05-24 13:18:51.041 327 327 D XiriService: check file name: /data/data/android/lib
05-24 13:18:51.042 327 327 D XiriService: check file name: /data/data/android/lib
05-24 13:18:51.052 327 327 D XiriService: check file name: /data/data/android/lib
05-24 13:18:51.052 327 327 D XiriService: check file name: /data/data/com.android.providers.settings/lib
05-24 13:18:51.056 327 327 D XiriService: check file name: /data/data/com.android.providers.settings/lib
05-24 13:18:51.056 327 327 D XiriService: check file name: /data/data/com.android.providers.settings/lib
05-24 13:18:51.056 327 327 D XiriService: check file name: /data/data/com.android.providers.settings/lib
05-24 13:18:51.056 327 327 D XiriService: check file name: /data/data/com.android.providers.settings/lib
05-24 13:18:51.057 327 327 D XiriService: check file name: /data/data/com.android.inputdevices/lib
05-24 13:18:51.057 327 327 D XiriService: check file name: /data/data/com.android.inputdevices/lib
05-24 13:18:51.057 327 327 D XiriService: check file name: /data/data/com.android.inputdevices/lib
05-24 13:18:51.058 327 327 D XiriService: check file name: /data/data/com.android.inputdevices/lib
05-24 13:18:51.063 327 327 D XiriService: check file name: /data/data/com.android.inputdevices/lib
05-24 13:18:51.063 327 327 D XiriService: check file name: /data/data/com.android.inputdevices/lib
05-24 13:18:51.063 327 327 D XiriService: check file name: /data/data/com.android.inputdevices/lib
05-24 13:18:51.063 327 327 D XiriService: check file name: /data/data/com.android.inputdevices/lib
05-24 13:18:51.040 327 327 I xiriservice_All: type=1400 audit(0.0:312): avc: denied { search } for name="android" dev="dm-9" ino=524 scontext=u:r:init:s0 tcontext=u:object_r:system_app_data_file:s0 tclass=dir permissive=1
05-24 13:18:51.073 327 327 D XiriService: check file name: /data/data/android.ext.services/lib
05-24 13:18:51.074 327 327 D XiriService: check file name: /data/data/android.ext.services/lib
05-24 13:18:51.074 327 327 D XiriService: check file name: /data/data/android.ext.services/lib
05-24 13:18:51.074 327 327 D XiriService: check file name: /data/data/android.ext.services/lib
05-24 13:18:51.080 327 327 D XiriService: check file name: /data/data/android.ext.services/lib
05-24 13:18:51.080 327 327 D XiriService: check file name: /data/data/android.ext.services/lib
05-24 13:18:51.081 327 327 D XiriService: check file name: /data/data/android.ext.services/lib
05-24 13:18:51.081 327 327 D XiriService: check file name: /data/data/android.ext.services/lib
05-24 13:18:51.048 327 327 I xiriservice_All: type=1400 audit(0.0:313): avc: denied { read } for name="lib" dev="dm-9" ino=66906 scontext=u:r:init:s0 tcontext=u:object_r:system_app_data_file:s0 tclass=lnk_file permissive=1
05-24 13:18:51.109 327 327 D XiriService: check file name: /data/data/com.android.location.fused/lib
05-24 13:18:51.109 327 327 D XiriService: check file name: /data/data/com.android.location.fused/lib
05-24 13:18:51.110 327 327 D XiriService: check file name: /data/data/com.android.location.fused/lib
05-24 13:18:51.110 327 327 D XiriService: check file name: /data/data/com.android.location.fused/lib
05-24 13:18:51.117 327 327 D XiriService: check file name: /data/data/com.android.location.fused/lib
05-24 13:18:51.117 327 327 D XiriService: check file name: /data/data/com.android.location.fused/lib
05-24 13:18:51.072 327 327 I xiriservice_All: type=1400 audit(0.0:314): avc: denied { search } for name="android.ext.services" dev="dm-9" ino=455 scontext=u:r:init:s0 tcontext=u:object_r:app_data_file:s0:c512,c768 tclass=dir permissive=1
05-24 13:18:51.117 327 327 D XiriService: check file name: /data/data/com.android.location.fused/lib
05-24 13:18:51.117 327 327 D XiriService: check file name: /data/data/com.android.location.fused/lib
05-24 13:18:51.129 487 487 V PackageManager: reconcileAppsData finished 14 packages
05-24 13:18:51.130 487 487 I PackageManagerTiming: write settings
05-24 13:18:51.131 487 582 I SystemServerTimingAsync: InitThreadPoolExec:prepareAppData
05-24 13:18:51.131 487 582 D SystemServerInitThreadPool: Started executing prepareAppData
05-24 13:18:51.132 372 397 E cutils-trace: Error opening trace file: No such file or directory (2)
05-24 13:18:51.135 372 397 W installd: Ignoring /data/data/android/lib with unexpected GID 0 instead of 1000
05-24 13:18:51.135 372 397 W installd: Ignoring /data/data/com.android.providers.settings/lib with unexpected GID 0 instead of 1000
05-24 13:18:51.136 372 397 W installd: Ignoring /data/data/com.android.inputdevices/lib with unexpected GID 0 instead of 1000
05-24 13:18:51.136 372 397 W installd: Ignoring /data/data/android.ext.services/lib with unexpected GID 0 instead of 10075
05-24 13:18:51.137 372 397 W installd: Ignoring /data/data/com.android.location.fused/lib with unexpected GID 0 instead of 1000
05-24 13:18:51.140 372 397 W installd: Ignoring /data/data/com.android.cts.priv.ctsshim/lib with unexpected GID 0 instead of 10013
05-24 13:18:51.140 372 397 W installd: Ignoring /data/data/com.android.dynsystem/lib with unexpected GID 0 instead of 1000
05-24 13:18:51.141 372 397 W installd: Ignoring /data/data/com.dangbei.lerad.rocky/lib with unexpected GID 0 instead of 1000
05-24 13:18:51.072 327 327 I xiriservice_All: type=1400 audit(0.0:315): avc: denied { read } for name="lib" dev="dm-9" ino=66923 scontext=u:r:init:s0 tcontext=u:object_r:app_data_file:s0:c512,c768 tclass=lnk_file permissive=1
05-24 13:18:51.144 372 397 W installd: Ignoring /data/data/com.android.tv.settings/lib with unexpected GID 0 instead of 1000
05-24 13:18:51.150 372 397 W installd: Ignoring /data/data/com.oranth.factory/lib with unexpected GID 0 instead of 1000
05-24 13:18:51.154 372 397 W installd: Ignoring /data/data/com.dangbei.zhushou.os/lib with unexpected GID 0 instead of 1000
05-24 13:18:51.160 372 397 W installd: Ignoring /data/data/com.sohu.inputmethod.sogou.tv/lib with unexpected GID 0 instead of 10043
05-24 13:18:51.164 372 397 W installd: Ignoring /data/data/com.oranth.ledstatus/lib with unexpected GID 0 instead of 1000
05-24 13:18:51.167 372 397 W installd: Ignoring /data/data/com.dangbei.lerad.videoposter/lib with unexpected GID 0 instead of 10050
05-24 13:18:51.169 372 397 W installd: Ignoring /data/data/com.android.networkstack/lib with unexpected GID 0 instead of 1073
05-24 13:18:51.181 487 487 I SELinux : SELinux: Loaded file_contexts
05-24 13:18:51.185 372 397 W installd: Ignoring /data/data/com.dangbei.screencast/lib with unexpected GID 0 instead of 10027
05-24 13:18:51.187 372 397 W installd: Ignoring /data/data/com.dangbei.leard.leradlauncher/lib with unexpected GID 0 instead of 1000
05-24 13:18:51.191 372 397 W installd: Ignoring /data/data/com.android.printspooler/lib with unexpected GID 0 instead of 10036
05-24 13:18:51.193 372 397 W installd: Ignoring /data/data/com.android.webview/lib with unexpected GID 0 instead of 10060
05-24 13:18:51.195 372 397 W installd: Ignoring /data/data/com.android.bips/lib with unexpected GID 0 instead of 10028
05-24 13:18:51.198 372 397 W installd: Ignoring /data/data/com.android.keychain/lib with unexpected GID 0 instead of 1000
05-24 13:18:51.198 487 487 D PackageManagerTiming: write settings took to complete: 68ms
05-24 13:18:51.199 487 487 W PackageManager: There should probably be a verifier, but, none were found
05-24 13:18:51.200 372 397 W installd: Ignoring /data/data/com.android.localtransport/lib with unexpected GID 0 instead of 1000
05-24 13:18:51.200 487 487 W PackageManager: Domain verification agent not found
05-24 13:18:51.201 372 397 W installd: Ignoring /data/data/com.android.packageinstaller/lib with unexpected GID 0 instead of 1000
05-24 13:18:51.202 372 397 W installd: Ignoring /data/data/com.oranth.usbopenft/lib with unexpected GID 0 instead of 1000
05-24 13:18:51.203 372 397 W installd: Ignoring /data/data/com.android.networkstack.tethering/lib with unexpected GID 0 instead of 1073
05-24 13:18:51.205 372 397 W installd: Ignoring /data/data/com.dangbei.lerad.etna.haqu/lib with unexpected GID 0 instead of 1000
05-24 13:18:51.205 487 487 D PackageManager: Ephemeral resolver NOT found; no matching intent filters
05-24 13:18:51.206 487 487 D PackageManager: Instant App installer not found with android.intent.action.INSTALL_INSTANT_APP_PACKAGE
05-24 13:18:51.206 487 487 D PackageManager: Clear ephemeral installer activity
05-24 13:18:51.209 372 397 W installd: Ignoring /data/data/com.oranth.powerwindow/lib with unexpected GID 0 instead of 1000
05-24 13:18:51.211 372 397 W installd: Ignoring /data/data/com.android.networkstack.permissionconfig/lib with unexpected GID 0 instead of 1073
05-24 13:18:51.214 372 397 W installd: Ignoring /data/data/com.dangbei.lerad.screensaver/lib with unexpected GID 0 instead of 10048
05-24 13:18:51.222 372 397 W installd: Ignoring /data/data/com.android.wallpaperbackup/lib with unexpected GID 0 instead of 1000
05-24 13:18:51.226 487 487 I PackageManagerTiming: GC
05-24 13:18:51.226 487 487 D PackageManagerTiming: GC took to complete: 0ms
05-24 13:18:51.226 487 487 I PackageManager: Fix for b/169414761 is applied
05-24 13:18:51.226 487 487 D PackageManagerTiming: create package manager took to complete: 1465ms
05-24 13:18:51.227 372 397 W installd: Ignoring /data/data/com.android.providers.media.module/lib with unexpected GID 0 instead of 10074
05-24 13:18:51.228 372 397 W installd: Ignoring /data/data/com.oranth.storage/lib with unexpected GID 0 instead of 1000
05-24 13:18:51.230 372 397 W installd: Ignoring /data/data/com.dangbei.haqusetting/lib with unexpected GID 0 instead of 1000
05-24 13:18:51.232 372 397 W installd: Ignoring /data/data/com.softwinner.miracastReceiver/lib with unexpected GID 0 instead of 1000
05-24 13:18:51.234 372 397 W installd: Ignoring /data/data/com.android.bluetooth/lib with unexpected GID 0 instead of 1002
05-24 13:18:51.244 372 397 W installd: Ignoring /data/data/com.oranth.inputmacsn/lib with unexpected GID 0 instead of 1000
05-24 13:18:51.245 372 397 W installd: Ignoring /data/data/com.hpplay.happyplay.aw/lib with unexpected GID 0 instead of 10082
05-24 13:18:51.249 372 397 W installd: Ignoring /data/data/com.xiaodianshi.tv.yst/lib with unexpected GID 0 instead of 10079
05-24 13:18:51.251 372 397 W installd: Ignoring /data/data/com.dangbei.hqmedia/lib with unexpected GID 0 instead of 10087
05-24 13:18:51.254 372 397 W installd: Ignoring /data/data/com.sony.dangbeimarket/lib with unexpected GID 0 instead of 10077
05-24 13:18:51.255 372 397 W installd: Ignoring /data/data/com.mitv.tvhome.othertv.dbscos/lib with unexpected GID 0 instead of 10078
05-24 13:18:51.257 372 397 W installd: Ignoring /data/data/com.ktcp.video/lib with unexpected GID 0 instead of 10081
05-24 13:18:51.259 372 397 W installd: Ignoring /data/data/com.starcor.mango/lib with unexpected GID 0 instead of 10085
05-24 13:18:51.260 372 397 W installd: Ignoring /data/data/com.tv.kuaisou/lib with unexpected GID 0 instead of 10086
05-24 13:18:51.267 372 397 W installd: Ignoring /data/user_de/0/android/lib with unexpected GID 0 instead of 1000
05-24 13:18:51.268 372 397 W installd: Ignoring /data/user_de/0/com.android.providers.settings/lib with unexpected GID 0 instead of 1000
05-24 13:18:51.270 372 397 W installd: Ignoring /data/user_de/0/com.android.inputdevices/lib with unexpected GID 0 instead of 1000
05-24 13:18:51.272 487 487 V UserManagerService: Checking that all system packages are whitelisted.
05-24 13:18:51.279 372 397 W installd: Ignoring /data/user_de/0/com.android.location.fused/lib with unexpected GID 0 instead of 1000
05-24 13:18:51.279 487 487 W UserManagerService: checkWhitelistedSystemPackages(mode=ENFORCE|IMPLICIT_WHITELIST|IMPLICIT_WHITELIST_SYSTEM) has 55 warnings:
05-24 13:18:51.279 487 487 W UserManagerService: com.android.internal.display.cutout.emulation.corner is allowlisted but not present.
05-24 13:18:51.279 487 487 W UserManagerService: com.android.internal.display.cutout.emulation.double is allowlisted but not present.
05-24 13:18:51.279 487 487 W UserManagerService: com.android.theme.color.amethyst is allowlisted but not present.
05-24 13:18:51.279 487 487 W UserManagerService: com.android.theme.icon.pebble is allowlisted but not present.
05-24 13:18:51.279 487 487 W UserManagerService: com.android.theme.color.sand is allowlisted but not present.
05-24 13:18:51.280 487 487 W UserManagerService: com.android.theme.icon.vessel is allowlisted but not present.
05-24 13:18:51.280 487 487 W UserManagerService: com.android.theme.color.cinnamon is allowlisted but not present.
05-24 13:18:51.280 487 487 W UserManagerService: com.android.theme.icon_pack.victor.settings is allowlisted but not present.
05-24 13:18:51.280 487 487 W UserManagerService: com.android.theme.icon_pack.rounded.systemui is allowlisted but not present.
05-24 13:18:51.280 487 487 W UserManagerService: com.android.theme.icon.taperedrect is allowlisted but not present.
05-24 13:18:51.280 487 487 W UserManagerService: com.android.theme.icon_pack.rounded.android is allowlisted but not present.
05-24 13:18:51.280 487 487 W UserManagerService: com.android.theme.icon_pack.victor.systemui is allowlisted but not present.
05-24 13:18:51.280 487 487 W UserManagerService: com.android.theme.icon_pack.circular.themepicker is allowlisted but not present.
05-24 13:18:51.280 487 487 W UserManagerService: com.android.theme.color.tangerine is allowlisted but not present.
05-24 13:18:51.280 487 487 W UserManagerService: com.android.theme.color.aquamarine is allowlisted but not present.
05-24 13:18:51.280 487 487 W UserManagerService: com.android.internal.display.cutout.emulation.hole is allowlisted but not present.
05-24 13:18:51.280 487 487 W UserManagerService: com.android.internal.display.cutout.emulation.tall is allowlisted but not present.
05-24 13:18:51.280 487 487 W UserManagerService: com.android.theme.color.black is allowlisted but not present.
05-24 13:18:51.280 487 487 W UserManagerService: com.android.theme.color.green is allowlisted but not present.
05-24 13:18:51.280 487 487 W UserManagerService: com.android.theme.color.ocean is allowlisted but not present.
05-24 13:18:51.280 487 487 W UserManagerService: com.android.theme.color.space is allowlisted but not present.
05-24 13:18:51.280 487 487 W UserManagerService: com.android.theme.icon_pack.rounded.launcher is allowlisted but not present.
05-24 13:18:51.280 487 487 W UserManagerService: com.android.theme.icon_pack.kai.settings is allowlisted but not present.
05-24 13:18:51.280 487 487 W UserManagerService: com.android.internal.systemui.navbar.twobutton is allowlisted but not present.
05-24 13:18:51.280 487 487 W UserManagerService: com.android.theme.icon_pack.sam.settings is allowlisted but not present.
05-24 13:18:51.280 487 487 W UserManagerService: com.android.theme.icon_pack.kai.themepicker is allowlisted but not present.
05-24 13:18:51.280 487 487 W UserManagerService: com.android.theme.icon_pack.victor.launcher is allowlisted but not present.
05-24 13:18:51.280 487 487 W UserManagerService: com.android.theme.icon_pack.filled.settings is allowlisted but not present.
05-24 13:18:51.280 487 487 W UserManagerService: com.android.theme.icon_pack.kai.systemui is allowlisted but not present.
05-24 13:18:51.280 487 487 W UserManagerService: com.android.theme.icon_pack.circular.settings is allowlisted but not present.
05-24 13:18:51.280 487 487 W UserManagerService: com.android.theme.icon_pack.sam.systemui is allowlisted but not present.
05-24 13:18:51.280 487 487 W UserManagerService: com.android.theme.icon.teardrop is allowlisted but not present.
05-24 13:18:51.280 487 487 W UserManagerService: com.android.theme.icon_pack.rounded.themepicker is allowlisted but not present.
05-24 13:18:51.280 487 487 W UserManagerService: com.android.theme.icon_pack.filled.systemui is allowlisted but not present.
05-24 13:18:51.280 487 487 W UserManagerService: com.android.theme.icon_pack.sam.android is allowlisted but not present.
05-24 13:18:51.280 487 487 W UserManagerService: com.android.theme.icon_pack.filled.android is allowlisted but not present.
05-24 13:18:51.280 487 487 W UserManagerService: com.android.internal.display.cutout.emulation.waterfall is allowlisted but not present.
05-24 13:18:51.280 487 487 W UserManagerService: com.android.theme.icon_pack.circular.systemui is allowlisted but not present.
05-24 13:18:51.280 487 487 W UserManagerService: com.android.theme.icon_pack.kai.android is allowlisted but not present.
05-24 13:18:51.280 487 487 W UserManagerService: com.android.theme.icon_pack.kai.launcher is allowlisted but not present.
05-24 13:18:51.280 487 487 W UserManagerService: com.android.theme.icon_pack.sam.launcher is allowlisted but not present.
05-24 13:18:51.280 487 487 W UserManagerService: com.android.theme.icon.squircle is allowlisted but not present.
05-24 13:18:51.280 487 487 W UserManagerService: com.android.theme.icon_pack.victor.android is allowlisted but not present.
05-24 13:18:51.280 487 487 W UserManagerService: com.android.theme.color.palette is allowlisted but not present.
05-24 13:18:51.280 487 487 W UserManagerService: com.android.theme.icon_pack.filled.launcher is allowlisted but not present.
05-24 13:18:51.280 487 487 W UserManagerService: com.android.theme.color.carbon is allowlisted but not present.
05-24 13:18:51.280 487 487 W UserManagerService: com.android.theme.icon_pack.circular.launcher is allowlisted but not present.
05-24 13:18:51.280 487 487 W UserManagerService: com.android.theme.icon_pack.filled.themepicker is allowlisted but not present.
05-24 13:18:51.280 487 487 W UserManagerService: com.android.theme.icon_pack.victor.themepicker is allowlisted but not present.
05-24 13:18:51.280 487 487 W UserManagerService: com.android.theme.color.orchid is allowlisted but not present.
05-24 13:18:51.280 487 487 W UserManagerService: com.android.theme.color.purple is allowlisted but not present.
05-24 13:18:51.280 487 487 W UserManagerService: com.android.theme.icon_pack.sam.themepicker is allowlisted but not present.
05-24 13:18:51.281 487 487 W UserManagerService: com.android.theme.icon.roundedrect is allowlisted but not present.
05-24 13:18:51.281 487 487 W UserManagerService: com.android.theme.icon_pack.rounded.settings is allowlisted but not present.
05-24 13:18:51.281 487 487 W UserManagerService: com.android.theme.icon_pack.circular.android is allowlisted but not present.
05-24 13:18:51.285 487 487 I Watchdog: Resuming HandlerChecker: main thread for reason: packagemanagermain. Pause count: 0
05-24 13:18:51.286 487 487 I SystemServerDexLoadReporter: Configuring system server dex reporter
05-24 13:18:51.291 372 397 W installd: Ignoring /data/user_de/0/com.android.tv.settings/lib with unexpected GID 0 instead of 1000
05-24 13:18:51.293 383 383 I ServiceManager: Waiting for service 'package_native' on '/dev/binder' successful after waiting 4215ms
05-24 13:18:51.296 372 397 W installd: Ignoring /data/user_de/0/com.sohu.inputmethod.sogou.tv/lib with unexpected GID 0 instead of 10043
05-24 13:18:51.304 372 397 W installd: Ignoring /data/user_de/0/com.android.networkstack/lib with unexpected GID 0 instead of 1073
05-24 13:18:51.306 487 487 D SystemServerTiming: StartPackageManagerService took to complete: 1568ms
05-24 13:18:51.306 487 487 I SystemServerTiming: StartOtaDexOptService
05-24 13:18:51.306 487 487 I Watchdog: Pausing HandlerChecker: main thread for reason: moveab. Pause count: 1
05-24 13:18:51.307 383 585 I storaged: storaged: Start
05-24 13:18:51.313 487 487 D OTADexopt: No upgrade, skipping A/B artifacts check.
05-24 13:18:51.313 487 487 I Watchdog: Resuming HandlerChecker: main thread for reason: moveab. Pause count: 0
05-24 13:18:51.313 487 487 D SystemServerTiming: StartOtaDexOptService took to complete: 7ms
05-24 13:18:51.313 487 487 I SystemServerTiming: StartUserManagerService
05-24 13:18:51.313 487 487 I SystemServiceManager: Starting com.android.server.pm.UserManagerService$LifeCycle
05-24 13:18:51.318 487 487 D SystemServerTiming: StartUserManagerService took to complete: 5ms
05-24 13:18:51.318 487 487 I SystemServerTiming: InitAttributerCache
05-24 13:18:51.319 487 487 D SystemServerTiming: InitAttributerCache took to complete: 1ms
05-24 13:18:51.319 487 487 I SystemServerTiming: SetSystemProcess
05-24 13:18:51.329 487 511 V HistoricalRegistry: Interaction before persistence initialized
05-24 13:18:51.332 372 397 W installd: Ignoring /data/user_de/0/com.android.packageinstaller/lib with unexpected GID 0 instead of 1000
05-24 13:18:51.334 287 287 I audioserver: Waiting for sensor privacy service
05-24 13:18:51.334 487 553 I ActivityManager: Connection with lmkd established
05-24 13:18:51.334 189 189 I lowmemorykiller: lmkd data connection established
05-24 13:18:51.336 372 397 W installd: Ignoring /data/user_de/0/com.android.networkstack.tethering/lib with unexpected GID 0 instead of 1073
05-24 13:18:51.341 487 487 D SystemServerTiming: SetSystemProcess took to complete: 22ms
05-24 13:18:51.342 487 487 I SystemServerTiming: InitWatchdog
05-24 13:18:51.342 487 487 D SystemServerTiming: InitWatchdog took to complete: 0ms
05-24 13:18:51.343 487 487 I SystemServerTiming: StartOverlayManagerService
05-24 13:18:51.344 380 450 I ServiceManager: Waiting for service 'package_native' on '/dev/binder' successful after waiting 4248ms
05-24 13:18:51.354 487 510 V HistoricalRegistry: Interaction before persistence initialized
05-24 13:18:51.358 380 450 W AudioAnalytics: (key=audio.flinger) Audioflinger constructor event detected
05-24 13:18:51.361 366 366 I cameraserver: Waiting for sensor privacy service
05-24 13:18:51.367 372 397 W installd: Ignoring /data/user_de/0/com.android.bluetooth/lib with unexpected GID 0 instead of 1002
05-24 13:18:51.373 304 324 D Sunxi_PQ: has no clients connectted, close the socket.
05-24 13:18:51.377 487 582 D SystemServerTimingAsync: AppDataFixup took to complete: 246ms
05-24 13:18:51.385 369 378 E cutils-trace: Error opening trace file: No such file or directory (2)
05-24 13:18:51.493 1 1 I init : Control message: Processed ctl.start for 'idmap2d' from pid: 487 (system_server)
05-24 13:18:51.426 369 591 W idmap2d : active ffro iterator was not previously released
05-24 13:18:51.442 487 487 D SystemServerTiming: StartOverlayManagerService took to complete: 99ms
05-24 13:18:51.443 487 487 I SystemServerTiming: StartSensorPrivacyService
05-24 13:18:51.450 487 487 D SystemServerTiming: StartSensorPrivacyService took to complete: 7ms
05-24 13:18:51.451 487 487 I SystemServerTiming: StartSensorService
05-24 13:18:51.451 487 487 I SystemServiceManager: Starting com.android.server.sensors.SensorService
05-24 13:18:51.452 487 487 D SystemServerTiming: StartSensorService took to complete: 1ms
05-24 13:18:51.452 487 487 D SystemServerTiming: startBootstrapServices took to complete: 2674ms
05-24 13:18:51.453 487 487 I SystemServerTiming: startCoreServices
05-24 13:18:51.453 487 487 I SystemServerTiming: StartSystemConfigService
05-24 13:18:51.453 487 487 I SystemServiceManager: Starting com.android.server.SystemConfigService
05-24 13:18:51.454 487 487 D SystemServerTiming: StartSystemConfigService took to complete: 1ms
05-24 13:18:51.455 487 487 I SystemServerTiming: StartBatteryService
05-24 13:18:51.455 487 487 I SystemServiceManager: Starting com.android.server.BatteryService
05-24 13:18:51.457 487 593 I SystemServerTimingAsync: InitThreadPoolExec:StartNativeSensorService
05-24 13:18:51.457 487 593 D SystemServerInitThreadPool: Started executing StartNativeSensorService
05-24 13:18:51.457 487 593 I SystemServerTimingAsync: StartNativeSensorService
05-24 13:18:51.457 487 593 D SensorService: nuSensorService starting...
05-24 13:18:51.459 192 192 I hwservicemanager: getTransport: Cannot find entry android.hardware.sensors@2.1::ISensors/default in either framework or device VINTF manifest.
05-24 13:18:51.459 192 192 I hwservicemanager: getTransport: Cannot find entry android.hardware.sensors@2.0::ISensors/default in either framework or device VINTF manifest.
05-24 13:18:51.460 192 192 I hwservicemanager: getTransport: Cannot find entry android.hardware.sensors@1.0::ISensors/default in either framework or device VINTF manifest.
05-24 13:18:51.462 487 593 D SystemServerTimingAsync: StartNativeSensorService took to complete: 5ms
05-24 13:18:51.462 487 593 D SystemServerInitThreadPool: Finished executing StartNativeSensorService
05-24 13:18:51.462 487 593 D SystemServerTimingAsync: InitThreadPoolExec:StartNativeSensorService took to complete: 5ms
05-24 13:18:51.469 487 487 I android_os_HwBinder: HwBinder: Starting thread pool for getting: android.hardware.health@2.0::IHealth/default
05-24 13:18:51.601 275 275 W healthd : battery none chg=
05-24 13:18:51.489 487 487 I android_os_HwBinder: HwBinder: Starting thread pool for getting: android.hidl.manager@1.0::IServiceManager/default
05-24 13:18:51.496 487 487 I HealthServiceWrapper: health: HealthServiceWrapper listening to instance default
05-24 13:18:51.496 487 487 I BatteryService: health: Waited 0ms and received the update.
05-24 13:18:51.503 487 487 D SystemServerTiming: StartBatteryService took to complete: 48ms
05-24 13:18:51.504 487 487 I SystemServerTiming: StartUsageService
05-24 13:18:51.504 487 487 I SystemServiceManager: Starting com.android.server.usage.UsageStatsService
05-24 13:18:51.504 487 594 I android_os_HwBinder: HwBinder: Starting thread pool for getting: android.hardware.health@2.0::IHealth/default
05-24 13:18:51.506 366 366 I HidlServiceManagement: Registered android.frameworks.cameraservice.service@2.2::ICameraService/default
05-24 13:18:51.508 366 366 I CameraService: CameraService pinged cameraservice proxy
05-24 13:18:51.511 366 366 I cameraserver: ServiceManager: 0xefd53960 done instantiate
05-24 13:18:51.528 487 487 D SystemServerTiming: StartUsageService took to complete: 23ms
05-24 13:18:51.528 487 487 I SystemServerTiming: StartWebViewUpdateService
05-24 13:18:51.528 487 487 I SystemServiceManager: Starting com.android.server.webkit.WebViewUpdateService
05-24 13:18:51.533 487 487 D SystemServerTiming: StartWebViewUpdateService took to complete: 5ms
05-24 13:18:51.533 487 487 I SystemServerTiming: StartCachedDeviceStateService
05-24 13:18:51.534 487 487 I SystemServiceManager: Starting com.android.server.CachedDeviceStateService
05-24 13:18:51.534 487 487 D SystemServerTiming: StartCachedDeviceStateService took to complete: 1ms
05-24 13:18:51.534 487 487 I SystemServerTiming: StartBinderCallsStatsService
05-24 13:18:51.534 487 487 I SystemServiceManager: Starting com.android.server.BinderCallsStatsService$LifeCycle
05-24 13:18:51.538 487 487 D SystemServerTiming: StartBinderCallsStatsService took to complete: 3ms
05-24 13:18:51.538 487 487 I SystemServerTiming: StartLooperStatsService
05-24 13:18:51.538 487 487 I SystemServiceManager: Starting com.android.server.LooperStatsService$Lifecycle
05-24 13:18:51.540 487 487 D SystemServerTiming: StartLooperStatsService took to complete: 2ms
05-24 13:18:51.540 487 487 I SystemServerTiming: StartRollbackManagerService
05-24 13:18:51.541 487 487 I SystemServiceManager: Starting com.android.server.rollback.RollbackManagerService
05-24 13:18:51.545 372 372 D installd: Found quota mount /dev/block/dm-9 at /data
05-24 13:18:51.545 372 372 D installd: Found quota mount /dev/block/dm-9 at /data/user/0
05-24 13:18:51.548 487 487 I PackageWatchdog: Syncing state, reason: added new observer
05-24 13:18:51.548 487 487 I PackageWatchdog: Not pruning observers, elapsed time: 0ms
05-24 13:18:51.548 487 487 I PackageWatchdog: Cancelling state sync, nothing to sync
05-24 13:18:51.549 487 550 I PackageWatchdog: Saving observer state to file
05-24 13:18:51.555 487 487 D SystemServerTiming: StartRollbackManagerService took to complete: 15ms
05-24 13:18:51.555 487 487 I SystemServerTiming: StartNativeTombstoneManagerService
05-24 13:18:51.555 487 487 I SystemServiceManager: Starting com.android.server.os.NativeTombstoneManagerService
05-24 13:18:51.559 487 487 D SystemServerTiming: StartNativeTombstoneManagerService took to complete: 4ms
05-24 13:18:51.559 487 487 I SystemServerTiming: StartBugreportManagerService
05-24 13:18:51.560 487 487 I SystemServiceManager: Starting com.android.server.os.BugreportManagerService
05-24 13:18:51.562 487 487 D SystemServerTiming: StartBugreportManagerService took to complete: 2ms
05-24 13:18:51.562 487 487 I SystemServerTiming: GpuService
05-24 13:18:51.562 487 487 I SystemServiceManager: Starting com.android.server.gpu.GpuService
05-24 13:18:51.562 487 487 D SystemServerTiming: GpuService took to complete: 0ms
05-24 13:18:51.562 487 487 D SystemServerTiming: startCoreServices took to complete: 109ms
05-24 13:18:51.562 487 487 I SystemServerTiming: startOtherServices
05-24 13:18:51.571 487 487 I SystemServerTiming: StartKeyAttestationApplicationIdProviderService
05-24 13:18:51.572 487 537 I SystemServerTimingAsync: InitThreadPoolExec:SecondaryZygotePreload
05-24 13:18:51.572 487 537 D SystemServerInitThreadPool: Started executing SecondaryZygotePreload
05-24 13:18:51.572 487 537 I SystemServer: SecondaryZygotePreload
05-24 13:18:51.572 487 537 I SystemServerTimingAsync: SecondaryZygotePreload
05-24 13:18:51.574 487 487 D SystemServerTiming: StartKeyAttestationApplicationIdProviderService took to complete: 3ms
05-24 13:18:51.574 487 487 I SystemServerTiming: StartKeyChainSystemService
05-24 13:18:51.574 487 487 I SystemServiceManager: Starting com.android.server.security.KeyChainSystemService
05-24 13:18:51.574 487 487 D SystemServerTiming: StartKeyChainSystemService took to complete: 0ms
05-24 13:18:51.575 487 487 I SystemServerTiming: StartSchedulingPolicyService
05-24 13:18:51.576 487 529 I SystemServerTimingAsync: InitThreadPoolExec:SchedulingPolicyService.
05-24 13:18:51.576 487 529 D SystemServerInitThreadPool: Started executing SchedulingPolicyService.
05-24 13:18:51.576 487 487 D SystemServerTiming: StartSchedulingPolicyService took to complete: 1ms
05-24 13:18:51.576 487 487 I SystemServerTiming: StartTelecomLoaderService
05-24 13:18:51.576 487 487 I SystemServiceManager: Starting com.android.server.telecom.TelecomLoaderService
05-24 13:18:51.578 258 258 I Zygote : Lazily preloading resources.
05-24 13:18:51.578 258 258 D Zygote : begin preload
05-24 13:18:51.578 258 258 I Zygote : Calling ZygoteHooks.beginPreload()
05-24 13:18:51.579 487 487 D SystemServerTiming: StartTelecomLoaderService took to complete: 3ms
05-24 13:18:51.579 487 487 I SystemServerTiming: StartTelephonyRegistry
05-24 13:18:51.583 487 487 D SystemServerTiming: StartTelephonyRegistry took to complete: 4ms
05-24 13:18:51.583 487 487 I SystemServerTiming: StartEntropyMixer
05-24 13:18:51.596 487 505 I system_server: Background concurrent copying GC freed 125461(5757KB) AllocSpace objects, 32(1332KB) LOS objects, 49% free, 7497KB/14MB, paused 206us total 368.036ms
05-24 13:18:51.604 487 487 I EntropyMixer: Writing entropy...
05-24 13:18:51.611 487 487 D SystemServerTiming: StartEntropyMixer took to complete: 28ms
05-24 13:18:51.611 487 487 I SystemServerTiming: StartAccountManagerService
05-24 13:18:51.611 487 487 I SystemServiceManager: Starting com.android.server.accounts.AccountManagerService$Lifecycle
05-24 13:18:51.616 487 529 I SchedulingPolicyService: Moving 404 back to group default
05-24 13:18:51.618 487 529 D SystemServerInitThreadPool: Finished executing SchedulingPolicyService.
05-24 13:18:51.619 487 529 D SystemServerTimingAsync: InitThreadPoolExec:SchedulingPolicyService. took to complete: 43ms
05-24 13:18:51.623 487 487 D CompatibilityChangeReporter: Compat change id reported: 148180766; UID 1000; state: ENABLED
05-24 13:18:51.626 487 487 D SystemServerTiming: StartAccountManagerService took to complete: 15ms
05-24 13:18:51.626 487 487 I SystemServerTiming: StartContentService
05-24 13:18:51.627 487 487 I SystemServiceManager: Starting com.android.server.content.ContentService$Lifecycle
05-24 13:18:51.630 487 487 D SystemServerTiming: StartContentService took to complete: 3ms
05-24 13:18:51.630 487 487 I SystemServerTiming: InstallSystemProviders
05-24 13:18:51.704 487 487 W SettingsState: No settings state /data/system/users/0/settings_config.xml
05-24 13:18:51.708 487 487 I SettingsState: directory info for directory/file /data/system/users/0/settings_config.xml with stacktrace
05-24 13:18:51.708 487 487 I SettingsState: java.lang.Exception
05-24 13:18:51.708 487 487 I SettingsState: at com.android.providers.settings.SettingsState.logSettingsDirectoryInformation(SettingsState.java:877)
05-24 13:18:51.708 487 487 I SettingsState: at com.android.providers.settings.SettingsState.readStateSyncLocked(SettingsState.java:1008)
05-24 13:18:51.708 487 487 I SettingsState: at com.android.providers.settings.SettingsState.(SettingsState.java:283)
05-24 13:18:51.708 487 487 I SettingsState: at com.android.providers.settings.SettingsProvider$SettingsRegistry.ensureSettingsStateLocked(SettingsProvider.java:2884)
05-24 13:18:51.708 487 487 I SettingsState: at com.android.providers.settings.SettingsProvider$SettingsRegistry.ensureSettingsForUserLocked(SettingsProvider.java:2849)
05-24 13:18:51.708 487 487 I SettingsState: at com.android.providers.settings.SettingsProvider$SettingsRegistry.peekSettingsStateLocked(SettingsProvider.java:3201)
05-24 13:18:51.708 487 487 I SettingsState: at com.android.providers.settings.SettingsProvider$SettingsRegistry.getSettingsNamesLocked(SettingsProvider.java:2814)
05-24 13:18:51.708 487 487 I SettingsState: at com.android.providers.settings.SettingsProvider$SettingsRegistry.syncSsaidTableOnStartLocked(SettingsProvider.java:2797)
05-24 13:18:51.708 487 487 I SettingsState: at com.android.providers.settings.SettingsProvider$SettingsRegistry.access$100(SettingsProvider.java:2667)
05-24 13:18:51.708 487 487 I SettingsState: at com.android.providers.settings.SettingsProvider.onCreate(SettingsProvider.java:397)
05-24 13:18:51.708 487 487 I SettingsState: at android.content.ContentProvider.attachInfo(ContentProvider.java:2404)
05-24 13:18:51.708 487 487 I SettingsState: at android.content.ContentProvider.attachInfo(ContentProvider.java:2374)
05-24 13:18:51.708 487 487 I SettingsState: at android.app.ActivityThread.installProvider(ActivityThread.java:7437)
05-24 13:18:51.708 487 487 I SettingsState: at android.app.ActivityThread.installContentProviders(ActivityThread.java:6954)
05-24 13:18:51.708 487 487 I SettingsState: at android.app.ActivityThread.installSystemProviders(ActivityThread.java:7624)
05-24 13:18:51.708 487 487 I SettingsState: at com.android.server.am.ContentProviderHelper.installSystemProviders(ContentProviderHelper.java:1247)
05-24 13:18:51.708 487 487 I SettingsState: at com.android.server.SystemServer.startOtherServices(SystemServer.java:1507)
05-24 13:18:51.708 487 487 I SettingsState: at com.android.server.SystemServer.run(SystemServer.java:928)
05-24 13:18:51.708 487 487 I SettingsState: at com.android.server.SystemServer.main(SystemServer.java:628)
05-24 13:18:51.708 487 487 I SettingsState: at java.lang.reflect.Method.invoke(Native Method)
05-24 13:18:51.708 487 487 I SettingsState: at com.android.internal.os.RuntimeInit$MethodAndArgsCaller.run(RuntimeInit.java:548)
05-24 13:18:51.708 487 487 I SettingsState: at com.android.internal.os.ZygoteInit.main(ZygoteInit.java:1160)
05-24 13:18:51.709 487 487 I SettingsState: ancestor directory /data/system/users/0 exists
05-24 13:18:51.709 487 487 I SettingsState: ancestor directory /data/system/users/0 permissions: r: true w: true x: true
05-24 13:18:51.709 487 487 I SettingsState: ancestor's parent directory /data/system/users permissions: r: true w: true x: true
