05-24 13:18:53.327 487 487 D AutofillManagerService: setMaxPartitionsFromSettings(): 10
05-24 13:18:53.328 487 487 D AutofillManagerService: setMaxVisibleDatasetsFromSettings(): 0
05-24 13:18:53.328 487 487 D AutofillManagerServiceImpl: Reset component for user 0:
05-24 13:18:53.328 487 531 D AutofillUI: destroySaveUiUiThread(): already destroyed
05-24 13:18:53.331 487 487 D SystemServerTiming: StartAutoFillService took to complete: 5ms
05-24 13:18:53.331 487 487 D SystemServer: TranslationService not defined by OEM
05-24 13:18:53.331 487 487 I SystemServerTiming: StartClipboardService
05-24 13:18:53.331 487 487 I SystemServiceManager: Starting com.android.server.clipboard.ClipboardService
05-24 13:18:53.333 487 487 D SystemServerTiming: StartClipboardService took to complete: 2ms
05-24 13:18:53.333 487 487 I SystemServerTiming: AppServiceManager
05-24 13:18:53.333 487 487 I SystemServiceManager: Starting com.android.server.appbinding.AppBindingService$Lifecycle
05-24 13:18:53.335 487 487 D SystemServerTiming: AppServiceManager took to complete: 2ms
05-24 13:18:53.335 487 487 I SystemServerTiming: startTracingServiceProxy
05-24 13:18:53.335 487 487 I SystemServiceManager: Starting com.android.server.tracing.TracingServiceProxy
05-24 13:18:53.337 487 487 D SystemServerTiming: startTracingServiceProxy took to complete: 2ms
05-24 13:18:53.337 487 487 I SystemServerTiming: startOranthService
05-24 13:18:53.337 487 487 I SystemServiceManager: Starting com.android.server.oranth.OranthManagerService$Lifecycle
05-24 13:18:53.338 487 487 I OranthManagerService: -------------- OranthManagerService --------------
05-24 13:18:53.338 191 191 E SELinux : avc: denied { add } for pid=487 uid=1000 name=oranth_manager scontext=u:r:system_server:s0 tcontext=u:object_r:default_android_service:s0 tclass=service_manager permissive=1
05-24 13:18:53.338 487 487 D SystemServerTiming: startOranthService took to complete: 1ms
05-24 13:18:53.338 487 487 I SystemServerTiming: MakeLockSettingsServiceReady
05-24 13:18:53.345 192 192 I hwservicemanager: getTransport: Cannot find entry android.hardware.weaver@1.0::IWeaver/default in either framework or device VINTF manifest.
05-24 13:18:53.346 487 487 I SyntheticPasswordManager: Device does not support weaver
05-24 13:18:53.346 192 192 I hwservicemanager: getTransport: Cannot find entry android.hardware.authsecret@1.0::IAuthSecret/default in either framework or device VINTF manifest.
05-24 13:18:53.346 487 487 I LockSettingsService: Device doesn't implement AuthSecret HAL
05-24 13:18:53.348 487 487 D SystemServerTiming: MakeLockSettingsServiceReady took to complete: 10ms
05-24 13:18:53.348 487 487 I SystemServerTiming: StartBootPhaseLockSettingsReady
05-24 13:18:53.348 487 487 I SystemServiceManager: Starting phase 480
05-24 13:18:53.348 487 487 I SystemServerTiming: OnBootPhase_480
05-24 13:18:53.349 487 487 D SoundTriggerService: onBootPhase: 480 : false
05-24 13:18:53.350 487 487 D SystemServerTiming: OnBootPhase_480 took to complete: 2ms
05-24 13:18:53.350 487 487 D SystemServerTiming: StartBootPhaseLockSettingsReady took to complete: 2ms
05-24 13:18:53.350 487 487 I SystemServerTiming: StartBootPhaseSystemServicesReady
05-24 13:18:53.350 487 487 I SystemServiceManager: Starting phase 500
05-24 13:18:53.350 487 487 I SystemServerTiming: OnBootPhase_500
05-24 13:18:53.351 487 487 E StatsPullAtomCallbackImpl: Failed to start PowerStatsService statsd pullers
05-24 13:18:53.354 487 487 D ConnectivityService: requestNetwork for uid/pid:1000/487 activeRequest: null callbackRequest: 9 [NetworkRequest [ REQUEST id=10, [ Capabilities: INTERNET&NOT_RESTRICTED&TRUSTED&NOT_VCN_MANAGED Uid: 1000 RequestorUid: 1000 RequestorPkg: android] ]] callback flags: 0 priority: 2147483647
05-24 13:18:53.355 487 487 E BatteryStatsService: Could not register PowerStatsInternal
05-24 13:18:53.355 487 629 D ConnectivityService: NetReassign [no changes]
05-24 13:18:53.360 487 487 D SLog : static_init took to complete: 0ms
05-24 13:18:53.360 487 487 V HintManagerService: Initializing HintManager service...
05-24 13:18:53.360 487 487 V HistoricalRegistry: Interaction before persistence initialized
05-24 13:18:53.363 487 487 D AppStandbyController: Setting app idle enabled state
05-24 13:18:53.366 487 487 V HistoricalRegistry: Interaction before persistence initialized
05-24 13:18:53.371 487 487 V VibratorManagerService: Initializing VibratorManager service...
05-24 13:18:53.371 487 487 V HistoricalRegistry: Interaction before persistence initialized
05-24 13:18:53.372 487 487 V VibratorManagerService: VibratorManager service initialized
05-24 13:18:53.377 487 629 D ConnectivityService: NetReassign [no changes]
05-24 13:18:53.380 487 487 I ActivityTaskManager: Config changes=200 {1.0 ?mcc?mnc [zh_CN] ldltr sw720dp w1280dp h696dp 240dpi xlrg long land television -touch qwerty/v/v dpad/v winConfig={ mBounds=Rect(0, 0 - 1920, 1080) mAppBounds=Rect(0, 0 - 1920, 1080) mMaxBounds=Rect(0, 0 - 1920, 1080) mWindowingMode=fullscreen mDisplayWindowingMode=fullscreen mActivityType=undefined mAlwaysOnTop=undefined mRotation=ROTATION_0} s.4 ?fontWeightAdjustment}
05-24 13:18:53.384 487 487 I WindowManager: Override config changes=200 {1.0 ?mcc?mnc [zh_CN] ldltr sw720dp w1280dp h696dp 240dpi xlrg long land television -touch qwerty/v/v dpad/v winConfig={ mBounds=Rect(0, 0 - 1920, 1080) mAppBounds=Rect(0, 0 - 1920, 1080) mMaxBounds=Rect(0, 0 - 1920, 1080) mWindowingMode=fullscreen mDisplayWindowingMode=fullscreen mActivityType=undefined mAlwaysOnTop=undefined mRotation=ROTATION_0} s.4 ?fontWeightAdjustment} for displayId=0
05-24 13:18:53.387 487 487 D TestHarnessModeService: Setting up test harness mode
05-24 13:18:53.387 487 487 D TestHarnessModeService: Getting PersistentDataBlockManagerInternal from LocalServices
05-24 13:18:53.396 338 338 I rainbow_flow: type=1400 audit(0.0:345): avc: denied { ioctl } for path="/dev/spidev1.0" dev="tmpfs" ino=212 ioctlcmd=0x6b00 scontext=u:r:init:s0 tcontext=u:object_r:device:s0 tclass=chr_file permissive=1
05-24 13:18:53.404 487 487 V HistoricalRegistry: Interaction before persistence initialized
05-24 13:18:53.406 487 487 W NetworkPolicy: setRestrictBackgroundUL: already false
05-24 13:18:53.407 487 487 I WifiScanningService: Starting wifiscanner
05-24 13:18:53.409 257 257 I netd : registerUnsolicitedEventListener() <0.17ms>
05-24 13:18:53.410 487 487 I EthernetServiceImpl: Starting Ethernet service
05-24 13:18:53.413 487 487 D EthernetTracker: Interface match regexp set to 'eth\d'
05-24 13:18:53.416 487 487 D Ethernet: Registering NetworkFactory
05-24 13:18:53.417 487 629 D ConnectivityService: Got NetworkProvider Messenger for Ethernet
05-24 13:18:53.417 487 487 E IpConfigStore: Error opening configuration file: java.io.FileNotFoundException: /data/misc/ethernet/ipconfig.txt: open failed: ENOENT (No such file or directory)
05-24 13:18:53.418 487 487 I PppoeServiceImpl: Starting PPPOE service
05-24 13:18:53.418 257 257 I netd : interfaceGetList() -> {[ip6_vti0, eth0, gre0, ip6gre0, gretap0, erspan0, dummy0, lo, tunl0, sit0, ip6tnl0, ip_vti0]} <0.38ms>
05-24 13:18:53.419 487 621 W WifiXmlUtil: Ignoring unknown value name found: CarrierMerged
05-24 13:18:53.419 487 663 I EthernetTracker: maybeTrackInterface: eth0
05-24 13:18:53.420 487 621 W WifiXmlUtil: Ignoring unknown value name found: CaptivePortalNeverDetected
05-24 13:18:53.421 257 257 I netd : interfaceGetCfg(eth0) -> {InterfaceConfigurationParcel{ifName: eth0, hwAddr: 20:02:fe:19:c1:f9, ipv4Addr: 0.0.0.0, prefixLength: 0, flags: [down, broadcast, multicast]}} <0.77ms>
05-24 13:18:53.423 331 333 D XM_HIDREAD: add@ add@/devices/platform/soc@3000000/5030000.eth/mdio_bus/5030000.eth-0
05-24 13:18:53.420 343 343 I xiriservice_All: type=1400 audit(0.0:346): avc: denied { read } for scontext=u:r:init:s0 tcontext=u:r:init:s0 tclass=netlink_kobject_uevent_socket permissive=1
05-24 13:18:53.424 331 333 D XM_HIDREAD: add@ add@/devices/platform/soc@3000000/5030000.eth/mdio_bus/5030000.eth-0/5030000.eth-0:00
05-24 13:18:53.428 331 333 D XM_HIDREAD: add@ add@/devices/platform/soc@3000000/5030000.eth/mdio_bus/5030000.eth-0/5030000.eth-0:10
05-24 13:18:53.458 487 487 D PPPOE : Registering NetworkFactory
05-24 13:18:53.458 487 629 D ConnectivityService: Got NetworkProvider Messenger for PPPOE
05-24 13:18:53.459 487 621 D WifiConfigStore: Reading from all stores completed in 50 ms.
05-24 13:18:53.459 487 487 W PppoeServiceImpl: pppoe interface file not exist!
05-24 13:18:53.460 487 664 D PPPOE : got request NetworkRequest [ REQUEST id=1, [ Capabilities: INTERNET&NOT_RESTRICTED&TRUSTED&NOT_VPN&NOT_VCN_MANAGED RequestorUid: 1000 RequestorPkg: android] ]
05-24 13:18:53.460 487 664 D PppoeNetworkFactory: onRequestNetwork
05-24 13:18:53.460 487 664 D PPPOE : got request NetworkRequest [ REQUEST id=5, [ Transports: PPPOE Capabilities: INTERNET&NOT_RESTRICTED&TRUSTED&NOT_VPN&NOT_VCN_MANAGED RequestorUid: 1000 RequestorPkg: android] ]
05-24 13:18:53.460 487 664 D PPPOE : got request NetworkRequest [ REQUEST id=10, [ Capabilities: INTERNET&NOT_RESTRICTED&TRUSTED&NOT_VCN_MANAGED Uid: 1000 RequestorUid: 1000 RequestorPkg: android] ]
05-24 13:18:53.462 487 621 E WifiConfigManager: Cannot find network with networkId -1 or configKey "DB-AN"WPA_PSK or upgradable security type check
05-24 13:18:53.466 487 487 V HistoricalRegistry: Interaction before persistence initialized
05-24 13:18:53.470 487 621 I WifiInjector: enableVerboseLogging(0): false
05-24 13:18:53.470 487 621 E SupplicantStaIfaceHal: Can't call setDebugParams, ISupplicant is null
05-24 13:18:53.470 487 621 E HostapdHal: Can't call setDebugParams, IHostapd is null
05-24 13:18:53.471 487 621 I WifiService: WifiService starting up with Wi-Fi disabled
05-24 13:18:53.478 487 487 V HistoricalRegistry: Interaction before persistence initialized
05-24 13:18:53.480 487 487 D SoundTriggerService: onBootPhase: 500 : false
05-24 13:18:53.481 487 621 D WifiController: isAirplaneModeOn = false, isWifiEnabled = false, isScanningAvailable = false, isLocationModeActive = true
05-24 13:18:53.482 487 621 E WifiActiveModeWarden: Something is wrong, no client mode toggles enabled
05-24 13:18:53.484 487 621 I android_os_HwBinder: HwBinder: Starting thread pool for getting: android.hidl.manager@1.2::IServiceManager/default
05-24 13:18:53.486 192 192 I hwservicemanager: Since android.hardware.wifi@1.0::IWifi/default is not registered, trying to start it as a lazy HAL.
05-24 13:18:53.487 192 192 I hwservicemanager: Since android.hardware.wifi@1.0::IWifi/default is not registered, trying to start it as a lazy HAL.
05-24 13:18:53.487 487 487 D SystemServerTiming: OnBootPhase_500 took to complete: 137ms
05-24 13:18:53.487 487 487 D SystemServerTiming: StartBootPhaseSystemServicesReady took to complete: 137ms
05-24 13:18:53.487 487 487 I SystemServerTiming: MakeWindowManagerServiceReady
05-24 13:18:53.490 192 192 I hwservicemanager: getTransport: Cannot find entry android.hardware.configstore@1.1::ISurfaceFlingerConfigs/default in either framework or device VINTF manifest.
05-24 13:18:53.490 487 621 I HidlServiceManagement: getService: Trying again for android.hardware.wifi@1.0::IWifi/default...
05-24 13:18:53.491 192 192 I hwservicemanager: getTransport: Cannot find entry android.hardware.configstore@1.1::ISurfaceFlingerConfigs/default in either framework or device VINTF manifest.
05-24 13:18:53.492 192 192 I hwservicemanager: getTransport: Cannot find entry android.hardware.configstore@1.1::ISurfaceFlingerConfigs/default in either framework or device VINTF manifest.
05-24 13:18:53.493 487 487 D SystemServerTiming: MakeWindowManagerServiceReady took to complete: 6ms
05-24 13:18:53.495 487 487 I SystemServerTiming: MakePowerManagerServiceReady
05-24 13:18:53.496 487 487 I AttentionDetector: readValuesFromDeviceConfig():
05-24 13:18:53.496 487 487 I AttentionDetector: mMaximumExtensionMillis=900000
05-24 13:18:53.496 487 487 I AttentionDetector: mPreDimCheckDurationMillis=2000
05-24 13:18:53.496 487 487 I AttentionDetector: mRequestedPostDimTimeoutMillis=0
05-24 13:18:53.496 487 550 E KernelCpuThreadReader: Failed to initialize KernelCpuThreadReader
05-24 13:18:53.496 487 550 E KernelCpuThreadReader: java.nio.file.NoSuchFileException: /proc/self/time_in_state
05-24 13:18:53.496 487 550 E KernelCpuThreadReader: at sun.nio.fs.UnixFileSystemProvider.newByteChannel(UnixFileSystemProvider.java:214)
05-24 13:18:53.496 487 550 E KernelCpuThreadReader: at java.nio.file.Files.newByteChannel(Files.java:361)
05-24 13:18:53.496 487 550 E KernelCpuThreadReader: at java.nio.file.Files.newByteChannel(Files.java:407)
05-24 13:18:53.496 487 550 E KernelCpuThreadReader: at java.nio.file.Files.readAllBytes(Files.java:3152)
05-24 13:18:53.496 487 550 E KernelCpuThreadReader: at com.android.internal.os.ProcTimeInStateReader.initializeTimeInStateFormat(ProcTimeInStateReader.java:159)
05-24 13:18:53.496 487 550 E KernelCpuThreadReader: at com.android.internal.os.ProcTimeInStateReader.(ProcTimeInStateReader.java:106)
05-24 13:18:53.496 487 550 E KernelCpuThreadReader: at com.android.internal.os.KernelCpuThreadReader.(KernelCpuThreadReader.java:138)
05-24 13:18:53.496 487 550 E KernelCpuThreadReader: at com.android.internal.os.KernelCpuThreadReader.create(KernelCpuThreadReader.java:151)
05-24 13:18:53.496 487 550 E KernelCpuThreadReader: at com.android.internal.os.KernelCpuThreadReaderSettingsObserver.(KernelCpuThreadReaderSettingsObserver.java:95)
05-24 13:18:53.496 487 550 E KernelCpuThreadReader: at com.android.internal.os.KernelCpuThreadReaderSettingsObserver.getSettingsModifiedReader(KernelCpuThreadReaderSettingsObserver.java:80)
05-24 13:18:53.496 487 550 E KernelCpuThreadReader: at com.android.server.stats.pull.StatsPullAtomService.initializePullersState(StatsPullAtomService.java:798)
05-24 13:18:53.496 487 550 E KernelCpuThreadReader: at com.android.server.stats.pull.StatsPullAtomService.lambda$onBootPhase$0$StatsPullAtomService(StatsPullAtomService.java:757)
05-24 13:18:53.496 487 550 E KernelCpuThreadReader: at com.android.server.stats.pull.StatsPullAtomService$$ExternalSyntheticLambda14.run(Unknown Source:2)
05-24 13:18:53.496 487 550 E KernelCpuThreadReader: at android.os.Handler.handleCallback(Handler.java:938)
05-24 13:18:53.496 487 550 E KernelCpuThreadReader: at android.os.Handler.dispatchMessage(Handler.java:99)
05-24 13:18:53.496 487 550 E KernelCpuThreadReader: at android.os.Looper.loopOnce(Looper.java:201)
05-24 13:18:53.496 487 550 E KernelCpuThreadReader: at android.os.Looper.loop(Looper.java:288)
05-24 13:18:53.496 487 550 E KernelCpuThreadReader: at android.os.HandlerThread.run(HandlerThread.java:67)
05-24 13:18:53.498 487 550 I android_os_HwBinder: HwBinder: Starting thread pool for getting: android.hardware.health@2.0::IHealth/default
05-24 13:18:53.618 1 1 I init : starting service 'vendor.wifi_hal_legacy'...
05-24 13:18:53.500 487 550 I android_os_HwBinder: HwBinder: Starting thread pool for getting: android.hidl.manager@1.0::IServiceManager/default
05-24 13:18:53.503 487 487 E DisplayPowerController[0]: failed to set up display white-balance: java.lang.IllegalStateException: cannot find light sensor
05-24 13:18:53.505 487 550 I HealthServiceWrapper: health: HealthServiceWrapper listening to instance default
05-24 13:18:53.507 277 277 I AW_PowerHAL: isBoostSupported: 0
05-24 13:18:53.509 487 550 D StatsPullAtomService: Registering pullers with statsd
05-24 13:18:53.509 487 673 I android_os_HwBinder: HwBinder: Starting thread pool for getting: android.hardware.health@2.0::IHealth/default
05-24 13:18:53.513 487 629 D ConnectivityService: NetReassign [no changes]
05-24 13:18:53.514 487 550 I StatsPullAtomService: register thermal listener successfully
05-24 13:18:53.521 487 487 I FaceDownDetector: readValuesFromDeviceConfig():
05-24 13:18:53.521 487 487 I FaceDownDetector: mAccelerationThreshold=0.2
05-24 13:18:53.521 487 487 I FaceDownDetector: mZAccelerationThreshold=-9.5
05-24 13:18:53.521 487 487 I FaceDownDetector: mTimeThreshold=PT1S
05-24 13:18:53.521 487 487 I FaceDownDetector: mIsEnabled=false
05-24 13:18:53.523 487 567 W KeyguardServiceDelegate: onScreenTurningOn(): no keyguard service!
05-24 13:18:53.524 487 558 W KernelCpuProcStringReader: File not found. It's normal if not implemented: /proc/uid_time_in_state
05-24 13:18:53.634 1 1 I init : Control message: Processed ctl.interface_start for 'android.hardware.wifi@1.0::IWifi/default' from pid: 192 (/system/bin/hwservicemanager)
05-24 13:18:53.527 487 567 V DisplayPowerController[0]: Brightness [0.39763778] reason changing to: 'override', previous reason: '0'.
05-24 13:18:53.528 487 558 W KernelCpuProcStringReader: File not found. It's normal if not implemented: /proc/uid_concurrent_active_time
05-24 13:18:53.528 487 558 W KernelCpuProcStringReader: File not found. It's normal if not implemented: /proc/uid_concurrent_policy_time
05-24 13:18:53.529 487 558 E KernelCpuSpeedReader: Failed to read cpu-freq: /sys/devices/system/cpu/cpu0/cpufreq/stats/time_in_state: open failed: ENOENT (No such file or directory)
05-24 13:18:53.529 487 558 E system_server: Cannot read thread CPU times for PID 487
05-24 13:18:53.530 487 487 D SystemServerTiming: MakePowerManagerServiceReady took to complete: 35ms
05-24 13:18:53.530 487 487 I SystemServerTiming: StartPermissionPolicyService
05-24 13:18:53.530 487 487 I SystemServiceManager: Starting com.android.server.policy.PermissionPolicyService
05-24 13:18:53.531 277 277 I AW_PowerHAL: Power setMode: DISPLAY_INACTIVE to: 0
05-24 13:18:53.531 277 277 I AW_PowerHAL: not completed yet, ignore mode request other
05-24 13:18:53.532 297 297 D SurfaceFlinger: Setting power mode 2 on display 0
05-24 13:18:53.532 487 533 I DisplayDeviceRepository: Display device changed state: "内置屏幕", ON
05-24 13:18:53.534 487 533 I InputManager-JNI: Viewport [0] to add: local:0, isActive: true
05-24 13:18:53.534 276 276 I android.hardware.lights-service: Lights setting state for id=0 to color ff6a6a6a
05-24 13:18:53.536 487 487 D SystemServerTiming: StartPermissionPolicyService took to complete: 6ms
05-24 13:18:53.536 487 487 I SystemServerTiming: MakePackageManagerServiceReady
05-24 13:18:53.536 487 610 I InputReader: Reconfiguring input devices, changes=DISPLAY_INFO |
05-24 13:18:53.654 1 1 I init : Control message: Processed ctl.interface_start for 'android.hardware.wifi@1.0::IWifi/default' from pid: 192 (/system/bin/hwservicemanager)
05-24 13:18:53.570 487 487 V UserDataPreparer: Found /data/user_de/0 with serial number 0
05-24 13:18:53.570 487 487 V UserDataPreparer: Found /data/user/0 with serial number 0
05-24 13:18:53.570 487 487 V UserDataPreparer: Found /data/system_de/0 with serial number 0
05-24 13:18:53.570 487 487 W UserDataPreparer: Invalid user directory /data/system_de/usagestats
05-24 13:18:53.570 487 487 V UserDataPreparer: Found /data/system_ce/0 with serial number 0
05-24 13:18:53.571 487 487 V UserDataPreparer: Found /data/misc_ce/0 with serial number 0
05-24 13:18:53.571 487 487 I PackageManager: Permission ownership changed. Updating all permissions.
05-24 13:18:53.602 672 672 I android.hardware.wifi@1.0-service-lazy: Wifi Hal is booting up...
05-24 13:18:53.603 672 672 I HidlLazyUtils: Registering HAL: android.hardware.wifi@1.5::IWifi with name: default
05-24 13:18:53.603 672 672 E cutils-trace: Error opening trace file: No such file or directory (2)
05-24 13:18:53.605 487 647 D HalDevMgr: IWifi registration notification: fqName=android.hardware.wifi@1.0::IWifi, name=default, preexisting=false
05-24 13:18:53.605 672 672 I HidlServiceManagement: Registered android.hardware.wifi@1.5::IWifi/default
05-24 13:18:53.605 672 672 I HidlServiceManagement: Removing namespace from process name android.hardware.wifi@1.0-service-lazy to wifi@1.0-service-lazy.
05-24 13:18:53.606 192 192 I hw-BpHwBinder: onLastStrongRef automatically unlinking death recipients
05-24 13:18:53.606 487 621 I android_os_HwBinder: HwBinder: Starting thread pool for getting: android.hardware.wifi@1.0::IWifi/default
05-24 13:18:53.609 487 621 D WifiNl80211Manager: tearing down interfaces in wificond
05-24 13:18:53.622 487 621 D WifiAdaptConnObserver: Adaptive connectivity status initialized to: true
05-24 13:18:53.623 487 621 D WifiController: DisabledState.enter()
05-24 13:18:53.625 487 573 E DefaultPermGrantPolicy: Package not found: org.xbmc.kodi
05-24 13:18:53.625 487 573 W DefaultPermGrantPolicy: No such package:org.xbmc.kodi
05-24 13:18:53.625 487 573 E DefaultPermGrantPolicy: Package not found: cm.aptoidetv.pt
05-24 13:18:53.625 487 573 W DefaultPermGrantPolicy: No such package:cm.aptoidetv.pt
05-24 13:18:53.625 487 573 E DefaultPermGrantPolicy: Package not found: com.softwinner.TvdFileManager
05-24 13:18:53.625 487 573 W DefaultPermGrantPolicy: No such package:com.softwinner.TvdFileManager
05-24 13:18:53.625 487 573 E DefaultPermGrantPolicy: Package not found: com.softwinner.TvdVideo
05-24 13:18:53.625 487 573 W DefaultPermGrantPolicy: No such package:com.softwinner.TvdVideo
05-24 13:18:53.626 487 573 E DefaultPermGrantPolicy: Package not found: com.android.chrome
05-24 13:18:53.626 487 573 W DefaultPermGrantPolicy: No such package:com.android.chrome
05-24 13:18:53.626 487 573 E DefaultPermGrantPolicy: Package not found: com.android.vending
05-24 13:18:53.626 487 573 W DefaultPermGrantPolicy: No such package:com.android.vending
05-24 13:18:53.626 487 573 E DefaultPermGrantPolicy: Package not found: com.google.android.tts
05-24 13:18:53.626 487 573 W DefaultPermGrantPolicy: No such package:com.google.android.tts
05-24 13:18:53.626 487 573 E DefaultPermGrantPolicy: Package not found: com.google.android.youtube.tv
05-24 13:18:53.626 487 573 W DefaultPermGrantPolicy: No such package:com.google.android.youtube.tv
05-24 13:18:53.626 487 573 E DefaultPermGrantPolicy: Package not found: com.google.android.katniss
05-24 13:18:53.626 487 573 W DefaultPermGrantPolicy: No such package:com.google.android.katniss
05-24 13:18:53.626 487 573 E DefaultPermGrantPolicy: Package not found: com.google.android.gms
05-24 13:18:53.626 487 573 W DefaultPermGrantPolicy: No such package:com.google.android.gms
05-24 13:18:53.630 487 487 D StagingManagerTiming: restoreSessions took to complete: 5ms
05-24 13:18:53.630 487 487 D SystemServerTiming: MakePackageManagerServiceReady took to complete: 94ms
05-24 13:18:53.630 487 487 I SystemServerTiming: MakeDisplayManagerServiceReady
05-24 13:18:53.632 487 533 E DisplayModeDirector: Asked about unknown display, returning empty display mode specs!(id=0)
05-24 13:18:53.632 487 533 E DisplayModeDirector: Asked about unknown display, returning empty display mode specs!(id=0)
05-24 13:18:53.637 487 487 D SystemServerTiming: MakeDisplayManagerServiceReady took to complete: 7ms
05-24 13:18:53.638 487 487 I SystemServerTiming: StartDeviceSpecificServices
05-24 13:18:53.638 487 487 D SystemServerTiming: StartDeviceSpecificServices took to complete: 0ms
05-24 13:18:53.638 487 487 I SystemServerTiming: GameManagerService
05-24 13:18:53.638 487 487 I SystemServiceManager: Starting com.android.server.app.GameManagerService$Lifecycle
05-24 13:18:53.643 487 487 D SystemServerTiming: GameManagerService took to complete: 5ms
05-24 13:18:53.644 487 487 I SystemServerTiming: StartBootPhaseDeviceSpecificServicesReady
05-24 13:18:53.644 487 487 I SystemServiceManager: Starting phase 520
05-24 13:18:53.644 487 487 I SystemServerTiming: OnBootPhase_520
05-24 13:18:53.644 487 487 D SoundTriggerService: onBootPhase: 520 : false
05-24 13:18:53.644 487 487 D SystemServerTiming: OnBootPhase_520 took to complete: 0ms
05-24 13:18:53.644 487 487 D SystemServerTiming: StartBootPhaseDeviceSpecificServicesReady took to complete: 0ms
05-24 13:18:53.644 487 487 I SystemServerTiming: AppSearchManagerService
05-24 13:18:53.645 487 487 I SystemServiceManager: Starting com.android.server.appsearch.AppSearchManagerService
05-24 13:18:53.648 487 487 D SystemServerTiming: AppSearchManagerService took to complete: 4ms
05-24 13:18:53.648 487 487 I SystemServerTiming: StartMediaCommunicationService
05-24 13:18:53.649 487 487 I SystemServiceManager: Starting com.android.server.media.MediaCommunicationService
05-24 13:18:53.650 487 487 D SystemServerTiming: StartMediaCommunicationService took to complete: 2ms
05-24 13:18:53.651 487 487 I SystemServerTiming: PhaseActivityManagerReady
05-24 13:18:53.651 487 487 I SystemServerTiming: controllersReady
05-24 13:18:53.655 487 593 I SystemServerTimingAsync: InitThreadPoolExec:Update app-ops uidState in case package com.tv.kuaisou changed
05-24 13:18:53.656 487 537 I SystemServerTimingAsync: InitThreadPoolExec:Update app-ops uidState in case package com.dangbei.hqmedia changed
05-24 13:18:53.656 487 593 D SystemServerInitThreadPool: Started executing Update app-ops uidState in case package com.tv.kuaisou changed
05-24 13:18:53.656 487 537 D SystemServerInitThreadPool: Started executing Update app-ops uidState in case package com.dangbei.hqmedia changed
05-24 13:18:53.656 487 529 I SystemServerTimingAsync: InitThreadPoolExec:Update app-ops uidState in case package com.hpplay.happyplay.aw changed
05-24 13:18:53.656 487 529 D SystemServerInitThreadPool: Started executing Update app-ops uidState in case package com.hpplay.happyplay.aw changed
05-24 13:18:53.656 487 582 I SystemServerTimingAsync: InitThreadPoolExec:Update app-ops uidState in case package com.starcor.mango changed
05-24 13:18:53.656 487 582 D SystemServerInitThreadPool: Started executing Update app-ops uidState in case package com.starcor.mango changed
05-24 13:18:53.656 487 593 D SystemServerInitThreadPool: Finished executing Update app-ops uidState in case package com.tv.kuaisou changed
05-24 13:18:53.656 487 537 D SystemServerInitThreadPool: Finished executing Update app-ops uidState in case package com.dangbei.hqmedia changed
05-24 13:18:53.656 487 593 D SystemServerTimingAsync: InitThreadPoolExec:Update app-ops uidState in case package com.tv.kuaisou changed took to complete: 0ms
05-24 13:18:53.656 487 529 D SystemServerInitThreadPool: Finished executing Update app-ops uidState in case package com.hpplay.happyplay.aw changed
05-24 13:18:53.656 487 529 D SystemServerTimingAsync: InitThreadPoolExec:Update app-ops uidState in case package com.hpplay.happyplay.aw changed took to complete: 0ms
05-24 13:18:53.656 487 529 I SystemServerTimingAsync: InitThreadPoolExec:Update app-ops uidState in case package com.xiaodianshi.tv.yst changed
05-24 13:18:53.656 487 529 D SystemServerInitThreadPool: Started executing Update app-ops uidState in case package com.xiaodianshi.tv.yst changed
05-24 13:18:53.657 487 529 D SystemServerInitThreadPool: Finished executing Update app-ops uidState in case package com.xiaodianshi.tv.yst changed
05-24 13:18:53.657 487 529 D SystemServerTimingAsync: InitThreadPoolExec:Update app-ops uidState in case package com.xiaodianshi.tv.yst changed took to complete: 1ms
05-24 13:18:53.657 487 529 I SystemServerTimingAsync: InitThreadPoolExec:Update app-ops uidState in case package com.mitv.tvhome.othertv.dbscos changed
05-24 13:18:53.657 487 529 D SystemServerInitThreadPool: Started executing Update app-ops uidState in case package com.mitv.tvhome.othertv.dbscos changed
05-24 13:18:53.657 487 529 D SystemServerInitThreadPool: Finished executing Update app-ops uidState in case package com.mitv.tvhome.othertv.dbscos changed
05-24 13:18:53.657 487 529 D SystemServerTimingAsync: InitThreadPoolExec:Update app-ops uidState in case package com.mitv.tvhome.othertv.dbscos changed took to complete: 0ms
05-24 13:18:53.657 487 529 I SystemServerTimingAsync: InitThreadPoolExec:Update app-ops uidState in case package com.sony.dangbeimarket changed
05-24 13:18:53.657 487 529 D SystemServerInitThreadPool: Started executing Update app-ops uidState in case package com.sony.dangbeimarket changed
05-24 13:18:53.657 487 529 D SystemServerInitThreadPool: Finished executing Update app-ops uidState in case package com.sony.dangbeimarket changed
05-24 13:18:53.657 487 529 D SystemServerTimingAsync: InitThreadPoolExec:Update app-ops uidState in case package com.sony.dangbeimarket changed took to complete: 0ms
05-24 13:18:53.657 487 529 I SystemServerTimingAsync: InitThreadPoolExec:Update app-ops uidState in case package com.android.providers.media.module changed
05-24 13:18:53.657 487 487 D SystemServerTiming: controllersReady took to complete: 6ms
05-24 13:18:53.657 487 582 D SystemServerInitThreadPool: Finished executing Update app-ops uidState in case package com.starcor.mango changed
05-24 13:18:53.657 487 582 D SystemServerTimingAsync: InitThreadPoolExec:Update app-ops uidState in case package com.starcor.mango changed took to complete: 1ms
05-24 13:18:53.657 487 582 I SystemServerTimingAsync: InitThreadPoolExec:Update app-ops uidState in case package com.android.systemui changed
05-24 13:18:53.657 487 582 D SystemServerInitThreadPool: Started executing Update app-ops uidState in case package com.android.systemui changed
05-24 13:18:53.657 487 582 D SystemServerInitThreadPool: Finished executing Update app-ops uidState in case package com.android.systemui changed
05-24 13:18:53.657 487 582 D SystemServerTimingAsync: InitThreadPoolExec:Update app-ops uidState in case package com.android.systemui changed took to complete: 0ms
05-24 13:18:53.657 487 582 I SystemServerTimingAsync: InitThreadPoolExec:Update app-ops uidState in case package com.android.webview changed
05-24 13:18:53.657 487 582 D SystemServerInitThreadPool: Started executing Update app-ops uidState in case package com.android.webview changed
05-24 13:18:53.657 487 582 D SystemServerInitThreadPool: Finished executing Update app-ops uidState in case package com.android.webview changed
05-24 13:18:53.657 487 582 D SystemServerTimingAsync: InitThreadPoolExec:Update app-ops uidState in case package com.android.webview changed took to complete: 0ms
05-24 13:18:53.657 487 582 I SystemServerTimingAsync: InitThreadPoolExec:Update app-ops uidState in case package com.android.tv changed
05-24 13:18:53.657 487 582 D SystemServerInitThreadPool: Started executing Update app-ops uidState in case package com.android.tv changed
05-24 13:18:53.657 487 582 D SystemServerInitThreadPool: Finished executing Update app-ops uidState in case package com.android.tv changed
05-24 13:18:53.657 487 582 D SystemServerTimingAsync: InitThreadPoolExec:Update app-ops uidState in case package com.android.tv changed took to complete: 0ms
05-24 13:18:53.657 487 582 I SystemServerTimingAsync: InitThreadPoolExec:Update app-ops uidState in case package com.android.music changed
05-24 13:18:53.657 487 582 D SystemServerInitThreadPool: Started executing Update app-ops uidState in case package com.android.music changed
05-24 13:18:53.657 487 582 D SystemServerInitThreadPool: Finished executing Update app-ops uidState in case package com.android.music changed
05-24 13:18:53.657 487 582 D SystemServerTimingAsync: InitThreadPoolExec:Update app-ops uidState in case package com.android.music changed took to complete: 0ms
05-24 13:18:53.657 487 582 I SystemServerTimingAsync: InitThreadPoolExec:Update app-ops uidState in case package com.dangbei.lerad.videoposter changed
05-24 13:18:53.657 487 582 D SystemServerInitThreadPool: Started executing Update app-ops uidState in case package com.dangbei.lerad.videoposter changed
05-24 13:18:53.658 487 582 D SystemServerInitThreadPool: Finished executing Update app-ops uidState in case package com.dangbei.lerad.videoposter changed
05-24 13:18:53.658 487 582 D SystemServerTimingAsync: InitThreadPoolExec:Update app-ops uidState in case package com.dangbei.lerad.videoposter changed took to complete: 0ms
05-24 13:18:53.658 487 582 I SystemServerTimingAsync: InitThreadPoolExec:Update app-ops uidState in case package com.dangbei.lerad.screensaver changed
05-24 13:18:53.658 487 582 D SystemServerInitThreadPool: Started executing Update app-ops uidState in case package com.dangbei.lerad.screensaver changed
05-24 13:18:53.658 487 582 D SystemServerInitThreadPool: Finished executing Update app-ops uidState in case package com.dangbei.lerad.screensaver changed
05-24 13:18:53.658 487 582 D SystemServerTimingAsync: InitThreadPoolExec:Update app-ops uidState in case package com.dangbei.lerad.screensaver changed took to complete: 0ms
05-24 13:18:53.658 487 582 I SystemServerTimingAsync: InitThreadPoolExec:Update app-ops uidState in case package com.sohu.inputmethod.sogou.tv changed
05-24 13:18:53.658 487 582 D SystemServerInitThreadPool: Started executing Update app-ops uidState in case package com.sohu.inputmethod.sogou.tv changed
05-24 13:18:53.658 487 582 D SystemServerInitThreadPool: Finished executing Update app-ops uidState in case package com.sohu.inputmethod.sogou.tv changed
05-24 13:18:53.658 487 582 D SystemServerTimingAsync: InitThreadPoolExec:Update app-ops uidState in case package com.sohu.inputmethod.sogou.tv changed took to complete: 0ms
05-24 13:18:53.658 487 582 I SystemServerTimingAsync: InitThreadPoolExec:Update app-ops uidState in case package com.dangbei.lerad.leradwatcher changed
05-24 13:18:53.658 487 582 D SystemServerInitThreadPool: Started executing Update app-ops uidState in case package com.dangbei.lerad.leradwatcher changed
05-24 13:18:53.658 487 582 D SystemServerInitThreadPool: Finished executing Update app-ops uidState in case package com.dangbei.lerad.leradwatcher changed
05-24 13:18:53.658 487 582 D SystemServerTimingAsync: InitThreadPoolExec:Update app-ops uidState in case package com.dangbei.lerad.leradwatcher changed took to complete: 0ms
05-24 13:18:53.658 487 582 I SystemServerTimingAsync: InitThreadPoolExec:Update app-ops uidState in case package com.tv.filemanager.os changed
05-24 13:18:53.658 487 487 I SystemServerTiming: killProcesses
05-24 13:18:53.658 487 537 D SystemServerTimingAsync: InitThreadPoolExec:Update app-ops uidState in case package com.dangbei.hqmedia changed took to complete: 0ms
05-24 13:18:53.658 487 537 I SystemServerTimingAsync: InitThreadPoolExec:Update app-ops uidState in case package com.dangbei.screencast changed
05-24 13:18:53.658 487 487 D SystemServerTiming: killProcesses took to complete: 0ms
05-24 13:18:53.658 487 593 I SystemServerTimingAsync: InitThreadPoolExec:Update app-ops uidState in case package com.ktcp.video changed
05-24 13:18:53.658 487 487 I ActivityManager: System now ready
05-24 13:18:53.658 487 529 D SystemServerInitThreadPool: Started executing Update app-ops uidState in case package com.android.providers.media.module changed
05-24 13:18:53.658 487 529 D SystemServerInitThreadPool: Finished executing Update app-ops uidState in case package com.android.providers.media.module changed
05-24 13:18:53.658 487 529 D SystemServerTimingAsync: InitThreadPoolExec:Update app-ops uidState in case package com.android.providers.media.module changed took to complete: 1ms
05-24 13:18:53.658 487 529 I SystemServerTimingAsync: InitThreadPoolExec:Update app-ops uidState in case package com.dangbei.hqguide changed
05-24 13:18:53.658 487 529 D SystemServerInitThreadPool: Started executing Update app-ops uidState in case package com.dangbei.hqguide changed
05-24 13:18:53.658 487 529 D SystemServerInitThreadPool: Finished executing Update app-ops uidState in case package com.dangbei.hqguide changed
05-24 13:18:53.658 487 529 D SystemServerTimingAsync: InitThreadPoolExec:Update app-ops uidState in case package com.dangbei.hqguide changed took to complete: 0ms
05-24 13:18:53.658 487 529 I SystemServerTimingAsync: InitThreadPoolExec:Update app-ops uidState in case package com.android.providers.tv changed
05-24 13:18:53.658 487 529 D SystemServerInitThreadPool: Started executing Update app-ops uidState in case package com.android.providers.tv changed
05-24 13:18:53.659 487 529 D SystemServerInitThreadPool: Finished executing Update app-ops uidState in case package com.android.providers.tv changed
05-24 13:18:53.659 487 487 I SystemServerTiming: updateTopComponentForFactoryTest
05-24 13:18:53.659 487 537 D SystemServerInitThreadPool: Started executing Update app-ops uidState in case package com.dangbei.screencast changed
05-24 13:18:53.659 487 537 D SystemServerInitThreadPool: Finished executing Update app-ops uidState in case package com.dangbei.screencast changed
05-24 13:18:53.659 487 487 D SystemServerTiming: updateTopComponentForFactoryTest took to complete: 0ms
05-24 13:18:53.659 487 487 I SystemServerTiming: registerActivityLaunchObserver
05-24 13:18:53.659 487 487 D SystemServerTiming: registerActivityLaunchObserver took to complete: 0ms
05-24 13:18:53.659 487 487 I SystemServerTiming: watchDeviceProvisioning
05-24 13:18:53.659 487 593 D SystemServerInitThreadPool: Started executing Update app-ops uidState in case package com.ktcp.video changed
05-24 13:18:53.659 487 593 D SystemServerInitThreadPool: Finished executing Update app-ops uidState in case package com.ktcp.video changed
05-24 13:18:53.659 487 593 D SystemServerTimingAsync: InitThreadPoolExec:Update app-ops uidState in case package com.ktcp.video changed took to complete: 1ms
05-24 13:18:53.659 487 593 I SystemServerTimingAsync: InitThreadPoolExec:Update app-ops uidState in case package com.android.providers.calendar changed
05-24 13:18:53.659 487 593 D SystemServerInitThreadPool: Started executing Update app-ops uidState in case package com.android.providers.calendar changed
05-24 13:18:53.659 487 593 D SystemServerInitThreadPool: Finished executing Update app-ops uidState in case package com.android.providers.calendar changed
05-24 13:18:53.659 487 593 D SystemServerTimingAsync: InitThreadPoolExec:Update app-ops uidState in case package com.android.providers.calendar changed took to complete: 0ms
05-24 13:18:53.659 487 593 I SystemServerTimingAsync: InitThreadPoolExec:Update app-ops uidState in case package com.android.providers.contacts changed
05-24 13:18:53.659 487 593 D SystemServerInitThreadPool: Started executing Update app-ops uidState in case package com.android.providers.contacts changed
05-24 13:18:53.659 487 593 D SystemServerInitThreadPool: Finished executing Update app-ops uidState in case package com.android.providers.contacts changed
05-24 13:18:53.659 487 593 D SystemServerTimingAsync: InitThreadPoolExec:Update app-ops uidState in case package com.android.providers.contacts changed took to complete: 0ms
05-24 13:18:53.659 487 593 I SystemServerTimingAsync: InitThreadPoolExec:Update app-ops uidState in case package com.android.providers.media changed
05-24 13:18:53.659 487 593 D SystemServerInitThreadPool: Started executing Update app-ops uidState in case package com.android.providers.media changed
05-24 13:18:53.659 487 593 D SystemServerInitThreadPool: Finished executing Update app-ops uidState in case package com.android.providers.media changed
05-24 13:18:53.659 487 593 D SystemServerTimingAsync: InitThreadPoolExec:Update app-ops uidState in case package com.android.providers.media changed took to complete: 1ms
05-24 13:18:53.660 487 593 I SystemServerTimingAsync: InitThreadPoolExec:Update app-ops uidState in case package com.android.shell changed
05-24 13:18:53.660 487 593 D SystemServerInitThreadPool: Started executing Update app-ops uidState in case package com.android.shell changed
05-24 13:18:53.660 487 593 D SystemServerInitThreadPool: Finished executing Update app-ops uidState in case package com.android.shell changed
05-24 13:18:53.660 487 593 D SystemServerTimingAsync: InitThreadPoolExec:Update app-ops uidState in case package com.android.shell changed took to complete: 0ms
05-24 13:18:53.660 487 593 I SystemServerTimingAsync: InitThreadPoolExec:Update app-ops uidState in case package com.android.bluetooth changed
05-24 13:18:53.660 487 593 D SystemServerInitThreadPool: Started executing Update app-ops uidState in case package com.android.bluetooth changed
05-24 13:18:53.660 487 593 D SystemServerInitThreadPool: Finished executing Update app-ops uidState in case package com.android.bluetooth changed
05-24 13:18:53.660 487 593 D SystemServerTimingAsync: InitThreadPoolExec:Update app-ops uidState in case package com.android.bluetooth changed took to complete: 0ms
05-24 13:18:53.660 487 593 I SystemServerTimingAsync: InitThreadPoolExec:Update app-ops uidState in case package com.android.dynsystem changed
05-24 13:18:53.660 487 593 D SystemServerInitThreadPool: Started executing Update app-ops uidState in case package com.android.dynsystem changed
05-24 13:18:53.660 487 593 D SystemServerInitThreadPool: Finished executing Update app-ops uidState in case package com.android.dynsystem changed
05-24 13:18:53.660 487 593 D SystemServerTimingAsync: InitThreadPoolExec:Update app-ops uidState in case package com.android.dynsystem changed took to complete: 0ms
05-24 13:18:53.660 487 593 I SystemServerTimingAsync: InitThreadPoolExec:Update app-ops uidState in case package com.dangbei.lerad.rocky changed
05-24 13:18:53.660 487 593 D SystemServerInitThreadPool: Started executing Update app-ops uidState in case package com.dangbei.lerad.rocky changed
05-24 13:18:53.660 487 593 D SystemServerInitThreadPool: Finished executing Update app-ops uidState in case package com.dangbei.lerad.rocky changed
05-24 13:18:53.660 487 593 D SystemServerTimingAsync: InitThreadPoolExec:Update app-ops uidState in case package com.dangbei.lerad.rocky changed took to complete: 0ms
05-24 13:18:53.660 487 593 I SystemServerTimingAsync: InitThreadPoolExec:Update app-ops uidState in case package com.android.tv.settings changed
05-24 13:18:53.660 487 593 D SystemServerInitThreadPool: Started executing Update app-ops uidState in case package com.android.tv.settings changed
05-24 13:18:53.660 487 593 D SystemServerInitThreadPool: Finished executing Update app-ops uidState in case package com.android.tv.settings changed
05-24 13:18:53.660 487 593 D SystemServerTimingAsync: InitThreadPoolExec:Update app-ops uidState in case package com.android.tv.settings changed took to complete: 0ms
05-24 13:18:53.660 487 593 I SystemServerTimingAsync: InitThreadPoolExec:Update app-ops uidState in case package com.oranth.factory changed
05-24 13:18:53.660 487 593 D SystemServerInitThreadPool: Started executing Update app-ops uidState in case package com.oranth.factory changed
05-24 13:18:53.660 487 593 D SystemServerInitThreadPool: Finished executing Update app-ops uidState in case package com.oranth.factory changed
05-24 13:18:53.660 487 593 D SystemServerTimingAsync: InitThreadPoolExec:Update app-ops uidState in case package com.oranth.factory changed took to complete: 0ms
05-24 13:18:53.660 487 593 I SystemServerTimingAsync: InitThreadPoolExec:Update app-ops uidState in case package com.dangbei.zhushou.os changed
05-24 13:18:53.660 487 593 D SystemServerInitThreadPool: Started executing Update app-ops uidState in case package com.dangbei.zhushou.os changed
05-24 13:18:53.660 487 593 D SystemServerInitThreadPool: Finished executing Update app-ops uidState in case package com.dangbei.zhushou.os changed
05-24 13:18:53.660 487 593 D SystemServerTimingAsync: InitThreadPoolExec:Update app-ops uidState in case package com.dangbei.zhushou.os changed took to complete: 0ms
05-24 13:18:53.660 487 593 I SystemServerTimingAsync: InitThreadPoolExec:Update app-ops uidState in case package com.oranth.ledstatus changed
05-24 13:18:53.663 487 537 D SystemServerTimingAsync: InitThreadPoolExec:Update app-ops uidState in case package com.dangbei.screencast changed took to complete: 1ms
05-24 13:18:53.663 487 593 D SystemServerInitThreadPool: Started executing Update app-ops uidState in case package com.oranth.ledstatus changed
05-24 13:18:53.663 487 537 I SystemServerTimingAsync: InitThreadPoolExec:Update app-ops uidState in case package android changed
05-24 13:18:53.663 487 537 D SystemServerInitThreadPool: Started executing Update app-ops uidState in case package android changed
05-24 13:18:53.664 487 537 D SystemServerInitThreadPool: Finished executing Update app-ops uidState in case package android changed
05-24 13:18:53.664 487 537 D SystemServerTimingAsync: InitThreadPoolExec:Update app-ops uidState in case package android changed took to complete: 1ms
05-24 13:18:53.664 487 537 I SystemServerTimingAsync: InitThreadPoolExec:Update app-ops uidState in case package com.dangbei.leard.leradlauncher changed
05-24 13:18:53.664 487 537 D SystemServerInitThreadPool: Started executing Update app-ops uidState in case package com.dangbei.leard.leradlauncher changed
05-24 13:18:53.664 487 537 D SystemServerInitThreadPool: Finished executing Update app-ops uidState in case package com.dangbei.leard.leradlauncher changed
05-24 13:18:53.664 487 537 D SystemServerTimingAsync: InitThreadPoolExec:Update app-ops uidState in case package com.dangbei.leard.leradlauncher changed took to complete: 0ms
05-24 13:18:53.664 487 537 I SystemServerTimingAsync: InitThreadPoolExec:Update app-ops uidState in case package com.android.providers.settings changed
05-24 13:18:53.664 487 537 D SystemServerInitThreadPool: Started executing Update app-ops uidState in case package com.android.providers.settings changed
05-24 13:18:53.664 487 537 D SystemServerInitThreadPool: Finished executing Update app-ops uidState in case package com.android.providers.settings changed
05-24 13:18:53.664 487 537 D SystemServerTimingAsync: InitThreadPoolExec:Update app-ops uidState in case package com.android.providers.settings changed took to complete: 0ms
05-24 13:18:53.664 487 537 I SystemServerTimingAsync: InitThreadPoolExec:Update app-ops uidState in case package com.android.inputdevices changed
05-24 13:18:53.664 487 537 D SystemServerInitThreadPool: Started executing Update app-ops uidState in case package com.android.inputdevices changed
05-24 13:18:53.664 487 537 D SystemServerInitThreadPool: Finished executing Update app-ops uidState in case package com.android.inputdevices changed
05-24 13:18:53.664 487 537 D SystemServerTimingAsync: InitThreadPoolExec:Update app-ops uidState in case package com.android.inputdevices changed took to complete: 0ms
05-24 13:18:53.664 487 537 I SystemServerTimingAsync: InitThreadPoolExec:Update app-ops uidState in case package com.oranth.inputmacsn changed
05-24 13:18:53.664 487 537 D SystemServerInitThreadPool: Started executing Update app-ops uidState in case package com.oranth.inputmacsn changed
05-24 13:18:53.664 487 537 D SystemServerInitThreadPool: Finished executing Update app-ops uidState in case package com.oranth.inputmacsn changed
05-24 13:18:53.664 487 537 D SystemServerTimingAsync: InitThreadPoolExec:Update app-ops uidState in case package com.oranth.inputmacsn changed took to complete: 0ms
05-24 13:18:53.664 487 537 I SystemServerTimingAsync: InitThreadPoolExec:Update app-ops uidState in case package com.android.keychain changed
05-24 13:18:53.664 487 537 D SystemServerInitThreadPool: Started executing Update app-ops uidState in case package com.android.keychain changed
05-24 13:18:53.664 487 537 D SystemServerInitThreadPool: Finished executing Update app-ops uidState in case package com.android.keychain changed
05-24 13:18:53.664 487 537 D SystemServerTimingAsync: InitThreadPoolExec:Update app-ops uidState in case package com.android.keychain changed took to complete: 0ms
05-24 13:18:53.664 487 537 I SystemServerTimingAsync: InitThreadPoolExec:Update app-ops uidState in case package com.android.localtransport changed
05-24 13:18:53.664 487 537 D SystemServerInitThreadPool: Started executing Update app-ops uidState in case package com.android.localtransport changed
05-24 13:18:53.664 487 537 D SystemServerInitThreadPool: Finished executing Update app-ops uidState in case package com.android.localtransport changed
05-24 13:18:53.664 487 537 D SystemServerTimingAsync: InitThreadPoolExec:Update app-ops uidState in case package com.android.localtransport changed took to complete: 0ms
05-24 13:18:53.664 487 537 I SystemServerTimingAsync: InitThreadPoolExec:Update app-ops uidState in case package com.android.packageinstaller changed
05-24 13:18:53.664 487 537 D SystemServerInitThreadPool: Started executing Update app-ops uidState in case package com.android.packageinstaller changed
05-24 13:18:53.665 487 537 D SystemServerInitThreadPool: Finished executing Update app-ops uidState in case package com.android.packageinstaller changed
05-24 13:18:53.665 487 537 D SystemServerTimingAsync: InitThreadPoolExec:Update app-ops uidState in case package com.android.packageinstaller changed took to complete: 1ms
05-24 13:18:53.665 487 537 I SystemServerTimingAsync: InitThreadPoolExec:Update app-ops uidState in case package com.oranth.usbopenft changed
05-24 13:18:53.665 487 537 D SystemServerInitThreadPool: Started executing Update app-ops uidState in case package com.oranth.usbopenft changed
05-24 13:18:53.665 487 537 D SystemServerInitThreadPool: Finished executing Update app-ops uidState in case package com.oranth.usbopenft changed
05-24 13:18:53.665 487 537 D SystemServerTimingAsync: InitThreadPoolExec:Update app-ops uidState in case package com.oranth.usbopenft changed took to complete: 0ms
05-24 13:18:53.665 487 537 I SystemServerTimingAsync: InitThreadPoolExec:Update app-ops uidState in case package com.dangbei.lerad.etna.haqu changed
05-24 13:18:53.665 487 537 D SystemServerInitThreadPool: Started executing Update app-ops uidState in case package com.dangbei.lerad.etna.haqu changed
05-24 13:18:53.666 487 537 D SystemServerInitThreadPool: Finished executing Update app-ops uidState in case package com.dangbei.lerad.etna.haqu changed
05-24 13:18:53.666 487 537 D SystemServerTimingAsync: InitThreadPoolExec:Update app-ops uidState in case package com.dangbei.lerad.etna.haqu changed took to complete: 1ms
05-24 13:18:53.666 487 537 I SystemServerTimingAsync: InitThreadPoolExec:Update app-ops uidState in case package com.oranth.powerwindow changed
05-24 13:18:53.666 487 537 D SystemServerInitThreadPool: Started executing Update app-ops uidState in case package com.oranth.powerwindow changed
