05-24 13:19:06.518 412 422 I adbd : jdwp connection from 2043
05-24 13:19:06.416 2034 2034 I pm : type=1400 audit(0.0:720): avc: denied { read } for path="/system/bin/sh" dev="dm-0" ino=1218 scontext=u:r:system_server:s0 tcontext=u:object_r:shell_exec:s0 tclass=file permissive=1
05-24 13:19:06.545 487 712 D CompatibilityChangeReporter: Compat change id reported: 168419799; UID 1000; state: DISABLED
05-24 13:19:06.556 2043 2043 D CompatibilityChangeReporter: Compat change id reported: 171979766; UID 1000; state: ENABLED
05-24 13:19:06.564 1421 1421 W hpplay-java: [main]:IPManager:getActiveNets invalid networkInfo:null
05-24 13:19:06.565 1421 1421 I hpplay-java: [main]:IPManager:getActiveNets eth0:false wifi:false mobile:false ap:false
05-24 13:19:06.565 1421 1421 I hpplay-java: [main]:IPManager:nets is null force get ip addr
05-24 13:19:06.569 1421 1421 I hpplay-java: [main]:ServerTaskManager:get local ip:null
05-24 13:19:06.583 1039 1161 W MediaProvider: getVolumePath for unknown volume: internal
05-24 13:19:06.589 1039 1161 W MediaProvider: getVolumePath for unknown volume: internal
05-24 13:19:06.594 1039 1161 W MediaProvider: getVolumePath for unknown volume: internal
05-24 13:19:06.601 1039 1161 W MediaProvider: getVolumePath for unknown volume: internal
05-24 13:19:06.607 1120 1120 D aaa : LedStatusService onStartCommand begin
05-24 13:19:06.611 1039 1161 W MediaProvider: getVolumePath for unknown volume: internal
05-24 13:19:06.613 1120 2065 D aaa : topPkg is -------------- :com.dangbei.leard.leradlauncher
05-24 13:19:06.687 487 621 D WifiScoreReport: setShouldReduceNetworkScore=false mNetworkAgent is null? true
05-24 13:19:06.687 487 621 D WifiClientModeImpl[wlan0]: CMD_START_CONNECT my state DisconnectedState nid=0 roam=false
05-24 13:19:06.690 1095 1095 W eventbuscore: post Event:com.dangbei.leard.base.entity.event.NetWifiRssiEvent
05-24 13:19:06.693 2043 2043 V GraphicsEnvironment: ANGLE Developer option for 'com.android.packageinstaller' set to: 'default'
05-24 13:19:06.693 2043 2043 V GraphicsEnvironment: Neither updatable production driver nor prerelease driver is supported.
05-24 13:19:06.698 2043 2043 D NetworkSecurityConfig: No Network Security Config specified, using platform default
05-24 13:19:06.699 2043 2043 D NetworkSecurityConfig: No Network Security Config specified, using platform default
05-24 13:19:06.704 1095 1095 I Choreographer: Skipped 46 frames! The application may be doing too much work on its main thread.
05-24 13:19:06.705 487 621 W LastMileLogger: Failed to open free_buffer pseudo-file: /sys/kernel/debug/tracing/instances/wifi/free_buffer: open failed: ENOENT (No such file or directory)
05-24 13:19:06.705 487 621 W LastMileLogger: Failed to arm fail-safe.
05-24 13:19:06.715 487 510 D CompatibilityChangeReporter: Compat change id reported: 135634846; UID 10073; state: DISABLED
05-24 13:19:06.715 487 510 D CompatibilityChangeReporter: Compat change id reported: 177438394; UID 10073; state: DISABLED
05-24 13:19:06.715 487 510 D CompatibilityChangeReporter: Compat change id reported: 135772972; UID 10073; state: DISABLED
05-24 13:19:06.715 487 510 D CompatibilityChangeReporter: Compat change id reported: 135754954; UID 10073; state: DISABLED
05-24 13:19:06.715 1095 1375 D AppManager: checkLocalAppsIsValid:
05-24 13:19:06.716 487 552 D CompatibilityChangeReporter: Compat change id reported: 143937733; UID 10073; state: DISABLED
05-24 13:19:06.716 487 621 I WifiClientModeImpl[wlan0]: Connecting with b4:2f:03:15:e9:b5 as the mac address
05-24 13:19:06.716 386 386 W wificond: Scan is not started. Ignore abort request
05-24 13:19:06.717 487 621 D SupplicantStaIfaceHal: connectToNetwork "DB-AN"WPA_PSK
05-24 13:19:06.721 487 621 I SupplicantStaIfaceHal: addSupplicantStaNetwork via HIDL
05-24 13:19:06.738 258 258 D Zygote : Forked child process 2075
05-24 13:19:06.742 487 552 I ActivityManager: app.processName = com.android.permissioncontroller
05-24 13:19:06.742 487 552 I ActivityManager: Start proc 2075:com.android.permissioncontroller/u0a73 for broadcast {com.android.permissioncontroller/com.android.permissioncontroller.permission.service.LocationAccessCheck$SetupPeriodicBackgroundLocationAccessCheck}
05-24 13:19:06.746 1095 1696 I OpenGLRenderer: Davey! duration=9223372004202ms; Flags=0, FrameTimelineVsyncId=795, IntendedVsync=32649065007, Vsync=33569065007, InputEventId=0, HandleInputStart=33579443098, AnimationStart=33579447723, PerformTraversalsStart=33579659890, DrawStart=33579767682, FrameDeadline=32689065007, FrameInterval=33579292473, FrameStartTime=20000000, SyncQueued=33582319557, SyncStart=33585270098, IssueDrawCommandsStart=33586050223, SwapBuffers=33600600932, FrameCompleted=9223372036854775807, DequeueBufferDuration=52042, QueueBufferDuration=1623125, GpuCompleted=9223372036854775807, SwapBuffersCompleted=33603300390, DisplayPresentTime=0,
05-24 13:19:06.753 2075 2075 I Zygote : seccomp disabled by setenforce 0
05-24 13:19:06.757 487 621 D SupplicantStaNetworkHal: The target security params: Security Parameters:
05-24 13:19:06.757 487 621 D SupplicantStaNetworkHal: Type: 2
05-24 13:19:06.757 487 621 D SupplicantStaNetworkHal: Enabled: true
05-24 13:19:06.757 487 621 D SupplicantStaNetworkHal: KeyMgmt: WPA_PSK
05-24 13:19:06.757 487 621 D SupplicantStaNetworkHal: Protocols: WPA RSN
05-24 13:19:06.757 487 621 D SupplicantStaNetworkHal: AuthAlgorithms:
05-24 13:19:06.757 487 621 D SupplicantStaNetworkHal: PairwiseCiphers: TKIP CCMP
05-24 13:19:06.757 487 621 D SupplicantStaNetworkHal: GroupCiphers: WEP40 WEP104 TKIP CCMP
05-24 13:19:06.757 487 621 D SupplicantStaNetworkHal: GroupMgmtCiphers:
05-24 13:19:06.757 487 621 D SupplicantStaNetworkHal: SuiteBCiphers:
05-24 13:19:06.757 487 621 D SupplicantStaNetworkHal: RequirePmf: false
05-24 13:19:06.757 487 621 D SupplicantStaNetworkHal: IsAddedByAutoUpgrade: false
05-24 13:19:06.757 487 621 D SupplicantStaNetworkHal: IsSaeH2eOnlyMode: false
05-24 13:19:06.757 487 621 D SupplicantStaNetworkHal: IsSaePkOnlyMode: false
05-24 13:19:06.759 1095 1110 I OpenGLRenderer: Davey! duration=9223372003255ms; Flags=0, FrameTimelineVsyncId=803, IntendedVsync=33589053680, Vsync=33589053680, InputEventId=0, HandleInputStart=33589708307, AnimationStart=33589712473, PerformTraversalsStart=33589715390, DrawStart=33590989015, FrameDeadline=33629053680, FrameInterval=33589701640, FrameStartTime=20000000, SyncQueued=33592812432, SyncStart=33603492098, IssueDrawCommandsStart=33604723348, SwapBuffers=33612597182, FrameCompleted=9223372036854775807, DequeueBufferDuration=39917, QueueBufferDuration=1350584, GpuCompleted=9223372036854775807, SwapBuffersCompleted=33618385723, DisplayPresentTime=0,
05-24 13:19:06.768 1095 1300 E hq : ErrorCoroutineExceptionHandler:::runTry error:java.net.UnknownHostException: Unable to resolve host "ottdbui-tyapiqun7.yysh.mgtv.com": No address associated with hostname from=requestAppUpdateInfo 2
05-24 13:19:06.780 412 422 I adbd : jdwp connection from 2075
05-24 13:19:06.808 487 510 D CompatibilityChangeReporter: Compat change id reported: 168419799; UID 10073; state: DISABLED
05-24 13:19:06.822 2075 2075 D CompatibilityChangeReporter: Compat change id reported: 171979766; UID 10073; state: DISABLED
05-24 13:19:06.842 2075 2075 D ApplicationLoaders: Returning zygote-cached class loader: /system/framework/android.test.base.jar
05-24 13:19:06.905 1252 1252 I wpa_supplicant: wlan0: Trying to associate with 58:fb:96:fc:8b:ec (SSID='DB-AN' freq=5280 MHz)
05-24 13:19:06.918 2075 2075 V GraphicsEnvironment: ANGLE Developer option for 'com.android.permissioncontroller' set to: 'default'
05-24 13:19:06.918 2075 2075 V GraphicsEnvironment: Neither updatable production driver nor prerelease driver is supported.
05-24 13:19:06.920 487 608 D AW_CODE : rotation =0
05-24 13:19:06.921 2075 2075 D NetworkSecurityConfig: No Network Security Config specified, using platform default
05-24 13:19:06.924 2075 2075 D NetworkSecurityConfig: No Network Security Config specified, using platform default
05-24 13:19:07.037 124 124 I : HDMI cable is disconnected
05-24 13:19:07.046 333 333 W audit : audit_lost=292 audit_rate_limit=5 audit_backlog_limit=64
05-24 13:19:06.932 272 389 D displayd: hotplug change: name=6000000.hdmi, state=HDMI=0
05-24 13:19:06.932 272 389 D displayd: HotplugMonitor: 6000000.hdmi connected=0
05-24 13:19:06.932 272 389 D displayd: xxxxxxx: updateConnectState: type=-1 connected=0
05-24 13:19:06.932 272 389 D displayd: xxxxxxx: updated: type=2 connected=0
05-24 13:19:06.932 272 389 D displayd: xxxxxxx: updated: type=4 connected=0
05-24 13:19:06.933 272 389 E displayd: xxxxxxx: hdmi connected state is 0
05-24 13:19:06.933 272 389 I sunxihwc: switchDevice: display[1]: type=2 mode=0 enable=0
05-24 13:19:06.933 272 389 I sunxihwc: switchDevice: display[0]: type=4 mode=6 enable=1
05-24 13:19:06.933 272 389 D sunxihwc: setHotplugState: mbHotplug = 1
05-24 13:19:06.933 272 389 I sunxihwc: updateConnectedDevices: display[0] connected=1 type=4 device=0xe97a400c
05-24 13:19:06.933 272 389 I sunxihwc: updateConnectedDevices: display[1] connected=0 type=2 device=0x0
05-24 13:19:06.933 272 389 D sunxihwc: enqueueEvent: enqueueEvent: event 1
05-24 13:19:06.933 272 389 W displayd: xxxxxxx: reset layer mode: 2D-ORIGINAL
05-24 13:19:06.933 272 389 W displayd: xxxxxxx: Request layer mode: 2D-ORIGINAL
05-24 13:19:06.933 272 377 D sunxihwc: setHotplugState: mbHotplug = 0
05-24 13:19:06.933 272 389 I sunxihwc: set3DMode: display[0]: mode=0
05-24 13:19:06.933 272 389 W displayd: xxxxxxx: Current device mapping:
05-24 13:19:06.933 272 389 W displayd: + display [1]: enable=0 type=2 mode=0
05-24 13:19:06.933 272 389 W displayd: + display [0]: enable=1 type=4 mode=6
05-24 13:19:06.934 487 487 D AudioDeviceManagerObserver: name: AUDIO_HDMI, state: 0, type: 1
05-24 13:19:06.936 487 487 D AudioManagerPolicy: On Audio device plug in/out receive,name=AUDIO_HDMI type=1 state=0 extra=null
05-24 13:19:06.936 487 487 V AudioManagerPolicy: chengkan------------- hdmi inactive
05-24 13:19:06.940 487 487 D AudioManagerPolicy: get AUDIO_MANAGE_POLICY is 2
05-24 13:19:06.940 487 487 D AudioManagerPolicy: Policy2 HDMI Plug Out/In Switch! Booting
05-24 13:19:07.073 333 333 E audit : rate limit exceeded
05-24 13:19:06.943 487 621 D WifiCountryCode: evaluateAllCmmStateAndApplyIfAllReady: {ConcreteClientModeManager{id=24966 iface=wlan0 role=ROLE_CLIENT_PRIMARY}=false}
05-24 13:19:06.943 487 487 D AudioManagerEx: AudioManagerEx
05-24 13:19:06.943 487 487 D AudioManagerPolicy: save audio is AUDIO_SPDIF,AUDIO_CODEC,AUDIO_HDMI
05-24 13:19:06.943 487 621 D WifiClientModeImpl[wlan0]: Start Connecting Watchdog 1
05-24 13:19:06.944 487 487 D AudioManagerPolicy: get AUDIO_MANAGE_POLICY is 2
05-24 13:19:06.944 487 487 D AudioManagerPolicy: POLICY_2 Remove USB Audio or No USB Audio Output Device Connected!
05-24 13:19:06.946 487 487 D AudioManagerPolicy: POLICY_2 add codec output!
05-24 13:19:06.946 487 487 D AudioManagerEx: state=audio_devices_out_active,dev=[AUDIO_SPDIF, AUDIO_CODEC, AUDIO_CODEC]
05-24 13:19:06.946 487 487 D AudioManagerEx: enablePassThrough = false
05-24 13:19:06.946 487 487 D AudioManagerEx: hdmiAvailable=true list=[AUDIO_SPDIF, AUDIO_CODEC, AUDIO_CODEC]
05-24 13:19:06.949 487 487 D AudioManagerEx: audio=AUDIO_SPDIF,AUDIO_CODEC,AUDIO_CODEC
05-24 13:19:06.953 1095 1095 E xxxxxxxxxxxxxxx: onReceive:mIsHDMIPlugged = false
05-24 13:19:06.959 263 1331 V audio_hw_primary: adev_set_parameters, mediasw.sft.rawdata=PCM
05-24 13:19:06.959 1095 1300 E hq : ErrorCoroutineExceptionHandler:::runTry error:java.net.UnknownHostException: Unable to resolve host "ottdbui-tyapiqun7.yysh.mgtv.com": No address associated with hostname from=requestMessageList
05-24 13:19:06.960 1095 1110 I OpenGLRenderer: Davey! duration=9223372003085ms; Flags=0, FrameTimelineVsyncId=810, IntendedVsync=33769061989, Vsync=33769061989, InputEventId=0, HandleInputStart=33771569473, AnimationStart=33771573057, PerformTraversalsStart=33771576348, DrawStart=33776299598, FrameDeadline=33809061989, FrameInterval=33771560265, FrameStartTime=20000000, SyncQueued=33777093223, SyncStart=33777432807, IssueDrawCommandsStart=33778593682, SwapBuffers=33816757890, FrameCompleted=9223372036854775807, DequeueBufferDuration=48584, QueueBufferDuration=1334125, GpuCompleted=9223372036854775807, SwapBuffersCompleted=33826280182, DisplayPresentTime=0,
05-24 13:19:06.966 263 1331 V audio_hw_primary: adev_set_parameters, audio_devices_out_active=AUDIO_SPDIF,AUDIO_CODEC,AUDIO_CODEC
05-24 13:19:06.966 263 1331 V audio_hw_primary: out AUDIO_PARAMETER_DEVICES_OUT_ACTIVE: AUDIO_SPDIF,AUDIO_CODEC,AUDIO_CODEC
05-24 13:19:06.966 1223 1223 D RockyReceiver: action: android.net.wifi.STATE_CHANGE
05-24 13:19:06.968 487 1458 E ConnectivityService: Exception = android.content.pm.PackageManager$NameNotFoundException: android.net.cts
05-24 13:19:06.968 263 1331 V audio_hw_primary: set property vendor.audio.output.active: AUDIO_SPDIF,AUDIO_CODEC,AUDIO_CODEC ok
05-24 13:19:06.968 263 1331 V audio_hw_primary: AUDIO_SPDIF output device will be active
05-24 13:19:06.968 263 1331 V audio_hw_primary: AUDIO_CODEC output device will be active
05-24 13:19:06.968 263 1331 V audio_hw_primary: AUDIO_CODEC output device will be active
05-24 13:19:06.970 487 487 D AudioManagerEx: Update Settings.System.AUDIO_OUTPUT_CHANNEL, now save audio is AUDIO_SPDIF,AUDIO_CODEC,AUDIO_CODEC
05-24 13:19:06.980 1095 1110 I OpenGLRenderer: Davey! duration=9223372003053ms; Flags=0, FrameTimelineVsyncId=812, IntendedVsync=33789063219, Vsync=33789063219, InputEventId=0, HandleInputStart=33808921598, AnimationStart=33808924973, PerformTraversalsStart=33808927848, DrawStart=33813130932, FrameDeadline=33829063219, FrameInterval=33808913098, FrameStartTime=20000000, SyncQueued=33814582765, SyncStart=33826522640, IssueDrawCommandsStart=33827581973, SwapBuffers=33838120932, FrameCompleted=9223372036854775807, DequeueBufferDuration=37000, QueueBufferDuration=2133958, GpuCompleted=9223372036854775807, SwapBuffersCompleted=33842714223, DisplayPresentTime=0,
05-24 13:19:06.985 1095 2102 D ProfileInstaller: Skipping profile installation for com.dangbei.leard.leradlauncher
05-24 13:19:06.990 2075 2075 I CarUiInstaller: CarUiInstaller started for com.android.permissioncontroller
05-24 13:19:06.999 1095 1110 I OpenGLRenderer: Davey! duration=9223372003008ms; Flags=0, FrameTimelineVsyncId=818, IntendedVsync=33829062498, Vsync=33829062498, InputEventId=0, HandleInputStart=33829774265, AnimationStart=33829776473, PerformTraversalsStart=33830409848, DrawStart=33832379473, FrameDeadline=33869062498, FrameInterval=33829768682, FrameStartTime=20000000, SyncQueued=33833186765, SyncStart=33850208015, IssueDrawCommandsStart=33851638307, SwapBuffers=33858933807, FrameCompleted=9223372036854775807, DequeueBufferDuration=37834, QueueBufferDuration=1329917, GpuCompleted=9223372036854775807, SwapBuffersCompleted=33862623390, DisplayPresentTime=0,
05-24 13:19:07.024 2075 2075 W Role : Cannot get ApplicationInfo for default holder: com.android.messaging
05-24 13:19:07.032 1095 1110 I OpenGLRenderer: Davey! duration=9223372002985ms; Flags=0, FrameTimelineVsyncId=823, IntendedVsync=33869063421, Vsync=33869063421, InputEventId=0, HandleInputStart=33869619932, AnimationStart=33869625015, PerformTraversalsStart=33869628015, DrawStart=33870577640, FrameDeadline=33909063421, FrameInterval=33869612182, FrameStartTime=20000000, SyncQueued=33871074223, SyncStart=33871340015, IssueDrawCommandsStart=33872353265, SwapBuffers=33879229890, FrameCompleted=9223372036854775807, DequeueBufferDuration=40417, QueueBufferDuration=1059958, GpuCompleted=9223372036854775807, SwapBuffersCompleted=33881324140, DisplayPresentTime=0,
05-24 13:19:07.041 1095 1696 I OpenGLRenderer: Davey! duration=9223372002965ms; Flags=0, FrameTimelineVsyncId=825, IntendedVsync=33889062641, Vsync=33889062641, InputEventId=0, HandleInputStart=33889620640, AnimationStart=33889625640, PerformTraversalsStart=33889628515, DrawStart=33890488182, FrameDeadline=33929062641, FrameInterval=33889611390, FrameStartTime=20000000, SyncQueued=33890948223, SyncStart=33891193598, IssueDrawCommandsStart=33892436557, SwapBuffers=33901682432, FrameCompleted=9223372036854775807, DequeueBufferDuration=38875, QueueBufferDuration=1547709, GpuCompleted=9223372036854775807, SwapBuffersCompleted=33904221765, DisplayPresentTime=0,
05-24 13:19:07.056 1522 1522 E DangBeiStoreApplication onEulaClickResult: 启动channel当前授权
05-24 13:19:07.057 1522 1653 E RecommendCardUtils: checkOrCreateChannel: channel已存在 2
05-24 13:19:07.057 1522 1653 E RecommendCardUtils: false getRecommendData false
05-24 13:19:07.058 1522 1653 D lei_hardWareType: ravenDBBOX-A2
05-24 13:19:07.059 487 510 E ConnectivityService: Exception = android.content.pm.PackageManager$NameNotFoundException: android.net.cts
05-24 13:19:07.063 1095 1110 I OpenGLRenderer: Davey! duration=9223372002945ms; Flags=0, FrameTimelineVsyncId=827, IntendedVsync=33909062955, Vsync=33909062955, InputEventId=0, HandleInputStart=33909602182, AnimationStart=33909606848, PerformTraversalsStart=33909609557, DrawStart=33910849223, FrameDeadline=33949062955, FrameInterval=33909595015, FrameStartTime=20000000, SyncQueued=33911497015, SyncStart=33911766390, IssueDrawCommandsStart=33912891973, SwapBuffers=33919216223, FrameCompleted=9223372036854775807, DequeueBufferDuration=46958, QueueBufferDuration=1184208, GpuCompleted=9223372036854775807, SwapBuffersCompleted=33921482057, DisplayPresentTime=0,
05-24 13:19:07.064 1522 1653 E sony_okhttp: request url: https://db-sonydbapi-dangbei.yysh.mgtv.com/dbapinew/tabs_card_o.php Network is not available
05-24 13:19:07.064 2075 2075 I HibernationPolicy: scheduleHibernationJob with frequency 1296000000ms and threshold 7776000000ms
05-24 13:19:07.068 2075 2075 I HibernationPolicy: user 0 is a profileowner. Running hibernation job.
05-24 13:19:07.070 2075 2075 I HibernationPolicy: Job already scheduled.
05-24 13:19:07.072 487 712 D CompatibilityChangeReporter: Compat change id reported: 135634846; UID 10017; state: DISABLED
05-24 13:19:07.072 487 712 D CompatibilityChangeReporter: Compat change id reported: 177438394; UID 10017; state: DISABLED
05-24 13:19:07.072 487 712 D CompatibilityChangeReporter: Compat change id reported: 135772972; UID 10017; state: DISABLED
05-24 13:19:07.072 487 712 D CompatibilityChangeReporter: Compat change id reported: 135754954; UID 10017; state: ENABLED
05-24 13:19:07.073 487 552 D CompatibilityChangeReporter: Compat change id reported: 143937733; UID 10017; state: ENABLED
05-24 13:19:07.081 1095 1110 I OpenGLRenderer: Davey! duration=9223372002925ms; Flags=0, FrameTimelineVsyncId=829, IntendedVsync=33929064288, Vsync=33929064288, InputEventId=0, HandleInputStart=33929628140, AnimationStart=33929632098, PerformTraversalsStart=33929635515, DrawStart=33930922932, FrameDeadline=33969064288, FrameInterval=33929618682, FrameStartTime=20000000, SyncQueued=33931637890, SyncStart=33932321098, IssueDrawCommandsStart=33933400432, SwapBuffers=33939712265, FrameCompleted=9223372036854775807, DequeueBufferDuration=43625, QueueBufferDuration=2085791, GpuCompleted=9223372036854775807, SwapBuffersCompleted=33942908223, DisplayPresentTime=0,
05-24 13:19:07.083 1095 1375 D AppManager: checkLocalAppsIsValid: success
05-24 13:19:07.092 258 258 D Zygote : Forked child process 2105
05-24 13:19:07.093 487 552 I ActivityManager: app.processName = com.android.providers.calendar
05-24 13:19:07.093 487 552 I ActivityManager: Start proc 2105:com.android.providers.calendar/u0a17 for broadcast {com.android.providers.calendar/com.android.providers.calendar.CalendarReceiver}
05-24 13:19:07.099 487 532 W IorapForwardingService: No service published for: iorapd
05-24 13:19:07.105 2105 2105 I Zygote : seccomp disabled by setenforce 0
05-24 13:19:07.114 278 306 D hdmi-cec: update hdmi connected: 0
05-24 13:19:07.115 278 278 D hdmi-cec: cec physical address: 1.0.0.0
05-24 13:19:07.117 278 278 D hdmi-cec: cec physical address: 1.0.0.0
05-24 13:19:07.126 412 422 I adbd : jdwp connection from 2105
05-24 13:19:07.132 1039 1161 W MediaProvider: getVolumePath for unknown volume: internal
05-24 13:19:07.134 1039 1161 W MediaProvider: getVolumePath for unknown volume: internal
05-24 13:19:07.135 1039 1290 I MediaProvider: Scanned internal due to REASON_MOUNTED, found 230 items in 4451ms, 0 inserts 7 updates 0 deletes
05-24 13:19:07.137 487 712 D CompatibilityChangeReporter: Compat change id reported: 168419799; UID 10017; state: DISABLED
05-24 13:19:07.145 2105 2105 D CompatibilityChangeReporter: Compat change id reported: 171979766; UID 10017; state: ENABLED
05-24 13:19:07.179 2105 2105 V GraphicsEnvironment: ANGLE Developer option for 'com.android.providers.calendar' set to: 'default'
05-24 13:19:07.180 2105 2105 V GraphicsEnvironment: Neither updatable production driver nor prerelease driver is supported.
05-24 13:19:07.182 2105 2105 D NetworkSecurityConfig: No Network Security Config specified, using platform default
05-24 13:19:07.182 2105 2105 D NetworkSecurityConfig: No Network Security Config specified, using platform default
05-24 13:19:07.237 2105 2105 I CalendarProvider2: Created com.android.providers.calendar.CalendarAlarmManager@7a3e186(com.android.providers.calendar.CalendarProvider2@3220a47)
05-24 13:19:07.247 2105 2125 D CompatibilityChangeReporter: Compat change id reported: 160794467; UID 10017; state: ENABLED
05-24 13:19:07.252 487 712 D CompatibilityChangeReporter: Compat change id reported: 143231523; UID 10017; state: DISABLED
05-24 13:19:07.255 487 712 D CompatibilityChangeReporter: Compat change id reported: 171306433; UID 10017; state: ENABLED
05-24 13:19:07.275 487 510 D CompatibilityChangeReporter: Compat change id reported: 135634846; UID 10023; state: DISABLED
05-24 13:19:07.275 487 510 D CompatibilityChangeReporter: Compat change id reported: 177438394; UID 10023; state: DISABLED
05-24 13:19:07.276 487 510 D CompatibilityChangeReporter: Compat change id reported: 135772972; UID 10023; state: DISABLED
05-24 13:19:07.276 487 510 D CompatibilityChangeReporter: Compat change id reported: 135754954; UID 10023; state: ENABLED
05-24 13:19:07.276 487 552 D CompatibilityChangeReporter: Compat change id reported: 143937733; UID 10023; state: ENABLED
05-24 13:19:07.291 258 258 D Zygote : Forked child process 2127
05-24 13:19:07.292 487 552 I ActivityManager: app.processName = com.android.providers.tv
05-24 13:19:07.292 487 552 I ActivityManager: Start proc 2127:com.android.providers.tv/u0a23 for broadcast {com.android.providers.tv/com.android.providers.tv.BootCompletedReceiver}
05-24 13:19:07.304 2127 2127 I Zygote : seccomp disabled by setenforce 0
05-24 13:19:07.317 412 422 I adbd : jdwp connection from 2127
05-24 13:19:07.332 487 510 D CompatibilityChangeReporter: Compat change id reported: 168419799; UID 10023; state: DISABLED
05-24 13:19:07.339 2127 2127 D CompatibilityChangeReporter: Compat change id reported: 171979766; UID 10023; state: ENABLED
05-24 13:19:07.368 2127 2127 V GraphicsEnvironment: ANGLE Developer option for 'com.android.providers.tv' set to: 'default'
05-24 13:19:07.369 2127 2127 V GraphicsEnvironment: Neither updatable production driver nor prerelease driver is supported.
05-24 13:19:07.370 2127 2127 D NetworkSecurityConfig: No Network Security Config specified, using platform default
05-24 13:19:07.371 2127 2127 D NetworkSecurityConfig: No Network Security Config specified, using platform default
05-24 13:19:07.376 2127 2127 D CompatibilityChangeReporter: Compat change id reported: 160794467; UID 10023; state: ENABLED
05-24 13:19:07.440 2144 2144 I rgb_led_ctl: type=1400 audit(0.0:743): avc: denied { write } for name="spidev1.0" dev="tmpfs" ino=212 scontext=u:r:init:s0 tcontext=u:object_r:device:s0 tclass=chr_file permissive=1
05-24 13:19:07.440 2144 2144 I rgb_led_ctl: type=1400 audit(0.0:744): avc: denied { open } for path="/dev/spidev1.0" dev="tmpfs" ino=212 scontext=u:r:init:s0 tcontext=u:object_r:device:s0 tclass=chr_file permissive=1
05-24 13:19:07.440 2144 2144 I rgb_led_ctl: type=1400 audit(0.0:745): avc: denied { ioctl } for path="/dev/spidev1.0" dev="tmpfs" ino=212 ioctlcmd=0x6b01 scontext=u:r:init:s0 tcontext=u:object_r:device:s0 tclass=chr_file permissive=1
05-24 13:19:07.458 1586 1779 I bt_core_module: system/bt/btcore/src/module.cc:90 module_start_up: module_start_up Started module "controller_module"
05-24 13:19:07.458 1586 1779 I bt_btm_pm: system/bt/stack/acl/btm_pm.cc:392 btm_pm_reset: reset pm
05-24 13:19:07.458 1586 1779 I btm_acl : system/bt/stack/acl/btm_acl.cc:654 check_link_policy: hold not supported (settings: 0x000d)
05-24 13:19:07.459 1586 1779 I bt_btm_sec: system/bt/stack/btm/btm_sec.cc:225 BTM_SecRegister: BTM_SecRegister p_cb_info->p_le_callback == 0x0xc7b4e9f5
05-24 13:19:07.459 1586 1779 I bt_btm_sec: system/bt/stack/btm/btm_sec.cc:240 BTM_SecRegister: BTM_SecRegister btm_cb.api.p_le_callback = 0x0xc7b4e9f5
05-24 13:19:07.461 1586 1890 I bluetooth: system/bt/stack/gatt/gatt_api.cc:1019 GATT_Register: Allocated name:GattClient uuid:4d47c976-f484-9030-ed00-82347565dfcd gatt_if:3 eatt_support:0
05-24 13:19:07.469 487 818 D CompatibilityChangeReporter: Compat change id reported: 135634846; UID 10063; state: DISABLED
05-24 13:19:07.469 487 818 D CompatibilityChangeReporter: Compat change id reported: 177438394; UID 10063; state: DISABLED
05-24 13:19:07.470 487 818 D CompatibilityChangeReporter: Compat change id reported: 135772972; UID 10063; state: DISABLED
05-24 13:19:07.470 487 818 D CompatibilityChangeReporter: Compat change id reported: 135754954; UID 10063; state: ENABLED
05-24 13:19:07.470 487 552 D CompatibilityChangeReporter: Compat change id reported: 143937733; UID 10063; state: ENABLED
05-24 13:19:07.484 1586 1890 I bt_stack: [INFO:ble_advertiser_hci_interface.cc(767)] Extended advertising will be in use
05-24 13:19:07.485 1586 1791 D AdapterProperties: BT_PROPERTY_LOCAL_LE_FEATURES: update from BT controller mNumOfAdvertisementInstancesSupported = 0 mRpaOffloadSupported = false mNumOfOffloadedIrkSupported = 0 mNumOfOffloadedScanFilterSupported = 0 mOffloadedScanResultStorageBytes= 0 mIsActivityAndEnergyReporting = false mVersSupported = 0 mTotNumOfTrackableAdv = 0 mIsExtendedScanSupported = false mIsDebugLogSupported = false mIsLe2MPhySupported = true mIsLeCodedPhySupported = true mIsLeExtendedAdvertisingSupported = true mIsLePeriodicAdvertisingSupported = true mLeMaximumAdvertisingDataLength = 1650 mDynamicAudioBufferSizeSupportedCodecsGroup1 = 0 mDynamicAudioBufferSizeSupportedCodecsGroup2 = 0
05-24 13:19:07.488 1586 1890 E bt_btif_storage: system/bt/btif/src/btif_storage.cc:632 btif_storage_get_adapter_property: btif_storage_get_adapter_property: Controller ready!
05-24 13:19:07.488 1586 1890 I bt_btif_storage: system/bt/btif/src/btif_storage.cc:661 btif_storage_get_adapter_property: btif_storage_get_adapter_property service_mask:0x20000000
05-24 13:19:07.488 1586 1890 I bt_stack: [INFO:btif_bqr.cc(229)] EnableBtQualityReport: is_enable: true
05-24 13:19:07.488 1586 1890 W bt_stack: [WARNING:btif_bqr.cc(237)] EnableBtQualityReport: Bluetooth Quality Report is disabled. bqr_prop_evtmask: , bqr_prop_interval_ms:
05-24 13:19:07.489 1586 2150 I bt_osi_thread: system/bt/osi/src/thread.cc:209 run_thread: run_thread: thread id 2150, thread name btif_sock started
05-24 13:19:07.490 1586 1890 I bt_bte_conf: system/bt/main/bte_conf.cc:84 bte_load_did_conf: Device ID record 1 : primary
05-24 13:19:07.490 1586 1890 I bt_bte_conf: system/bt/main/bte_conf.cc:85 bte_load_did_conf: vendorId = 00e0
05-24 13:19:07.490 1586 1890 I bt_bte_conf: system/bt/main/bte_conf.cc:86 bte_load_did_conf: vendorIdSource = 0001
05-24 13:19:07.490 1586 1890 I bt_bte_conf: system/bt/main/bte_conf.cc:87 bte_load_did_conf: product = 1200
05-24 13:19:07.490 1586 1890 I bt_bte_conf: system/bt/main/bte_conf.cc:88 bte_load_did_conf: version = 1436
05-24 13:19:07.490 1586 1890 I bt_bte_conf: system/bt/main/bte_conf.cc:89 bte_load_did_conf: clientExecutableURL =
05-24 13:19:07.490 1586 1890 I bt_bte_conf: system/bt/main/bte_conf.cc:90 bte_load_did_conf: serviceDescription =
05-24 13:19:07.490 1586 1890 I bt_bte_conf: system/bt/main/bte_conf.cc:91 bte_load_did_conf: documentationURL =
05-24 13:19:07.490 1586 1890 I bt_bta_dm: system/bt/bta/dm/bta_dm_act.cc:3198 bta_dm_eir_update_uuid: EIR Adding UUID=0x1200 into extended inquiry response
05-24 13:19:07.490 1586 1890 I bt_bta_dm: system/bt/bta/dm/bta_dm_act.cc:2897 bta_dm_set_eir: Generating extended inquiry response packet EIR
05-24 13:19:07.490 1586 1890 I bt_bte_conf: system/bt/main/bte_conf.cc:47 bte_load_did_conf: bte_load_did_conf no section named DID2.
05-24 13:19:07.490 1586 1890 I bt_btif_core: system/bt/btif/src/btif_core.cc:312 btif_enable_bluetooth_evt: Bluetooth enable event completed
05-24 13:19:07.490 1586 1890 I bt_bta_dm: system/bt/bta/dm/bta_dm_act.cc:2897 bta_dm_set_eir: Generating extended inquiry response packet EIR
05-24 13:19:07.491 1586 1779 I bt_stack_manager: system/bt/btif/src/stack_manager.cc:311 event_start_up_stack: event_start_up_stack finished
05-24 13:19:07.497 1586 1791 D AdapterProperties: Name is: DBBOX-A2
05-24 13:19:07.497 487 487 D BluetoothManagerService: Bluetooth Adapter address changed to B4:2F:03:15:74:2B
05-24 13:19:07.498 487 487 D BluetoothManagerService: Stored Bluetoothaddress: B4:2F:03:15:74:2B
05-24 13:19:07.501 1586 1791 D AdapterProperties: Scan Mode:20
05-24 13:19:07.501 1586 1791 D AdapterProperties: Discoverable Timeout:120
05-24 13:19:07.501 487 487 D BluetoothManagerService: Bluetooth Adapter name changed to DBBOX-A2 by android
05-24 13:19:07.501 487 487 D BluetoothManagerService: Stored Bluetooth name: DBBOX-A2
05-24 13:19:07.501 258 258 D Zygote : Forked child process 2151
05-24 13:19:07.502 1586 1791 D AdapterProperties: Adding bonded device:E4:BB:D3:57:C0:49
05-24 13:19:07.503 487 552 I ActivityManager: app.processName = com.android.remoteprovisioner
05-24 13:19:07.503 487 552 I ActivityManager: Start proc 2151:com.android.remoteprovisioner/u0a63 for broadcast {com.android.remoteprovisioner/com.android.remoteprovisioner.BootReceiver}
05-24 13:19:07.508 1252 1252 I wpa_supplicant: wlan0: Associated with 58:fb:96:fc:8b:ec
05-24 13:19:07.508 1252 1252 I wpa_supplicant: wlan0: CTRL-EVENT-SUBNET-STATUS-UPDATE status=0
05-24 13:19:07.509 1252 1252 I wpa_supplicant: wlan0: CTRL-EVENT-REGDOM-CHANGE init=COUNTRY_IE type=COUNTRY alpha2=CN
05-24 13:19:07.513 1252 1252 I wpa_supplicant: wlan0: WPA: RX message 1 of 4-Way Handshake from 58:fb:96:fc:8b:ec (ver=2)
05-24 13:19:07.513 1252 1252 I wpa_supplicant: wlan0: WPA: Sending EAPOL-Key 2/4
05-24 13:19:07.514 386 386 I wificond: Regulatory domain changed to country: CN on wiphy_index: 0
05-24 13:19:07.514 487 1458 D WifiNl80211Manager: OnRegDomainChanged CN
05-24 13:19:07.515 487 1458 D WifiNative: onCountryCodeChanged: CN
05-24 13:19:07.515 487 1458 I WifiCountryCode: Receive onDriverCountryCodeChanged CN
05-24 13:19:07.516 1252 1252 I wpa_supplicant: wlan0: WPA: RX message 3 of 4-Way Handshake from 58:fb:96:fc:8b:ec (ver=2)
05-24 13:19:07.516 1252 1252 I wpa_supplicant: wlan0: WPA: Sending EAPOL-Key 4/4
05-24 13:19:07.517 1586 1761 I AdapterState: BLE_ON : entered
05-24 13:19:07.517 1586 1761 D AdapterProperties: Setting state to BLE_ON
05-24 13:19:07.518 1586 1761 D BluetoothAdapterService: updateAdapterState() - Broadcasting state BLE_ON to 1 receivers.
05-24 13:19:07.519 386 386 I wificond: 2.4Ghz frequencies: 2412 2417 2422 2427 2432 2437 2442 2447 2452 2457 2462 2467 2472
05-24 13:19:07.520 386 386 I wificond: 5Ghz non-DFS frequencies: 5180 5200 5220 5240 5745 5765 5785 5805 5825
05-24 13:19:07.520 386 386 I wificond: 5Ghz DFS frequencies: 5260 5280 5300 5320
05-24 13:19:07.520 2151 2151 I Zygote : seccomp disabled by setenforce 0
05-24 13:19:07.520 386 386 I wificond: 6Ghz frequencies:
05-24 13:19:07.520 386 386 I wificond: 60Ghz frequencies:
05-24 13:19:07.521 1252 1252 I wpa_supplicant: wlan0: WPA: Key negotiation completed with 58:fb:96:fc:8b:ec [PTK=CCMP GTK=TKIP]
05-24 13:19:07.521 1252 1252 I wpa_supplicant: wlan0: CTRL-EVENT-CONNECTED - Connection to 58:fb:96:fc:8b:ec completed [id=0 id_str=%7B%22configKey%22%3A%22%5C%22DB-AN%5C%22WPA_PSK%22%2C%22creatorUid%22%3A%2210024%22%7D]
05-24 13:19:07.524 487 530 W PppoeNetworkFactory: interfaceLinkStateChanged
05-24 13:19:07.524 487 530 D PppoeNetworkFactory: updateInterface: mIface: mPhyIface:eth0 iface:wlan0 link:up
05-24 13:19:07.524 487 530 D PppoeNetworkFactory: not tracker interface
05-24 13:19:07.524 487 530 I EthernetTracker: interfaceLinkStateChanged, iface: wlan0, up: true
05-24 13:19:07.529 487 532 D BluetoothManagerService: MESSAGE_BLUETOOTH_STATE_CHANGE: BLE_TURNING_ON > BLE_ON
05-24 13:19:07.529 487 532 D BluetoothManagerService: Bluetooth is in LE only mode
05-24 13:19:07.529 487 532 D BluetoothManagerService: Binding Bluetooth GATT service
05-24 13:19:07.532 487 532 D BluetoothManagerService: Sending BLE State Change: BLE_TURNING_ON > BLE_ON
05-24 13:19:07.533 487 532 W BluetoothManagerService: bluetooth is recovered from error
05-24 13:19:07.541 412 422 I adbd : jdwp connection from 2151
05-24 13:19:07.541 487 487 D BluetoothManagerService: BluetoothServiceConnection: com.android.bluetooth.gatt.GattService
05-24 13:19:07.542 487 532 D BluetoothManagerService: MESSAGE_BLUETOOTH_SERVICE_CONNECTED: 2
05-24 13:19:07.542 487 532 D BluetoothManagerService: continueFromBleOnState()
05-24 13:19:07.544 1586 1761 I AdapterState: TURNING_ON : entered
05-24 13:19:07.544 1586 1761 D AdapterProperties: Setting state to TURNING_ON
05-24 13:19:07.546 1586 1761 D BluetoothAdapterService: updateAdapterState() - Broadcasting state TURNING_ON to 1 receivers.
05-24 13:19:07.547 1586 1761 D BluetoothAdapterService: startCoreServices()
05-24 13:19:07.548 487 532 D BluetoothManagerService: Persisting Bluetooth Setting: 1
05-24 13:19:07.548 487 532 D BluetoothManagerService: MESSAGE_BLUETOOTH_STATE_CHANGE: BLE_ON > TURNING_ON
05-24 13:19:07.548 487 532 D BluetoothManagerService: Sending BLE State Change: BLE_ON > TURNING_ON
05-24 13:19:07.549 1223 1223 D RockyReceiver: action: android.net.wifi.STATE_CHANGE
05-24 13:19:07.549 487 532 D BluetoothManagerService: Sending State Change: OFF > TURNING_ON
05-24 13:19:07.550 487 510 E ConnectivityService: Exception = android.content.pm.PackageManager$NameNotFoundException: android.net.cts
05-24 13:19:07.556 1421 1421 I hpplay-java: [main]:hpplay-aw:[main]:TalkReceiver:action: android.bluetooth.adapter.action.STATE_CHANGED
05-24 13:19:07.563 1586 1799 D BluetoothActiveDeviceManager: handleMessage(MESSAGE_ADAPTER_ACTION_STATE_CHANGED): newState=11
05-24 13:19:07.565 1586 1586 I HeadsetService: create()
05-24 13:19:07.567 487 621 I WifiService: onDriverCountryCodeChanged CN
05-24 13:19:07.567 1586 1586 I HeadsetService: start()
05-24 13:19:07.572 1586 1586 I BluetoothHeadsetServiceJni: classInitNative: succeeds
05-24 13:19:07.572 1586 1586 I bt_btif : system/bt/btif/src/bluetooth.cc:417 get_profile_interface: get_profile_interface: id = handsfree
05-24 13:19:07.572 1586 1586 I bt_stack: [INFO:btif_hf.cc(1491)] GetInterface
05-24 13:19:07.572 1586 1586 I bt_btif_storage: system/bt/btif/src/btif_storage.cc:661 btif_storage_get_adapter_property: btif_storage_get_adapter_property service_mask:0x20000040
05-24 13:19:07.573 487 510 D CompatibilityChangeReporter: Compat change id reported: 168419799; UID 10063; state: DISABLED
05-24 13:19:07.573 1421 1421 W hpplay-java: [main]:IPManager:getActiveNets invalid networkInfo:null
05-24 13:19:07.574 1586 1890 I bt_bta_dm: system/bt/bta/dm/bta_dm_act.cc:3198 bta_dm_eir_update_uuid: EIR Adding UUID=0x1112 into extended inquiry response
05-24 13:19:07.574 1586 1890 I bt_bta_dm: system/bt/bta/dm/bta_dm_act.cc:2897 bta_dm_set_eir: Generating extended inquiry response packet EIR
05-24 13:19:07.574 1586 1890 I bt_bta_dm: system/bt/bta/dm/bta_dm_act.cc:3198 bta_dm_eir_update_uuid: EIR Adding UUID=0x111F into extended inquiry response
05-24 13:19:07.574 1586 1890 I bt_bta_dm: system/bt/bta/dm/bta_dm_act.cc:2897 bta_dm_set_eir: Generating extended inquiry response packet EIR
05-24 13:19:07.574 1421 1421 I hpplay-java: [main]:IPManager:getActiveNets eth0:false wifi:false mobile:false ap:false
05-24 13:19:07.574 1586 1890 I bt_stack: [INFO:port_api.cc(234)] RFCOMM_CreateConnection: bd_addr=ff:ff:ff:ff:ff:ff, scn=2, is_server=1, mtu=256, uuid=0x1112, dlci=4, signal_state=0x0b, p_port=0xc8058ea4
05-24 13:19:07.574 1421 1421 I hpplay-java: [main]:IPManager:nets is null force get ip addr
05-24 13:19:07.574 1586 1890 I bt_stack: [INFO:port_api.cc(234)] RFCOMM_CreateConnection: bd_addr=ff:ff:ff:ff:ff:ff, scn=3, is_server=1, mtu=256, uuid=0x111f, dlci=6, signal_state=0x0b, p_port=0xc8058f2c
05-24 13:19:07.574 1586 1890 I bt_stack: [INFO:port_api.cc(234)] RFCOMM_CreateConnection: bd_addr=ff:ff:ff:ff:ff:ff, scn=2, is_server=1, mtu=256, uuid=0x1112, dlci=4, signal_state=0x0b, p_port=0xc8058fb4
05-24 13:19:07.574 1586 1791 I bt_stack: [INFO:btif_hf.cc(289)] btif_hf_upstreams_evt: AG enable/disable event 0
05-24 13:19:07.572 1421 1421 I ay.happyplay.aw: type=1400 audit(0.0:746): avc: denied { search } for name="net" dev="sysfs" ino=10442 scontext=u:r:untrusted_app:s0:c82,c256,c512,c768 tcontext=u:object_r:sysfs_net:s0 tclass=dir permissive=1 app=com.hpplay.happyplay.aw
05-24 13:19:07.576 1421 1421 I ay.happyplay.aw: type=1400 audit(0.0:747): avc: denied { read } for name="address" dev="sysfs" ino=16906 scontext=u:r:untrusted_app:s0:c82,c256,c512,c768 tcontext=u:object_r:sysfs_net:s0 tclass=file permissive=1 app=com.hpplay.happyplay.aw
05-24 13:19:07.579 1421 1421 I hpplay-java: [main]:ServerTaskManager:get local ip:null
05-24 13:19:07.590 2151 2151 D CompatibilityChangeReporter: Compat change id reported: 171979766; UID 10063; state: ENABLED
05-24 13:19:07.597 1586 1890 I bt_stack: [INFO:port_api.cc(234)] RFCOMM_CreateConnection: bd_addr=ff:ff:ff:ff:ff:ff, scn=3, is_server=1, mtu=256, uuid=0x111f, dlci=6, signal_state=0x0b, p_port=0xc805903c
05-24 13:19:07.597 1586 1890 I bt_stack: [INFO:port_api.cc(234)] RFCOMM_CreateConnection: bd_addr=ff:ff:ff:ff:ff:ff, scn=2, is_server=1, mtu=256, uuid=0x1112, dlci=4, signal_state=0x0b, p_port=0xc80590c4
05-24 13:19:07.597 1586 1890 I bt_stack: [INFO:port_api.cc(234)] RFCOMM_CreateConnection: bd_addr=ff:ff:ff:ff:ff:ff, scn=3, is_server=1, mtu=256, uuid=0x111f, dlci=6, signal_state=0x0b, p_port=0xc805914c
05-24 13:19:07.597 1586 1890 I bt_stack: [INFO:port_api.cc(234)] RFCOMM_CreateConnection: bd_addr=ff:ff:ff:ff:ff:ff, scn=2, is_server=1, mtu=256, uuid=0x1112, dlci=4, signal_state=0x0b, p_port=0xc80591d4
05-24 13:19:07.598 1586 1890 I bt_stack: [INFO:port_api.cc(234)] RFCOMM_CreateConnection: bd_addr=ff:ff:ff:ff:ff:ff, scn=3, is_server=1, mtu=256, uuid=0x111f, dlci=6, signal_state=0x0b, p_port=0xc805925c
05-24 13:19:07.598 1586 1890 I bt_stack: [INFO:port_api.cc(234)] RFCOMM_CreateConnection: bd_addr=ff:ff:ff:ff:ff:ff, scn=2, is_server=1, mtu=256, uuid=0x1112, dlci=4, signal_state=0x0b, p_port=0xc80592e4
05-24 13:19:07.598 1586 1890 I bt_stack: [INFO:port_api.cc(234)] RFCOMM_CreateConnection: bd_addr=ff:ff:ff:ff:ff:ff, scn=3, is_server=1, mtu=256, uuid=0x111f, dlci=6, signal_state=0x0b, p_port=0xc805936c
05-24 13:19:07.598 1586 1890 I bt_stack: [INFO:port_api.cc(234)] RFCOMM_CreateConnection: bd_addr=ff:ff:ff:ff:ff:ff, scn=2, is_server=1, mtu=256, uuid=0x1112, dlci=4, signal_state=0x0b, p_port=0xc80593f4
05-24 13:19:07.598 1586 1890 I bt_stack: [INFO:port_api.cc(234)] RFCOMM_CreateConnection: bd_addr=ff:ff:ff:ff:ff:ff, scn=3, is_server=1, mtu=256, uuid=0x111f, dlci=6, signal_state=0x0b, p_port=0xc805947c
05-24 13:19:07.598 1586 1586 I A2dpService: create()
05-24 13:19:07.604 487 487 D BluetoothA2dp: Proxy object connected
05-24 13:19:07.605 487 487 D BluetoothA2dp: Proxy object connected
05-24 13:19:07.606 487 487 D BluetoothA2dp: Proxy object connected
05-24 13:19:07.611 1586 1586 I A2dpService: start()
05-24 13:19:07.611 1586 1586 I BluetoothA2dpServiceJni: classInitNative: succeeds
05-24 13:19:07.613 1223 1223 D RockyReceiver: action: android.net.wifi.STATE_CHANGE
05-24 13:19:07.614 487 510 E ConnectivityService: Exception = android.content.pm.PackageManager$NameNotFoundException: android.net.cts
05-24 13:19:07.618 487 621 D ConnectivityService: registerNetworkAgent NetworkAgentInfo{network{100} handle{432902426637} ni{WIFI CONNECTING extra: } Score(60 ; KeepConnected : 0 ; Policies : IS_UNMETERED) lp{{LinkAddresses: [ ] DnsAddresses: [ ] Domains: null MTU: 0 Routes: [ ]}} nc{[ Transports: WIFI Capabilities: NOT_METERED&INTERNET&NOT_RESTRICTED&TRUSTED&NOT_VPN&NOT_ROAMING&FOREGROUND&NOT_CONGESTED&NOT_SUSPENDED&NOT_VCN_MANAGED LinkUpBandwidth>=192000Kbps LinkDnBandwidth>=192000Kbps Specifier: TransportInfo: OwnerUid: 10024 AdminUids: [10024] SSID: "DB-AN"]}}
05-24 13:19:07.620 1586 1586 I A2dpService: Max connected audio devices set to 5
05-24 13:19:07.621 1586 1586 I bt_btif : system/bt/btif/src/bluetooth.cc:417 get_profile_interface: get_profile_interface: id = a2dp
05-24 13:19:07.621 1586 1586 I btif_av : system/bt/btif/src/btif_av.cc:965 Init: bt_status_t BtifAvSource::Init(btav_source_callbacks_t *, int, const std::vector &, const std::vector &): max_connected_audio_devices=5
05-24 13:19:07.622 1586 1586 I a2dp_codec: system/bt/stack/a2dp/a2dp_codec_config.cc:569 init: init
05-24 13:19:07.622 1586 1586 I a2dp_codec: system/bt/stack/a2dp/a2dp_codec_config.cc:113 createCodec: createCodec: codec SBC
05-24 13:19:07.622 1586 1586 I a2dp_codec: system/bt/stack/a2dp/a2dp_codec_config.cc:633 init: init: updated SBC codec priority to 1001
05-24 13:19:07.622 1586 1586 I a2dp_codec: system/bt/stack/a2dp/a2dp_codec_config.cc:113 createCodec: createCodec: codec AAC
05-24 13:19:07.623 1586 1586 I a2dp_codec: system/bt/stack/a2dp/a2dp_codec_config.cc:633 init: init: updated AAC codec priority to 2001
05-24 13:19:07.625 1586 1586 I a2dp_codec: system/bt/stack/a2dp/a2dp_codec_config.cc:113 createCodec: createCodec: codec aptX
05-24 13:19:07.627 1586 1586 E a2dp_vendor_aptx_encoder: system/bt/stack/a2dp/a2dp_vendor_aptx_encoder.cc:123 A2DP_VendorLoadEncoderAptx: A2DP_VendorLoadEncoderAptx: cannot open aptX encoder library libaptX_encoder.so: dlopen failed: library "libaptX_encoder.so" not found
05-24 13:19:07.627 1586 1586 E a2dp_vendor_aptx: system/bt/stack/a2dp/a2dp_vendor_aptx.cc:465 init: init: cannot load the encoder
05-24 13:19:07.627 1586 1586 I a2dp_codec: system/bt/stack/a2dp/a2dp_codec_config.cc:113 createCodec: createCodec: codec aptX-HD
05-24 13:19:07.628 1586 1586 E a2dp_vendor_aptx_hd_encoder: system/bt/stack/a2dp/a2dp_vendor_aptx_hd_encoder.cc:123 A2DP_VendorLoadEncoderAptxHd: A2DP_VendorLoadEncoderAptxHd: cannot open aptX-HD encoder library libaptXHD_encoder.so: dlopen failed: library "libaptXHD_encoder.so" not found
05-24 13:19:07.629 1586 1586 E a2dp_vendor_aptx_hd: system/bt/stack/a2dp/a2dp_vendor_aptx_hd.cc:483 init: init: cannot load the encoder
05-24 13:19:07.629 1586 1586 I a2dp_codec: system/bt/stack/a2dp/a2dp_codec_config.cc:113 createCodec: createCodec: codec LDAC
05-24 13:19:07.629 1252 1252 E wpa_supplicant: nl80211: kernel reports: unexpected nested data
05-24 13:19:07.635 1586 1586 I a2dp_codec: system/bt/stack/a2dp/a2dp_codec_config.cc:633 init: init: updated LDAC codec priority to 5001
05-24 13:19:07.635 1586 1586 I a2dp_codec: system/bt/stack/a2dp/a2dp_codec_config.cc:113 createCodec: createCodec: codec SBC SINK
05-24 13:19:07.635 1586 1586 I a2dp_codec: system/bt/stack/a2dp/a2dp_codec_config.cc:113 createCodec: createCodec: codec AAC SINK
05-24 13:19:07.635 1586 1586 I a2dp_codec: system/bt/stack/a2dp/a2dp_codec_config.cc:113 createCodec: createCodec: codec LDAC SINK
05-24 13:19:07.637 1586 1586 E a2dp_vendor_ldac_decoder: system/bt/stack/a2dp/a2dp_vendor_ldac_decoder.cc:134 A2DP_VendorLoadDecoderLdac: A2DP_VendorLoadDecoderLdac: cannot open LDAC decoder library libldacBT_bco.so: dlopen failed: library "libldacBT_bco.so" not found
05-24 13:19:07.637 1586 1586 E a2dp_vendor_ldac: system/bt/stack/a2dp/a2dp_vendor_ldac.cc:1418 init: init: cannot load the decoder
05-24 13:19:07.637 1586 1586 I a2dp_codec: system/bt/stack/a2dp/a2dp_codec_config.cc:658 init: init: initialized Source codec LDAC
05-24 13:19:07.637 1586 1586 I a2dp_codec: system/bt/stack/a2dp/a2dp_codec_config.cc:658 init: init: initialized Source codec AAC
05-24 13:19:07.637 1586 1586 I a2dp_codec: system/bt/stack/a2dp/a2dp_codec_config.cc:658 init: init: initialized Source codec SBC
05-24 13:19:07.637 1586 1586 I a2dp_codec: system/bt/stack/a2dp/a2dp_codec_config.cc:665 init: init: initialized Sink codec AAC SINK
05-24 13:19:07.637 1586 1586 I a2dp_codec: system/bt/stack/a2dp/a2dp_codec_config.cc:665 init: init: initialized Sink codec SBC SINK
05-24 13:19:07.637 1586 1586 I a2dp_codec: system/bt/stack/a2dp/a2dp_codec_config.cc:569 init: init
05-24 13:19:07.637 1586 1586 I a2dp_codec: system/bt/stack/a2dp/a2dp_codec_config.cc:113 createCodec: createCodec: codec SBC
05-24 13:19:07.637 1586 1586 I a2dp_codec: system/bt/stack/a2dp/a2dp_codec_config.cc:633 init: init: updated SBC codec priority to 1001
05-24 13:19:07.637 1586 1586 I a2dp_codec: system/bt/stack/a2dp/a2dp_codec_config.cc:113 createCodec: createCodec: codec AAC
05-24 13:19:07.637 1586 1586 I a2dp_codec: system/bt/stack/a2dp/a2dp_codec_config.cc:633 init: init: updated AAC codec priority to 2001
05-24 13:19:07.637 1586 1586 I a2dp_codec: system/bt/stack/a2dp/a2dp_codec_config.cc:113 createCodec: createCodec: codec aptX
05-24 13:19:07.638 1586 1586 E a2dp_vendor_aptx_encoder: system/bt/stack/a2dp/a2dp_vendor_aptx_encoder.cc:123 A2DP_VendorLoadEncoderAptx: A2DP_VendorLoadEncoderAptx: cannot open aptX encoder library libaptX_encoder.so: dlopen failed: library "libaptX_encoder.so" not found
05-24 13:19:07.638 1586 1586 E a2dp_vendor_aptx: system/bt/stack/a2dp/a2dp_vendor_aptx.cc:465 init: init: cannot load the encoder
05-24 13:19:07.638 1586 1586 I a2dp_codec: system/bt/stack/a2dp/a2dp_codec_config.cc:113 createCodec: createCodec: codec aptX-HD
05-24 13:19:07.639 1586 1586 E a2dp_vendor_aptx_hd_encoder: system/bt/stack/a2dp/a2dp_vendor_aptx_hd_encoder.cc:123 A2DP_VendorLoadEncoderAptxHd: A2DP_VendorLoadEncoderAptxHd: cannot open aptX-HD encoder library libaptXHD_encoder.so: dlopen failed: library "libaptXHD_encoder.so" not found
05-24 13:19:07.639 1586 1586 E a2dp_vendor_aptx_hd: system/bt/stack/a2dp/a2dp_vendor_aptx_hd.cc:483 init: init: cannot load the encoder
05-24 13:19:07.639 1586 1586 I a2dp_codec: system/bt/stack/a2dp/a2dp_codec_config.cc:113 createCodec: createCodec: codec LDAC
05-24 13:19:07.640 672 672 E WifiHAL : wifi_get_packet_filter_capabilities: requestResponse() error: -3
05-24 13:19:07.640 672 672 I WifiHAL : Packet filtering is not supprted
05-24 13:19:07.643 1223 1223 D RockyReceiver: action: android.net.wifi.STATE_CHANGE
05-24 13:19:07.644 1586 1586 I a2dp_codec: system/bt/stack/a2dp/a2dp_codec_config.cc:633 init: init: updated LDAC codec priority to 5001
05-24 13:19:07.644 1586 1586 I a2dp_codec: system/bt/stack/a2dp/a2dp_codec_config.cc:113 createCodec: createCodec: codec SBC SINK
05-24 13:19:07.644 1586 1586 I a2dp_codec: system/bt/stack/a2dp/a2dp_codec_config.cc:113 createCodec: createCodec: codec AAC SINK
05-24 13:19:07.644 1586 1586 I a2dp_codec: system/bt/stack/a2dp/a2dp_codec_config.cc:113 createCodec: createCodec: codec LDAC SINK
05-24 13:19:07.644 487 510 E ConnectivityService: Exception = android.content.pm.PackageManager$NameNotFoundException: android.net.cts
05-24 13:19:07.648 1586 1586 E a2dp_vendor_ldac_decoder: system/bt/stack/a2dp/a2dp_vendor_ldac_decoder.cc:134 A2DP_VendorLoadDecoderLdac: A2DP_VendorLoadDecoderLdac: cannot open LDAC decoder library libldacBT_bco.so: dlopen failed: library "libldacBT_bco.so" not found
05-24 13:19:07.648 1586 1586 E a2dp_vendor_ldac: system/bt/stack/a2dp/a2dp_vendor_ldac.cc:1418 init: init: cannot load the decoder
05-24 13:19:07.648 1586 1586 I a2dp_codec: system/bt/stack/a2dp/a2dp_codec_config.cc:658 init: init: initialized Source codec LDAC
05-24 13:19:07.648 1586 1586 I a2dp_codec: system/bt/stack/a2dp/a2dp_codec_config.cc:658 init: init: initialized Source codec AAC
05-24 13:19:07.648 1586 1586 I a2dp_codec: system/bt/stack/a2dp/a2dp_codec_config.cc:658 init: init: initialized Source codec SBC
05-24 13:19:07.648 1586 1586 I a2dp_codec: system/bt/stack/a2dp/a2dp_codec_config.cc:665 init: init: initialized Sink codec AAC SINK
05-24 13:19:07.648 1586 1586 I a2dp_codec: system/bt/stack/a2dp/a2dp_codec_config.cc:665 init: init: initialized Sink codec SBC SINK
05-24 13:19:07.648 1586 1586 I a2dp_codec: system/bt/stack/a2dp/a2dp_codec_config.cc:569 init: init
05-24 13:19:07.648 1586 1586 I a2dp_codec: system/bt/stack/a2dp/a2dp_codec_config.cc:113 createCodec: createCodec: codec SBC
05-24 13:19:07.648 1586 1586 I a2dp_codec: system/bt/stack/a2dp/a2dp_codec_config.cc:633 init: init: updated SBC codec priority to 1001
05-24 13:19:07.648 1586 1586 I a2dp_codec: system/bt/stack/a2dp/a2dp_codec_config.cc:113 createCodec: createCodec: codec AAC
05-24 13:19:07.648 1586 1586 I a2dp_codec: system/bt/stack/a2dp/a2dp_codec_config.cc:633 init: init: updated AAC codec priority to 2001
05-24 13:19:07.648 1586 1586 I a2dp_codec: system/bt/stack/a2dp/a2dp_codec_config.cc:113 createCodec: createCodec: codec aptX
05-24 13:19:07.648 672 672 E WifiHAL : wifi_get_link_stats: requestResponse Error:-5
05-24 13:19:07.649 1586 1586 E a2dp_vendor_aptx_encoder: system/bt/stack/a2dp/a2dp_vendor_aptx_encoder.cc:123 A2DP_VendorLoadEncoderAptx: A2DP_VendorLoadEncoderAptx: cannot open aptX encoder library libaptX_encoder.so: dlopen failed: library "libaptX_encoder.so" not found
05-24 13:19:07.649 1586 1586 E a2dp_vendor_aptx: system/bt/stack/a2dp/a2dp_vendor_aptx.cc:465 init: init: cannot load the encoder
05-24 13:19:07.649 1586 1586 I a2dp_codec: system/bt/stack/a2dp/a2dp_codec_config.cc:113 createCodec: createCodec: codec aptX-HD
