05-24 13:19:05.470 1421 1550 I hpplay-java: [P:ServConn:1]:LelinkCastImpl:setCastModeListener com.hpplay.happyplay.lib.manager.-$$Lambda$LelinkHelper$osF3hjYS8Nu43TdFhlCUjQDl6Lo@f9394d7
05-24 13:19:05.470 1421 1550 I hpplay-java: [P:ServConn:1]:LelinkCastImpl:setPinMode 1
05-24 13:19:05.471 1421 1550 I hpplay-java: [P:ServConn:1]:LelinkCastImpl:setPinCallback com.hpplay.happyplay.lib.manager.LelinkHelper$2@e10a922
05-24 13:19:05.471 1421 1550 W hpplay-java: [P:ServConn:1]:PinCodeCreator:createPinCode mismatch server state: 0
05-24 13:19:05.471 1421 1550 I hpplay-java: [P:ServConn:1]:LelinkCastImpl:showHarassMenu 0
05-24 13:19:05.472 1421 1550 I hpplay-java: [P:ServConn:1]:LelinkCastImpl:setWRPassCallback com.hpplay.happyplay.lib.manager.LelinkHelper$5@9f3e970
05-24 13:19:05.472 1421 1550 I hpplay-java: [P:ServConn:1]:Feature:isSupportWrByMemory,true
05-24 13:19:05.472 1421 1550 I hpplay-java: [P:ServConn:1]:LelinkCastImpl:setWrSwitchCallback value: com.hpplay.happyplay.lib.manager.-$$Lambda$LelinkHelper$LToDx8kI0zJIHBcStlb1AriIFes@e7a11c4
05-24 13:19:05.472 1421 1550 I hpplay-java: [P:ServConn:1]:LelinkCastImpl:setCloudMirrorCallback com.hpplay.happyplay.lib.manager.-$$Lambda$LelinkHelper$JUR0cevtndu77lsHvCcKSezTRoA@cfb78ad
05-24 13:19:05.472 1421 1550 I hpplay-java: [P:ServConn:1]:LelinkCastImpl:setMultipleSpeedEnable 1
05-24 13:19:05.473 1421 1550 I hpplay-java: [P:ServConn:1]:LelinkCastImpl:setBusinessCallback com.hpplay.happyplay.lib.manager.LelinkHelper$7@9062c9c
05-24 13:19:05.473 1421 1550 I hpplay-java: [P:ServConn:1]:LelinkCastImpl:setPublicConnectListener com.hpplay.happyplay.lib.manager.LelinkHelper$11@8a547e2
05-24 13:19:05.473 1421 1550 I hpplay-java: [P:ServConn:1]:LelinkCastImpl:setMiniProgramQRListener com.hpplay.happyplay.lib.manager.LelinkHelper$1@9de96ed
05-24 13:19:05.473 1421 1550 I hpplay-java: [P:ServConn:1]:CreateUtils:isServerStartAndAuth token is null
05-24 13:19:05.473 1421 1550 I hpplay-java: [P:ServConn:1]:LelinkCastImpl:setLelinkFpAssistant status: 1
05-24 13:19:05.480 192 192 I hwservicemanager: Since android.hardware.drm@1.0::IDrmFactory/clearkey is not registered, trying to start it as a lazy HAL.
05-24 13:19:05.482 192 192 I hwservicemanager: Since android.hardware.drm@1.0::IDrmFactory/clearkey is not registered, trying to start it as a lazy HAL.
05-24 13:19:05.482 1421 1647 I HidlServiceManagement: getService: Trying again for android.hardware.drm@1.0::IDrmFactory/clearkey...
05-24 13:19:05.483 1421 1550 I hpplay-java: [P:ServConn:1]:LelinkCastImpl:performAction action: ACTION_STARTSERVER
05-24 13:19:05.484 1421 1550 I hpplay-java: [P:ServConn:1]:LelinkCastImpl:startServer
05-24 13:19:05.484 1421 1550 I hpplay-java: [P:ServConn:1]:LelinkCastImpl:registerReceiver mNetworkReceiver: null
05-24 13:19:05.484 1421 1550 I hpplay-java: [P:ServConn:1]:LBHandler:create name: NetworkReceiver looper:Looper (main, tid 2) {3729ae6}
05-24 13:19:05.484 1421 1550 I hpplay-java: [P:ServConn:1]:NetworkReceiver:NetworkReceiver context: com.hpplay.happyplay.aw.app.AirPlayApplication@7a3e186
05-24 13:19:05.501 1095 1110 I OpenGLRenderer: Davey! duration=9223372004525ms; Flags=0, FrameTimelineVsyncId=784, IntendedVsync=32329090806, Vsync=32329090806, InputEventId=0, HandleInputStart=32329734556, AnimationStart=32329737723, PerformTraversalsStart=32329740681, DrawStart=32330129514, FrameDeadline=32369090806, FrameInterval=32329726931, FrameStartTime=20000000, SyncQueued=32330577223, SyncStart=32330769598, IssueDrawCommandsStart=32331403264, SwapBuffers=32340122306, FrameCompleted=9223372036854775807, DequeueBufferDuration=41000, QueueBufferDuration=1203375, GpuCompleted=9223372036854775807, SwapBuffersCompleted=32348071806, DisplayPresentTime=0,
05-24 13:19:05.503 1421 1642 I hpplay-java: [P:CPUSerial:1]:BaseRunnable:P:CPUSerial:17 onCompletion change name ...
05-24 13:19:05.503 1421 1642 I hpplay-java: [P:CPUSerial:0]:BaseRunnable:P:udtIp:18 start running ...
05-24 13:19:05.507 264 264 I bt_userial_vendor: device fd = 5 open
05-24 13:19:05.507 264 264 I bt_userial_vendor: userial_vendor_open set usrdebug mode to tty.
05-24 13:19:05.507 264 264 I bt_userial_vendor: open /sys/devices/platform/wcn_bt/dumpmem faild, error=No such file or directory (2)
05-24 13:19:05.507 264 264 I bt_userial_vendor: open /sys/devices/platform/sprd-mtty/dumpmem faild, error=No such file or directory (2)
05-24 13:19:05.507 264 264 I bt_chip_vendor: marlin3_pskey_preload
05-24 13:19:05.507 264 264 D bt_vnd_hci: sprd_vnd_send_hci_vsc a0 fc b0 00 1f 00 00 bf ff 8d fe db 3d 7b 87 ff a7 ff 7f 00 e0 f7 3e 89 b8 31 26 9d b6 ec 01 01 01 ff 00 ff ff 00 00 00 00 00 00 00 00 00 00 00 00 00 00 00 00 00 00 00 00 00 00 00 00 00 00 00 00 00 00 00 00 00 00 4d 00 66 01 4d 00 66 01 00 00 00 00 00 00 00 00 00 00 00 00 01 01 01 00 00 00 00 00 00 00 00 00 28 00 00 00 06 08 0c 22 00 00 00 00 00 00 00 00 00 ff 00 00 00 00 00 00 00 00 00 00 00 00 00 00 00 00 00 00 e2 04 40 1f 20 00 c8 00 06 00 00 00 00 00 00 00 00 00 00 00 00 00 00 00 00 00 00 00 00 00 00 00 00 00 00 00 00 00 00 00
05-24 13:19:05.508 264 264 E bt_upio : upio_set : /proc/bluetooth/sleep/btwrite(-1) incorrent
05-24 13:19:05.512 264 1887 I bt_chip_vendor: Bluetooth Firmware Node: 8314 Date: 2015-08-01
05-24 13:19:05.513 264 1887 I bt_chip_vendor: yujian.qin marlin3_rf_preload
05-24 13:19:05.513 264 1887 D bt_vnd_hci: sprd_vnd_send_hci_vsc a2 fc fc 00 e0 00 e0 00 e0 00 e0 00 e0 00 e0 15 41 15 3a 15 34 15 2e 15 27 15 21 15 17 15 11 15 0b 15 07 15 3b 15 37 15 33 15 2f 15 2b 15 27 15 23 15 1f 15 1b 15 17 15 13 15 0f 15 0b 15 08 15 04 15 00 15 06 15 06 15 06 15 06 15 06 15 06 15 06 15 06 15 06 15 06 15 06 15 07 15 07 15 07 15 07 15 07 15 15 15 15 15 15 15 15 15 15 15 15 15 15 15 15 00 e0 00 e0 00 e0 00 e0 00 e0 00 e0 15 49 15 43 15 41 15 39 15 31 15 2a 15 22 15 1b 15 14 15 0e 15 4b 15 4b 15 4b 15 4b 15 4b 15 46 15 40 15 3b 15 36 15 30 15 2b 15 26 15 20 15 1a 15 14 15 0e 15 08 15 09 15 0c 15 0c 15 0c 15 0c 15 0c 15 0b 15 0a 15 0b 15 0d 15 0e 15 0e 15 0e 15 0e 15 0d 15 0e 15 0e 15 11 15 11 15 11 15 11 15 11 15 10 00 00 ff ff 02 00 00 55 34 43 5f 55 55 55 55 55 55 55 55 55 55 55 55 55 55 55 55 55
05-24 13:19:05.196 1846 1846 I cmd : type=1400 audit(0.0:644): avc: denied { call } for scontext=u:r:preinstall:s0 tcontext=u:r:system_server:s0 tclass=binder permissive=1
05-24 13:19:05.531 1421 1642 I hpplay-java: [P:udtIp:1]:BaseRunnable:P:udtIp:18 onCompletion change name ...
05-24 13:19:05.535 1421 1550 W hpplay-java: [P:ServConn:1]:IPManager:getActiveNets invalid networkInfo:null
05-24 13:19:05.536 1421 1550 I hpplay-java: [P:ServConn:1]:IPManager:getActiveNets eth0:false wifi:false mobile:false ap:false
05-24 13:19:05.536 1421 1550 I hpplay-java: [P:ServConn:1]:IPManager:nets is null force get ip addr
05-24 13:19:05.540 264 1887 I bt_chip_vendor: hw_rf_cback hw_core_cback response: [0xFCA2, 0x0000, 0x00]
05-24 13:19:05.540 264 1887 I bt_chip_vendor: hw_core_enable
05-24 13:19:05.540 264 1887 I bt_chip_vendor: hw_core_enable : 1
05-24 13:19:05.540 264 1887 E bt_upio : upio_set : /proc/bluetooth/sleep/btwrite(-1) incorrent
05-24 13:19:05.542 264 1887 I bt_chip_vendor: hw_core_cback hw_core_cback response: [0xFCA1, 0x0000, 0x01]
05-24 13:19:05.542 264 1887 D android.hardware.bluetooth@1.0-impl: OnFirmwareConfigured result: 0
05-24 13:19:05.542 264 1887 I android.hardware.bluetooth@1.0-impl: Firmware configured in 0.035s
05-24 13:19:05.543 1586 1866 I bt_hci : system/bt/hci/src/hci_layer.cc:367 event_finish_startup: event_finish_startup
05-24 13:19:05.543 264 1887 I android.hardware.bluetooth@1.0-impl: OnFirmwareConfigured: lpm_timeout_ms 1500
05-24 13:19:05.543 264 1887 D android.hardware.bluetooth@1.0-impl: low_power_mode_cb result: 0
05-24 13:19:05.543 264 1887 D android.hardware.bluetooth@1.0-impl: OnFirmwareConfigured Calling StartLowPowerWatchdog()
05-24 13:19:05.196 1846 1846 I cmd : type=1400 audit(0.0:645): avc: denied { transfer } for scontext=u:r:preinstall:s0 tcontext=u:r:system_server:s0 tclass=binder permissive=1
05-24 13:19:05.546 1421 1550 I hpplay-java: [P:ServConn:1]:NetworkReceiver:NetworkReceiver mStartIp: null
05-24 13:19:05.561 1421 1642 I hpplay-java: [P:udtIp:0]:BaseRunnable:P:staServ1:19 start running ...
05-24 13:19:05.562 1421 1642 I hpplay-java: [P:staServ1:1]:LelinkCastImpl:startServer_l
05-24 13:19:05.562 1421 1642 I hpplay-java: [P:staServ1:1]:ServerTaskManager:startServer
05-24 13:19:05.562 1421 1642 I hpplay-java: [P:staServ1:1]:ServerTaskManager:startServer add, reason: server start first or server was stopped
05-24 13:19:05.562 1421 1642 I hpplay-java: [P:staServ1:1]:ServerTaskManager:addStartTask
05-24 13:19:05.563 1421 1642 W hpplay-java: [P:staServ1:1]:IPManager:getActiveNets invalid networkInfo:null
05-24 13:19:05.563 1421 1642 I hpplay-java: [P:staServ1:1]:IPManager:getActiveNets eth0:false wifi:false mobile:false ap:false
05-24 13:19:05.563 1421 1642 W hpplay-java: [P:staServ1:1]:ServerTaskManager:exeTask startServer, need wait for ip
05-24 13:19:05.563 1421 1642 I hpplay-java: [P:staServ1:1]:BaseRunnable:P:staServ1:19 onCompletion change name ...
05-24 13:19:05.564 1421 1550 I hpplay-java: [P:ServConn:1]:BaseRunnable:P:ServConn:8 onCompletion change name ...
05-24 13:19:05.564 1586 1779 I bt_l2cap: system/bt/stack/l2cap/l2c_api.cc:134 L2CA_Register: L2CAP Registered service classic PSM: 0x0001
05-24 13:19:05.564 1586 1779 I bt_l2cap: system/bt/stack/l2cap/l2c_api.cc:134 L2CA_Register: L2CAP Registered service classic PSM: 0x001f
05-24 13:19:05.564 1586 1779 I bluetooth: system/bt/stack/gatt/gatt_api.cc:1019 GATT_Register: Allocated name:GattProfileDb uuid:81818181-8181-8181-8181-818181818181 gatt_if:1 eatt_support:0
05-24 13:19:05.564 1586 1779 I droid.bluetoot: [0524/131905.564803:INFO:gatt_api.cc(179)] GATTS_AddService
05-24 13:19:05.565 1586 1779 I droid.bluetoot: [0524/131905.565231:INFO:gatt_api.cc(288)] GATTS_AddService: service parsed correctly, now starting
05-24 13:19:05.565 1586 1779 I droid.bluetoot: [0524/131905.565361:INFO:gatt_sr_hash.cc(124)] gatts_calculate_database_hash: hash=80AEB10BC70DCCEFA207489DCED98FED
05-24 13:19:05.565 1586 1779 I bt_l2cap: system/bt/stack/l2cap/l2c_api.cc:434 L2CA_RegisterLECoc: Registered service LE COC PSM: 0x0027
05-24 13:19:05.565 1586 1779 I bt_l2cap: system/bt/stack/l2cap/l2c_api.cc:134 L2CA_Register: L2CAP Registered service classic PSM: 0x0003
05-24 13:19:05.565 1586 1779 I bluetooth: system/bt/stack/gatt/gatt_api.cc:1019 GATT_Register: Allocated name:Gap uuid:82828282-8282-8282-8282-828282828282 gatt_if:2 eatt_support:0
05-24 13:19:05.565 1586 1779 I droid.bluetoot: [0524/131905.565578:INFO:gatt_api.cc(179)] GATTS_AddService
05-24 13:19:05.565 1586 1779 I droid.bluetoot: [0524/131905.565629:INFO:gatt_api.cc(288)] GATTS_AddService: service parsed correctly, now starting
05-24 13:19:05.565 1586 1779 I droid.bluetoot: [0524/131905.565710:INFO:gatt_sr_hash.cc(124)] gatts_calculate_database_hash: hash=8991C462EBE9D90B9EA0DA3E16D0F513
05-24 13:19:05.566 1586 1779 I bt_bte : system/bt/main/bte_logmsg.cc:248 load_levels_from_config: BTE_InitTraceLevels -- TRC_HCI : Level 2
05-24 13:19:05.732 358 358 E : recv_kernel_event address b4:2f:03:15:74:2b
05-24 13:19:05.200 487 487 I Binder:487_6: type=1400 audit(0.0:646): avc: denied { call } for scontext=u:r:system_server:s0 tcontext=u:r:preinstall:s0 tclass=binder permissive=1
05-24 13:19:05.566 1586 1779 I bt_bte : system/bt/main/bte_logmsg.cc:248 load_levels_from_config: BTE_InitTraceLevels -- TRC_L2CAP : Level 2
05-24 13:19:05.566 1586 1779 I bt_bte : system/bt/main/bte_logmsg.cc:248 load_levels_from_config: BTE_InitTraceLevels -- TRC_RFCOMM : Level 2
05-24 13:19:05.566 1586 1779 I bt_bte : system/bt/main/bte_logmsg.cc:248 load_levels_from_config: BTE_InitTraceLevels -- TRC_AVDT : Level 2
05-24 13:19:05.566 1586 1779 I bt_bte : system/bt/main/bte_logmsg.cc:248 load_levels_from_config: BTE_InitTraceLevels -- TRC_AVRC : Level 2
05-24 13:19:05.566 1586 1779 I bt_bte : system/bt/main/bte_logmsg.cc:248 load_levels_from_config: BTE_InitTraceLevels -- TRC_A2D : Level 2
05-24 13:19:05.566 1586 1779 I bt_bte : system/bt/main/bte_logmsg.cc:248 load_levels_from_config: BTE_InitTraceLevels -- TRC_BNEP : Level 2
05-24 13:19:05.566 1586 1779 I bt_bte : system/bt/main/bte_logmsg.cc:248 load_levels_from_config: BTE_InitTraceLevels -- TRC_BTM : Level 2
05-24 13:19:05.566 1586 1779 I bt_bte : system/bt/main/bte_logmsg.cc:248 load_levels_from_config: BTE_InitTraceLevels -- TRC_HID_HOST : Level 2
05-24 13:19:05.566 1586 1779 I bt_bte : system/bt/main/bte_logmsg.cc:248 load_levels_from_config: BTE_InitTraceLevels -- TRC_PAN : Level 2
05-24 13:19:05.566 1586 1779 I bt_bte : system/bt/main/bte_logmsg.cc:248 load_levels_from_config: BTE_InitTraceLevels -- TRC_SDP : Level 2
05-24 13:19:05.566 1586 1779 I bt_bte : system/bt/main/bte_logmsg.cc:248 load_levels_from_config: BTE_InitTraceLevels -- TRC_SMP : Level 2
05-24 13:19:05.566 1586 1779 I bt_bte : system/bt/main/bte_logmsg.cc:248 load_levels_from_config: BTE_InitTraceLevels -- TRC_HID_DEV : Level 2
05-24 13:19:05.566 1586 1779 I bt_bte : system/bt/main/bte_logmsg.cc:248 load_levels_from_config: BTE_InitTraceLevels -- TRC_BTAPP : Level 2
05-24 13:19:05.566 1586 1779 I bt_bte : system/bt/main/bte_logmsg.cc:248 load_levels_from_config: BTE_InitTraceLevels -- TRC_BTIF : Level 2
05-24 13:19:05.570 1586 1890 I bt_stack: [INFO:message_loop_thread.cc(224)] Run: message loop starting for thread bt_main_thread
05-24 13:19:05.571 1586 1779 I bt_core_module: system/bt/btcore/src/module.cc:85 module_start_up: module_start_up Starting module "controller_module"
05-24 13:19:05.618 1522 1539 I y.dangbeimarke: Background young concurrent copying GC freed 34160(2404KB) AllocSpace objects, 44(928KB) LOS objects, 88% free, 3344KB/27MB, paused 194us total 470.904ms
05-24 13:19:05.642 1885 1885 I HidlLazyUtils: Registering HAL: android.hardware.drm@1.4::IDrmFactory with name: clearkey
05-24 13:19:05.642 1885 1885 E cutils-trace: Error opening trace file: No such file or directory (2)
05-24 13:19:05.668 1827 1827 V GraphicsEnvironment: ANGLE Developer option for 'com.android.dynsystem' set to: 'default'
05-24 13:19:05.668 1827 1827 V GraphicsEnvironment: Neither updatable production driver nor prerelease driver is supported.
05-24 13:19:05.672 487 505 I system_server: Background young concurrent copying GC freed 142026(8968KB) AllocSpace objects, 83(2264KB) LOS objects, 26% free, 16MB/22MB, paused 28.589ms total 1.933s
05-24 13:19:05.674 1827 1827 D NetworkSecurityConfig: No Network Security Config specified, using platform default
05-24 13:19:05.675 1827 1827 D NetworkSecurityConfig: No Network Security Config specified, using platform default
05-24 13:19:05.678 1885 1885 I HidlServiceManagement: Registered android.hardware.drm@1.4::IDrmFactory/clearkey
05-24 13:19:05.679 1885 1885 I HidlServiceManagement: Removing namespace from process name android.hardware.drm@1.4-service-lazy.clearkey to drm@1.4-service-lazy.clearkey.
05-24 13:19:05.685 487 712 I ActivityManager: com.android.dynsystem is exempt from freezer
05-24 13:19:05.685 192 192 I hw-BpHwBinder: onLastStrongRef automatically unlinking death recipients
05-24 13:19:05.686 1885 1885 I HidlLazyUtils: Registering HAL: android.hardware.drm@1.4::ICryptoFactory with name: clearkey
05-24 13:19:05.687 487 712 D CompatibilityChangeReporter: Compat change id reported: 135634846; UID 1000; state: DISABLED
05-24 13:19:05.710 192 192 I hwservicemanager: Since android.hardware.drm@1.0::IDrmFactory/widevine is not registered, trying to start it as a lazy HAL.
05-24 13:19:05.710 1885 1885 I HidlServiceManagement: Registered android.hardware.drm@1.4::ICryptoFactory/clearkey
05-24 13:19:05.710 1885 1885 I HidlServiceManagement: Removing namespace from process name android.hardware.drm@1.4-service-lazy.clearkey to drm@1.4-service-lazy.clearkey.
05-24 13:19:05.711 192 192 I hwservicemanager: Since android.hardware.drm@1.0::IDrmFactory/widevine is not registered, trying to start it as a lazy HAL.
05-24 13:19:05.711 1421 1647 I HidlServiceManagement: getService: Trying again for android.hardware.drm@1.0::IDrmFactory/widevine...
05-24 13:19:05.721 487 758 I ActivityManager: com.android.managedprovisioning is exempt from freezer
05-24 13:19:05.722 487 758 D CompatibilityChangeReporter: Compat change id reported: 135634846; UID 10019; state: DISABLED
05-24 13:19:05.723 191 191 E SELinux : avc: denied { find } for pid=1902 uid=0 name=activity scontext=u:r:preinstall:s0 tcontext=u:object_r:activity_service:s0 tclass=service_manager permissive=1
05-24 13:19:05.725 258 258 D Zygote : Forked child process 1907
05-24 13:19:05.728 487 758 D CompatibilityChangeReporter: Compat change id reported: 177438394; UID 10019; state: DISABLED
05-24 13:19:05.729 487 758 D CompatibilityChangeReporter: Compat change id reported: 135772972; UID 10019; state: DISABLED
05-24 13:19:05.730 487 758 D CompatibilityChangeReporter: Compat change id reported: 135754954; UID 10019; state: ENABLED
05-24 13:19:05.737 1907 1907 I Zygote : seccomp disabled by setenforce 0
05-24 13:19:05.742 487 552 W ActivityManager: Slow operation: 58ms so far, now at startProcess: done updating battery stats
05-24 13:19:05.742 487 552 W ActivityManager: Slow operation: 58ms so far, now at startProcess: building log message
05-24 13:19:05.742 487 552 I ActivityManager: app.processName = com.android.dynsystem:dynsystem
05-24 13:19:05.742 487 552 I ActivityManager: Start proc 1907:com.android.dynsystem:dynsystem/1000 for service {com.android.dynsystem/com.android.dynsystem.DynamicSystemInstallationService}
05-24 13:19:05.742 487 552 W ActivityManager: Slow operation: 58ms so far, now at startProcess: starting to update pids map
05-24 13:19:05.743 487 552 W ActivityManager: Slow operation: 59ms so far, now at startProcess: done updating pids map
05-24 13:19:05.744 487 552 D CompatibilityChangeReporter: Compat change id reported: 143937733; UID 10019; state: ENABLED
05-24 13:19:05.760 258 258 D Zygote : Forked child process 1915
05-24 13:19:05.761 1095 1095 E hq : NetWorkStateReceiver:::NetWorkStateReceiver onReceive: 网络变化广播 >>>> intent.action=android.net.wifi.SCAN_RESULTS
05-24 13:19:05.762 487 552 I ActivityManager: app.processName = com.android.managedprovisioning
05-24 13:19:05.762 487 552 I ActivityManager: Start proc 1915:com.android.managedprovisioning/u0a19 for broadcast {com.android.managedprovisioning/com.android.managedprovisioning.BootReminder}
05-24 13:19:05.782 1915 1915 I Zygote : seccomp disabled by setenforce 0
05-24 13:19:05.786 1120 1120 D aaa : LedStatusService onStartCommand begin
05-24 13:19:05.793 1120 1923 D aaa : topPkg is -------------- :com.dangbei.leard.leradlauncher
05-24 13:19:05.809 412 422 I adbd : jdwp connection from 1907
05-24 13:19:05.953 1917 1917 W audit : audit_lost=241 audit_rate_limit=5 audit_backlog_limit=64
05-24 13:19:05.965 1917 1917 E audit : rate limit exceeded
05-24 13:19:05.847 1909 1909 I HidlLazyUtils: Registering HAL: android.hardware.drm@1.4::IDrmFactory with name: widevine
05-24 13:19:05.848 1909 1909 E cutils-trace: Error opening trace file: No such file or directory (2)
05-24 13:19:05.860 1909 1909 I HidlServiceManagement: Registered android.hardware.drm@1.4::IDrmFactory/widevine
05-24 13:19:05.860 1909 1909 I HidlServiceManagement: Removing namespace from process name android.hardware.drm@1.4-service-lazy.widevine to drm@1.4-service-lazy.widevine.
05-24 13:19:05.869 1909 1909 I HidlLazyUtils: Registering HAL: android.hardware.drm@1.4::ICryptoFactory with name: widevine
05-24 13:19:05.871 192 192 I hw-BpHwBinder: onLastStrongRef automatically unlinking death recipients
05-24 13:19:05.880 1909 1909 I HidlServiceManagement: Registered android.hardware.drm@1.4::ICryptoFactory/widevine
05-24 13:19:05.881 1909 1909 I HidlServiceManagement: Removing namespace from process name android.hardware.drm@1.4-service-lazy.widevine to drm@1.4-service-lazy.widevine.
05-24 13:19:05.894 1907 1907 D CompatibilityChangeReporter: Compat change id reported: 171979766; UID 1000; state: ENABLED
05-24 13:19:05.896 1586 1598 I droid.bluetoot: Background young concurrent copying GC freed 10767(831KB) AllocSpace objects, 6(120KB) LOS objects, 88% free, 3040KB/26MB, paused 145us total 362.803ms
05-24 13:19:05.902 412 422 I adbd : jdwp connection from 1915
05-24 13:19:05.934 487 758 D CompatibilityChangeReporter: Compat change id reported: 168419799; UID 10019; state: DISABLED
05-24 13:19:05.937 192 192 I hwservicemanager: Notifying android.hardware.drm@1.4::IDrmFactory/clearkey they have clients: 1
05-24 13:19:05.938 1885 1885 I HidlLazyUtils: Process has 1 (of 2 available) client(s) in use after notification android.hardware.drm@1.4::IDrmFactory/clearkey has clients: 1
05-24 13:19:05.943 1915 1915 D CompatibilityChangeReporter: Compat change id reported: 171979766; UID 10019; state: ENABLED
05-24 13:19:05.949 1522 1755 W System.err: java.net.UnknownHostException: Unable to resolve host "utoken.umeng.com": No address associated with hostname
05-24 13:19:05.950 1421 1647 I DrmHal : found instance=clearkey version=android.hardware.drm@1.4::IDrmFactory
05-24 13:19:05.950 1522 1755 W System.err: at java.net.Inet6AddressImpl.lookupHostByName(Inet6AddressImpl.java:156)
05-24 13:19:05.950 1421 1647 I DrmHal : found instance=widevine version=android.hardware.drm@1.4::IDrmFactory
05-24 13:19:05.950 1522 1755 W System.err: at java.net.Inet6AddressImpl.lookupAllHostAddr(Inet6AddressImpl.java:103)
05-24 13:19:05.950 1522 1755 W System.err: at java.net.InetAddress.getAllByName(InetAddress.java:1152)
05-24 13:19:05.950 1522 1755 W System.err: at com.android.okhttp.Dns$1.lookup(Dns.java:41)
05-24 13:19:05.950 1522 1755 W System.err: at com.android.okhttp.internal.http.RouteSelector.resetNextInetSocketAddress(RouteSelector.java:178)
05-24 13:19:05.950 1522 1755 W System.err: at com.android.okhttp.internal.http.RouteSelector.nextProxy(RouteSelector.java:144)
05-24 13:19:05.950 1522 1755 W System.err: at com.android.okhttp.internal.http.RouteSelector.next(RouteSelector.java:86)
05-24 13:19:05.950 1522 1755 W System.err: at com.android.okhttp.internal.http.StreamAllocation.findConnection(StreamAllocation.java:176)
05-24 13:19:05.950 1522 1755 W System.err: at com.android.okhttp.internal.http.StreamAllocation.findHealthyConnection(StreamAllocation.java:128)
05-24 13:19:05.950 1522 1755 W System.err: at com.android.okhttp.internal.http.StreamAllocation.newStream(StreamAllocation.java:97)
05-24 13:19:05.950 1522 1755 W System.err: at com.android.okhttp.internal.http.HttpEngine.connect(HttpEngine.java:289)
05-24 13:19:05.950 1522 1755 W System.err: at com.android.okhttp.internal.http.HttpEngine.sendRequest(HttpEngine.java:232)
05-24 13:19:05.951 1907 1907 V GraphicsEnvironment: ANGLE Developer option for 'com.android.dynsystem' set to: 'default'
05-24 13:19:05.952 1907 1907 V GraphicsEnvironment: Neither updatable production driver nor prerelease driver is supported.
05-24 13:19:05.953 192 192 I hwservicemanager: Notifying android.hardware.drm@1.4::IDrmFactory/widevine they have clients: 1
05-24 13:19:05.954 1909 1909 I HidlLazyUtils: Process has 1 (of 2 available) client(s) in use after notification android.hardware.drm@1.4::IDrmFactory/widevine has clients: 1
05-24 13:19:05.954 1907 1907 D NetworkSecurityConfig: No Network Security Config specified, using platform default
05-24 13:19:05.955 1907 1907 D NetworkSecurityConfig: No Network Security Config specified, using platform default
05-24 13:19:05.950 1522 1755 W System.err: at com.android.okhttp.internal.huc.HttpURLConnectionImpl.execute(HttpURLConnectionImpl.java:465)
05-24 13:19:05.958 1522 1755 W System.err: at com.android.okhttp.internal.huc.HttpURLConnectionImpl.connect(HttpURLConnectionImpl.java:131)
05-24 13:19:05.958 1522 1755 W System.err: at com.android.okhttp.internal.huc.HttpURLConnectionImpl.getOutputStream(HttpURLConnectionImpl.java:262)
05-24 13:19:05.958 1522 1755 W System.err: at com.android.okhttp.internal.huc.DelegatingHttpsURLConnection.getOutputStream(DelegatingHttpsURLConnection.java:219)
05-24 13:19:05.958 1522 1755 W System.err: at com.android.okhttp.internal.huc.HttpsURLConnectionImpl.getOutputStream(HttpsURLConnectionImpl.java:30)
05-24 13:19:05.958 1522 1755 W System.err: at com.umeng.umzid.a.a(SourceFile:80)
05-24 13:19:05.958 1522 1755 W System.err: at com.umeng.umzid.ZIDManager.b(SourceFile:289)
05-24 13:19:05.958 1522 1755 W System.err: at com.umeng.umzid.ZIDManager$b.run(Unknown Source:4)
05-24 13:19:05.958 1522 1755 W System.err: at java.util.concurrent.Executors$RunnableAdapter.call(Executors.java:462)
05-24 13:19:05.958 1522 1755 W System.err: at java.util.concurrent.FutureTask.run(FutureTask.java:266)
05-24 13:19:05.958 1522 1755 W System.err: at java.util.concurrent.ScheduledThreadPoolExecutor$ScheduledFutureTask.run(ScheduledThreadPoolExecutor.java:301)
05-24 13:19:05.958 1522 1755 W System.err: at java.util.concurrent.ThreadPoolExecutor.runWorker(ThreadPoolExecutor.java:1167)
05-24 13:19:05.958 1522 1755 W System.err: at java.util.concurrent.ThreadPoolExecutor$Worker.run(ThreadPoolExecutor.java:641)
05-24 13:19:05.958 1522 1755 W System.err: at java.lang.Thread.run(Thread.java:920)
05-24 13:19:05.959 1522 1755 W System.err: Caused by: android.system.GaiException: android_getaddrinfo failed: EAI_NODATA (No address associated with hostname)
05-24 13:19:05.959 1522 1755 W System.err: at libcore.io.Linux.android_getaddrinfo(Native Method)
05-24 13:19:05.959 1522 1755 W System.err: at libcore.io.ForwardingOs.android_getaddrinfo(ForwardingOs.java:136)
05-24 13:19:05.959 1522 1755 W System.err: at libcore.io.BlockGuardOs.android_getaddrinfo(BlockGuardOs.java:221)
05-24 13:19:05.959 1522 1755 W System.err: at libcore.io.ForwardingOs.android_getaddrinfo(ForwardingOs.java:136)
05-24 13:19:05.959 1522 1755 W System.err: at java.net.Inet6AddressImpl.lookupHostByName(Inet6AddressImpl.java:135)
05-24 13:19:05.959 1421 1647 I hpplay-java: [P:authSdk:1]:DeviceUtils:true
05-24 13:19:05.959 1522 1755 W System.err: ... 25 more
05-24 13:19:05.960 1909 1909 I WVCdm : [app][com.hpplay.happyplay.aw] calling virtual Return wvdrm::hardware::drm::V1_4::widevine::WVDrmFactory::createPlugin(const hidl_array &, const android::hardware::hidl_string &, android::hardware::drm::V1_4::IDrmFactory::createPlugin_cb)
05-24 13:19:05.960 1909 1909 D WVCdm : Instantiating CDM.
05-24 13:19:05.966 1909 1909 D WVCdm : [cdm_engine.cpp(494):QueryStatus] security_level = Default, query_token = DeviceID
05-24 13:19:05.968 1907 1907 D DynamicSystemInstallationService: onStartCommand(): action=android.os.image.action.NOTIFY_IF_IN_USE
05-24 13:19:05.968 1909 1909 I WVCdm : [oemcrypto_adapter_dynamic.cpp(702):Initialize] Level 3 Build Info (v16): OEMCrypto Level3 Code 22593 May 28 2021 16:59:08
05-24 13:19:05.970 487 487 W InputMethodManagerService: Illegal subtype state: old subtype = null, new subtype = android.view.inputmethod.InputMethodSubtype@129f21f8
05-24 13:19:05.970 1909 1968 I WVCdm : [(0):] Level3 Library 22593 May 28 2021 16:59:08
05-24 13:19:05.973 487 510 I DynamicSystemService: isInstalled(): false
05-24 13:19:05.990 487 531 D AW_CODE : rotation =0
05-24 13:19:05.993 672 672 E WifiHAL : wifi_get_link_stats: requestResponse Error:-5
05-24 13:19:05.993 487 531 D AW_CODE : rotation =0
05-24 13:19:05.995 487 621 E WifiVendorHal: getWifiLinkLayerStats_1_5_Internal(l.1191) failed {.code = ERROR_INVALID_ARGS, .description = }
05-24 13:19:05.997 487 531 D AW_CODE : rotation =0
05-24 13:19:06.016 1909 1909 I WVCdm : [oemcrypto_adapter_dynamic.cpp(716):Initialize] L3 Initialized. Trying L1.
05-24 13:19:06.017 1909 1909 W WVCdm : [oemcrypto_adapter_dynamic.cpp(728):Initialize] Could not load liboemcrypto.so. Falling back to L3. dlopen failed: library "liboemcrypto.so" not found
05-24 13:19:06.019 1909 1909 D WVCdm : [crypto_session.cpp(350):Init] OEMCrypto version (default security level): 16.3
05-24 13:19:06.019 1909 1909 D WVCdm : [crypto_session.cpp(359):Init] OEMCrypto version (L3 security level): 16.3
05-24 13:19:06.019 1909 1909 D WVCdm : [crypto_session.cpp(809):Open] Opening crypto session: requested_security_level = Default
05-24 13:19:06.019 1909 1909 D WVCdm : [usage_table_header.cpp(162):Init] security_level = L3
05-24 13:19:06.020 1909 1909 D WVCdm : [usage_table_header.cpp(505):DetermineTableCapacity] capacity = unlimited, security_level = L3
05-24 13:19:06.022 1909 1909 I WVCdm : [usage_table_header.cpp(204):RestoreTable] Found usage table to restore: entry_count = 0
05-24 13:19:06.029 1421 1647 I hpplay-java: [P:authSdk:1]:DeviceUtils:4l5/TC4y6LZ4Ch9MwNMoGh3iH1lOETJxiyOe+wSV+Lo=
05-24 13:19:06.029 1421 1647 I hpplay-java: [P:authSdk:1]:DeviceUtils:getDrm id result : 4l5/TC4y6LZ4Ch9MwNMoGh3iH1lOETJxiyOe+wSV+Lo=
05-24 13:19:06.030 1421 1647 I hpplay-java: [P:authSdk:1]:Session:updateRegTime use server regTime
05-24 13:19:06.039 1421 1647 I hpplay-java: [P:authSdk:1]:Session:updateStorageRegTime regTime/magicalRegTime:1747994179436/1747994179436
05-24 13:19:06.046 1421 1647 I hpplay-java: [P:authSdk:1]:Session:updateStorageHID hid/magicalHid:10B3B93D472285D272745C2E4C11ECEBD/10B3B93D472285D272745C2E4C11ECEBD
05-24 13:19:06.054 1421 1647 I hpplay-java: [P:authSdk:1]:Session:updateStorageUID uid/magicalUid:10001806974679/10001806974679
05-24 13:19:06.056 1421 1647 I hpplay-java: [P:authSdk:1]:AuthSDK:authSDK connectTimeout = 6000
05-24 13:19:06.057 1421 1647 I hpplay-java: [P:authSdk:1]:BaseRunnable:P:authSdk:16 onCompletion change name ...
05-24 13:19:06.057 1421 1642 I hpplay-java: [P:staServ1:0]:BaseRunnable:P:authRqs:20 start running ...
05-24 13:19:06.058 1421 1642 I hpplay-java: [P:authRqs:1]:AsyncHttpJob:startRequestByConfig P:authRqs sdkVersion:31, result:false
05-24 13:19:06.059 1421 1642 W System : Ignoring header lebo-token because its value was null.
05-24 13:19:06.063 1421 1642 I hpplay-java: [P:authRqs:1]:BaseHttpRequest:nextDomain next2: https://sdkauth.lebo.com.cn/Author/TVAuthor/?uid=10001806974679&appid=11388&prot_ver=4.1&apk_ver=808081809&version=60090-34503
05-24 13:19:06.064 1421 1642 W hpplay-java: [P:authRqs:1]:HttpRequest:
05-24 13:19:06.065 1421 1642 W System : Ignoring header lebo-token because its value was null.
05-24 13:19:06.071 1421 1642 I hpplay-java: [P:authRqs:1]:BaseHttpRequest:nextDomain next3: https://sdkauth.lebo.com.cn/Author/TVAuthor/?uid=10001806974679&appid=11388&prot_ver=4.1&apk_ver=808081809&version=60090-34503
05-24 13:19:06.072 1421 1642 W hpplay-java: [P:authRqs:1]:HttpRequest:
05-24 13:19:06.073 1421 1642 W System : Ignoring header lebo-token because its value was null.
05-24 13:19:06.075 1421 1642 I hpplay-java: [P:authRqs:1]:BaseHttpRequest:nextDomain next3: https://sdkauth.lebo.com.cn/Author/TVAuthor/?uid=10001806974679&appid=11388&prot_ver=4.1&apk_ver=808081809&version=60090-34503
05-24 13:19:06.076 1421 1642 W hpplay-java: [P:authRqs:1]:HttpRequest:
05-24 13:19:06.076 1421 1642 W hpplay-java: [P:authRqs:1]:AuthSDK:authSDK auth failed
05-24 13:19:06.076 1421 1642 I hpplay-java: [P:authRqs:1]:hpplay-aw:[P:authRqs:1]:LelinkHelper:mServerListener onAuthSDK id: 0 -- status: 3
05-24 13:19:06.076 1421 1642 I hpplay-java: [P:authRqs:1]:VipAuthSDK:vipAuth
05-24 13:19:06.078 1421 1642 I hpplay-java: [P:authRqs:1]:AsyncManager::setLeboToken,
05-24 13:19:06.083 1421 1642 I hpplay-java: [P:authRqs:1]:EnterpriseAuthManager:getCompanyAuthSavePath,sdcard
05-24 13:19:06.084 1421 1642 I hpplay-java: [P:authRqs:1]:EnterpriseAuthManager:getNewCompanyAuthSavePath
05-24 13:19:06.092 1421 1642 I hpplay-java: [P:authRqs:1]:EnterpriseAuthManager:getCacheSdcardFile,sdcard path
05-24 13:19:06.092 1421 1642 I hpplay-java: [P:authRqs:1]:EnterpriseAuthManager:getNewCompanyAuthSavePath,get sdcard path
05-24 13:19:06.092 1421 1642 I hpplay-java: [P:authRqs:1]:EnterpriseAuthManager:updateCompanyAccountSavePath
05-24 13:19:06.092 1421 1642 I hpplay-java: [P:authRqs:1]:EnterpriseAuthManager:getCompanyAccount
05-24 13:19:06.093 1421 1550 I hpplay-java: [P:ServConn:0]:BaseRunnable:P:cachCunt:21 start running ...
05-24 13:19:06.096 1421 1550 I hpplay-java: [P:cachCunt:1]:BaseRunnable:P:cachCunt:21 onCompletion change name ...
05-24 13:19:06.097 487 532 W IorapForwardingService: No service published for: iorapd
05-24 13:19:06.098 1421 1647 I hpplay-java: [P:authSdk:0]:BaseRunnable:P:ASP:22 start running ...
05-24 13:19:06.100 1421 1550 I hpplay-java: [P:cachCunt:0]:BaseRunnable:P:cachCunt:23 start running ...
05-24 13:19:06.103 1421 1550 I hpplay-java: [P:cachCunt:1]:BaseRunnable:P:cachCunt:23 onCompletion change name ...
05-24 13:19:06.106 1421 1642 I hpplay-java: [P:authRqs:1]:EnterpriseAuthManager:getNewCompanyAuthSavePath
05-24 13:19:06.107 1421 1642 I hpplay-java: [P:authRqs:1]:EnterpriseAuthManager:getNewCompanyAuthSavePath,get app cache path
05-24 13:19:06.108 1421 1550 I hpplay-java: [P:cachCunt:0]:BaseRunnable:P:cachCunt:24 start running ...
05-24 13:19:06.109 1421 1550 I hpplay-java: [P:cachCunt:1]:BaseRunnable:P:cachCunt:24 onCompletion change name ...
05-24 13:19:06.109 1421 1647 I hpplay-java: [P:ASP:1]:EnterpriseAuthManager:updateCompanyAccountSavePath,delete old file
05-24 13:19:06.109 1421 1647 I hpplay-java: [P:ASP:1]:FileUtil:delete dir: /storage/emulated/0/hpplay_source_devices
05-24 13:19:06.110 1421 1550 I hpplay-java: [P:cachCunt:0]:BaseRunnable:P:lgVip:25 start running ...
05-24 13:19:06.111 1421 1550 I hpplay-java: [P:lgVip:1]:AsyncHttpJob:startRequestByConfig P:lgVip sdkVersion:31, result:false
05-24 13:19:06.120 1421 1647 I hpplay-java: [P:ASP:1]:BaseRunnable:P:ASP:22 onCompletion change name ...
05-24 13:19:06.126 1421 1550 I hpplay-java: [P:lgVip:1]:BaseHttpRequest:nextDomain next2: https://vipauth.lebo.com.cn/VipAuth
05-24 13:19:06.127 1421 1550 W hpplay-java: [P:lgVip:1]:HttpRequest:
05-24 13:19:06.134 1421 1647 I hpplay-java: [P:ASP:0]:BaseRunnable:P:qrAdPin:26 start running ...
05-24 13:19:06.135 1421 1647 I hpplay-java: [P:qrAdPin:1]:CreateUtils:notifyQRReady server not start,ignore
05-24 13:19:06.135 1421 1647 I hpplay-java: [P:qrAdPin:1]:CreateUtils:isServerStartAndAuth token is null
05-24 13:19:06.135 1421 1647 I hpplay-java: [P:qrAdPin:1]:CreateUtils:isServerStartAndAuth token is null
05-24 13:19:06.135 1421 1647 I hpplay-java: [P:qrAdPin:1]:ServerBusiness:createPinCode ignore
05-24 13:19:06.135 1421 1647 I hpplay-java: [P:qrAdPin:1]:BaseRunnable:P:qrAdPin:26 onCompletion change name ...
05-24 13:19:06.136 1421 1642 I hpplay-java: [P:authRqs:1]:AuthSDK:checkHandler
05-24 13:19:06.136 1421 1642 I hpplay-java: [P:authRqs:1]:LBHandler:create name: AuthSDK looper:Looper (main, tid 2) {3729ae6}
05-24 13:19:06.136 1421 1642 I hpplay-java: [P:authRqs:1]:AuthSDK:checkHandler,create handler
05-24 13:19:06.143 1915 1915 V GraphicsEnvironment: ANGLE Developer option for 'com.android.managedprovisioning' set to: 'default'
05-24 13:19:06.144 1915 1915 V GraphicsEnvironment: Neither updatable production driver nor prerelease driver is supported.
05-24 13:19:06.147 1421 1550 I hpplay-java: [P:lgVip:1]:BaseHttpRequest:nextDomain next3: https://vipauth.hpplay.cn/VipAuth
05-24 13:19:06.148 1421 1550 W hpplay-java: [P:lgVip:1]:HttpRequest:
05-24 13:19:06.150 1421 1550 I hpplay-java: [P:lgVip:1]:BaseHttpRequest:nextDomain next2: https://vipauth.lebo.com.cn/VipAuth
05-24 13:19:06.150 1421 1550 W hpplay-java: [P:lgVip:1]:HttpRequest:
05-24 13:19:06.155 1915 1915 D NetworkSecurityConfig: No Network Security Config specified, using platform default
05-24 13:19:06.156 1915 1915 D NetworkSecurityConfig: No Network Security Config specified, using platform default
05-24 13:19:06.158 1421 1642 I hpplay-java: [P:authRqs:1]:LBHandler:create name: IMTask looper:Looper (HT:IMTask, tid 63) {58d61c7}
05-24 13:19:06.158 1421 1642 I hpplay-java: [P:authRqs:1]:IMTask:IMTask
05-24 13:19:06.159 1421 1642 I hpplay-java: [P:authRqs:1]:IMTask:getIMRoot ignore, token is empty
05-24 13:19:06.159 1421 1642 I hpplay-java: [P:authRqs:1]:AuthTask:release
05-24 13:19:06.175 1421 1642 I hpplay-java: [P:authRqs:1]:AuthTask:release
05-24 13:19:06.175 1421 1642 I hpplay-java: [P:authRqs:1]:AuthTask:reAuth 600000
05-24 13:19:06.175 1421 1642 I hpplay-java: [P:authRqs:1]:PlayerConfig:start request player cloud config
05-24 13:19:06.176 1421 1647 I hpplay-java: [P:qrAdPin:0]:BaseRunnable:P:plrCfg:27 start running ...
05-24 13:19:06.176 1421 1647 I hpplay-java: [P:plrCfg:1]:AsyncHttpJob:startRequestByConfig P:plrCfg sdkVersion:31, result:false
05-24 13:19:06.185 1421 1647 W hpplay-java: [P:plrCfg:1]:HttpRequest:
05-24 13:19:06.186 1421 1647 I hpplay-java: [P:plrCfg:1]:BaseHttpRequest:nextDomain next2: https://conf.lebo.com.cn/newPlayer/conf?terminal_type=&os_ver=31&facturer=Allwinner&uuid=&platform=Android&uid=10001806974679&codec=OMX.allwinner.video.decoder.avc&customized_type=2&appid=11388&app_ver=808081809&model=DBBOX-A2&sdk_ver=60090-34503&brand=Dangbei
05-24 13:19:06.189 1915 1915 I CarUiInstaller: CarUiInstaller started for com.android.managedprovisioning
05-24 13:19:06.190 1421 1642 I hpplay-java: [P:authRqs:1]:LBHandler:create name: ServiceUpdater looper:Looper (main, tid 2) {3729ae6}
05-24 13:19:06.190 1421 1642 I hpplay-java: [P:authRqs:1]:ServiceUpdater:upLoadDeviceInfo ignore, 3306093715
05-24 13:19:06.190 1421 1642 I hpplay-java: [P:authRqs:1]:BusinessConfig:requestConfig
05-24 13:19:06.191 1421 1642 I hpplay-java: [P:authRqs:1]:ControlManager:postCastMode, error mode: -1
05-24 13:19:06.191 1421 1642 I hpplay-java: [P:authRqs:1]:VideoRightsManager:resetUserInfo
05-24 13:19:06.191 1421 1642 I hpplay-java: [P:authRqs:1]:RightsCloudAPI:getRightsUrl: http://saas.hpplay.cn/api/lebo-member/app/member/relation/rights?
05-24 13:19:06.191 1421 1642 I hpplay-java: [P:authRqs:1]:RightsCloudAPI:getRightsUrl: http://saas.hpplay.cn/api/lebo-member/app/member/relation/rights?
05-24 13:19:06.191 1421 1642 I hpplay-java: [P:authRqs:1]:VideoRightsManager:requestRights,url: http://saas.hpplay.cn/api/lebo-member/app/member/relation/rights? appId=11388&memberType=0 token:
05-24 13:19:06.192 1421 1642 I hpplay-java: [P:authRqs:1]:BaseRunnable:P:authRqs:20 onCompletion change name ...
05-24 13:19:06.192 1421 1642 I hpplay-java: [P:authRqs:0]:BaseRunnable:P:rqRes:28 start running ...
05-24 13:19:06.192 1421 1642 I hpplay-java: [P:rqRes:1]:AsyncHttpJob:startRequestByConfig P:rqRes sdkVersion:31, result:false
05-24 13:19:06.193 1095 1300 D hq : NetWorkStateReceiver:::检查网络,并且持续更新 isConnect=false
05-24 13:19:06.193 1421 1550 I hpplay-java: [P:lgVip:1]:BaseRunnable:P:lgVip:25 onCompletion change name ...
05-24 13:19:06.194 1421 1550 I hpplay-java: [P:lgVip:0]:BaseRunnable:P:vipRes:29 start running ...
05-24 13:19:06.194 1421 1550 I hpplay-java: [P:vipRes:1]:AsyncHttpJob:startRequestByConfig P:vipRes sdkVersion:31, result:false
05-24 13:19:06.201 1421 1647 W hpplay-java: [P:plrCfg:1]:HttpRequest:
05-24 13:19:06.202 1421 1647 I hpplay-java: [P:plrCfg:1]:BaseHttpRequest:nextDomain next3: https://conf.hpplay.cn:90/newPlayer/conf?terminal_type=&os_ver=31&facturer=Allwinner&uuid=&platform=Android&uid=10001806974679&codec=OMX.allwinner.video.decoder.avc&customized_type=2&appid=11388&app_ver=808081809&model=DBBOX-A2&sdk_ver=60090-34503&brand=Dangbei
05-24 13:19:06.203 1421 1647 W hpplay-java: [P:plrCfg:1]:HttpRequest:
05-24 13:19:06.204 1421 1647 I hpplay-java: [P:plrCfg:1]:PlayerConfigRequest:request failed
05-24 13:19:06.204 1421 1647 I hpplay-java: [P:plrCfg:1]:BaseRunnable:P:plrCfg:27 onCompletion change name ...
05-24 13:19:06.204 1421 1647 I hpplay-java: [P:plrCfg:0]:BaseRunnable:P:buCfg:30 start running ...
05-24 13:19:06.204 1421 1647 I hpplay-java: [P:buCfg:1]:AsyncHttpJob:startRequestByConfig P:buCfg sdkVersion:31, result:false
05-24 13:19:06.213 1421 1642 W hpplay-java: [P:rqRes:1]:HttpRequest:
05-24 13:19:06.213 1421 1642 I hpplay-java: [P:rqRes:1]:BaseHttpRequest:nextDomain next2: https://tvapp.lebo.cn:9779/?sidStr=TVSDK_AGREEMENT&a=sourceinfo&c=tv&appid=11388&language=zh&version=1.0
05-24 13:19:06.214 1421 1550 W hpplay-java: [P:vipRes:1]:HttpRequest:
05-24 13:19:06.214 1421 1550 I hpplay-java: [P:vipRes:1]:BaseHttpRequest:nextDomain next2: https://gslb.lebo.com.cn/VipResInfo?sourceId=VIPZYW_TV_USBMIRROR,TV_LOGIN&uid=10001806974679&appid=11388&sdk_ver=60090-34503&apk_ver=808081809&token=
05-24 13:19:06.219 1421 1647 W hpplay-java: [P:buCfg:1]:HttpRequest:
05-24 13:19:06.224 487 818 D CompatibilityChangeReporter: Compat change id reported: 168419799; UID 10015; state: DISABLED
05-24 13:19:06.230 1421 1550 W hpplay-java: [P:vipRes:1]:HttpRequest:
05-24 13:19:06.230 1315 1315 D NetworkSecurityConfig: No Network Security Config specified, using platform default
05-24 13:19:06.234 1421 1550 I hpplay-java: [P:vipRes:1]:BaseHttpRequest:nextDomain next3: https://vipgslb.hpplay.cn/VipResInfo?sourceId=VIPZYW_TV_USBMIRROR,TV_LOGIN&uid=10001806974679&appid=11388&sdk_ver=60090-34503&apk_ver=808081809&token=
05-24 13:19:06.236 1421 1647 I hpplay-java: [P:buCfg:1]:BaseHttpRequest:nextDomain next2: https://conf.lebo.com.cn/sender/conf?uid=10001806974679&appid=11388&prot_ver=1.0&sdk_ver=60090-34503&token=
05-24 13:19:06.239 1421 1647 W hpplay-java: [P:buCfg:1]:HttpRequest:
05-24 13:19:06.240 1421 1647 I hpplay-java: [P:buCfg:1]:BaseHttpRequest:nextDomain next3: https://conf.hpplay.cn:90/sender/conf?uid=10001806974679&appid=11388&prot_ver=1.0&sdk_ver=60090-34503&token=
05-24 13:19:06.244 1421 1647 W hpplay-java: [P:buCfg:1]:HttpRequest:
05-24 13:19:06.245 1421 1647 I hpplay-java: [P:buCfg:1]:BaseRunnable:P:buCfg:30 onCompletion change name ...
05-24 13:19:06.245 1421 1647 I hpplay-java: [P:buCfg:0]:BaseRunnable:P:requestRights:31 start running ...
05-24 13:19:06.245 1421 1647 I hpplay-java: [P:requestRights:1]:AsyncHttpJob:startRequestByConfig P:requestRights sdkVersion:31, result:false
05-24 13:19:06.248 1421 1550 W hpplay-java: [P:vipRes:1]:HttpRequest:
05-24 13:19:06.249 487 510 D CompatibilityChangeReporter: Compat change id reported: 135634846; UID 10055; state: DISABLED
05-24 13:19:06.249 487 510 D CompatibilityChangeReporter: Compat change id reported: 177438394; UID 10055; state: DISABLED
05-24 13:19:06.249 487 510 D CompatibilityChangeReporter: Compat change id reported: 135772972; UID 10055; state: DISABLED
05-24 13:19:06.250 487 510 D CompatibilityChangeReporter: Compat change id reported: 135754954; UID 10055; state: ENABLED
05-24 13:19:06.250 1421 1647 W hpplay-java: [P:requestRights:1]:HttpRequest:
05-24 13:19:06.251 487 552 D CompatibilityChangeReporter: Compat change id reported: 143937733; UID 10055; state: ENABLED
05-24 13:19:06.252 1421 1550 I hpplay-java: [P:vipRes:1]:BaseRunnable:P:vipRes:29 onCompletion change name ...
05-24 13:19:06.254 1421 1647 W hpplay-java: [P:requestRights:1]:HttpRequest:
05-24 13:19:06.255 1421 1647 W hpplay-java: [P:requestRights:1]:HttpRequest:
05-24 13:19:06.255 1421 1647 I hpplay-java: [P:requestRights:1]:BaseRunnable:P:requestRights:31 onCompletion change name ...
05-24 13:19:06.256 1421 1421 I hpplay-java: [main]:VideoRightsManager:onRequestResult, result: null
05-24 13:19:06.256 1421 1421 I hpplay-java: [main]:VideoRightsManager:requestCastCost
05-24 13:19:06.256 1421 1421 I hpplay-java: [main]:RightsCloudAPI:getVideoCastCostCount: http://saas.hpplay.cn/api/lebo-member/app/member/paidConfig/check-and-deduct
05-24 13:19:06.256 1421 1550 I hpplay-java: [P:vipRes:0]:BaseRunnable:P:reCastCostCount:32 start running ...
05-24 13:19:06.257 1421 1550 I hpplay-java: [P:reCastCostCount:1]:AsyncHttpJob:startRequestByConfig P:reCastCostCount sdkVersion:31, result:false
05-24 13:19:06.259 1421 1550 W hpplay-java: [P:reCastCostCount:1]:HttpRequest:
05-24 13:19:06.260 1421 1550 W hpplay-java: [P:reCastCostCount:1]:HttpRequest:
05-24 13:19:06.262 1421 1550 W hpplay-java: [P:reCastCostCount:1]:HttpRequest:
05-24 13:19:06.264 1421 1421 W hpplay-java: [main]:CastCostCountBean:parseJson,java.lang.NullPointerException: Attempt to invoke virtual method 'int java.lang.String.length()' on a null object reference
05-24 13:19:06.265 1421 1550 I hpplay-java: [P:reCastCostCount:1]:BaseRunnable:P:reCastCostCount:32 onCompletion change name ...
05-24 13:19:06.270 258 258 D Zygote : Forked child process 2007
05-24 13:19:06.272 487 552 I ActivityManager: app.processName = com.android.onetimeinitializer
05-24 13:19:06.272 487 552 I ActivityManager: Start proc 2007:com.android.onetimeinitializer/u0a55 for broadcast {com.android.onetimeinitializer/com.android.onetimeinitializer.OneTimeInitializerReceiver}
05-24 13:19:06.289 2007 2007 I Zygote : seccomp disabled by setenforce 0
05-24 13:19:06.307 1421 1642 W hpplay-java: [P:rqRes:1]:HttpRequest:
05-24 13:19:06.308 487 621 W UnsafeUtil: platform method missing - proto runtime falling back to safer methods: java.lang.NoSuchMethodException: sun.misc.Unsafe.copyMemory [class java.lang.Object, long, class java.lang.Object, long, long]
05-24 13:19:06.308 1421 1642 I hpplay-java: [P:rqRes:1]:BaseHttpRequest:nextDomain next3: http://120.78.185.110:9779/?sidStr=TVSDK_AGREEMENT&a=sourceinfo&c=tv&appid=11388&language=zh&version=1.0
05-24 13:19:06.313 412 422 I adbd : jdwp connection from 2007
05-24 13:19:06.315 1421 1642 W hpplay-java: [P:rqRes:1]:HttpRequest:java.net.ConnectException: Failed to connect to /120.78.185.110:9779
05-24 13:19:06.315 1421 1642 W hpplay-java: at com.android.okhttp.internal.io.RealConnection.connectSocket(RealConnection.java:147)
05-24 13:19:06.315 1421 1642 W hpplay-java: at com.android.okhttp.internal.io.RealConnection.connect(RealConnection.java:116)
05-24 13:19:06.315 1421 1642 W hpplay-java: at com.android.okhttp.internal.http.StreamAllocation.findConnection(StreamAllocation.java:186)
05-24 13:19:06.315 1421 1642 W hpplay-java: at com.android.okhttp.internal.http.StreamAllocation.findHealthyConnection(StreamAllocation.java:128)
05-24 13:19:06.315 1421 1642 W hpplay-java: at com.android.okhttp.internal.http.StreamAllocation.newStream(StreamAllocation.java:97)
05-24 13:19:06.315 1421 1642 W hpplay-java: at com.android.okhttp.internal.http.HttpEngine.connect(HttpEngine.java:289)
05-24 13:19:06.315 1421 1642 W hpplay-java: at com.android.okhttp.internal.http.HttpEngine.sendRequest(HttpEngine.java:232)
05-24 13:19:06.315 1421 1642 W hpplay-java: at com.android.okhttp.internal.huc.HttpURLConnectionImpl.execute(HttpURLConnectionImpl.java:465)
05-24 13:19:06.315 1421 1642 W hpplay-java: at com.android.okhttp.internal.huc.HttpURLConnectionImpl.connect(HttpURLConnectionImpl.java:131)
05-24 13:19:06.315 1421 1642 W hpplay-java: at com.hpplay.common.asyncmanager.http.HttpRequest.doGet(SourceFile:26)
05-24 13:19:06.315 1421 1642 W hpplay-java: at com.hpplay.common.asyncmanager.jobs.AsyncHttpJob.startRequest(SourceFile:5)
05-24 13:19:06.315 1421 1642 W hpplay-java: at com.hpplay.common.asyncmanager.jobs.AsyncHttpJob.run(SourceFile:4)
05-24 13:19:06.315 1421 1642 W hpplay-java: at java.util.concurrent.ThreadPoolExecutor.runWorker(ThreadPoolExecutor.java:1167)
05-24 13:19:06.315 1421 1642 W hpplay-java: at java.util.concurrent.ThreadPoolExecutor$Worker.run(ThreadPoolExecutor.java:641)
05-24 13:19:06.315 1421 1642 W hpplay-java: at java.lang.Thread.run(Thread.java:920)
05-24 13:19:06.316 1421 1642 I hpplay-java: [P:rqRes:1]:BaseRunnable:P:rqRes:28 onCompletion change name ...
05-24 13:19:06.337 487 510 D CompatibilityChangeReporter: Compat change id reported: 168419799; UID 10055; state: DISABLED
05-24 13:19:06.348 2007 2007 D CompatibilityChangeReporter: Compat change id reported: 171979766; UID 10055; state: ENABLED
05-24 13:19:06.364 487 510 D CompatibilityChangeReporter: Compat change id reported: 172100307; UID 10074; state: DISABLED
05-24 13:19:06.352 2028 2028 I pm : type=1400 audit(0.0:716): avc: denied { execute_no_trans } for path="/system/bin/cmd" dev="overlay" ino=19743 scontext=u:r:system_server:s0 tcontext=u:object_r:system_file:s0 tclass=file permissive=1
05-24 13:19:06.397 2007 2007 D nativeloader: classloader namespace configured for unbundled product apk. library_path=/product/priv-app/OneTimeInitializer/lib/arm:/product/lib:/system/product/lib
05-24 13:19:06.384 1424 1424 I net_disconnect.: type=1400 audit(0.0:717): avc: denied { execute } for name="rgb_led_ctl" dev="dm-1" ino=188 scontext=u:r:init:s0 tcontext=u:object_r:vendor_file:s0 tclass=file permissive=1
05-24 13:19:06.388 2032 2032 I net_disconnect.: type=1400 audit(0.0:718): avc: denied { execute_no_trans } for path="/vendor/bin/rgb_led_ctl" dev="overlay" ino=20837 scontext=u:r:init:s0 tcontext=u:object_r:vendor_file:s0 tclass=file permissive=1
05-24 13:19:06.449 2007 2007 V GraphicsEnvironment: ANGLE Developer option for 'com.android.onetimeinitializer' set to: 'default'
05-24 13:19:06.449 2007 2007 V GraphicsEnvironment: Neither updatable production driver nor prerelease driver is supported.
05-24 13:19:06.454 2007 2007 D NetworkSecurityConfig: No Network Security Config specified, using platform default
05-24 13:19:06.455 2007 2007 D NetworkSecurityConfig: No Network Security Config specified, using platform default
05-24 13:19:06.456 2007 2007 V OneTimeInitializerReceiver: OneTimeInitializerReceiver.onReceive
05-24 13:19:06.466 487 510 I ActivityManager: com.android.packageinstaller is exempt from freezer
05-24 13:19:06.468 487 510 D CompatibilityChangeReporter: Compat change id reported: 135634846; UID 1000; state: DISABLED
05-24 13:19:06.488 258 258 D Zygote : Forked child process 2043
05-24 13:19:06.489 487 552 I ActivityManager: app.processName = com.android.packageinstaller
05-24 13:19:06.489 487 552 I ActivityManager: Start proc 2043:com.android.packageinstaller/1000 for broadcast {com.android.packageinstaller/com.android.packageinstaller.TemporaryFileManager}
05-24 13:19:06.496 2043 2043 I Zygote : seccomp disabled by setenforce 0
05-24 13:19:06.416 2034 2034 I pm : type=1400 audit(0.0:719): avc: denied { getattr } for path="/system/bin/sh" dev="overlay" ino=264 scontext=u:r:system_server:s0 tcontext=u:object_r:shell_exec:s0 tclass=file permissive=1
