05-24 13:19:15.395 487 758 E system_server: Invalid class loader spec: =UnsupportedClassLoaderContext=
05-24 13:19:15.395 487 758 E PackageDexUsage: Unsupported context?
05-24 13:19:15.403 487 589 I WifiService: startScan uid=1000
05-24 13:19:15.412 2767 2841 W hi.tv.yst:stat: Unsupported class loader
05-24 13:19:15.417 487 487 W NotificationHistory: Attempted to add notif for locked/gone/disabled user 0
05-24 13:19:15.420 2202 2671 E NeuronEventScanner: [thread_report] release called.
05-24 13:19:15.420 2450 2450 I rainbow_flow: type=1400 audit(0.0:1179): avc: denied { ioctl } for path="/dev/spidev1.0" dev="tmpfs" ino=212 ioctlcmd=0x6b00 scontext=u:r:init:s0 tcontext=u:object_r:device:s0 tclass=chr_file permissive=1
05-24 13:19:15.423 690 690 V TvNotificationHandler: Notification not added because it isn't relevant for tv
05-24 13:19:15.424 2202 2671 E NeuronEventChecker: [thread_report] release called.
05-24 13:19:15.441 2767 2841 W hi.tv.yst:stat: Unsupported class loader
05-24 13:19:15.442 487 589 E system_server: Invalid class loader spec: =UnsupportedClassLoaderContext=
05-24 13:19:15.442 487 589 E PackageDexUsage: Unsupported context?
05-24 13:19:15.445 2807 2807 I MMKV : loading [ktcp_vmultidex_sp] with 2336 actual size, file size 4096, InterProcess 1, meta info version:3
05-24 13:19:15.445 2807 2807 I MMKV : loading [ktcp_vmultidex_sp] with crc 3514136628 sequence 2 version 3
05-24 13:19:15.446 2807 2807 I MMKV : loaded [ktcp_vmultidex_sp] with 1 key-values
05-24 13:19:15.446 2807 2807 I MultiDex: VM with version 2.1.0 has multidex support
05-24 13:19:15.447 2807 2807 I MMKV : loading [host_app_setting] with 3928 actual size, file size 4096, InterProcess 1, meta info version:3
05-24 13:19:15.447 2807 2807 I MMKV : loading [host_app_setting] with crc 3152560790 sequence 2 version 3
05-24 13:19:15.447 2807 2807 I MMKV : loaded [host_app_setting] with 3 key-values
05-24 13:19:15.449 2767 2841 W hi.tv.yst:stat: Unsupported class loader
05-24 13:19:15.454 1522 1808 I TDLog : [SDK] Data submitted successfully!
05-24 13:19:15.463 2807 2807 W System : ClassLoader referenced unknown path:
05-24 13:19:15.463 2807 2807 W cp.video:daemo: Unsupported class loader
05-24 13:19:15.472 2807 2807 I MMKV : loading [sp_video_recovery] with 2132 actual size, file size 4096, InterProcess 1, meta info version:3
05-24 13:19:15.473 2807 2807 I MMKV : loading [sp_video_recovery] with crc 3353252228 sequence 1 version 3
05-24 13:19:15.473 2807 2807 I MMKV : loaded [sp_video_recovery] with 6 key-values
05-24 13:19:15.491 2824 2824 V GraphicsEnvironment: ANGLE Developer option for 'com.starcor.mango' set to: 'default'
05-24 13:19:15.492 2824 2824 V GraphicsEnvironment: Neither updatable production driver nor prerelease driver is supported.
05-24 13:19:15.493 2824 2824 D NetworkSecurityConfig: No Network Security Config specified, using platform default
05-24 13:19:15.493 2824 2824 D NetworkSecurityConfig: No Network Security Config specified, using platform default
05-24 13:19:15.498 2824 2824 D Tinker.TinkerLoader: tryLoad test test
05-24 13:19:15.500 2807 2807 I MMKV : root dir: /data/user/0/com.ktcp.video/files/mmkv
05-24 13:19:15.500 2807 2807 I MMKV : loading [migrated_sp] with 71 actual size, file size 4096, InterProcess 1, meta info version:3
05-24 13:19:15.500 2807 2807 I MMKV : loading [migrated_sp] with crc 2412322674 sequence 1 version 3
05-24 13:19:15.500 2807 2807 I MMKV : loaded [migrated_sp] with 3 key-values
05-24 13:19:15.501 2807 2807 I MMKV : loading [mmkvwrapper_Cocos2dxPrefsFile] with 7441 actual size, file size 16384, InterProcess 1, meta info version:3
05-24 13:19:15.501 2807 2807 I MMKV : loading [mmkvwrapper_Cocos2dxPrefsFile] with crc 2632953930 sequence 5 version 3
05-24 13:19:15.501 2807 2807 I MMKV : loaded [mmkvwrapper_Cocos2dxPrefsFile] with 46 key-values
05-24 13:19:15.510 2807 2807 I FileLockLib: lock file path=/data/user/0/com.ktcp.video/files/Rightly.tds
05-24 13:19:15.510 2807 2807 I FileLockLib: lock file FD=76
05-24 13:19:15.510 2807 2807 I FileLockLib: init fg native, result=76
05-24 13:19:15.510 2807 2807 I FileLockLib: lock file path=/data/user/0/com.ktcp.video/files/App.Observer
05-24 13:19:15.510 2807 2807 I FileLockLib: lock file FD=77
05-24 13:19:15.510 2807 2807 I FileLockLib: init fg native, result=77
05-24 13:19:15.510 2807 2807 I FileLockLib: [2807]file 77 locked by pid: 2580. lock type: 0
05-24 13:19:15.511 2807 2807 I FileLockLib: [2807]get 77 lock success
05-24 13:19:15.511 2824 2824 W Tinker.TinkerLoader: tryLoadPatchFiles:patch dir not exist:/data/user/0/com.starcor.mango/tinker
05-24 13:19:15.512 2824 2824 D Tinker.DefaultAppLike: onBaseContextAttached:
05-24 13:19:15.512 2807 2807 I MMKV : root dir: /data/user/0/com.ktcp.video/files/mmkv
05-24 13:19:15.514 2580 2632 W XLOGReport: OtherSize: 31501, MainSize: 11970
05-24 13:19:15.520 2824 2824 I MMKV : Disable checkProcessMode()
05-24 13:19:15.535 2807 2807 I FileLockLib: [2807]unlock 76 success.
05-24 13:19:15.537 1421 1421 I hpplay-java: [main]:ServerTaskManager:startServer
05-24 13:19:15.537 1421 1421 I hpplay-java: [main]:ServerTaskManager:startServer add, reason: server start first or server was stopped
05-24 13:19:15.538 1421 1421 I hpplay-java: [main]:ServerTaskManager:addStartTask
05-24 13:19:15.539 1421 1421 I hpplay-java: [main]:IPManager:getActiveNets type: WIFI
05-24 13:19:15.539 1421 1421 I hpplay-java: [main]:IPManager:getActiveNets eth0:false wifi:true mobile:false ap:false
05-24 13:19:15.540 1421 1421 I hpplay-java: [main]:IPManager:getIPAddress IP_WLAN0
05-24 13:19:15.544 2767 2841 W hi.tv.yst:stat: Unsupported class loader
05-24 13:19:15.545 487 589 E system_server: Invalid class loader spec: =UnsupportedClassLoaderContext=
05-24 13:19:15.545 487 589 E PackageDexUsage: Unsupported context?
05-24 13:19:15.548 1095 1259 E hq : Etna:::sendInspectLauncherUpdate
05-24 13:19:15.551 1058 1200 E ccc : cccccc SystemUpdateHelper launcherUpdate {"launcherCodeLocal":102941,"launcherCodeNet":0,"launcherVersionLocal":"2.9.4.1","launcherVersionNet":"","otaCodeLocal":0,"otaCodeNet":0,"remoteNeedUpdate":false,"updateType":""}
05-24 13:19:15.553 1095 1259 D etnaManager: 不需要更新桌面
05-24 13:19:15.553 2767 2841 W hi.tv.yst:stat: Unsupported class loader
05-24 13:19:15.556 2807 2807 I DaemonService: service onCreate
05-24 13:19:15.564 487 589 D ConnectivityService: requestNetwork for uid/pid:1000/487 asUid: 10081 activeRequest: null callbackRequest: 40 [NetworkRequest [ REQUEST id=41, [ Capabilities: INTERNET&NOT_RESTRICTED&TRUSTED&NOT_VCN_MANAGED Uid: 10081 RequestorUid: 1000 RequestorPkg: android] ]] callback flags: 0 priority: 2147483647
05-24 13:19:15.565 2807 2807 I DaemonService: startBindVideo~~~
05-24 13:19:15.572 2807 2807 I DaemonService: subService onCreate
05-24 13:19:15.572 2807 2807 I DaemonService: onStartCommand
05-24 13:19:15.669 1421 1421 W audit : audit_lost=703 audit_rate_limit=5 audit_backlog_limit=64
05-24 13:19:15.678 1421 1421 E audit : rate limit exceeded
05-24 13:19:15.579 487 629 D ConnectivityService: NetReassign [41 : null → 100]
05-24 13:19:15.582 487 663 D Ethernet: got request NetworkRequest [ REQUEST id=41, [ Capabilities: INTERNET&NOT_RESTRICTED&TRUSTED&NOT_VCN_MANAGED Uid: 10081 RequestorUid: 1000 RequestorPkg: android] ]
05-24 13:19:15.582 487 663 D EthernetNetworkFactory: acceptRequest, request: NetworkRequest [ REQUEST id=41, [ Capabilities: INTERNET&NOT_RESTRICTED&TRUSTED&NOT_VCN_MANAGED Uid: 10081 RequestorUid: 1000 RequestorPkg: android] ]
05-24 13:19:15.582 487 663 I EthernetNetworkFactory: networkForRequest, request: NetworkRequest [ REQUEST id=41, [ Capabilities: INTERNET&NOT_RESTRICTED&TRUSTED&NOT_VCN_MANAGED Uid: 10081 RequestorUid: 1000 RequestorPkg: android] ], network: null
05-24 13:19:15.583 487 621 D WifiNetworkFactory: got request NetworkRequest [ REQUEST id=41, [ Capabilities: INTERNET&NOT_RESTRICTED&TRUSTED&NOT_VCN_MANAGED Uid: 10081 RequestorUid: 1000 RequestorPkg: android] ]
05-24 13:19:15.584 487 621 D UntrustedWifiNetworkFactory: got request NetworkRequest [ REQUEST id=41, [ Capabilities: INTERNET&NOT_RESTRICTED&TRUSTED&NOT_VCN_MANAGED Uid: 10081 RequestorUid: 1000 RequestorPkg: android] ]
05-24 13:19:15.589 487 589 W ActivityManager: Foreground service started from background can not have location/camera/microphone access: service com.ktcp.video/com.tencent.qqlivetv.keeplive.proc.DaemonService
05-24 13:19:15.590 487 589 I ActivityManager: Background started FGS: Allowed [callingPackage: com.ktcp.video; callingUid: 10081; uidState: RCVR; intent: Intent { cmp=com.ktcp.video/com.tencent.qqlivetv.keeplive.proc.DaemonService (has extras) }; code:SYSTEM_ALERT_WINDOW_PERMISSION; tempAllowListReason:; targetSdkVersion:23; callerTargetSdkVersion:23; startForegroundCount:0; bindFromPackage:null]
05-24 13:19:15.590 487 621 D OemPaidWifiNetworkFactory: got request NetworkRequest [ REQUEST id=41, [ Capabilities: INTERNET&NOT_RESTRICTED&TRUSTED&NOT_VCN_MANAGED Uid: 10081 RequestorUid: 1000 RequestorPkg: android] ]
05-24 13:19:15.592 2824 2824 I MMKV : current API level = 31
05-24 13:19:15.594 487 551 I DropBoxManagerService: add tag=system_server_wtf isTagEnabled=true flags=0x2
05-24 13:19:15.601 2824 2824 I KvUtil : initMMKV rootDir:/data/user/0/com.starcor.mango/cache/mmkv
05-24 13:19:15.602 487 589 W ProcessStats: Tracking association SourceState{c8b496b com.ktcp.video:daemon/10081 BTopFgs #349} whose proc state 2 is better than process ProcessState{b6f0cc8 com.ktcp.video/10081 pkg=com.ktcp.video} proc state 3 (0 skipped)
05-24 13:19:15.540 1421 1421 I ay.happyplay.aw: type=1400 audit(0.0:1180): avc: denied { search } for name="net" dev="sysfs" ino=10442 scontext=u:r:untrusted_app:s0:c82,c256,c512,c768 tcontext=u:object_r:sysfs_net:s0 tclass=dir permissive=1 app=com.hpplay.happyplay.aw
05-24 13:19:15.602 1421 1421 I hpplay-java: [main]:IPManager:updateIPAddress getIPAddress: 10.192.35.175 name:wlan0
05-24 13:19:15.609 487 758 W ActivityManager: Foreground service started from background can not have location/camera/microphone access: service com.ktcp.video/com.tencent.qqlivetv.keeplive.proc.DaemonService$SubService
05-24 13:19:15.610 487 758 I ActivityManager: Background started FGS: Allowed [callingPackage: com.ktcp.video; callingUid: 10081; uidState: SVC ; intent: Intent { cmp=com.ktcp.video/com.tencent.qqlivetv.keeplive.proc.DaemonService$SubService }; code:SYSTEM_ALERT_WINDOW_PERMISSION; tempAllowListReason:; targetSdkVersion:23; callerTargetSdkVersion:23; startForegroundCount:0; bindFromPackage:null]
05-24 13:19:15.615 487 551 I ActivityManager: Deferring FGS notification in legacy app com.ktcp.video/u0a81 : Notification(channel=recommendation_channel shortcut=null contentView=com.ktcp.video/0x10900aa vibrate=null sound=null defaults=0x0 flags=0x40 color=0x00000000 vis=PRIVATE)
05-24 13:19:15.619 487 551 I DropBoxManagerService: add tag=system_server_wtf isTagEnabled=true flags=0x2
05-24 13:19:15.620 2807 2807 I DaemonService: onVideoServiceConnected
05-24 13:19:15.623 1095 1696 I OpenGLRenderer: Davey! duration=9223371994405ms; Flags=0, FrameTimelineVsyncId=1028, IntendedVsync=42449340542, Vsync=42449340542, InputEventId=0, HandleInputStart=42458386311, AnimationStart=42458390561, PerformTraversalsStart=42458393519, DrawStart=42459248686, FrameDeadline=42489340542, FrameInterval=42458377936, FrameStartTime=20000000, SyncQueued=42459669394, SyncStart=42459992977, IssueDrawCommandsStart=42461093686, SwapBuffers=42475375144, FrameCompleted=9223372036854775807, DequeueBufferDuration=50209, QueueBufferDuration=2108834, GpuCompleted=9223372036854775807, SwapBuffersCompleted=42478738144, DisplayPresentTime=0,
05-24 13:19:15.625 2824 2824 I thread-Optimize-handle: app thread pool init default
05-24 13:19:15.626 2824 2824 I thread-Optimize: OptimizeEngine start===>isAllowCoreThreadTimeOut:true
05-24 13:19:15.626 2824 2824 I thread-Optimize: AsyncTask executor success!
05-24 13:19:15.627 2824 2824 I DrawableOptEngine: drawable init:true
05-24 13:19:15.627 2824 2824 I PreLoadDexManager: install dex system default start
05-24 13:19:15.627 1421 1421 I hpplay-java: [main]:ServerTaskManager:exeTask startServer
05-24 13:19:15.628 2824 2824 I MultiDex: VM with version 2.1.0 has multidex support
05-24 13:19:15.628 2824 2824 I MultiDex: Installing application
05-24 13:19:15.628 2824 2824 I MultiDex: VM has multidex support, MultiDex support library is disabled.
05-24 13:19:15.628 2824 2824 I PreLoadDexManager: install dex system default success
05-24 13:19:15.628 1421 1421 I hpplay-java: [main]:ServerTaskManager:startTimeOutCheck
05-24 13:19:15.630 1421 1421 I hpplay-java: [main]:IM_PublicCastClient:cs 1
05-24 13:19:15.630 1421 1421 I hpplay-java: [main]:IM_PublicCastClient:cs 1
05-24 13:19:15.630 1421 1421 W hpplay-java: [main]:IM_PublicCastClient:connect,token is invalid
05-24 13:19:15.630 2824 2824 V Tinker.BasePatchListener: application maxMemory:256
05-24 13:19:15.633 1421 1642 I hpplay-java: [P:rqRes:0]:BaseRunnable:P:tskStat:35 start running ...
05-24 13:19:15.633 1421 1642 I hpplay-java: [P:tskStat:1]:ServerBusiness:startDaemonBusiness
05-24 13:19:15.633 2824 2824 W Tinker.Tinker: tinker patch directory: /data/user/0/com.starcor.mango/tinker
05-24 13:19:15.634 1421 1642 I hpplay-java: [P:tskStat:1]:LBHandler:create name: TimeOutCheckUtil looper:Looper (main, tid 2) {3729ae6}
05-24 13:19:15.634 1421 1642 I hpplay-java: [P:tskStat:1]:TimeOutCheckUtil:addTask id:upgrade
05-24 13:19:15.635 2824 2824 I Tinker.Tinker: try to install tinker, isEnable: true, version: 1.9.14.18
05-24 13:19:15.635 1421 1642 I hpplay-java: [P:tskStat:1]:TimeOutCheckUtil:addTask id:ijkupgrade
05-24 13:19:15.635 2824 2824 I Tinker.TinkerLoadResult: parseTinkerResult loadCode:-2, process name:com.starcor.mango, main process:true, systemOTA:false, fingerPrint:Dangbei/raven/raven:12/SP1A.211105.004/20250523.115359:userdebug/release-keys, oatDir:null, useInterpretMode:false
05-24 13:19:15.635 2824 2824 W Tinker.TinkerLoadResult: can't find patch file, is ok, just return
05-24 13:19:15.636 2824 2824 I Tinker.DefaultLoadReporter: patch loadReporter onLoadResult: patch load result, path:/data/user/0/com.starcor.mango/tinker, code: -2, cost: 12ms
05-24 13:19:15.636 2824 2824 V Tinker.HotFixReportDelegate: ---- onLoadedEvent = 167c9cc6-d12d-4890-9944-360505eaabbf
05-24 13:19:15.636 2824 2824 W Tinker.Tinker: tinker load fail!
05-24 13:19:15.639 2824 2824 I thread-Optimize-App: no proxy thread: source:opt_handlerthread
05-24 13:19:15.639 2824 2824 I thread-Optimize-App: proxy handlerthread: source:​com.mgtv.nunai.hotfix.task.TaskManager
05-24 13:19:15.639 1421 1691 I hpplay-java: [HT:BaseServ]:Bridge:assembleInParameters
05-24 13:19:15.640 1421 1691 I hpplay-java: [HT:BaseServ]:DeviceUtil:getUniqueMc b4:2f:03:15:e9:b5
05-24 13:19:15.640 1421 1691 I hpplay-java: [HT:BaseServ]:DeviceUtil:return mac b4:2f:03:15:e9:b5
05-24 13:19:15.641 1421 1691 I hpplay-java: [HT:BaseServ]:Bridge:screenwidth: 1920screenheight: 1080
05-24 13:19:15.641 2824 2824 I thread-Optimize-App: no proxy thread: source:opt_handlerthread
05-24 13:19:15.641 2824 2824 I thread-Optimize-App: proxy handlerthread: source:​com.mgtv.nunai.hotfix.task.TaskManager
05-24 13:19:15.642 2824 2824 I PreLoadDexApplicationLike: attachBaseContext finish
05-24 13:19:15.642 2824 2824 I LogEx-MgtvPluginManager:: init: pluginEventCallback=com.mgtv.tv.sdk.plugin.k$3@9d11ce5 ,curCallback=null
05-24 13:19:15.643 1421 1691 I hpplay-java: [HT:BaseServ]:Bridge:createDeviceId deviceId:NTg6YzM6ZTc6ZmQ6YTQ6YjM=
05-24 13:19:15.644 1421 1691 I hpplay-java: [HT:BaseServ]:IPManager:getActiveNets type: WIFI
05-24 13:19:15.645 1421 1691 I hpplay-java: [HT:BaseServ]:IPManager:getActiveNets eth0:false wifi:true mobile:false ap:false
05-24 13:19:15.645 1421 1691 I hpplay-java: [HT:BaseServ]:IPManager:getIPAddress IP_WLAN0
05-24 13:19:15.645 1421 1691 I hpplay-java: [HT:BaseServ]:SWI:dlna tip
05-24 13:19:15.645 1421 1691 I hpplay-java: [HT:BaseServ]:SWI:lefp tip
05-24 13:19:15.646 1421 1691 I hpplay-java: [HT:BaseServ]:Bridge:assembleInParameters none alias name use device name: 投屏电视C0
05-24 13:19:15.646 1421 1691 I hpplay-java: [HT:BaseServ]:Feature:isSendAdvertisement
05-24 13:19:15.647 1421 2873 I hpplay-java: NanoHTTPDNanoHTTPD:server is started
05-24 13:19:15.647 1421 1691 I hpplay-java: [HT:BaseServ]:BPIFileUtil:getMd5ByFile: 0FA04FD08975C81CDD9275F6AE23A020, filePath:/data/user/0/com.hpplay.happyplay.aw/files/hpplay/file/config/dcf
05-24 13:19:15.654 2824 2824 W System : ClassLoader referenced unknown path:
05-24 13:19:15.654 2824 2824 W m.starcor.mang: Unsupported class loader
05-24 13:19:15.656 1421 1642 I hpplay-java: [P:tskStat:1]:ServerBusiness:startHttpserver sucess 38849
05-24 13:19:15.656 2824 2824 W System : ClassLoader referenced unknown path:
05-24 13:19:15.656 2824 2824 W m.starcor.mang: Unsupported class loader
05-24 13:19:15.656 1421 1642 I hpplay-java: [P:tskStat:1]:Utils:clearConnectDevice
05-24 13:19:15.657 2824 2824 I ProxyApp: set baseContext ClassLoader finish
05-24 13:19:15.657 2824 2824 W ws001 : p m hlc u d p o com.starcor.mango.loader.p.ProviderN1
05-24 13:19:15.659 1421 1421 I hpplay-java: [main]:ServerBusiness:get deviceCode:3306093715
05-24 13:19:15.660 2767 2841 W hi.tv.yst:stat: Unsupported class loader
05-24 13:19:15.661 487 818 E system_server: Invalid class loader spec: =UnsupportedClassLoaderContext=
05-24 13:19:15.661 487 818 E PackageDexUsage: Unsupported context?
05-24 13:19:15.666 2767 2841 W hi.tv.yst:stat: Unsupported class loader
05-24 13:19:15.667 2824 2824 I mgtv-ott: SdkUserCenterDbProvider onCreate
05-24 13:19:15.670 1421 1642 I hpplay-java: [P:tskStat:1]:BaseRunnable:P:tskStat:35 onCompletion change name ...
05-24 13:19:15.671 1421 1647 I hpplay-java: [P:udtIp:0]:BaseRunnable:P:atoPlg:36 start running ...
05-24 13:19:15.671 1421 1647 I hpplay-java: [P:atoPlg:1]:PluginDownLoader:requestSDKPlugin
05-24 13:19:15.672 1421 1691 I hpplay-java: [HT:BaseServ]:DeviceUtils:getDomain domain:
05-24 13:19:15.672 1421 1691 I hpplay-java: [HT:BaseServ]:DeviceUtils:getDomain create lb domain
05-24 13:19:15.672 1421 1691 I hpplay-java: [HT:BaseServ]:DeviceUtil:getUniqueMc b4:2f:03:15:e9:b5
05-24 13:19:15.673 1421 1691 I hpplay-java: [HT:BaseServ]:DeviceUtil:return mac b4:2f:03:15:e9:b5
05-24 13:19:15.673 1421 1691 I hpplay-java: [HT:BaseServ]:BuildConfigSupport:getBuildType BUILD_TYPE:release
05-24 13:19:15.673 1421 1691 I hpplay-java: [HT:BaseServ]:Feature:getMirrorAudioVideoSync DISABLE
05-24 13:19:15.673 1421 1691 I hpplay-java: [HT:BaseServ]:Feature:isReverseControlEnable :true
05-24 13:19:15.674 1421 1691 I hpplay-java: [HT:BaseServ]:Feature:isPlayListEnable :true
05-24 13:19:15.674 1421 1691 I hpplay-java: [HT:BaseServ]:Feature:isSupportWrByMemory,true
05-24 13:19:15.674 1421 1647 I hpplay-java: [P:atoPlg:1]:PluginDownLoader:getAvailMemory:894
05-24 13:19:15.674 1421 1691 I hpplay-java: [HT:BaseServ]:Feature:getWrState wrSwitch:1
05-24 13:19:15.674 1421 1691 I hpplay-java: [HT:BaseServ]:Feature:isSupportWrByMemory,true
05-24 13:19:15.674 1421 1691 I hpplay-java: [HT:BaseServ]:Feature:getWrState wrSwitch:1
05-24 13:19:15.674 1421 1691 I hpplay-java: [HT:BaseServ]:CreateUtils:createFeature baseFeature:100111100111111111
05-24 13:19:15.675 1421 1647 I hpplay-java: [P:atoPlg:1]:BaseRunnable:P:atoPlg:36 onCompletion change name ...
05-24 13:19:15.675 1421 1550 I hpplay-java: [P:rstaServ:0]:BaseRunnable:P:rqPlg:37 start running ...
05-24 13:19:15.675 1421 1550 I hpplay-java: [P:rqPlg:1]:AsyncHttpJob:startRequestByConfig P:rqPlg sdkVersion:31, result:false
05-24 13:19:15.675 1421 1691 I hpplay-java: [HT:BaseServ]:LibLoader:getValidPath nativeLibraryDir:/data/app/~~RdGCyTZr97OL6QhWNZBAkQ==/com.hpplay.happyplay.aw-okBu_94vZIVEzeZSEhjkxA==/lib/arm
05-24 13:19:15.675 1421 1691 I hpplay-java: [HT:BaseServ]:LelinkLoader:getAbiType type:0, lelink64:,isSupportArm64:false
05-24 13:19:15.675 1421 1691 I hpplay-java: [HT:BaseServ]:LelinkLoader:getAbiType type:0, lelink64:,isSupportArm64:false
05-24 13:19:15.676 1421 1691 I hpplay-java: [HT:BaseServ]:LelinkLoader:getAbiType type:0, lelink64:,isSupportArm64:false
05-24 13:19:15.771 2824 2824 I UserAgreementProvider: onCreate
05-24 13:19:15.771 2824 2824 D ServerProvider: [onCreate] App = com.mgtv.tv.app.MgtvApp@cbd0e0d
05-24 13:19:15.776 2824 2824 I MyLogImp: onCreate
05-24 13:19:15.776 2824 2824 D Tinker.DefaultAppLike: onCreate
05-24 13:19:15.776 2824 2824 I PageMeasure: collect page info:true
05-24 13:19:15.777 2824 2824 I FixContract: stopWatchDog, do not support after Android P, just return
05-24 13:19:15.777 2824 2824 I FixContract: start hook Handler
05-24 13:19:15.787 2824 2824 I UserAgreementConfig: isUserApproveAgreement-1;-1
05-24 13:19:15.787 2824 2824 I UserAgreementConfig: isUserApproveAgreement after20230802001;20230802001
05-24 13:19:15.787 2824 2824 W System.err: java.lang.ClassNotFoundException: com.mgtv.mghook.HookApi
05-24 13:19:15.788 2824 2824 W System.err: at java.lang.Class.classForName(Native Method)
05-24 13:19:15.788 2824 2824 W System.err: at java.lang.Class.forName(Class.java:454)
05-24 13:19:15.788 2824 2824 W System.err: at java.lang.Class.forName(Class.java:379)
05-24 13:19:15.788 2824 2824 W System.err: at com.mgtv.tv.base.ott.security.SensitiveApiHookManager.initSensitiveApiDetectHook(SensitiveApiHookManager.java:19)
05-24 13:19:15.788 2824 2824 W System.err: at com.mgtv.tv.app.ProxyApp.initAppKeyComponent(ProxyApp.java:709)
05-24 13:19:15.788 2824 2824 W System.err: at com.mgtv.tv.app.ProxyApp.onCreate(ProxyApp.java:453)
05-24 13:19:15.788 2824 2824 W System.err: at com.tencent.tinker.entry.TinkerApplicationInlineFence.handleMessageImpl(TinkerApplicationInlineFence.java:76)
05-24 13:19:15.788 2824 2824 W System.err: at com.tencent.tinker.entry.TinkerApplicationInlineFence.handleMessage_$noinline$(TinkerApplicationInlineFence.java:60)
05-24 13:19:15.788 2824 2824 W System.err: at com.tencent.tinker.entry.TinkerApplicationInlineFence.handleMessage(TinkerApplicationInlineFence.java:53)
05-24 13:19:15.788 2824 2824 W System.err: at com.tencent.tinker.loader.app.TinkerInlineFenceAction.callOnCreate(TinkerInlineFenceAction.java:57)
05-24 13:19:15.788 2824 2824 W System.err: at com.tencent.tinker.loader.app.TinkerApplication.onCreate(TinkerApplication.java:189)
05-24 13:19:15.788 2824 2824 W System.err: at android.app.Instrumentation.callApplicationOnCreate(Instrumentation.java:1211)
05-24 13:19:15.788 2824 2824 W System.err: at android.app.ActivityThread.handleBindApplication(ActivityThread.java:6740)
05-24 13:19:15.788 2824 2824 W System.err: at android.app.ActivityThread.access$1500(ActivityThread.java:247)
05-24 13:19:15.788 2824 2824 W System.err: at android.app.ActivityThread$H.handleMessage(ActivityThread.java:2053)
05-24 13:19:15.788 2824 2824 W System.err: at android.os.Handler.dispatchMessage(Handler.java:106)
05-24 13:19:15.788 2824 2824 W System.err: at android.os.Looper.loopOnce(Looper.java:201)
05-24 13:19:15.788 2824 2824 W System.err: at android.os.Looper.loop(Looper.java:288)
05-24 13:19:15.788 2824 2824 W System.err: at android.app.ActivityThread.main(ActivityThread.java:7854)
05-24 13:19:15.788 2824 2824 W System.err: at java.lang.reflect.Method.invoke(Native Method)
05-24 13:19:15.788 2824 2824 W System.err: at com.android.internal.os.RuntimeInit$MethodAndArgsCaller.run(RuntimeInit.java:548)
05-24 13:19:15.788 2824 2824 W System.err: at com.android.internal.os.ZygoteInit.main(ZygoteInit.java:1182)
05-24 13:19:15.789 2824 2824 W System.err: Caused by: java.lang.ClassNotFoundException: com.mgtv.mghook.HookApi
05-24 13:19:15.789 2824 2824 W System.err: ... 22 more
05-24 13:19:15.792 2824 2824 I UserAgreementConfig: isUserApproveAgreement20230802001;20230802001
05-24 13:19:15.792 2767 2841 W hi.tv.yst:stat: Unsupported class loader
05-24 13:19:15.793 487 589 E system_server: Invalid class loader spec: =UnsupportedClassLoaderContext=
05-24 13:19:15.793 487 589 E PackageDexUsage: Unsupported context?
05-24 13:19:15.794 2824 2824 I LogManager: LogManager init ---
05-24 13:19:15.799 2767 2841 W hi.tv.yst:stat: Unsupported class loader
05-24 13:19:15.807 2767 2841 W hi.tv.yst:stat: Unsupported class loader
05-24 13:19:15.808 487 818 E system_server: Invalid class loader spec: =UnsupportedClassLoaderContext=
05-24 13:19:15.808 487 818 E PackageDexUsage: Unsupported context?
05-24 13:19:15.813 1421 1691 I hpplay-java: [HT:BaseServ]:BPIFileUtil:getMd5ByFile: A66F7A87B074419D778A11E7E657C61E, filePath:/data/app/~~RdGCyTZr97OL6QhWNZBAkQ==/com.hpplay.happyplay.aw-okBu_94vZIVEzeZSEhjkxA==/lib/arm/liblbffmpeg.so
05-24 13:19:15.814 2767 2841 W hi.tv.yst:stat: Unsupported class loader
05-24 13:19:15.814 1421 1691 W hpplay-java: [HT:BaseServ]:LelinkLoader:isSoMatchingMd5, liblbffmpeg.so targetMd5:a66f7a87b074419d778a11e7e657c61e, newSoMd5:A66F7A87B074419D778A11E7E657C61E
05-24 13:19:15.818 1421 1691 I hpplay-java: [HT:BaseServ]:Bridge:assembleInParameters mIn: InParameters{appInfo='0', appKey='11388', appName='乐播投屏', appVersion='808081809', authMode=0, authPwd='null', avformatSupport=0, broadcastDirection=0, broadcastState=1, broadcastTimeout=3, buildType='release', cacheAVPath='/data/user/0/com.hpplay.happyplay.aw/cache/hpplay/av', cachePhotoPath='/data/user/0/com.hpplay.happyplay.aw/cache/hpplay/image', channel='LEBO-APK--60090-34503', decodeHeight=3152, decodeWidth=4096, desPath='/data/user/0/com.hpplay.happyplay.aw/files/hpplay/file/config/dcf', deviceBrand='Dangbei', , deviceModel='DBBOX-A2', deviceName='投屏电视C0', dlna=1, dlnaCompany='Microsoft Corporation', dlnaCompanyURL='http://www.microsoft.com', dlnaDeviceDescribe='Media Renderer', dlnaDeviceName='Windows Media Player', dlnaDeviceURL='http://go.microsoft.com/fwlink/Linkld=105927', dlnaLelinkSwitch=1, dlnaManufacturer=0, dlnaName='投屏电视C0', dlnaUPC='null', dlnaUUID='e42c7465-8af3-0f31-77bd-910b81dff60f', domain='Lebo-DBBOX-A2-b42f0315e9b5', drainage=33554434, feature='162303', fps=30, height=1080, host='null', , keyPath='/data/user/0/com.hpplay.happyplay.aw/files/hpplay/file', lelinkfp=1, lelinkfp2=0, logBaseState=1, logPath='/storage/emulated/0/com.hpplay.happyplay.aw/sink/sdk/common', longBitmap=0, longEncryptMode=2, longProtocolEnable=1, , mdnsEnable=1, mirrorSyncType=0, moreCast=0, nAndroidVersion=31, nativeLibPath='/data/app/~~RdGCyTZr97OL6QhWNZBAkQ==/com.hpplay.happyplay.aw-okBu_94vZIVEzeZSEhjkxA==/lib/arm', netCastVer='2.0', osVersion='31', packageName='com.hpplay.happyplay.aw', packagePath='/data/user/0/com.hpplay.happyplay.aw', permissionDid='', permissionMode=0, permissionPreSN='', playRate3xSupport=1, port=-1, preemptMode=0, regType='_leboremote._tcp.', resolutionSupport=0, screenHeight=1080, screenWidth=1920, serverPorts=null, sockWaitTimeOut=10, teleControlPort=53388, tunnels=0, txtKeys=null, txtValues=null, uid='10001806974679', videoFrameType=1001, width=1920}com.hpplay.sdk.sink.protocol.InParameters@ad57097
05-24 13:19:15.818 2824 2824 W ApiConfigDataProvider: not match key:ott_apk_jumpprompt_switch ,value:1
05-24 13:19:15.819 2824 2824 W ApiConfigDataProvider: not match key:os_voice_app_plan ,value:dm
05-24 13:19:15.819 2824 2824 W ApiConfigDataProvider: not match key:os_voice_app_activate ,value:button
05-24 13:19:15.819 1421 1691 I hpplay-java: [HT:BaseServ]:Bridge:startServer state: 0 params: InParameters{appInfo='0', appKey='11388', appName='乐播投屏', appVersion='808081809', authMode=0, authPwd='null', avformatSupport=0, broadcastDirection=0, broadcastState=1, broadcastTimeout=3, buildType='release', cacheAVPath='/data/user/0/com.hpplay.happyplay.aw/cache/hpplay/av', cachePhotoPath='/data/user/0/com.hpplay.happyplay.aw/cache/hpplay/image', channel='LEBO-APK--60090-34503', decodeHeight=3152, decodeWidth=4096, desPath='/data/user/0/com.hpplay.happyplay.aw/files/hpplay/file/config/dcf', deviceBrand='Dangbei', , deviceModel='DBBOX-A2', deviceName='投屏电视C0', dlna=1, dlnaCompany='Microsoft Corporation', dlnaCompanyURL='http://www.microsoft.com', dlnaDeviceDescribe='Media Renderer', dlnaDeviceName='Windows Media Player', dlnaDeviceURL='http://go.microsoft.com/fwlink/Linkld=105927', dlnaLelinkSwitch=1, dlnaManufacturer=0, dlnaName='投屏电视C0', dlnaUPC='null', dlnaUUID='e42c7465-8af3-0f31-77bd-910b81dff60f', domain='Lebo-DBBOX-A2-b42f0315e9b5', drainage=33554434, feature='162303', fps=30, height=1080, host='null', , keyPath='/data/user/0/com.hpplay.happyplay.aw/files/hpplay/file', lelinkfp=1, lelinkfp2=0, logBaseState=1, logPath='/storage/emulated/0/com.hpplay.happyplay.aw/sink/sdk/common', longBitmap=0, longEncryptMode=2, longProtocolEnable=1, , mdnsEnable=1, mirrorSyncType=0, moreCast=0, nAndroidVersion=31, nativeLibPath='/data/app/~~RdGCyTZr97OL6QhWNZBAkQ==/com.hpplay.happyplay.aw-okBu_94vZIVEzeZSEhjkxA==/lib/arm', netCastVer='2.0', osVersion='31', packageName='com.hpplay.happyplay.aw', packagePath='/data/user/0/com.hpplay.happyplay.aw', permissionDid='', permissionMode=0, permissionPreSN='', playRate3xSupport=1, port=-1, preemptMode=0, regType='_leboremote._tcp.', resolutionSupport=0, screenHeight=1080, screenWidth=1920, serverPorts=null, sockWaitTimeOut=10, teleControlPort=53388, tunnels=0, txtKeys=null, txtValues=null, uid='10001806974679', videoFrameType=1001, width=1920}com.hpplay.sdk.sink.protocol.InParameters@ad57097
05-24 13:19:15.819 2824 2824 W ApiConfigDataProvider: not match key:os_sysset_testspeed_urls ,value:http://starcorupdate.hifuntv.com/openapk/dbei/HunanOTT_V4_4_X_UE_MG_Pre_Release_MG_5.5.704_SC46720_VC59712.apk;http://starcorupdate.hifuntv.com/openapk/dbei/HunanOTT_V4_4_X_UE_MG_Pre_Release_MG_5.5.703_SC46572_VC59573.apk
05-24 13:19:15.819 2824 2824 W ApiConfigDataProvider: not match key:abtest_fix_abt ,value:101|A;101|D;101|F;105|B;124|B;148|A;146|A
05-24 13:19:15.819 2824 2824 W ApiConfigDataProvider: not match key:ftx_activity_h5_url ,value:http://club.mgtv.com/tvos/dl/niunai.html
05-24 13:19:15.819 2824 2824 W ApiConfigDataProvider: not match key:ott_flashmodule_playvideo_switch ,value:1
05-24 13:19:15.819 2824 2824 W ApiConfigDataProvider: not match key:ott_throwing_screen_switch ,value:0
05-24 13:19:15.819 2824 2824 W ApiConfigDataProvider: not match key:os_fuse_pay_switch ,value:1
05-24 13:19:15.819 2824 2824 W ApiConfigDataProvider: not match key:os_clear_space_uninstall_white_apps ,value:com.gitvvideo.mango;com.cibn.tv;com.ktcp.video;net.myvst.v2;com.xiaodianshi.tv.yst;net.cibntv.ott.sk;com.hpplay.happyplay.aw;com.baidu.input_baidutv;
05-24 13:19:15.820 2824 2824 W ApiConfigDataProvider: not match key:ott_apk_fstlvlid_mapping_vclassid ,value:[{"fstlvlId":"2","vclassId":"2095375","pos":"10"}]
05-24 13:19:15.820 2824 2824 W ApiConfigDataProvider: not match key:ott_hdr10_switch ,value:0
05-24 13:19:15.820 2824 2824 W ApiConfigDataProvider: not match key:ott_apk_dolbyatmos_switch ,value:1
05-24 13:19:15.820 2824 2824 W ApiConfigDataProvider: not match key:ott_apk_pen_defs ,value:9,10
05-24 13:19:15.820 1421 1691 D hpplay-base: [jniBridge:200] not conference version
05-24 13:19:15.820 2824 2824 W ApiConfigDataProvider: not match key:ott_xweb_switch ,value:1
05-24 13:19:15.820 1421 1691 I hpplay-base: [jniBridge:260] 1initServer nSettingWidth=1920 nSettingHeight=1080 screenwidth:1920 screenheight:1080 nSettingMaxFPS=30 dlnaEnable=1 lelinkFpEnable=1
05-24 13:19:15.820 2824 2824 I ApiConfigDataProvider: ott_group_switchs:0-0-0-0-0-1-1-0-1-150-1-3-2-0-0-0-1-1-0-1-0-0-4771565-视听备【2023】B1723-0-0-湘B2;20090004;13A-28800-0-480
05-24 13:19:15.820 1421 1691 D hpplay-base: [jniBridge:306] 1initServer cfg.leLinkIp=10.192.35.175
05-24 13:19:15.820 1421 1691 D hpplay-base: [jniBridge:309] 1initServer cfg.mPermissionMode=0
05-24 13:19:15.820 1421 1691 D hpplay-base: [jniBridge:340] Bridge___1initServer status:0
05-24 13:19:15.820 1421 1691 I hpplay-base: [jniBridge:348] 1initServer cfg.feature=162303
05-24 13:19:15.820 2824 2824 I ApiConfigDataProvider: mPodPopShowRang changed:{1=0.7, 2=0.7, 3=0.7, 50=0.7}
05-24 13:19:15.820 2824 2824 W ApiConfigDataProvider: not match key:ott_detail_top_datatype ,value:-1|1,2,15,16,9,14
05-24 13:19:15.821 1421 1691 D hpplay-base: [jniBridge:395] 1initServer strDlnaUPC(0)=
05-24 13:19:15.821 1421 1691 D hpplay-base: [jniBridge:403] 1initServer isSendBroadCast=3
05-24 13:19:15.821 1421 1691 D hpplay-base: [jniBridge:406] 1initServer broadcastDirection=0
05-24 13:19:15.821 1421 1691 D hpplay-base: [jniBridge:409] 1initServer pBaseContext->moreCast=0
05-24 13:19:15.821 1421 1691 D hpplay-base: [jniBridge:412] 1initServer ipBroadcast direction=0
05-24 13:19:15.821 1421 1691 D hpplay-base: [jniBridge:420] 1initServer drainage=33554434
05-24 13:19:15.821 1421 1691 D hpplay-base: [jniBridge:432] 1initServer mDNSEnable=1
05-24 13:19:15.821 1421 1691 D hpplay-base: [jniBridge:437] 1initServer nSockWaitTimeOut=10
05-24 13:19:15.821 1421 1691 D hpplay-base: [jniBridge:441] 1initServer nMirrorAudioVideoSync=0
05-24 13:19:15.821 1421 1691 I hpplay-base: [jniBridge:444] 1initServer avformatSupport=0 resolutionSupport=0
05-24 13:19:15.821 1421 1691 I hpplay-base: [jniBridge:446] 1initServer longEncryptMode=2
05-24 13:19:15.821 1421 1691 I hpplay-base: [jniBridge:469] 1initServer android_version=31 use_quic=0 longProtocolEnable=1
05-24 13:19:15.821 1421 1691 I hpplay-base: [sign_check:172] checkSign strPackageName:com.hpplay.happyplay.aw
05-24 13:19:15.821 1421 1691 I hpplay-base: [sign_check:173] checkSign buildType:release
05-24 13:19:15.821 1421 1691 I hpplay-base: [sign_check:174] checkSign appKey:11388
05-24 13:19:15.823 1421 1691 I hpplay-base: [sign_check:212] checkSign success
05-24 13:19:15.823 1421 1691 D hpplay-base: [LelinkBase:426] bridgeInit port: -1, lelinkfp: 0
05-24 13:19:15.823 1421 1691 D hpplay-base: [LelinkBase:497] bridgeInit mNativeLibPath =/data/app/~~RdGCyTZr97OL6QhWNZBAkQ==/com.hpplay.happyplay.aw-okBu_94vZIVEzeZSEhjkxA==/lib/arm
05-24 13:19:15.823 1421 1691 D hpplay-base: [LelinkBase:498] bridgeInit mPackagePath =/data/user/0/com.hpplay.happyplay.aw
05-24 13:19:15.823 1421 1691 D hpplay-base: [LelinkBase:499] bridgeInit mKeyPath =/data/user/0/com.hpplay.happyplay.aw/files/hpplay/file
05-24 13:19:15.823 1421 1691 D hpplay-base: [SinkContext:105] initSinkContext mPackagePath =/data/user/0/com.hpplay.happyplay.aw
05-24 13:19:15.823 1421 1691 D hpplay-base: [SinkContext:106] initSinkContext mKeyPath =/data/user/0/com.hpplay.happyplay.aw/files/hpplay/file
05-24 13:19:15.823 1421 1691 D hpplay-base: [SinkContext:121] initSinkContext android_version:31 use_quic:0
05-24 13:19:15.823 1421 1691 D hpplay-base: [jniBridge:533] Java_com_hpplay_sdk_sink_protocol_Bridge__1initServer end
05-24 13:19:15.823 1421 1691 I hpplay-java: [HT:BaseServ]:Bridge:setAudioProtocol type:1
05-24 13:19:15.824 1421 1691 D hpplay-base: [jniBridge:5095] audio_ast:1
05-24 13:19:15.824 1421 1691 D hpplay-base: [jniBridge:941] Bridge__1startServer status:1
05-24 13:19:15.824 1421 1691 D hpplay-base: [LelinkBase:527] startAllServer at base longProtocolEnable:1
05-24 13:19:15.826 2767 2841 W hi.tv.yst:stat: Unsupported class loader
05-24 13:19:15.826 2824 2824 W ws001 : NRH lcl.fc: c=java.awt.Rectangle
05-24 13:19:15.826 487 589 E system_server: Invalid class loader spec: =UnsupportedClassLoaderContext=
05-24 13:19:15.826 487 589 E PackageDexUsage: Unsupported context?
05-24 13:19:15.827 2824 2824 W ws001 : NRH lcl.fc: c=org.springframework.util.LinkedMultiValueMap
05-24 13:19:15.829 1421 1691 D hpplay-base: [PROTOCOL_LONG:2476] sink public_key_base64:hR2ZxUylTG90YKgnbRMtlSarwuR9pJyRnAlyyyVi+Dc=
05-24 13:19:15.829 1421 1691 D hpplay-base: [PROTOCOL_LONG:2498] long_init packname:com.hpplay.happyplay.aw ip:10.192.35.175
05-24 13:19:15.829 1421 1691 D hpplay-base: [PROTOCOL_LONG:2533] long_init server bind port: 53344
05-24 13:19:15.830 1421 1691 D hpplay-base: [lelinkSinkServer:152] httpPlugins_SetServerPort TYPE_SERVER_LELINK:52244
05-24 13:19:15.830 1421 1691 D hpplay-base: [network.c:362] protocol bind host :10.192.35.175 port:52244 curent bind port:52244
05-24 13:19:15.830 1421 1691 D hpplay-base: [lelinkSinkServer:806] HTTP Server real at:52244
05-24 13:19:15.830 1421 2883 D hpplay-base: [lelinkSinkServer:769] Connected Service Type:0
05-24 13:19:15.830 1421 1691 D hpplay-base: [ScreenStream:1687] current bind port:7100
05-24 13:19:15.830 2767 2841 W hi.tv.yst:stat: Unsupported class loader
05-24 13:19:15.830 1421 2883 I hpplay-base: : (server.c.313) startServer listen_ing....:
05-24 13:19:15.830 1421 1691 D hpplay-base: [LelinkBase:563] startAllServer pBaseContext->config.dlnaEnable:1
05-24 13:19:15.830 1421 1691 D hpplay-base: [lelinkDlna:339] addDMRCallback end
05-24 13:19:15.830 1421 2883 D hpplay-base: [Server:369] startHttpServer srv_sockets.used:1 nCurrentFd:93, tid is 2883
05-24 13:19:15.830 1421 2884 D hpplay-base: [stream_mirror_compat:755] compat mirror stream begin to run,server fd:94,thread_id:3290505664!!
05-24 13:19:15.832 1421 1691 E hpplay-base-dlna: miniserver.c:842::dlna_port(ipv4: 49152 ipv6:0)
05-24 13:19:15.832 1421 2891 I hpplay-base: [TimerThread:76] TimerThreadWorker, tid is 2891
05-24 13:19:15.833 1421 2889 I hpplay-base: [miniserver:452] RunMiniServer, tid is 2889
05-24 13:19:15.833 1421 1691 D hpplay-base-dlna: [lebodlna-dlnaframe:166] succeed to load lebodlnaplugin
05-24 13:19:15.833 1421 1691 D hpplay-base-dlna: [lebodlna-dlnaframe:232] Succeed to load specified plugin:lebodlna_plugin
05-24 13:19:15.833 1421 1691 D hpplay-base: [lelinkDlna:343] startDLNAServer ret=0
05-24 13:19:15.833 1421 1691 D hpplay-base: [LelinkBase:583] startDLNAServer ret= 0
05-24 13:19:15.833 1421 1691 D hpplay-base: [lelinkDlna:360] setDMRFriendlyName 投屏电视C0
05-24 13:19:15.833 1421 1691 D hpplay-base-dlna: [UpnpDefine:156] setleboUID end strUid: 10001806974679
05-24 13:19:15.833 1421 1691 D hpplay-base-dlna: [lebodlna-dlna_android:136] setBroadcastTimeout mBroadcastTimeOut=66 status=3!
05-24 13:19:15.833 1421 1691 D hpplay-base-dlna: [lebodlna_api:32] start DMR
05-24 13:19:15.833 1421 1691 D hpplay-base-dlna: [UpnpDefine:476] RegisterDMRender invalid lelink info
05-24 13:19:15.834 1421 1691 D hpplay-base-dlna: [UpnpDefine:602] DLNA DESCRIPTION FROME SERVER
05-24 13:19:15.834 1421 1691 D hpplay-base-dlna: [UpnpDefine:655] DLNA DESCRIPTION uuid_update 1
05-24 13:19:15.834 1421 1691 D hpplay-base-dlna: [UpnpDefine:663] DLNA DESCRIPTION uuid_update after udn:uuid:e42c7465-8af3-0f31-77bd-910b81dff60f
05-24 13:19:15.835 2824 2824 I ApiConfigDataProvider: init DefTNames: [DefTName{dt=1, ds=[10, 11, 9], dn='奇境'}, DefTName{dt=2, ds=[8], dn='高品质'}]
05-24 13:19:15.835 2824 2824 W ApiConfigDataProvider: not match key:ott_md_auto_def ,value:highQuality-4,newImmersive-3,ImmersiveShowcase-3
05-24 13:19:15.835 2824 2824 I ApiConfigDataProvider: initLoginDef: 3-登录专享
05-24 13:19:15.835 2824 2824 W ApiConfigDataProvider: not match key:ott_chl_show_vts ,value:show
05-24 13:19:15.835 1421 1691 E hpplay-base-dlna: upnpapi.c:1100::Exiting RegisterRootDevice2 *Hnd =1, return value == 0 gRegisterIpCount:1
05-24 13:19:15.835 1421 1691 D hpplay-base-dlna: [CUpnpDevice:44] Register Root Device 2:0 i:0 ip:10.192.35.175
05-24 13:19:15.836 1421 1691 D hpplay-base-dlna: [UpnpDefine:778] ESDMRender:Register success
05-24 13:19:15.836 1421 1691 D hpplay-base-dlna: [lebodlna_api:41] sendBroadcast mBroadcastTimeOut=3
05-24 13:19:15.836 1421 1691 D hpplay-base-dlna: [lebodlna_api:44] sendBroadcast timeout=66
05-24 13:19:15.836 1421 1691 D hpplay-base-dlna: [lebodlna_api:132] sendBroadcast in
05-24 13:19:15.836 1421 1691 D hpplay-base-dlna: [lebodlna_api:145] sendBroadcast timeout1=66
05-24 13:19:15.836 1421 1691 D hpplay-base-dlna: [UpnpDefine:808] LBDMRender::Broadcast
05-24 13:19:15.836 1421 1691 D hpplay-base-dlna: [CUpnpDevice:142] ExecuteCommand m_devicehandle[0] is 1
05-24 13:19:15.836 1421 1691 D hpplay-base-dlna: [CUpnpDevice:145] ExecuteCommand command.nType[1]
05-24 13:19:15.836 2824 2824 I ProxyApp: int report:core:-1 max:-1 keep:60
05-24 13:19:15.836 2824 2824 I ProxyApp: use volley thread pool
05-24 13:19:15.836 2824 2824 I VolleyWrapper: create executor service coresize:5 maxRequests:64 keepAliveTime:60
05-24 13:19:15.837 2824 2824 I thread-Optimize-App: no proxy pool:5 max:64 keep:60 source:​com.android.volley.VolleyWrapper
05-24 13:19:15.837 2824 2824 I Network-NetWorkConfig: NetworkConfig networkType = okhttp
05-24 13:19:15.846 2824 2824 I SystemUtil: sOsVersion:3LfN9bsJQlwsAcKM5bNFug==
05-24 13:19:15.846 2824 2824 I SystemUtil:
05-24 13:19:15.848 2824 2824 I SystemUtil: sManuFacturer:xBAIfYcgL+/iY+ewwu2swA==
05-24 13:19:15.848 2824 2824 I SystemUtil:
05-24 13:19:15.848 2824 2824 I SystemUtil: sModel:xzqujfud5G7gYlV47slXNw==
05-24 13:19:15.848 2824 2824 I SystemUtil:
05-24 13:19:15.849 2824 2824 I HotfixModule: getPatchVersion patchVersion = 904d06d
05-24 13:19:15.849 2824 2824 D quality-crash: xCrash init: start
05-24 13:19:15.852 2824 2824 D xcrash : java crash init
05-24 13:19:15.858 2824 2824 I thread-Optimize-App: proxy handlerthread: source:​com.mgtv.tv.sdk.qualityhandler.CrashReporter
05-24 13:19:15.858 2824 2824 D quality-crash: xCrash init: end
05-24 13:19:15.859 2824 2824 I PluginManagerConfig: initInstallPluginList:null,mHostVersion:7.0.311
05-24 13:19:15.860 2824 2824 I SystemUtil: getCpuCount = 4
05-24 13:19:15.861 2824 2824 I thread-Optimize-App: no proxy pool:12 max:16 keep:30 source:global
05-24 13:19:15.861 2824 2824 I thread-Optimize-handle: create thread pool:ThrPoolConfig{corePoolSize=12, maximumPoolSize=16, allowCoreThreadTimeOut=true, keepAliveTime=30, queueCapacity=128, rejectedType=4, name=global}
05-24 13:19:15.861 2824 2824 I thread-Optimize-App: proxy pool:3 max:7 keep:3 source:​com.mgtv.tv.base.core.thread.GlobalThreadPool
05-24 13:19:15.862 2824 2824 I HotfixModule: getPatchVersion patchVersion = 904d06d
05-24 13:19:15.863 2824 2824 I UserPayBaseRoute: registerObs
05-24 13:19:15.868 2824 2824 I base-image-loader: init list finish: all0 other:0
05-24 13:19:15.868 2824 2824 I base-image-loader: init: isScale:false imageFormat:0 isQuality:false value:100
05-24 13:19:15.868 2824 2824 I base-image-loader: init list finish: all21 other:15
05-24 13:19:15.868 2824 2824 I base-image-loader: init: isScale:false imageFormat:0 isQuality:false value:100
05-24 13:19:15.869 2767 2841 W hi.tv.yst:stat: Unsupported class loader
05-24 13:19:15.870 487 589 E system_server: Invalid class loader spec: =UnsupportedClassLoaderContext=
05-24 13:19:15.870 487 589 E PackageDexUsage: Unsupported context?
05-24 13:19:15.870 2824 2824 I thread-Optimize-App: no proxy pool:4 max:4 keep:0 source:​com.bumptech.glide.load.engine.executor.GlideExecutor$Builder
05-24 13:19:15.870 2824 2824 I thread-Optimize-App: no proxy pool:1 max:1 keep:0 source:​com.bumptech.glide.load.engine.executor.GlideExecutor$Builder
05-24 13:19:15.870 2824 2824 I thread-Optimize-App: no proxy pool:2 max:2 keep:0 source:​com.bumptech.glide.load.engine.executor.GlideExecutor$Builder
05-24 13:19:15.871 2824 2824 I thread-Optimize-App: no proxy pool:0 max:2147483647 keep:10000 source:​com.bumptech.glide.load.engine.executor.GlideExecutor
05-24 13:19:15.874 2824 2824 D ImageLoader-: registerComponents okhttp
05-24 13:19:15.844 2824 2824 I m.starcor.mango: type=1400 audit(0.0:1187): avc: denied { search } for name="net" dev="sysfs" ino=10442 scontext=u:r:untrusted_app_29:s0:c85,c256,c512,c768 tcontext=u:object_r:sysfs_net:s0 tclass=dir permissive=1 app=com.starcor.mango
05-24 13:19:15.878 2824 2824 I thread-Optimize-App: no proxy pool:0 max:2147483647 keep:60 source:​okhttp3.ConnectionPool
05-24 13:19:15.882 2824 2824 I thread-Optimize-App: no proxy pool:0 max:2147483647 keep:30 source:io
05-24 13:19:15.882 2824 2824 I thread-Optimize-handle: create thread pool:ThrPoolConfig{corePoolSize=0, maximumPoolSize=2147483647, allowCoreThreadTimeOut=true, keepAliveTime=30, queueCapacity=0, rejectedType=2, name=io}
05-24 13:19:15.882 2824 2824 I thread-Optimize-App: proxy pool:0 max:2147483647 keep:60 source:​com.mgtv.tv.app.OkhttpExpansionImpl
05-24 13:19:15.884 2824 2824 I thread-Optimize-App: no proxy pool:0 max:10 keep:30 source:​com.mgtv.sdk.android.httpdns.utils.ThreadUtil
05-24 13:19:15.884 2824 2824 I thread-Optimize-App: no proxy pool:0 max:1 keep:30 source:​com.mgtv.sdk.android.httpdns.utils.ThreadUtil
05-24 13:19:15.888 1095 1938 W ActivityThread: ClassLoader.loadClass: The class loader returned by Thread.getContextClassLoader() may fail for processes that host multiple applications. You should explicitly specify a context class loader. For example: Thread.setContextClassLoader(getClass().getClassLoader());
05-24 13:19:15.889 2824 2824 I thread-Optimize-App: no proxy pool:0 max:1 keep:30 source:​com.mgtv.sdk.android.httpdns.utils.ThreadUtil
05-24 13:19:15.889 2824 2824 I thread-Optimize-App: no proxy pool:0 max:1 keep:30 source:​com.mgtv.sdk.android.httpdns.utils.ThreadUtil
05-24 13:19:15.893 1421 1691 D hpplay-base: [lelinkDlna:437] startDLNADevice dlnaManufacturer:0 ret=0 ip1:10.192.35.175 ip2:
05-24 13:19:15.893 1421 1691 D hpplay-base: [lelinkDlna:441] ip_arr_tmp[0]:10.192.35.175
05-24 13:19:15.893 1421 1691 D hpplay-base: [lelinkDlna:441] ip_arr_tmp[1]:
05-24 13:19:15.893 1421 1691 D hpplay-base: [lelinkDlna:441] ip_arr_tmp[2]:
05-24 13:19:15.893 1421 1691 D hpplay-base: [lelinkDlna:441] ip_arr_tmp[3]:
05-24 13:19:15.893 1421 1691 D hpplay-base: [lelinkDlna:441] ip_arr_tmp[4]:
05-24 13:19:15.893 1421 1691 D hpplay-base: [lelinkDlna:441] ip_arr_tmp[5]:
05-24 13:19:15.893 1421 1691 D hpplay-base: [lelinkDlna:441] ip_arr_tmp[6]:
05-24 13:19:15.893 1421 1691 D hpplay-base: [lelinkDlna:441] ip_arr_tmp[7]:
05-24 13:19:15.893 1421 1691 D hpplay-base: [lelinkDlna:441] ip_arr_tmp[8]:
05-24 13:19:15.893 1421 1691 D hpplay-base: [lelinkDlna:441] ip_arr_tmp[9]:
05-24 13:19:15.893 1421 1691 D hpplay-base: [LelinkBase:587] lelinkSetDlnaInfo ret= 0
05-24 13:19:15.893 1421 1691 D hpplay-base: [LelinkBase:599] startAllServer pBaseContext->config.mDNSEnable:1
05-24 13:19:15.894 1421 1691 D hpplay-base: [base_mdns:521] mdns net.hostname:
05-24 13:19:15.894 1421 1691 D hpplay-base: [base_mdns:541] mdns namelabel:-20-02-FE-19-C1-F9
05-24 13:19:15.894 1421 1691 D hpplay-base: [base_mdns:521] mdns net.hostname:
05-24 13:19:15.894 1421 1691 D hpplay-base: [base_mdns:541] mdns namelabel:-20-02-FE-19-C1-F9
05-24 13:19:15.894 1421 1691 D hpplay-base: [mdns:825] mdns start bind port:0
05-24 13:19:15.895 1421 1691 D hpplay-base: [mdns:825] mdns start bind port:5353
05-24 13:19:15.895 1421 1691 I hpplay-base: [mDNSEmbeded:63] embedded_mDNSInit stopmDNSNow:0 status:0
05-24 13:19:15.896 1421 1691 D hpplay-base: [mDNSEmbeded:639] startmDNSServer end nRet=0
05-24 13:19:15.896 1421 1691 D hpplay-base: [LelinkBase:607] lelink broadcast_on_off:1 log2java_on_off:1
05-24 13:19:15.896 1421 1691 D hpplay-base: [AEventUtils:607] request to start event handle service!!
05-24 13:19:15.896 1421 1691 D hpplay-base: [AEventUtils:615] start_event_handle_service,begin to run!!
05-24 13:19:15.896 1421 1691 D hpplay-base: [REventUtils:211] start_event_handle_service,begin to run!!
05-24 13:19:15.896 1421 1691 D hpplay-base: [LelinkBase:629] startAllServer success .
05-24 13:19:15.896 1421 1691 D hpplay-base: [jniBridge:966] startDlna_link:http://10.192.35.175:49152/description.xml
05-24 13:19:15.896 1421 2905 D hpplay-base: [AEventUtils:179] create handle AEvent thread ok!!,tid is 2905
05-24 13:19:15.900 1421 1691 I hpplay-java: [HT:BaseServ]:SinkDataReport:serverStart mServerEventId:0609A8CAFA1FD02E5D192CE5A4410810
05-24 13:19:15.901 1421 1691 D hpplay-java: [HT:BaseServ]:SinkDataReport:serverStart CloudAPI.sReportConnect/params:http://rp.hpplay.cn/conn?/{st=8, sta=1, event_id=0609A8CAFA1FD02E5D192CE5A4410810, lt=, sn=1, page_ext_data=, ec=, et=}
05-24 13:19:15.903 1421 2902 D hpplay-base: [LelinkMDNS:713] buildDevicePKFoPublic JNIOnLoad =0
05-24 13:19:15.904 1421 2904 D hpplay-base: [mDNSEmbeded:361] http_port bind check 361 http_port_check
05-24 13:19:15.906 487 589 I ActivityManager: Background started FGS: Allowed [callingPackage: com.starcor.mango; callingUid: 10085; uidState: RCVR; intent: Intent { cmp=com.starcor.mango/com.mgtv.tv.base.core.log.LogService }; code:SYSTEM_ALERT_WINDOW_PERMISSION; tempAllowListReason:; targetSdkVersion:29; callerTargetSdkVersion:29; startForegroundCount:0; bindFromPackage:null]
05-24 13:19:15.908 1421 2907 D hpplay-base: [jniBridge:1165] notifyJavaDlnalink:http://10.192.35.175:49152/description.xml
05-24 13:19:15.908 1421 2907 D hpplay-base: [jniBridge:1971] notifyJava, what:207, castType:0, mimeType:0 baseStatus:2
05-24 13:19:15.908 1421 2907 D hpplay-base: [jniBridge:1972] notifyJava sessionID:(null)
05-24 13:19:15.908 487 818 D AccountManagerService: bind attempt failed for Session: expectLaunch false, connected false, stats (0/0/0), lifetime 0.007, addAccount, accountType cn.ninegame.gamemanager, requiredFeatures null
05-24 13:19:15.908 1421 2904 D hpplay-base: [mDNSEmbeded:381] http_port bind check 381 http_port_check
05-24 13:19:15.909 1421 2904 D hpplay-base: [mDNSEmbeded:386] http_port bind check 386 http_port_check
05-24 13:19:15.911 1421 2906 D hpplay-base: [REventUtils:60] create handleREventThread thread ok!!,tid is 2906
05-24 13:19:15.916 1421 2904 D hpplay-base: [mDNSEmbeded:398] http_port bind check 398 http_port_check port:52244
05-24 13:19:15.917 1421 2904 D hpplay-base: [mDNSEmbeded:401] http_port bind check 401 http_port_check
05-24 13:19:15.920 2824 2824 D QihooServiceManager: [getServerChannel] begin = 42795
05-24 13:19:15.921 2767 2767 I BoostMultiDex: BoostMultiDex is installing, version is 1.0.1
05-24 13:19:15.921 2767 2767 I BoostMultiDex: VM with version 2.1.0 has support
05-24 13:19:15.921 2767 2767 I BoostMultiDex: BoostMultiDex support library is disabled for VM capable
05-24 13:19:15.921 2767 2767 I YstStartup: multidex cost=0
05-24 13:19:15.922 2767 2767 I Btrace : BTRACE_ENABLED:false inMainProcess: false
05-24 13:19:15.922 1421 2903 I hpplay-base: [mDNSEmbeded:432] start lelink publish server, tid is 2903
