--------- beginning of main
05-24 13:18:38.853 189 189 W lowmemorykiller: LMKD : whitelist android.signature.cts.api.hiddenapi_blacklist_api_27;android.signature.cts.api.hiddenapi_blacklist_api_28;android.signature.cts.api.hiddenapi_blacklist_current;android.media.cts;android.process.media;com.antutu.ABenchMark;com.antutu.benchmark.full;com.antutu.benchmark.full:unity;com.antutu.ABenchMark:push;com.futuremark.dmandroid.application;com.allwinner.batterytest;cn.xender;com.socialnmobile.dictapps.notepad.color.note;org.videolan.vlc;
05-24 13:18:38.854 189 189 I lowmemorykiller: Using psi monitors for memory pressure detection
05-24 13:18:38.855 189 189 I lowmemorykiller: Process polling is supported
05-24 13:18:38.896 191 191 W SELinux : Multiple same specifications for softwinner\.multiir.
05-24 13:18:38.897 191 191 I SELinux : SELinux: Loaded service_contexts from:
05-24 13:18:38.897 191 191 I SELinux : /system/etc/selinux/plat_service_contexts
05-24 13:18:38.897 191 191 I SELinux : /system_ext/etc/selinux/system_ext_service_contexts
05-24 13:18:38.897 191 191 I SELinux : /vendor/etc/selinux/vendor_service_contexts --------- beginning of kernel
05-24 13:18:34.386 1 1 I usbcore : registered new interface driver ax88179_178a
05-24 13:18:34.393 1 1 I usbcore : registered new interface driver cdc_ether
05-24 13:18:34.400 1 1 I usbcore : registered new interface driver net1080
05-24 13:18:34.407 1 1 I usbcore : registered new interface driver cdc_subset
05-24 13:18:34.414 1 1 I usbcore : registered new interface driver zaurus
05-24 13:18:34.421 1 1 I usbcore : registered new interface driver cdc_ncm
05-24 13:18:34.428 1 1 I ehci_hcd: USB 2.0 'Enhanced' Host Controller (EHCI) Driver
05-24 13:18:34.436 1 1 I ohci_hcd: USB 1.1 'Open' Host Controller (OHCI) Driver
05-24 13:18:34.443 1 1 I usbcore : registered new interface driver uas
05-24 13:18:34.450 1 1 I usbcore : registered new interface driver usb-storage
05-24 13:18:34.456 1 1 I usbcore : registered new interface driver ums-alauda
05-24 13:18:34.464 1 1 I usbcore : registered new interface driver ums-cypress
05-24 13:18:34.471 1 1 I usbcore : registered new interface driver ums-datafab
05-24 13:18:34.478 1 1 I usbcore : registered new interface driver ums_eneub6250
05-24 13:18:34.486 1 1 I usbcore : registered new interface driver ums-freecom
05-24 13:18:34.493 1 1 I usbcore : registered new interface driver ums-isd200
05-24 13:18:34.501 1 1 I usbcore : registered new interface driver ums-jumpshot
05-24 13:18:34.508 1 1 I usbcore : registered new interface driver ums-karma
05-24 13:18:34.515 1 1 I usbcore : registered new interface driver ums-onetouch
05-24 13:18:34.522 1 1 I usbcore : registered new interface driver ums-realtek
05-24 13:18:34.530 1 1 I usbcore : registered new interface driver ums-sddr09
05-24 13:18:34.537 1 1 I usbcore : registered new interface driver ums-sddr55
05-24 13:18:34.544 1 1 I usbcore : registered new interface driver ums-usbat
05-24 13:18:34.551 1 1 I usbcore : registered new interface driver xpad
05-24 13:18:34.558 1 1 I usbcore : registered new interface driver usb_acecad
05-24 13:18:34.565 1 1 I usbcore : registered new interface driver aiptek
05-24 13:18:34.572 1 1 I usbcore : registered new interface driver gtco
05-24 13:18:34.578 1 1 I usbcore : registered new interface driver hanwang
05-24 13:18:34.585 1 1 I usbcore : registered new interface driver kbtab
05-24 13:18:34.592 1 1 E axp2101_pek: axp2101-pek can not register without irq
05-24 13:18:34.599 1 1 W axp2101-pek: probe of axp2101-pek.0 failed with error -22
05-24 13:18:34.607 1 1 E sunxi-rtc 7000000.rtc: reset_control_get() failed
05-24 13:18:34.614 1 1 W sunxi-rtc 7000000.rtc: Fail to get clock 'rtc-spi'
05-24 13:18:34.621 1 1 I sunxi-rtc 7000000.rtc: registered as rtc0
05-24 13:18:34.628 1 1 I sunxi-rtc 7000000.rtc: setting system clock to 2025-05-24T05:18:34 UTC (1748063914)
05-24 13:18:34.637 1 1 I sunxi-rtc 7000000.rtc: sunxi rtc probed
05-24 13:18:34.643 1 1 I : i2c /dev entries driver
05-24 13:18:34.648 1 1 I : IR NEC protocol handler initialized
05-24 13:18:34.654 1 1 I : IR RC5(x/sz) protocol handler initialized
05-24 13:18:34.660 1 1 I usbcore : registered new interface driver uvcvideo
05-24 13:18:34.666 1 1 I : USB Video Class driver (1.1.1)
05-24 13:18:34.671 1 1 D : sunxi cedar version 1.1
05-24 13:18:34.676 1 1 I sunxi-cedar 1c0e000.ve: Adding to iommu group 0
05-24 13:18:34.683 1 1 D VE : install start!!!
05-24 13:18:34.689 1 1 I VE : cedar-ve the get irq is 20
05-24 13:18:34.696 1 1 I VE : ve_debug_proc_info:(____ptrval____), data:(____ptrval____), lock:(____ptrval____)
05-24 13:18:34.708 1 1 D VE : install end!!!
05-24 13:18:34.714 1 1 I sunxi-cedar soc@3000000: ve1@1c0e000: Adding to iommu group 0
05-24 13:18:34.722 1 1 I VE : device ve1 just use to add iommu master
05-24 13:18:34.730 1 1 I sunxi-wdt 30090a0.watchdog: Watchdog enabled (timeout=16 sec, nowayout=0)
05-24 13:18:34.738 1 1 I device-mapper: uevent: version 1.0.3
05-24 13:18:34.744 1 1 I device-mapper: ioctl: 4.41.0-ioctl (2019-09-16) initialised: dm-devel@redhat.com
05-24 13:18:34.756 1 1 I hidraw : raw HID events driver (C) Jiri Kosina
05-24 13:18:34.765 1 1 I usbcore : registered new interface driver usbhid
05-24 13:18:34.771 1 1 I usbhid : USB HID core driver
05-24 13:18:34.777 1 1 I ashmem : initialized
05-24 13:18:34.781 1 1 I optee : probing for conduit method from DT.
05-24 13:18:34.788 1 1 I optee : revision 2.5
05-24 13:18:34.788 1 1 I optee : initialized driver
05-24 13:18:34.797 1 1 D : drm_base=0x40000000
05-24 13:18:34.801 1 1 D : drm_size=0x0
05-24 13:18:34.804 1 1 D : tee_base=0x2000000
05-24 13:18:34.809 1 1 I usbcore : registered new interface driver snd-usb-audio
05-24 13:18:34.816 1 1 I netem : version 1.3
05-24 13:18:34.820 1 1 I : u32 classifier
05-24 13:18:34.824 1 1 I : input device check on
05-24 13:18:34.828 1 1 I : Actions configured
05-24 13:18:34.833 1 1 I xt_time : kernel timezone is -0000
05-24 13:18:34.839 1 1 I ipip : IPv4 and MPLS over IPv4 tunneling driver
05-24 13:18:34.846 1 1 I gre : GRE over IPv4 demultiplexor driver
05-24 13:18:34.852 1 1 I ip_gre : GRE over IPv4 tunneling driver
05-24 13:18:34.859 1 1 I : IPv4 over IPsec tunneling driver
05-24 13:18:34.864 1 1 I : Initializing XFRM netlink socket
05-24 13:18:34.870 1 1 I : IPsec XFRM device driver
05-24 13:18:34.875 1 1 I NET : Registered protocol family 10
05-24 13:18:34.881 1 1 I : Segment Routing with IPv6
05-24 13:18:34.886 1 1 I mip6 : Mobile IPv6
05-24 13:18:34.890 1 1 I sit : IPv6, IPv4 and MPLS over IPv4 tunneling driver
05-24 13:18:34.898 1 1 I ip6_gre : GRE over IPv6 tunneling driver
05-24 13:18:34.905 1 1 I NET : Registered protocol family 17
05-24 13:18:34.910 1 1 I NET : Registered protocol family 15
05-24 13:18:34.916 1 1 I Bluetooth: RFCOMM TTY layer initialized
05-24 13:18:34.922 1 1 I Bluetooth: RFCOMM socket layer initialized
05-24 13:18:34.929 1 1 I Bluetooth: RFCOMM ver 1.11
05-24 13:18:34.934 1 1 I Bluetooth: HIDP (Human Interface Emulation) ver 1.2
05-24 13:18:34.941 1 1 I Bluetooth: HIDP socket layer initialized
05-24 13:18:34.947 1 1 I l2tp_core: L2TP core driver, V2.0
05-24 13:18:34.952 1 1 I l2tp_ppp: PPPoL2TP kernel driver, V2.0
05-24 13:18:34.958 1 1 I tipc : Activated (version 2.0.0)
05-24 13:18:34.963 1 1 I NET : Registered protocol family 30
05-24 13:18:34.969 1 1 I tipc : Started in single node mode
05-24 13:18:34.975 1 1 I : registered taskstats version 1
05-24 13:18:34.980 1 1 I : Loading compiled-in X.509 certificates
05-24 13:18:34.986 1 1 I : Key type ._fscrypt registered
05-24 13:18:34.991 1 1 I : Key type .fscrypt registered
05-24 13:18:34.996 1 1 I : Key type fscrypt-provisioning registered
05-24 13:18:35.003 1 1 I : HDMI 2.0 driver init start!
05-24 13:18:35.008 1 1 I : boot_hdmi=true
05-24 13:18:35.013 1 1 I : Can not find the node of esm
05-24 13:18:35.018 1 1 E : ERROR: pinctrl_get for HDMI2.0 DDC fail
05-24 13:18:35.024 1 1 I Get hdmi_power0: aldo1
05-24 13:18:35.028 1 1 W : (NULL device *): deviceless supply aldo1 not found, using dummy regulator
05-24 13:18:35.038 1 1 I Get hdmi_power1: dcdc1
05-24 13:18:35.042 1 1 W : (NULL device *): deviceless supply dcdc1 not found, using dummy regulator
05-24 13:18:35.053 1 1 I : hdmi_cec_init
05-24 13:18:35.057 33 33 W [DISP] disp_device_attached,line: 159:
05-24 13:18:35.057 33 33 W : attached ok, mgr0<-->device0, type=4
05-24 13:18:35.063 1 1 I : HDMI2.0 module init end
05-24 13:18:35.069 33 33 I [HDMI receive params]: tv mode: 0x6 format:0x1 data bits:0x0 eotf:0x4 cs:0x101 dvi_hdmi:2 range:2 scan:0 aspect_ratio:8
05-24 13:18:35.069 33 33 W [DISP] disp_hdmi_set_mode,line: 681:
05-24 13:18:35.069 33 33 W : hdmi_set_mode is null!
05-24 13:18:35.074 1 1 E : tv_probe()1574 - of_property_read_string tv_power failed!
05-24 13:18:35.105 1 1 D : tv probe finished!
05-24 13:18:35.161 33 33 W [DISP] de_rtmx_mgr_apply,line: 456:
05-24 13:18:35.161 33 33 W : ctx->output.hdr_type=0
05-24 13:18:35.171 33 33 W [DISP] de_rtmx_mgr_apply,line: 474:
05-24 13:18:35.171 33 33 W : ctx->output.hdr_type=0
05-24 13:18:35.202 56 56 I sun50iw9-pinctrl 300b000.pinctrl: initialized sunXi PIO driver
05-24 13:18:35.211 56 56 W sun50iw9-pinctrl 300b000.pinctrl: 300b000.pinctrl supply vcc-pc not found, using dummy regulator
05-24 13:18:35.223 56 56 I sunxi-mmc 4022000.sdmmc: SD/MMC/SDIO Host Controller Driver(v4.20 2021-12-17 11:02)
05-24 13:18:35.234 56 56 I sunxi-mmc 4022000.sdmmc: ***ctl-spec-caps*** 308
05-24 13:18:35.242 56 56 I sunxi-mmc 4022000.sdmmc: No vdmmc regulator found
05-24 13:18:35.249 56 56 I sunxi-mmc 4022000.sdmmc: No vd33sw regulator found
05-24 13:18:35.256 56 56 I sunxi-mmc 4022000.sdmmc: No vd18sw regulator found
05-24 13:18:35.262 56 56 I sunxi-mmc 4022000.sdmmc: No vq33sw regulator found
05-24 13:18:35.270 56 56 I sunxi-mmc 4022000.sdmmc: No vq18sw regulator found
05-24 13:18:35.276 56 56 W sunxi-mmc 4022000.sdmmc: Cann't get pin bias hs pinstate,check if needed
05-24 13:18:35.286 56 56 I sunxi-mmc 4022000.sdmmc: sdc set ios:clk 0Hz bm PP pm UP vdd 23 width 1 timing LEGACY(SDR12) dt B
05-24 13:18:35.309 56 56 I sunxi-mmc 4022000.sdmmc: sdc set ios:clk 400000Hz bm PP pm ON vdd 23 width 1 timing LEGACY(SDR12) dt B
05-24 13:18:35.333 56 56 I sunxi-mmc 4022000.sdmmc: detmode:alway in(non removable)
05-24 13:18:35.342 56 56 I sunxi-mmc 4020000.sdmmc: SD/MMC/SDIO Host Controller Driver(v4.20 2021-12-17 11:02)
05-24 13:18:35.352 56 56 I sunxi-mmc 4020000.sdmmc: ***ctl-spec-caps*** 8
05-24 13:18:35.359 128 128 I sunxi-mmc 4022000.sdmmc: sdc set ios:clk 400000Hz bm PP pm ON vdd 23 width 1 timing LEGACY(SDR12) dt B
05-24 13:18:35.373 56 56 I sunxi-mmc 4020000.sdmmc: No vqmmc regulator found
05-24 13:18:35.380 128 128 I sunxi-mmc 4022000.sdmmc: sdc set ios:clk 400000Hz bm PP pm ON vdd 23 width 1 timing LEGACY(SDR12) dt B
05-24 13:18:35.392 56 56 I sunxi-mmc 4020000.sdmmc: No vdmmc regulator found
05-24 13:18:35.399 56 56 W sun50iw9-pinctrl 300b000.pinctrl: 300b000.pinctrl supply vcc-pi not found, using dummy regulator
05-24 13:18:35.411 128 128 I sunxi-mmc 4022000.sdmmc: sdc set ios:clk 400000Hz bm OD pm ON vdd 23 width 1 timing LEGACY(SDR12) dt B
05-24 13:18:35.421 0 0 I [ C0] random: fast init done
05-24 13:18:35.422 56 56 I sunxi-mmc 4020000.sdmmc: Got CD GPIO
05-24 13:18:35.433 56 56 I sunxi-mmc 4020000.sdmmc: sdc set ios:clk 0Hz bm PP pm UP vdd 23 width 1 timing LEGACY(SDR12) dt B
05-24 13:18:35.445 56 56 I sunxi-mmc 4020000.sdmmc: no vqmmc,Check if there is regulator
05-24 13:18:35.465 124 124 I : HDMI cable is connected
05-24 13:18:35.469 56 56 I sunxi-mmc 4020000.sdmmc: sdc set ios:clk 400000Hz bm PP pm ON vdd 23 width 1 timing LEGACY(SDR12) dt B
05-24 13:18:35.494 56 56 I sunxi-mmc 4020000.sdmmc: detmode:gpio irq
05-24 13:18:35.500 56 56 I sunxi-mmc 4021000.sdmmc: SD/MMC/SDIO Host Controller Driver(v4.20 2021-12-17 11:02)
05-24 13:18:35.510 56 56 I sunxi-mmc 4021000.sdmmc: ***ctl-spec-caps*** 8
05-24 13:18:35.517 128 128 I sunxi-mmc 4022000.sdmmc: sdc set ios:clk 400000Hz bm OD pm ON vdd 23 width 1 timing LEGACY(SDR12) dt B
05-24 13:18:35.528 128 128 I sunxi-mmc 4022000.sdmmc: sdc set ios:clk 400000Hz bm OD pm ON vdd 23 width 1 timing LEGACY(SDR12) dt B
05-24 13:18:35.540 131 131 I sunxi-mmc 4020000.sdmmc: sdc set ios:clk 0Hz bm PP pm OFF vdd 0 width 1 timing LEGACY(SDR12) dt B
05-24 13:18:35.552 56 56 I sunxi-mmc 4021000.sdmmc: No vdmmc regulator found
05-24 13:18:35.559 56 56 I sunxi-mmc 4021000.sdmmc: No vd33sw regulator found
05-24 13:18:35.566 128 128 I sunxi-mmc 4022000.sdmmc: sdc set ios:clk 400000Hz bm OD pm ON vdd 23 width 1 timing LEGACY(SDR12) dt B
05-24 13:18:35.577 56 56 I sunxi-mmc 4021000.sdmmc: No vd18sw regulator found
05-24 13:18:35.584 56 56 I sunxi-mmc 4021000.sdmmc: No vq33sw regulator found
05-24 13:18:35.591 56 56 I sunxi-mmc 4021000.sdmmc: No vq18sw regulator found
05-24 13:18:35.597 56 56 W sunxi-mmc 4021000.sdmmc: Cann't get sleep pinstate,check if needed
05-24 13:18:35.607 56 56 I sunxi-mmc 4021000.sdmmc: sdc set ios:clk 0Hz bm PP pm UP vdd 23 width 1 timing LEGACY(SDR12) dt B
05-24 13:18:35.631 56 56 I sunxi-mmc 4021000.sdmmc: sdc set ios:clk 400000Hz bm PP pm ON vdd 23 width 1 timing LEGACY(SDR12) dt B
05-24 13:18:35.655 56 56 I sunxi-mmc 4021000.sdmmc: detmode:manually by software
05-24 13:18:35.663 56 56 W sun50iw9-pinctrl 300b000.pinctrl: 300b000.pinctrl supply vcc-ph not found, using dummy regulator
05-24 13:18:35.674 56 56 E uart0 : get regulator failed
05-24 13:18:35.679 56 56 W uart0 : uart0 supply uart not found, using dummy regulator
05-24 13:18:35.688 56 56 E uart0 : uart0 error to get fifo size property
05-24 13:18:35.694 128 128 I sunxi-mmc 4022000.sdmmc: sdc set ios:clk 400000Hz bm PP pm ON vdd 23 width 1 timing LEGACY(SDR12) dt B
05-24 13:18:35.706 56 56 I uart0 : ttyAS0 at MMIO 0x5000000 (irq = 43, base_baud = 1500000) is a SUNXI
05-24 13:18:35.715 56 56 W : sw_console_setup()1807 - console setup baud 115200 parity n bits 8, flow n
05-24 13:18:35.725 56 56 I printk : console [ttyAS0] enabled
05-24 13:18:35.735 56 56 I printk : bootconsole [uart8250] disabled
05-24 13:18:35.748 131 131 I sunxi-mmc 4021000.sdmmc: sdc set ios:clk 400000Hz bm PP pm ON vdd 23 width 1 timing LEGACY(SDR12) dt B
05-24 13:18:35.761 128 128 E sunxi-mmc 4022000.sdmmc: avoid to switch power_off_notification to POWERED_ON(0x01)
05-24 13:18:35.771 56 56 E uart1 : get regulator failed
05-24 13:18:35.777 56 56 W uart1 : uart1 supply uart not found, using dummy regulator
05-24 13:18:35.785 128 128 E sunxi-mmc 4022000.sdmmc: avoid to switch power_off_notification to POWERED_ON(0x01)
05-24 13:18:35.796 128 128 E sunxi-mmc 4022000.sdmmc: avoid to switch power_off_notification to POWERED_ON(0x01)
05-24 13:18:35.806 56 56 I uart1 : ttyAS1 at MMIO 0x5000400 (irq = 44, base_baud = 1500000) is a SUNXI
05-24 13:18:35.816 128 128 E sunxi-mmc 4022000.sdmmc: avoid to switch power_off_notification to POWERED_ON(0x01)
05-24 13:18:35.826 131 131 I sunxi-mmc 4021000.sdmmc: sdc set ios:clk 400000Hz bm PP pm ON vdd 23 width 1 timing LEGACY(SDR12) dt B
05-24 13:18:35.839 56 56 W spi1 : spi1 supply spi not found, using dummy regulator
05-24 13:18:35.847 56 56 W : sunxi_spi_resource_get()2061 - [spi1] SPI MASTER MODE
05-24 13:18:35.855 56 56 W : sunxi_spi_clk_init()2137 - [spi1] mclk 100000000
05-24 13:18:35.862 128 128 I sunxi-mmc 4022000.sdmmc: sdc set ios:clk 400000Hz bm PP pm ON vdd 23 width 8 timing LEGACY(SDR12) dt B
05-24 13:18:35.875 56 56 W : sunxi_spi_probe()2541 - [spi1]: driver probe succeed, base ffffffc013e57000, irq 46
05-24 13:18:35.887 56 56 E sun50iw9-pinctrl 300b000.pinctrl: unsupported function io_disabled on pin PA0
05-24 13:18:35.897 128 128 I sunxi-mmc 4022000.sdmmc: sdc set ios:clk 400000Hz bm PP pm ON vdd 23 width 8 timing MMC-HS200 dt B
05-24 13:18:35.909 56 56 E sun50iw9-pinctrl 300b000.pinctrl: unsupported function io_disabled on pin PA1
05-24 13:18:35.919 128 128 I sunxi-mmc 4022000.sdmmc: sdc set ios:clk 100000000Hz bm PP pm ON vdd 23 width 8 timing MMC-HS200 dt B
05-24 13:18:35.931 56 56 E sun50iw9-pinctrl 300b000.pinctrl: unsupported function io_disabled on pin PA2
05-24 13:18:35.941 128 128 I sunxi-mmc 4022000.sdmmc: sdc set ios:clk 100000000Hz bm PP pm ON vdd 23 width 8 timing MMC-HS(SDR20) dt B
05-24 13:18:35.953 128 128 I sunxi-mmc 4022000.sdmmc: sdc set ios:clk 52000000Hz bm PP pm ON vdd 23 width 8 timing MMC-HS(SDR20) dt B
05-24 13:18:35.966 56 56 E sun50iw9-pinctrl 300b000.pinctrl: unsupported function io_disabled on pin PA3
05-24 13:18:35.976 56 56 E sun50iw9-pinctrl 300b000.pinctrl: unsupported function io_disabled on pin PA4
05-24 13:18:35.986 56 56 E sun50iw9-pinctrl 300b000.pinctrl: unsupported function io_disabled on pin PA5
05-24 13:18:35.996 56 56 E sun50iw9-pinctrl 300b000.pinctrl: unsupported function io_disabled on pin PA6
05-24 13:18:36.006 56 56 E sun50iw9-pinctrl 300b000.pinctrl: unsupported function io_disabled on pin PA7
05-24 13:18:36.015 56 56 E sun50iw9-pinctrl 300b000.pinctrl: unsupported function io_disabled on pin PA8
05-24 13:18:36.025 128 128 I sunxi-mmc 4022000.sdmmc: sdc set ios:clk 50000000Hz bm PP pm ON vdd 23 width 8 timing MMC-HS400 dt B
05-24 13:18:36.037 128 128 I sunxi-mmc 4022000.sdmmc: sdc set ios:clk 100000000Hz bm PP pm ON vdd 23 width 8 timing MMC-HS400 dt B
05-24 13:18:36.050 56 56 E sun50iw9-pinctrl 300b000.pinctrl: unsupported function io_disabled on pin PA9
05-24 13:18:36.060 56 56 W sun50iw9-pinctrl 300b000.pinctrl: 300b000.pinctrl supply vcc-pa not found, using dummy regulator
05-24 13:18:36.072 56 56 I : sunxi gmac driver's version: 1.0.0
05-24 13:18:36.077 128 128 I mmc0 : new HS400 MMC card at address 0001
05-24 13:18:36.084 56 56 I gmac-power0: NULL
05-24 13:18:36.089 128 128 I mmcblk0 : mmc0:0001 AT3SFB 29.1 GiB
05-24 13:18:36.095 56 56 I gmac-power1: NULL
05-24 13:18:36.099 128 128 I mmcblk0boot0: mmc0:0001 AT3SFB partition 1 4.00 MiB
05-24 13:18:36.106 131 131 I sunxi-mmc 4021000.sdmmc: sdc set ios:clk 400000Hz bm PP pm ON vdd 23 width 4 timing LEGACY(SDR12) dt B
05-24 13:18:36.119 56 56 I gmac-power2: NULL
05-24 13:18:36.123 56 56 D eth0 MAC: 20:2:fe:19:c1:f9
05-24 13:18:36.129 131 131 I sunxi-mmc 4021000.sdmmc: sdc set ios:clk 400000Hz bm PP pm ON vdd 23 width 4 timing UHS-SDR104 dt B
05-24 13:18:36.141 128 128 I mmcblk0boot1: mmc0:0001 AT3SFB partition 2 4.00 MiB
05-24 13:18:36.149 56 56 E sunxi_ir_startup: get ir protocol failed
05-24 13:18:36.150 56 56 I : Registered IR keymap rc_map_sunxi
05-24 13:18:36.162 131 131 I sunxi-mmc 4021000.sdmmc: sdc set ios:clk 150000000Hz bm PP pm ON vdd 23 width 4 timing UHS-SDR104 dt B
05-24 13:18:36.174 128 128 I mmcblk0rpmb: mmc0:0001 AT3SFB partition 3 4.00 MiB, chardev (244:0)
05-24 13:18:36.184 56 56 I rc0 : sunxi-ir as /devices/platform/soc@3000000/7040000.s_cir/rc/rc0
05-24 13:18:36.194 56 56 I input : sunxi-ir as /devices/platform/soc@3000000/7040000.s_cir/rc/rc0/s_cir_rx
05-24 13:18:36.204 131 131 I mmc2 : new ultra high speed SDR104 SDIO card at address 8800
05-24 13:18:36.213 128 128 I mmcblk0 : p1 p2 p3 p4 p5 p6 p7 p8 p9 p10 p11 p12 p13 p14 p15 p16 p17 p18 p19 p20 p21 p22 p23 p24 p25
05-24 13:18:36.226 56 56 E : failed to get standby led pin assign
05-24 13:18:36.232 56 56 E : failed to get network led pin assign
05-24 13:18:36.238 56 56 E : failed to get gpio_sdcard_reused assign
05-24 13:18:36.244 56 56 I : gpio_pin_1(230) gpio_is_valid
05-24 13:18:36.250 56 56 I : gpio_pin_2(229) gpio_is_valid
05-24 13:18:36.260 56 56 I gpio : 230, name: PH6, ret = 0
05-24 13:18:36.266 56 56 I gpio : 229, name: PH5, ret = 0
05-24 13:18:36.271 56 56 I : gpio-sunxi probe success
05-24 13:18:36.279 56 56 W energy_model: pd0: hertz/watts ratio non-monotonically decreasing: em_cap_state 1 >= em_cap_state0
05-24 13:18:36.291 56 56 D energy_model: Created perf domain 0-3
05-24 13:18:36.311 1 1 F FD650 : fd650_driver_init: FD650 Driver init.
05-24 13:18:36.318 1 1 F FD650 : NOTE: register_fd650_driver:::register fd650 driver success
05-24 13:18:36.331 1 1 W : [sound 145][COMMON snd_sunxi_pa_pin_init] pa_pin_max get failed, default 0
05-24 13:18:36.341 1 1 I [sound 1022][SPDIF snd_sunxi_dts_params_init] playback_cma: 128
05-24 13:18:36.350 1 1 I [sound 1023][SPDIF snd_sunxi_dts_params_init] capture_cma: 128
05-24 13:18:36.359 1 1 I [sound 1024][SPDIF snd_sunxi_dts_params_init] tx_fifo_size: 128
05-24 13:18:36.367 1 1 I [sound 1025][SPDIF snd_sunxi_dts_params_init] rx_fifo_size: 64
05-24 13:18:36.378 1 1 E debugfs : Directory 'soc@3000000:codec_plat' with parent 'audiocodec' already present!
05-24 13:18:36.389 1 1 I sunxi-snd-mach soc@3000000: codec_mach: 5096000.codec <-> soc@3000000:codec_plat mapping ok
05-24 13:18:36.401 1 1 E debugfs : Directory '5093000.spdif_plat' with parent 'sndspdif' already present!
05-24 13:18:36.412 1 1 I sunxi-snd-mach soc@3000000: spdif_mach: snd-soc-dummy-dai <-> 5093000.spdif_plat mapping ok
05-24 13:18:36.424 1 1 I sunxi-snd-mach soc@3000000: ahub_dam_mach: snd-soc-dummy-dai <-> 5097000.ahub_dam_plat mapping ok
05-24 13:18:36.437 1 1 E debugfs : Directory 'soc@3000000:ahub1_plat' with parent 'ahubhdmi' already present!
05-24 13:18:36.448 1 1 I sunxi-snd-mach soc@3000000: ahub1_mach: snd-soc-dummy-dai <-> soc@3000000:ahub1_plat mapping ok
05-24 13:18:36.460 1 1 E debugfs : Directory 'soc@3000000:ahub2_plat' with parent 'ahubi2s2' already present!
05-24 13:18:36.471 1 1 I sunxi-snd-mach soc@3000000: ahub2_mach: snd-soc-dummy-dai <-> soc@3000000:ahub2_plat mapping ok
05-24 13:18:36.484 1 1 I cfg80211: Loading compiled-in X.509 certificates for regulatory database
05-24 13:18:36.494 1 1 I cfg80211: Loaded X.509 cert 'sforshee: 00b28ddf47aef9cea7'
05-24 13:18:36.503 56 56 W platform regulatory.0: Direct firmware load for regulatory.db failed with error -2
05-24 13:18:36.505 1 1 W clk : Not disabling unused clocks
05-24 13:18:36.513 56 56 W platform regulatory.0: Falling back to sysfs fallback for: regulatory.db
05-24 13:18:36.519 1 1 E : get_key_map_info()187 - Failed to find "oe" in dts.
05-24 13:18:36.536 0 0 E : [ C0] sunxi-i2c sunxi-i2c5: SLA+W has been transmitted; ACK not received
05-24 13:18:36.545 1 1 E sunxi-i2c5: engine-mode: xfer failed(dev addr:0x10)
05-24 13:18:36.553 1 1 I : of_property_read_string ac200.tv_regulator_name fail
05-24 13:18:36.561 1 1 E : [ac200] get ave_regulator_name failed!
05-24 13:18:36.567 1 1 E : [ac200] pwm enable
05-24 13:18:36.571 1 1 I : ALSA device list:
05-24 13:18:36.575 1 1 I : #0: audiocodec
05-24 13:18:36.579 1 1 I : #1: sndspdif
05-24 13:18:36.583 1 1 I : #2: ahubdam
05-24 13:18:36.587 1 1 I : #3: ahubhdmi
05-24 13:18:36.591 1 1 I : #4: ahubi2s2
05-24 13:18:36.595 1 1 W alloc_fd: slot 0 not NULL!
05-24 13:18:36.600 1 1 I : Freeing unused kernel memory: 1088K
05-24 13:18:36.621 1 1 E : Kernel init done
05-24 13:18:36.625 1 1 I : Run /init as init process
05-24 13:18:36.702 1 1 I init : init first stage started!
05-24 13:18:36.708 1 1 I init : Unable to open /lib/modules, skipping module loading.
05-24 13:18:36.717 1 1 I init : Copied ramdisk prop to /second_stage_resources/system/etc/ramdisk/build.prop
05-24 13:18:36.727 1 1 I init : Switching root to '/first_stage_ramdisk'
05-24 13:18:36.735 1 1 I init : [libfs_mgr]ReadFstabFromDt(): failed to read fstab from dt
05-24 13:18:36.746 1 1 I init : Using Android DT directory /proc/device-tree/firmware/android/
05-24 13:18:36.778 1 1 I init : [libfs_mgr]superblock s_max_mnt_count:65535,/dev/block/by-name/metadata
05-24 13:18:36.789 1 1 W EXT4-fs (mmcblk0p19): Ignoring removed nomblk_io_submit option
05-24 13:18:36.799 1 1 I EXT4-fs (mmcblk0p19): mounted filesystem with ordered data mode. Opts: errors=remount-ro,nomblk_io_submit
05-24 13:18:36.812 1 1 W : ext4 filesystem being mounted at /metadata supports timestamps until 2038 (0x7fffffff)
05-24 13:18:36.823 1 1 I init : [libfs_mgr]check_fs(): mount(/dev/block/by-name/metadata,/metadata,ext4)=0: Success
05-24 13:18:36.836 1 1 I init : [libfs_mgr]check_fs(): unmount(/metadata) succeeded
05-24 13:18:36.844 1 1 I init : [libfs_mgr]Running /system/bin/e2fsck on /dev/block/mmcblk0p19
05-24 13:18:36.855 148 148 I random : e2fsck: uninitialized urandom read (40 bytes read)
05-24 13:18:36.864 1 1 I e2fsck : e2fsck 1.45.4 (23-Sep-2019)
05-24 13:18:36.870 1 1 I e2fsck : /dev/block/by-name/metadata: clean, 33/4096 files, 1194/4096 blocks
05-24 13:18:36.882 1 1 I EXT4-fs (mmcblk0p19): mounted filesystem with ordered data mode. Opts: errors=panic
05-24 13:18:36.893 1 1 W : ext4 filesystem being mounted at /metadata supports timestamps until 2038 (0x7fffffff)
05-24 13:18:36.908 1 1 I random : init: uninitialized urandom read (16 bytes read)
05-24 13:18:36.917 1 1 I random : init: uninitialized urandom read (16 bytes read)
05-24 13:18:36.935 1 1 I EXT4-fs (dm-0): mounted filesystem without journal. Opts: barrier=1
05-24 13:18:36.951 1 1 I EXT4-fs (dm-1): mounted filesystem without journal. Opts: barrier=1
05-24 13:18:36.963 1 1 I EXT4-fs (dm-3): mounted filesystem without journal. Opts: barrier=1
05-24 13:18:36.976 1 1 I EXT4-fs (dm-2): mounted filesystem without journal. Opts: barrier=1
05-24 13:18:36.990 1 1 I newfs_msdos: executing /system/bin/newfs_msdos failed: No such file or directory
05-24 13:18:37.000 1 1 I newfs_msdos: newfs_msdos terminated by exit(255)
05-24 13:18:37.014 1 1 W SELinux : Unable to set superblock options before the security server is initialized
05-24 13:18:37.150 1 1 I fsck.f2fs: executing /system/bin/fsck.f2fs failed: No such file or directory
05-24 13:18:37.160 1 1 I fsck.f2fs: fsck.f2fs terminated by exit(255)
05-24 13:18:37.228 1 1 I F2FS-fs (dm-8): recover fsync data on readonly fs
05-24 13:18:37.236 1 1 I F2FS-fs (dm-8): Mounted with checkpoint version = 1064dcfb
05-24 13:18:37.251 1 1 I fsck.f2fs: executing /system/bin/fsck.f2fs failed: No such file or directory
05-24 13:18:37.261 1 1 I fsck.f2fs: fsck.f2fs terminated by exit(255)
05-24 13:18:37.329 1 1 I F2FS-fs (dm-8): Mounted with checkpoint version = 1064dcfb
05-24 13:18:37.379 1 1 W printk : init: 44 output lines suppressed due to ratelimiting
05-24 13:18:37.545 1 1 W init : DM_DEV_STATUS failed for system_ext_a: No such device or address
05-24 13:18:37.555 1 1 E init : Could not update logical partition
05-24 13:18:37.561 1 1 I init : Opening SELinux policy
05-24 13:18:37.575 1 1 I init : Loading SELinux policy
05-24 13:18:37.601 1 1 I SELinux : Permission nlmsg_getneigh in class netlink_route_socket not defined in policy.
05-24 13:18:37.613 1 1 I SELinux : the above unknown classes and permissions will be denied
05-24 13:18:37.622 1 1 I SELinux : policy capability network_peer_controls=1
05-24 13:18:37.629 1 1 I SELinux : policy capability open_perms=1
05-24 13:18:37.635 1 1 I SELinux : policy capability extended_socket_class=1
05-24 13:18:37.643 1 1 I SELinux : policy capability always_check_network=0
05-24 13:18:37.650 1 1 I SELinux : policy capability cgroup_seclabel=0
05-24 13:18:37.657 1 1 I SELinux : policy capability nnp_nosuid_transition=1
05-24 13:18:37.624 188 188 W auditd : type=1403 audit(0.0:2): auid=4294967295 ses=4294967295 lsm=selinux res=1
05-24 13:18:37.771 1 1 I selinux : SELinux: Loaded file_contexts
05-24 13:18:37.778 1 1 I selinux :
05-24 13:18:37.859 1 1 I init : init second stage started!
05-24 13:18:37.929 1 1 I init : Using Android DT directory /proc/device-tree/firmware/android/
05-24 13:18:37.947 1 1 W init : Overriding previous property 'persist.sys.usb.config':'none' with new value 'adb'
05-24 13:18:37.959 1 1 W init : Overriding previous property 'persist.sys.usb.config':'adb' with new value 'none'
05-24 13:18:37.970 1 1 W init : Couldn't load property file '/vendor/default.prop': open() failed: No such file or directory: No such file or directory
05-24 13:18:37.991 1 1 W init : Couldn't load property file '/odm_dlkm/etc/build.prop': open() failed: No such file or directory: No such file or directory
05-24 13:18:38.008 1 1 W init : Couldn't load property file '/oem/build.prop': open() failed: No such file or directory: No such file or directory
05-24 13:18:38.023 1 1 E init : Could not set 'ro.boot.dynamic_partitions' to 'true' while loading .prop filesRead-only property was already set
05-24 13:18:38.037 1 1 E init : Could not set 'ro.boot.dynamic_partitions_retrofit' to 'true' while loading .prop filesRead-only property was already set
05-24 13:18:38.053 1 1 I init : Setting product property ro.product.brand to 'Dangbei' (from ro.product.product.brand)
05-24 13:18:38.004 1 1 I /system/bin/init: type=1107 audit(0.0:3): uid=0 auid=4294967295 ses=4294967295 subj=u:r:init:s0 msg='avc: denied { read } for property=init.svc.bootanim pid=0 uid=0 gid=0 scontext=u:r:vendor_init:s0 tcontext=u:object_r:init_service_status_private_prop:s0 tclass=file permissive=1'
05-24 13:18:38.219 1 1 E cgroup1 : Unknown subsys name 'blkio'
05-24 13:18:38.228 1 1 E cgroup1 : Unknown subsys name 'memory'
05-24 13:18:38.441 178 178 I ueventd : ueventd started!
05-24 13:18:38.451 178 178 I selinux : SELinux: Loaded file_contexts
05-24 13:18:38.457 178 178 I selinux :
05-24 13:18:38.461 178 178 I ueventd : Parsing file /system/etc/ueventd.rc...
05-24 13:18:38.468 178 178 I ueventd : Added '/vendor/etc/ueventd.rc' to import list
05-24 13:18:38.476 178 178 I ueventd : Added '/odm/etc/ueventd.rc' to import list
05-24 13:18:38.484 178 178 I ueventd : Parsing file /vendor/etc/ueventd.rc...
05-24 13:18:38.491 178 178 I ueventd : Unable to read config file '/vendor/etc/ueventd.rc': open() failed: No such file or directory
05-24 13:18:38.504 178 178 I ueventd : Parsing file /odm/etc/ueventd.rc...
05-24 13:18:38.511 178 178 I ueventd : Unable to read config file '/odm/etc/ueventd.rc': open() failed: No such file or directory
05-24 13:18:38.761 175 175 I sunxi-rfkill soc@3000000: rfkill: module version: v1.0.9
05-24 13:18:38.769 175 175 I sunxi-rfkill soc@3000000: rfkill: chip_en gpio=211 assert=1
05-24 13:18:38.777 175 175 E sunxi-rfkill soc@3000000: rfkill: get gpio power_en failed
05-24 13:18:38.785 175 175 I sunxi-rfkill soc@3000000: rfkill: wlan_busnum (1)
05-24 13:18:38.793 175 175 W sunxi-rfkill soc@3000000: rfkill: Missing wlan_power.
05-24 13:18:38.800 175 175 I sunxi-rfkill soc@3000000: rfkill: wlan clock[0] (osc32k-out)
05-24 13:18:38.808 175 175 I sunxi-rfkill soc@3000000: rfkill: wlan_regon gpio=210 assert=1
05-24 13:18:38.817 175 175 I sunxi-rfkill soc@3000000: rfkill: wlan_hostwake gpio=207 assert=1
05-24 13:18:38.826 175 175 I sunxi-rfkill soc@3000000: rfkill: wakeup source is enabled
05-24 13:18:38.834 175 175 W sunxi-rfkill soc@3000000: rfkill: Missing bt_power.
05-24 13:18:38.841 175 175 I sunxi-rfkill soc@3000000: rfkill: bt clock[0] (osc32k-out)
05-24 13:18:38.849 175 175 E sunxi-rfkill soc@3000000: rfkill: get gpio bt_rst failed
05-24 13:18:38.935 1 1 I : Registered swp emulation handler
05-24 13:18:39.010 188 188 I logd.auditd: start
05-24 13:18:38.915 193 193 I SELinux : SELinux: Loaded service_contexts from:
05-24 13:18:38.915 193 193 I SELinux : /vendor/etc/selinux/vndservice_contexts
05-24 13:18:38.892 29 29 I kdevtmpfs: type=1400 audit(0.0:4): avc: denied { create } for name="dm-9" scontext=u:r:kernel:s0 tcontext=u:object_r:device:s0 tclass=blk_file permissive=1
05-24 13:18:38.936 200 200 I format_device: Don't need to format /dev/block/by-name/Reserve0
05-24 13:18:38.892 29 29 I kdevtmpfs: type=1400 audit(0.0:5): avc: denied { setattr } for name="dm-9" dev="devtmpfs" ino=304 scontext=u:r:kernel:s0 tcontext=u:object_r:device:s0 tclass=blk_file permissive=1
05-24 13:18:38.966 192 192 I hwservicemanager: getFrameworkHalManifest: Reading VINTF information.
05-24 13:18:38.975 192 192 I hwservicemanager: getDeviceHalManifest: Reading VINTF information.
05-24 13:18:39.109 1 1 I fsck.f2fs: Info: Fix the reported corruption.
05-24 13:18:39.116 1 1 I fsck.f2fs: Info: No support kernel version!
05-24 13:18:39.123 1 1 I fsck.f2fs: Info: Segments per section = 1
05-24 13:18:39.130 1 1 I fsck.f2fs: Info: Sections per zone = 1
05-24 13:18:39.136 1 1 I fsck.f2fs: Info: sector size = 512
05-24 13:18:39.142 1 1 I fsck.f2fs: Info: total sectors = 53984223 (26359 MB)
05-24 13:18:39.149 1 1 I fsck.f2fs: Info: MKFS version
05-24 13:18:39.155 1 1 I fsck.f2fs: "5.4.125+"
05-24 13:18:39.159 1 1 I fsck.f2fs: Info: FSCK version
05-24 13:18:39.165 1 1 I fsck.f2fs: from "5.4.125+" --------- beginning of system
05-24 13:18:39.045 196 196 I vold : Vold 3.0 (the awakening) firing up
05-24 13:18:39.046 196 196 D vold : Detected support for: ext4 f2fs vfat
05-24 13:18:39.052 196 196 D vold : Found unmanaged dm device named vendor_a-cow
05-24 13:18:39.052 196 196 D vold : Found unmanaged dm device named vendor_dlkm_a-cow
05-24 13:18:39.052 196 196 D vold : Found unmanaged dm device named system_a
05-24 13:18:39.052 196 196 D vold : Found unmanaged dm device named product_a-cow
05-24 13:18:39.052 196 196 D vold : Found unmanaged dm device named vendor_dlkm_a
05-24 13:18:39.052 196 196 D vold : Found unmanaged dm device named vendor_a
05-24 13:18:39.052 196 196 D vold : Found unmanaged dm device named userdata-wrapper
05-24 13:18:39.052 196 196 D vold : Found unmanaged dm device named system_a-cow
05-24 13:18:39.052 196 196 D vold : Found unmanaged dm device named scratch
05-24 13:18:39.052 196 196 D vold : Found unmanaged dm device named product_a
05-24 13:18:39.054 192 192 I hwservicemanager: getDeviceHalManifest: Successfully processed VINTF information
05-24 13:18:39.054 192 192 I hwservicemanager: getFrameworkHalManifest: Successfully processed VINTF information
05-24 13:18:39.056 192 192 I hwservicemanager: hwservicemanager is ready now.
05-24 13:18:39.057 196 196 D vold : VoldNativeService::start() completed OK
05-24 13:18:39.178 1 1 I F2FS-fs (dm-9): Using encoding defined by superblock: utf8-12.1.0 with flags 0x0
05-24 13:18:39.227 1 1 I F2FS-fs (dm-9): Mounted with checkpoint version = 1a7dfe99
05-24 13:18:39.180 1 1 I init : type=1400 audit(0.0:6): avc: denied { getattr } for path="/sys/kernel/debug/devices_deferred" dev="debugfs" ino=5678 scontext=u:r:init:s0 tcontext=u:object_r:debugfs:s0 tclass=file permissive=1
05-24 13:18:39.184 1 1 I init : type=1400 audit(0.0:7): avc: denied { getattr } for path="/sys/kernel/debug/wakeup_sources" dev="debugfs" ino=1027 scontext=u:r:init:s0 tcontext=u:object_r:debugfs_wakeup_sources:s0 tclass=file permissive=1
05-24 13:18:39.304 215 215 E cutils-trace: Error opening trace file: No such file or directory (2)
05-24 13:18:39.307 192 192 E cutils-trace: Error opening trace file: No such file or directory (2)
05-24 13:18:39.311 215 215 I HidlServiceManagement: Registered android.system.suspend@1.0::ISystemSuspend/default
05-24 13:18:39.311 215 215 I HidlServiceManagement: Removing namespace from process name android.system.suspend@1.0-service to suspend@1.0-service.
05-24 13:18:39.315 219 219 D tee_supplicant: using device "/dev/teepriv0"
05-24 13:18:39.315 219 219 D tee_supplicant: looping
05-24 13:18:39.317 217 217 E cutils-trace: Error opening trace file: No such file or directory (2)
05-24 13:18:39.321 220 220 I fsverity_init: LoadKeyFromFile path=/system/etc/security/fsverity/fsverity-release.x509.der keyname=fsv_system_0
05-24 13:18:39.332 217 217 I HidlServiceManagement: Registered android.hardware.boot@1.2::IBootControl/default
05-24 13:18:39.333 217 217 I HidlServiceManagement: Removing namespace from process name android.hardware.boot@1.2-service to boot@1.2-service.
05-24 13:18:39.333 217 217 I LegacySupport: Registration complete for android.hardware.boot@1.0::IBootControl/default.
05-24 13:18:39.467 175 175 W mali_kbase: loading out-of-tree module taints kernel.
05-24 13:18:39.355 218 218 I android.hardware.security.keymint-service: adding keymint service instance: android.hardware.security.keymint.IKeyMintDevice/default
05-24 13:18:39.356 191 191 I servicemanager: getDeviceHalManifest: Reading VINTF information.
05-24 13:18:39.365 191 191 I servicemanager: getDeviceHalManifest: Successfully processed VINTF information
05-24 13:18:39.366 191 191 I servicemanager: getFrameworkHalManifest: Reading VINTF information.
05-24 13:18:39.370 191 191 I servicemanager: getFrameworkHalManifest: Successfully processed VINTF information
05-24 13:18:39.370 191 191 I servicemanager: Found android.hardware.security.keymint.IKeyMintDevice/default in device VINTF manifest.
05-24 13:18:39.370 218 218 I android.hardware.security.keymint-service: adding keymint service instance: android.hardware.security.secureclock.ISecureClock/default
05-24 13:18:39.371 191 191 I servicemanager: Found android.hardware.security.secureclock.ISecureClock/default in device VINTF manifest.
05-24 13:18:39.371 218 218 I android.hardware.security.keymint-service: adding keymint service instance: android.hardware.security.sharedsecret.ISharedSecret/default
05-24 13:18:39.371 191 191 I servicemanager: Found android.hardware.security.sharedsecret.ISharedSecret/default in device VINTF manifest.
05-24 13:18:39.371 218 218 I android.hardware.security.keymint-service: adding keymint service instance: android.hardware.security.keymint.IRemotelyProvisionedComponent/default
05-24 13:18:39.372 191 191 I servicemanager: Found android.hardware.security.keymint.IRemotelyProvisionedComponent/default in device VINTF manifest.
05-24 13:18:39.502 175 175 I mali 1800000.gpu: Regulators probed: 0
05-24 13:18:39.508 175 175 I mali 1800000.gpu: Clocks probed: 2
05-24 13:18:39.390 216 216 I keystore2: keystore2_main: Keystore2 is starting.
05-24 13:18:39.396 216 216 I keystore2: keystore2_main: Starting thread pool now.
05-24 13:18:39.396 216 223 I keystore2: getDeviceHalManifest: Reading VINTF information.
05-24 13:18:39.406 216 223 I keystore2: getDeviceHalManifest: Successfully processed VINTF information
05-24 13:18:39.515 175 175 I mali 1800000.gpu: [950mv-600MHz] bak[950mv-600MHz] inde_power:0 idle:1 dvfs:1
05-24 13:18:39.525 175 175 I mali 1800000.gpu: GPU identified as 0x3 arch 7.0.9 r0p0 status 0
05-24 13:18:39.534 175 175 I mali 1800000.gpu: No memory group manager is configured
05-24 13:18:39.543 175 175 I mali 1800000.gpu: Using configured power model mali-simple-power-model, and fallback mali-simple-power-model
05-24 13:18:39.557 175 175 I mali 1800000.gpu: Probed as mali0
05-24 13:18:39.462 196 196 I Checkpoint: cp_prepareCheckpoint called
05-24 13:18:39.492 231 231 I tombstoned: tombstoned successfully initialized
05-24 13:18:39.502 196 196 I incfs : Initial API level of the device: 31
05-24 13:18:39.502 196 196 I incfs : ro.incremental.enable: module:/vendor/lib/modules/incrementalfs.ko
05-24 13:18:39.503 196 196 I incfs : isFsAvailable: false
05-24 13:18:39.503 196 196 I incfs : isFsAvailable: false
05-24 13:18:39.503 196 196 E incfs : could not open IncFs kernel module "/vendor/lib/modules/incrementalfs.ko": No such file or directory
05-24 13:18:39.503 196 196 E incfs : IncFs_Features: failed to open features dir, assuming v1/none.: No such file or directory
05-24 13:18:39.503 196 196 I ServiceManager: Waiting for service 'android.security.maintenance' on '/dev/binder'...
05-24 13:18:39.907 216 226 W keystore2: keystore2::watchdog: Keystore Watchdog report:
05-24 13:18:39.907 216 226 W keystore2: keystore2::watchdog: Overdue records:
05-24 13:18:39.907 216 226 W keystore2: keystore2::watchdog: ThreadId(1) In connect_keymint: calling getHardwareInfo() Pending: 500.311583ms Overdue 315.5µs
05-24 13:18:40.908 216 226 W keystore2: keystore2::watchdog: Keystore Watchdog report:
05-24 13:18:40.908 216 226 W keystore2: keystore2::watchdog: Overdue records:
05-24 13:18:40.908 216 226 W keystore2: keystore2::watchdog: ThreadId(1) In connect_keymint: calling getHardwareInfo() Pending: 1.500579126s Overdue 1.000582876s
05-24 13:18:41.908 216 226 W keystore2: keystore2::watchdog: Keystore Watchdog report:
05-24 13:18:41.908 216 226 W keystore2: keystore2::watchdog: Overdue records:
05-24 13:18:41.908 216 226 W keystore2: keystore2::watchdog: ThreadId(1) In connect_keymint: calling getHardwareInfo() Pending: 2.500811209s Overdue 2.000814959s
05-24 13:18:42.908 216 226 W keystore2: keystore2::watchdog: Keystore Watchdog report:
05-24 13:18:42.908 216 226 W keystore2: keystore2::watchdog: Overdue records:
05-24 13:18:42.908 216 226 W keystore2: keystore2::watchdog: ThreadId(1) In connect_keymint: calling getHardwareInfo() Pending: 3.501030293s Overdue 3.001034002s
05-24 13:18:43.777 0 0 I [ C0] random: crng init done
05-24 13:18:43.781 0 0 I [ C0] random: 7 urandom warning(s) missed due to ratelimiting
05-24 13:18:43.666 216 223 I keystore2: keystore2::shared_secret_negotiation: Shared secret negotiation concluded successfully.
05-24 13:18:43.669 216 216 E cutils-trace: Error opening trace file: No such file or directory (2)
05-24 13:18:43.671 192 192 I hwservicemanager: getTransport: Cannot find entry android.hardware.keymaster@4.0::IKeymasterDevice/default in either framework or device VINTF manifest.
05-24 13:18:43.671 192 192 I hwservicemanager: getTransport: Cannot find entry android.hardware.keymaster@3.0::IKeymasterDevice/default in either framework or device VINTF manifest.
05-24 13:18:43.672 191 191 I servicemanager: Found android.system.keystore2.IKeystoreService/default in framework VINTF manifest.
05-24 13:18:43.675 216 216 I keystore2: keystore2_main: Successfully registered Keystore 2.0 service.
05-24 13:18:43.675 216 216 I keystore2: keystore2_main: Joining thread pool now.
05-24 13:18:43.720 196 196 I ServiceManager: Waiting for service 'android.security.maintenance' on '/dev/binder' successful after waiting 4217ms
05-24 13:18:43.722 216 216 I keystore2: keystore2::maintenance: In early_boot_ended.
05-24 13:18:43.735 216 216 I keystore2: keystore2::globals: Touching Keystore 2.0 database for this first time since boot.
05-24 13:18:43.735 216 216 I keystore2: keystore2::globals: Calling cleanup leftovers.
05-24 13:18:43.739 216 216 I keystore2: keystore2::super_key: Starting boot level watcher.
05-24 13:18:43.739 216 216 E keystore2: keystore2::maintenance: Call to earlyBootEnded failed for security level TRUSTED_ENVIRONMENT: In keymint device: calling earlyBootEnded.
05-24 13:18:43.739 216 235 I keystore2: keystore2::super_key: Read keystore.boot_level value 30
05-24 13:18:43.740 216 235 I keystore2: keystore2::super_key: Read keystore.boot_level value 30
05-24 13:18:43.741 192 192 I hwservicemanager: getTransport: Cannot find entry android.hardware.keymaster@4.0::IKeymasterDevice/default in either framework or device VINTF manifest.
05-24 13:18:43.741 192 192 I hwservicemanager: getTransport: Cannot find entry android.hardware.keymaster@3.0::IKeymasterDevice/default in either framework or device VINTF manifest.
05-24 13:18:43.741 216 216 E keystore2: keystore2::maintenance: Call to earlyBootEnded failed for security level STRONGBOX: In call_with_watchdog: getting keymint device.
05-24 13:18:43.741 216 216 E keystore2: keystore2::error: In keymint device: calling earlyBootEnded
05-24 13:18:43.741 216 216 E keystore2:
05-24 13:18:43.741 216 216 E keystore2: Caused by:
05-24 13:18:43.741 216 216 E keystore2: Error::Km(ErrorCode(-1000))
05-24 13:18:43.741 196 196 E vold : keystore2 Keystore earlyBootEnded returned service specific error: -1000
05-24 13:18:43.871 1 1 I init : Service 'exec 6 (/system/bin/vdc keymaster earlyBootEnded)' (pid 232) exited with status 0 waiting took 4.261000 seconds
05-24 13:18:43.886 1 1 I init : Sending signal 9 to service 'exec 6 (/system/bin/vdc keymaster earlyBootEnded)' (pid 232) process group...
05-24 13:18:43.899 1 1 I libprocessgroup: Successfully killed process cgroup uid 1000 pid 232 in 0ms
05-24 13:18:43.910 1 1 I init : Not setting encryption policy on: /data/apex
05-24 13:18:43.918 1 1 W init : Inferred action different from explicit one, expected 0 but got 2
05-24 13:18:43.928 1 1 W init : Inferred action different from explicit one, expected 0 but got 3
05-24 13:18:43.938 1 1 W init : Inferred action different from explicit one, expected 0 but got 2
05-24 13:18:43.949 1 1 I init : starting service 'apexd'...
05-24 13:18:43.977 1 1 I init : Not setting encryption policy on: /data/preloads
05-24 13:18:43.987 1 1 I init : Not setting encryption policy on: /data/data
05-24 13:18:43.989 236 236 I apexd : This device does not support updatable APEX. Exiting
05-24 13:18:44.002 236 236 I apexd : Marking APEXd as activated
05-24 13:18:43.951 238 238 I derive_sdk: Read version 1 from 7
05-24 13:18:43.951 238 238 I derive_sdk: Read version 1 from 5
05-24 13:18:43.952 238 238 I derive_sdk: Read version 1 from 9
05-24 13:18:43.952 238 238 I derive_sdk: Read version 1 from 4
05-24 13:18:43.953 238 238 I derive_sdk: Read version 1 from 6
05-24 13:18:43.953 238 238 I derive_sdk: Read version 1 from 3
05-24 13:18:43.953 238 238 I derive_sdk: Read version 1 from 2
05-24 13:18:43.954 238 238 I derive_sdk: Read version 1 from 1
05-24 13:18:43.954 238 238 I derive_sdk: Read version 1 from 10
05-24 13:18:43.954 238 238 I derive_sdk: Read version 1 from 8
05-24 13:18:43.954 238 238 I derive_sdk: R extension version is 1
05-24 13:18:43.955 238 238 I derive_sdk: S extension version is 1
05-24 13:18:43.985 196 196 D vold : fscrypt_init_user0
05-24 13:18:44.108 239 239 D vdc : Waited 0ms for vold
05-24 13:18:43.985 196 196 D vold : fscrypt_prepare_user_storage for volume null, user 0, serial 0, flags 1
05-24 13:18:43.985 196 196 D vold : Preparing: /data/system/users/0
05-24 13:18:43.985 196 196 D vold : Preparing: /data/misc/profiles/cur/0
05-24 13:18:43.986 196 196 D vold : Preparing: /data/system_de/0
05-24 13:18:43.986 196 196 D vold : Preparing: /data/misc_de/0
05-24 13:18:43.986 196 196 D vold : Preparing: /data/vendor_de/0
05-24 13:18:43.986 196 196 D vold : Preparing: /data/user_de/0
05-24 13:18:43.987 196 196 D vold : /system/bin/vold_prepare_subdirs
05-24 13:18:43.987 196 196 D vold : prepare
05-24 13:18:43.987 196 196 D vold :
05-24 13:18:43.987 196 196 D vold : 0
05-24 13:18:43.987 196 196 D vold : 1
05-24 13:18:44.019 240 240 D vold_prepare_subdirs: Setting up mode 771 uid 1000 gid 1000 context u:object_r:system_data_file:s0:c512,c768 on path: /data/user_de/0
05-24 13:18:44.020 240 240 D vold_prepare_subdirs: Setting up mode 700 uid 0 gid 0 context u:object_r:vold_data_file:s0 on path: /data/misc_de/0/vold
05-24 13:18:44.021 240 240 D vold_prepare_subdirs: Setting up mode 700 uid 0 gid 0 context u:object_r:storaged_data_file:s0 on path: /data/misc_de/0/storaged
05-24 13:18:44.022 240 240 D vold_prepare_subdirs: Setting up mode 700 uid 0 gid 0 context u:object_r:rollback_data_file:s0 on path: /data/misc_de/0/rollback
05-24 13:18:44.022 240 240 D vold_prepare_subdirs: Setting up mode 700 uid 0 gid 0 context u:object_r:apex_rollback_data_file:s0 on path: /data/misc_de/0/apexrollback
05-24 13:18:44.023 240 240 D vold_prepare_subdirs: Setting up mode 711 uid 0 gid 0 context u:object_r:apex_module_data_file:s0 on path: /data/misc_de/0/apexdata
05-24 13:18:44.024 240 240 D vold_prepare_subdirs: Setting up mode 771 uid 0 gid 1000 context u:object_r:apex_wifi_data_file:s0 on path: /data/misc_de/0/apexdata/com.android.wifi
05-24 13:18:44.024 240 240 D vold_prepare_subdirs: Setting up mode 771 uid 0 gid 1000 context u:object_r:apex_module_data_file:s0 on path: /data/misc_de/0/apexdata/com.android.vndk.v31
05-24 13:18:44.025 240 240 D vold_prepare_subdirs: Setting up mode 771 uid 0 gid 1000 context u:object_r:apex_module_data_file:s0 on path: /data/misc_de/0/apexdata/com.android.tzdata
05-24 13:18:44.025 240 240 D vold_prepare_subdirs: Setting up mode 771 uid 0 gid 1000 context u:object_r:apex_module_data_file:s0 on path: /data/misc_de/0/apexdata/com.android.tethering
05-24 13:18:44.026 240 240 D vold_prepare_subdirs: Setting up mode 771 uid 0 gid 1000 context u:object_r:apex_module_data_file:s0 on path: /data/misc_de/0/apexdata/com.android.sdkext
05-24 13:18:44.027 240 240 D vold_prepare_subdirs: Setting up mode 771 uid 0 gid 1000 context u:object_r:apex_module_data_file:s0 on path: /data/misc_de/0/apexdata/com.android.scheduling
05-24 13:18:44.027 240 240 D vold_prepare_subdirs: Setting up mode 771 uid 0 gid 1000 context u:object_r:apex_module_data_file:s0 on path: /data/misc_de/0/apexdata/com.android.runtime
05-24 13:18:44.028 240 240 D vold_prepare_subdirs: Setting up mode 771 uid 0 gid 1000 context u:object_r:apex_module_data_file:s0 on path: /data/misc_de/0/apexdata/com.android.resolv
05-24 13:18:44.029 240 240 D vold_prepare_subdirs: Setting up mode 771 uid 0 gid 1000 context u:object_r:apex_permission_data_file:s0 on path: /data/misc_de/0/apexdata/com.android.permission
05-24 13:18:44.029 240 240 D vold_prepare_subdirs: Setting up mode 771 uid 0 gid 1000 context u:object_r:apex_module_data_file:s0 on path: /data/misc_de/0/apexdata/com.android.os.statsd
05-24 13:18:44.030 240 240 D vold_prepare_subdirs: Setting up mode 771 uid 0 gid 1000 context u:object_r:apex_module_data_file:s0 on path: /data/misc_de/0/apexdata/com.android.neuralnetworks
05-24 13:18:44.030 240 240 D vold_prepare_subdirs: Setting up mode 771 uid 0 gid 1000 context u:object_r:apex_module_data_file:s0 on path: /data/misc_de/0/apexdata/com.android.mediaprovider
05-24 13:18:44.031 240 240 D vold_prepare_subdirs: Setting up mode 771 uid 0 gid 1000 context u:object_r:apex_module_data_file:s0 on path: /data/misc_de/0/apexdata/com.android.media.swcodec
05-24 13:18:44.032 240 240 D vold_prepare_subdirs: Setting up mode 771 uid 0 gid 1000 context u:object_r:apex_module_data_file:s0 on path: /data/misc_de/0/apexdata/com.android.media
05-24 13:18:44.032 240 240 D vold_prepare_subdirs: Setting up mode 771 uid 0 gid 1000 context u:object_r:apex_module_data_file:s0 on path: /data/misc_de/0/apexdata/com.android.ipsec
05-24 13:18:44.033 240 240 D vold_prepare_subdirs: Setting up mode 771 uid 0 gid 1000 context u:object_r:apex_module_data_file:s0 on path: /data/misc_de/0/apexdata/com.android.i18n
05-24 13:18:44.033 240 240 D vold_prepare_subdirs: Setting up mode 771 uid 0 gid 1000 context u:object_r:apex_module_data_file:s0 on path: /data/misc_de/0/apexdata/com.android.extservices
