05-24 13:18:54.209 396 749 E omx_vdec: : erro: pParamData->nIndex > m_sPortFormatType.nIndex
05-24 13:18:54.209 487 487 W AlarmManager: Unrecognized alarm listener com.android.server.stats.StatsCompanionService$AnomalyAlarmListener@3c420ad
05-24 13:18:54.209 487 487 W AlarmManager: Unrecognized alarm listener com.android.server.stats.StatsCompanionService$PullingAlarmListener@f44cfe2
05-24 13:18:54.209 396 749 W omx_vdec: <__AwOmxVdecGetExtensionIndex:1741>: GetExtensionIndex OMX.google.android.index.describeColorFormat, err [0x80001001].
05-24 13:18:54.209 487 487 W AlarmManager: Unrecognized alarm listener com.android.server.stats.StatsCompanionService$PeriodicAlarmListener@26f8f73
05-24 13:18:54.209 396 749 W omx_vdec: <__AwOmxVdecGetExtensionIndex:1741>: GetExtensionIndex OMX.google.android.index.describeColorFormat2, err [0x80001001].
05-24 13:18:54.209 396 749 E omx_vdec: : erro: pParamData->nIndex > m_sPortFormatType.nIndex
05-24 13:18:54.210 396 749 W omx_vdec: <__AwOmxVdecGetExtensionIndex:1741>: GetExtensionIndex OMX.google.android.index.describeColorFormat, err [0x80001001].
05-24 13:18:54.210 396 749 W omx_vdec: <__AwOmxVdecGetExtensionIndex:1741>: GetExtensionIndex OMX.google.android.index.describeColorFormat2, err [0x80001001].
05-24 13:18:54.210 396 749 E omx_vdec: : erro: pParamData->nIndex > m_sPortFormatType.nIndex
05-24 13:18:54.210 396 749 W omx_vdec: <__AwOmxVdecGetExtensionIndex:1741>: GetExtensionIndex OMX.google.android.index.describeColorFormat, err [0x80001001].
05-24 13:18:54.210 396 749 W omx_vdec: <__AwOmxVdecGetExtensionIndex:1741>: GetExtensionIndex OMX.google.android.index.describeColorFormat2, err [0x80001001].
05-24 13:18:54.211 396 749 E omx_vdec: : erro: pParamData->nIndex > m_sPortFormatType.nIndex
05-24 13:18:54.211 396 749 W omx_vdec: <__AwOmxVdecGetExtensionIndex:1741>: GetExtensionIndex OMX.google.android.index.describeColorFormat, err [0x80001001].
05-24 13:18:54.211 396 749 W omx_vdec: <__AwOmxVdecGetExtensionIndex:1741>: GetExtensionIndex OMX.google.android.index.describeColorFormat2, err [0x80001001].
05-24 13:18:54.211 396 749 E omx_vdec: : erro: pParamData->nIndex > m_sPortFormatType.nIndex
05-24 13:18:54.212 396 749 W omx_vdec: <__AwOmxVdecGetExtensionIndex:1741>: GetExtensionIndex OMX.google.android.index.describeColorFormat, err [0x80001001].
05-24 13:18:54.212 396 749 W omx_vdec: <__AwOmxVdecGetExtensionIndex:1741>: GetExtensionIndex OMX.google.android.index.describeColorFormat2, err [0x80001001].
05-24 13:18:54.212 396 749 E omx_vdec: : erro: pParamData->nIndex > m_sPortFormatType.nIndex
05-24 13:18:54.213 396 749 W omx_vdec: <__AwOmxVdecGetExtensionIndex:1741>: GetExtensionIndex OMX.google.android.index.describeColorFormat, err [0x80001001].
05-24 13:18:54.213 396 749 W omx_vdec: <__AwOmxVdecGetExtensionIndex:1741>: GetExtensionIndex OMX.google.android.index.describeColorFormat2, err [0x80001001].
05-24 13:18:54.213 396 749 E omx_vdec: : erro: pParamData->nIndex > m_sPortFormatType.nIndex
05-24 13:18:54.213 396 749 W omx_vdec: <__AwOmxVdecGetExtensionIndex:1741>: GetExtensionIndex OMX.google.android.index.describeColorFormat, err [0x80001001].
05-24 13:18:54.213 396 749 W omx_vdec: <__AwOmxVdecGetExtensionIndex:1741>: GetExtensionIndex OMX.google.android.index.describeColorFormat2, err [0x80001001].
05-24 13:18:54.213 396 749 E omx_vdec: : erro: pParamData->nIndex > m_sPortFormatType.nIndex
05-24 13:18:54.214 396 749 W omx_vdec: <__AwOmxVdecGetExtensionIndex:1741>: GetExtensionIndex OMX.google.android.index.describeColorFormat, err [0x80001001].
05-24 13:18:54.214 396 749 W omx_vdec: <__AwOmxVdecGetExtensionIndex:1741>: GetExtensionIndex OMX.google.android.index.describeColorFormat2, err [0x80001001].
05-24 13:18:54.214 396 749 E omx_vdec: : erro: pParamData->nIndex > m_sPortFormatType.nIndex
05-24 13:18:54.214 396 749 W omx_vdec: <__AwOmxVdecGetExtensionIndex:1741>: GetExtensionIndex OMX.google.android.index.describeColorFormat, err [0x80001001].
05-24 13:18:54.214 396 749 W omx_vdec: <__AwOmxVdecGetExtensionIndex:1741>: GetExtensionIndex OMX.google.android.index.describeColorFormat2, err [0x80001001].
05-24 13:18:54.214 381 484 W ACodec : [OMX.allwinner.video.decoder.vp8] stopping checking formats after 32: COLOR_FormatYUV420Planar(13)
05-24 13:18:54.215 396 749 W omx_vdec: <__AwOmxVdecGetExtensionIndex:1741>: GetExtensionIndex OMX.google.android.index.configureVideoTunnelMode, err [0x80001001].
05-24 13:18:54.215 396 749 E OMXNodeInstance: getExtensionIndex(0xebbb2000:allwinner.decoder.vp8, OMX.google.android.index.configureVideoTunnelMode) ERROR: Undefined(0x80001001)
05-24 13:18:54.215 381 484 D MediaCodecInfo: detail feature-tunneled-playback wasn't present to remove
05-24 13:18:54.215 396 749 W omx_vdec: <__AwOmxVdecGetExtensionIndex:1741>: GetExtensionIndex OMX.google.android.index.storeANWBufferInMetadata, err [0x80001001].
05-24 13:18:54.215 396 749 W omx_vdec_aw: <__anSetExtPara:3004>: Setparameter: unknown param 2131755011
05-24 13:18:54.215 396 749 W OMXNodeInstance: [0xebbb2000:allwinner.decoder.vp8] component does not support metadata mode; using fallback
05-24 13:18:54.215 396 754 W libc : invalid pthread_t (0) passed to pthread_join
05-24 13:18:54.216 396 754 W libc : invalid pthread_t (0) passed to pthread_join
05-24 13:18:54.216 396 754 W libc : invalid pthread_t (0) passed to pthread_join
05-24 13:18:54.222 396 749 I cedarc : : not malloc locks
05-24 13:18:54.224 381 484 I OMXClient: IOmx service obtained
05-24 13:18:54.224 396 749 I OMXStore: makeComponentInstance(OMX.allwinner.video.decoder.vp9) in android.hardwar process
05-24 13:18:54.225 396 749 I omx_vdec_aw: : OmxDecoderCreate.
05-24 13:18:54.227 487 487 I StatsCompanionService: Told statsd that StatsCompanionService is alive.
05-24 13:18:54.230 487 487 D SystemServerTiming: OnBootPhase_600 took to complete: 167ms
05-24 13:18:54.230 487 487 D SystemServerTiming: PhaseThirdPartyAppsCanStart took to complete: 168ms
05-24 13:18:54.230 487 487 I SystemServerTiming: StartNetworkStack
05-24 13:18:54.344 749 749 D : disable_cedar_hw_clk,546
05-24 13:18:54.354 749 749 D : enable_cedar_hw_clk,516
05-24 13:18:54.228 338 338 I rainbow_flow: type=1400 audit(0.0:349): avc: denied { ioctl } for path="/dev/spidev1.0" dev="tmpfs" ino=212 ioctlcmd=0x6b00 scontext=u:r:init:s0 tcontext=u:object_r:device:s0 tclass=chr_file permissive=1
05-24 13:18:54.234 396 749 W cedarc : : cannot open /dev/sunxi_soc_info, it maybe ok!
05-24 13:18:54.234 396 749 I cedarc : : *** ic_version = 0x3301000012011,
05-24 13:18:54.236 396 749 W omx_vdec: <__AwOmxVdecSetParameter:1566>: Set Parameter called in valid state
05-24 13:18:54.238 396 749 W omx_vdec: : OMX_IndexParamVideoProfileLevelQuerySupported, Format[0xa] not support
05-24 13:18:54.238 396 749 E OMXNodeInstance: getParameter(0xebbb2000:allwinner.decoder.vp9, ParamVideoProfileLevelQuerySupported(0x600000f)) ERROR: BadParameter(0x80001005)
05-24 13:18:54.236 278 278 I EventThread: type=1400 audit(0.0:350): avc: denied { search } for name="extcon" dev="sysfs" ino=18109 scontext=u:r:hal_tv_cec_default:s0 tcontext=u:object_r:sysfs_extcon:s0 tclass=dir permissive=1
05-24 13:18:54.241 487 550 D StatsPullAtomService: Registering NetworkStats pullers with statsd
05-24 13:18:54.241 396 749 W omx_vdec: <__AwOmxVdecGetExtensionIndex:1741>: GetExtensionIndex OMX.google.android.index.describeColorFormat, err [0x80001001].
05-24 13:18:54.241 396 749 W omx_vdec: <__AwOmxVdecGetExtensionIndex:1741>: GetExtensionIndex OMX.google.android.index.describeColorFormat2, err [0x80001001].
05-24 13:18:54.241 396 749 E omx_vdec: : erro: pParamData->nIndex > m_sPortFormatType.nIndex
05-24 13:18:54.241 396 749 W omx_vdec: <__AwOmxVdecGetExtensionIndex:1741>: GetExtensionIndex OMX.google.android.index.describeColorFormat, err [0x80001001].
05-24 13:18:54.241 396 749 W omx_vdec: <__AwOmxVdecGetExtensionIndex:1741>: GetExtensionIndex OMX.google.android.index.describeColorFormat2, err [0x80001001].
05-24 13:18:54.242 396 749 E omx_vdec: : erro: pParamData->nIndex > m_sPortFormatType.nIndex
05-24 13:18:54.242 396 749 W omx_vdec: <__AwOmxVdecGetExtensionIndex:1741>: GetExtensionIndex OMX.google.android.index.describeColorFormat, err [0x80001001].
05-24 13:18:54.242 396 749 W omx_vdec: <__AwOmxVdecGetExtensionIndex:1741>: GetExtensionIndex OMX.google.android.index.describeColorFormat2, err [0x80001001].
05-24 13:18:54.242 396 749 E omx_vdec: : erro: pParamData->nIndex > m_sPortFormatType.nIndex
05-24 13:18:54.243 487 487 D ConnectivityModuleConnector: Starting networking module android.net.INetworkStackConnector
05-24 13:18:54.244 487 487 D ConnectivityModuleConnector: Starting networking module in network_stack process
05-24 13:18:54.247 487 550 W BestClock: java.time.DateTimeException: Missing NTP fix
05-24 13:18:54.248 396 749 W omx_vdec: <__AwOmxVdecGetExtensionIndex:1741>: GetExtensionIndex OMX.google.android.index.describeColorFormat, err [0x80001001].
05-24 13:18:54.249 396 749 W omx_vdec: <__AwOmxVdecGetExtensionIndex:1741>: GetExtensionIndex OMX.google.android.index.describeColorFormat2, err [0x80001001].
05-24 13:18:54.251 396 749 E omx_vdec: : erro: pParamData->nIndex > m_sPortFormatType.nIndex
05-24 13:18:54.251 396 749 W omx_vdec: <__AwOmxVdecGetExtensionIndex:1741>: GetExtensionIndex OMX.google.android.index.describeColorFormat, err [0x80001001].
05-24 13:18:54.251 396 749 W omx_vdec: <__AwOmxVdecGetExtensionIndex:1741>: GetExtensionIndex OMX.google.android.index.describeColorFormat2, err [0x80001001].
05-24 13:18:54.252 396 749 E omx_vdec: : erro: pParamData->nIndex > m_sPortFormatType.nIndex
05-24 13:18:54.252 396 749 W omx_vdec: <__AwOmxVdecGetExtensionIndex:1741>: GetExtensionIndex OMX.google.android.index.describeColorFormat, err [0x80001001].
05-24 13:18:54.252 396 749 W omx_vdec: <__AwOmxVdecGetExtensionIndex:1741>: GetExtensionIndex OMX.google.android.index.describeColorFormat2, err [0x80001001].
05-24 13:18:54.252 396 749 E omx_vdec: : erro: pParamData->nIndex > m_sPortFormatType.nIndex
05-24 13:18:54.252 396 749 W omx_vdec: <__AwOmxVdecGetExtensionIndex:1741>: GetExtensionIndex OMX.google.android.index.describeColorFormat, err [0x80001001].
05-24 13:18:54.252 396 749 W omx_vdec: <__AwOmxVdecGetExtensionIndex:1741>: GetExtensionIndex OMX.google.android.index.describeColorFormat2, err [0x80001001].
05-24 13:18:54.252 396 749 E omx_vdec: : erro: pParamData->nIndex > m_sPortFormatType.nIndex
05-24 13:18:54.253 396 749 W omx_vdec: <__AwOmxVdecGetExtensionIndex:1741>: GetExtensionIndex OMX.google.android.index.describeColorFormat, err [0x80001001].
05-24 13:18:54.253 396 749 W omx_vdec: <__AwOmxVdecGetExtensionIndex:1741>: GetExtensionIndex OMX.google.android.index.describeColorFormat2, err [0x80001001].
05-24 13:18:54.253 396 749 E omx_vdec: : erro: pParamData->nIndex > m_sPortFormatType.nIndex
05-24 13:18:54.253 396 749 W omx_vdec: <__AwOmxVdecGetExtensionIndex:1741>: GetExtensionIndex OMX.google.android.index.describeColorFormat, err [0x80001001].
05-24 13:18:54.253 396 749 W omx_vdec: <__AwOmxVdecGetExtensionIndex:1741>: GetExtensionIndex OMX.google.android.index.describeColorFormat2, err [0x80001001].
05-24 13:18:54.253 396 749 E omx_vdec: : erro: pParamData->nIndex > m_sPortFormatType.nIndex
05-24 13:18:54.254 396 749 W omx_vdec: <__AwOmxVdecGetExtensionIndex:1741>: GetExtensionIndex OMX.google.android.index.describeColorFormat, err [0x80001001].
05-24 13:18:54.254 396 749 W omx_vdec: <__AwOmxVdecGetExtensionIndex:1741>: GetExtensionIndex OMX.google.android.index.describeColorFormat2, err [0x80001001].
05-24 13:18:54.254 487 487 D CompatibilityChangeReporter: Compat change id reported: 135634846; UID 1073; state: DISABLED
05-24 13:18:54.254 396 749 E omx_vdec: : erro: pParamData->nIndex > m_sPortFormatType.nIndex
05-24 13:18:54.254 396 749 W omx_vdec: <__AwOmxVdecGetExtensionIndex:1741>: GetExtensionIndex OMX.google.android.index.describeColorFormat, err [0x80001001].
05-24 13:18:54.254 396 749 W omx_vdec: <__AwOmxVdecGetExtensionIndex:1741>: GetExtensionIndex OMX.google.android.index.describeColorFormat2, err [0x80001001].
05-24 13:18:54.255 396 749 E omx_vdec: : erro: pParamData->nIndex > m_sPortFormatType.nIndex
05-24 13:18:54.255 396 749 W omx_vdec: <__AwOmxVdecGetExtensionIndex:1741>: GetExtensionIndex OMX.google.android.index.describeColorFormat, err [0x80001001].
05-24 13:18:54.255 396 749 W omx_vdec: <__AwOmxVdecGetExtensionIndex:1741>: GetExtensionIndex OMX.google.android.index.describeColorFormat2, err [0x80001001].
05-24 13:18:54.255 396 749 E omx_vdec: : erro: pParamData->nIndex > m_sPortFormatType.nIndex
05-24 13:18:54.255 396 749 W omx_vdec: <__AwOmxVdecGetExtensionIndex:1741>: GetExtensionIndex OMX.google.android.index.describeColorFormat, err [0x80001001].
05-24 13:18:54.255 396 749 W omx_vdec: <__AwOmxVdecGetExtensionIndex:1741>: GetExtensionIndex OMX.google.android.index.describeColorFormat2, err [0x80001001].
05-24 13:18:54.256 396 749 E omx_vdec: : erro: pParamData->nIndex > m_sPortFormatType.nIndex
05-24 13:18:54.256 487 487 D ConnectivityModuleConnector: Networking module service start requested
05-24 13:18:54.256 396 749 W omx_vdec: <__AwOmxVdecGetExtensionIndex:1741>: GetExtensionIndex OMX.google.android.index.describeColorFormat, err [0x80001001].
05-24 13:18:54.256 396 749 W omx_vdec: <__AwOmxVdecGetExtensionIndex:1741>: GetExtensionIndex OMX.google.android.index.describeColorFormat2, err [0x80001001].
05-24 13:18:54.256 487 487 D SystemServerTiming: StartNetworkStack took to complete: 26ms
05-24 13:18:54.256 487 487 I SystemServerTiming: StartTethering
05-24 13:18:54.256 396 749 E omx_vdec: : erro: pParamData->nIndex > m_sPortFormatType.nIndex
05-24 13:18:54.256 487 487 D ConnectivityModuleConnector: Starting networking module android.net.ITetheringConnector
05-24 13:18:54.256 396 749 W omx_vdec: <__AwOmxVdecGetExtensionIndex:1741>: GetExtensionIndex OMX.google.android.index.describeColorFormat, err [0x80001001].
05-24 13:18:54.257 396 749 W omx_vdec: <__AwOmxVdecGetExtensionIndex:1741>: GetExtensionIndex OMX.google.android.index.describeColorFormat2, err [0x80001001].
05-24 13:18:54.257 396 749 E omx_vdec: : erro: pParamData->nIndex > m_sPortFormatType.nIndex
05-24 13:18:54.257 396 749 W omx_vdec: <__AwOmxVdecGetExtensionIndex:1741>: GetExtensionIndex OMX.google.android.index.describeColorFormat, err [0x80001001].
05-24 13:18:54.257 487 487 D ConnectivityModuleConnector: Starting networking module in network_stack process
05-24 13:18:54.257 396 749 W omx_vdec: <__AwOmxVdecGetExtensionIndex:1741>: GetExtensionIndex OMX.google.android.index.describeColorFormat2, err [0x80001001].
05-24 13:18:54.257 396 749 E omx_vdec: : erro: pParamData->nIndex > m_sPortFormatType.nIndex
05-24 13:18:54.258 396 749 W omx_vdec: <__AwOmxVdecGetExtensionIndex:1741>: GetExtensionIndex OMX.google.android.index.describeColorFormat, err [0x80001001].
05-24 13:18:54.258 396 749 W omx_vdec: <__AwOmxVdecGetExtensionIndex:1741>: GetExtensionIndex OMX.google.android.index.describeColorFormat2, err [0x80001001].
05-24 13:18:54.258 396 749 E omx_vdec: : erro: pParamData->nIndex > m_sPortFormatType.nIndex
05-24 13:18:54.259 487 487 D ConnectivityModuleConnector: Networking module service start requested
05-24 13:18:54.259 487 487 D SystemServerTiming: StartTethering took to complete: 3ms
05-24 13:18:54.260 487 487 I SystemServerTiming: MakeCountryDetectionServiceReady
05-24 13:18:54.260 487 487 D SystemServerTiming: MakeCountryDetectionServiceReady took to complete: 0ms
05-24 13:18:54.260 487 487 I SystemServerTiming: MakeNetworkTimeUpdateReady
05-24 13:18:54.261 396 749 W omx_vdec: <__AwOmxVdecGetExtensionIndex:1741>: GetExtensionIndex OMX.google.android.index.describeColorFormat, err [0x80001001].
05-24 13:18:54.262 396 749 W omx_vdec: <__AwOmxVdecGetExtensionIndex:1741>: GetExtensionIndex OMX.google.android.index.describeColorFormat2, err [0x80001001].
05-24 13:18:54.262 396 749 E omx_vdec: : erro: pParamData->nIndex > m_sPortFormatType.nIndex
05-24 13:18:54.262 396 749 W omx_vdec: <__AwOmxVdecGetExtensionIndex:1741>: GetExtensionIndex OMX.google.android.index.describeColorFormat, err [0x80001001].
05-24 13:18:54.262 396 749 W omx_vdec: <__AwOmxVdecGetExtensionIndex:1741>: GetExtensionIndex OMX.google.android.index.describeColorFormat2, err [0x80001001].
05-24 13:18:54.263 396 749 E omx_vdec: : erro: pParamData->nIndex > m_sPortFormatType.nIndex
05-24 13:18:54.263 396 749 W omx_vdec: <__AwOmxVdecGetExtensionIndex:1741>: GetExtensionIndex OMX.google.android.index.describeColorFormat, err [0x80001001].
05-24 13:18:54.263 396 749 W omx_vdec: <__AwOmxVdecGetExtensionIndex:1741>: GetExtensionIndex OMX.google.android.index.describeColorFormat2, err [0x80001001].
05-24 13:18:54.263 396 749 E omx_vdec: : erro: pParamData->nIndex > m_sPortFormatType.nIndex
05-24 13:18:54.263 487 487 D ConnectivityService: requestNetwork for uid/pid:1000/487 activeRequest: null callbackRequest: 16 [NetworkRequest [ REQUEST id=17, [ Capabilities: INTERNET&NOT_RESTRICTED&TRUSTED&NOT_VCN_MANAGED Uid: 1000 RequestorUid: 1000 RequestorPkg: android] ]] callback flags: 0 priority: 2147483647
05-24 13:18:54.263 396 749 W omx_vdec: <__AwOmxVdecGetExtensionIndex:1741>: GetExtensionIndex OMX.google.android.index.describeColorFormat, err [0x80001001].
05-24 13:18:54.264 396 749 W omx_vdec: <__AwOmxVdecGetExtensionIndex:1741>: GetExtensionIndex OMX.google.android.index.describeColorFormat2, err [0x80001001].
05-24 13:18:54.264 396 749 E omx_vdec: : erro: pParamData->nIndex > m_sPortFormatType.nIndex
05-24 13:18:54.264 396 749 W omx_vdec: <__AwOmxVdecGetExtensionIndex:1741>: GetExtensionIndex OMX.google.android.index.describeColorFormat, err [0x80001001].
05-24 13:18:54.264 396 749 W omx_vdec: <__AwOmxVdecGetExtensionIndex:1741>: GetExtensionIndex OMX.google.android.index.describeColorFormat2, err [0x80001001].
05-24 13:18:54.264 396 749 E omx_vdec: : erro: pParamData->nIndex > m_sPortFormatType.nIndex
05-24 13:18:54.264 396 749 W omx_vdec: <__AwOmxVdecGetExtensionIndex:1741>: GetExtensionIndex OMX.google.android.index.describeColorFormat, err [0x80001001].
05-24 13:18:54.264 487 629 D ConnectivityService: NetReassign [no changes]
05-24 13:18:54.265 396 749 W omx_vdec: <__AwOmxVdecGetExtensionIndex:1741>: GetExtensionIndex OMX.google.android.index.describeColorFormat2, err [0x80001001].
05-24 13:18:54.265 396 749 E omx_vdec: : erro: pParamData->nIndex > m_sPortFormatType.nIndex
05-24 13:18:54.265 396 749 W omx_vdec: <__AwOmxVdecGetExtensionIndex:1741>: GetExtensionIndex OMX.google.android.index.describeColorFormat, err [0x80001001].
05-24 13:18:54.265 396 749 W omx_vdec: <__AwOmxVdecGetExtensionIndex:1741>: GetExtensionIndex OMX.google.android.index.describeColorFormat2, err [0x80001001].
05-24 13:18:54.265 396 749 E omx_vdec: : erro: pParamData->nIndex > m_sPortFormatType.nIndex
05-24 13:18:54.265 396 749 W omx_vdec: <__AwOmxVdecGetExtensionIndex:1741>: GetExtensionIndex OMX.google.android.index.describeColorFormat, err [0x80001001].
05-24 13:18:54.266 396 749 W omx_vdec: <__AwOmxVdecGetExtensionIndex:1741>: GetExtensionIndex OMX.google.android.index.describeColorFormat2, err [0x80001001].
05-24 13:18:54.266 487 664 D PPPOE : got request NetworkRequest [ REQUEST id=17, [ Capabilities: INTERNET&NOT_RESTRICTED&TRUSTED&NOT_VCN_MANAGED Uid: 1000 RequestorUid: 1000 RequestorPkg: android] ]
05-24 13:18:54.266 396 749 E omx_vdec: : erro: pParamData->nIndex > m_sPortFormatType.nIndex
05-24 13:18:54.266 396 749 W omx_vdec: <__AwOmxVdecGetExtensionIndex:1741>: GetExtensionIndex OMX.google.android.index.describeColorFormat, err [0x80001001].
05-24 13:18:54.266 396 749 W omx_vdec: <__AwOmxVdecGetExtensionIndex:1741>: GetExtensionIndex OMX.google.android.index.describeColorFormat2, err [0x80001001].
05-24 13:18:54.266 396 749 E omx_vdec: : erro: pParamData->nIndex > m_sPortFormatType.nIndex
05-24 13:18:54.266 396 749 W omx_vdec: <__AwOmxVdecGetExtensionIndex:1741>: GetExtensionIndex OMX.google.android.index.describeColorFormat, err [0x80001001].
05-24 13:18:54.267 396 749 W omx_vdec: <__AwOmxVdecGetExtensionIndex:1741>: GetExtensionIndex OMX.google.android.index.describeColorFormat2, err [0x80001001].
05-24 13:18:54.267 396 749 E omx_vdec: : erro: pParamData->nIndex > m_sPortFormatType.nIndex
05-24 13:18:54.267 487 487 D SystemServerTiming: MakeNetworkTimeUpdateReady took to complete: 7ms
05-24 13:18:54.267 487 487 I SystemServerTiming: MakeInputManagerServiceReady
05-24 13:18:54.267 396 749 W omx_vdec: <__AwOmxVdecGetExtensionIndex:1741>: GetExtensionIndex OMX.google.android.index.describeColorFormat, err [0x80001001].
05-24 13:18:54.267 396 749 W omx_vdec: <__AwOmxVdecGetExtensionIndex:1741>: GetExtensionIndex OMX.google.android.index.describeColorFormat2, err [0x80001001].
05-24 13:18:54.267 396 749 E omx_vdec: : erro: pParamData->nIndex > m_sPortFormatType.nIndex
05-24 13:18:54.268 396 749 W omx_vdec: <__AwOmxVdecGetExtensionIndex:1741>: GetExtensionIndex OMX.google.android.index.describeColorFormat, err [0x80001001].
05-24 13:18:54.268 396 749 W omx_vdec: <__AwOmxVdecGetExtensionIndex:1741>: GetExtensionIndex OMX.google.android.index.describeColorFormat2, err [0x80001001].
05-24 13:18:54.268 396 749 E omx_vdec: : erro: pParamData->nIndex > m_sPortFormatType.nIndex
05-24 13:18:54.268 396 749 W omx_vdec: <__AwOmxVdecGetExtensionIndex:1741>: GetExtensionIndex OMX.google.android.index.describeColorFormat, err [0x80001001].
05-24 13:18:54.268 396 749 W omx_vdec: <__AwOmxVdecGetExtensionIndex:1741>: GetExtensionIndex OMX.google.android.index.describeColorFormat2, err [0x80001001].
05-24 13:18:54.269 257 742 I netd : trafficSwapActiveStatsMap() <21.50ms>
05-24 13:18:54.270 396 749 E omx_vdec: : erro: pParamData->nIndex > m_sPortFormatType.nIndex
05-24 13:18:54.271 396 749 W omx_vdec: <__AwOmxVdecGetExtensionIndex:1741>: GetExtensionIndex OMX.google.android.index.describeColorFormat, err [0x80001001].
05-24 13:18:54.271 396 749 W omx_vdec: <__AwOmxVdecGetExtensionIndex:1741>: GetExtensionIndex OMX.google.android.index.describeColorFormat2, err [0x80001001].
05-24 13:18:54.271 396 749 E omx_vdec: : erro: pParamData->nIndex > m_sPortFormatType.nIndex
05-24 13:18:54.271 396 749 W omx_vdec: <__AwOmxVdecGetExtensionIndex:1741>: GetExtensionIndex OMX.google.android.index.describeColorFormat, err [0x80001001].
05-24 13:18:54.272 396 749 W omx_vdec: <__AwOmxVdecGetExtensionIndex:1741>: GetExtensionIndex OMX.google.android.index.describeColorFormat2, err [0x80001001].
05-24 13:18:54.272 396 749 E omx_vdec: : erro: pParamData->nIndex > m_sPortFormatType.nIndex
05-24 13:18:54.272 396 749 W omx_vdec: <__AwOmxVdecGetExtensionIndex:1741>: GetExtensionIndex OMX.google.android.index.describeColorFormat, err [0x80001001].
05-24 13:18:54.272 396 749 W omx_vdec: <__AwOmxVdecGetExtensionIndex:1741>: GetExtensionIndex OMX.google.android.index.describeColorFormat2, err [0x80001001].
05-24 13:18:54.272 381 484 W ACodec : [OMX.allwinner.video.decoder.vp9] stopping checking formats after 32: COLOR_FormatYUV420Planar(13)
05-24 13:18:54.272 396 749 W omx_vdec: <__AwOmxVdecGetExtensionIndex:1741>: GetExtensionIndex OMX.google.android.index.configureVideoTunnelMode, err [0x80001001].
05-24 13:18:54.272 396 749 E OMXNodeInstance: getExtensionIndex(0xebbb2000:allwinner.decoder.vp9, OMX.google.android.index.configureVideoTunnelMode) ERROR: Undefined(0x80001001)
05-24 13:18:54.273 381 484 D MediaCodecInfo: detail feature-tunneled-playback wasn't present to remove
05-24 13:18:54.273 396 749 W omx_vdec: <__AwOmxVdecGetExtensionIndex:1741>: GetExtensionIndex OMX.google.android.index.storeANWBufferInMetadata, err [0x80001001].
05-24 13:18:54.273 396 749 W omx_vdec_aw: <__anSetExtPara:3004>: Setparameter: unknown param 2131755011
05-24 13:18:54.273 396 749 W OMXNodeInstance: [0xebbb2000:allwinner.decoder.vp9] component does not support metadata mode; using fallback
05-24 13:18:54.273 258 258 D Zygote : Forked child process 762
05-24 13:18:54.274 396 759 W libc : invalid pthread_t (0) passed to pthread_join
05-24 13:18:54.274 396 759 W libc : invalid pthread_t (0) passed to pthread_join
05-24 13:18:54.274 396 759 W libc : invalid pthread_t (0) passed to pthread_join
05-24 13:18:54.274 257 742 I netd : tetherGetStats() -> {[]} <3.85ms>
05-24 13:18:54.277 487 552 I ActivityManager: app.processName = com.android.networkstack.process
05-24 13:18:54.277 487 552 I ActivityManager: Start proc 762:com.android.networkstack.process/1073 for service {com.android.networkstack/com.android.server.NetworkStackService}
05-24 13:18:54.279 487 550 W BestClock: java.time.DateTimeException: Missing NTP fix
05-24 13:18:54.403 749 749 D : disable_cedar_hw_clk,546
05-24 13:18:54.282 396 749 I cedarc : : not malloc locks
05-24 13:18:54.284 762 762 I Zygote : seccomp disabled by setenforce 0
05-24 13:18:54.415 387 387 W hdr10p_Configure: 96 callbacks suppressed
05-24 13:18:54.415 387 387 I : DVI mode selected: packets not configured
05-24 13:18:54.428 387 387 W set_vsif_config: 96 callbacks suppressed
05-24 13:18:54.428 387 387 I : Error: set vsif failed
05-24 13:18:54.303 487 619 W BestClock: java.time.DateTimeException: Missing NTP fix
05-24 13:18:54.304 487 619 W BestClock: java.time.DateTimeException: Missing NTP fix
05-24 13:18:54.325 487 487 D SystemServerTiming: MakeInputManagerServiceReady took to complete: 57ms
05-24 13:18:54.325 487 487 I SystemServerTiming: MakeTelephonyRegistryReady
05-24 13:18:54.325 487 487 D SystemServerTiming: MakeTelephonyRegistryReady took to complete: 0ms
05-24 13:18:54.329 487 487 I SystemServerTiming: MakeMediaRouterServiceReady
05-24 13:18:54.331 487 487 D SystemServerTiming: MakeMediaRouterServiceReady took to complete: 2ms
05-24 13:18:54.331 487 487 I SystemServerTiming: MakeMmsServiceReady
05-24 13:18:54.331 487 487 I MmsServiceBroker: Delay connecting to MmsService until an API is called
05-24 13:18:54.331 487 487 D SystemServerTiming: MakeMmsServiceReady took to complete: 0ms
05-24 13:18:54.331 487 487 I SystemServerTiming: IncidentDaemonReady
05-24 13:18:54.332 487 487 D SystemServerTiming: IncidentDaemonReady took to complete: 1ms
05-24 13:18:54.332 487 487 I SystemServerTiming: MakeIncrementalServiceReady
05-24 13:18:54.332 487 487 D SystemServerTiming: MakeIncrementalServiceReady took to complete: 0ms
05-24 13:18:54.333 487 487 I SystemServerTiming: getCurrentUser
05-24 13:18:54.333 487 487 I ActivityManager: Current user:0
05-24 13:18:54.333 487 487 D SystemServerTiming: getCurrentUser took to complete: 0ms
05-24 13:18:54.333 487 487 I SystemServerTiming: ActivityManagerStartApps
05-24 13:18:54.333 487 487 I SystemServerTiming: ssm.StartUser-0
05-24 13:18:54.334 381 484 I OMXClient: IOmx service obtained
05-24 13:18:54.450 387 387 I : DVI mode selected: packets not configured
05-24 13:18:54.457 387 387 I : Error: set vsif failed
05-24 13:18:54.334 487 487 I SystemServiceManager: Calling onStartUser 0
05-24 13:18:54.334 396 749 I OMXStore: makeComponentInstance(OMX.allwinner.video.decoder.vp9.secure) in android.hardwar process
05-24 13:18:54.335 396 749 E omx_vdec: : This platform does not support secure video playback
05-24 13:18:54.335 396 749 E omx_sem : : handle is null
05-24 13:18:54.335 396 749 E omx_sem : : handle is null
05-24 13:18:54.335 396 749 E omx_sem : : handle is null
05-24 13:18:54.335 396 749 E omx_sem : : handle is null
05-24 13:18:54.335 396 749 E omx_sem : : handle is null
05-24 13:18:54.335 396 749 W omx_vdec_aw: : pdec is null
05-24 13:18:54.335 396 749 E android.hardware.media.omx@1.0-service: Failed to allocate omx component 'OMX.allwinner.video.decoder.vp9.secure' err=InvalidComponentName(0x80001002)
05-24 13:18:54.336 381 484 W OmxInfoBuilder: Fail to add media type video/x-vnd.on2.vp9 to codec OMX.allwinner.video.decoder.vp9.secure
05-24 13:18:54.337 412 422 I adbd : jdwp connection from 762
05-24 13:18:54.338 381 484 I OMXClient: IOmx service obtained
05-24 13:18:54.339 396 749 I OMXStore: makeComponentInstance(OMX.allwinner.video.encoder.avc) in android.hardwar process
05-24 13:18:54.351 396 749 W cedarc : : cannot open /dev/sunxi_soc_info, it maybe ok!
05-24 13:18:54.351 396 749 I cedarc : : *** ic_version = 0x3301000012011,
05-24 13:18:54.474 749 749 D : enable_cedar_hw_clk,516
05-24 13:18:54.354 396 396 E OMXNodeInstance: getParameter(0xeba8e000:allwinner.encoder.avc, ParamVideoProfileLevelQuerySupported(0x600000f)) ERROR: BadParameter(0x80001005)
05-24 13:18:54.358 487 550 W BestClock: java.time.DateTimeException: Missing NTP fix
05-24 13:18:54.361 487 610 I InputReader: Reconfiguring input devices, changes=KEYBOARD_LAYOUTS | DEVICE_ALIAS |
05-24 13:18:54.376 487 487 V StorageManagerService: Package com.dangbei.lerad.leradwatcher has legacy storage
05-24 13:18:54.376 487 487 V StorageManagerService: Package com.android.cts.priv.ctsshim does not have legacy storage
05-24 13:18:54.376 487 487 V StorageManagerService: Package com.android.dynsystem does not have legacy storage
05-24 13:18:54.376 487 487 V StorageManagerService: Package com.dangbei.lerad.rocky does not have legacy storage
05-24 13:18:54.376 487 487 V StorageManagerService: Package com.android.providers.calendar does not have legacy storage
05-24 13:18:54.356 690 690 I ndroid.systemui: type=1400 audit(0.0:351): avc: denied { search } for name="com.android.systemui" dev="dm-9" ino=503 scontext=u:r:platform_app:s0:c512,c768 tcontext=u:object_r:app_data_file:s0:c512,c768 tclass=dir permissive=1 app=com.softwinner.screenshot
05-24 13:18:54.400 487 487 V StorageManagerService: Package com.android.tv.settings does not have legacy storage
05-24 13:18:54.490 387 387 I : DVI mode selected: packets not configured
05-24 13:18:54.523 387 387 I : Error: set vsif failed
05-24 13:18:54.401 381 484 W OMXUtils: do not know color format 0x7f000789 = 2130708361
05-24 13:18:54.401 381 484 W OMXUtils: do not know color format 0x7f000001 = 2130706433
05-24 13:18:54.401 396 396 E omx_venc: <__AwOmxVencGetParameter:882>: get_parameter erro: pParamData->nIndex > m_sInPortFormatType.nIndex, param index 3. impl in->index 2.
05-24 13:18:54.401 690 690 V GraphicsEnvironment: ANGLE Developer option for 'com.android.systemui' set to: 'default'
05-24 13:18:54.402 690 690 V GraphicsEnvironment: Neither updatable production driver nor prerelease driver is supported.
05-24 13:18:54.402 396 396 E OMXNodeInstance: getConfig(0xeba8e000:allwinner.encoder.avc, ConfigAndroidIntraRefresh(0x6f60000a)) ERROR: UnsupportedIndex(0x8000101a)
05-24 13:18:54.402 396 396 E omx_venc: : get_parameter: unknown param 0xebd78da0
05-24 13:18:54.402 396 396 E omx_venc: 
05-24 13:18:54.402 396 396 E OMXNodeInstance: getParameter(0xeba8e000:allwinner.encoder.avc, ParamVideoIntraRefresh(0x6000006)) ERROR: UnsupportedIndex(0x8000101a)
05-24 13:18:54.402 381 484 D MediaCodecInfo: detail feature-frame-parsing wasn't present to remove
05-24 13:18:54.402 258 258 W Zygote : forkRepeatedly terminated due to non-simple command
05-24 13:18:54.402 258 258 D Zygote : mbuffer starts with 14, nice name is webview_zygote, mEnd = 401, mNext = 159, mLinesLeft = 6, mFd = 4
05-24 13:18:54.403 487 487 V StorageManagerService: Package com.xiaodianshi.tv.yst has legacy storage
05-24 13:18:54.403 487 487 V StorageManagerService: Package com.android.providers.media does not have legacy storage
05-24 13:18:54.404 487 487 V StorageManagerService: Package com.oranth.factory does not have legacy storage
05-24 13:18:54.404 487 487 V StorageManagerService: Package com.android.internal.systemui.navbar.gestural_wide_back does not have legacy storage
05-24 13:18:54.404 487 487 V StorageManagerService: Package com.dangbei.zhushou.os does not have legacy storage
05-24 13:18:54.404 487 487 V StorageManagerService: Package com.android.wallpapercropper does not have legacy storage
05-24 13:18:54.404 487 487 V StorageManagerService: Package com.softwinner.provision does not have legacy storage
05-24 13:18:54.404 487 487 V StorageManagerService: Package com.softwinner.awlogsettings does not have legacy storage
05-24 13:18:54.404 487 487 V StorageManagerService: Package com.android.documentsui does not have legacy storage
05-24 13:18:54.404 487 487 V StorageManagerService: Package com.sohu.inputmethod.sogou.tv has legacy storage
05-24 13:18:54.404 487 487 V StorageManagerService: Package com.android.externalstorage does not have legacy storage
05-24 13:18:54.404 487 487 V StorageManagerService: Package com.android.htmlviewer does not have legacy storage
05-24 13:18:54.404 487 487 V StorageManagerService: Package com.android.companiondevicemanager does not have legacy storage
05-24 13:18:54.404 487 487 V StorageManagerService: Package com.android.mms.service does not have legacy storage
05-24 13:18:54.408 396 396 I cedarc : : not malloc locks
05-24 13:18:54.407 487 487 V StorageManagerService: Package com.android.providers.downloads does not have legacy storage
05-24 13:18:54.408 487 712 D CompatibilityChangeReporter: Compat change id reported: 168419799; UID 1073; state: DISABLED
05-24 13:18:54.408 679 679 V AdapterServiceConfig: Adding HeadsetService
05-24 13:18:54.408 679 679 V AdapterServiceConfig: Adding A2dpService
05-24 13:18:54.409 679 679 V AdapterServiceConfig: Adding HidHostService
05-24 13:18:54.531 396 396 D : disable_cedar_hw_clk,546
05-24 13:18:54.409 487 487 V StorageManagerService: Package com.android.providers.tv does not have legacy storage
05-24 13:18:54.410 679 679 V AdapterServiceConfig: Adding PanService
05-24 13:18:54.410 487 487 V StorageManagerService: Package com.android.internal.systemui.onehanded.gestural does not have legacy storage
05-24 13:18:54.410 679 679 V AdapterServiceConfig: Adding GattService
05-24 13:18:54.411 690 690 D NetworkSecurityConfig: No Network Security Config specified, using platform default
05-24 13:18:54.411 487 487 V StorageManagerService: Package com.oranth.ledstatus does not have legacy storage
05-24 13:18:54.412 487 487 V StorageManagerService: Package com.ktcp.video has legacy storage
05-24 13:18:54.412 690 690 D NetworkSecurityConfig: No Network Security Config specified, using platform default
05-24 13:18:54.412 487 487 V StorageManagerService: Package com.dangbei.lerad.videoposter has legacy storage
05-24 13:18:54.412 487 487 V StorageManagerService: Package com.android.providers.downloads.ui does not have legacy storage
05-24 13:18:54.412 487 487 V StorageManagerService: Package com.android.pacprocessor does not have legacy storage
05-24 13:18:54.412 487 487 V StorageManagerService: Package com.android.simappdialog does not have legacy storage
05-24 13:18:54.412 487 487 V StorageManagerService: Package com.android.networkstack does not have legacy storage
05-24 13:18:54.412 487 487 V StorageManagerService: Package com.android.connectivity.resources does not have legacy storage
05-24 13:18:54.412 487 487 V StorageManagerService: Package com.android.modulemetadata does not have legacy storage
05-24 13:18:54.412 487 487 V StorageManagerService: Package com.android.certinstaller does not have legacy storage
05-24 13:18:54.413 257 742 I netd : trafficSwapActiveStatsMap() <53.75ms>
05-24 13:18:54.416 381 484 I Codec2Client: Available Codec2 services: "software"
05-24 13:18:54.416 679 679 V AdapterServiceConfig: Adding BluetoothMapService
05-24 13:18:54.417 679 679 V AdapterServiceConfig: Adding AvrcpTargetService
05-24 13:18:54.417 679 679 V AdapterServiceConfig: Adding HidDeviceService
05-24 13:18:54.417 679 679 V AdapterServiceConfig: Adding BluetoothOppService
05-24 13:18:54.417 679 679 V AdapterServiceConfig: Adding BluetoothPbapService
05-24 13:18:54.418 487 487 V StorageManagerService: Package com.android.carrierconfig does not have legacy storage
05-24 13:18:54.419 487 487 V StorageManagerService: Package com.google.android.apps.searchlite.overlay does not have legacy storage
05-24 13:18:54.419 487 487 V StorageManagerService: Package com.android.internal.systemui.navbar.threebutton does not have legacy storage
05-24 13:18:54.419 487 487 V StorageManagerService: Package android does not have legacy storage
05-24 13:18:54.419 487 487 V StorageManagerService: Package com.google.android.networkstackconfig does not have legacy storage
05-24 13:18:54.419 487 487 V StorageManagerService: Package com.softwinner.settingssetup does not have legacy storage
05-24 13:18:54.419 487 487 V StorageManagerService: Package com.android.egg does not have legacy storage
05-24 13:18:54.419 487 487 V StorageManagerService: Package com.android.mtp does not have legacy storage
05-24 13:18:54.419 487 487 V StorageManagerService: Package com.android.backupconfirm does not have legacy storage
05-24 13:18:54.419 487 487 V StorageManagerService: Package com.sony.dangbeimarket does not have legacy storage
05-24 13:18:54.419 487 487 V StorageManagerService: Package com.softwinner.timerswitch does not have legacy storage
05-24 13:18:54.420 487 487 V StorageManagerService: Package com.android.statementservice does not have legacy storage
05-24 13:18:54.421 404 404 V C2Store : in init
05-24 13:18:54.421 404 404 V C2Store : loading dll
05-24 13:18:54.424 487 487 V StorageManagerService: Package com.dangbei.screencast has legacy storage
05-24 13:18:54.424 487 712 D CompatibilityChangeReporter: Compat change id reported: 168419799; UID 1073; state: DISABLED
05-24 13:18:54.424 487 487 V StorageManagerService: Package com.android.settings.intelligence does not have legacy storage
05-24 13:18:54.424 487 487 V StorageManagerService: Package com.android.internal.systemui.navbar.gestural_extra_wide_back does not have legacy storage
05-24 13:18:54.424 487 487 V StorageManagerService: Package com.dangbei.leard.leradlauncher does not have legacy storage
05-24 13:18:54.424 487 487 V StorageManagerService: Package com.android.providers.settings does not have legacy storage
05-24 13:18:54.424 487 487 V StorageManagerService: Package com.android.sharedstoragebackup does not have legacy storage
05-24 13:18:54.427 257 742 I netd : tetherGetStats() -> {[]} <10.90ms>
05-24 13:18:54.428 762 762 D CompatibilityChangeReporter: Compat change id reported: 171979766; UID 1073; state: ENABLED
05-24 13:18:54.546 387 387 I : DVI mode selected: packets not configured
05-24 13:18:54.552 387 387 I : Error: set vsif failed
05-24 13:18:54.430 487 487 V StorageManagerService: Package com.android.printspooler does not have legacy storage
05-24 13:18:54.430 487 487 V StorageManagerService: Package com.hpplay.happyplay.aw does not have legacy storage
05-24 13:18:54.431 487 487 V StorageManagerService: Package com.starcor.mango has legacy storage
05-24 13:18:54.431 487 487 V StorageManagerService: Package com.android.dreams.basic does not have legacy storage
05-24 13:18:54.431 487 550 W BestClock: java.time.DateTimeException: Missing NTP fix
05-24 13:18:54.431 487 487 V StorageManagerService: Package com.android.webview does not have legacy storage
05-24 13:18:54.436 487 487 V StorageManagerService: Package com.android.se does not have legacy storage
05-24 13:18:54.436 487 487 V StorageManagerService: Package com.android.tv does not have legacy storage
05-24 13:18:54.438 487 487 V StorageManagerService: Package com.android.inputdevices does not have legacy storage
05-24 13:18:54.438 487 487 V StorageManagerService: Package com.android.bips does not have legacy storage
05-24 13:18:54.438 487 487 V StorageManagerService: Package com.oranth.inputmacsn does not have legacy storage
05-24 13:18:54.438 487 487 V StorageManagerService: Package com.android.musicfx does not have legacy storage
05-24 13:18:54.438 487 487 V StorageManagerService: Package com.dangbei.hqguide does not have legacy storage
05-24 13:18:54.438 487 487 V StorageManagerService: Package com.dangbei.hqmedia does not have legacy storage
05-24 13:18:54.438 487 487 V StorageManagerService: Package android.ext.shared does not have legacy storage
05-24 13:18:54.438 487 487 V StorageManagerService: Package com.android.onetimeinitializer does not have legacy storage
05-24 13:18:54.438 487 487 V StorageManagerService: Package com.android.keychain does not have legacy storage
05-24 13:18:54.439 487 487 V StorageManagerService: Package com.android.printservice.recommendation does not have legacy storage
05-24 13:18:54.439 487 487 V StorageManagerService: Package com.google.android.networkstack.tetheringconfig does not have legacy storage
05-24 13:18:54.439 487 487 V StorageManagerService: Package android.ext.services does not have legacy storage
05-24 13:18:54.439 487 487 V StorageManagerService: Package com.android.wifi.resources does not have legacy storage
05-24 13:18:54.439 487 487 V StorageManagerService: Package com.android.localtransport does not have legacy storage
05-24 13:18:54.439 487 487 V StorageManagerService: Package com.android.packageinstaller does not have legacy storage
05-24 13:18:54.439 487 487 V StorageManagerService: Package com.android.theme.font.notoserifsource does not have legacy storage
05-24 13:18:54.440 487 487 V StorageManagerService: Package com.android.proxyhandler does not have legacy storage
05-24 13:18:54.441 487 487 V StorageManagerService: Package com.softwinner.screenshot does not have legacy storage
05-24 13:18:54.441 487 487 V StorageManagerService: Package com.android.managedprovisioning does not have legacy storage
05-24 13:18:54.441 487 487 V StorageManagerService: Package com.oranth.usbopenft does not have legacy storage
05-24 13:18:54.441 487 487 V StorageManagerService: Package com.android.networkstack.tethering does not have legacy storage
05-24 13:18:54.441 487 487 V StorageManagerService: Package com.android.soundpicker does not have legacy storage
05-24 13:18:54.442 487 487 V StorageManagerService: Package com.dangbei.lerad.etna.haqu does not have legacy storage
05-24 13:18:54.442 487 487 V StorageManagerService: Package com.allwinnertech.packageoverride does not have legacy storage
05-24 13:18:54.442 487 487 V StorageManagerService: Package com.android.smspush does not have legacy storage
05-24 13:18:54.442 487 487 V StorageManagerService: Package com.android.wallpaper.livepicker does not have legacy storage
05-24 13:18:54.442 487 487 V StorageManagerService: Package com.mitv.tvhome.othertv.dbscos has legacy storage
05-24 13:18:54.443 487 487 V StorageManagerService: Package com.tv.filemanager.os has legacy storage
05-24 13:18:54.443 487 487 V StorageManagerService: Package com.oranth.powerwindow does not have legacy storage
05-24 13:18:54.443 487 487 V StorageManagerService: Package com.android.storagemanager does not have legacy storage
05-24 13:18:54.443 487 487 V StorageManagerService: Package com.android.bookmarkprovider does not have legacy storage
05-24 13:18:54.443 487 487 V StorageManagerService: Package com.android.networkstack.permissionconfig does not have legacy storage
05-24 13:18:54.443 487 550 W BestClock: java.time.DateTimeException: Missing NTP fix
05-24 13:18:54.443 487 487 V StorageManagerService: Package com.android.cts.ctsshim does not have legacy storage
05-24 13:18:54.443 487 487 V StorageManagerService: Package com.dangbei.lerad.screensaver does not have legacy storage
05-24 13:18:54.444 487 487 V StorageManagerService: Package com.android.remoteprovisioner does not have legacy storage
05-24 13:18:54.444 487 487 V StorageManagerService: Package com.softwinner.theme.icon does not have legacy storage
05-24 13:18:54.444 487 487 V StorageManagerService: Package com.android.wallpaper does not have legacy storage
05-24 13:18:54.444 487 487 V StorageManagerService: Package com.android.vpndialogs does not have legacy storage
05-24 13:18:54.444 487 487 V StorageManagerService: Package com.android.music does not have legacy storage
05-24 13:18:54.444 487 487 V StorageManagerService: Package com.android.shell does not have legacy storage
05-24 13:18:54.444 487 487 V StorageManagerService: Package com.android.wallpaperbackup does not have legacy storage
05-24 13:18:54.445 487 487 V StorageManagerService: Package com.android.providers.blockednumber does not have legacy storage
05-24 13:18:54.445 487 487 V StorageManagerService: Package com.android.providers.userdictionary does not have legacy storage
05-24 13:18:54.445 690 690 V SystemUIService: SystemUIApplication constructed.
05-24 13:18:54.445 487 487 V StorageManagerService: Package com.android.providers.media.module does not have legacy storage
05-24 13:18:54.445 487 487 V StorageManagerService: Package com.softwinner.theme.color does not have legacy storage
05-24 13:18:54.445 487 487 V StorageManagerService: Package com.oranth.storage does not have legacy storage
05-24 13:18:54.446 487 487 V StorageManagerService: Package com.android.hotspot2.osulogin does not have legacy storage
05-24 13:18:54.446 487 487 V StorageManagerService: Package com.android.internal.systemui.navbar.gestural does not have legacy storage
05-24 13:18:54.446 487 487 V StorageManagerService: Package com.android.location.fused does not have legacy storage
05-24 13:18:54.448 487 487 V StorageManagerService: Package com.android.systemui does not have legacy storage
05-24 13:18:54.448 487 487 V StorageManagerService: Package com.dangbei.haqusetting does not have legacy storage
05-24 13:18:54.448 487 487 V StorageManagerService: Package com.android.bluetoothmidiservice does not have legacy storage
05-24 13:18:54.448 487 487 V StorageManagerService: Package com.tv.kuaisou has legacy storage
05-24 13:18:54.448 487 487 V StorageManagerService: Package com.softwinner.awmanager does not have legacy storage
05-24 13:18:54.449 487 487 V StorageManagerService: Package com.android.permissioncontroller does not have legacy storage
05-24 13:18:54.449 487 487 V StorageManagerService: Package com.softwinner.miracastReceiver does not have legacy storage
05-24 13:18:54.449 487 487 V StorageManagerService: Package com.android.traceur does not have legacy storage
05-24 13:18:54.449 487 487 V StorageManagerService: Package com.android.bluetooth does not have legacy storage
05-24 13:18:54.449 487 487 V StorageManagerService: Package com.android.providers.contacts does not have legacy storage
05-24 13:18:54.449 487 487 V StorageManagerService: Package com.android.captiveportallogin does not have legacy storage
05-24 13:18:54.449 487 487 V StorageManagerService: Package com.android.internal.systemui.navbar.gestural_narrow_back does not have legacy storage
05-24 13:18:54.449 487 487 V StorageManagerService: Package android.auto_generated_rro_vendor__ does not have legacy storage
05-24 13:18:54.450 487 487 W SystemServiceManager: Service com.android.server.StorageManagerService$Lifecycle took 79 ms in onStartUser-0
05-24 13:18:54.460 487 619 W BestClock: java.time.DateTimeException: Missing NTP fix
05-24 13:18:54.461 487 619 W BestClock: java.time.DateTimeException: Missing NTP fix
05-24 13:18:54.466 258 258 D Zygote : Forked child process 790
05-24 13:18:54.467 487 487 W VoiceInteractionManager: no available voice recognition services found for user 0
05-24 13:18:54.467 717 717 I WebViewLoader-: System.exit called, status: 0
05-24 13:18:54.468 717 717 I AndroidRuntime: VM exiting with result code 0, cleanup skipped.
05-24 13:18:54.563 257 257 I libphy : 5030000.eth: probed
05-24 13:18:54.587 387 387 I : DVI mode selected: packets not configured
05-24 13:18:54.594 387 387 I : Error: set vsif failed
05-24 13:18:54.432 331 331 I xm_hidread: type=1400 audit(0.0:352): avc: denied { read } for scontext=u:r:init:s0 tcontext=u:r:init:s0 tclass=netlink_kobject_uevent_socket permissive=1
05-24 13:18:54.470 487 716 W ZygoteProcess: Got error connecting to zygote, retrying. msg= Connection refused
05-24 13:18:54.473 257 742 I netd : trafficSwapActiveStatsMap() <29.29ms>
05-24 13:18:54.474 404 404 V C2Store : in ~ComponentModule
05-24 13:18:54.474 404 404 V C2Store : unloading dll
05-24 13:18:54.474 404 404 V C2Store : in init
05-24 13:18:54.474 404 404 V C2Store : loading dll
05-24 13:18:54.485 257 742 I netd : tetherGetStats() -> {[]} <4.29ms>
05-24 13:18:54.487 487 550 W BestClock: java.time.DateTimeException: Missing NTP fix
05-24 13:18:54.612 387 387 I : DVI mode selected: packets not configured
05-24 13:18:54.613 257 257 E : get_key_map_info()187 - Failed to find "oe" in dts.
05-24 13:18:54.491 404 404 V C2Store : in ~ComponentModule
05-24 13:18:54.618 387 387 I : Error: set vsif failed
05-24 13:18:54.491 404 404 V C2Store : unloading dll
05-24 13:18:54.491 404 404 V C2Store : in init
05-24 13:18:54.483 790 790 I Zygote : seccomp disabled by setenforce 0
05-24 13:18:54.491 404 404 V C2Store : loading dll
05-24 13:18:54.499 487 487 W AppBindingService: [Default SMS app] u0 Target package not found
05-24 13:18:54.502 790 790 I WebViewZygoteInit: Starting WebViewZygoteInit
05-24 13:18:54.502 487 619 W BestClock: java.time.DateTimeException: Missing NTP fix
05-24 13:18:54.503 487 550 W BestClock: java.time.DateTimeException: Missing NTP fix
05-24 13:18:54.503 487 619 W BestClock: java.time.DateTimeException: Missing NTP fix
05-24 13:18:54.504 790 790 I Zygote : seccomp disabled by setenforce 0
05-24 13:18:54.511 487 712 W StorageManagerService: No primary storage defined yet; hacking together a stub
05-24 13:18:54.518 487 487 V GameManagerService: Settings file doesn't exists, skip reading
05-24 13:18:54.518 487 487 D SystemServerTiming: ssm.StartUser-0 took to complete: 184ms
05-24 13:18:54.518 487 487 I SystemServerTiming: startPersistentApps
05-24 13:18:54.520 487 487 D CompatibilityChangeReporter: Compat change id reported: 135634846; UID 1068; state: DISABLED
05-24 13:18:54.520 487 487 D SystemServerTiming: startPersistentApps took to complete: 2ms
05-24 13:18:54.520 487 487 I SystemServerTiming: startHomeOnAllDisplays
05-24 13:18:54.523 487 487 I ActivityStarter: ---START u0 {act=android.intent.action.MAIN cat=[android.intent.category.HOME] flg=0x10000100 cmp=com.android.tv.settings/.system.FallbackHome (has extras)} from uid 0
05-24 13:18:54.634 257 257 I : sunxi-gmac 5030000.eth eth0: eth0: Type(7) PHY ID 00441400 at 0 IRQ poll (5030000.eth-0:00)
