05-24 13:19:00.737 1252 1252 D wpa_supplicant: nl80211: Supported vendor event: vendor_id=0x0 subcmd=0
05-24 13:19:00.737 1252 1252 D wpa_supplicant: nl80211: Supported vendor event: vendor_id=0x0 subcmd=0
05-24 13:19:00.737 1252 1252 D wpa_supplicant: nl80211: Supported vendor event: vendor_id=0x0 subcmd=0
05-24 13:19:00.737 1252 1252 D wpa_supplicant: nl80211: Supported vendor event: vendor_id=0x0 subcmd=0
05-24 13:19:00.737 1252 1252 D wpa_supplicant: nl80211: Supported vendor event: vendor_id=0x0 subcmd=0
05-24 13:19:00.737 1252 1252 D wpa_supplicant: nl80211: Supported vendor event: vendor_id=0x0 subcmd=0
05-24 13:19:00.737 1252 1252 D wpa_supplicant: nl80211: Supported vendor event: vendor_id=0x0 subcmd=0
05-24 13:19:00.737 1252 1252 D wpa_supplicant: nl80211: Supported vendor event: vendor_id=0x0 subcmd=0
05-24 13:19:00.737 1252 1252 D wpa_supplicant: nl80211: Supported vendor event: vendor_id=0x0 subcmd=0
05-24 13:19:00.737 1252 1252 D wpa_supplicant: nl80211: Supported vendor event: vendor_id=0x0 subcmd=0
05-24 13:19:00.737 1252 1252 D wpa_supplicant: nl80211: Supported vendor event: vendor_id=0x0 subcmd=0
05-24 13:19:00.737 1252 1252 D wpa_supplicant: nl80211: Supported vendor event: vendor_id=0x0 subcmd=0
05-24 13:19:00.737 1252 1252 D wpa_supplicant: nl80211: Supported vendor event: vendor_id=0x0 subcmd=0
05-24 13:19:00.737 1252 1252 D wpa_supplicant: nl80211: Supported vendor event: vendor_id=0x0 subcmd=0
05-24 13:19:00.737 1252 1252 D wpa_supplicant: nl80211: Supported vendor event: vendor_id=0x0 subcmd=0
05-24 13:19:00.737 1252 1252 D wpa_supplicant: nl80211: Supported vendor event: vendor_id=0x1374 subcmd=131
05-24 13:19:00.737 1252 1252 D wpa_supplicant: nl80211: Supported vendor event: vendor_id=0x1374 subcmd=132
05-24 13:19:00.737 1252 1252 D wpa_supplicant: nl80211: Supported vendor event: vendor_id=0x0 subcmd=0
05-24 13:19:00.737 1252 1252 D wpa_supplicant: nl80211: Supported vendor event: vendor_id=0x0 subcmd=0
05-24 13:19:00.737 1252 1252 D wpa_supplicant: nl80211: Supported vendor event: vendor_id=0x0 subcmd=0
05-24 13:19:00.737 1252 1252 D wpa_supplicant: nl80211: Supported vendor event: vendor_id=0x0 subcmd=0
05-24 13:19:00.737 1252 1252 D wpa_supplicant: nl80211: Supported vendor event: vendor_id=0x0 subcmd=0
05-24 13:19:00.737 1252 1252 D wpa_supplicant: nl80211: Supported vendor event: vendor_id=0x0 subcmd=0
05-24 13:19:00.737 1252 1252 D wpa_supplicant: nl80211: Supported vendor event: vendor_id=0x1374 subcmd=72
05-24 13:19:00.737 1252 1252 D wpa_supplicant: nl80211: Use separate P2P group interface (driver advertised support)
05-24 13:19:00.738 1252 1252 D wpa_supplicant: nl80211: Enable multi-channel concurrent (driver advertised support)
05-24 13:19:00.738 1252 1252 D wpa_supplicant: nl80211: use P2P_DEVICE support
05-24 13:19:00.738 1252 1252 D wpa_supplicant: nl80211: key_mgmt=0xd0f enc=0x10f auth=0x7 flags=0x100100007a007ac0 rrm_flags=0x0 probe_resp_offloads=0x0 max_stations=10 max_remain_on_chan=5000 max_scan_ssids=12
05-24 13:19:00.738 1252 1252 D wpa_supplicant: nl80211: interface p2p-dev-wlan0 in phy phy0
05-24 13:19:00.738 1252 1252 D wpa_supplicant: nl80211: Set mode ifindex 0 iftype 10 (P2P_DEVICE)
05-24 13:19:00.738 1252 1252 D wpa_supplicant: nl80211: Failed to set interface 0 to mode 10: -22 (Invalid argument)
05-24 13:19:00.738 1252 1252 D wpa_supplicant: nl80211: Subscribe to mgmt frames with non-AP handle 0xefc23848
05-24 13:19:00.738 1252 1252 D wpa_supplicant: nl80211: Register frame type=0xb0 (WLAN_FC_STYPE_AUTH) nl_handle=0xefc23848 match=0300 multicast=0
05-24 13:19:00.738 1252 1252 D wpa_supplicant: nl80211: Register frame command failed (type=176): ret=-22 (Invalid argument)
05-24 13:19:00.738 1252 1252 D wpa_supplicant: nl80211: Register frame match - hexdump(len=2): 03 00
05-24 13:19:00.739 1252 1252 D wpa_supplicant: nl80211: Register frame type=0xd0 (WLAN_FC_STYPE_ACTION) nl_handle=0xefc23848 match=0104 multicast=0
05-24 13:19:00.739 1252 1252 D wpa_supplicant: nl80211: Register frame type=0xd0 (WLAN_FC_STYPE_ACTION) nl_handle=0xefc23848 match=040a multicast=0
05-24 13:19:00.739 1252 1252 D wpa_supplicant: nl80211: Register frame type=0xd0 (WLAN_FC_STYPE_ACTION) nl_handle=0xefc23848 match=040b multicast=0
05-24 13:19:00.739 1252 1252 D wpa_supplicant: nl80211: Register frame type=0xd0 (WLAN_FC_STYPE_ACTION) nl_handle=0xefc23848 match=040c multicast=0
05-24 13:19:00.739 1252 1252 D wpa_supplicant: nl80211: Register frame type=0xd0 (WLAN_FC_STYPE_ACTION) nl_handle=0xefc23848 match=040d multicast=0
05-24 13:19:00.739 1252 1252 D wpa_supplicant: nl80211: Register frame type=0xd0 (WLAN_FC_STYPE_ACTION) nl_handle=0xefc23848 match=090a multicast=0
05-24 13:19:00.739 1252 1252 D wpa_supplicant: nl80211: Register frame type=0xd0 (WLAN_FC_STYPE_ACTION) nl_handle=0xefc23848 match=090b multicast=0
05-24 13:19:00.739 1252 1252 D wpa_supplicant: nl80211: Register frame type=0xd0 (WLAN_FC_STYPE_ACTION) nl_handle=0xefc23848 match=090c multicast=0
05-24 13:19:00.739 1252 1252 D wpa_supplicant: nl80211: Register frame type=0xd0 (WLAN_FC_STYPE_ACTION) nl_handle=0xefc23848 match=090d multicast=0
05-24 13:19:00.739 1252 1252 D wpa_supplicant: nl80211: Register frame type=0xd0 (WLAN_FC_STYPE_ACTION) nl_handle=0xefc23848 match=0409506f9a09 multicast=0
05-24 13:19:00.740 1252 1252 D wpa_supplicant: nl80211: Register frame type=0xd0 (WLAN_FC_STYPE_ACTION) nl_handle=0xefc23848 match=7f506f9a09 multicast=0
05-24 13:19:00.740 1252 1252 D wpa_supplicant: nl80211: Register frame type=0xd0 (WLAN_FC_STYPE_ACTION) nl_handle=0xefc23848 match=0409506f9a1a multicast=0
05-24 13:19:00.740 1252 1252 D wpa_supplicant: nl80211: Register frame type=0xd0 (WLAN_FC_STYPE_ACTION) nl_handle=0xefc23848 match=0801 multicast=0
05-24 13:19:00.740 1252 1252 D wpa_supplicant: nl80211: Register frame type=0xd0 (WLAN_FC_STYPE_ACTION) nl_handle=0xefc23848 match=06 multicast=0
05-24 13:19:00.740 1252 1252 D wpa_supplicant: nl80211: Register frame type=0xd0 (WLAN_FC_STYPE_ACTION) nl_handle=0xefc23848 match=0a07 multicast=0
05-24 13:19:00.740 1252 1252 D wpa_supplicant: nl80211: Register frame type=0xd0 (WLAN_FC_STYPE_ACTION) nl_handle=0xefc23848 match=0a11 multicast=0
05-24 13:19:00.740 1252 1252 D wpa_supplicant: nl80211: Register frame type=0xd0 (WLAN_FC_STYPE_ACTION) nl_handle=0xefc23848 match=0a0b multicast=0
05-24 13:19:00.740 1252 1252 D wpa_supplicant: nl80211: Register frame type=0xd0 (WLAN_FC_STYPE_ACTION) nl_handle=0xefc23848 match=0a1a multicast=0
05-24 13:19:00.740 1252 1252 D wpa_supplicant: nl80211: Register frame type=0xd0 (WLAN_FC_STYPE_ACTION) nl_handle=0xefc23848 match=1101 multicast=0
05-24 13:19:00.740 1252 1252 D wpa_supplicant: nl80211: Register frame type=0xd0 (WLAN_FC_STYPE_ACTION) nl_handle=0xefc23848 match=1102 multicast=0
05-24 13:19:00.746 1039 1039 V MediaStore: Examining volume emulated;0 with name external_primary and state mounted
05-24 13:19:00.748 1252 1252 D wpa_supplicant: nl80211: Register frame type=0xd0 (WLAN_FC_STYPE_ACTION) nl_handle=0xefc23848 match=0505 multicast=0
05-24 13:19:00.748 1252 1252 D wpa_supplicant: nl80211: Register frame type=0xd0 (WLAN_FC_STYPE_ACTION) nl_handle=0xefc23848 match=0500 multicast=0
05-24 13:19:00.748 1252 1252 D wpa_supplicant: nl80211: Register frame type=0xd0 (WLAN_FC_STYPE_ACTION) nl_handle=0xefc23848 match=1305 multicast=0
05-24 13:19:00.748 1252 1252 I wpa_supplicant: rfkill: Cannot get wiphy information
05-24 13:19:00.748 1252 1252 D wpa_supplicant: nl80211: RFKILL status not available
05-24 13:19:00.752 1252 1252 D wpa_supplicant: nl80211: Start P2P Device p2p-dev-wlan0 (0x3): Success
05-24 13:19:00.754 1252 1252 D wpa_supplicant: Add interface p2p-dev-wlan0 to existing radio phy0
05-24 13:19:00.755 1252 1252 D wpa_supplicant: nl80211: No channel number found for frequency 5920 MHz
05-24 13:19:00.755 1252 1252 D wpa_supplicant: nl80211: No channel number found for frequency 5940 MHz
05-24 13:19:00.756 1252 1252 D wpa_supplicant: nl80211: Regulatory information - country=CN (DFS-FCC)
05-24 13:19:00.756 1252 1252 D wpa_supplicant: nl80211: 2400-2483 @ 40 MHz 20 mBm
05-24 13:19:00.756 1252 1252 D wpa_supplicant: nl80211: 5150-5350 @ 80 MHz 20 mBm (DFS)
05-24 13:19:00.756 1252 1252 D wpa_supplicant: nl80211: 5725-5850 @ 80 MHz 33 mBm
05-24 13:19:00.756 1252 1252 D wpa_supplicant: nl80211: 57240-59400 @ 2160 MHz 28 mBm
05-24 13:19:00.756 1252 1252 D wpa_supplicant: nl80211: 59400-63720 @ 2160 MHz 44 mBm
05-24 13:19:00.756 1252 1252 D wpa_supplicant: nl80211: 63720-65880 @ 2160 MHz 28 mBm
05-24 13:19:00.756 1252 1252 D wpa_supplicant: nl80211: Added 802.11b mode based on 802.11g information
05-24 13:19:00.756 1252 1252 D wpa_supplicant: nl80211: Mode IEEE 802.11g: 2412 2417 2422 2427 2432 2437 2442 2447 2452 2457 2462 2467 2472 2484[DISABLED]
05-24 13:19:00.756 1252 1252 D wpa_supplicant: nl80211: Mode IEEE 802.11a: 5170[DISABLED] 5180 5200 5220 5240 5260[RADAR] 5280[RADAR] 5300[RADAR] 5320[RADAR] 5500[DISABLED][RADAR] 5520[DISABLED][RADAR] 5540[DISABLED][RADAR] 5560[DISABLED][RADAR] 5580[DISABLED][RADAR]
05-24 13:19:00.756 1252 1252 D wpa_supplicant: nl80211: Mode IEEE 802.11b: 2412 2417 2422 2427 2432 2437 2442 2447 2452 2457 2462 2467 2472 2484[DISABLED]
05-24 13:19:00.756 1252 1252 D wpa_supplicant: p2p-dev-wlan0: Own MAC address: b6:2f:03:15:e9:b5
05-24 13:19:00.756 1252 1252 D wpa_supplicant: p2p-dev-wlan0: RSN: flushing PMKID list in the driver
05-24 13:19:00.756 1252 1252 D wpa_supplicant: nl80211: Flush PMKIDs
05-24 13:19:00.756 1252 1252 D wpa_supplicant: p2p-dev-wlan0: State: DISCONNECTED -> INACTIVE
05-24 13:19:00.756 1252 1252 D wpa_supplicant: p2p-dev-wlan0: WPS: UUID from the first interface: bafc7b38-9204-5831-8e65-44e85111e79a
05-24 13:19:00.757 1252 1252 D wpa_supplicant: EAPOL: SUPP_PAE entering state DISCONNECTED
05-24 13:19:00.757 1252 1252 D wpa_supplicant: EAPOL: Supplicant port status: Unauthorized
05-24 13:19:00.757 1252 1252 D wpa_supplicant: nl80211: Skip set_supp_port(unauthorized) while not associated
05-24 13:19:00.757 1252 1252 D wpa_supplicant: EAPOL: KEY_RX entering state NO_KEY_RECEIVE
05-24 13:19:00.757 1252 1252 D wpa_supplicant: EAPOL: SUPP_BE entering state INITIALIZE
05-24 13:19:00.757 1252 1252 D wpa_supplicant: EAP: EAP entering state DISABLED
05-24 13:19:00.757 1252 1252 D wpa_supplicant: Using existing control interface directory.
05-24 13:19:00.757 690 690 D SystemUIBootTiming: SystemUIService: bootcomplete com.android.systemui.power.PowerUI took 81 ms
05-24 13:19:00.757 690 690 D SystemUIService: loading: com.android.systemui.media.RingtonePlayer
05-24 13:19:00.757 1252 1252 D wpa_supplicant: P2P: Add operating class 81
05-24 13:19:00.757 1252 1252 D wpa_supplicant: P2P: Channels - hexdump(len=13): 01 02 03 04 05 06 07 08 09 0a 0b 0c 0d
05-24 13:19:00.757 1252 1252 D wpa_supplicant: P2P: Add operating class 115
05-24 13:19:00.760 1252 1252 D wpa_supplicant: P2P: Channels - hexdump(len=4): 24 28 2c 30
05-24 13:19:00.760 1252 1252 D wpa_supplicant: P2P: Add operating class 116
05-24 13:19:00.760 1252 1252 D wpa_supplicant: P2P: Channels - hexdump(len=2): 24 2c
05-24 13:19:00.760 1252 1252 D wpa_supplicant: P2P: Add operating class 117
05-24 13:19:00.760 1252 1252 D wpa_supplicant: P2P: Channels - hexdump(len=2): 28 30
05-24 13:19:00.760 1252 1252 D wpa_supplicant: P2P: Add operating class 124
05-24 13:19:00.760 1252 1252 D wpa_supplicant: P2P: Channels - hexdump(len=4): 95 99 9d a1
05-24 13:19:00.760 1252 1252 D wpa_supplicant: P2P: Add operating class 125
05-24 13:19:00.760 1252 1252 D wpa_supplicant: P2P: Channels - hexdump(len=5): 95 99 9d a1 a5
05-24 13:19:00.760 1252 1252 D wpa_supplicant: P2P: Add operating class 126
05-24 13:19:00.760 1252 1252 D wpa_supplicant: P2P: Channels - hexdump(len=2): 95 9d
05-24 13:19:00.760 1252 1252 D wpa_supplicant: P2P: Add operating class 127
05-24 13:19:00.760 1252 1252 D wpa_supplicant: P2P: Channels - hexdump(len=2): 99 a1
05-24 13:19:00.760 1252 1252 D wpa_supplicant: P2P: Add operating class 128
05-24 13:19:00.760 1252 1252 D wpa_supplicant: P2P: Channels - hexdump(len=8): 24 28 2c 30 95 99 9d a1
05-24 13:19:00.760 1252 1252 D wpa_supplicant: P2P: Add operating class 130
05-24 13:19:00.760 1252 1252 D wpa_supplicant: P2P: Channels - hexdump(len=9): 24 28 2c 30 95 99 9d a1 a5
05-24 13:19:00.760 1252 1252 D wpa_supplicant: P2P: Own listen channel: 81:6
05-24 13:19:00.761 1252 1252 D wpa_supplicant: P2P: Random operating channel: 81:6
05-24 13:19:00.761 1252 1252 D wpa_supplicant: P2P: initialized
05-24 13:19:00.761 1252 1252 D wpa_supplicant: P2P: channels: 81:1,2,3,4,5,6,7,8,9,10,11,12,13 115:36,40,44,48 116:36,44 117:40,48 124:149,153,157,161 125:149,153,157,161,165 126:149,157 127:153,161 128:36,40,44,48,149,153,157,161 130:36,40,44,48,149,153,157,161,165
05-24 13:19:00.761 1252 1252 D wpa_supplicant: P2P: cli_channels:
05-24 13:19:00.761 1252 1252 D wpa_supplicant: MBO: Update non-preferred channels, non_pref_chan=N/A
05-24 13:19:00.761 1252 1252 D wpa_supplicant: Registering interface to hidl control: p2p-dev-wlan0
05-24 13:19:00.761 1252 1252 D wpa_supplicant: p2p-dev-wlan0: Added interface p2p-dev-wlan0
05-24 13:19:00.761 1252 1252 D wpa_supplicant: p2p-dev-wlan0: State: INACTIVE -> DISCONNECTED
05-24 13:19:00.761 1252 1252 D wpa_supplicant: nl80211: Set p2p-dev-wlan0 operstate 0->0 (DORMANT)
05-24 13:19:00.761 1252 1252 D wpa_supplicant: netlink: Operstate: ifindex=0 linkmode=-1 (no change), operstate=5 (IF_OPER_DORMANT)
05-24 13:19:00.761 1252 1252 D wpa_supplicant: p2p-dev-wlan0: Determining shared radio frequencies (max len 2)
05-24 13:19:00.761 1252 1252 D wpa_supplicant: p2p-dev-wlan0: Shared frequencies (len=0): completed iteration
05-24 13:19:00.761 1252 1252 D wpa_supplicant: P2P: Add operating class 81
05-24 13:19:00.761 1252 1252 D wpa_supplicant: P2P: Channels - hexdump(len=13): 01 02 03 04 05 06 07 08 09 0a 0b 0c 0d
05-24 13:19:00.761 1252 1252 D wpa_supplicant: P2P: Add operating class 115
05-24 13:19:00.761 1252 1252 D wpa_supplicant: P2P: Channels - hexdump(len=4): 24 28 2c 30
05-24 13:19:00.761 1252 1252 D wpa_supplicant: P2P: Add operating class 116
05-24 13:19:00.761 1252 1252 D wpa_supplicant: P2P: Channels - hexdump(len=2): 24 2c
05-24 13:19:00.761 1252 1252 D wpa_supplicant: P2P: Add operating class 117
05-24 13:19:00.761 1252 1252 D wpa_supplicant: P2P: Channels - hexdump(len=2): 28 30
05-24 13:19:00.761 1252 1252 D wpa_supplicant: P2P: Add operating class 124
05-24 13:19:00.762 1252 1252 D wpa_supplicant: P2P: Channels - hexdump(len=4): 95 99 9d a1
05-24 13:19:00.762 1252 1252 D wpa_supplicant: P2P: Add operating class 125
05-24 13:19:00.762 1252 1252 D wpa_supplicant: P2P: Channels - hexdump(len=5): 95 99 9d a1 a5
05-24 13:19:00.762 1252 1252 D wpa_supplicant: P2P: Add operating class 126
05-24 13:19:00.762 1252 1252 D wpa_supplicant: P2P: Channels - hexdump(len=2): 95 9d
05-24 13:19:00.762 1252 1252 D wpa_supplicant: P2P: Add operating class 127
05-24 13:19:00.762 1252 1252 D wpa_supplicant: P2P: Channels - hexdump(len=2): 99 a1
05-24 13:19:00.762 1252 1252 D wpa_supplicant: P2P: Add operating class 128
05-24 13:19:00.762 1252 1252 D wpa_supplicant: P2P: Channels - hexdump(len=8): 24 28 2c 30 95 99 9d a1
05-24 13:19:00.762 1252 1252 D wpa_supplicant: P2P: Add operating class 130
05-24 13:19:00.762 1252 1252 D wpa_supplicant: P2P: Channels - hexdump(len=9): 24 28 2c 30 95 99 9d a1 a5
05-24 13:19:00.762 1252 1252 D wpa_supplicant: P2P: Update channel list
05-24 13:19:00.762 1252 1252 D wpa_supplicant: P2P: channels: 81:1,2,3,4,5,6,7,8,9,10,11,12,13 115:36,40,44,48 116:36,44 117:40,48 124:149,153,157,161 125:149,153,157,161,165 126:149,157 127:153,161 128:36,40,44,48,149,153,157,161 130:36,40,44,48,149,153,157,161,165
05-24 13:19:00.762 1252 1252 D wpa_supplicant: P2P: cli_channels:
05-24 13:19:00.762 1252 1252 D wpa_supplicant: RTM_NEWLINK: ifi_index=14 ifname=wlan0 operstate=5 linkmode=0 ifi_family=0 ifi_flags=0x11003 ([UP][LOWER_UP])
05-24 13:19:00.763 1252 1252 D wpa_supplicant: RTM_NEWLINK: ifi_index=14 ifname=wlan0 operstate=5 linkmode=1 ifi_family=0 ifi_flags=0x11003 ([UP][LOWER_UP])
05-24 13:19:00.764 690 690 D SystemUIService: running: com.android.systemui.media.RingtonePlayer@c4cca9b
05-24 13:19:00.769 690 690 D SystemUIBootTiming: SystemUIService: bootcomplete com.android.systemui.media.RingtonePlayer took 12 ms
05-24 13:19:00.771 690 690 D SystemUIService: loading: com.android.systemui.keyboard.KeyboardUI
05-24 13:19:00.772 690 690 D SystemUIService: running: com.android.systemui.keyboard.KeyboardUI@d526e11
05-24 13:19:00.796 690 690 D SystemUIBootTiming: SystemUIService: bootcomplete com.android.systemui.keyboard.KeyboardUI took 25 ms
05-24 13:19:00.797 690 690 D SystemUIService: loading: com.android.systemui.shortcut.ShortcutKeyDispatcher
05-24 13:19:00.797 690 690 D SystemUIService: running: com.android.systemui.shortcut.ShortcutKeyDispatcher@bc83b76
05-24 13:19:00.802 487 510 D BluetoothManagerService: enable(com.dangbei.lerad.etna.haqu): mBluetooth =android.bluetooth.IBluetooth$Stub$Proxy@5b20a86 mBinding = false mState = BLE_TURNING_OFF
05-24 13:19:00.804 487 510 D BluetoothManagerService: enable returning
05-24 13:19:00.806 487 532 D BluetoothManagerService: MESSAGE_ENABLE(0): mBluetooth = android.bluetooth.IBluetooth$Stub$Proxy@5b20a86
05-24 13:19:00.808 1058 1217 E dangbei111: 开始扫描
05-24 13:19:00.810 487 621 D SupplicantStaIfaceHal: Newer HAL is found, skip V1_3 remaining init flow.
05-24 13:19:00.810 487 621 D SupplicantStaIfaceHal: Newer HAL is found, skip V1_2 remaining init flow.
05-24 13:19:00.811 487 621 D SupplicantStaIfaceHal: Newer HAL is found, skip V1_1 remaining init flow.
05-24 13:19:00.811 690 690 D SystemUIBootTiming: SystemUIService: bootcomplete com.android.systemui.shortcut.ShortcutKeyDispatcher took 14 ms
05-24 13:19:00.812 690 690 D SystemUIService: loading: com.android.systemui.VendorServices
05-24 13:19:00.812 690 690 D SystemUIService: running: com.android.systemui.VendorServices@96d75e4
05-24 13:19:00.813 1058 1217 W System.err: java.lang.NullPointerException: Attempt to invoke virtual method 'void android.bluetooth.le.BluetoothLeScanner.startScan(java.util.List, android.bluetooth.le.ScanSettings, android.bluetooth.le.ScanCallback)' on a null object reference
05-24 13:19:00.813 1058 1217 W System.err: at com.dangbei.remotecontroller.RCHelper.startScan(RCHelper.java:199)
05-24 13:19:00.813 1058 1217 W System.err: at com.dangbei.remotecontroller.RCHelper.startScan(RCHelper.java:125)
05-24 13:19:00.813 1058 1217 W System.err: at com.dangbei.remotecontroller.RCHelper$1.run(RCHelper.java:114)
05-24 13:19:00.813 1058 1217 W System.err: at java.util.TimerThread.mainLoop(Timer.java:562)
05-24 13:19:00.813 1058 1217 W System.err: at java.util.TimerThread.run(Timer.java:512)
05-24 13:19:00.814 690 690 D SystemUIBootTiming: SystemUIService: bootcomplete com.android.systemui.VendorServices took 2 ms
05-24 13:19:00.814 690 690 D SystemUIService: loading: com.android.systemui.SliceBroadcastRelayHandler
05-24 13:19:00.815 690 690 D SystemUIService: running: com.android.systemui.SliceBroadcastRelayHandler@fdeda4d
05-24 13:19:00.815 487 621 D SupplicantStaIfaceHal: Newer HAL is found, skip V1_0 remaining init flow.
05-24 13:19:00.816 690 690 D SystemUIBootTiming: SystemUIService: bootcomplete com.android.systemui.SliceBroadcastRelayHandler took 1 ms
05-24 13:19:00.817 487 758 D CompatibilityChangeReporter: Compat change id reported: 168419799; UID 10074; state: DISABLED
05-24 13:19:00.819 690 690 D SystemUIService: loading: com.android.systemui.statusbar.notification.InstantAppNotifier
05-24 13:19:00.824 690 690 D SystemUIService: running: com.android.systemui.statusbar.notification.InstantAppNotifier@64bce49
05-24 13:19:00.949 124 124 I : HDMI cable is connected
05-24 13:19:00.851 690 690 D SystemUIBootTiming: SystemUIService: bootcomplete com.android.systemui.statusbar.notification.InstantAppNotifier took 31 ms
05-24 13:19:00.851 690 690 D SystemUIService: loading: com.android.systemui.toast.ToastUI
05-24 13:19:00.852 690 690 D SystemUIService: running: com.android.systemui.toast.ToastUI@7a0605
05-24 13:19:00.852 690 690 D SystemUIBootTiming: SystemUIService: bootcomplete com.android.systemui.toast.ToastUI took 1 ms
05-24 13:19:00.857 1039 1290 I MediaProvider: Begin Intent { act=com.android.providers.media.action.SCAN_VOLUME (has extras) }
05-24 13:19:00.858 690 690 D SystemUIService: loading: com.android.systemui.wmshell.WMShell
05-24 13:19:00.858 690 690 D SystemUIService: running: com.android.systemui.wmshell.WMShell@6b1908b
05-24 13:19:00.867 1039 1165 V MediaStore: Examining volume emulated;0 with name external_primary and state mounted
05-24 13:19:00.990 672 672 I ieee80211 phy0: sprdwl_vendor_get_support_feature
05-24 13:19:00.875 672 672 E WifiHAL : wifi_get_logger_supported_feature_set: Error -5 happened.
05-24 13:19:00.880 372 397 D installd: Found quota mount /dev/block/dm-9 at /data
05-24 13:19:00.880 372 397 D installd: Found quota mount /dev/block/dm-9 at /data/user/0
05-24 13:19:00.880 372 397 D installd: Found quota mount /dev/block/dm-9 at /mnt/pass_through/0/emulated
05-24 13:19:00.880 372 397 D installd: Found quota mount /dev/block/dm-9 at /mnt/user/0/emulated/0/Android/data
05-24 13:19:00.880 372 397 D installd: Found quota mount /dev/block/dm-9 at /storage/emulated/0/Android/data
05-24 13:19:00.880 372 397 D installd: Found quota mount /dev/block/dm-9 at /mnt/androidwritable/0/emulated/0/Android/data
05-24 13:19:00.880 372 397 D installd: Found quota mount /dev/block/dm-9 at /mnt/installer/0/emulated/0/Android/data
05-24 13:19:00.880 372 397 D installd: Found quota mount /dev/block/dm-9 at /mnt/user/0/emulated/0/Android/obb
05-24 13:19:00.880 372 397 D installd: Found quota mount /dev/block/dm-9 at /storage/emulated/0/Android/obb
05-24 13:19:00.880 372 397 D installd: Found quota mount /dev/block/dm-9 at /mnt/androidwritable/0/emulated/0/Android/obb
05-24 13:19:00.881 372 397 D installd: Found quota mount /dev/block/dm-9 at /mnt/installer/0/emulated/0/Android/obb
05-24 13:19:00.881 1095 1277 I MobclickAgent: module init:azio
05-24 13:19:00.882 372 397 D installd: Found storage mount /dev/block/dm-9 at /mnt/pass_through/0/emulated
05-24 13:19:00.893 672 672 E WifiHAL : wifi_get_logger_supported_feature_set: Error -5 happened.
05-24 13:19:00.896 1252 1252 D wpa_supplicant: Driver capability mask: 0xd
05-24 13:19:00.897 487 621 I WifiNative: Successfully switched to connectivity mode on iface=Iface:{Name=wlan0,Id=0,Type=STA_CONNECTIVITY}
05-24 13:19:00.897 487 621 D WifiClientModeManager[wlan0]: entering ConnectModeState, starting ClientModeImpl
05-24 13:19:01.013 672 672 I ieee80211 phy0: sprdwl_vendor_get_support_feature
05-24 13:19:00.899 487 615 D StorageManagerService: Volume emulated;0 broadcasting mounted to UserHandle{0}
05-24 13:19:00.907 1095 1095 E getHdmiStatus: sourceInputStatus=null mEtnaAdapter=null
05-24 13:19:00.907 1039 1039 V MediaStore: Examining volume emulated;0 with name external_primary and state mounted
05-24 13:19:00.908 690 690 D SystemUIBootTiming: SystemUIService: bootcomplete com.android.systemui.wmshell.WMShell took 49 ms
05-24 13:19:00.908 690 690 D SystemUIService: loading: com.android.systemui.media.systemsounds.HomeSoundEffectController
05-24 13:19:00.908 690 690 D SystemUIService: running: com.android.systemui.media.systemsounds.HomeSoundEffectController@c26aa67
05-24 13:19:00.909 487 615 D StorageManagerService: Volume emulated;0 broadcasting mounted to UserHandle{0}
05-24 13:19:00.952 1039 1039 V MediaStore: Examining volume emulated;0 with name external_primary and state mounted
05-24 13:19:00.954 487 621 D WifiScoreReport: setShouldReduceNetworkScore=false mNetworkAgent is null? true
05-24 13:19:00.963 690 690 D SystemUIBootTiming: SystemUIService: bootcomplete com.android.systemui.media.systemsounds.HomeSoundEffectController took 55 ms
05-24 13:19:00.970 487 621 V WifiClientModeManager[wlan0]: ClientModeManager started in role: Role: ROLE_CLIENT_PRIMARY, RequestorWs: WorkSource{10064 com.android.systemui}, ModeListener: com.android.server.wifi.ActiveModeWarden$ClientListener@7399e4d
05-24 13:19:00.973 690 690 I ManagerService: --------------------- system activated! ---------------
05-24 13:19:00.973 690 690 D SystemUIBootTiming: SystemUIService: bootcomplete com.android.systemui.oranth.ManagerService took 8 ms
05-24 13:19:00.981 487 487 D NetworkSecurityConfig: No Network Security Config specified, using platform default
05-24 13:19:00.986 487 487 E BootReceiver: Could not open /sys/kernel/tracing/instances/bootreceiver/trace_pipe
05-24 13:19:00.986 487 487 E BootReceiver: android.system.ErrnoException: open failed: ENOENT (No such file or directory)
05-24 13:19:00.986 487 487 E BootReceiver: at libcore.io.Linux.open(Native Method)
05-24 13:19:00.986 487 487 E BootReceiver: at libcore.io.ForwardingOs.open(ForwardingOs.java:567)
05-24 13:19:00.986 487 487 E BootReceiver: at libcore.io.BlockGuardOs.open(BlockGuardOs.java:273)
05-24 13:19:00.986 487 487 E BootReceiver: at android.system.Os.open(Os.java:501)
05-24 13:19:00.986 487 487 E BootReceiver: at com.android.server.BootReceiver.onReceive(BootReceiver.java:167)
05-24 13:19:00.986 487 487 E BootReceiver: at android.app.ActivityThread.handleReceiver(ActivityThread.java:4308)
05-24 13:19:00.986 487 487 E BootReceiver: at android.app.ActivityThread.access$1600(ActivityThread.java:247)
05-24 13:19:00.986 487 487 E BootReceiver: at android.app.ActivityThread$H.handleMessage(ActivityThread.java:2064)
05-24 13:19:00.986 487 487 E BootReceiver: at android.os.Handler.dispatchMessage(Handler.java:106)
05-24 13:19:00.986 487 487 E BootReceiver: at android.os.Looper.loopOnce(Looper.java:201)
05-24 13:19:00.986 487 487 E BootReceiver: at android.os.Looper.loop(Looper.java:288)
05-24 13:19:00.986 487 487 E BootReceiver: at com.android.server.SystemServer.run(SystemServer.java:966)
05-24 13:19:00.986 487 487 E BootReceiver: at com.android.server.SystemServer.main(SystemServer.java:628)
05-24 13:19:00.986 487 487 E BootReceiver: at java.lang.reflect.Method.invoke(Native Method)
05-24 13:19:00.986 487 487 E BootReceiver: at com.android.internal.os.RuntimeInit$MethodAndArgsCaller.run(RuntimeInit.java:548)
05-24 13:19:00.986 487 487 E BootReceiver: at com.android.internal.os.ZygoteInit.main(ZygoteInit.java:1160)
05-24 13:19:00.988 487 626 I WifiScanningService: Received a request to enable scanning, UID = 1000
05-24 13:19:00.989 487 621 D WifiScanRequestProxy: Sending scan available broadcast: true
05-24 13:19:00.996 827 827 W ContextImpl: Calling a method in the system process without a qualified user: android.app.ContextImpl.startService:1816 android.content.ContextWrapper.startService:774 android.content.ContextWrapper.startService:774 com.android.tv.settings.users.UserSwitchListenerService$BootReceiver.onReceive:50 android.app.ActivityThread.handleReceiver:4308
05-24 13:19:01.002 487 621 I WifiScanRequestProxy: Scanning is enabled
05-24 13:19:01.003 487 621 I WifiScanRequestProxy: Scanning for hidden networks is enabled
05-24 13:19:01.012 487 487 V AudioDeviceManagerObserver: AudioDeviceManagerObserver init()
05-24 13:19:01.013 487 487 D AudioDeviceManagerObserver: AudioDeviceManagerObserver: newCardId: /sys/class/sound/card0/id
05-24 13:19:01.015 487 487 D AudioDeviceManagerObserver: AudioDeviceManagerObserver: devName: pcmC0D0p
05-24 13:19:01.015 487 487 D AudioDeviceManagerObserver: ~~~~~~~~ AudioDeviceManagerObserver: findNameMap: id: audiocodec
05-24 13:19:01.017 487 608 D AW_CODE : rotation =0
05-24 13:19:01.019 272 389 D displayd: hotplug change: name=6000000.hdmi, state=HDMI=1
05-24 13:19:01.019 272 389 D displayd: HotplugMonitor: 6000000.hdmi connected=1
05-24 13:19:01.019 272 389 D displayd: xxxxxxx: updateConnectState: type=-1 connected=1
05-24 13:19:01.019 272 389 D displayd: xxxxxxx: updated: type=2 connected=0
05-24 13:19:01.019 272 389 D displayd: xxxxxxx: updated: type=4 connected=1
05-24 13:19:01.020 272 389 W edid : Parse block0:
05-24 13:19:01.020 272 389 W edid : Extension block count: 1
05-24 13:19:01.020 272 389 W edid : Parse CEA extension block (version: 3)
05-24 13:19:01.020 272 389 W edid : CEA data length: 27 bytes
05-24 13:19:01.020 487 487 D AudioDeviceManagerObserver: AudioDeviceManagerObserver: name_linux: audiocodec, name_android: AUDIO_CODEC
05-24 13:19:01.021 487 487 D AudioDeviceManagerObserver: AudioDeviceManagerObserver: newCardId: /sys/class/sound/card1/id
05-24 13:19:01.021 272 389 W displayd: xxxxxxx: performOptimalMode: use saved hdmi mode(6)
05-24 13:19:01.021 272 389 W displayd: xxxxxxx: Device config: type[4] mode[6] pixelformat[1] bits[0] eotf[4] colorspace[257]
05-24 13:19:01.021 272 389 I sunxihwc: switchDevice: display[1]: type=2 mode=0 enable=0
05-24 13:19:01.021 272 389 I sunxihwc: switchDevice: display[0]: type=4 mode=6 enable=1
05-24 13:19:01.021 272 389 D sunxihwc: setHotplugState: mbHotplug = 1
05-24 13:19:01.021 487 534 D CompatibilityChangeReporter: Compat change id reported: 158002302; UID 1000; state: ENABLED
05-24 13:19:01.021 272 389 I sunxihwc: updateConnectedDevices: display[0] connected=1 type=4 device=0xe97a400c
05-24 13:19:01.021 272 389 I sunxihwc: updateConnectedDevices: display[1] connected=0 type=2 device=0x0
05-24 13:19:01.021 272 389 D sunxihwc: enqueueEvent: enqueueEvent: event 1
05-24 13:19:01.021 272 389 I sunxihwc: setMargin: display[0]: margin 97 97 97 97
05-24 13:19:01.021 272 377 D sunxihwc: setHotplugState: mbHotplug = 0
05-24 13:19:01.021 272 389 W displayd: xxxxxxx: Turen on display(0), margin( 97, 97, 97, 97)
05-24 13:19:01.021 272 389 W displayd: xxxxxxx: reset layer mode: 2D-ORIGINAL
05-24 13:19:01.021 272 389 W displayd: xxxxxxx: Request layer mode: 2D-ORIGINAL
05-24 13:19:01.022 272 389 I sunxihwc: set3DMode: display[0]: mode=0
05-24 13:19:01.022 272 389 W displayd: xxxxxxx: Current device mapping:
05-24 13:19:01.022 272 389 W displayd: + display [1]: enable=0 type=2 mode=0
05-24 13:19:01.022 272 389 W displayd: + display [0]: enable=1 type=4 mode=6
05-24 13:19:01.023 487 487 D AudioDeviceManagerObserver: AudioDeviceManagerObserver: devName: pcmC1D0c
05-24 13:19:01.023 487 487 D AudioDeviceManagerObserver: ~~~~~~~~ AudioDeviceManagerObserver: findNameMap: id: sndspdif
05-24 13:19:01.023 487 487 D AudioDeviceManagerObserver: AudioDeviceManagerObserver: devName: pcmC1D0p
05-24 13:19:01.023 487 487 D AudioDeviceManagerObserver: ~~~~~~~~ AudioDeviceManagerObserver: findNameMap: id: sndspdif
05-24 13:19:01.023 487 487 D AudioDeviceManagerObserver: AudioDeviceManagerObserver: name_linux: sndspdif, name_android: AUDIO_SPDIF
05-24 13:19:01.023 487 487 D AudioDeviceManagerObserver: AudioDeviceManagerObserver: newCardId: /sys/class/sound/card2/id
05-24 13:19:01.024 487 487 D AudioDeviceManagerObserver: AudioDeviceManagerObserver: name_linux: ahubdam, name_android: AUDIO_SPDIF
05-24 13:19:01.024 487 487 D AudioDeviceManagerObserver: AudioDeviceManagerObserver: newCardId: /sys/class/sound/card3/id
05-24 13:19:01.031 487 621 E WifiVendorHal: setMultiStaUseCase(l.3286) failed {.code = ERROR_NOT_SUPPORTED, .description = }
05-24 13:19:01.032 487 1295 I RecoverySystem: No recovery log file
05-24 13:19:01.036 487 487 D AudioDeviceManagerObserver: AudioDeviceManagerObserver: devName: pcmC3D0c
05-24 13:19:01.036 487 487 D AudioDeviceManagerObserver: ~~~~~~~~ AudioDeviceManagerObserver: findNameMap: id: ahubhdmi
05-24 13:19:01.036 487 487 D AudioDeviceManagerObserver: AudioDeviceManagerObserver: devName: pcmC3D0p
05-24 13:19:01.036 487 487 D AudioDeviceManagerObserver: ~~~~~~~~ AudioDeviceManagerObserver: findNameMap: id: ahubhdmi
05-24 13:19:01.036 487 487 D AudioDeviceManagerObserver: AudioDeviceManagerObserver: name_linux: ahubhdmi, name_android: AUDIO_USB_ahubhdmi
05-24 13:19:01.037 487 532 W IorapForwardingService: No service published for: iorapd
05-24 13:19:01.044 487 487 D AudioDeviceManagerObserver: AudioDeviceManagerObserver: newCardId: /sys/class/sound/card4/id
05-24 13:19:01.044 278 306 D hdmi-cec: update hdmi connected: 1
05-24 13:19:01.047 487 626 I WifiScanningService: Created a new impl for wlan0
05-24 13:19:01.050 487 621 E WifiVendorHal: setMultiStaPrimaryConnection(l.3252) failed {.code = ERROR_NOT_SUPPORTED, .description = }
05-24 13:19:01.052 487 487 D AudioDeviceManagerObserver: AudioDeviceManagerObserver: devName: pcmC4D0c
05-24 13:19:01.052 487 487 D AudioDeviceManagerObserver: ~~~~~~~~ AudioDeviceManagerObserver: findNameMap: id: ahubi2s2
05-24 13:19:01.052 487 621 D WifiCountryCode: evaluateAllCmmStateAndApplyIfAllReady: {ConcreteClientModeManager{id=24966 iface=wlan0 role=ROLE_CLIENT_PRIMARY}=true}
05-24 13:19:01.052 487 487 D AudioDeviceManagerObserver: AudioDeviceManagerObserver: devName: pcmC4D0p
05-24 13:19:01.052 487 487 D AudioDeviceManagerObserver: ~~~~~~~~ AudioDeviceManagerObserver: findNameMap: id: ahubi2s2
05-24 13:19:01.052 487 487 D AudioDeviceManagerObserver: AudioDeviceManagerObserver: name_linux: ahubi2s2, name_android: AUDIO_USB_ahubi2s2
05-24 13:19:01.053 487 487 D AudioDeviceManagerObserver: AudioDeviceManagerObserver: newCardId: /sys/class/sound/card5/id
05-24 13:19:01.053 487 487 V AudioDeviceManagerObserver: This kernel does not have sound card5
05-24 13:19:01.054 487 1295 I DropBoxManagerService: add tag=SYSTEM_BOOT isTagEnabled=true flags=0x2
05-24 13:19:01.054 487 621 D WifiCountryCode: Reading country code from telephony
05-24 13:19:01.063 1095 1095 D OsInitLaunch: send cache: mangoAuth, null, AUTH_NO_NETWORK, null
05-24 13:19:01.068 487 621 D WifiCountryCode: Set telephony country code to:
05-24 13:19:01.069 487 621 D WifiCountryCode: updateCountryCode to CN
05-24 13:19:01.069 487 626 E WifiBackgroundScanStateMachine: invalid max buckets in scan capabilities 0
05-24 13:19:01.070 1252 1252 D WifiHWInfo: Start to load wireless module hardware info table...
05-24 13:19:01.070 1252 1252 D WifiHWInfo: Entry [01], BUS: SDIO, ID: 0x024C8179, Name: rtl8189es.
05-24 13:19:01.071 1252 1252 D WifiHWInfo: Entry [02], BUS: SDIO, ID: 0x024CB723, Name: rtl8723bs_vq0.
05-24 13:19:01.071 1252 1252 D WifiHWInfo: Entry [03], BUS: SDIO, ID: 0x024CB703, Name: rtl8723cs.
05-24 13:19:01.071 1252 1252 D WifiHWInfo: Entry [04], BUS: SDIO, ID: 0x024CD723, Name: rtl8723ds.
05-24 13:19:01.071 1252 1252 D WifiHWInfo: Entry [05], BUS: SDIO, ID: 0x024CF179, Name: rtl8189fs.
05-24 13:19:01.071 1252 1252 D WifiHWInfo: Entry [06], BUS: SDIO, ID: 0x024CB822, Name: rtl88x2bs.
05-24 13:19:01.071 1252 1252 D WifiHWInfo: Entry [07], BUS: USB, ID: 0x0BDAD723, Name: rtl8723du.
05-24 13:19:01.071 1252 1252 D WifiHWInfo: Entry [08], BUS: USB, ID: 0x0BDA8179, Name: rtl8188etv.
05-24 13:19:01.071 1252 1252 D WifiHWInfo: Entry [09], BUS: USB, ID: 0x0BDA0179, Name: rtl8188eu.
05-24 13:19:01.071 1252 1252 D WifiHWInfo: Entry [10], BUS: USB, ID: 0x0BDA818B, Name: rtl8192eu.
05-24 13:19:01.071 1252 1252 D WifiHWInfo: Entry [11], BUS: USB, ID: 0x0BDAB720, Name: rtl8723bu.
05-24 13:19:01.071 1252 1252 D WifiHWInfo: Entry [12], BUS: USB, ID: 0x0BDAC82C, Name: rtl8822cu.
05-24 13:19:01.071 1252 1252 D WifiHWInfo: Entry [13], BUS: USB, ID: 0x0BDAF179, Name: rtl8188fu.
05-24 13:19:01.071 1252 1252 D WifiHWInfo: Entry [14], BUS: SDIO, ID: 0x02D0A9A6, Name: ap6212.
05-24 13:19:01.071 1252 1252 D WifiHWInfo: Entry [15], BUS: SDIO, ID: 0x02D04330, Name: ap6330.
05-24 13:19:01.071 1252 1252 D WifiHWInfo: Entry [16], BUS: SDIO, ID: 0x02D04356, Name: ap6356s.
05-24 13:19:01.071 1252 1252 D WifiHWInfo: Entry [17], BUS: SDIO, ID: 0x02D0A9BF, Name: ap6255.
05-24 13:19:01.071 1252 1252 D WifiHWInfo: Entry [18], BUS: SDIO, ID: 0x02D04334, Name: bcm43342.
05-24 13:19:01.071 1252 1252 D WifiHWInfo: Entry [19], BUS: SDIO, ID: 0x00202281, Name: xr819.
05-24 13:19:01.071 1252 1252 D WifiHWInfo: Entry [20], BUS: SDIO, ID: 0x0A9E2282, Name: xr829.
05-24 13:19:01.071 1252 1252 D WifiHWInfo: Entry [21], BUS: SDIO, ID: 0x0271050A, Name: qca6174a.
05-24 13:19:01.071 1252 1252 D WifiHWInfo: Entry [22], BUS: SDIO, ID: 0x30303030, Name: ssv6x5x.
05-24 13:19:01.071 1252 1252 D WifiHWInfo: Entry [23], BUS: SDIO, ID: 0x00000000, Name: uwe5621.
05-24 13:19:01.071 1252 1252 D WifiHWInfo: Entry [24], BUS: SDIO, ID: 0x54490145, Name: aic8800.
05-24 13:19:01.071 1252 1252 D WifiHWInfo: Entry [25], BUS: SDIO, ID: 0xC8A1C08D, Name: aic8800.
05-24 13:19:01.071 1252 1252 D WifiHWInfo: Entry [26], BUS: USB, ID: 0xA69C8800, Name: aic8800.
05-24 13:19:01.071 1252 1252 D WifiHWInfo: Entry [27], BUS: USB, ID: 0x007A8888, Name: atbm6023is.
05-24 13:19:01.071 1252 1252 D WifiHWInfo: Entry [28], BUS: SDIO, ID: 0x02E79086, Name: 9012p.
05-24 13:19:01.071 1252 1252 D WifiHWInfo: Entry [29], BUS: SDIO, ID: 0x007A6011, Name: atbm613x_wifi_sdio.
05-24 13:19:01.071 1252 1252 D WifiHWInfo: Entry [30], BUS: SDIO, ID: 0x024CC822, Name: 88x2cs.
05-24 13:19:01.071 1252 1252 D WifiHWInfo: Entry [31], BUS: SDIO, ID: 0x000018F0, Name: dummy.
05-24 13:19:01.071 1252 1252 W wpa_supplicant: check_initialed for nl80211, use sprd wpa_supplicant_8_lib.
05-24 13:19:01.071 1252 1252 W wpa_supplicant: check_initialed found wpa_supplicant_8_lib vendor implement for sprd.
05-24 13:19:01.071 1252 1252 D wpa_supplicant: wlan0: Event CHANNEL_LIST_CHANGED (27) received
05-24 13:19:01.071 1252 1252 I wpa_supplicant: wlan0: CTRL-EVENT-REGDOM-CHANGE init=USER type=COUNTRY alpha2=CN
05-24 13:19:01.071 1252 1252 D wpa_supplicant: p2p-dev-wlan0: Updating hw mode
05-24 13:19:01.073 1252 1252 D wpa_supplicant: nl80211: No channel number found for frequency 5920 MHz
05-24 13:19:01.073 1252 1252 D wpa_supplicant: nl80211: No channel number found for frequency 5940 MHz
05-24 13:19:01.073 1252 1252 D wpa_supplicant: nl80211: Regulatory information - country=CN (DFS-FCC)
05-24 13:19:01.073 1252 1252 D wpa_supplicant: nl80211: 2400-2483 @ 40 MHz 20 mBm
05-24 13:19:01.074 1252 1252 D wpa_supplicant: nl80211: 5150-5350 @ 80 MHz 20 mBm (DFS)
05-24 13:19:01.074 1252 1252 D wpa_supplicant: nl80211: 5725-5850 @ 80 MHz 33 mBm
05-24 13:19:01.074 1252 1252 D wpa_supplicant: nl80211: 57240-59400 @ 2160 MHz 28 mBm
05-24 13:19:01.074 1252 1252 D wpa_supplicant: nl80211: 59400-63720 @ 2160 MHz 44 mBm
05-24 13:19:01.074 1252 1252 D wpa_supplicant: nl80211: 63720-65880 @ 2160 MHz 28 mBm
05-24 13:19:01.074 1252 1252 D wpa_supplicant: nl80211: Added 802.11b mode based on 802.11g information
05-24 13:19:01.074 1252 1252 D wpa_supplicant: nl80211: Mode IEEE 802.11g: 2412 2417 2422 2427 2432 2437 2442 2447 2452 2457 2462 2467 2472 2484[DISABLED]
05-24 13:19:01.074 1252 1252 D wpa_supplicant: nl80211: Mode IEEE 802.11a: 5170[DISABLED] 5180 5200 5220 5240 5260[RADAR] 5280[RADAR] 5300[RADAR] 5320[RADAR] 5500[DISABLED][RADAR] 5520[DISABLED][RADAR] 5540[DISABLED][RADAR] 5560[DISABLED][RADAR] 5580[DISABLED][RADAR]
05-24 13:19:01.074 1252 1252 D wpa_supplicant: nl80211: Mode IEEE 802.11b: 2412 2417 2422 2427 2432 2437 2442 2447 2452 2457 2462 2467 2472 2484[DISABLED]
05-24 13:19:01.074 1252 1252 D wpa_supplicant: wlan0: Updating hw mode
05-24 13:19:01.075 1252 1252 D wpa_supplicant: nl80211: No channel number found for frequency 5920 MHz
05-24 13:19:01.075 1252 1252 D wpa_supplicant: nl80211: No channel number found for frequency 5940 MHz
05-24 13:19:01.075 1252 1252 D wpa_supplicant: nl80211: Regulatory information - country=CN (DFS-FCC)
05-24 13:19:01.075 1252 1252 D wpa_supplicant: nl80211: 2400-2483 @ 40 MHz 20 mBm
05-24 13:19:01.075 1252 1252 D wpa_supplicant: nl80211: 5150-5350 @ 80 MHz 20 mBm (DFS)
05-24 13:19:01.075 1252 1252 D wpa_supplicant: nl80211: 5725-5850 @ 80 MHz 33 mBm
05-24 13:19:01.075 1252 1252 D wpa_supplicant: nl80211: 57240-59400 @ 2160 MHz 28 mBm
05-24 13:19:01.075 1252 1252 D wpa_supplicant: nl80211: 59400-63720 @ 2160 MHz 44 mBm
05-24 13:19:01.075 1252 1252 D wpa_supplicant: nl80211: 63720-65880 @ 2160 MHz 28 mBm
05-24 13:19:01.075 1252 1252 D wpa_supplicant: nl80211: Added 802.11b mode based on 802.11g information
05-24 13:19:01.076 1252 1252 D wpa_supplicant: nl80211: Mode IEEE 802.11g: 2412 2417 2422 2427 2432 2437 2442 2447 2452 2457 2462 2467 2472 2484[DISABLED]
05-24 13:19:01.076 1252 1252 D wpa_supplicant: nl80211: Mode IEEE 802.11a: 5170[DISABLED] 5180 5200 5220 5240 5260[RADAR] 5280[RADAR] 5300[RADAR] 5320[RADAR] 5500[DISABLED][RADAR] 5520[DISABLED][RADAR] 5540[DISABLED][RADAR] 5560[DISABLED][RADAR] 5580[DISABLED][RADAR]
05-24 13:19:01.076 1252 1252 D wpa_supplicant: nl80211: Mode IEEE 802.11b: 2412 2417 2422 2427 2432 2437 2442 2447 2452 2457 2462 2467 2472 2484[DISABLED]
05-24 13:19:01.076 1252 1252 D wpa_supplicant: wlan0: Determining shared radio frequencies (max len 2)
05-24 13:19:01.076 1252 1252 D wpa_supplicant: wlan0: Shared frequencies (len=0): completed iteration
05-24 13:19:01.076 1252 1252 D wpa_supplicant: P2P: Add operating class 81
05-24 13:19:01.076 1252 1252 D wpa_supplicant: P2P: Channels - hexdump(len=13): 01 02 03 04 05 06 07 08 09 0a 0b 0c 0d
05-24 13:19:01.076 1252 1252 D wpa_supplicant: P2P: Add operating class 115
05-24 13:19:01.076 1252 1252 D wpa_supplicant: P2P: Channels - hexdump(len=4): 24 28 2c 30
05-24 13:19:01.076 1252 1252 D wpa_supplicant: P2P: Add operating class 116
05-24 13:19:01.076 1252 1252 D wpa_supplicant: P2P: Channels - hexdump(len=2): 24 2c
05-24 13:19:01.076 1252 1252 D wpa_supplicant: P2P: Add operating class 117
05-24 13:19:01.076 1252 1252 D wpa_supplicant: P2P: Channels - hexdump(len=2): 28 30
05-24 13:19:01.076 1252 1252 D wpa_supplicant: P2P: Add operating class 124
05-24 13:19:01.076 1252 1252 D wpa_supplicant: P2P: Channels - hexdump(len=4): 95 99 9d a1
05-24 13:19:01.076 1252 1252 D wpa_supplicant: P2P: Add operating class 125
05-24 13:19:01.076 1252 1252 D wpa_supplicant: P2P: Channels - hexdump(len=5): 95 99 9d a1 a5
05-24 13:19:01.076 1252 1252 D wpa_supplicant: P2P: Add operating class 126
05-24 13:19:01.076 1252 1252 D wpa_supplicant: P2P: Channels - hexdump(len=2): 95 9d
05-24 13:19:01.076 1252 1252 D wpa_supplicant: P2P: Add operating class 127
05-24 13:19:01.076 1252 1252 D wpa_supplicant: P2P: Channels - hexdump(len=2): 99 a1
05-24 13:19:01.076 1252 1252 D wpa_supplicant: P2P: Add operating class 128
05-24 13:19:01.076 1252 1252 D wpa_supplicant: P2P: Channels - hexdump(len=8): 24 28 2c 30 95 99 9d a1
05-24 13:19:01.076 1252 1252 D wpa_supplicant: P2P: Add operating class 130
05-24 13:19:01.076 1252 1252 D wpa_supplicant: P2P: Channels - hexdump(len=9): 24 28 2c 30 95 99 9d a1 a5
05-24 13:19:01.076 1252 1252 D wpa_supplicant: P2P: Update channel list
05-24 13:19:01.076 1252 1252 D wpa_supplicant: P2P: channels: 81:1,2,3,4,5,6,7,8,9,10,11,12,13 115:36,40,44,48 116:36,44 117:40,48 124:149,153,157,161 125:149,153,157,161,165 126:149,157 127:153,161 128:36,40,44,48,149,153,157,161 130:36,40,44,48,149,153,157,161,165
05-24 13:19:01.076 1252 1252 D wpa_supplicant: P2P: cli_channels:
05-24 13:19:01.076 1252 1252 D wpa_supplicant: sprd_wpa_driver_nl80211_driver_cmd COUNTRY CN len = 0, 10
05-24 13:19:01.082 487 712 D ConnectivityService: requestNetwork for uid/pid:1000/1095 activeRequest: null callbackRequest: 27 [NetworkRequest [ REQUEST id=28, [ Capabilities: INTERNET&NOT_RESTRICTED&TRUSTED&NOT_VCN_MANAGED Uid: 1000 RequestorUid: 1000 RequestorPkg: com.dangbei.leard.leradlauncher] ]] callback flags: 0 priority: 2147483647
05-24 13:19:01.082 487 487 D AudioManagerEx: AudioManagerEx
05-24 13:19:01.083 487 629 D ConnectivityService: NetReassign [no changes]
05-24 13:19:01.084 487 664 D PPPOE : got request NetworkRequest [ REQUEST id=28, [ Capabilities: INTERNET&NOT_RESTRICTED&TRUSTED&NOT_VCN_MANAGED Uid: 1000 RequestorUid: 1000 RequestorPkg: com.dangbei.leard.leradlauncher] ]
05-24 13:19:01.084 487 663 D Ethernet: got request NetworkRequest [ REQUEST id=28, [ Capabilities: INTERNET&NOT_RESTRICTED&TRUSTED&NOT_VCN_MANAGED Uid: 1000 RequestorUid: 1000 RequestorPkg: com.dangbei.leard.leradlauncher] ]
05-24 13:19:01.084 487 663 D EthernetNetworkFactory: acceptRequest, request: NetworkRequest [ REQUEST id=28, [ Capabilities: INTERNET&NOT_RESTRICTED&TRUSTED&NOT_VCN_MANAGED Uid: 1000 RequestorUid: 1000 RequestorPkg: com.dangbei.leard.leradlauncher] ]
05-24 13:19:01.084 487 663 I EthernetNetworkFactory: networkForRequest, request: NetworkRequest [ REQUEST id=28, [ Capabilities: INTERNET&NOT_RESTRICTED&TRUSTED&NOT_VCN_MANAGED Uid: 1000 RequestorUid: 1000 RequestorPkg: com.dangbei.leard.leradlauncher] ], network: null
05-24 13:19:01.085 487 621 D WifiNative: onSetCountryCodeSucceeded: CN
05-24 13:19:01.085 487 621 I WifiCountryCode: Receive onSetCountryCodeSucceeded CN
05-24 13:19:01.089 263 319 D audio_hw_primary: getAudioDevices()
05-24 13:19:01.089 263 319 D audio_hw_primary: out dev:AUDIO_CODEC
05-24 13:19:01.089 263 319 D audio_hw_primary: in dev:AUDIO_SPDIF
05-24 13:19:01.090 263 319 D audio_hw_primary: out dev:AUDIO_SPDIF
05-24 13:19:01.090 263 319 D audio_hw_primary: in dev:AUDIO_HDMI
05-24 13:19:01.090 263 319 D audio_hw_primary: out dev:AUDIO_HDMI
05-24 13:19:01.090 263 319 D audio_hw_primary: in dev:AUDIO_I2S2
05-24 13:19:01.090 263 319 D audio_hw_primary: out playback: AUDIO_CODEC,AUDIO_SPDIF,AUDIO_HDMI
05-24 13:19:01.094 487 1295 I BootReceiver: Copying audit failures to DropBox
05-24 13:19:01.096 487 1295 I BootReceiver: Checking for fsck errors
05-24 13:19:01.100 263 319 D xm_audio: adev_get_parameters
05-24 13:19:01.104 287 460 I hash_map_utils: system/bt/osi/src/hash_map_utils.cc:81 hash_map_utils_dump_string_keys_string_values: key: 'audio_devices_out' value: ''
05-24 13:19:01.104 487 621 D WifiConnectivityHelper: Firmware supported feature set: d8108a801003d
05-24 13:19:01.104 487 621 D WifiConnectivityHelper: Firmware roaming is not supported
05-24 13:19:01.108 487 487 D AudioManagerEx: type audio_devices_out list AUDIO_CODEC,AUDIO_SPDIF,AUDIO_HDMI=
05-24 13:19:01.112 487 487 D AudioManagerPolicy: get AUDIO_MANAGE_POLICY is 2
05-24 13:19:01.112 487 487 I system_server: type=1400 audit(0.0:490): avc: denied { call } for scontext=u:r:system_server:s0 tcontext=u:r:hal_awdisplayoutput_default:s0 tclass=binder permissive=1
05-24 13:19:01.118 487 487 E AudioDeviceManagerObserver: Could not parse switch state for /sys/devices/virtual/switch/h2w/state ,fail because /sys/devices/virtual/switch/h2w/state: open failed: ENOENT (No such file or directory)
05-24 13:19:01.125 487 487 D AudioManagerPolicy: no usb audio i=3 size=3
05-24 13:19:01.140 1095 1095 I DefaultDispatch: type=1400 audit(0.0:491): avc: denied { search } for name="tmp" dev="dm-9" ino=85 scontext=u:r:system_app:s0 tcontext=u:object_r:shell_data_file:s0 tclass=dir permissive=1
05-24 13:19:01.145 672 672 E WifiHAL : wifi_get_link_stats: requestResponse Error:-5
05-24 13:19:01.151 487 533 D ColorDisplayService: NightDisplayTintController Animation cancelled: false to matrix:
05-24 13:19:01.151 487 533 D ColorDisplayService: 1.000000 0.000000 0.000000 0.000000 0.000000 1.000000 0.000000 0.000000 0.000000 0.000000 1.000000 0.000000 0.000000 0.000000 0.000000 1.000000 min matrix coefficients:
05-24 13:19:01.151 487 533 D ColorDisplayService: 1.000000 0.000000 0.000000 0.000000 0.000000 1.000000 0.000000 0.000000 0.000000 0.000000 1.000000 0.000000 0.000000 0.000000 0.000000 1.000000 max matrix coefficients:
05-24 13:19:01.151 487 533 D ColorDisplayService: 1.000000 0.000000 0.000000 0.000000 0.000000 1.000000 0.000000 0.000000 0.000000 0.000000 1.000000 0.000000 0.000000 0.000000 0.000000 1.000000
05-24 13:19:01.155 1223 1223 W bei.lerad.rock: Class com.iflytek.aiui.AIUIAgent failed lock verification and will run slower.
05-24 13:19:01.155 1223 1223 W bei.lerad.rock: Common causes for lock verification issues are non-optimized dex code
05-24 13:19:01.155 1223 1223 W bei.lerad.rock: and incorrect proguard optimizations.
05-24 13:19:01.158 1095 1095 I Choreographer: Skipped 75 frames! The application may be doing too much work on its main thread.
05-24 13:19:01.170 487 487 D AudioManagerPolicy: curType4 isHdmiPlugin =true
05-24 13:19:01.177 690 690 V TvNotificationHandler: Notification not added because it isn't relevant for tv
05-24 13:19:01.185 487 487 D AudioManagerPolicy: hdmi is available on init.
05-24 13:19:01.185 487 487 D AudioManagerPolicy: notifyHdmiAvailable hdmi is available
05-24 13:19:01.186 487 621 E WifiVendorHal: getWifiLinkLayerStats_1_5_Internal(l.1191) failed {.code = ERROR_INVALID_ARGS, .description = }
05-24 13:19:01.193 1223 1249 I UtilCommon: bluetoothMac=B4:2F:03:15:74:2B
05-24 13:19:01.203 487 621 D WakeupController: onWifiEnabled()
05-24 13:19:01.205 487 1295 D CompatibilityChangeReporter: Compat change id reported: 135634846; UID 10015; state: DISABLED
05-24 13:19:01.205 487 1295 D CompatibilityChangeReporter: Compat change id reported: 177438394; UID 10015; state: DISABLED
05-24 13:19:01.206 487 1295 D CompatibilityChangeReporter: Compat change id reported: 135772972; UID 10015; state: DISABLED
05-24 13:19:01.206 1223 1223 I AiuiEngine: create aiui agent
05-24 13:19:01.206 487 1295 D CompatibilityChangeReporter: Compat change id reported: 135754954; UID 10015; state: ENABLED
05-24 13:19:01.206 487 621 W WifiClientModeImpl: No cached packet filter to apply
05-24 13:19:01.207 1223 1223 D RockyVoice_AiUiDelegate: 初始化成功
05-24 13:19:01.208 487 552 D CompatibilityChangeReporter: Compat change id reported: 143937733; UID 10015; state: ENABLED
05-24 13:19:01.208 1223 1307 W bei.lerad.rock: Class com.iflytek.aiui.utils.c failed lock verification and will run slower.
05-24 13:19:01.216 1223 1223 D RockyNetMessageUtil: initTipsList tipEntity = null isRequestTipSuccess = false
05-24 13:19:01.219 487 621 D WifiClientModeImpl[wlan0]: entering ConnectableState: ifaceName = wlan0
05-24 13:19:01.223 1252 1252 D wpa_supplicant: sprd_wpa_driver_nl80211_driver_cmd SETSUSPENDMODE 1 len = 0, 16
05-24 13:19:01.221 1223 1310 W System.err: java.net.UnknownHostException: Unable to resolve host "tyapi.qun7.com": No address associated with hostname
05-24 13:19:01.234 1223 1310 W System.err: at java.net.Inet6AddressImpl.lookupHostByName(Inet6AddressImpl.java:156)
