05-24 13:18:48.968 487 537 I SystemConfig: Reading permissions from /vendor/etc/permissions/android.hardware.bluetooth.xml
05-24 13:18:48.969 487 487 D CompatConfig: Adding: com.android.server.compat.config.Change@249b25c
05-24 13:18:48.971 487 487 D CompatConfig: Adding: com.android.server.compat.config.Change@f99963a
05-24 13:18:48.971 487 537 I SystemConfig: Reading permissions from /vendor/etc/permissions/android.hardware.touchscreen.multitouch.xml
05-24 13:18:48.971 527 527 E BootAnimation: no audio.wav could be found!
05-24 13:18:48.971 527 527 D BootAnimation: BootAnimationPreloadStopTiming start time: 15846ms
05-24 13:18:48.971 487 487 D CompatConfig: Adding: com.android.server.compat.config.Change@b06d2eb
05-24 13:18:48.972 487 487 D CompatConfig: Adding: com.android.server.compat.config.Change@2ed9848
05-24 13:18:48.974 297 342 E HWComposer: getSupportedContentTypes: getSupportedContentTypes failed for display 0: Unsupported (8)
05-24 13:18:48.975 487 537 I SystemConfig: Reading permissions from /vendor/etc/permissions/android.hardware.camera.front.xml
05-24 13:18:48.976 487 487 D CompatConfig: Adding: com.android.server.compat.config.Change@27adc06
05-24 13:18:48.977 527 541 E cutils-trace: Error opening trace file: No such file or directory (2)
05-24 13:18:48.978 487 487 D CompatConfig: Adding: com.android.server.compat.config.Change@ffdb2c7
05-24 13:18:48.979 487 487 D CompatConfig: Found a config file: /system/etc/compatconfig/documents-ui-compat-config.xml
05-24 13:18:48.979 487 537 I SystemConfig: Reading permissions from /vendor/etc/permissions/android.hardware.vulkan.compute.xml
05-24 13:18:48.980 487 487 D CompatConfig: Adding: com.android.server.compat.config.Change@fd8b292
05-24 13:18:48.982 487 487 D CompatConfig: Found a config file: /system/etc/compatconfig/icu4j-platform-compat-config.xml
05-24 13:18:48.983 487 537 I SystemConfig: Reading permissions from /vendor/etc/permissions/android.hardware.usb.host.xml
05-24 13:18:48.984 487 487 D CompatConfig: Adding: com.android.server.compat.config.Change@fcb65de
05-24 13:18:48.986 487 537 I SystemConfig: Reading permissions from /vendor/etc/permissions/android.hardware.keystore.app_attest_key.xml
05-24 13:18:48.988 487 487 D CompatConfig: No directory /system/system_ext/etc/compatconfig, skipping
05-24 13:18:48.990 487 537 I SystemConfig: Reading permissions from /vendor/etc/permissions/android.hardware.camera.flash-autofocus.xml
05-24 13:18:48.991 487 487 D CompatConfig: No directory /apex/com.android.wifi/etc/compatconfig, skipping
05-24 13:18:48.991 487 487 D CompatConfig: No directory /apex/com.android.vndk.v31/etc/compatconfig, skipping
05-24 13:18:48.992 487 487 D CompatConfig: No directory /apex/com.android.tzdata/etc/compatconfig, skipping
05-24 13:18:48.992 487 487 D CompatConfig: No directory /apex/com.android.tethering/etc/compatconfig, skipping
05-24 13:18:48.992 487 487 D CompatConfig: No directory /apex/com.android.sdkext/etc/compatconfig, skipping
05-24 13:18:48.992 487 487 D CompatConfig: No directory /apex/com.android.scheduling/etc/compatconfig, skipping
05-24 13:18:48.992 487 487 D CompatConfig: No directory /apex/com.android.runtime/etc/compatconfig, skipping
05-24 13:18:48.992 487 487 D CompatConfig: No directory /apex/com.android.resolv/etc/compatconfig, skipping
05-24 13:18:48.992 487 487 D CompatConfig: No directory /apex/com.android.permission/etc/compatconfig, skipping
05-24 13:18:48.994 487 537 I SystemConfig: Reading permissions from /vendor/etc/permissions/android.software.backup.xml
05-24 13:18:48.994 487 487 D CompatConfig: No directory /apex/com.android.os.statsd/etc/compatconfig, skipping
05-24 13:18:48.994 487 487 D CompatConfig: No directory /apex/com.android.neuralnetworks/etc/compatconfig, skipping
05-24 13:18:48.996 487 537 I SystemConfig: Reading permissions from /vendor/etc/permissions/android.hardware.usb.accessory.xml
05-24 13:18:48.998 487 537 I SystemConfig: Reading permissions from /vendor/etc/permissions/android.hardware.hardware_keystore.xml
05-24 13:18:49.002 487 487 D CompatConfig: Found a config file: /apex/com.android.mediaprovider/etc/compatconfig/media-provider-platform-compat-config.xml
05-24 13:18:49.004 527 541 D libEGL : loaded /vendor/lib/egl/libGLES_mali.so
05-24 13:18:49.005 487 487 D CompatConfig: Adding: com.android.server.compat.config.Change@a35a51
05-24 13:18:49.008 487 520 I Zygote : Preloading shared libraries...
05-24 13:18:49.010 487 537 I SystemConfig: Reading permissions from /vendor/etc/permissions/android.software.vulkan.deqp.level.xml
05-24 13:18:49.010 487 487 D CompatConfig: Adding: com.android.server.compat.config.Change@dd8ca62
05-24 13:18:49.011 487 487 D CompatConfig: Adding: com.android.server.compat.config.Change@cc437f3
05-24 13:18:49.012 487 487 D CompatConfig: Adding: com.android.server.compat.config.Change@18a0cb0
05-24 13:18:49.013 487 487 D CompatConfig: Adding: com.android.server.compat.config.Change@7c53729
05-24 13:18:49.014 487 487 D CompatConfig: Adding: com.android.server.compat.config.Change@e0604f
05-24 13:18:49.015 487 487 D CompatConfig: Adding: com.android.server.compat.config.Change@8fb43dc
05-24 13:18:49.016 487 487 D CompatConfig: No directory /apex/com.android.media.swcodec/etc/compatconfig, skipping
05-24 13:18:49.016 487 487 D CompatConfig: No directory /apex/com.android.media/etc/compatconfig, skipping
05-24 13:18:49.016 487 487 D CompatConfig: No directory /apex/com.android.ipsec/etc/compatconfig, skipping
05-24 13:18:49.016 487 487 D CompatConfig: No directory /apex/com.android.i18n/etc/compatconfig, skipping
05-24 13:18:49.016 487 487 D CompatConfig: No directory /apex/com.android.extservices/etc/compatconfig, skipping
05-24 13:18:49.017 487 487 D CompatConfig: No directory /apex/com.android.conscrypt/etc/compatconfig, skipping
05-24 13:18:49.017 487 537 I SystemConfig: Reading permissions from /vendor/etc/permissions/android.hardware.camera.external.xml
05-24 13:18:49.021 487 487 D CompatConfig: Found a config file: /apex/com.android.art/etc/compatconfig/libcore-platform-compat-config.xml
05-24 13:18:49.021 487 537 I SystemConfig: Reading permissions from /vendor/etc/permissions/android.hardware.wifi.xml
05-24 13:18:49.023 487 487 D CompatConfig: Adding: com.android.server.compat.config.Change@5ef039d
05-24 13:18:49.025 487 487 D CompatConfig: Adding: com.android.server.compat.config.Change@e6b03e3
05-24 13:18:49.025 487 537 I SystemConfig: Reading permissions from /vendor/etc/permissions/android.software.verified_boot.xml
05-24 13:18:49.026 487 487 D CompatConfig: Adding: com.android.server.compat.config.Change@35201e0
05-24 13:18:49.027 487 487 D CompatConfig: Adding: com.android.server.compat.config.Change@55f9b5e
05-24 13:18:49.028 487 487 D CompatConfig: Adding: com.android.server.compat.config.Change@3bffb3f
05-24 13:18:49.029 487 487 D CompatConfig: No directory /apex/com.android.appsearch/etc/compatconfig, skipping
05-24 13:18:49.030 487 487 D CompatConfig: No directory /apex/com.android.adbd/etc/compatconfig, skipping
05-24 13:18:49.030 487 537 I SystemConfig: Reading permissions from /vendor/etc/permissions/android.software.pppoe.xml
05-24 13:18:49.032 487 537 I SystemConfig: Reading permissions from /vendor/etc/permissions/android.hardware.wifi.direct.xml
05-24 13:18:49.036 487 537 I SystemConfig: Reading permissions from /vendor/etc/permissions/android.hardware.ethernet.xml
05-24 13:18:49.039 487 487 D SystemServerTiming: PlatformCompat took to complete: 246ms
05-24 13:18:49.039 487 487 I SystemServerTiming: StartFileIntegrityService
05-24 13:18:49.040 487 487 I SystemServiceManager: Starting com.android.server.security.FileIntegrityService
05-24 13:18:49.040 487 537 I SystemConfig: Reading permissions from /vendor/etc/permissions/android.software.midi.xml
05-24 13:18:49.043 487 537 I SystemConfig: Reading permissions from /vendor/etc/permissions/android.hardware.reboot_escrow.xml
05-24 13:18:49.047 487 537 I SystemConfig: Reading permissions from /vendor/etc/permissions/android.hardware.opengles.aep.xml
05-24 13:18:49.052 487 537 I SystemConfig: Reading permissions from /vendor/etc/permissions/android.hardware.bluetooth_le.xml
05-24 13:18:49.055 487 487 D SystemServerTiming: StartFileIntegrityService took to complete: 15ms
05-24 13:18:49.055 487 487 I SystemServerTiming: StartInstaller
05-24 13:18:49.055 487 487 I SystemServiceManager: Starting com.android.server.pm.Installer
05-24 13:18:49.057 487 537 I SystemConfig: Reading permissions from /vendor/etc/permissions/android.hardware.vulkan.level.xml
05-24 13:18:49.059 487 537 I SystemConfig: Reading permissions from /vendor/etc/permissions/id.hardware.camera.xml
05-24 13:18:49.060 372 397 D installd: Found quota mount /dev/block/dm-9 at /data
05-24 13:18:49.060 372 397 D installd: Found quota mount /dev/block/dm-9 at /data/user/0
05-24 13:18:49.064 487 487 D SystemServerTiming: StartInstaller took to complete: 9ms
05-24 13:18:49.065 487 487 I SystemServerTiming: DeviceIdentifiersPolicyService
05-24 13:18:49.065 487 487 I SystemServiceManager: Starting com.android.server.os.DeviceIdentifiersPolicyService
05-24 13:18:49.065 487 537 I SystemConfig: Reading permissions from /vendor/etc/permissions/android.hardware.wifi.passpoint.xml
05-24 13:18:49.067 487 487 D SystemServerTiming: DeviceIdentifiersPolicyService took to complete: 2ms
05-24 13:18:49.067 487 487 I SystemServerTiming: UriGrantsManagerService
05-24 13:18:49.067 487 487 I SystemServiceManager: Starting com.android.server.uri.UriGrantsManagerService$Lifecycle
05-24 13:18:49.067 487 537 I SystemConfig: Reading permissions from /vendor/etc/permissions/tv_core_hardware.xml
05-24 13:18:49.069 487 537 I SystemConfig: Reading permissions from /vendor/etc/permissions/android.hardware.vulkan.version.xml
05-24 13:18:49.071 487 537 I SystemConfig: Reading permissions from /vendor/etc/permissions/android.software.ipsec_tunnels.xml
05-24 13:18:49.072 487 487 D SystemServerTiming: UriGrantsManagerService took to complete: 5ms
05-24 13:18:49.072 487 487 I SystemServerTiming: StartPowerStatsService
05-24 13:18:49.072 487 487 I SystemServiceManager: Starting com.android.server.powerstats.PowerStatsService
05-24 13:18:49.072 487 537 I SystemConfig: Reading permissions from /vendor/etc/permissions/android.software.opengles.deqp.level.xml
05-24 13:18:49.075 191 191 E servicemanager: Could not find android.hardware.power.stats.IPowerStats/default in the VINTF manifest.
05-24 13:18:49.076 487 537 I SystemConfig: Reading permissions from /product/etc/sysconfig/preinstalled-packages-platform-handheld-product.xml
05-24 13:18:49.078 487 537 I SystemConfig: Reading permissions from /product/etc/sysconfig/preinstalled-packages-platform-overlays.xml
05-24 13:18:49.079 192 192 I hwservicemanager: getTransport: Cannot find entry android.hardware.power.stats@1.0::IPowerStats/default in either framework or device VINTF manifest.
05-24 13:18:49.080 487 487 E PowerStatsService: Unable to get power.stats HAL service.
05-24 13:18:49.080 487 487 E PowerStatsService: nativeInit failed to connect to power.stats HAL
05-24 13:18:49.081 487 487 D SystemServerTiming: StartPowerStatsService took to complete: 9ms
05-24 13:18:49.081 487 487 I SystemServerTiming: StartIStatsService
05-24 13:18:49.082 192 192 I hwservicemanager: getTransport: Cannot find entry android.frameworks.stats@1.0::IStats/default in either framework or device VINTF manifest.
05-24 13:18:49.083 487 487 E HidlServiceManagement: Service android.frameworks.stats@1.0::IStats/default must be in VINTF manifest in order to register/get.
05-24 13:18:49.083 487 487 W system_server: Cannot register HIDL android.frameworks.stats@1.0::IStats: -2147483648
05-24 13:18:49.084 191 191 I servicemanager: Found android.frameworks.stats.IStats/default in framework VINTF manifest.
05-24 13:18:49.084 487 487 D SystemServerTiming: StartIStatsService took to complete: 3ms
05-24 13:18:49.084 487 487 I SystemServerTiming: MemtrackProxyService
05-24 13:18:49.087 487 537 I SystemConfig: Reading permissions from /product/etc/permissions/com.android.settings.intelligence.xml
05-24 13:18:49.088 192 192 I hwservicemanager: getTransport: Cannot find entry android.hardware.memtrack@1.0::IMemtrack/default in either framework or device VINTF manifest.
05-24 13:18:49.089 191 191 E servicemanager: Could not find android.hardware.memtrack.IMemtrack/default in the VINTF manifest.
05-24 13:18:49.090 487 487 I Stability: Interface set with vintf stability wire protocol version 1 downgraded to system stability wire protocol version 1 stability
05-24 13:18:49.090 487 487 D SystemServerTiming: MemtrackProxyService took to complete: 6ms
05-24 13:18:49.090 487 487 I SystemServerTiming: StartActivityManager
05-24 13:18:49.090 487 487 I SystemServiceManager: Starting com.android.server.wm.ActivityTaskManagerService$Lifecycle
05-24 13:18:49.088 527 527 I BootAnimation: type=1400 audit(0.0:306): avc: denied { search } for name="data" dev="dm-9" ino=87 scontext=u:r:bootanim:s0 tcontext=u:object_r:system_data_file:s0:c512,c768 tclass=dir permissive=1
05-24 13:18:49.093 487 537 I SystemConfig: Reading permissions from /product/etc/permissions/com.android.tv.xml
05-24 13:18:49.095 487 537 W SystemConfig: No directory /system_ext/etc/sysconfig, skipping
05-24 13:18:49.098 192 192 I hwservicemanager: getTransport: Cannot find entry android.hardware.configstore@1.0::ISurfaceFlingerConfigs/default in either framework or device VINTF manifest.
05-24 13:18:49.098 487 537 I SystemConfig: Reading permissions from /system_ext/etc/permissions/privapp-settingssetup.xml
05-24 13:18:49.103 487 537 I SystemConfig: Reading permissions from /system_ext/etc/permissions/com.softwinner.screenshot.xml
05-24 13:18:49.107 487 487 I SystemServiceManager: Starting com.android.server.am.ActivityManagerService$Lifecycle
05-24 13:18:49.109 487 537 I SystemConfig: Reading permissions from /system_ext/etc/permissions/com.android.provision.xml
05-24 13:18:49.114 487 537 I SystemConfig: Reading permissions from /system_ext/etc/permissions/com.android.systemui.xml
05-24 13:18:49.119 487 537 I SystemConfig: Reading permissions from /system_ext/etc/permissions/com.android.carrierconfig.xml
05-24 13:18:49.122 487 537 I SystemConfig: Reading permissions from /system_ext/etc/permissions/com.android.tv.settings.xml
05-24 13:18:49.125 487 537 I SystemConfig: Reading permissions from /system_ext/etc/permissions/provision-permissions.xml
05-24 13:18:49.127 487 537 I SystemConfig: Reading permissions from /system_ext/etc/permissions/com.android.storagemanager.xml
05-24 13:18:49.133 487 487 I ActivityManager: Memory class: 256
05-24 13:18:49.133 487 537 I SystemConfig: Reading permissions from /apex/com.android.ipsec/etc/permissions/android.net.ipsec.ike.xml
05-24 13:18:49.137 527 541 D BootAnimation: BootAnimationShownTiming start time: 16012ms
05-24 13:18:49.138 487 551 I Binder : Setting heavy hitter watcher config: false, 0, 0.0
05-24 13:18:49.149 487 537 W SystemConfig: Failed to read public libraries file /vendor/etc/public.libraries.txt
05-24 13:18:49.149 487 537 W SystemConfig: java.io.FileNotFoundException: /vendor/etc/public.libraries.txt: open failed: ENOENT (No such file or directory)
05-24 13:18:49.149 487 537 W SystemConfig: at libcore.io.IoBridge.open(IoBridge.java:575)
05-24 13:18:49.149 487 537 W SystemConfig: at java.io.FileInputStream.(FileInputStream.java:160)
05-24 13:18:49.149 487 537 W SystemConfig: at java.io.FileReader.(FileReader.java:72)
05-24 13:18:49.149 487 537 W SystemConfig: at com.android.server.SystemConfig.readPublicLibrariesListFile(SystemConfig.java:1601)
05-24 13:18:49.149 487 537 W SystemConfig: at com.android.server.SystemConfig.readPublicNativeLibrariesList(SystemConfig.java:1583)
05-24 13:18:49.149 487 537 W SystemConfig: at com.android.server.SystemConfig.(SystemConfig.java:484)
05-24 13:18:49.149 487 537 W SystemConfig: at com.android.server.SystemConfig.getInstance(SystemConfig.java:272)
05-24 13:18:49.149 487 537 W SystemConfig: at com.android.server.SystemServer$$ExternalSyntheticLambda7.run(Unknown Source:0)
05-24 13:18:49.149 487 537 W SystemConfig: at com.android.server.SystemServerInitThreadPool.lambda$submitTask$0$SystemServerInitThreadPool(SystemServerInitThreadPool.java:105)
05-24 13:18:49.149 487 537 W SystemConfig: at com.android.server.SystemServerInitThreadPool$$ExternalSyntheticLambda0.run(Unknown Source:6)
05-24 13:18:49.149 487 537 W SystemConfig: at java.util.concurrent.Executors$RunnableAdapter.call(Executors.java:462)
05-24 13:18:49.149 487 537 W SystemConfig: at java.util.concurrent.FutureTask.run(FutureTask.java:266)
05-24 13:18:49.149 487 537 W SystemConfig: at java.util.concurrent.ThreadPoolExecutor.runWorker(ThreadPoolExecutor.java:1167)
05-24 13:18:49.149 487 537 W SystemConfig: at java.util.concurrent.ThreadPoolExecutor$Worker.run(ThreadPoolExecutor.java:641)
05-24 13:18:49.149 487 537 W SystemConfig: at com.android.internal.util.ConcurrentUtils$1$1.run(ConcurrentUtils.java:65)
05-24 13:18:49.149 487 537 W SystemConfig: Caused by: android.system.ErrnoException: open failed: ENOENT (No such file or directory)
05-24 13:18:49.149 487 537 W SystemConfig: at libcore.io.Linux.open(Native Method)
05-24 13:18:49.149 487 537 W SystemConfig: at libcore.io.ForwardingOs.open(ForwardingOs.java:567)
05-24 13:18:49.149 487 537 W SystemConfig: at libcore.io.BlockGuardOs.open(BlockGuardOs.java:273)
05-24 13:18:49.149 487 537 W SystemConfig: at libcore.io.IoBridge.open(IoBridge.java:561)
05-24 13:18:49.149 487 537 W SystemConfig: ... 14 more
05-24 13:18:49.151 487 537 D SystemConfig: readAllPermissions took to complete: 351ms
05-24 13:18:49.153 487 537 D SystemServerInitThreadPool: Finished executing ReadingSystemConfig
05-24 13:18:49.153 487 537 D SystemServerTimingAsync: InitThreadPoolExec:ReadingSystemConfig took to complete: 353ms
05-24 13:18:49.191 487 519 W Zygote : Class not found for preloading: android.view.SurfaceView$2
05-24 13:18:49.203 192 192 I hwservicemanager: getTransport: Cannot find entry android.hardware.graphics.mapper@4.0::IMapper/default in either framework or device VINTF manifest.
05-24 13:18:49.204 527 541 I Gralloc4: mapper 4.x is not supported
05-24 13:18:49.205 192 192 I hwservicemanager: getTransport: Cannot find entry android.hardware.graphics.mapper@3.0::IMapper/default in either framework or device VINTF manifest.
05-24 13:18:49.205 527 541 W Gralloc3: mapper 3.x is not supported
05-24 13:18:49.210 487 487 D BatteryStatsImpl: Reading daily items from /data/system/batterystats-daily.xml
05-24 13:18:49.213 527 541 E gralloc : Arm Module v1.0
05-24 13:18:49.214 192 192 I hwservicemanager: getTransport: Cannot find entry android.hardware.graphics.allocator@4.0::IAllocator/default in either framework or device VINTF manifest.
05-24 13:18:49.214 527 541 W Gralloc4: allocator 4.x is not supported
05-24 13:18:49.215 192 192 I hwservicemanager: getTransport: Cannot find entry android.hardware.graphics.allocator@3.0::IAllocator/default in either framework or device VINTF manifest.
05-24 13:18:49.215 527 541 W Gralloc3: allocator 3.x is not supported
05-24 13:18:49.220 269 269 I gralloc : alloc buffer:W:1920 H:1080 S:1920 PL[1920 1080] SZ:8294400 fmt:43 if:0 af:43 usg:20000b00 fg:00000004
05-24 13:18:49.220 527 541 E ion : ioctl c0044901 failed with code -1: Inappropriate ioctl for device
05-24 13:18:49.237 192 192 I hwservicemanager: getTransport: Cannot find entry android.hardware.power.stats@1.0::IPowerStats/default in either framework or device VINTF manifest.
05-24 13:18:49.237 487 558 E BatteryStatsService: Unable to load Power.Stats.HAL. Setting rail availability to false
05-24 13:18:49.240 487 558 E BluetoothAdapter: Bluetooth binder is null
05-24 13:18:49.243 487 558 I KernelCpuUidFreqTimeReader: mPerClusterTimesAvailable=false
05-24 13:18:49.249 487 558 W KernelCpuUidFreqTimeBpfMapReader: Failed to start tracking
05-24 13:18:49.250 487 558 W KernelCpuProcStringReader: File not found. It's normal if not implemented: /proc/uid_time_in_state
05-24 13:18:49.251 487 558 W KernelCpuUidActiveTimeBpfMapReader: Failed to start tracking
05-24 13:18:49.252 487 558 W KernelCpuProcStringReader: File not found. It's normal if not implemented: /proc/uid_concurrent_active_time
05-24 13:18:49.252 487 558 W KernelCpuUidClusterTimeBpfMapReader: Failed to start tracking
05-24 13:18:49.253 487 558 W KernelCpuProcStringReader: File not found. It's normal if not implemented: /proc/uid_concurrent_policy_time
05-24 13:18:49.254 487 558 E KernelCpuSpeedReader: Failed to read cpu-freq: /sys/devices/system/cpu/cpu0/cpufreq/stats/time_in_state: open failed: ENOENT (No such file or directory)
05-24 13:18:49.254 487 558 E system_server: Cannot read thread CPU times for PID 487
05-24 13:18:49.255 297 297 I SurfaceFlinger: Enter boot animation
05-24 13:18:49.257 272 272 E ion : ioctl c0044901 failed with code -1: Inappropriate ioctl for device
05-24 13:18:49.258 272 272 W sunxihwc: computeLayerMemoryFootprint: Unknown pixelformat(-1)
05-24 13:18:49.398 387 387 I : DVI mode selected: packets not configured
05-24 13:18:49.405 387 387 I : Error: set vsif failed
05-24 13:18:49.268 215 215 I Binder:215_2: type=1400 audit(0.0:307): avc: denied { read } for name="event_count" dev="sysfs" ino=22158 scontext=u:r:system_suspend:s0 tcontext=u:object_r:sysfs:s0 tclass=file permissive=1
05-24 13:18:49.312 269 269 I gralloc : alloc buffer:W:1920 H:1080 S:1920 PL[1920 1080] SZ:8294400 fmt:43 if:0 af:43 usg:20000b00 fg:00000004
05-24 13:18:49.314 487 558 W KernelMemoryBandwidthStats: No kernel memory bandwidth stats available
05-24 13:18:49.338 272 387 D sunxihwc: checkPerformance: PerfMonitor total[w]: 72 acquire: 5 submit: 67 release: 0
05-24 13:18:49.268 215 215 I Binder:215_2: type=1400 audit(0.0:308): avc: denied { open } for path="/sys/devices/platform/soc@3000000/7040000.s_cir/wakeup/wakeup4/event_count" dev="sysfs" ino=22158 scontext=u:r:system_suspend:s0 tcontext=u:object_r:sysfs:s0 tclass=file permissive=1
05-24 13:18:49.376 269 269 I gralloc : alloc buffer:W:1920 H:1080 S:1920 PL[1920 1080] SZ:8294400 fmt:43 if:0 af:43 usg:20000b00 fg:00000004
05-24 13:18:49.268 215 215 I Binder:215_2: type=1400 audit(0.0:309): avc: denied { getattr } for path="/sys/devices/platform/soc@3000000/7040000.s_cir/wakeup/wakeup4/event_count" dev="sysfs" ino=22158 scontext=u:r:system_suspend:s0 tcontext=u:object_r:sysfs:s0 tclass=file permissive=1
05-24 13:18:49.506 387 387 I : DVI mode selected: packets not configured
05-24 13:18:49.513 387 387 I : Error: set vsif failed
05-24 13:18:49.531 387 387 I : DVI mode selected: packets not configured
05-24 13:18:49.538 387 387 I : Error: set vsif failed
05-24 13:18:49.591 387 387 I : DVI mode selected: packets not configured
05-24 13:18:49.598 387 387 I : Error: set vsif failed
05-24 13:18:49.523 487 487 I IntentFirewall: Read new rules (A:0 B:0 S:0)
05-24 13:18:49.650 387 387 I : DVI mode selected: packets not configured
05-24 13:18:49.657 387 387 I : Error: set vsif failed
05-24 13:18:49.557 487 487 E libprocessgroup: Failed to open /dev/memcg/apps: Permission denied
05-24 13:18:49.557 487 519 I Zygote : ...preloaded 7337 classes in 1169ms.
05-24 13:18:49.558 487 518 I Zygote : Called ZygoteHooks.endPreload()
05-24 13:18:49.559 487 518 I Zygote : Installed AndroidKeyStoreProvider in 1ms.
05-24 13:18:49.564 487 487 D AppOps : AppOpsService published
05-24 13:18:49.573 487 487 D SystemServerTiming: StartActivityManager took to complete: 483ms
05-24 13:18:49.573 487 487 I SystemServerTiming: StartDataLoaderManagerService
05-24 13:18:49.573 487 487 I SystemServiceManager: Starting com.android.server.pm.DataLoaderManagerService
05-24 13:18:49.590 487 518 I Zygote : Warmed up JCA providers in 31ms.
05-24 13:18:49.590 487 518 D Zygote : Zygote:ThreadPreadloadClass took 1203ms.
05-24 13:18:49.710 387 387 I : DVI mode selected: packets not configured
05-24 13:18:49.717 387 387 I : Error: set vsif failed
05-24 13:18:49.597 487 487 D SystemServerTiming: StartDataLoaderManagerService took to complete: 24ms
05-24 13:18:49.598 487 487 I SystemServerTiming: StartIncrementalService
05-24 13:18:49.604 487 487 I incfs-mounts: [incfs] Loaded incremental-fs mount info: 0 instances, 0 mount points
05-24 13:18:49.606 487 487 D SystemServerTiming: StartIncrementalService took to complete: 8ms
05-24 13:18:49.606 487 487 I SystemServerTiming: StartPowerManager
05-24 13:18:49.606 487 487 I SystemServiceManager: Starting com.android.server.power.PowerManagerService
05-24 13:18:49.629 191 191 I servicemanager: Found android.hardware.power.IPower/default in device VINTF manifest.
05-24 13:18:49.632 192 192 I hw-BpHwBinder: onLastStrongRef automatically unlinking death recipients
05-24 13:18:49.633 277 277 I AW_PowerHAL: Power setMode: INTERACTIVE to: 1
05-24 13:18:49.633 277 277 I AW_PowerHAL: not completed yet, ignore mode request other
05-24 13:18:49.633 277 277 I AW_PowerHAL: check: Mode 0 not Supported ,do nothing
05-24 13:18:49.751 387 387 I : DVI mode selected: packets not configured
05-24 13:18:49.757 387 387 I : Error: set vsif failed
05-24 13:18:49.636 487 487 D SystemServerTiming: StartPowerManager took to complete: 30ms
05-24 13:18:49.636 487 487 I SystemServerTiming: StartThermalManager
05-24 13:18:49.636 487 487 I SystemServiceManager: Starting com.android.server.power.ThermalManagerService
05-24 13:18:49.637 487 487 D SystemServerTiming: StartThermalManager took to complete: 1ms
05-24 13:18:49.637 487 487 I SystemServerTiming: StartHintManager
05-24 13:18:49.638 487 487 I SystemServiceManager: Starting com.android.server.power.hint.HintManagerService
05-24 13:18:49.639 487 487 E PowerHalController: getHintSessionPreferredRate failed: Status(-129, EX_TRANSACTION_FAILED): 'UNKNOWN_TRANSACTION: '
05-24 13:18:49.640 487 487 D SystemServerTiming: StartHintManager took to complete: 2ms
05-24 13:18:49.640 487 487 I SystemServerTiming: InitPowerManagement
05-24 13:18:49.642 487 487 D SystemServerTiming: InitPowerManagement took to complete: 2ms
05-24 13:18:49.642 487 487 I SystemServerTiming: StartRecoverySystemService
05-24 13:18:49.642 487 487 I SystemServiceManager: Starting com.android.server.recoverysystem.RecoverySystemService$Lifecycle
05-24 13:18:49.645 487 487 D SystemServerTiming: StartRecoverySystemService took to complete: 3ms
05-24 13:18:49.646 487 487 I PackageWatchdog: Syncing state, reason: added new observer
05-24 13:18:49.646 487 487 I PackageWatchdog: Not pruning observers, elapsed time: 0ms
05-24 13:18:49.646 487 550 I PackageWatchdog: Saving observer state to file
05-24 13:18:49.649 487 487 I PackageWatchdog: Cancelling state sync, nothing to sync
05-24 13:18:49.652 487 487 I SystemServerTiming: StartLightsService
05-24 13:18:49.652 487 487 I SystemServiceManager: Starting com.android.server.lights.LightsService
05-24 13:18:49.658 191 191 I servicemanager: Found android.hardware.light.ILights/default in device VINTF manifest.
05-24 13:18:49.661 276 276 I android.hardware.lights-service: Lights reporting supported lights size=1
05-24 13:18:49.663 487 487 D SystemServerTiming: StartLightsService took to complete: 11ms
05-24 13:18:49.663 487 487 I SystemServerTiming: StartSidekickService
05-24 13:18:49.663 487 487 D SystemServerTiming: StartSidekickService took to complete: 0ms
05-24 13:18:49.663 487 487 I SystemServerTiming: StartDisplayManager
05-24 13:18:49.663 487 487 I SystemServiceManager: Starting com.android.server.display.DisplayManagerService
05-24 13:18:49.681 297 341 E HWComposer: getSupportedContentTypes: getSupportedContentTypes failed for display 0: Unsupported (8)
05-24 13:18:49.682 487 487 D SystemServerTiming: StartDisplayManager took to complete: 19ms
05-24 13:18:49.683 487 487 I SystemServerTiming: WaitForDisplay
05-24 13:18:49.683 487 487 I SystemServiceManager: Starting phase 100
05-24 13:18:49.683 487 487 I SystemServerTiming: OnBootPhase_100
05-24 13:18:49.811 387 387 I : DVI mode selected: packets not configured
05-24 13:18:49.817 387 387 I : Error: set vsif failed
05-24 13:18:49.703 487 533 I DisplayDeviceRepository: Display device added: DisplayDeviceInfo{"内置屏幕": uniqueId="local:0", 1920 x 1080, modeId 1, defaultModeId 1, supportedModes [{id=1, width=1920, height=1080, fps=50.0, alternativeRefreshRates=[]}], colorMode 0, supportedColorModes [0], hdrCapabilities HdrCapabilities{mSupportedHdrTypes=[2, 3], mMaxLuminance=500.0, mMaxAverageLuminance=500.0, mMinLuminance=0.0}, allmSupported false, gameContentTypeSupported false, density 240, 0.16 x 0.16 dpi, appVsyncOff 1000000, presDeadline 20000000, touch INTERNAL, rotation 0, type INTERNAL, address {port=0}, deviceProductInfo null, state UNKNOWN, frameRateOverride , brightnessMinimum 0.0, brightnessMaximum 1.0, brightnessDefault 0.39763778, FLAG_DEFAULT_DISPLAY, FLAG_ROTATES_WITH_CONTENT, FLAG_SECURE, FLAG_SUPPORTS_PROTECTED_BUFFERS}
05-24 13:18:49.706 487 533 I LogicalDisplayMapper: Applying layout: [{addr: {port=0}, dispId: 0(ON)}], Previous layout: null
05-24 13:18:49.709 487 533 I LogicalDisplayMapper: Adding new display: 0: DisplayInfo{"内置屏幕", displayId 0", displayGroupId -1, FLAG_SECURE, FLAG_SUPPORTS_PROTECTED_BUFFERS, FLAG_TRUSTED, real 1920 x 1080, largest app 1920 x 1080, smallest app 1920 x 1080, appVsyncOff 1000000, presDeadline 20000000, mode 1, defaultMode 1, modes [{id=1, width=1920, height=1080, fps=50.0, alternativeRefreshRates=[]}], hdrCapabilities HdrCapabilities{mSupportedHdrTypes=[2, 3], mMaxLuminance=500.0, mMaxAverageLuminance=500.0, mMinLuminance=0.0}, userDisabledHdrTypes [], minimalPostProcessingSupported false, rotation 0, state UNKNOWN, type INTERNAL, uniqueId "local:0", app 1920 x 1080, density 240 (0.16 x 0.16) dpi, layerStack 0, colorMode 0, supportedColorModes [0], address {port=0}, deviceProductInfo null, removeMode 0, refreshRateOverride 0.0, brightnessMinimum 0.0, brightnessMaximum 1.0, brightnessDefault 0.39763778}
05-24 13:18:49.711 487 533 I LogicalDisplayMapper: Setting new display group 0 for display 0, from previous group: null
05-24 13:18:49.713 487 487 D SystemServerTiming: OnBootPhase_100 took to complete: 30ms
05-24 13:18:49.713 487 487 D SystemServerTiming: WaitForDisplay took to complete: 30ms
05-24 13:18:49.714 487 487 I SystemServerTiming: StartDomainVerificationService
05-24 13:18:49.738 487 487 D SystemServerTiming: StartDomainVerificationService took to complete: 24ms
05-24 13:18:49.738 487 487 I SystemServerTiming: StartPackageManagerService
05-24 13:18:49.738 487 487 I Watchdog: Pausing HandlerChecker: main thread for reason: packagemanagermain. Pause count: 1
05-24 13:18:49.728 278 278 I EventThread: type=1400 audit(0.0:310): avc: denied { search } for name="extcon" dev="sysfs" ino=18109 scontext=u:r:hal_tv_cec_default:s0 tcontext=u:object_r:sysfs_extcon:s0 tclass=dir permissive=1
05-24 13:18:49.761 487 487 I PackageManagerTiming: create package manager
05-24 13:18:49.891 387 387 I : DVI mode selected: packets not configured
05-24 13:18:49.898 387 387 I : Error: set vsif failed
05-24 13:18:49.782 487 487 E PackageManager: /oem/delete.txt not exist
05-24 13:18:49.782 487 487 I PackageManagerTiming: createSubComponents
05-24 13:18:49.930 387 387 I : DVI mode selected: packets not configured
05-24 13:18:49.937 387 387 I : Error: set vsif failed
05-24 13:18:49.832 487 487 D PackageManagerTiming: createSubComponents took to complete: 50ms
05-24 13:18:49.832 487 487 I PackageManagerTiming: addSharedUsers
05-24 13:18:49.833 487 487 D PackageManagerTiming: addSharedUsers took to complete: 0ms
05-24 13:18:49.835 487 487 I PackageManagerTiming: get system config
05-24 13:18:49.835 487 487 D PackageManagerTiming: get system config took to complete: 0ms
05-24 13:18:49.842 487 487 D PackageManager: Directories scanned as system partitions: [/system:0, /vendor:524288, /odm:4194304, /oem:262144, /product:1048576, /system/system_ext:2097152, /apex/com.android.wifi:8388608, /apex/com.android.vndk.v31:8388608, /apex/com.android.tzdata:8388608, /apex/com.android.tethering:8388608, /apex/com.android.sdkext:8388608, /apex/com.android.scheduling:8388608, /apex/com.android.runtime:8388608, /apex/com.android.resolv:8388608, /apex/com.android.permission:8388608, /apex/com.android.os.statsd:8388608, /apex/com.android.neuralnetworks:8388608, /apex/com.android.mediaprovider:8388608, /apex/com.android.media.swcodec:8388608, /apex/com.android.media:8388608, /apex/com.android.ipsec:8388608, /apex/com.android.i18n:8388608, /apex/com.android.extservices:8388608, /apex/com.android.conscrypt:8388608, /apex/com.android.art:8388608, /apex/com.android.appsearch:8388608, /apex/com.android.adbd:8388608]
05-24 13:18:49.849 487 487 D SELinuxMMAC: Using policy file /system/etc/selinux/plat_mac_permissions.xml
05-24 13:18:49.852 487 487 D SELinuxMMAC: Using policy file /system_ext/etc/selinux/system_ext_mac_permissions.xml
05-24 13:18:49.854 487 487 D SELinuxMMAC: Using policy file /vendor/etc/selinux/vendor_mac_permissions.xml
05-24 13:18:49.856 487 487 I PackageManagerTiming: loadFallbacks
05-24 13:18:49.859 487 487 D FallbackCategoryProvider: Found 1 fallback categories
05-24 13:18:49.859 487 487 D PackageManagerTiming: loadFallbacks took to complete: 3ms
05-24 13:18:49.859 487 487 I PackageManagerTiming: read user settings
05-24 13:18:49.944 256 256 W ServiceManager: Service statscompanion didn't start. Returning NULL
05-24 13:18:49.949 256 256 I statsd : Statsd starts to listen to socket.
05-24 13:18:50.057 487 529 D SystemServerTimingAsync: loadPreinstalledSystemFontMap took to complete: 1277ms
05-24 13:18:50.057 487 529 D SystemServerInitThreadPool: Finished executing loadPreinstalledSystemFontMap
05-24 13:18:50.057 487 529 D SystemServerTimingAsync: InitThreadPoolExec:loadPreinstalledSystemFontMap took to complete: 1278ms
05-24 13:18:50.073 487 487 W android.permission.PermissionManager: Missing ActivityManager; assuming 1000 holds android.permission.SET_PREFERRED_APPLICATIONS
05-24 13:18:50.074 487 487 W android.permission.PermissionManager: Missing ActivityManager; assuming 1000 holds android.permission.SET_PREFERRED_APPLICATIONS
05-24 13:18:50.074 487 487 W android.permission.PermissionManager: Missing ActivityManager; assuming 1000 holds android.permission.SET_PREFERRED_APPLICATIONS
05-24 13:18:50.075 487 487 W android.permission.PermissionManager: Missing ActivityManager; assuming 1000 holds android.permission.SET_PREFERRED_APPLICATIONS
05-24 13:18:50.075 487 487 W android.permission.PermissionManager: Missing ActivityManager; assuming 1000 holds android.permission.SET_PREFERRED_APPLICATIONS
05-24 13:18:50.075 487 487 W android.permission.PermissionManager: Missing ActivityManager; assuming 1000 holds android.permission.SET_PREFERRED_APPLICATIONS
05-24 13:18:50.076 487 487 W android.permission.PermissionManager: Missing ActivityManager; assuming 1000 holds android.permission.SET_PREFERRED_APPLICATIONS
05-24 13:18:50.076 487 487 W android.permission.PermissionManager: Missing ActivityManager; assuming 1000 holds android.permission.SET_PREFERRED_APPLICATIONS
05-24 13:18:50.076 487 487 W android.permission.PermissionManager: Missing ActivityManager; assuming 1000 holds android.permission.SET_PREFERRED_APPLICATIONS
05-24 13:18:50.076 487 487 W android.permission.PermissionManager: Missing ActivityManager; assuming 1000 holds android.permission.SET_PREFERRED_APPLICATIONS
05-24 13:18:50.077 487 487 W android.permission.PermissionManager: Missing ActivityManager; assuming 1000 holds android.permission.SET_PREFERRED_APPLICATIONS
05-24 13:18:50.077 487 487 W android.permission.PermissionManager: Missing ActivityManager; assuming 1000 holds android.permission.SET_PREFERRED_APPLICATIONS
05-24 13:18:50.077 487 487 W android.permission.PermissionManager: Missing ActivityManager; assuming 1000 holds android.permission.SET_PREFERRED_APPLICATIONS
05-24 13:18:50.078 487 487 W android.permission.PermissionManager: Missing ActivityManager; assuming 1000 holds android.permission.SET_PREFERRED_APPLICATIONS
05-24 13:18:50.078 487 487 W android.permission.PermissionManager: Missing ActivityManager; assuming 1000 holds android.permission.SET_PREFERRED_APPLICATIONS
05-24 13:18:50.078 487 487 W android.permission.PermissionManager: Missing ActivityManager; assuming 1000 holds android.permission.SET_PREFERRED_APPLICATIONS
05-24 13:18:50.078 487 487 W android.permission.PermissionManager: Missing ActivityManager; assuming 1000 holds android.permission.SET_PREFERRED_APPLICATIONS
05-24 13:18:50.079 487 487 W android.permission.PermissionManager: Missing ActivityManager; assuming 1000 holds android.permission.SET_PREFERRED_APPLICATIONS
05-24 13:18:50.079 487 487 W android.permission.PermissionManager: Missing ActivityManager; assuming 1000 holds android.permission.SET_PREFERRED_APPLICATIONS
05-24 13:18:50.079 487 487 W android.permission.PermissionManager: Missing ActivityManager; assuming 1000 holds android.permission.SET_PREFERRED_APPLICATIONS
05-24 13:18:50.079 487 487 W android.permission.PermissionManager: Missing ActivityManager; assuming 1000 holds android.permission.SET_PREFERRED_APPLICATIONS
05-24 13:18:50.080 487 487 W android.permission.PermissionManager: Missing ActivityManager; assuming 1000 holds android.permission.SET_PREFERRED_APPLICATIONS
05-24 13:18:50.080 487 487 W android.permission.PermissionManager: Missing ActivityManager; assuming 1000 holds android.permission.SET_PREFERRED_APPLICATIONS
05-24 13:18:50.080 487 487 W android.permission.PermissionManager: Missing ActivityManager; assuming 1000 holds android.permission.SET_PREFERRED_APPLICATIONS
05-24 13:18:50.080 487 487 W android.permission.PermissionManager: Missing ActivityManager; assuming 1000 holds android.permission.SET_PREFERRED_APPLICATIONS
05-24 13:18:50.081 487 487 W android.permission.PermissionManager: Missing ActivityManager; assuming 1000 holds android.permission.SET_PREFERRED_APPLICATIONS
05-24 13:18:50.081 487 487 W android.permission.PermissionManager: Missing ActivityManager; assuming 1000 holds android.permission.SET_PREFERRED_APPLICATIONS
05-24 13:18:50.081 487 487 W android.permission.PermissionManager: Missing ActivityManager; assuming 1000 holds android.permission.SET_PREFERRED_APPLICATIONS
05-24 13:18:50.082 487 487 W android.permission.PermissionManager: Missing ActivityManager; assuming 1000 holds android.permission.SET_PREFERRED_APPLICATIONS
05-24 13:18:50.082 487 487 W android.permission.PermissionManager: Missing ActivityManager; assuming 1000 holds android.permission.SET_PREFERRED_APPLICATIONS
05-24 13:18:50.082 487 487 W android.permission.PermissionManager: Missing ActivityManager; assuming 1000 holds android.permission.SET_PREFERRED_APPLICATIONS
05-24 13:18:50.082 487 487 W android.permission.PermissionManager: Missing ActivityManager; assuming 1000 holds android.permission.SET_PREFERRED_APPLICATIONS
05-24 13:18:50.083 487 487 W android.permission.PermissionManager: Missing ActivityManager; assuming 1000 holds android.permission.SET_PREFERRED_APPLICATIONS
05-24 13:18:50.083 487 487 W android.permission.PermissionManager: Missing ActivityManager; assuming 1000 holds android.permission.SET_PREFERRED_APPLICATIONS
05-24 13:18:50.083 487 487 W android.permission.PermissionManager: Missing ActivityManager; assuming 1000 holds android.permission.SET_PREFERRED_APPLICATIONS
05-24 13:18:50.083 487 487 W android.permission.PermissionManager: Missing ActivityManager; assuming 1000 holds android.permission.SET_PREFERRED_APPLICATIONS
05-24 13:18:50.084 487 487 W android.permission.PermissionManager: Missing ActivityManager; assuming 1000 holds android.permission.SET_PREFERRED_APPLICATIONS
05-24 13:18:50.084 487 487 W android.permission.PermissionManager: Missing ActivityManager; assuming 1000 holds android.permission.SET_PREFERRED_APPLICATIONS
05-24 13:18:50.084 487 487 W android.permission.PermissionManager: Missing ActivityManager; assuming 1000 holds android.permission.SET_PREFERRED_APPLICATIONS
05-24 13:18:50.084 487 487 W android.permission.PermissionManager: Missing ActivityManager; assuming 1000 holds android.permission.SET_PREFERRED_APPLICATIONS
05-24 13:18:50.085 487 487 W android.permission.PermissionManager: Missing ActivityManager; assuming 1000 holds android.permission.SET_PREFERRED_APPLICATIONS
05-24 13:18:50.086 487 487 W android.permission.PermissionManager: Missing ActivityManager; assuming 1000 holds android.permission.SET_PREFERRED_APPLICATIONS
05-24 13:18:50.088 487 487 W android.permission.PermissionManager: Missing ActivityManager; assuming 1000 holds android.permission.SET_PREFERRED_APPLICATIONS
05-24 13:18:50.090 487 487 W android.permission.PermissionManager: Missing ActivityManager; assuming 1000 holds android.permission.SET_PREFERRED_APPLICATIONS
05-24 13:18:50.091 487 487 W android.permission.PermissionManager: Missing ActivityManager; assuming 1000 holds android.permission.SET_PREFERRED_APPLICATIONS
05-24 13:18:50.093 487 487 W android.permission.PermissionManager: Missing ActivityManager; assuming 1000 holds android.permission.SET_PREFERRED_APPLICATIONS
05-24 13:18:50.094 487 487 W android.permission.PermissionManager: Missing ActivityManager; assuming 1000 holds android.permission.SET_PREFERRED_APPLICATIONS
05-24 13:18:50.096 487 487 W android.permission.PermissionManager: Missing ActivityManager; assuming 1000 holds android.permission.SET_PREFERRED_APPLICATIONS
05-24 13:18:50.097 487 487 W android.permission.PermissionManager: Missing ActivityManager; assuming 1000 holds android.permission.SET_PREFERRED_APPLICATIONS
05-24 13:18:50.098 487 487 W android.permission.PermissionManager: Missing ActivityManager; assuming 1000 holds android.permission.SET_PREFERRED_APPLICATIONS
05-24 13:18:50.098 487 487 W android.permission.PermissionManager: Missing ActivityManager; assuming 1000 holds android.permission.SET_PREFERRED_APPLICATIONS
05-24 13:18:50.099 487 487 W android.permission.PermissionManager: Missing ActivityManager; assuming 1000 holds android.permission.SET_PREFERRED_APPLICATIONS
05-24 13:18:50.099 487 487 W android.permission.PermissionManager: Missing ActivityManager; assuming 1000 holds android.permission.SET_PREFERRED_APPLICATIONS
05-24 13:18:50.099 487 487 W android.permission.PermissionManager: Missing ActivityManager; assuming 1000 holds android.permission.SET_PREFERRED_APPLICATIONS
05-24 13:18:50.099 487 487 W android.permission.PermissionManager: Missing ActivityManager; assuming 1000 holds android.permission.SET_PREFERRED_APPLICATIONS
05-24 13:18:50.100 487 487 W android.permission.PermissionManager: Missing ActivityManager; assuming 1000 holds android.permission.SET_PREFERRED_APPLICATIONS
05-24 13:18:50.100 487 487 W android.permission.PermissionManager: Missing ActivityManager; assuming 1000 holds android.permission.SET_PREFERRED_APPLICATIONS
05-24 13:18:50.101 487 487 W android.permission.PermissionManager: Missing ActivityManager; assuming 1000 holds android.permission.SET_PREFERRED_APPLICATIONS
05-24 13:18:50.102 487 487 W android.permission.PermissionManager: Missing ActivityManager; assuming 1000 holds android.permission.SET_PREFERRED_APPLICATIONS
05-24 13:18:50.103 487 487 W android.permission.PermissionManager: Missing ActivityManager; assuming 1000 holds android.permission.SET_PREFERRED_APPLICATIONS
05-24 13:18:50.103 487 487 W android.permission.PermissionManager: Missing ActivityManager; assuming 1000 holds android.permission.SET_PREFERRED_APPLICATIONS
05-24 13:18:50.103 487 487 W android.permission.PermissionManager: Missing ActivityManager; assuming 1000 holds android.permission.SET_PREFERRED_APPLICATIONS
05-24 13:18:50.104 487 487 W android.permission.PermissionManager: Missing ActivityManager; assuming 1000 holds android.permission.SET_PREFERRED_APPLICATIONS
05-24 13:18:50.104 487 487 W android.permission.PermissionManager: Missing ActivityManager; assuming 1000 holds android.permission.SET_PREFERRED_APPLICATIONS
05-24 13:18:50.105 487 487 W android.permission.PermissionManager: Missing ActivityManager; assuming 1000 holds android.permission.SET_PREFERRED_APPLICATIONS
05-24 13:18:50.105 487 487 W android.permission.PermissionManager: Missing ActivityManager; assuming 1000 holds android.permission.SET_PREFERRED_APPLICATIONS
05-24 13:18:50.106 487 487 W android.permission.PermissionManager: Missing ActivityManager; assuming 1000 holds android.permission.SET_PREFERRED_APPLICATIONS
05-24 13:18:50.106 487 487 W android.permission.PermissionManager: Missing ActivityManager; assuming 1000 holds android.permission.SET_PREFERRED_APPLICATIONS
05-24 13:18:50.107 487 487 W android.permission.PermissionManager: Missing ActivityManager; assuming 1000 holds android.permission.SET_PREFERRED_APPLICATIONS
05-24 13:18:50.107 487 487 W android.permission.PermissionManager: Missing ActivityManager; assuming 1000 holds android.permission.SET_PREFERRED_APPLICATIONS
05-24 13:18:50.108 487 487 W android.permission.PermissionManager: Missing ActivityManager; assuming 1000 holds android.permission.SET_PREFERRED_APPLICATIONS
05-24 13:18:50.108 487 487 W android.permission.PermissionManager: Missing ActivityManager; assuming 1000 holds android.permission.SET_PREFERRED_APPLICATIONS
05-24 13:18:50.109 487 487 W android.permission.PermissionManager: Missing ActivityManager; assuming 1000 holds android.permission.SET_PREFERRED_APPLICATIONS
05-24 13:18:50.109 487 487 W android.permission.PermissionManager: Missing ActivityManager; assuming 1000 holds android.permission.SET_PREFERRED_APPLICATIONS
05-24 13:18:50.110 487 487 W android.permission.PermissionManager: Missing ActivityManager; assuming 1000 holds android.permission.SET_PREFERRED_APPLICATIONS
05-24 13:18:50.110 487 487 W android.permission.PermissionManager: Missing ActivityManager; assuming 1000 holds android.permission.SET_PREFERRED_APPLICATIONS
05-24 13:18:50.111 487 487 W android.permission.PermissionManager: Missing ActivityManager; assuming 1000 holds android.permission.SET_PREFERRED_APPLICATIONS
05-24 13:18:50.111 487 487 W android.permission.PermissionManager: Missing ActivityManager; assuming 1000 holds android.permission.SET_PREFERRED_APPLICATIONS
05-24 13:18:50.112 487 487 W android.permission.PermissionManager: Missing ActivityManager; assuming 1000 holds android.permission.SET_PREFERRED_APPLICATIONS
05-24 13:18:50.112 487 487 W android.permission.PermissionManager: Missing ActivityManager; assuming 1000 holds android.permission.SET_PREFERRED_APPLICATIONS
05-24 13:18:50.113 487 487 W android.permission.PermissionManager: Missing ActivityManager; assuming 1000 holds android.permission.SET_PREFERRED_APPLICATIONS
05-24 13:18:50.113 487 487 W android.permission.PermissionManager: Missing ActivityManager; assuming 1000 holds android.permission.SET_PREFERRED_APPLICATIONS
05-24 13:18:50.114 487 487 W android.permission.PermissionManager: Missing ActivityManager; assuming 1000 holds android.permission.SET_PREFERRED_APPLICATIONS
05-24 13:18:50.114 487 487 W android.permission.PermissionManager: Missing ActivityManager; assuming 1000 holds android.permission.SET_PREFERRED_APPLICATIONS
05-24 13:18:50.115 487 487 W android.permission.PermissionManager: Missing ActivityManager; assuming 1000 holds android.permission.SET_PREFERRED_APPLICATIONS
05-24 13:18:50.115 487 487 W android.permission.PermissionManager: Missing ActivityManager; assuming 1000 holds android.permission.SET_PREFERRED_APPLICATIONS
05-24 13:18:50.117 487 487 W android.permission.PermissionManager: Missing ActivityManager; assuming 1000 holds android.permission.SET_PREFERRED_APPLICATIONS
05-24 13:18:50.118 487 487 W android.permission.PermissionManager: Missing ActivityManager; assuming 1000 holds android.permission.SET_PREFERRED_APPLICATIONS
05-24 13:18:50.119 487 487 W android.permission.PermissionManager: Missing ActivityManager; assuming 1000 holds android.permission.SET_PREFERRED_APPLICATIONS
05-24 13:18:50.120 487 487 W android.permission.PermissionManager: Missing ActivityManager; assuming 1000 holds android.permission.SET_PREFERRED_APPLICATIONS
05-24 13:18:50.121 487 487 W android.permission.PermissionManager: Missing ActivityManager; assuming 1000 holds android.permission.SET_PREFERRED_APPLICATIONS
05-24 13:18:50.122 487 487 W android.permission.PermissionManager: Missing ActivityManager; assuming 1000 holds android.permission.SET_PREFERRED_APPLICATIONS
05-24 13:18:50.123 487 487 W android.permission.PermissionManager: Missing ActivityManager; assuming 1000 holds android.permission.SET_PREFERRED_APPLICATIONS
05-24 13:18:50.123 487 487 W android.permission.PermissionManager: Missing ActivityManager; assuming 1000 holds android.permission.SET_PREFERRED_APPLICATIONS
05-24 13:18:50.124 487 487 W android.permission.PermissionManager: Missing ActivityManager; assuming 1000 holds android.permission.SET_PREFERRED_APPLICATIONS
05-24 13:18:50.124 487 487 W android.permission.PermissionManager: Missing ActivityManager; assuming 1000 holds android.permission.SET_PREFERRED_APPLICATIONS
05-24 13:18:50.125 487 487 W android.permission.PermissionManager: Missing ActivityManager; assuming 1000 holds android.permission.SET_PREFERRED_APPLICATIONS
05-24 13:18:50.126 487 487 W android.permission.PermissionManager: Missing ActivityManager; assuming 1000 holds android.permission.SET_PREFERRED_APPLICATIONS
05-24 13:18:50.126 487 487 W android.permission.PermissionManager: Missing ActivityManager; assuming 1000 holds android.permission.SET_PREFERRED_APPLICATIONS
05-24 13:18:50.127 487 487 W android.permission.PermissionManager: Missing ActivityManager; assuming 1000 holds android.permission.SET_PREFERRED_APPLICATIONS
05-24 13:18:50.127 487 487 W android.permission.PermissionManager: Missing ActivityManager; assuming 1000 holds android.permission.SET_PREFERRED_APPLICATIONS
05-24 13:18:50.127 487 487 W android.permission.PermissionManager: Missing ActivityManager; assuming 1000 holds android.permission.SET_PREFERRED_APPLICATIONS
