05-24 13:19:18.876 2824 3194 W System.err: at com.android.okhttp.internal.huc.HttpURLConnectionImpl.execute(HttpURLConnectionImpl.java:465)
05-24 13:19:18.876 2824 3194 W System.err: at com.android.okhttp.internal.huc.HttpURLConnectionImpl.getResponse(HttpURLConnectionImpl.java:411)
05-24 13:19:18.876 2824 3194 W System.err: at com.android.okhttp.internal.huc.HttpURLConnectionImpl.getHeaders(HttpURLConnectionImpl.java:167)
05-24 13:19:18.876 2824 3194 W System.err: at com.android.okhttp.internal.huc.HttpURLConnectionImpl.getHeaderField(HttpURLConnectionImpl.java:211)
05-24 13:19:18.876 2824 3194 W System.err: at java.net.URLConnection.getHeaderFieldLong(URLConnection.java:657)
05-24 13:19:18.876 2824 3194 W System.err: at java.net.URLConnection.getContentLengthLong(URLConnection.java:529)
05-24 13:19:18.876 2824 3194 W System.err: at java.net.URLConnection.getContentLength(URLConnection.java:513)
05-24 13:19:18.876 2824 3194 W System.err: at com.mgtv.tv.adapter.config.net.Ipv6TestManager.connectUrl(Ipv6TestManager.java:154)
05-24 13:19:18.877 2824 3194 W System.err: at com.mgtv.tv.adapter.config.net.Ipv6TestManager.doConnectUrls(Ipv6TestManager.java:127)
05-24 13:19:18.877 2824 3194 W System.err: at com.mgtv.tv.adapter.config.net.Ipv6TestManager.access$100(Ipv6TestManager.java:22)
05-24 13:19:18.877 2824 3194 W System.err: at com.mgtv.tv.adapter.config.net.Ipv6TestManager$1.run(Ipv6TestManager.java:83)
05-24 13:19:18.877 2824 3194 W System.err: at java.util.concurrent.ThreadPoolExecutor.runWorker(ThreadPoolExecutor.java:1167)
05-24 13:19:18.877 2824 3194 W System.err: at java.util.concurrent.ThreadPoolExecutor$Worker.run(ThreadPoolExecutor.java:641)
05-24 13:19:18.877 2824 3194 W System.err: at java.lang.Thread.run(Thread.java:920)
05-24 13:19:18.877 2824 3194 W System.err: Caused by: android.system.GaiException: android_getaddrinfo failed: EAI_NODATA (No address associated with hostname)
05-24 13:19:18.877 2824 3194 W System.err: at libcore.io.Linux.android_getaddrinfo(Native Method)
05-24 13:19:18.877 2824 3194 W System.err: at libcore.io.ForwardingOs.android_getaddrinfo(ForwardingOs.java:136)
05-24 13:19:18.877 2824 3194 W System.err: at libcore.io.BlockGuardOs.android_getaddrinfo(BlockGuardOs.java:221)
05-24 13:19:18.877 2824 3194 W System.err: at libcore.io.ForwardingOs.android_getaddrinfo(ForwardingOs.java:136)
05-24 13:19:18.877 2824 3194 W System.err: at java.net.Inet6AddressImpl.lookupHostByName(Inet6AddressImpl.java:135)
05-24 13:19:18.877 2824 3194 W System.err: ... 25 more
05-24 13:19:18.888 2824 3205 W System.err: java.util.concurrent.RejectedExecutionException: Task com.mgtv.sdk.android.httpdns.serverip.ReportService$2@b836727 rejected from com.mgtv.thread.optimize.ShadowThreadPoolExecutor@f8afdd4[Running, pool size = 1, active threads = 1, queued tasks = 4, completed tasks = 2]
05-24 13:19:18.889 2824 3205 W System.err: at java.util.concurrent.ThreadPoolExecutor$AbortPolicy.rejectedExecution(ThreadPoolExecutor.java:2086)
05-24 13:19:18.889 2824 3205 W System.err: at java.util.concurrent.ThreadPoolExecutor.reject(ThreadPoolExecutor.java:848)
05-24 13:19:18.889 2824 3205 W System.err: at java.util.concurrent.ThreadPoolExecutor.execute(ThreadPoolExecutor.java:1394)
05-24 13:19:18.889 2824 3205 W System.err: at com.mgtv.thread.optimize.ShadowThreadPoolExecutor.execute(ShadowThreadPoolExecutor.java:384)
05-24 13:19:18.889 2824 3205 W System.err: at com.mgtv.sdk.android.httpdns.utils.ThreadUtil$ExecutorServiceWrapper.execute(ThreadUtil.java:190)
05-24 13:19:18.889 2824 3205 W System.err: at com.mgtv.sdk.android.httpdns.serverip.ReportService.insertOrUpdate(ReportService.java:134)
05-24 13:19:18.889 2824 3205 W System.err: at com.mgtv.sdk.android.httpdns.serverip.ReportService.insertOrUpdate(ReportService.java:336)
05-24 13:19:18.889 2824 3205 W System.err: at com.mgtv.sdk.android.httpdns.impl.HttpDnsServiceImpl.reportParseResult(HttpDnsServiceImpl.java:609)
05-24 13:19:18.889 2824 3205 W System.err: at com.mgtv.tv.app.k.a(MgDnsImpl.java:182)
05-24 13:19:18.889 2824 3205 W System.err: at com.mgtv.tv.app.k.lookup(MgDnsImpl.java:171)
05-24 13:19:18.889 2824 3205 W System.err: at okhttp3.internal.connection.RouteSelector.resetNextInetSocketAddress(RouteSelector.java:185)
05-24 13:19:18.889 2824 3205 W System.err: at okhttp3.internal.connection.RouteSelector.nextProxy(RouteSelector.java:149)
05-24 13:19:18.889 2824 3205 W System.err: at okhttp3.internal.connection.RouteSelector.next(RouteSelector.java:84)
05-24 13:19:18.889 2824 3205 W System.err: at okhttp3.internal.connection.StreamAllocation.findConnection(StreamAllocation.java:213)
05-24 13:19:18.889 2824 3205 W System.err: at okhttp3.internal.connection.StreamAllocation.findHealthyConnection(StreamAllocation.java:134)
05-24 13:19:18.889 2824 3205 W System.err: at okhttp3.internal.connection.StreamAllocation.newStream(StreamAllocation.java:113)
05-24 13:19:18.889 2824 3205 W System.err: at okhttp3.internal.connection.ConnectInterceptor.intercept(ConnectInterceptor.java:42)
05-24 13:19:18.889 2824 3205 W System.err: at okhttp3.internal.http.RealInterceptorChain.proceed(RealInterceptorChain.java:148)
05-24 13:19:18.889 2824 3205 W System.err: at okhttp3.internal.http.RealInterceptorChain.proceed(RealInterceptorChain.java:121)
05-24 13:19:18.889 2824 3205 W System.err: at okhttp3.internal.cache.CacheInterceptor.intercept(CacheInterceptor.java:93)
05-24 13:19:18.889 2824 3205 W System.err: at okhttp3.internal.http.RealInterceptorChain.proceed(RealInterceptorChain.java:148)
05-24 13:19:18.889 2824 3205 W System.err: at okhttp3.internal.http.RealInterceptorChain.proceed(RealInterceptorChain.java:121)
05-24 13:19:18.889 2824 3205 W System.err: at okhttp3.internal.http.BridgeInterceptor.intercept(BridgeInterceptor.java:93)
05-24 13:19:18.889 2824 3205 W System.err: at okhttp3.internal.http.RealInterceptorChain.proceed(RealInterceptorChain.java:148)
05-24 13:19:18.889 2824 3205 W System.err: at okhttp3.internal.http.RetryAndFollowUpInterceptor.intercept(RetryAndFollowUpInterceptor.java:125)
05-24 13:19:18.889 2824 3205 W System.err: at okhttp3.internal.http.RealInterceptorChain.proceed(RealInterceptorChain.java:148)
05-24 13:19:18.889 2824 3205 W System.err: at okhttp3.internal.http.RealInterceptorChain.proceed(RealInterceptorChain.java:121)
05-24 13:19:18.889 2824 3205 W System.err: at okhttp3.RealCall.getResponseWithInterceptorChain(RealCall.java:328)
05-24 13:19:18.890 2824 3205 W System.err: at okhttp3.RealCall$AsyncCall.execute(RealCall.java:198)
05-24 13:19:18.890 2824 3205 W System.err: at okhttp3.internal.NamedRunnable.run(NamedRunnable.java:32)
05-24 13:19:18.890 2824 3205 W System.err: at okhttp3.RealCall$AsyncCall.run(RealCall.java:178)
05-24 13:19:18.890 2824 3205 W System.err: at java.util.concurrent.ThreadPoolExecutor.runWorker(ThreadPoolExecutor.java:1167)
05-24 13:19:18.890 2824 3205 W System.err: at java.util.concurrent.ThreadPoolExecutor$Worker.run(ThreadPoolExecutor.java:641)
05-24 13:19:18.890 2824 3205 W System.err: at java.lang.Thread.run(Thread.java:920)
05-24 13:19:18.890 2824 3214 W System.err: java.util.concurrent.RejectedExecutionException: Task com.mgtv.sdk.android.httpdns.serverip.ReportService$2@7354ec3 rejected from com.mgtv.thread.optimize.ShadowThreadPoolExecutor@f8afdd4[Running, pool size = 1, active threads = 1, queued tasks = 4, completed tasks = 2]
05-24 13:19:18.891 2824 3214 W System.err: at java.util.concurrent.ThreadPoolExecutor$AbortPolicy.rejectedExecution(ThreadPoolExecutor.java:2086)
05-24 13:19:18.891 2824 3214 W System.err: at java.util.concurrent.ThreadPoolExecutor.reject(ThreadPoolExecutor.java:848)
05-24 13:19:18.891 2824 3214 W System.err: at java.util.concurrent.ThreadPoolExecutor.execute(ThreadPoolExecutor.java:1394)
05-24 13:19:18.891 2824 3214 W System.err: at com.mgtv.thread.optimize.ShadowThreadPoolExecutor.execute(ShadowThreadPoolExecutor.java:384)
05-24 13:19:18.892 2824 3214 W System.err: at com.mgtv.sdk.android.httpdns.utils.ThreadUtil$ExecutorServiceWrapper.execute(ThreadUtil.java:190)
05-24 13:19:18.892 2824 3214 W System.err: at com.mgtv.sdk.android.httpdns.serverip.ReportService.insertOrUpdate(ReportService.java:134)
05-24 13:19:18.892 2824 3214 W System.err: at com.mgtv.sdk.android.httpdns.serverip.ReportService.insertOrUpdate(ReportService.java:336)
05-24 13:19:18.892 2824 3214 W System.err: at com.mgtv.sdk.android.httpdns.impl.HttpDnsServiceImpl.reportParseResult(HttpDnsServiceImpl.java:609)
05-24 13:19:18.892 2824 3214 W System.err: at com.mgtv.tv.app.k.a(MgDnsImpl.java:182)
05-24 13:19:18.892 2824 3214 W System.err: at com.mgtv.tv.app.k.lookup(MgDnsImpl.java:171)
05-24 13:19:18.892 2824 3214 W System.err: at okhttp3.internal.connection.RouteSelector.resetNextInetSocketAddress(RouteSelector.java:185)
05-24 13:19:18.892 2824 3214 W System.err: at okhttp3.internal.connection.RouteSelector.nextProxy(RouteSelector.java:149)
05-24 13:19:18.892 2824 3214 W System.err: at okhttp3.internal.connection.RouteSelector.next(RouteSelector.java:84)
05-24 13:19:18.892 2824 3214 W System.err: at okhttp3.internal.connection.StreamAllocation.findConnection(StreamAllocation.java:213)
05-24 13:19:18.892 2824 3214 W System.err: at okhttp3.internal.connection.StreamAllocation.findHealthyConnection(StreamAllocation.java:134)
05-24 13:19:18.892 2824 3214 W System.err: at okhttp3.internal.connection.StreamAllocation.newStream(StreamAllocation.java:113)
05-24 13:19:18.892 2824 3214 W System.err: at okhttp3.internal.connection.ConnectInterceptor.intercept(ConnectInterceptor.java:42)
05-24 13:19:18.892 2824 3214 W System.err: at okhttp3.internal.http.RealInterceptorChain.proceed(RealInterceptorChain.java:148)
05-24 13:19:18.892 2824 3214 W System.err: at okhttp3.internal.http.RealInterceptorChain.proceed(RealInterceptorChain.java:121)
05-24 13:19:18.892 2824 3214 W System.err: at okhttp3.internal.cache.CacheInterceptor.intercept(CacheInterceptor.java:93)
05-24 13:19:18.892 2824 3214 W System.err: at okhttp3.internal.http.RealInterceptorChain.proceed(RealInterceptorChain.java:148)
05-24 13:19:18.892 2824 3214 W System.err: at okhttp3.internal.http.RealInterceptorChain.proceed(RealInterceptorChain.java:121)
05-24 13:19:18.892 2824 3214 W System.err: at okhttp3.internal.http.BridgeInterceptor.intercept(BridgeInterceptor.java:93)
05-24 13:19:18.892 2824 3214 W System.err: at okhttp3.internal.http.RealInterceptorChain.proceed(RealInterceptorChain.java:148)
05-24 13:19:18.892 2824 3214 W System.err: at okhttp3.internal.http.RetryAndFollowUpInterceptor.intercept(RetryAndFollowUpInterceptor.java:125)
05-24 13:19:18.892 2824 3214 W System.err: at okhttp3.internal.http.RealInterceptorChain.proceed(RealInterceptorChain.java:148)
05-24 13:19:18.892 2824 3214 W System.err: at okhttp3.internal.http.RealInterceptorChain.proceed(RealInterceptorChain.java:121)
05-24 13:19:18.892 2824 3214 W System.err: at okhttp3.RealCall.getResponseWithInterceptorChain(RealCall.java:328)
05-24 13:19:18.892 2824 3214 W System.err: at okhttp3.RealCall$AsyncCall.execute(RealCall.java:198)
05-24 13:19:18.892 2824 3214 W System.err: at okhttp3.internal.NamedRunnable.run(NamedRunnable.java:32)
05-24 13:19:18.892 2824 3214 W System.err: at okhttp3.RealCall$AsyncCall.run(RealCall.java:178)
05-24 13:19:18.892 2824 3214 W System.err: at java.util.concurrent.ThreadPoolExecutor.runWorker(ThreadPoolExecutor.java:1167)
05-24 13:19:18.892 2824 3214 W System.err: at java.util.concurrent.ThreadPoolExecutor$Worker.run(ThreadPoolExecutor.java:641)
05-24 13:19:18.892 2824 3214 W System.err: at java.lang.Thread.run(Thread.java:920)
05-24 13:19:18.894 2824 3191 W System.err: java.util.concurrent.RejectedExecutionException: Task com.mgtv.sdk.android.httpdns.serverip.ReportService$2@780b279 rejected from com.mgtv.thread.optimize.ShadowThreadPoolExecutor@f8afdd4[Running, pool size = 1, active threads = 1, queued tasks = 4, completed tasks = 2]
05-24 13:19:18.895 2824 3191 W System.err: at java.util.concurrent.ThreadPoolExecutor$AbortPolicy.rejectedExecution(ThreadPoolExecutor.java:2086)
05-24 13:19:18.895 2824 3191 W System.err: at java.util.concurrent.ThreadPoolExecutor.reject(ThreadPoolExecutor.java:848)
05-24 13:19:18.895 2824 3191 W System.err: at java.util.concurrent.ThreadPoolExecutor.execute(ThreadPoolExecutor.java:1394)
05-24 13:19:18.895 2824 3191 W System.err: at com.mgtv.thread.optimize.ShadowThreadPoolExecutor.execute(ShadowThreadPoolExecutor.java:384)
05-24 13:19:18.895 2824 3191 W System.err: at com.mgtv.sdk.android.httpdns.utils.ThreadUtil$ExecutorServiceWrapper.execute(ThreadUtil.java:190)
05-24 13:19:18.895 2824 3191 W System.err: at com.mgtv.sdk.android.httpdns.serverip.ReportService.insertOrUpdate(ReportService.java:134)
05-24 13:19:18.895 2824 3191 W System.err: at com.mgtv.sdk.android.httpdns.serverip.ReportService.insertOrUpdate(ReportService.java:336)
05-24 13:19:18.895 2824 3191 W System.err: at com.mgtv.sdk.android.httpdns.impl.HttpDnsServiceImpl.reportParseResult(HttpDnsServiceImpl.java:609)
05-24 13:19:18.895 2824 3191 W System.err: at com.mgtv.tv.app.k.a(MgDnsImpl.java:182)
05-24 13:19:18.895 2824 3191 W System.err: at com.mgtv.tv.app.k.lookup(MgDnsImpl.java:171)
05-24 13:19:18.895 2824 3191 W System.err: at okhttp3.internal.connection.RouteSelector.resetNextInetSocketAddress(RouteSelector.java:185)
05-24 13:19:18.895 2824 3191 W System.err: at okhttp3.internal.connection.RouteSelector.nextProxy(RouteSelector.java:149)
05-24 13:19:18.895 2824 3191 W System.err: at okhttp3.internal.connection.RouteSelector.next(RouteSelector.java:84)
05-24 13:19:18.895 2824 3191 W System.err: at okhttp3.internal.connection.StreamAllocation.findConnection(StreamAllocation.java:213)
05-24 13:19:18.895 2824 3191 W System.err: at okhttp3.internal.connection.StreamAllocation.findHealthyConnection(StreamAllocation.java:134)
05-24 13:19:18.895 2824 3191 W System.err: at okhttp3.internal.connection.StreamAllocation.newStream(StreamAllocation.java:113)
05-24 13:19:18.895 2824 3191 W System.err: at okhttp3.internal.connection.ConnectInterceptor.intercept(ConnectInterceptor.java:42)
05-24 13:19:18.895 2824 3191 W System.err: at okhttp3.internal.http.RealInterceptorChain.proceed(RealInterceptorChain.java:148)
05-24 13:19:18.895 2824 3191 W System.err: at okhttp3.internal.http.RealInterceptorChain.proceed(RealInterceptorChain.java:121)
05-24 13:19:18.895 2824 3191 W System.err: at okhttp3.internal.cache.CacheInterceptor.intercept(CacheInterceptor.java:93)
05-24 13:19:18.895 2824 3191 W System.err: at okhttp3.internal.http.RealInterceptorChain.proceed(RealInterceptorChain.java:148)
05-24 13:19:18.895 2824 3191 W System.err: at okhttp3.internal.http.RealInterceptorChain.proceed(RealInterceptorChain.java:121)
05-24 13:19:18.895 2824 3191 W System.err: at okhttp3.internal.http.BridgeInterceptor.intercept(BridgeInterceptor.java:93)
05-24 13:19:18.895 2824 3191 W System.err: at okhttp3.internal.http.RealInterceptorChain.proceed(RealInterceptorChain.java:148)
05-24 13:19:18.895 2824 3191 W System.err: at okhttp3.internal.http.RetryAndFollowUpInterceptor.intercept(RetryAndFollowUpInterceptor.java:125)
05-24 13:19:18.895 2824 3191 W System.err: at okhttp3.internal.http.RealInterceptorChain.proceed(RealInterceptorChain.java:148)
05-24 13:19:18.895 2824 3191 W System.err: at okhttp3.internal.http.RealInterceptorChain.proceed(RealInterceptorChain.java:121)
05-24 13:19:18.896 2824 3191 W System.err: at okhttp3.RealCall.getResponseWithInterceptorChain(RealCall.java:328)
05-24 13:19:18.896 2824 3191 W System.err: at okhttp3.RealCall$AsyncCall.execute(RealCall.java:198)
05-24 13:19:18.896 2824 3191 W System.err: at okhttp3.internal.NamedRunnable.run(NamedRunnable.java:32)
05-24 13:19:18.896 2824 3191 W System.err: at okhttp3.RealCall$AsyncCall.run(RealCall.java:178)
05-24 13:19:18.896 2824 3191 W System.err: at java.util.concurrent.ThreadPoolExecutor.runWorker(ThreadPoolExecutor.java:1167)
05-24 13:19:18.896 2824 3191 W System.err: at java.util.concurrent.ThreadPoolExecutor$Worker.run(ThreadPoolExecutor.java:641)
05-24 13:19:18.896 2824 3191 W System.err: at java.lang.Thread.run(Thread.java:920)
05-24 13:19:18.935 1909 1909 I WVCdm : [(0):] L3 Terminate.
05-24 13:19:18.964 2824 3217 I okhttp : request: get, requestID: 60916534, requestModule: normal, requestDataType: key-value, requestUrl: https://inott.api.mgtv.com/v1/inott/start/encryptTalk?codec=11041102&pack=AIMAUsrKeasvUG6HmN1Nzlcjcnv6lJi2M2-BSLsz82xuTgGmlzL6V6q1vOHf-bgpZhVqY_xAf4YHF684OeEezLsKC1rT8vd7D4VozuKxGnqFmkhZ3HTMAGKMRVLcpTqKRsqUR25dffXajSC51xoipoK1GyqDbfGUSmA9a8PDhG-uEfW-UBl7InByZSI6IjAiLCJtb2QiOiJEQkJPWC1BMiIsIm9zX3ZlciI6IjEyIiwiYXBwX3R5cGUiOiIxIiwiZGV2aWNlX2lkIjoiMjAwMkZFMTlDMUY5MDAwMDAwMDAwMDAwMDAwMDAwMDAiLCJ0aWNrZXQiOiIiLCJuZXRfaWQiOiIiLCJwdmVyIjoiMHwwfDB8MHwwfDB8MHwwIiwiY2hhbm5lbF9jb2RlIjoiREJPUyIsInRpbWVfem9uZSI6IkdNVCswODowMCIsInR0aWQiOiIwXzE5NzAwYmIzNzRhX29nUmRTc21IIiwidmVyc2lvbiI6IjcuMC4zMTEuMzg0LjMuREJPU19UVkFQUC4wLjBfUmVsZWFzZSIsInV1aWQiOiJtZ3R2bWFjMjAwMkZFMTlDMUY5IiwibWFjX2lkIjoiMjAtMDItRkUtMTktQzEtRjkiLCJwbGF0Zm9ybSI6IjMiLCJsaWNlbnNlIjoiWmdPT2dvNU1qa3lPVEVzR0JrdTRmdzROMFE2NERRWUdCZ1lHQmdZR0JnWUdCZ1lHQmdZR0JnWUd0STVNamt5T1RHWURqb0k9IiwiX3N1cHBvcnQiOiIxMDExMDEwMTAxMTAxMDEwMDAxMDAwMSIsImFidCI6IjI2MXxCOzIzNXxCOzIzM3xCOzIzMnxBOzIzMXxCOzIyNnxCOzE2N3xCOzE1NXxCOzE1MHxDOzk5fEgiLCJtb2RlbF9jb2RlIjoiREJCT1gtQTIiLCJidXNzX2lkIjoiMTAwMDAxNCIsIm1mIjoiQWxsd2lubmVyIiwiYnVzaW5lc3NfaWQiOiIzMTAwNzAxIiwicm9tX3ZlcnNpb24iOiIiLCJhbmRyb2lkX3Nka192ZXIiOiIzMSJ9&hash=f2ba4e52fd67f59e006e723906df005e
05-24 13:19:18.965 2824 3221 I okhttp : request: get, requestID: 238379940, requestModule: normal, requestDataType: key-value, requestUrl: http://inott.api.mgtv.com/v1/inott/start/getConfig?codec=11041102&pack=AIMAg7b2WeJVipjgtJOpd9BZfbxueex8cVqXRwm28zndrgOxD2LHI0XVmM4k6YjyK5Urm8WqvfhNhbpVVOOP76pP7LtrP9bPBX4PIf1LXjXOaBW3CX0GI0Gl2O_eMUfb13CvoWbVHz4xvBo0USe7g9nzf7phh41W99QcnVbNrBJjJF0ILAt7ImNwdVR5cGUiOiJhcm1lYWJpLXY3YSIsIm1vZCI6IkRCQk9YLUEyIiwiYXBwX3R5cGUiOiIxIiwiY3B1TWYiOiJzdW41MGl3OXAxIiwibmV0X2lkIjoiIiwicHZlciI6IjB8MHwwfDB8MHwwfDB8MCIsImNoYW5uZWxfY29kZSI6IkRCT1MiLCJ1dWlkIjoibWd0dm1hYzIwMDJGRTE5QzFGOSIsIm1hY19pZCI6IjIwLTAyLUZFLTE5LUMxLUY5IiwicGxhdGZvcm0iOiIzIiwiX3N1cHBvcnQiOiIxMDExMDEwMTAxMTAxMDEwMDAxMDAwMSIsImNvbmZpZ0FwcElkIjoiMSIsIm1mIjoiQWxsd2lubmVyIiwicHJlIjoiMCIsIm9zX3ZlciI6IjEyIiwiZGV2aWNlX2lkIjoiMjAwMkZFMTlDMUY5MDAwMDAwMDAwMDAwMDAwMDAwMDAiLCJ0aWNrZXQiOiIiLCJ0aW1lX3pvbmUiOiJHTVQrMDg6MDAiLCJ0dGlkIjoiMF8xOTcwMGJiMzc0ZF9Dck5JSmRtVSIsInZlcnNpb24iOiI3LjAuMzExLjM4NC4zLkRCT1NfVFZBUFAuMC4wX1JlbGVhc2UiLCJvc0NvZGUiOiIzMSIsImN0IjoiMiIsImxpY2Vuc2UiOiJaZ09PZ281TWpreU9URXNHQmt1NGZ3NE4wUTY0RFFZR0JnWUdCZ1lHQmdZR0JnWUdCZ1lHQmdZR3RJNU1qa3lPVEdZRGpvST0iLCJhYnQiOiIyNjF8QjsyMzV8QjsyMzN8QjsyMzJ8QTsyMzF8QjsyMjZ8QjsxNjd8QjsxNTV8QjsxNTB8Qzs5OXxIIiwibW9kZWxfY29kZSI6IkRCQk9YLUEyIiwiYnVzc19pZCI6IjEwMDAwMTQiLCJidXNpbmVzc19pZCI6IjMxMDA3MDEiLCJyb21fdmVyc2lvbiI6IiIsImFuZHJvaWRfc2RrX3ZlciI6IjMxIn0%3D&hash=7437791fe3f343c38785d41e29044ae4
05-24 13:19:19.006 2824 3221 I httpdns : httpdns parse: inott.api.mgtv.com result: host:inott.api.mgtv.com, ips:[42.81.255.66, 42.81.254.81, 42.81.255.19], ipv6s:[], extras:{}, expired:false, fromDB:false ttl is 60
05-24 13:19:19.006 2824 3221 I httpdns : inott.api.mgtv.com:use ipv4:[42.81.255.66, 42.81.254.81, 42.81.255.19]
05-24 13:19:19.006 2824 3217 I httpdns : httpdns parse: inott.api.mgtv.com result: host:inott.api.mgtv.com, ips:[42.81.255.66, 42.81.254.81, 42.81.255.19], ipv6s:[], extras:{}, expired:false, fromDB:false ttl is 60
05-24 13:19:19.006 2824 3217 I httpdns : inott.api.mgtv.com:use ipv4:[42.81.255.66, 42.81.254.81, 42.81.255.19]
05-24 13:19:19.015 3163 3163 V GraphicsEnvironment: ANGLE Developer option for 'com.tv.kuaisou' set to: 'default'
05-24 13:19:19.015 3163 3163 V GraphicsEnvironment: Neither updatable production driver nor prerelease driver is supported.
05-24 13:19:19.017 3163 3163 D NetworkSecurityConfig: Using Network Security Config from resource network_security_config debugBuild: false
05-24 13:19:19.019 3163 3163 D NetworkSecurityConfig: Using Network Security Config from resource network_security_config debugBuild: false
05-24 13:19:19.021 3163 3163 I MultiDex: VM with version 2.1.0 has multidex support
05-24 13:19:19.021 3163 3163 I MultiDex: Installing application
05-24 13:19:19.021 3163 3163 I MultiDex: VM has multidex support, MultiDex support library is disabled.
05-24 13:19:19.021 3163 3163 I MultiDex: Installing application
05-24 13:19:19.021 3163 3163 I MultiDex: VM has multidex support, MultiDex support library is disabled.
05-24 13:19:19.041 3163 3163 D yl : d.o.a.c.b.a-------------------the tables are {class com.kuaisou.provider.dal.net.http.entity.login.UserInfoEntity=d.g.a.b.d.c.a.c.a@5ef039d, class com.kuaisou.provider.dal.db.model.FitDownloadEntry=d.g.a.b.b.c.a@24c9012, class com.kuaisou.provider.dal.net.http.entity.e_sports.LiveRoomEntity=d.g.a.b.d.c.a.b.a@e6b03e3, class com.kuaisou.provider.dal.net.http.entity.MainTabEntity=d.g.a.b.d.c.a.a@35201e0}
05-24 13:19:19.044 3163 3228 I BesTVContent: [ContentClient.logout]
05-24 13:19:19.044 3163 3228 E BesTVContent: [ContentClient.logout] ContentSDK is not initialized
05-24 13:19:19.098 487 758 D CompatibilityChangeReporter: Compat change id reported: 149924527; UID 10086; state: ENABLED
05-24 13:19:19.100 487 758 D CompatibilityChangeReporter: Compat change id reported: 132649864; UID 10086; state: DISABLED
05-24 13:19:19.129 487 761 D SntpClient: request time failed: java.net.SocketTimeoutException: Poll timed out
05-24 13:19:19.156 487 532 W IorapForwardingService: No service published for: iorapd
05-24 13:19:19.160 1039 1171 I MediaProvider: Deleted 1 0 0 0 0 0 0 items on external_primary due to com.tv.kuaisou
05-24 13:19:19.172 1039 1182 I MediaProvider: Deleted 1 0 0 0 0 0 0 items on external_primary due to com.tv.kuaisou
05-24 13:19:19.187 1039 1171 W MediaProvider: isAppCloneUserPair for user 0: false
05-24 13:19:19.191 2824 3221 I UserAgentInterceptor: create User-Agent:Dalvik/2.1.0 (Linux; U; Android 12; DBBOX-A2 Build/SP1A.211105.004) okhttp imgotv-ott-7.0.311-DBOS-DBBOX-A2
05-24 13:19:19.216 487 1458 W BroadcastQueue: Target SDK mismatch: receiver ActivityInfo{697eca0 com.dangbei.euthenia.receiver.NetworkChangeReceiver} targets 26 but delivery restricted to [0, 23] broadcasting Intent { act=android.net.conn.CONNECTIVITY_CHANGE flg=0x4200010 (has extras) } from android (pid=487, uid=1000) to com.dangbei.lerad.videoposter/com.dangbei.euthenia.receiver.NetworkChangeReceiver
05-24 13:19:19.219 487 1458 I ActivityManager: Killing 1333:com.android.localtransport/1000 (adj 985): empty #17
05-24 13:19:19.222 487 551 W BroadcastQueue: Target SDK mismatch: receiver ActivityInfo{c88b059 com.netease.nimlib.service.NimReceiver} targets 31 but delivery restricted to [0, 23] broadcasting Intent { act=android.net.conn.CONNECTIVITY_CHANGE flg=0x4200010 (has extras) } from android (pid=487, uid=1000) to com.hpplay.happyplay.aw/com.netease.nimlib.service.NimReceiver
05-24 13:19:19.225 487 553 I libprocessgroup: Successfully killed process cgroup uid 1000 pid 1333 in 0ms
05-24 13:19:19.230 487 1458 W BroadcastQueue: Target SDK mismatch: receiver ActivityInfo{9c4641e com.dangbei.screencast.startup.BootReceiver} targets 28 but delivery restricted to [0, 23] broadcasting Intent { act=android.net.conn.CONNECTIVITY_CHANGE flg=0x4200010 (has extras) } from android (pid=487, uid=1000) to com.dangbei.screencast/.startup.BootReceiver
05-24 13:19:19.233 3163 3244 I TDLog : setReportUncaughtExceptions: true
05-24 13:19:19.240 487 758 W BroadcastQueue: Target SDK mismatch: receiver ActivityInfo{9f32cc com.dangbei.euthenia.receiver.NetworkChangeReceiver} targets 26 but delivery restricted to [0, 23] broadcasting Intent { act=android.net.conn.CONNECTIVITY_CHANGE flg=0x4200010 (has extras) } from android (pid=487, uid=1000) to com.dangbei.lerad.videoposter/com.dangbei.euthenia.receiver.NetworkChangeReceiver
05-24 13:19:19.244 258 258 I Zygote : Process 1333 exited due to signal 9 (Killed)
05-24 13:19:19.245 487 551 W BroadcastQueue: Target SDK mismatch: receiver ActivityInfo{b0af915 com.netease.nimlib.service.NimReceiver} targets 31 but delivery restricted to [0, 23] broadcasting Intent { act=android.net.conn.CONNECTIVITY_CHANGE flg=0x4200010 (has extras) } from android (pid=487, uid=1000) to com.hpplay.happyplay.aw/com.netease.nimlib.service.NimReceiver
05-24 13:19:19.260 3163 3244 I http : request_Tag ======>
05-24 13:19:19.260 3163 3244 I http : request_get_url======>http://kstj.dbkan.com/getmethods?vname=3.14.6&compact=&channel=dbys_znds_2021&pattern=1&model=DBBOX-A2&version=331&brand=Dangbei
05-24 13:19:19.265 487 825 D ConnectivityService: requestNetwork for uid/pid:10086/3163 activeRequest: null callbackRequest: 45 [NetworkRequest [ REQUEST id=45, [ Capabilities: NOT_RESTRICTED&TRUSTED&NOT_VPN&NOT_VCN_MANAGED Uid: 10086 RequestorUid: 10086 RequestorPkg: com.tv.kuaisou] ]] callback flags: 0 priority: 2147483647
05-24 13:19:19.267 487 629 D ConnectivityService: NetReassign [45 : null → 100]
05-24 13:19:19.270 487 663 D Ethernet: got request NetworkRequest [ REQUEST id=45, [ Capabilities: NOT_RESTRICTED&TRUSTED&NOT_VPN&NOT_VCN_MANAGED Uid: 10086 RequestorUid: 10086 RequestorPkg: com.tv.kuaisou] ]
05-24 13:19:19.270 487 663 D EthernetNetworkFactory: acceptRequest, request: NetworkRequest [ REQUEST id=45, [ Capabilities: NOT_RESTRICTED&TRUSTED&NOT_VPN&NOT_VCN_MANAGED Uid: 10086 RequestorUid: 10086 RequestorPkg: com.tv.kuaisou] ]
05-24 13:19:19.270 487 663 I EthernetNetworkFactory: networkForRequest, request: NetworkRequest [ REQUEST id=45, [ Capabilities: NOT_RESTRICTED&TRUSTED&NOT_VPN&NOT_VCN_MANAGED Uid: 10086 RequestorUid: 10086 RequestorPkg: com.tv.kuaisou] ], network: null
05-24 13:19:19.270 487 621 D WifiNetworkFactory: got request NetworkRequest [ REQUEST id=45, [ Capabilities: NOT_RESTRICTED&TRUSTED&NOT_VPN&NOT_VCN_MANAGED Uid: 10086 RequestorUid: 10086 RequestorPkg: com.tv.kuaisou] ]
05-24 13:19:19.271 487 621 D UntrustedWifiNetworkFactory: got request NetworkRequest [ REQUEST id=45, [ Capabilities: NOT_RESTRICTED&TRUSTED&NOT_VPN&NOT_VCN_MANAGED Uid: 10086 RequestorUid: 10086 RequestorPkg: com.tv.kuaisou] ]
05-24 13:19:19.272 487 621 D OemPaidWifiNetworkFactory: got request NetworkRequest [ REQUEST id=45, [ Capabilities: NOT_RESTRICTED&TRUSTED&NOT_VPN&NOT_VCN_MANAGED Uid: 10086 RequestorUid: 10086 RequestorPkg: com.tv.kuaisou] ]
05-24 13:19:19.278 3163 3247 I TDLog : TalkingData App Analytics SDK init...
05-24 13:19:19.278 3163 3247 I TDLog : SDK_VERSION is: Android+TD+V4.0.50 gp Type:Native Build_Num:1299
05-24 13:19:19.278 3163 3247 I TDLog : App ID is: D8133F07EFC460A5161989A5382D5B4F
05-24 13:19:19.278 3163 3247 I TDLog : App Channel is: dbys_znds_2021
05-24 13:19:19.278 3163 3247 I TDLog : SDK_OVC is: TDOVC+506aca94a5ca5b978c5260d5c997b6e3+SaaS
05-24 13:19:19.301 1039 1294 W MediaProvider: isAppCloneUserPair for user 0: false
05-24 13:19:19.302 1039 1171 I MediaProvider: Deleted 1 0 0 0 0 0 0 items on external_primary due to com.tv.kuaisou
05-24 13:19:19.304 3163 3163 I pool-2-thread-1: type=1400 audit(0.0:1288): avc: denied { getattr } for path="/proc/keys" dev="proc" ino=4026532121 scontext=u:r:untrusted_app_25:s0:c512,c768 tcontext=u:object_r:proc_keys:s0 tclass=file permissive=1 app=com.tv.kuaisou
05-24 13:19:19.304 3163 3163 I pool-2-thread-1: type=1400 audit(0.0:1289): avc: denied { getattr } for path="/proc/kmsg" dev="proc" ino=4026532051 scontext=u:r:untrusted_app_25:s0:c512,c768 tcontext=u:object_r:proc_kmsg:s0 tclass=file permissive=1 app=com.tv.kuaisou
05-24 13:19:19.308 3163 3163 I pool-2-thread-1: type=1400 audit(0.0:1290): avc: denied { getattr } for path="/proc/stat" dev="proc" ino=4026532047 scontext=u:r:untrusted_app_25:s0:c512,c768 tcontext=u:object_r:proc_stat:s0 tclass=file permissive=1 app=com.tv.kuaisou
05-24 13:19:19.308 3163 3163 I pool-2-thread-1: type=1400 audit(0.0:1291): avc: denied { getattr } for path="/proc/iomem" dev="proc" ino=4026532087 scontext=u:r:untrusted_app_25:s0:c512,c768 tcontext=u:object_r:proc_iomem:s0 tclass=file permissive=1 app=com.tv.kuaisou
05-24 13:19:19.308 3163 3163 I pool-2-thread-1: type=1400 audit(0.0:1292): avc: denied { getattr } for path="/proc/locks" dev="proc" ino=4026532039 scontext=u:r:untrusted_app_25:s0:c512,c768 tcontext=u:object_r:proc_locks:s0 tclass=file permissive=1 app=com.tv.kuaisou
05-24 13:19:19.329 1039 2724 W MediaProvider: isAppCloneUserPair for user 0: false
05-24 13:19:19.344 1039 1171 W MediaProvider: isAppCloneUserPair for user 0: false
05-24 13:19:19.348 216 226 I keystore2: keystore2::watchdog: Watchdog thread idle -> terminating. Have a great day.
05-24 13:19:19.358 1039 1161 E StorageManager: Failed to open /storage/emulated/0/DCIM/.probe to set project id.: No such file or directory
05-24 13:19:19.358 1039 1161 W MediaProvider: Failed to update quota type for /storage/emulated/0/DCIM/.probe
05-24 13:19:19.358 1039 1161 W MediaProvider: java.io.IOException: Failed to update quota type for /storage/emulated/0/DCIM/.probe
05-24 13:19:19.358 1039 1161 W MediaProvider: at android.os.storage.StorageManager.updateExternalStorageFileQuotaType(StorageManager.java:2596)
05-24 13:19:19.358 1039 1161 W MediaProvider: at com.android.providers.media.MediaProvider.updateQuotaTypeForFileInternal(MediaProvider.java:647)
05-24 13:19:19.358 1039 1161 W MediaProvider: at com.android.providers.media.MediaProvider.lambda$onFileCreatedForFuse$12(MediaProvider.java:1304)
05-24 13:19:19.358 1039 1161 W MediaProvider: at com.android.providers.media.MediaProvider.$r8$lambda$qQ2SL_xqs-9v4mCYUB_TrDraYeg(Unknown Source:0)
05-24 13:19:19.358 1039 1161 W MediaProvider: at com.android.providers.media.MediaProvider$$ExternalSyntheticLambda11.run(Unknown Source:4)
05-24 13:19:19.358 1039 1161 W MediaProvider: at android.os.Handler.handleCallback(Handler.java:938)
05-24 13:19:19.358 1039 1161 W MediaProvider: at android.os.Handler.dispatchMessage(Handler.java:99)
05-24 13:19:19.358 1039 1161 W MediaProvider: at android.os.Looper.loopOnce(Looper.java:201)
05-24 13:19:19.358 1039 1161 W MediaProvider: at android.os.Looper.loop(Looper.java:288)
05-24 13:19:19.358 1039 1161 W MediaProvider: at android.os.HandlerThread.run(HandlerThread.java:67)
05-24 13:19:19.368 3163 3265 V NFC : this device does not have NFC support
05-24 13:19:19.370 3163 3258 E SQLiteLog: (5) statement aborts at 1: [PRAGMA journal_mode=TRUNCATE] database is locked
05-24 13:19:19.371 3163 3258 W SQLiteConnection: Could not change the database journal mode of '/storage/emulated/0/Android/.D43447A180D59EEF0EA5A6803083B686/.D1C593128F43E2D009A968D7C663F774' from 'wal' to 'TRUNCATE' because the database is locked. This usually means that there are other open connections to the database which prevents the database from enabling or disabling write-ahead logging mode. Proceeding without changing the journal mode.
05-24 13:19:19.373 3163 3257 E SQLiteLog: (5) statement aborts at 1: [PRAGMA journal_mode=TRUNCATE] database is locked
05-24 13:19:19.374 3163 3257 W SQLiteConnection: Could not change the database journal mode of '/storage/emulated/0/Android/.D43447A180D59EEF0EA5A6803083B686/.D1C593128F43E2D009A968D7C663F774' from 'wal' to 'TRUNCATE' because the database is locked. This usually means that there are other open connections to the database which prevents the database from enabling or disabling write-ahead logging mode. Proceeding without changing the journal mode.
05-24 13:19:19.377 1039 1172 I MediaProvider: Deleted 1 0 0 0 0 0 0 items on external_primary due to com.tv.kuaisou
05-24 13:19:19.379 1039 1161 W MediaProvider: Failed to update quota for uri: content://media/external_primary/file/24072
05-24 13:19:19.379 1039 1161 W MediaProvider: java.io.FileNotFoundException: No item at content://media/external_primary/file/24072
05-24 13:19:19.379 1039 1161 W MediaProvider: at com.android.providers.media.MediaProvider.queryForSingleItem(MediaProvider.java:7391)
05-24 13:19:19.379 1039 1161 W MediaProvider: at com.android.providers.media.MediaProvider.queryForDataFile(MediaProvider.java:7337)
05-24 13:19:19.379 1039 1161 W MediaProvider: at com.android.providers.media.MediaProvider.queryForDataFile(MediaProvider.java:7329)
05-24 13:19:19.379 1039 1161 W MediaProvider: at com.android.providers.media.MediaProvider.updateQuotaTypeForUri(MediaProvider.java:608)
05-24 13:19:19.379 1039 1161 W MediaProvider: at com.android.providers.media.MediaProvider.access$1000(MediaProvider.java:257)
05-24 13:19:19.379 1039 1161 W MediaProvider: at com.android.providers.media.MediaProvider$3.lambda$onInsert$0(MediaProvider.java:673)
05-24 13:19:19.379 1039 1161 W MediaProvider: at com.android.providers.media.MediaProvider$3.$r8$lambda$tVGVTcDpunhoNiUjwQEahD_I1Jc(Unknown Source:0)
05-24 13:19:19.379 1039 1161 W MediaProvider: at com.android.providers.media.MediaProvider$3$$ExternalSyntheticLambda2.run(Unknown Source:10)
05-24 13:19:19.379 1039 1161 W MediaProvider: at android.os.Handler.handleCallback(Handler.java:938)
05-24 13:19:19.379 1039 1161 W MediaProvider: at android.os.Handler.dispatchMessage(Handler.java:99)
05-24 13:19:19.379 1039 1161 W MediaProvider: at android.os.Looper.loopOnce(Looper.java:201)
05-24 13:19:19.379 1039 1161 W MediaProvider: at android.os.Looper.loop(Looper.java:288)
05-24 13:19:19.379 1039 1161 W MediaProvider: at android.os.HandlerThread.run(HandlerThread.java:67)
05-24 13:19:19.398 2824 3191 I thread-Optimize-App: no proxy pool:0 max:2147483647 keep:60 source:​okhttp3.internal.http2.Http2Connection
05-24 13:19:19.398 2824 3191 I thread-Optimize-App: no proxy pool:0 max:1 keep:60 source:​okhttp3.internal.http2.Http2Connection
05-24 13:19:19.407 2824 3206 I thread-Optimize-App: no proxy pool:0 max:1 keep:60 source:​okhttp3.internal.http2.Http2Connection
05-24 13:19:19.415 2824 3221 I mgtv-ott: reverse codec:11031109 build codec:11031109
05-24 13:19:19.421 487 818 W ServiceManager: Permission failure: android.permission.HIGH_SAMPLING_RATE_SENSORS from uid=10086 pid=3163
05-24 13:19:19.426 2824 3211 I thread-Optimize-App: no proxy pool:0 max:1 keep:60 source:​okhttp3.internal.http2.Http2Connection
05-24 13:19:19.432 2824 2824 I Network-OkhttpImpl: response: onResponse requestID:238379940,requestPath:http://inott.api.mgtv.com/v1/inott/start/getConfig,ttid: null,httpCode: 200,isSuccess:true dns:0 connect:183 parse:29 thread:2 handler:0 total:537 [http://inott.api.mgtv.com/v1/inott/start/getConfig]
05-24 13:19:19.432 2824 2824 I mg_start: use server api config info.
05-24 13:19:19.433 2824 2824 W ApiConfigDataProvider: not match key:recall_card_recommendation_id ,value:
05-24 13:19:19.433 2824 2824 W ApiConfigDataProvider: not match key:ott_apk_jumpprompt_switch ,value:1
05-24 13:19:19.433 2824 2824 W ApiConfigDataProvider: not match key:os_voice_app_plan ,value:dm
05-24 13:19:19.433 2824 2824 W ApiConfigDataProvider: not match key:os_voice_app_activate ,value:button
05-24 13:19:19.433 2824 2824 W ApiConfigDataProvider: not match key:os_sysset_testspeed_urls ,value:http://starcorupdate.hifuntv.com/openapk/dbei/HunanOTT_V4_4_X_UE_MG_Pre_Release_MG_5.5.704_SC46720_VC59712.apk;http://starcorupdate.hifuntv.com/openapk/dbei/HunanOTT_V4_4_X_UE_MG_Pre_Release_MG_5.5.703_SC46572_VC59573.apk
05-24 13:19:19.434 2824 2824 W ApiConfigDataProvider: not match key:abtest_fix_abt ,value:101|A;101|D;101|F;105|B;124|B;148|A;146|A
05-24 13:19:19.434 2824 2824 W ApiConfigDataProvider: not match key:ftx_activity_h5_url ,value:http://club.mgtv.com/tvos/dl/niunai.html
05-24 13:19:19.434 2824 2824 W ApiConfigDataProvider: not match key:ott_flashmodule_playvideo_switch ,value:1
05-24 13:19:19.434 2824 2824 W ApiConfigDataProvider: not match key:ott_throwing_screen_switch ,value:0
05-24 13:19:19.434 2824 2824 W ApiConfigDataProvider: not match key:os_fuse_pay_switch ,value:1
05-24 13:19:19.434 2824 2824 W ApiConfigDataProvider: not match key:os_clear_space_uninstall_white_apps ,value:com.gitvvideo.mango;com.cibn.tv;com.ktcp.video;net.myvst.v2;com.xiaodianshi.tv.yst;net.cibntv.ott.sk;com.hpplay.happyplay.aw;com.baidu.input_baidutv;
05-24 13:19:19.434 2824 2824 W ApiConfigDataProvider: not match key:ott_apk_fstlvlid_mapping_vclassid ,value:[{"fstlvlId":"2","vclassId":"2095375","pos":"10"}]
05-24 13:19:19.434 2824 2824 W ApiConfigDataProvider: not match key:ott_hdr10_switch ,value:0
05-24 13:19:19.434 2824 2824 W ApiConfigDataProvider: not match key:ott_apk_dolbyatmos_switch ,value:1
05-24 13:19:19.434 2824 2824 W ApiConfigDataProvider: not match key:ott_apk_pen_defs ,value:9,10
05-24 13:19:19.435 2824 2824 W ApiConfigDataProvider: not match key:ott_xweb_switch ,value:1
05-24 13:19:19.435 2824 2824 I ApiConfigDataProvider: ott_group_switchs:0-0-0-0-0-1-1-0-1-150-1-3-2-0-0-0-1-1-0-1-0-0-4771565-视听备【2023】B1723-0-0-湘B2;20090004;13A-28800-1-480
05-24 13:19:19.435 2824 2824 I ApiConfigDataProvider: mPodPopShowRang changed:{1=0.7, 2=0.7, 3=0.7, 50=0.7}
05-24 13:19:19.435 2824 2824 W ApiConfigDataProvider: not match key:ott_detail_top_datatype ,value:-1|1,2,15,16,9,14
05-24 13:19:19.435 2824 2824 I ApiConfigDataProvider: init DefTNames: [DefTName{dt=1, ds=[10, 11, 9], dn='芒臻'}, DefTName{dt=2, ds=[8], dn='高品质'}]
05-24 13:19:19.435 2824 2824 W ApiConfigDataProvider: not match key:ott_md_auto_def ,value:highQuality-4,newImmersive-3,ImmersiveShowcase-3
05-24 13:19:19.435 2824 2824 I ApiConfigDataProvider: initLoginDef: 3-登录专享
05-24 13:19:19.435 2824 2824 W ApiConfigDataProvider: not match key:ott_chl_show_vts ,value:show
05-24 13:19:19.436 2824 2824 I httpdns : white list refresh:[inottproxy.api.mgtv.com, inottput.api.mgtv.com, ottupdate.api.mgtv.com, mtiny.api.mgtv.com, ott.bz.mgtv.com, ottso.bz.mgtv.com, rc-upgc.api.mgtv.com, vip.bz.mgtv.com, ottlive.api.mgtv.com, as.mgtv.com, inottpay.api.mgtv.com, inotthst.api.mgtv.com, inott.api.mgtv.com, ottwec.api.mgtv.com, playhistory.bz.mgtv.com, rc.mgtv.com, inottnc.api.mgtv.com, inottchl.api.mgtv.com, nuc.api.mgtv.com, provider.bz.mgtv.com, lucky.bz.mgtv.com, openott.api.mgtv.com, inottuni.api.mgtv.com, inotthuodong.api.mgtv.com, ott.da.mgtv.com, support.api.hunantv.com, mqttott.bz.mgtv.com, yy.bz.mgtv.com, pianku.api.mgtv.com, rc-dp-gateway.bz.mgtv.com, vipact3.api.mgtv.com]
05-24 13:19:19.436 2824 2824 I mg_start: api_config>>>server data upgrade
05-24 13:19:19.436 2824 2824 I mg_start: api_config>>>【finish】 server cost:743ms
05-24 13:19:19.436 2824 2824 I UserAgreementConfig: changeUserAgreementSetting20230802001
05-24 13:19:19.437 1039 1173 W MediaProvider: isAppCloneUserPair for user 0: false
05-24 13:19:19.461 487 758 D CompatibilityChangeReporter: Compat change id reported: 168419799; UID 10017; state: DISABLED
05-24 13:19:19.470 1039 2724 I MediaProvider: Deleted 1 0 0 0 0 0 0 items on external_primary due to com.tv.kuaisou
05-24 13:19:19.474 2767 2969 E ActivityThread: Failed to find provider info for com.tcl.xian.StartandroidService.MyContentProvider
05-24 13:19:19.485 3163 3244 D APP-- : [OttPlayerManager][initXplayer][log>>>==begin load p2pPlugins==]
05-24 13:19:19.488 487 758 D CompatibilityChangeReporter: Compat change id reported: 135634846; UID 10078; state: DISABLED
05-24 13:19:19.488 487 552 D CompatibilityChangeReporter: Compat change id reported: 143937733; UID 10078; state: DISABLED
05-24 13:19:19.491 2824 3214 I thread-Optimize-App: no proxy pool:0 max:1 keep:60 source:​okhttp3.internal.http2.Http2Connection
05-24 13:19:19.492 3163 3244 D PPDATA--: [DataServiceMgr][init][INIT]com.tv.kuaisou.TV_application@ad57097
05-24 13:19:19.501 2824 3188 I thread-Optimize-App: no proxy pool:0 max:1 keep:60 source:​okhttp3.internal.http2.Http2Connection
05-24 13:19:19.506 2824 3205 I thread-Optimize-App: no proxy pool:0 max:1 keep:60 source:​okhttp3.internal.http2.Http2Connection
05-24 13:19:19.507 3163 3244 E SizeUtil: sysWidth: 1920 sysHeight: 1080 1.0
05-24 13:19:19.511 258 258 D Zygote : Forked child process 3289
05-24 13:19:19.513 2824 3186 I thread-Optimize-App: no proxy pool:0 max:1 keep:60 source:​okhttp3.internal.http2.Http2Connection
05-24 13:19:19.518 487 552 I ActivityManager: app.processName = com.mitv.tvhome.othertv.dbscos
05-24 13:19:19.518 487 552 I ActivityManager: Start proc 3289:com.mitv.tvhome.othertv.dbscos/u0a78 for broadcast {com.mitv.tvhome.othertv.dbscos/com.mitv.deviceinfo.DeviceInfoQueryReceiver}
05-24 13:19:19.522 2824 3217 I thread-Optimize-App: no proxy pool:0 max:1 keep:60 source:​okhttp3.internal.http2.Http2Connection
05-24 13:19:19.527 3289 3289 I Zygote : seccomp disabled by setenforce 0
05-24 13:19:19.547 412 3295 I adbd : host-66: read thread spawning
05-24 13:19:19.548 412 3295 I adbd : host-66: read failed: Success
05-24 13:19:19.548 412 3295 I adbd : host-66: connection terminated: read failed
05-24 13:19:19.548 412 412 I adbd : host-66: already offline
05-24 13:19:19.548 412 412 I adbd : destroying transport host-66
05-24 13:19:19.548 412 412 I adbd : BlockingConnectionAdapter(host-66): stopping
05-24 13:19:19.553 412 3296 I adbd : host-66: write thread spawning
05-24 13:19:19.553 412 412 I adbd : BlockingConnectionAdapter(host-66): stopped
05-24 13:19:19.553 412 412 I adbd : BlockingConnectionAdapter(host-66): destructing
05-24 13:19:19.553 412 412 I adbd : BlockingConnectionAdapter(host-66): already stopped
05-24 13:19:19.567 2824 2824 I Network-OkhttpImpl: response: onResponse requestID:203553452,requestPath:https://inottuni.api.mgtv.com/v1/inott/start/getPlayerConfig,ttid: 0_19700bb36ed_uJ89bb0D,httpCode: 200,isSuccess:true dns:113 connect:509 parse:6 thread:8 handler:0 total:802 [https://inottuni.api.mgtv.com/v1/inott/start/getPlayerConfig]
05-24 13:19:19.567 2824 2824 I ConfigReqCallBackImpl: sysPlay success, SysPlayerInfo{isServerFail='false', isSoft='0', mpType='0', renderType='0', forcePlayer='0', doublePlay='1', doublePlaySpeed='0.5|0.75|1.0|1.25|1.5|2', mSpeedList=null, smallWindowsPlay='1', flashModuleVideo='1', ipv6Switch='1', playerPreSwitch='1', adType='0', adSwitch='1', perforSwitch='0', ability4kFlag='0', seamlessDefinitionSwitch='0', abilityHdr10Flag='2', wanosAudioResource='ffc3c0890ebb94887210fb005502e988|https%3A%2F%2Fossimg.hitv.com%2Fplatform_oss%2F1677200628292%2FaudioEffectConfig_OTT_230222.txt', wanosAudioSwitch='0', c11detectSwitch='1', castSwitch='1', forceDecodeHW='null', quailty4kSwitch='0', xwebSwitch='0', xwebCacheSize='20', rePluginSwitch='null', tryAudioSwitch='0', zRealSwitch='2', quailtyWanos='2', zRealWanosAudioSwitch='1', p2pSwitch='null', anrReportSwitch='null', nativeReportSwitch='null', h265Switch='1', qualityGroupSwitchs='null', webpEnable='null', pluginGroupSwitchs='null', pluginCanDisableByLocal='null', ueecDurLimits='null', multiDexType='null', imageAppendScale='null', imageAppendQuality='null', imageAppendFormat='2', imageFormatFactoryType='null', imageDegradedType='null', disAllowEncryptForHttps='null', reportDelay='null', reportDelayForce='null', fullVideoPauseAdEnable='null', abrOpen='null', useOkhttp='1', quickAuth='1', allowCoreThreadTimeOut='null', allowCollectPageData='null', directP2p='1', allowPrintThreadLog='null', preloadConfig='applicaiton-0:I-1', qLandPreLoadSwitch='1', vodPreLoadSwitch='2', drmJudgeRoot='1', httpDnsEnable='1', httpDnsCacheInvaidTime='null', httpDnsNetworkState='null', httpDnsV6Enable='null', httpDnsRecordsLimit='null', httpDnsReportIntervalLimit='null', fakeVerity='null', optDrawableMemory='null', optDrawableQuality='null', anrInit='null', nativeMemory='null', handlerMsg='null', hprof='null', jsonType='null', networkApmDomains='channel/index,ott/v3/video/info,video/info,epg5/getVodPlayUrl_v2', threadPrintInterval='null', barrageLiveSwitch='null'}
05-24 13:19:19.567 2824 2824 I 12_[MgtvCore-2]NetPlayConfigV3: setConfigH265() = false
05-24 13:19:19.567 2824 2824 I mg_start: launchConfig:null launchAbSwitch:1
05-24 13:19:19.568 2824 2824 I mg_start: thread config:volley_max-64:volley_core-5:volley_network-1:volley_image-1:volley_report-1:volley_multipart-1:app_report_alive_time-60
05-24 13:19:19.568 2824 2824 I thread-Optimize-handle: global setCoreSize:12 maxSize:16
05-24 13:19:19.568 2824 2824 I thread-Optimize-handle: app thread pool init default
05-24 13:19:19.568 2824 2824 W System.err: java.lang.NumberFormatException: null
05-24 13:19:19.568 2824 2824 W System.err: at java.lang.Long.parseLong(Long.java:557)
05-24 13:19:19.568 2824 2824 W System.err: at java.lang.Long.parseLong(Long.java:636)
05-24 13:19:19.568 2824 2824 W System.err: at com.mgtv.tv.launcher.b.a.d(AppStartCacheHelper.java:468)
05-24 13:19:19.568 2824 2824 W System.err: at com.mgtv.tv.netconfig.a.a(ConfigReqCallBackImpl.java:262)
05-24 13:19:19.568 2824 2824 W System.err: at com.mgtv.tv.netconfig.a.a(ConfigReqCallBackImpl.java:238)
05-24 13:19:19.568 2824 2824 W System.err: at com.mgtv.tv.netconfig.a.a(ConfigReqCallBackImpl.java:227)
05-24 13:19:19.568 2824 2824 W System.err: at com.mgtv.tv.netconfig.a$3.onSuccess(ConfigReqCallBackImpl.java:171)
05-24 13:19:19.568 2824 2824 W System.err: at com.mgtv.tv.base.network.NetWorkOkhttpImpl$2$1.run(NetWorkOkhttpImpl.java:398)
05-24 13:19:19.575 1058 1212 E RCInfo : vid:
05-24 13:19:19.575 1058 1212 E RCInfo : pid:
05-24 13:19:19.576 1058 1212 E RCInfo : vid:
05-24 13:19:19.576 1058 1212 E RCInfo : pid:
05-24 13:19:19.568 2824 2824 W System.err: at android.os.Handler.handleCallback(Handler.java:938)
05-24 13:19:19.586 2824 2824 W System.err: at android.os.Handler.dispatchMessage(Handler.java:99)
05-24 13:19:19.586 2824 2824 W System.err: at android.os.Looper.loopOnce(Looper.java:201)
05-24 13:19:19.586 2824 2824 W System.err: at android.os.Looper.loop(Looper.java:288)
05-24 13:19:19.586 2824 2824 W System.err: at android.app.ActivityThread.main(ActivityThread.java:7854)
05-24 13:19:19.586 2824 2824 W System.err: at java.lang.reflect.Method.invoke(Native Method)
05-24 13:19:19.586 2824 2824 W System.err: at com.android.internal.os.RuntimeInit$MethodAndArgsCaller.run(RuntimeInit.java:548)
05-24 13:19:19.586 2824 2824 W System.err: at com.android.internal.os.ZygoteInit.main(ZygoteInit.java:1182)
05-24 13:19:19.586 2824 2824 I thread-Optimize: thread collect stop
05-24 13:19:19.589 3163 3244 I AD-- : [DeviceInfo][get Resolution type is ]
05-24 13:19:19.605 2824 2824 I base-image-loader: init: isScale:true imageFormat:2 isQuality:false value:100
05-24 13:19:19.605 2824 2824 I base-image-loader: imageFormatFactoryType by set:null
05-24 13:19:19.605 2824 2824 I ServerSideConfigsImpl: updateQualitySupport: stream=9,{type=lab, support=2}
05-24 13:19:19.605 2824 2824 I ServerSideConfigsImpl: updateSupport,index:3,showCharOne:true
05-24 13:19:19.605 2824 2824 I ServerSideConfigsImpl: updateQualitySupport: stream=11,{type=player, support=0}
05-24 13:19:19.605 2824 2824 I ServerSideConfigsImpl: updateSupport,index:16,showCharOne:false
05-24 13:19:19.606 2824 2824 I PageMeasure: reset page info:true
05-24 13:19:19.606 2824 2824 I httpdns : http dns switch refresh:true
05-24 13:19:19.606 2824 2824 I httpdns : http dns apm report:channel/index,ott/v3/video/info,video/info,epg5/getVodPlayUrl_v2
05-24 13:19:19.606 2824 2824 I ServerSideConfigsImpl: 终端能力集接口下发settingSupport=000100000,配置接口下发+本地设置support=01101010101011010101010,客户端处理后support=10110101011010100010001
05-24 13:19:19.623 412 422 I adbd : jdwp connection from 3289
05-24 13:19:19.628 2824 2824 I mg_start: app_play_config>>>server data upgrade
05-24 13:19:19.628 2824 2824 I mg_start: app_play_config>>>【finish】 server cost:896ms
05-24 13:19:19.628 2824 2824 I Network-OkhttpImpl: response: onResponse requestID:71319544,requestPath:https://inott.api.mgtv.com/v1/inott/start/startAuth,ttid: 0_19700bb3747_DJcis2Mn,httpCode: 200,isSuccess:true dns:32 connect:607 parse:27 thread:2 handler:60 total:683 [https://inott.api.mgtv.com/v1/inott/start/startAuth]
05-24 13:19:19.629 2824 2824 I mg_start: get auth info:AuthModel{netId='', license='ZgOOgo5MjkyOTEsGBku4fw4N0Q64DQYGBgYGBgYGBgYGBgYGBgYGBgYGtI5MjkyOTGYDjoI=', ip='183.129.182.116', is_within='0'}
05-24 13:19:19.630 2824 3206 I okhttp : request: get, requestID: 11656285, requestModule: normal, requestDataType: key-value, requestUrl: https://ott.bz.mgtv.com/vod/config?appVersion=7.0.311&code=p2pDetails%2CdataSourceSDK%2Cabrsdk&keepPlay=&endType=mgtvapp&channel=DBOS&sign=&source=&type=&uuid=&mac=20-02-FE-19-C1-F9&platform=3&uid=mgtvmac2002FE19C1F9&_support=10110101011010100010001&osVersion=12&osType=android&macaddress=&localVideoWatchTime=&dname=&seqId=&abroad=0&ticket=&src=&change=&ttid=0_19700bb3a36_yhBYJ0Us&userId=&version=31&abt=261%7CB%3B235%7CB%3B233%7CB%3B232%7CA%3B231%7CB%3B226%7CB%3B167%7CB%3B155%7CB%3B150%7CC%3B99%7CH&playType=&ottFullVersion=7.0.311.384.3.DBOS_TVAPP.0.0_Release&localPlayVideoId=&guid=6dbdf823-eda5-4701-bc45-671d7eedd903&imei=&device=DBBOX-A2&androidid=
05-24 13:19:19.641 2824 2824 I mg_start: app_auth>>>server data upgrade
05-24 13:19:19.641 2824 2824 I mg_start: app_auth>>>【finish】 server cost:939ms
05-24 13:19:19.641 2824 2824 I Network-OkhttpImpl: response: onResponse requestID:174595348,requestPath:https://ott.bz.mgtv.com/odin/c1/terminal/settings,ttid: 0_19700bb36c9_lHSmVEHw,httpCode: 200,isSuccess:true dns:104 connect:615 parse:0 thread:22 handler:48 total:862 [https://ott.bz.mgtv.com/odin/c1/terminal/settings]
05-24 13:19:19.642 2824 2824 I mg_start: app_terminal_setting>>>server data upgrade
05-24 13:19:19.642 2824 2824 I mg_start: app_terminal_setting>>>【finish】 server cost:913ms
05-24 13:19:19.642 2824 2824 I Network-OkhttpImpl: response: onResponse requestID:179373662,requestPath:https://inottuni.api.mgtv.com/v1/inott/start/sps,ttid: 0_19700bb373d_zdAJ07Hg,httpCode: 200,isSuccess:true dns:33 connect:526 parse:52 thread:3 handler:24 total:719 [https://inottuni.api.mgtv.com/v1/inott/start/sps]
