05-24 13:19:11.294 1522 1731 I efs.config: from server. efs config is {"msg":"成功","code":0,"cip":"127.0.0.1","config":{"common":{"updateInteval":480,"gate_way_https":true},"sign":"f3NTUQxKdV9Tb18TBQ==","app_configs":[{"conditions":[{"val":"0.0.0.0","opc":">=","fld":"ver"}],"actions":[{"opt":"apm_netperf_state","set":100},{"opt":"apm_netperf_day_limit","set":100},{"opt":"apm_netperf_res_bd_state","set":100},{"opt":"apm_oom_state","set":0},{"opt":"apm_netperf_data_rate","set":10},{"opt":"apm_native_h5perf_sampling_rate","set":5},{"opt":"apm_netperf_req_hd_state","set":100},{"opt":"apm_netperf_sampling_rate","set":1},{"opt":"flutter_dart_exception_max_count","set":20},{"opt":"flutter_pv_sampling_rate","set":5},{"opt":"apm_netperf_res_hd_state","set":100},{"opt":"flutter_page_state","set":100},{"opt":"flutter_page_rate","set":5},{"opt":"apm_memperf_sampling_rate","set":0},{"opt":"apm_crash_user_upload_type","set":1},{"opt":"apm_memperf_collect_max_period_sec","set":600},{"opt":"apm_crash_user_max_count","set":20},{"opt":"apm_netperf_bd_state","set":100},{"opt":"apm_native_h5_state","set":0},{"opt":"apm_mem_state","set":0},{"opt":"flutter_dart_exception_state","set":100},{"opt":"flutter_pv_max_count","set":200},{"opt":"apm_memperf_collect_interval","set":5},{"opt":"apm_flutter_state","set":100},{"opt":"apm_patrace_switch_rate","set":5},{"opt":"record_accumulation_time","set":60},{"opt":"apm_net_state","set":0},{"opt":"apm_startperf_sampling_rate","set":5},{"opt":"apm_oom_sampling_rate","set":5}]}]},"stm":1748063951,"cver":1735614867}
05-24 13:19:11.304 1095 1379 E hq : WeatherRefresh:::请求网络地址后,更新的地理位置为:101210101
05-24 13:19:11.337 2202 2295 W odianshi.tv.ys: Unsupported class loader
05-24 13:19:11.338 487 818 E system_server: Invalid class loader spec: =UnsupportedClassLoaderContext=
05-24 13:19:11.338 487 818 E PackageDexUsage: Unsupported context?
05-24 13:19:11.380 1095 1696 I OpenGLRenderer: Davey! duration=9223371998625ms; Flags=0, FrameTimelineVsyncId=906, IntendedVsync=38228836079, Vsync=38228836079, InputEventId=0, HandleInputStart=38229487767, AnimationStart=38229492850, PerformTraversalsStart=38229496184, DrawStart=38230095434, FrameDeadline=38268836079, FrameInterval=38229477100, FrameStartTime=20000000, SyncQueued=38230667475, SyncStart=38230925017, IssueDrawCommandsStart=38231804892, SwapBuffers=38237164809, FrameCompleted=9223372036854775807, DequeueBufferDuration=56042, QueueBufferDuration=1068375, GpuCompleted=9223372036854775807, SwapBuffersCompleted=38239930475, DisplayPresentTime=0,
05-24 13:19:11.423 1095 1372 E hq : Etna:::getFindLookupControllerState isConnect=true
05-24 13:19:11.423 1095 1372 E Etna : getFindLookupControllerState1111111
05-24 13:19:11.428 1095 1372 E hq : Etna:::getFindLookupControllerState valueStr=1
05-24 13:19:11.430 1095 1372 E hq : LookupControler:::isLookupController=true
05-24 13:19:11.430 1095 1372 I hq : LookupControler:::time=110000
05-24 13:19:11.467 2405 2607 I System.out: true
05-24 13:19:11.484 2356 2373 I droid.tv.commo: Background young concurrent copying GC freed 9684(620KB) AllocSpace objects, 4(80KB) LOS objects, 89% free, 2999KB/26MB, paused 167us total 103.863ms
05-24 13:19:11.491 1095 1105 I d.leradlaunche: Background young concurrent copying GC freed 64763(3826KB) AllocSpace objects, 11(536KB) LOS objects, 0% free, 14MB/14MB, paused 7.474ms total 563.354ms
05-24 13:19:11.529 1095 1301 D AppManager: checkLocalAppsIsValid: success
05-24 13:19:11.568 2202 2295 W odianshi.tv.ys: Unsupported class loader
05-24 13:19:11.600 2405 2467 I System.out: true
05-24 13:19:11.616 1095 1095 E martin : 组件:2025-05-24
05-24 13:19:11.617 1095 1095 E weatherWidget: dataChange:Sat May 24 13:19:11 GMT+08:00 2025
05-24 13:19:11.618 1039 1294 E MediaProvider: Permission to access file: /storage/emulated/0/.tlocalcookieid is denied
05-24 13:19:11.627 487 818 W ServiceManager: Permission failure: android.permission.HIGH_SAMPLING_RATE_SENSORS from uid=10077 pid=1522
05-24 13:19:11.638 2567 2567 V GraphicsEnvironment: ANGLE Developer option for 'com.sohu.inputmethod.sogou.tv' set to: 'default'
05-24 13:19:11.638 2567 2567 V GraphicsEnvironment: Neither updatable production driver nor prerelease driver is supported.
05-24 13:19:11.642 2567 2567 D NetworkSecurityConfig: Using Network Security Config from resource network_security_config debugBuild: false
05-24 13:19:11.645 2567 2567 D NetworkSecurityConfig: Using Network Security Config from resource network_security_config debugBuild: false
05-24 13:19:11.647 2567 2567 I MultiDex: VM with version 2.1.0 has multidex support
05-24 13:19:11.647 2567 2567 I MultiDex: Installing application
05-24 13:19:11.647 2567 2567 I MultiDex: VM has multidex support, MultiDex support library is disabled.
05-24 13:19:11.648 1179 1179 D bbb : onStartCommand begin !!!!!!! data分区剩余 20129MB
05-24 13:19:11.659 1095 1696 I OpenGLRenderer: Davey! duration=9223371998345ms; Flags=0, FrameTimelineVsyncId=911, IntendedVsync=38508823858, Vsync=38508823858, InputEventId=0, HandleInputStart=38509340559, AnimationStart=38509344809, PerformTraversalsStart=38509347976, DrawStart=38509807601, FrameDeadline=38548823858, FrameInterval=38509331726, FrameStartTime=20000000, SyncQueued=38510301851, SyncStart=38510526101, IssueDrawCommandsStart=38511418434, SwapBuffers=38522684017, FrameCompleted=9223372036854775807, DequeueBufferDuration=48167, QueueBufferDuration=1000042, GpuCompleted=9223372036854775807, SwapBuffersCompleted=38527299267, DisplayPresentTime=0,
05-24 13:19:11.660 1120 1120 D aaa : LedStatusService onStartCommand begin
05-24 13:19:11.661 1120 2622 D aaa : topPkg is -------------- :com.dangbei.leard.leradlauncher
05-24 13:19:11.663 487 589 D CompatibilityChangeReporter: Compat change id reported: 171306433; UID 1000; state: ENABLED
05-24 13:19:11.672 2202 2295 W odianshi.tv.ys: Unsupported class loader
05-24 13:19:11.672 487 510 E system_server: Invalid class loader spec: =UnsupportedClassLoaderContext=
05-24 13:19:11.672 487 510 E PackageDexUsage: Unsupported context?
05-24 13:19:11.680 1095 1696 I OpenGLRenderer: Davey! duration=9223371998325ms; Flags=0, FrameTimelineVsyncId=913, IntendedVsync=38528813684, Vsync=38528813684, InputEventId=0, HandleInputStart=38529405017, AnimationStart=38529408684, PerformTraversalsStart=38529411934, DrawStart=38530191559, FrameDeadline=38568813684, FrameInterval=38529397767, FrameStartTime=20000000, SyncQueued=38531245726, SyncStart=38531426767, IssueDrawCommandsStart=38533085184, SwapBuffers=38542696184, FrameCompleted=9223372036854775807, DequeueBufferDuration=42875, QueueBufferDuration=4740667, GpuCompleted=9223372036854775807, SwapBuffersCompleted=38548484184, DisplayPresentTime=0,
05-24 13:19:11.681 1120 2622 D aaa : WiFi is connect
05-24 13:19:11.580 2405 2405 I ProcessingThrea: type=1400 audit(0.0:868): avc: denied { read } for name="/" dev="dm-0" ino=2 scontext=u:r:system_app:s0 tcontext=u:object_r:rootfs:s0 tclass=dir permissive=1
05-24 13:19:11.810 0 0 I [ C2] nf_conntrack: default automatic helper assignment has been turned off for security reasons and CT-based firewall rule not found. Use the iptables CT target to attach helpers instead.
05-24 13:19:11.608 2405 2405 I ProcessingThrea: type=1400 audit(0.0:869): avc: denied { open } for path="/" dev="dm-0" ino=2 scontext=u:r:system_app:s0 tcontext=u:object_r:rootfs:s0 tclass=dir permissive=1
05-24 13:19:11.709 2580 2580 V GraphicsEnvironment: ANGLE Developer option for 'com.ktcp.video' set to: 'default'
05-24 13:19:11.710 2580 2580 V GraphicsEnvironment: Neither updatable production driver nor prerelease driver is supported.
05-24 13:19:11.714 2580 2580 D NetworkSecurityConfig: Using Network Security Config from resource arg debugBuild: false
05-24 13:19:11.716 2580 2580 D NetworkSecurityConfig: Using Network Security Config from resource arg debugBuild: false
05-24 13:19:11.747 2580 2580 I MMKV : current API level = 31
05-24 13:19:11.748 2580 2580 I MMKV : version v1.2.8 page size:4096
05-24 13:19:11.750 2580 2580 I MMKV : root dir: /data/user/0/com.ktcp.video/files/mmkv
05-24 13:19:11.752 2567 2567 E SogouIME: setupInputSurface
05-24 13:19:11.759 1039 1172 E MediaProvider: Permission to access file: /storage/emulated/0/.tlocalcookieid is denied
05-24 13:19:11.758 1095 2559 E hq : 当小贝:::message list add complete data.messageList:[]
05-24 13:19:11.758 1095 2559 E hq : data.tabList=[]
05-24 13:19:11.876 2495 2495 W audit : audit_lost=476 audit_rate_limit=5 audit_backlog_limit=64
05-24 13:19:11.761 1095 2559 I hq : 当小贝:::showMessage from=requestGetMessageRemind
05-24 13:19:11.762 1095 1301 I hq : 当小贝:::showMessage 没有消息需要显示
05-24 13:19:11.763 2580 2580 I MMKV : loading [common_config] with 101377 actual size, file size 262144, InterProcess 1, meta info version:3
05-24 13:19:11.763 2580 2580 I MMKV : loading [common_config] with crc 3620098526 sequence 15 version 3
05-24 13:19:11.887 2495 2495 E audit : rate limit exceeded
05-24 13:19:11.770 2580 2580 I MMKV : loaded [common_config] with 592 key-values
05-24 13:19:11.821 1095 1110 I OpenGLRenderer: Davey! duration=9223371998205ms; Flags=0, FrameTimelineVsyncId=916, IntendedVsync=38648907593, Vsync=38648907593, InputEventId=0, HandleInputStart=38649468976, AnimationStart=38649472434, PerformTraversalsStart=38649475684, DrawStart=38650055726, FrameDeadline=38688907593, FrameInterval=38649461351, FrameStartTime=20000000, SyncQueued=38650493559, SyncStart=38650685517, IssueDrawCommandsStart=38651507892, SwapBuffers=38656138351, FrameCompleted=9223372036854775807, DequeueBufferDuration=43958, QueueBufferDuration=1135291, GpuCompleted=9223372036854775807, SwapBuffersCompleted=38679877642, DisplayPresentTime=0,
05-24 13:19:11.608 2405 2405 I ProcessingThrea: type=1400 audit(0.0:870): avc: denied { getattr } for path="/linkerconfig" dev="tmpfs" ino=2874 scontext=u:r:system_app:s0 tcontext=u:object_r:linkerconfig_file:s0 tclass=dir permissive=1
05-24 13:19:11.847 2202 2202 I BoostMultiDex: BoostMultiDex is installing, version is 1.0.1
05-24 13:19:11.848 2202 2202 I BoostMultiDex: VM with version 2.1.0 has support
05-24 13:19:11.848 2202 2202 I BoostMultiDex: BoostMultiDex support library is disabled for VM capable
05-24 13:19:11.848 2202 2202 I YstStartup: multidex cost=1
05-24 13:19:11.848 2202 2202 I Btrace : BTRACE_ENABLED:false inMainProcess: true
05-24 13:19:11.608 2405 2405 I ProcessingThrea: type=1400 audit(0.0:871): avc: denied { read } for name="bootstrap" dev="tmpfs" ino=2874 scontext=u:r:system_app:s0 tcontext=u:object_r:linkerconfig_file:s0 tclass=dir permissive=1
05-24 13:19:11.854 487 818 I WifiService: startScan uid=10077
05-24 13:19:11.855 487 818 W WifiService: Permission violation - startScan not allowed for uid=10077, packageName=com.sony.dangbeimarket, reason=java.lang.SecurityException: UID 10077 has no location permission
05-24 13:19:11.861 2202 2202 I YstStartup: isNewStartup=true, process=com.xiaodianshi.tv.yst
05-24 13:19:11.877 2202 2202 D InfraInitProvider: Init in com.xiaodianshi.tv.yst
05-24 13:19:11.608 2405 2405 I ProcessingThrea: type=1400 audit(0.0:872): avc: denied { open } for path="/linkerconfig" dev="tmpfs" ino=2874 scontext=u:r:system_app:s0 tcontext=u:object_r:linkerconfig_file:s0 tclass=dir permissive=1
05-24 13:19:11.895 487 589 D CompatibilityChangeReporter: Compat change id reported: 149924527; UID 10081; state: ENABLED
05-24 13:19:11.899 487 818 D CompatibilityChangeReporter: Compat change id reported: 132649864; UID 10081; state: DISABLED
05-24 13:19:11.939 2567 2567 I DefaultIMS: DefaultIMS::onCreate()
05-24 13:19:11.939 2567 2567 I DefaultIMS: DefaultIMS::onCreate() finish
05-24 13:19:11.948 2405 2417 W System : A resource failed to call close.
05-24 13:19:11.957 2580 2580 I MMKV : loading [mmkv.default] with 156764 actual size, file size 262144, InterProcess 1, meta info version:3
05-24 13:19:11.957 2580 2580 I MMKV : loading [mmkv.default] with crc 2010137164 sequence 7 version 3
05-24 13:19:11.959 2580 2580 I MMKV : loaded [mmkv.default] with 176 key-values
05-24 13:19:12.015 487 818 W ActivityTaskManager: Current config: {1.0 ?mcc?mnc [zh_CN] ldltr sw720dp w1280dp h696dp 240dpi xlrg long land television -touch qwerty/v/v dpad/v winConfig={ mBounds=Rect(0, 0 - 1920, 1080) mAppBounds=Rect(0, 0 - 1920, 1080) mMaxBounds=Rect(0, 0 - 1920, 1080) mWindowingMode=fullscreen mDisplayWindowingMode=fullscreen mActivityType=undefined mAlwaysOnTop=undefined mRotation=ROTATION_0} s.6 fontWeightAdjustment=0} unchanged for IME proc com.sohu.inputmethod.sogou.tv
05-24 13:19:12.016 487 818 W ActivityTaskManager: Current config: {1.0 ?mcc?mnc [zh_CN] ldltr sw720dp w1280dp h696dp 240dpi xlrg long land television -touch qwerty/v/v dpad/v winConfig={ mBounds=Rect(0, 0 - 1920, 1080) mAppBounds=Rect(0, 0 - 1920, 1080) mMaxBounds=Rect(0, 0 - 1920, 1080) mWindowingMode=fullscreen mDisplayWindowingMode=fullscreen mActivityType=undefined mAlwaysOnTop=undefined mRotation=ROTATION_0} s.6 fontWeightAdjustment=0} unchanged for IME proc com.sohu.inputmethod.sogou.tv
05-24 13:19:12.024 487 758 D CompatibilityChangeReporter: Compat change id reported: 149924527; UID 10079; state: ENABLED
05-24 13:19:12.026 487 589 D CompatibilityChangeReporter: Compat change id reported: 132649864; UID 10079; state: DISABLED
05-24 13:19:12.047 2580 2580 D xlog-library: max_size=1310720,_max_files=6
05-24 13:19:12.059 2580 2580 D xlog-library: appender_open _dir=/storage/emulated/0/ktcp_video/dailylog/video_comktcpvideo/dailylognew/com.ktcp.video,_nameprefix=log
05-24 13:19:12.065 2567 2567 I DefaultIMS: onInitializeInterface:
05-24 13:19:12.066 2580 2580 D xlog-library: appender_open logdir already exists.
05-24 13:19:12.075 2580 2632 W XLOGReport: OtherSize: 13, MainSize: 13
05-24 13:19:12.080 1095 1110 I OpenGLRenderer: Davey! duration=9223371997941ms; Flags=0, FrameTimelineVsyncId=930, IntendedVsync=38908961433, Vsync=38908961433, InputEventId=0, HandleInputStart=38909918726, AnimationStart=38909923267, PerformTraversalsStart=38909926226, DrawStart=38914117642, FrameDeadline=38928961433, FrameInterval=38909909601, FrameStartTime=20000000, SyncQueued=38915290976, SyncStart=38919559767, IssueDrawCommandsStart=38920546767, SwapBuffers=38935781976, FrameCompleted=9223372036854775807, DequeueBufferDuration=45958, QueueBufferDuration=2529334, GpuCompleted=9223372036854775807, SwapBuffersCompleted=38939586851, DisplayPresentTime=0,
05-24 13:19:12.095 2580 2580 D xlog-library: FELIX ~~~~~ begin of mmap ~~~~~
05-24 13:19:12.104 2580 2580 D xlog-library: FELIX ~~~~~ end of mmap ~~~~~
05-24 13:19:12.118 2580 2580 I MMKV : loading [new_app_ktcp_vmultidex_sp] with 28 actual size, file size 4096, InterProcess 1, meta info version:3
05-24 13:19:12.118 2580 2580 I MMKV : loading [new_app_ktcp_vmultidex_sp] with crc 2378458700 sequence 1 version 3
05-24 13:19:12.118 2580 2580 I MMKV : loaded [new_app_ktcp_vmultidex_sp] with 1 key-values
05-24 13:19:12.121 487 532 W IorapForwardingService: No service published for: iorapd
05-24 13:19:12.123 2567 2567 I InputModelManager: mLanguageId+0 mInputType=0mChInputType=2
05-24 13:19:12.124 2567 2567 I nw : loadKeyData: loadLanguageInfoSuccess ? true
05-24 13:19:12.124 2567 2567 I InputModelManager: getCurrentLanguageBean inputMode languageId:0
05-24 13:19:12.129 2567 2567 I nw : onChanged: languageResStatusBean=Language load status:
05-24 13:19:12.129 2567 2567 I nw : {}
05-24 13:19:12.159 2567 2567 I InputModelManager: getCurrentLanguageBean inputMode languageId:0
05-24 13:19:12.169 2580 2580 D MultiDex: VM with version 2.1.0 has multidex support
05-24 13:19:12.171 2580 2580 I MMKV : loading [ktcp_vmultidex_sp] with 2292 actual size, file size 4096, InterProcess 1, meta info version:3
05-24 13:19:12.171 2580 2580 I MMKV : loading [ktcp_vmultidex_sp] with crc 466098347 sequence 2 version 3
05-24 13:19:12.171 2580 2580 I MMKV : loaded [ktcp_vmultidex_sp] with 1 key-values
05-24 13:19:12.171 2580 2580 I MultiDex: VM with version 2.1.0 has multidex support
05-24 13:19:12.173 2580 2580 I MMKV : loading [host_app_setting] with 3848 actual size, file size 4096, InterProcess 1, meta info version:3
05-24 13:19:12.174 2580 2580 I MMKV : loading [host_app_setting] with crc 1799962509 sequence 2 version 3
05-24 13:19:12.174 2580 2580 I MMKV : loaded [host_app_setting] with 3 key-values
05-24 13:19:12.179 2567 2567 I LanguageResManager: prepareResource onSuccess:
05-24 13:19:12.191 2567 2567 D InputSurface: initView:
05-24 13:19:12.191 2567 2567 I MainPresenter: initView:
05-24 13:19:12.191 2567 2567 D MainLayer: initView:
05-24 13:19:12.191 2567 2567 D BodyAreaPresenter: initView:
05-24 13:19:12.200 2567 2643 I LanguageResManager: prepareResource onSuccess:
05-24 13:19:12.201 2202 2646 D BLRemoteConfig: update
05-24 13:19:12.234 2567 2567 I DefaultIMS: DefaultIMS::onInitializeInterface() finish
05-24 13:19:12.240 2580 2580 W System : ClassLoader referenced unknown path:
05-24 13:19:12.241 2580 2580 W com.ktcp.video: Unsupported class loader
05-24 13:19:12.243 2567 2567 D CompatibilityChangeReporter: Compat change id reported: 160794467; UID 10043; state: DISABLED
05-24 13:19:12.246 2202 2639 I fb-UnpackingSoSource: dso store is up-to-date: /data/user/0/com.xiaodianshi.tv.yst/lib-main
05-24 13:19:12.246 2202 2649 I DrmHal : found instance=clearkey version=android.hardware.drm@1.4::IDrmFactory
05-24 13:19:12.246 2202 2649 I DrmHal : found instance=widevine version=android.hardware.drm@1.4::IDrmFactory
05-24 13:19:12.249 1909 1909 I WVCdm : [app][com.xiaodianshi.tv.yst] calling virtual Return wvdrm::hardware::drm::V1_4::widevine::WVDrmFactory::createPlugin(const hidl_array &, const android::hardware::hidl_string &, android::hardware::drm::V1_4::IDrmFactory::createPlugin_cb)
05-24 13:19:12.250 2567 2567 I DefaultIMS: onStartInput attribute=android.view.inputmethod.EditorInfo@fb37917 restarting=false inputType: 0
05-24 13:19:12.253 1909 1909 D WVCdm : [cdm_engine.cpp(494):QueryStatus] security_level = Default, query_token = DeviceID
05-24 13:19:12.253 1909 1909 D WVCdm : [crypto_session.cpp(809):Open] Opening crypto session: requested_security_level = Default
05-24 13:19:12.261 2202 2648 W System.err: java.lang.SecurityException: Failed to find provider com.bili.xds.sdk.bilidev.provider for user 0; expected to find a valid ContentProvider for this authority
05-24 13:19:12.262 2202 2648 W System.err: at android.os.Parcel.createExceptionOrNull(Parcel.java:2425)
05-24 13:19:12.262 2202 2648 W System.err: at android.os.Parcel.createException(Parcel.java:2409)
05-24 13:19:12.262 2202 2648 W System.err: at android.os.Parcel.readException(Parcel.java:2392)
05-24 13:19:12.262 2202 2648 W System.err: at android.os.Parcel.readException(Parcel.java:2334)
05-24 13:19:12.262 2202 2648 W System.err: at android.content.IContentService$Stub$Proxy.registerContentObserver(IContentService.java:1235)
05-24 13:19:12.262 2202 2648 W System.err: at android.content.ContentResolver.registerContentObserver(ContentResolver.java:2672)
05-24 13:19:12.262 2202 2648 W System.err: at android.content.ContentResolver.registerContentObserver(ContentResolver.java:2660)
05-24 13:19:12.262 2202 2648 W System.err: at bl.mh.a(BiliRemoteDeviceInfoHelper.kt:4)
05-24 13:19:12.262 2202 2648 W System.err: at com.bilibili.lib.biliid.internal.buvid.refactor.CustomizedBuvidHelper.setObserver(CustomizedBuvidHelper.kt:3)
05-24 13:19:12.262 2202 2648 W System.err: at com.xiaodianshi.tv.yst.support.TvUtils.getBuvid(TvUtils.kt:1)
05-24 13:19:12.262 2202 2648 W System.err: at com.xiaodianshi.tv.yst.support.TvUtils.o(Unknown Source:0)
05-24 13:19:12.262 2202 2648 W System.err: at com.xiaodianshi.tv.yst.support.TvUtils.c(Unknown Source:0)
05-24 13:19:12.262 2202 2648 W System.err: at bl.gs3.call(Unknown Source:0)
05-24 13:19:12.262 2202 2648 W System.err: at bolts.Task$j.run(Task.java:3)
05-24 13:19:12.262 2202 2648 W System.err: at bl.v02.run(MonitorThreadTask.kt:5)
05-24 13:19:12.262 2202 2648 W System.err: at java.util.concurrent.Executors$RunnableAdapter.call(Executors.java:462)
05-24 13:19:12.262 2202 2648 W System.err: at java.util.concurrent.FutureTask.run(FutureTask.java:266)
05-24 13:19:12.262 2202 2648 W System.err: at java.util.concurrent.ScheduledThreadPoolExecutor$ScheduledFutureTask.run(ScheduledThreadPoolExecutor.java:301)
05-24 13:19:12.262 2202 2648 W System.err: at com.bilibili.droid.thread.e$b.run(Unknown Source:2)
05-24 13:19:12.262 2202 2648 W System.err: at java.util.concurrent.ThreadPoolExecutor.runWorker(ThreadPoolExecutor.java:1167)
05-24 13:19:12.262 2202 2648 W System.err: at java.util.concurrent.ThreadPoolExecutor$Worker.run(ThreadPoolExecutor.java:641)
05-24 13:19:12.262 2202 2648 W System.err: at java.lang.Thread.run(Thread.java:920)
05-24 13:19:12.262 2202 2648 W System.err: Caused by: android.os.RemoteException: Remote stack trace:
05-24 13:19:12.262 2202 2648 W System.err: at com.android.server.content.ContentService.registerContentObserver(ContentService.java:357)
05-24 13:19:12.263 2202 2648 W System.err: at android.content.IContentService$Stub.onTransact(IContentService.java:484)
05-24 13:19:12.263 2202 2648 W System.err: at android.os.Binder.execTransactInternal(Binder.java:1179)
05-24 13:19:12.263 2202 2648 W System.err: at android.os.Binder.execTransact(Binder.java:1143)
05-24 13:19:12.267 2580 2580 I MMKV : loading [sp_video_recovery] with 2132 actual size, file size 4096, InterProcess 1, meta info version:3
05-24 13:19:12.267 2580 2580 I MMKV : loading [sp_video_recovery] with crc 3353252228 sequence 1 version 3
05-24 13:19:12.267 2580 2580 I MMKV : loaded [sp_video_recovery] with 6 key-values
05-24 13:19:12.267 1909 1909 D WVCdm : [cdm_engine.cpp(494):QueryStatus] security_level = Default, query_token = SecurityLevel
05-24 13:19:12.269 1909 1909 E WVCdm : [wv_content_decryption_module.cpp(426):GetMetricsInternal] Cdm Identifier not found
05-24 13:19:12.281 2202 2648 I buvid : Buvid get from blkv:com.xiaodianshi.tv.yst,sid:XY4307F448CC928BB3B96E1F3BE06D290A878
05-24 13:19:12.284 2567 2567 I SendAliveManager: doWhenNetworkStateChanged
05-24 13:19:12.287 2567 2567 I nw : onChanged: languageResStatusBean=Language load status:
05-24 13:19:12.287 2567 2567 I nw : {zh=3}
05-24 13:19:12.287 2567 2567 I DefaultIMS: initializedCallback: time tag1=1748063952287
05-24 13:19:12.287 1909 1909 E WVCdm : [wv_content_decryption_module.cpp(486):CloseCdm] Cdm Identifier not found
05-24 13:19:12.287 2567 2567 I nw : initializeInputSession: inputMode=languageID=0
05-24 13:19:12.287 2567 2567 I nw : scriptID=2
05-24 13:19:12.287 2567 2567 I nw : layoutID=2
05-24 13:19:12.287 1909 1909 E WVCdm : Failed to close cdm. status 12
05-24 13:19:12.287 2567 2567 I KeyEventTransfer: languageID=0
05-24 13:19:12.287 2567 2567 I KeyEventTransfer: scriptID=2
05-24 13:19:12.287 2567 2567 I KeyEventTransfer: layoutID=2
05-24 13:19:12.323 487 1269 D ConnectivityService: requestNetwork for uid/pid:10079/2202 activeRequest: null callbackRequest: 35 [NetworkRequest [ REQUEST id=36, [ Capabilities: INTERNET&NOT_RESTRICTED&TRUSTED&NOT_VCN_MANAGED Uid: 10079 RequestorUid: 10079 RequestorPkg: com.xiaodianshi.tv.yst] ]] callback flags: 0 priority: 2147483647
05-24 13:19:12.324 487 629 D ConnectivityService: NetReassign [36 : null → 100]
05-24 13:19:12.326 487 663 D Ethernet: got request NetworkRequest [ REQUEST id=36, [ Capabilities: INTERNET&NOT_RESTRICTED&TRUSTED&NOT_VCN_MANAGED Uid: 10079 RequestorUid: 10079 RequestorPkg: com.xiaodianshi.tv.yst] ]
05-24 13:19:12.326 487 663 D EthernetNetworkFactory: acceptRequest, request: NetworkRequest [ REQUEST id=36, [ Capabilities: INTERNET&NOT_RESTRICTED&TRUSTED&NOT_VCN_MANAGED Uid: 10079 RequestorUid: 10079 RequestorPkg: com.xiaodianshi.tv.yst] ]
05-24 13:19:12.327 487 663 I EthernetNetworkFactory: networkForRequest, request: NetworkRequest [ REQUEST id=36, [ Capabilities: INTERNET&NOT_RESTRICTED&TRUSTED&NOT_VCN_MANAGED Uid: 10079 RequestorUid: 10079 RequestorPkg: com.xiaodianshi.tv.yst] ], network: null
05-24 13:19:12.327 487 621 D WifiNetworkFactory: got request NetworkRequest [ REQUEST id=36, [ Capabilities: INTERNET&NOT_RESTRICTED&TRUSTED&NOT_VCN_MANAGED Uid: 10079 RequestorUid: 10079 RequestorPkg: com.xiaodianshi.tv.yst] ]
05-24 13:19:12.327 487 621 D UntrustedWifiNetworkFactory: got request NetworkRequest [ REQUEST id=36, [ Capabilities: INTERNET&NOT_RESTRICTED&TRUSTED&NOT_VCN_MANAGED Uid: 10079 RequestorUid: 10079 RequestorPkg: com.xiaodianshi.tv.yst] ]
05-24 13:19:12.327 487 621 D OemPaidWifiNetworkFactory: got request NetworkRequest [ REQUEST id=36, [ Capabilities: INTERNET&NOT_RESTRICTED&TRUSTED&NOT_VCN_MANAGED Uid: 10079 RequestorUid: 10079 RequestorPkg: com.xiaodianshi.tv.yst] ]
05-24 13:19:12.331 487 589 I WifiService: startScan uid=1000
05-24 13:19:12.338 2202 2648 E ActivityThread: Failed to find provider info for com.bili.xds.sdk.bilidev.provider
05-24 13:19:12.338 2202 2648 I getBuvid: use cached buvid
05-24 13:19:12.370 2580 2580 I MMKV : root dir: /data/user/0/com.ktcp.video/files/mmkv
05-24 13:19:12.373 2202 2670 W Tribe : Can't ensureLatest on non-main Thread
05-24 13:19:12.377 2580 2580 I MMKV : loading [migrated_sp] with 71 actual size, file size 4096, InterProcess 1, meta info version:3
05-24 13:19:12.378 2580 2580 I MMKV : loading [migrated_sp] with crc 2412322674 sequence 1 version 3
05-24 13:19:12.378 2580 2580 I MMKV : loaded [migrated_sp] with 3 key-values
05-24 13:19:12.382 2580 2580 I MMKV : loading [mmkvwrapper_Cocos2dxPrefsFile] with 7386 actual size, file size 16384, InterProcess 1, meta info version:3
05-24 13:19:12.382 2580 2580 I MMKV : loading [mmkvwrapper_Cocos2dxPrefsFile] with crc 823943760 sequence 5 version 3
05-24 13:19:12.382 2580 2580 I MMKV : loaded [mmkvwrapper_Cocos2dxPrefsFile] with 46 key-values
05-24 13:19:12.388 487 1269 D CompatibilityChangeReporter: Compat change id reported: 149924527; UID 10043; state: ENABLED
05-24 13:19:12.389 487 1269 D CompatibilityChangeReporter: Compat change id reported: 132649864; UID 10043; state: DISABLED
05-24 13:19:12.393 2202 2648 D BiliDeviceInfoProvider: insert uri=content://com.bili.xds.bilidev.provider | values=xds@buvid=XY4307F448CC928BB3B96E1F3BE06D290A878 xds@buvid_update=1
05-24 13:19:12.412 1095 1105 I d.leradlaunche: Background concurrent copying GC freed 85236(4577KB) AllocSpace objects, 15(2020KB) LOS objects, 49% free, 10MB/21MB, paused 401us total 915.536ms
05-24 13:19:12.417 2202 2648 I getBuvid: start5
05-24 13:19:12.418 2580 2580 I MMKV : loading [ClientSceneOperate] with 23754 actual size, file size 32768, InterProcess 0, meta info version:3
05-24 13:19:12.418 2580 2580 I MMKV : loading [ClientSceneOperate] with crc 2049171297 sequence 1 version 3
05-24 13:19:12.419 2580 2580 I MMKV : loaded [ClientSceneOperate] with 1 key-values
05-24 13:19:12.438 2202 2202 E ActivityThread: Failed to find provider info for com.tcl.xian.StartandroidService.MyContentProvider
05-24 13:19:12.475 2202 2637 W Tribe : Can't ensureLatest on non-main Thread
05-24 13:19:12.486 2580 2580 I ktcp_fw : JNI_OnLoad enter
05-24 13:19:12.486 2580 2580 I ktcp_fw : InitHook end222 144 12
05-24 13:19:12.486 2580 2580 I ktcp_fw : initTracer
05-24 13:19:12.487 2580 2580 I ktcp_fw : JNI_OnLoad exit
05-24 13:19:12.487 2580 2580 I ktcp_fw : disableVerifyClass
05-24 13:19:12.487 2580 2580 I ktcp_fw : [disableVerifier] version:31
05-24 13:19:12.500 487 824 D ConnectivityService: requestNetwork for uid/pid:10079/2202 activeRequest: null callbackRequest: 37 [NetworkRequest [ REQUEST id=38, [ Capabilities: INTERNET&NOT_RESTRICTED&TRUSTED&NOT_VCN_MANAGED Uid: 10079 RequestorUid: 10079 RequestorPkg: com.xiaodianshi.tv.yst] ]] callback flags: 0 priority: 2147483647
05-24 13:19:12.503 487 629 D ConnectivityService: NetReassign [38 : null → 100]
05-24 13:19:12.505 487 663 D Ethernet: got request NetworkRequest [ REQUEST id=38, [ Capabilities: INTERNET&NOT_RESTRICTED&TRUSTED&NOT_VCN_MANAGED Uid: 10079 RequestorUid: 10079 RequestorPkg: com.xiaodianshi.tv.yst] ]
05-24 13:19:12.506 487 663 D EthernetNetworkFactory: acceptRequest, request: NetworkRequest [ REQUEST id=38, [ Capabilities: INTERNET&NOT_RESTRICTED&TRUSTED&NOT_VCN_MANAGED Uid: 10079 RequestorUid: 10079 RequestorPkg: com.xiaodianshi.tv.yst] ]
05-24 13:19:12.506 487 663 I EthernetNetworkFactory: networkForRequest, request: NetworkRequest [ REQUEST id=38, [ Capabilities: INTERNET&NOT_RESTRICTED&TRUSTED&NOT_VCN_MANAGED Uid: 10079 RequestorUid: 10079 RequestorPkg: com.xiaodianshi.tv.yst] ], network: null
05-24 13:19:12.507 487 621 D WifiNetworkFactory: got request NetworkRequest [ REQUEST id=38, [ Capabilities: INTERNET&NOT_RESTRICTED&TRUSTED&NOT_VCN_MANAGED Uid: 10079 RequestorUid: 10079 RequestorPkg: com.xiaodianshi.tv.yst] ]
05-24 13:19:12.508 487 621 D UntrustedWifiNetworkFactory: got request NetworkRequest [ REQUEST id=38, [ Capabilities: INTERNET&NOT_RESTRICTED&TRUSTED&NOT_VCN_MANAGED Uid: 10079 RequestorUid: 10079 RequestorPkg: com.xiaodianshi.tv.yst] ]
05-24 13:19:12.509 487 621 D OemPaidWifiNetworkFactory: got request NetworkRequest [ REQUEST id=38, [ Capabilities: INTERNET&NOT_RESTRICTED&TRUSTED&NOT_VCN_MANAGED Uid: 10079 RequestorUid: 10079 RequestorPkg: com.xiaodianshi.tv.yst] ]
05-24 13:19:12.531 2580 2580 I ktcp_fw : found counts:11, tid:2593
05-24 13:19:12.531 2580 2580 I ktcp_fw : Jit tid:2593, origin prio:9
05-24 13:19:12.537 487 629 D ConnectivityService: NetReassign [no changes]
05-24 13:19:12.537 2580 2580 I ktcp_fw : myCutStack enable:1
05-24 13:19:12.537 2580 2580 D ktcp_fw : init stackConfig configs:d
05-24 13:19:12.538 2580 2580 D ktcp_fw : init stackConfig key:#defaultJava#, size:409600
05-24 13:19:12.538 2580 2580 D ktcp_fw : init stackConfig key:#defaultNative#, size:307200
05-24 13:19:12.550 2580 2580 W bytehook_tag: bytehook init, mode 0, debug 0, return 0
05-24 13:19:12.550 2580 2580 I ktcp_fw : Android OS not support, version:31
05-24 13:19:12.550 2580 2580 W bytehook_tag: bytehook already inited, return 0
05-24 13:19:12.556 2202 2639 D BLogHelper: level=4
05-24 13:19:12.567 2202 2637 I cr_BiliCrLibraryLoader: BiliCr version: 88.0.4324.188, arch: armv8l
05-24 13:19:12.570 2202 2637 W chromium: [0524/131912.568766:WARNING:httpdns_adapter.cc(320)] HttpDns init
05-24 13:19:12.580 2580 2580 I ktcp_fw : hook pthread create cost: 30 ms
05-24 13:19:12.597 2580 2580 I MMKV : loading [app_start_info_mmkv_key] with 2243 actual size, file size 4096, InterProcess 0, meta info version:3
05-24 13:19:12.597 2580 2580 I MMKV : loading [app_start_info_mmkv_key] with crc 861242268 sequence 1 version 3
05-24 13:19:12.597 2580 2580 I MMKV : loaded [app_start_info_mmkv_key] with 11 key-values
05-24 13:19:12.607 2580 2580 I MMKV : loading [capability_info] with 1103 actual size, file size 4096, InterProcess 1, meta info version:3
05-24 13:19:12.607 2580 2580 I MMKV : loading [capability_info] with crc 3756406473 sequence 1 version 3
05-24 13:19:12.608 2580 2580 I MMKV : loaded [capability_info] with 6 key-values
05-24 13:19:12.619 2580 2580 I MMKV : loading [appstart_process_sp] with 30 actual size, file size 4096, InterProcess 1, meta info version:3
05-24 13:19:12.619 2580 2580 I MMKV : loading [appstart_process_sp] with crc 4160142833 sequence 1 version 3
05-24 13:19:12.619 2580 2580 I MMKV : loaded [appstart_process_sp] with 1 key-values
05-24 13:19:12.631 2580 2580 I SPProvider: onCreate
05-24 13:19:12.635 2580 2580 W System.err: org.json.JSONException: No value for account_sync
05-24 13:19:12.635 2580 2580 W System.err: at org.json.JSONObject.get(JSONObject.java:403)
05-24 13:19:12.635 2580 2580 W System.err: at org.json.JSONObject.getJSONObject(JSONObject.java:623)
05-24 13:19:12.635 2580 2580 W System.err: at nd.y.a(SourceFile:1)
05-24 13:19:12.635 2580 2580 W System.err: at com.tencent.qqlivetv.model.open.OpenAccountSyncProvider.b(SourceFile:4)
05-24 13:19:12.635 2580 2580 W System.err: at com.tencent.qqlivetv.model.open.OpenAccountSyncProvider.onCreate(SourceFile:2)
05-24 13:19:12.635 2580 2580 W System.err: at android.content.ContentProvider.attachInfo(ContentProvider.java:2404)
05-24 13:19:12.635 2580 2580 W System.err: at android.content.ContentProvider.attachInfo(ContentProvider.java:2374)
05-24 13:19:12.635 2580 2580 W System.err: at android.app.ActivityThread.installProvider(ActivityThread.java:7437)
05-24 13:19:12.635 2580 2580 W System.err: at android.app.ActivityThread.installContentProviders(ActivityThread.java:6954)
05-24 13:19:12.635 2580 2580 W System.err: at android.app.ActivityThread.handleBindApplication(ActivityThread.java:6725)
05-24 13:19:12.635 2580 2580 W System.err: at android.app.ActivityThread.access$1500(ActivityThread.java:247)
05-24 13:19:12.635 2580 2580 W System.err: at android.app.ActivityThread$H.handleMessage(ActivityThread.java:2053)
05-24 13:19:12.635 2580 2580 W System.err: at android.os.Handler.dispatchMessage(Handler.java:106)
05-24 13:19:12.635 2580 2580 W System.err: at android.os.Looper.loopOnce(Looper.java:201)
05-24 13:19:12.635 2580 2580 W System.err: at android.os.Looper.loop(Looper.java:288)
05-24 13:19:12.636 2580 2580 W System.err: at android.app.ActivityThread.main(ActivityThread.java:7854)
05-24 13:19:12.636 2580 2580 W System.err: at java.lang.reflect.Method.invoke(Native Method)
05-24 13:19:12.636 2580 2580 W System.err: at com.android.internal.os.RuntimeInit$MethodAndArgsCaller.run(RuntimeInit.java:548)
05-24 13:19:12.636 2580 2580 W System.err: at com.android.internal.os.ZygoteInit.main(ZygoteInit.java:1182)
05-24 13:19:12.670 2202 2682 I chromium: [0524/131912.670829:INFO:httpdns.cc(381)] OnEffectiveConnectionTypeChanged called by httpdns context networks 5
05-24 13:19:12.681 2202 2637 I TribeFawkes: CheckSystemTimeHelper.check()false
05-24 13:19:12.707 2580 2580 I FileLockLib: lock file path=/data/user/0/com.ktcp.video/files/Rightly.tds
05-24 13:19:12.707 2580 2580 I FileLockLib: lock file FD=86
05-24 13:19:12.708 2580 2580 I FileLockLib: init fg native, result=86
05-24 13:19:12.708 2580 2580 I FileLockLib: lock file path=/data/user/0/com.ktcp.video/files/App.Observer
05-24 13:19:12.708 2580 2580 I FileLockLib: lock file FD=87
05-24 13:19:12.708 2580 2580 I FileLockLib: init fg native, result=87
05-24 13:19:12.709 2580 2580 I FileLockLib: [2580]file 87 unlocked. fl.pid=0
05-24 13:19:12.709 2580 2580 I FileLockLib: [2580]get 87 lock success
05-24 13:19:12.710 2580 2580 I MMKV : root dir: /data/user/0/com.ktcp.video/files/mmkv
05-24 13:19:12.728 2580 2580 E ActivityThread: Failed to find provider info for com.tcl.xian.StartandroidService.MyContentProvider
05-24 13:19:12.731 2580 2580 I FileLockLib: [2580]file 86 unlocked. fl.pid=0
05-24 13:19:12.748 2580 2580 I FileLockLib: [2580]get 86 lock success
05-24 13:19:12.780 2580 2580 I PluginLoader: loadDexPlugin: pluginName=ultimatefix
05-24 13:19:12.782 2515 2526 W System : A resource failed to call close.
05-24 13:19:12.783 2515 2526 W System : A resource failed to call close.
05-24 13:19:12.814 2580 2580 I PluginItem: checkAndUpdateDefaultInfo defaultItem = null
05-24 13:19:12.814 2580 2580 I PluginItem: checkAndUpdateDefaultInfo defaultItem = null
05-24 13:19:12.814 2580 2580 I PluginItem: checkAndUpdateDefaultInfo defaultItem = null
05-24 13:19:12.815 2580 2580 I PluginItem: checkAndUpdateDefaultInfo defaultItem = null
05-24 13:19:12.815 2580 2580 I PluginItem: checkAndUpdateDefaultInfo defaultItem = null
05-24 13:19:12.815 2580 2580 I PluginItem: checkAndUpdateDefaultInfo defaultItem = null
05-24 13:19:12.820 1095 1113 I OpenGLRenderer: Davey! duration=9223371997205ms; Flags=0, FrameTimelineVsyncId=953, IntendedVsync=39649058488, Vsync=39649058488, InputEventId=0, HandleInputStart=39649679518, AnimationStart=39649683226, PerformTraversalsStart=39649686226, DrawStart=39656384309, FrameDeadline=39689058488, FrameInterval=39649670726, FrameStartTime=20000000, SyncQueued=39667051809, SyncStart=39667316601, IssueDrawCommandsStart=39668999143, SwapBuffers=39679257018, FrameCompleted=9223372036854775807, DequeueBufferDuration=2917667, QueueBufferDuration=1574583, GpuCompleted=9223372036854775807, SwapBuffersCompleted=39681924559, DisplayPresentTime=0,
05-24 13:19:12.822 2580 2580 I NewPluginUpgradeHelper: helperInit succeed on /data/user/0/com.ktcp.video/files
05-24 13:19:12.823 2580 2580 I PluginLoader: recordLoadPlugin pluginName=ultimatefix isSuccess=false
05-24 13:19:12.906 487 551 W BroadcastQueue: Permission Denial: broadcasting Intent { act=android.net.conn.CONNECTIVITY_CHANGE flg=0x4200010 (has extras) } from null (pid=-1, uid=-1) requires com.tencent.bugly.BuglyBroadcastReceiver.permission due to registered receiver BroadcastFilter{90f2a5c 10079/u0 ReceiverList{fd1d0cf 2202 com.xiaodianshi.tv.yst/10079/u0 remote:c840d2e}}
05-24 13:19:12.953 2567 2567 I chromium: [0524/131912:INFO:config_service.cc(227)] Load config buffer. err_code = 3, err_msg = Line: 1, column: 1, Unexpected token.
05-24 13:19:12.964 2202 2202 I thread_backgrou: type=1400 audit(0.0:1133): avc: denied { read } for name="u:object_r:wifi_prop:s0" dev="tmpfs" ino=6587 scontext=u:r:untrusted_app_27:s0:c512,c768 tcontext=u:object_r:wifi_prop:s0 tclass=file permissive=1 app=com.xiaodianshi.tv.yst
05-24 13:19:12.964 2202 2202 I thread_backgrou: type=1400 audit(0.0:1134): avc: denied { open } for path="/dev/__properties__/u:object_r:wifi_prop:s0" dev="tmpfs" ino=6587 scontext=u:r:untrusted_app_27:s0:c512,c768 tcontext=u:object_r:wifi_prop:s0 tclass=file permissive=1 app=com.xiaodianshi.tv.yst
05-24 13:19:12.964 2202 2202 I thread_backgrou: type=1400 audit(0.0:1135): avc: denied { getattr } for path="/dev/__properties__/u:object_r:wifi_prop:s0" dev="tmpfs" ino=6587 scontext=u:r:untrusted_app_27:s0:c512,c768 tcontext=u:object_r:wifi_prop:s0 tclass=file permissive=1 app=com.xiaodianshi.tv.yst
05-24 13:19:12.964 2202 2202 I thread_backgrou: type=1400 audit(0.0:1136): avc: denied { map } for path="/dev/__properties__/u:object_r:wifi_prop:s0" dev="tmpfs" ino=6587 scontext=u:r:untrusted_app_27:s0:c512,c768 tcontext=u:object_r:wifi_prop:s0 tclass=file permissive=1 app=com.xiaodianshi.tv.yst
05-24 13:19:13.020 2202 2202 I thread_backgrou: type=1400 audit(0.0:1137): avc: denied { read } for name="u:object_r:wifi_hal_prop:s0" dev="tmpfs" ino=6585 scontext=u:r:untrusted_app_27:s0:c512,c768 tcontext=u:object_r:wifi_hal_prop:s0 tclass=file permissive=1 app=com.xiaodianshi.tv.yst
05-24 13:19:13.150 2657 2657 W audit : audit_lost=665 audit_rate_limit=5 audit_backlog_limit=64
05-24 13:19:13.160 2657 2657 E audit : rate limit exceeded
05-24 13:19:13.062 2202 2657 E drmid : [thread_background] drmid日志:drmId: 0dd4900e6f43e5a68df9d433398483e1, drmSecurityLevel L3, errorCode: 0, timeCost:0
05-24 13:19:13.083 2202 2657 E app base info: [thread_background] appbaseinfo:kotlin.UninitializedPropertyAccessException: lateinit property serviceTable has not been initialized
05-24 13:19:13.130 487 532 W IorapForwardingService: No service published for: iorapd
05-24 13:19:13.133 2580 2580 I PartnerManager: isLauncher, sPr: null
05-24 13:19:13.143 2202 2646 D BLRemoteConfig: update end
05-24 13:19:13.187 2202 2664 D config.Worker: config,ver: 33789
05-24 13:19:13.189 2580 2580 W System.err: org.json.JSONException: No value for ch_mta
05-24 13:19:13.190 2580 2580 W System.err: at org.json.JSONObject.get(JSONObject.java:403)
05-24 13:19:13.190 2580 2580 W System.err: at org.json.JSONObject.getJSONObject(JSONObject.java:623)
05-24 13:19:13.190 2580 2580 W System.err: at nd.y.a(SourceFile:1)
05-24 13:19:13.190 2580 2580 W System.err: at mq.c0.I(SourceFile:1)
05-24 13:19:13.190 2580 2580 W System.err: at mq.c0.R(SourceFile:4)
05-24 13:19:13.190 2580 2580 W System.err: at mq.c0.l(SourceFile:2)
05-24 13:19:13.190 2580 2580 W System.err: at mq.c0.(SourceFile:27)
05-24 13:19:13.190 2580 2580 W System.err: at mq.c0.(SourceFile:1)
05-24 13:19:13.190 2580 2580 W System.err: at mq.c0$b.(SourceFile:1)
05-24 13:19:13.190 2580 2580 W System.err: at mq.c0.h(SourceFile:1)
05-24 13:19:13.190 2580 2580 W System.err: at gs.k.k0(SourceFile:10)
05-24 13:19:13.190 2580 2580 W System.err: at gs.k.(SourceFile:21)
05-24 13:19:13.190 2580 2580 W System.err: at com.tencent.qqlivetv.model.user.UserAccountInfoServer.b(SourceFile:2)
05-24 13:19:13.190 2580 2580 W System.err: at com.tencent.qqlivetv.model.user.UserAccountInfoServer.(SourceFile:3)
05-24 13:19:13.190 2580 2580 W System.err: at com.tencent.qqlivetv.model.user.UserAccountInfoServer.(SourceFile:1)
05-24 13:19:13.190 2580 2580 W System.err: at com.tencent.qqlivetv.model.user.UserAccountInfoServer$c.(SourceFile:1)
05-24 13:19:13.190 2580 2580 W System.err: at com.tencent.qqlivetv.model.user.UserAccountInfoServer.a(SourceFile:1)
05-24 13:19:13.190 2580 2580 W System.err: at com.tencent.qqlivetv.start.task.TaskVideo.execute(SourceFile:1)
05-24 13:19:13.190 2580 2580 W System.err: at ov.b0.run(SourceFile:3)
05-24 13:19:13.190 2580 2580 W System.err: at en.a.a(SourceFile:2)
05-24 13:19:13.190 2580 2580 W System.err: at rn.c.c(SourceFile:3)
05-24 13:19:13.190 2580 2580 W System.err: at rn.c.f(SourceFile:7)
05-24 13:19:13.190 2580 2580 W System.err: at com.ktcp.video.applicationagent.VideoApplicationAgent.onCreate(SourceFile:9)
05-24 13:19:13.190 2580 2580 W System.err: at com.ktcp.video.applicationagent.WrapperApplicationAgent.onCreate(SourceFile:1)
05-24 13:19:13.190 2580 2580 W System.err: at com.ktcp.video.QQLiveApplicationLike.onCreate(SourceFile:3)
05-24 13:19:13.190 2580 2580 W System.err: at com.tencent.tinker.entry.TinkerApplicationInlineFence.handleMessageImpl(SourceFile:14)
05-24 13:19:13.190 2580 2580 W System.err: at com.tencent.tinker.entry.TinkerApplicationInlineFence.handleMessage_$noinline$(SourceFile:2)
05-24 13:19:13.190 2580 2580 W System.err: at com.tencent.tinker.entry.TinkerApplicationInlineFence.handleMessage(SourceFile:1)
05-24 13:19:13.190 2580 2580 W System.err: at com.tencent.tinker.loader.app.TinkerInlineFenceAction.callOnCreate(SourceFile:2)
05-24 13:19:13.190 2580 2580 W System.err: at com.tencent.tinker.loader.app.TinkerApplication.onCreate(SourceFile:3)
05-24 13:19:13.190 2580 2580 W System.err: at android.app.Instrumentation.callApplicationOnCreate(Instrumentation.java:1211)
05-24 13:19:13.190 2580 2580 W System.err: at android.app.ActivityThread.handleBindApplication(ActivityThread.java:6740)
05-24 13:19:13.191 2580 2580 W System.err: at android.app.ActivityThread.access$1500(ActivityThread.java:247)
05-24 13:19:13.191 2580 2580 W System.err: at android.app.ActivityThread$H.handleMessage(ActivityThread.java:2053)
05-24 13:19:13.191 2580 2580 W System.err: at android.os.Handler.dispatchMessage(Handler.java:106)
05-24 13:19:13.191 2580 2580 W System.err: at android.os.Looper.loopOnce(Looper.java:201)
05-24 13:19:13.191 2580 2580 W System.err: at android.os.Looper.loop(Looper.java:288)
05-24 13:19:13.191 2580 2580 W System.err: at android.app.ActivityThread.main(ActivityThread.java:7854)
05-24 13:19:13.191 2580 2580 W System.err: at java.lang.reflect.Method.invoke(Native Method)
05-24 13:19:13.191 2580 2580 W System.err: at com.android.internal.os.RuntimeInit$MethodAndArgsCaller.run(RuntimeInit.java:548)
05-24 13:19:13.191 2580 2580 W System.err: at com.android.internal.os.ZygoteInit.main(ZygoteInit.java:1182)
05-24 13:19:13.206 1522 2274 D lei_hardWareType: ravenDBBOX-A2
05-24 13:19:13.208 487 818 E ConnectivityService: Exception = android.content.pm.PackageManager$NameNotFoundException: android.net.cts
05-24 13:19:13.219 1522 2274 E sony_okhttp: POST url:https://db-sonydbapi-dangbei.yysh.mgtv.com/dbapinew/acheck.php times=1
05-24 13:19:13.219 1522 2274 E sony_okhttp: Req: devid=6c4ff89b77d21354222f2318d84cbd23&licence=&sdkcode=31&device_model=ravenDBBOX-A2&packagename=com.sony.dangbeimarket&mtime=1748063953200&packs=com.xiaodianshi.tv.yst,com.ktcp.video,com.hpplay.happyplay.aw,com.starcor.mango,com.dangbei.hqmedia,com.mitv.tvhome.othertv.dbscos,com.tv.kuaisou,com.dangbei.lerad.leradwatcher,com.dangbei.lerad.rocky,com.oranth.factory,com.dangbei.zhushou.os,com.softwinner.provision,com.softwinner.awlogsettings,com.sohu.inputmethod.sogou.tv,com.oranth.ledstatus,com.dangbei.lerad.videoposter,com.softwinner.settingssetup,com.softwinner.timerswitch,com.dangbei.screencast,com.dangbei.leard.leradlauncher,com.oranth.inputmacsn,com.dangbei.hqguide,com.softwinner.screenshot,com.oranth.usbopenft,com.dangbei.lerad.etna.haqu,com.allwinnertech.packageoverride,com.tv.filemanager.os,com.oranth.powerwindow,com.dangbei.lerad.screensaver,com.softwinner.theme.icon,com.softwinner.theme.color,com.oranth.storage,com.dangbei.haqusetting,com.softwinner.awmanager,com.softwinner.miracastReceiver&chanel=dz_sony_mango&vcode=203&sdkinfo=12&buryUUID=a0fbae0dbab9452bd553085ae76eba24&vname=2.0.1&system=1&buryId=8f93103a8a6f4e4b1dca953283095004&chkey=6cfc6ccbe420da85523887220fb96b1c&model=DBBOX-A2&packs_version=107800,1243006,808081809,24122714,10,432,331,300000056,320000,1,40001,31,31,508,0,152,31,31,20830,102941,1,2,31,1,130,31,81,1,500001,1,1,1,130,31,1&trans=0&
05-24 13:19:13.231 2580 2580 W System.err: org.json.JSONException: No value for common_query
05-24 13:19:13.232 2580 2580 W System.err: at org.json.JSONObject.get(JSONObject.java:403)
05-24 13:19:13.232 2580 2580 W System.err: at org.json.JSONObject.getJSONObject(JSONObject.java:623)
05-24 13:19:13.232 2580 2580 W System.err: at nd.y.a(SourceFile:1)
05-24 13:19:13.232 2580 2580 W System.err: at mq.c0.J(SourceFile:1)
05-24 13:19:13.232 2580 2580 W System.err: at mq.c0.R(SourceFile:8)
05-24 13:19:13.232 2580 2580 W System.err: at mq.c0.l(SourceFile:2)
05-24 13:19:13.232 2580 2580 W System.err: at mq.c0.(SourceFile:27)
05-24 13:19:13.232 2580 2580 W System.err: at mq.c0.(SourceFile:1)
05-24 13:19:13.232 2580 2580 W System.err: at mq.c0$b.(SourceFile:1)
05-24 13:19:13.232 2580 2580 W System.err: at mq.c0.h(SourceFile:1)
05-24 13:19:13.232 2580 2580 W System.err: at gs.k.k0(SourceFile:10)
05-24 13:19:13.232 2580 2580 W System.err: at gs.k.(SourceFile:21)
05-24 13:19:13.232 2580 2580 W System.err: at com.tencent.qqlivetv.model.user.UserAccountInfoServer.b(SourceFile:2)
05-24 13:19:13.232 2580 2580 W System.err: at com.tencent.qqlivetv.model.user.UserAccountInfoServer.(SourceFile:3)
05-24 13:19:13.232 2580 2580 W System.err: at com.tencent.qqlivetv.model.user.UserAccountInfoServer.(SourceFile:1)
05-24 13:19:13.232 2580 2580 W System.err: at com.tencent.qqlivetv.model.user.UserAccountInfoServer$c.(SourceFile:1)
05-24 13:19:13.232 2580 2580 W System.err: at com.tencent.qqlivetv.model.user.UserAccountInfoServer.a(SourceFile:1)
05-24 13:19:13.232 2580 2580 W System.err: at com.tencent.qqlivetv.start.task.TaskVideo.execute(SourceFile:1)
05-24 13:19:13.232 2580 2580 W System.err: at ov.b0.run(SourceFile:3)
05-24 13:19:13.232 2580 2580 W System.err: at en.a.a(SourceFile:2)
05-24 13:19:13.232 2580 2580 W System.err: at rn.c.c(SourceFile:3)
05-24 13:19:13.232 2580 2580 W System.err: at rn.c.f(SourceFile:7)
05-24 13:19:13.232 2580 2580 W System.err: at com.ktcp.video.applicationagent.VideoApplicationAgent.onCreate(SourceFile:9)
05-24 13:19:13.232 2580 2580 W System.err: at com.ktcp.video.applicationagent.WrapperApplicationAgent.onCreate(SourceFile:1)
05-24 13:19:13.232 2580 2580 W System.err: at com.ktcp.video.QQLiveApplicationLike.onCreate(SourceFile:3)
05-24 13:19:13.232 2580 2580 W System.err: at com.tencent.tinker.entry.TinkerApplicationInlineFence.handleMessageImpl(SourceFile:14)
05-24 13:19:13.232 2580 2580 W System.err: at com.tencent.tinker.entry.TinkerApplicationInlineFence.handleMessage_$noinline$(SourceFile:2)
05-24 13:19:13.232 2580 2580 W System.err: at com.tencent.tinker.entry.TinkerApplicationInlineFence.handleMessage(SourceFile:1)
05-24 13:19:13.232 2580 2580 W System.err: at com.tencent.tinker.loader.app.TinkerInlineFenceAction.callOnCreate(SourceFile:2)
05-24 13:19:13.232 2580 2580 W System.err: at com.tencent.tinker.loader.app.TinkerApplication.onCreate(SourceFile:3)
05-24 13:19:13.233 2580 2580 W System.err: at android.app.Instrumentation.callApplicationOnCreate(Instrumentation.java:1211)
05-24 13:19:13.233 2580 2580 W System.err: at android.app.ActivityThread.handleBindApplication(ActivityThread.java:6740)
05-24 13:19:13.233 2580 2580 W System.err: at android.app.ActivityThread.access$1500(ActivityThread.java:247)
05-24 13:19:13.233 2580 2580 W System.err: at android.app.ActivityThread$H.handleMessage(ActivityThread.java:2053)
05-24 13:19:13.233 2580 2580 W System.err: at android.os.Handler.dispatchMessage(Handler.java:106)
05-24 13:19:13.233 2580 2580 W System.err: at android.os.Looper.loopOnce(Looper.java:201)
05-24 13:19:13.233 2580 2580 W System.err: at android.os.Looper.loop(Looper.java:288)
05-24 13:19:13.233 2580 2580 W System.err: at android.app.ActivityThread.main(ActivityThread.java:7854)
05-24 13:19:13.233 2580 2580 W System.err: at java.lang.reflect.Method.invoke(Native Method)
05-24 13:19:13.233 2580 2580 W System.err: at com.android.internal.os.RuntimeInit$MethodAndArgsCaller.run(RuntimeInit.java:548)
05-24 13:19:13.233 2580 2580 W System.err: at com.android.internal.os.ZygoteInit.main(ZygoteInit.java:1182)
05-24 13:19:13.233 2580 2580 W System.err: org.json.JSONException: No value for play_status
05-24 13:19:13.234 2580 2580 W System.err: at org.json.JSONObject.get(JSONObject.java:403)
05-24 13:19:13.234 2580 2580 W System.err: at org.json.JSONObject.getJSONObject(JSONObject.java:623)
05-24 13:19:13.234 2580 2580 W System.err: at nd.y.a(SourceFile:1)
05-24 13:19:13.234 2580 2580 W System.err: at mq.c0.L(SourceFile:1)
05-24 13:19:13.235 2580 2580 W System.err: at mq.c0.R(SourceFile:9)
05-24 13:19:13.235 2580 2580 W System.err: at mq.c0.l(SourceFile:2)
05-24 13:19:13.235 2580 2580 W System.err: at mq.c0.(SourceFile:27)
05-24 13:19:13.235 2580 2580 W System.err: at mq.c0.(SourceFile:1)
05-24 13:19:13.235 2580 2580 W System.err: at mq.c0$b.(SourceFile:1)
05-24 13:19:13.235 2580 2580 W System.err: at mq.c0.h(SourceFile:1)
05-24 13:19:13.235 2580 2580 W System.err: at gs.k.k0(SourceFile:10)
05-24 13:19:13.235 2580 2580 W System.err: at gs.k.(SourceFile:21)
