05-24 13:18:45.448 328 328 I pgrep : type=1400 audit(0.0:186): avc: denied { getattr } for path="/proc/290" dev="proc" ino=8970 scontext=u:r:toolbox:s0 tcontext=u:r:credstore:s0 tclass=dir permissive=1
05-24 13:18:45.448 328 328 I pgrep : type=1400 audit(0.0:187): avc: denied { search } for name="290" dev="proc" ino=8970 scontext=u:r:toolbox:s0 tcontext=u:r:credstore:s0 tclass=dir permissive=1
05-24 13:18:45.448 328 328 I pgrep : type=1400 audit(0.0:188): avc: denied { open } for path="/proc/290/stat" dev="proc" ino=9744 scontext=u:r:toolbox:s0 tcontext=u:r:credstore:s0 tclass=file permissive=1
05-24 13:18:45.448 328 328 I pgrep : type=1400 audit(0.0:189): avc: denied { getattr } for path="/proc/291" dev="proc" ino=8972 scontext=u:r:toolbox:s0 tcontext=u:r:gpuservice:s0 tclass=dir permissive=1
05-24 13:18:45.448 328 328 I pgrep : type=1400 audit(0.0:190): avc: denied { search } for name="291" dev="proc" ino=8972 scontext=u:r:toolbox:s0 tcontext=u:r:gpuservice:s0 tclass=dir permissive=1
05-24 13:18:45.448 328 328 I pgrep : type=1400 audit(0.0:191): avc: denied { open } for path="/proc/291/stat" dev="proc" ino=9745 scontext=u:r:toolbox:s0 tcontext=u:r:gpuservice:s0 tclass=file permissive=1
05-24 13:18:45.448 328 328 I pgrep : type=1400 audit(0.0:192): avc: denied { getattr } for path="/proc/297" dev="proc" ino=9022 scontext=u:r:toolbox:s0 tcontext=u:r:surfaceflinger:s0 tclass=dir permissive=1
05-24 13:18:45.448 328 328 I pgrep : type=1400 audit(0.0:193): avc: denied { search } for name="297" dev="proc" ino=9022 scontext=u:r:toolbox:s0 tcontext=u:r:surfaceflinger:s0 tclass=dir permissive=1
05-24 13:18:45.448 328 328 I pgrep : type=1400 audit(0.0:194): avc: denied { open } for path="/proc/297/stat" dev="proc" ino=9746 scontext=u:r:toolbox:s0 tcontext=u:r:surfaceflinger:s0 tclass=file permissive=1
05-24 13:18:45.448 328 328 I pgrep : type=1400 audit(0.0:195): avc: denied { getattr } for path="/proc/304" dev="proc" ino=835 scontext=u:r:toolbox:s0 tcontext=u:r:pqd:s0 tclass=dir permissive=1
05-24 13:18:45.448 328 328 I pgrep : type=1400 audit(0.0:196): avc: denied { search } for name="304" dev="proc" ino=835 scontext=u:r:toolbox:s0 tcontext=u:r:pqd:s0 tclass=dir permissive=1
05-24 13:18:45.448 328 328 I pgrep : type=1400 audit(0.0:197): avc: denied { open } for path="/proc/304/stat" dev="proc" ino=9747 scontext=u:r:toolbox:s0 tcontext=u:r:pqd:s0 tclass=file permissive=1
05-24 13:18:45.452 328 328 I pgrep : type=1400 audit(0.0:198): avc: denied { getattr } for path="/proc/315" dev="proc" ino=7861 scontext=u:r:toolbox:s0 tcontext=u:r:onstartup:s0 tclass=dir permissive=1
05-24 13:18:45.452 328 328 I pgrep : type=1400 audit(0.0:199): avc: denied { search } for name="315" dev="proc" ino=7861 scontext=u:r:toolbox:s0 tcontext=u:r:onstartup:s0 tclass=dir permissive=1
05-24 13:18:45.452 328 328 I pgrep : type=1400 audit(0.0:200): avc: denied { open } for path="/proc/315/stat" dev="proc" ino=9748 scontext=u:r:toolbox:s0 tcontext=u:r:onstartup:s0 tclass=file permissive=1
05-24 13:18:45.452 327 327 I xiriservice_All: type=1400 audit(0.0:201): avc: denied { search } for name="com.android.connectivity.resources" dev="dm-9" ino=520 scontext=u:r:init:s0 tcontext=u:object_r:privapp_data_file:s0:c512,c768 tclass=dir permissive=1
05-24 13:18:45.452 327 327 I xiriservice_All: type=1400 audit(0.0:202): avc: denied { search } for name="android" dev="dm-9" ino=524 scontext=u:r:init:s0 tcontext=u:object_r:system_app_data_file:s0 tclass=dir permissive=1
05-24 13:18:45.452 327 327 I xiriservice_All: type=1400 audit(0.0:203): avc: denied { read } for name="lib" dev="dm-9" ino=66729 scontext=u:r:init:s0 tcontext=u:object_r:system_app_data_file:s0 tclass=lnk_file permissive=1
05-24 13:18:45.464 327 327 I xiriservice_All: type=1400 audit(0.0:204): avc: denied { search } for name="android.ext.shared" dev="dm-9" ino=541 scontext=u:r:init:s0 tcontext=u:object_r:app_data_file:s0:c512,c768 tclass=dir permissive=1
05-24 13:18:45.468 327 327 I xiriservice_All: type=1400 audit(0.0:205): avc: denied { read } for name="lib" dev="dm-9" ino=66743 scontext=u:r:init:s0 tcontext=u:object_r:app_data_file:s0:c512,c768 tclass=lnk_file permissive=1
05-24 13:18:45.472 329 329 I led_switch.sh: type=1400 audit(0.0:206): avc: denied { add_name } for name="led_swith.txt" scontext=u:r:init:s0 tcontext=u:object_r:shell_data_file:s0 tclass=dir permissive=1 bug=b/77873135
05-24 13:18:45.472 329 329 I led_switch.sh: type=1400 audit(0.0:207): avc: denied { create } for name="led_swith.txt" scontext=u:r:init:s0 tcontext=u:object_r:shell_data_file:s0 tclass=file permissive=1 bug=b/77873135
05-24 13:18:45.484 329 329 I led_switch.sh: type=1400 audit(0.0:208): avc: denied { write } for name="led_swith.txt" dev="dm-9" ino=226 scontext=u:r:init:s0 tcontext=u:object_r:shell_data_file:s0 tclass=file permissive=1 bug=b/77873135
05-24 13:18:45.484 329 329 I led_switch.sh: type=1400 audit(0.0:209): avc: denied { open } for path="/data/local/tmp/led_swith.txt" dev="dm-9" ino=226 scontext=u:r:init:s0 tcontext=u:object_r:shell_data_file:s0 tclass=file permissive=1 bug=b/77873135
05-24 13:18:45.484 332 332 I led_switch.sh: type=1400 audit(0.0:210): avc: denied { execute_no_trans } for path="/vendor/bin/toolbox" dev="overlay" ino=8003 scontext=u:r:init:s0 tcontext=u:object_r:vendor_toolbox_exec:s0 tclass=file permissive=1
05-24 13:18:45.488 327 327 I xiriservice_All: type=1400 audit(0.0:211): avc: denied { search } for name="com.android.permissioncontroller" dev="dm-9" ino=570 scontext=u:r:init:s0 tcontext=u:object_r:privapp_data_file:s0:c73,c256,c512,c768 tclass=dir permissive=1
05-24 13:18:45.488 327 327 I xiriservice_All: type=1400 audit(0.0:212): avc: denied { read } for name="lib" dev="dm-9" ino=66717 scontext=u:r:init:s0 tcontext=u:object_r:privapp_data_file:s0:c512,c768 tclass=lnk_file permissive=1
05-24 13:18:45.496 327 327 I xiriservice_All: type=1400 audit(0.0:213): avc: denied { search } for name="com.android.internal.systemui.navbar.gestural_wide_back" dev="dm-9" ino=643 scontext=u:r:init:s0 tcontext=u:object_r:app_data_file:s0:c11,c256,c512,c768 tclass=dir permissive=1
05-24 13:18:45.496 327 327 I xiriservice_All: type=1400 audit(0.0:214): avc: denied { search } for name="com.sohu.inputmethod.sogou.tv" dev="dm-9" ino=1418 scontext=u:r:init:s0 tcontext=u:object_r:app_data_file:s0:c43,c256,c512,c768 tclass=dir permissive=1
05-24 13:18:45.500 327 327 I xiriservice_All: type=1400 audit(0.0:215): avc: denied { read } for name="lib" dev="dm-9" ino=66724 scontext=u:r:init:s0 tcontext=u:object_r:app_data_file:s0:c43,c256,c512,c768 tclass=lnk_file permissive=1
05-24 13:18:45.500 327 327 I xiriservice_All: type=1400 audit(0.0:216): avc: denied { search } for name="com.android.htmlviewer" dev="dm-9" ino=715 scontext=u:r:init:s0 tcontext=u:object_r:app_data_file:s0:c47,c256,c512,c768 tclass=dir permissive=1
05-24 13:18:45.500 327 327 I xiriservice_All: type=1400 audit(0.0:217): avc: denied { search } for name="com.android.companiondevicemanager" dev="dm-9" ino=725 scontext=u:r:init:s0 tcontext=u:object_r:app_data_file:s0:c39,c256,c512,c768 tclass=dir permissive=1
05-24 13:18:45.500 327 327 I xiriservice_All: type=1400 audit(0.0:218): avc: denied { search } for name="com.android.internal.systemui.onehanded.gestural" dev="dm-9" ino=749 scontext=u:r:init:s0 tcontext=u:object_r:app_data_file:s0:c2,c256,c512,c768 tclass=dir permissive=1
05-24 13:18:45.504 327 327 I xiriservice_All: type=1400 audit(0.0:219): avc: denied { search } for name="com.android.simappdialog" dev="dm-9" ino=790 scontext=u:r:init:s0 tcontext=u:object_r:app_data_file:s0:c41,c256,c512,c768 tclass=dir permissive=1
05-24 13:18:45.504 327 327 I xiriservice_All: type=1400 audit(0.0:220): avc: denied { read } for name="lib" dev="dm-9" ino=66728 scontext=u:r:init:s0 tcontext=u:object_r:radio_data_file:s0 tclass=lnk_file permissive=1
05-24 13:18:45.505 331 331 D XM_HIDREAD: hidread running 0429 d06.
05-24 13:18:45.506 331 331 D XM_HIDREAD: addr_len_t:26,addr_len:26
05-24 13:18:45.506 331 331 D XM_HIDREAD: server_socket:4
05-24 13:18:45.506 331 331 D XM_HIDREAD: pthread_join listen_thread before
05-24 13:18:45.507 331 333 D XM_HIDREAD: >> start monitor uevent ...
05-24 13:18:45.504 331 331 I xm_hidread: type=1400 audit(0.0:221): avc: denied { create } for scontext=u:r:init:s0 tcontext=u:r:init:s0 tclass=netlink_kobject_uevent_socket permissive=1
05-24 13:18:45.504 331 331 I xm_hidread: type=1400 audit(0.0:222): avc: denied { setopt } for scontext=u:r:init:s0 tcontext=u:r:init:s0 tclass=netlink_kobject_uevent_socket permissive=1
05-24 13:18:45.504 331 331 I xm_hidread: type=1400 audit(0.0:223): avc: denied { bind } for scontext=u:r:init:s0 tcontext=u:r:init:s0 tclass=netlink_kobject_uevent_socket permissive=1
05-24 13:18:45.504 331 331 I xm_hidread: type=1400 audit(0.0:224): avc: denied { read } for scontext=u:r:init:s0 tcontext=u:r:init:s0 tclass=netlink_kobject_uevent_socket permissive=1
05-24 13:18:45.504 327 327 I xiriservice_All: type=1400 audit(0.0:225): avc: denied { search } for name="com.android.modulemetadata" dev="dm-9" ino=807 scontext=u:r:init:s0 tcontext=u:object_r:app_data_file:s0:c58,c256,c512,c768 tclass=dir permissive=1
05-24 13:18:45.504 327 327 I xiriservice_All: type=1400 audit(0.0:226): avc: denied { search } for name="com.google.android.apps.searchlite.overlay" dev="dm-9" ino=833 scontext=u:r:init:s0 tcontext=u:object_r:app_data_file:s0:c0,c256,c512,c768 tclass=dir permissive=1
05-24 13:18:45.508 327 327 I xiriservice_All: type=1400 audit(0.0:227): avc: denied { search } for name="com.android.internal.systemui.navbar.threebutton" dev="dm-9" ino=841 scontext=u:r:init:s0 tcontext=u:object_r:app_data_file:s0:c7,c256,c512,c768 tclass=dir permissive=1
05-24 13:18:45.509 331 334 D XM_HIDREAD: listener_thread has start 4.
05-24 13:18:45.509 331 334 D XM_HIDREAD: accept before.
05-24 13:18:45.508 327 327 I xiriservice_All: type=1400 audit(0.0:228): avc: denied { search } for name="com.google.android.networkstackconfig" dev="dm-9" ino=849 scontext=u:r:init:s0 tcontext=u:object_r:app_data_file:s0:c4,c256,c512,c768 tclass=dir permissive=1
05-24 13:18:45.512 327 327 I xiriservice_All: type=1400 audit(0.0:229): avc: denied { search } for name="com.android.internal.systemui.navbar.gestural_extra_wide_back" dev="dm-9" ino=925 scontext=u:r:init:s0 tcontext=u:object_r:app_data_file:s0:c5,c256,c512,c768 tclass=dir permissive=1
05-24 13:18:45.512 327 327 I xiriservice_All: type=1400 audit(0.0:230): avc: denied { search } for name="com.android.printspooler" dev="dm-9" ino=954 scontext=u:r:init:s0 tcontext=u:object_r:app_data_file:s0:c36,c256,c512,c768 tclass=dir permissive=1
05-24 13:18:45.512 327 327 I xiriservice_All: type=1400 audit(0.0:231): avc: denied { read } for name="lib" dev="dm-9" ino=66734 scontext=u:r:init:s0 tcontext=u:object_r:app_data_file:s0:c36,c256,c512,c768 tclass=lnk_file permissive=1
05-24 13:18:45.512 327 327 I xiriservice_All: type=1400 audit(0.0:232): avc: denied { search } for name="com.android.dreams.basic" dev="dm-9" ino=962 scontext=u:r:init:s0 tcontext=u:object_r:app_data_file:s0:c51,c256,c512,c768 tclass=dir permissive=1
05-24 13:18:45.512 327 327 I xiriservice_All: type=1400 audit(0.0:233): avc: denied { search } for name="com.android.webview" dev="dm-9" ino=970 scontext=u:r:init:s0 tcontext=u:object_r:app_data_file:s0:c60,c256,c512,c768 tclass=dir permissive=1
05-24 13:18:45.512 327 327 I xiriservice_All: type=1400 audit(0.0:234): avc: denied { read } for name="lib" dev="dm-9" ino=66737 scontext=u:r:init:s0 tcontext=u:object_r:app_data_file:s0:c60,c256,c512,c768 tclass=lnk_file permissive=1
05-24 13:18:45.516 327 327 I xiriservice_All: type=1400 audit(0.0:235): avc: denied { search } for name="com.android.printservice.recommendation" dev="dm-9" ino=1034 scontext=u:r:init:s0 tcontext=u:object_r:app_data_file:s0:c44,c256,c512,c768 tclass=dir permissive=1
05-24 13:18:45.516 327 327 I xiriservice_All: type=1400 audit(0.0:236): avc: denied { search } for name="com.google.android.networkstack.tetheringconfig" dev="dm-9" ino=1042 scontext=u:r:init:s0 tcontext=u:object_r:app_data_file:s0:c6,c256,c512,c768 tclass=dir permissive=1
05-24 13:18:45.520 327 327 I xiriservice_All: type=1400 audit(0.0:237): avc: denied { search } for name="com.android.theme.font.notoserifsource" dev="dm-9" ino=1066 scontext=u:r:init:s0 tcontext=u:object_r:app_data_file:s0:c1,c256,c512,c768 tclass=dir permissive=1
05-24 13:18:45.520 327 327 I xiriservice_All: type=1400 audit(0.0:238): avc: denied { search } for name="com.android.smspush" dev="dm-9" ino=1125 scontext=u:r:init:s0 tcontext=u:object_r:app_data_file:s0:c69,c256,c512,c768 tclass=dir permissive=1
05-24 13:18:45.524 327 327 I xiriservice_All: type=1400 audit(0.0:239): avc: denied { search } for name="com.tv.filemanager.os" dev="dm-9" ino=1141 scontext=u:r:init:s0 tcontext=u:object_r:app_data_file:s0:c37,c256,c512,c768 tclass=dir permissive=1
05-24 13:18:45.536 327 327 I xiriservice_All: type=1400 audit(0.0:240): avc: denied { search } for name="com.android.bookmarkprovider" dev="dm-9" ino=1165 scontext=u:r:init:s0 tcontext=u:object_r:app_data_file:s0:c32,c256,c512,c768 tclass=dir permissive=1
05-24 13:18:45.536 327 327 I xiriservice_All: type=1400 audit(0.0:241): avc: denied { search } for name="com.android.cts.ctsshim" dev="dm-9" ino=1182 scontext=u:r:init:s0 tcontext=u:object_r:app_data_file:s0:c35,c256,c512,c768 tclass=dir permissive=1
05-24 13:18:45.536 327 327 I xiriservice_All: type=1400 audit(0.0:242): avc: denied { search } for name="com.dangbei.lerad.screensaver" dev="dm-9" ino=1194 scontext=u:r:init:s0 tcontext=u:object_r:app_data_file:s0:c48,c256,c512,c768 tclass=dir permissive=1
05-24 13:18:45.536 327 327 I xiriservice_All: type=1400 audit(0.0:243): avc: denied { read } for name="lib" dev="dm-9" ino=66752 scontext=u:r:init:s0 tcontext=u:object_r:app_data_file:s0:c48,c256,c512,c768 tclass=lnk_file permissive=1
05-24 13:18:45.536 327 327 I xiriservice_All: type=1400 audit(0.0:244): avc: denied { search } for name="com.android.remoteprovisioner" dev="dm-9" ino=1202 scontext=u:r:init:s0 tcontext=u:object_r:app_data_file:s0:c63,c256,c512,c768 tclass=dir permissive=1
05-24 13:18:45.536 327 327 I xiriservice_All: type=1400 audit(0.0:245): avc: denied { search } for name="com.softwinner.theme.icon" dev="dm-9" ino=1210 scontext=u:r:init:s0 tcontext=u:object_r:app_data_file:s0:c3,c256,c512,c768 tclass=dir permissive=1
05-24 13:18:45.536 327 327 I xiriservice_All: type=1400 audit(0.0:246): avc: denied { search } for name="com.android.music" dev="dm-9" ino=1235 scontext=u:r:init:s0 tcontext=u:object_r:app_data_file:s0:c53,c256,c512,c768 tclass=dir permissive=1
05-24 13:18:45.540 327 327 I xiriservice_All: type=1400 audit(0.0:247): avc: denied { search } for name="com.android.providers.media.module" dev="dm-9" ino=1268 scontext=u:r:init:s0 tcontext=u:object_r:privapp_data_file:s0:c74,c256,c512,c768 tclass=dir permissive=1
05-24 13:18:45.540 327 327 I xiriservice_All: type=1400 audit(0.0:248): avc: denied { read } for name="lib" dev="dm-9" ino=66754 scontext=u:r:init:s0 tcontext=u:object_r:privapp_data_file:s0:c74,c256,c512,c768 tclass=lnk_file permissive=1
05-24 13:18:45.540 327 327 I xiriservice_All: type=1400 audit(0.0:249): avc: denied { search } for name="com.softwinner.theme.color" dev="dm-9" ino=1276 scontext=u:r:init:s0 tcontext=u:object_r:app_data_file:s0:c9,c256,c512,c768 tclass=dir permissive=1
05-24 13:18:45.540 327 327 I xiriservice_All: type=1400 audit(0.0:250): avc: denied { search } for name="com.android.hotspot2.osulogin" dev="dm-9" ino=1292 scontext=u:r:init:s0 tcontext=u:object_r:app_data_file:s0:c71,c256,c512,c768 tclass=dir permissive=1
05-24 13:18:45.540 327 327 I xiriservice_All: type=1400 audit(0.0:251): avc: denied { search } for name="com.android.internal.systemui.navbar.gestural" dev="dm-9" ino=1300 scontext=u:r:init:s0 tcontext=u:object_r:app_data_file:s0:c8,c256,c512,c768 tclass=dir permissive=1
05-24 13:18:45.544 327 327 I xiriservice_All: type=1400 audit(0.0:252): avc: denied { search } for name="com.android.bluetoothmidiservice" dev="dm-9" ino=1316 scontext=u:r:init:s0 tcontext=u:object_r:app_data_file:s0:c49,c256,c512,c768 tclass=dir permissive=1
05-24 13:18:45.544 327 327 I xiriservice_All: type=1400 audit(0.0:253): avc: denied { search } for name="com.android.traceur" dev="dm-9" ino=1341 scontext=u:r:init:s0 tcontext=u:object_r:app_data_file:s0:c31,c256,c512,c768 tclass=dir permissive=1
05-24 13:18:45.544 327 327 I xiriservice_All: type=1400 audit(0.0:254): avc: denied { read } for name="lib" dev="dm-9" ino=66760 scontext=u:r:init:s0 tcontext=u:object_r:bluetooth_data_file:s0 tclass=lnk_file permissive=1
05-24 13:18:45.552 327 327 I xiriservice_All: type=1400 audit(0.0:255): avc: denied { search } for name="com.android.captiveportallogin" dev="dm-9" ino=1365 scontext=u:r:init:s0 tcontext=u:object_r:app_data_file:s0:c54,c256,c512,c768 tclass=dir permissive=1
05-24 13:18:45.552 327 327 I xiriservice_All: type=1400 audit(0.0:256): avc: denied { search } for name="com.android.internal.systemui.navbar.gestural_narrow_back" dev="dm-9" ino=1373 scontext=u:r:init:s0 tcontext=u:object_r:app_data_file:s0:c10,c256,c512,c768 tclass=dir permissive=1
05-24 13:18:45.552 327 327 I xiriservice_All: type=1400 audit(0.0:257): avc: denied { search } for name="android.auto_generated_rro_vendor__" dev="dm-9" ino=1381 scontext=u:r:init:s0 tcontext=u:object_r:app_data_file:s0:c12,c256,c512,c768 tclass=dir permissive=1
05-24 13:18:45.552 327 327 I xiriservice_All: type=1400 audit(0.0:258): avc: denied { search } for name="com.hpplay.happyplay.aw" dev="dm-9" ino=35405 scontext=u:r:init:s0 tcontext=u:object_r:app_data_file:s0:c82,c256,c512,c768 tclass=dir permissive=1
05-24 13:18:45.552 327 327 I xiriservice_All: type=1400 audit(0.0:259): avc: denied { read } for name="lib" dev="dm-9" ino=66735 scontext=u:r:init:s0 tcontext=u:object_r:app_data_file:s0:c82,c256,c512,c768 tclass=lnk_file permissive=1
05-24 13:18:45.560 327 327 I xiriservice_All: type=1400 audit(0.0:260): avc: denied { search } for name="com.dangbei.hqmedia" dev="dm-9" ino=44396 scontext=u:r:init:s0 tcontext=u:object_r:app_data_file:s0:c87,c256,c512,c768 tclass=dir permissive=1
05-24 13:18:45.564 327 327 I xiriservice_All: type=1400 audit(0.0:261): avc: denied { read } for name="lib" dev="dm-9" ino=66741 scontext=u:r:init:s0 tcontext=u:object_r:app_data_file:s0:c87,c256,c512,c768 tclass=lnk_file permissive=1
05-24 13:18:45.564 327 327 I xiriservice_All: type=1400 audit(0.0:262): avc: denied { search } for name="com.sony.dangbeimarket" dev="dm-9" ino=9778 scontext=u:r:init:s0 tcontext=u:object_r:app_data_file:s0:c77,c256,c512,c768 tclass=dir permissive=1
05-24 13:18:45.564 327 327 I xiriservice_All: type=1400 audit(0.0:263): avc: denied { read } for name="lib" dev="dm-9" ino=66730 scontext=u:r:init:s0 tcontext=u:object_r:app_data_file:s0:c77,c256,c512,c768 tclass=lnk_file permissive=1
05-24 13:18:45.568 327 327 I xiriservice_All: type=1400 audit(0.0:264): avc: denied { search } for name="com.starcor.mango" dev="dm-9" ino=33887 scontext=u:r:init:s0 tcontext=u:object_r:app_data_file:s0:c85,c256,c512,c768 tclass=dir permissive=1
05-24 13:18:45.573 265 265 I ExtCamUtils@3.4: loadFromCfg: load external camera config succeed!
05-24 13:18:45.573 265 265 I ExtCamUtils@3.4: loadFromCfg: no internal ignored device specified
05-24 13:18:45.574 265 265 V CamPrvdr@2.4-external: Preferred HAL 3 minor version is 4
05-24 13:18:45.572 327 327 I xiriservice_All: type=1400 audit(0.0:265): avc: denied { read } for name="lib" dev="dm-9" ino=66736 scontext=u:r:init:s0 tcontext=u:object_r:app_data_file:s0:c85,c256,c512,c768 tclass=lnk_file permissive=1
05-24 13:18:45.576 265 265 I HidlServiceManagement: Registered android.hardware.camera.provider@2.4::ICameraProvider/external/0
05-24 13:18:45.576 265 265 I HidlServiceManagement: Removing namespace from process name android.hardware.camera.provider@2.4-external-service to provider@2.4-external-service.
05-24 13:18:45.577 265 265 I LegacySupport: Registration complete for android.hardware.camera.provider@2.4::ICameraProvider/external/0.
05-24 13:18:45.584 265 336 I CamPrvdr@2.4-external: threadLoop start monitoring new V4L2 devices
05-24 13:18:45.631 258 258 D AndroidRuntime: >>>>>> START com.android.internal.os.ZygoteInit uid 0 <<<<<<
05-24 13:18:45.632 338 338 I rainbow_flow: type=1400 audit(0.0:266): avc: denied { write } for name="spidev1.0" dev="tmpfs" ino=212 scontext=u:r:init:s0 tcontext=u:object_r:device:s0 tclass=chr_file permissive=1
05-24 13:18:45.632 338 338 I rainbow_flow: type=1400 audit(0.0:267): avc: denied { open } for path="/dev/spidev1.0" dev="tmpfs" ino=212 scontext=u:r:init:s0 tcontext=u:object_r:device:s0 tclass=chr_file permissive=1
05-24 13:18:45.632 338 338 I rainbow_flow: type=1400 audit(0.0:268): avc: denied { ioctl } for path="/dev/spidev1.0" dev="tmpfs" ino=212 ioctlcmd=0x6b01 scontext=u:r:init:s0 tcontext=u:object_r:device:s0 tclass=chr_file permissive=1
05-24 13:18:45.639 297 297 E cutils-trace: Error opening trace file: No such file or directory (2)
05-24 13:18:45.641 192 192 I hwservicemanager: getTransport: Cannot find entry android.hardware.configstore@1.0::ISurfaceFlingerConfigs/default in either framework or device VINTF manifest.
05-24 13:18:45.648 287 287 I FastMixerState: sMaxFastTracks = 8
05-24 13:18:45.650 297 297 I SurfaceFlinger: Using HWComposer service: default
05-24 13:18:45.650 297 297 I SurfaceFlinger: SurfaceFlinger is starting
05-24 13:18:45.651 192 192 I hwservicemanager: getTransport: Cannot find entry android.hardware.configstore@1.1::ISurfaceFlingerConfigs/default in either framework or device VINTF manifest.
05-24 13:18:45.653 297 297 I SurfaceFlinger: Disabling blur effects, they are not supported.
05-24 13:18:45.652 338 338 I rainbow_flow: type=1400 audit(0.0:269): avc: denied { ioctl } for path="/dev/spidev1.0" dev="tmpfs" ino=212 ioctlcmd=0x6b00 scontext=u:r:init:s0 tcontext=u:object_r:device:s0 tclass=chr_file permissive=1
05-24 13:18:45.662 297 297 I SurfaceFlinger: SurfaceFlinger's main thread ready to run. Initializing graphics H/W...
05-24 13:18:45.662 297 297 D RenderEngine: RenderEngine with GLES Backend
05-24 13:18:45.663 287 287 V MediaUtils: physMem: 2055442432
05-24 13:18:45.664 287 287 V MediaUtils: requested limit: 411088480
05-24 13:18:45.664 287 287 I libc : malloc_limit: Allocation limit enabled, max size 411088480 bytes
05-24 13:18:45.663 327 327 D XiriService: read SYSTEM APP lib
05-24 13:18:45.665 287 287 I audioserver: ServiceManager: 0xf6d2b420
05-24 13:18:45.666 287 287 W BatteryNotifier: batterystats service unavailable!
05-24 13:18:45.666 343 343 D DONGLE_SERVICE: ble_rc_service version is 2.0.26601
05-24 13:18:45.666 343 343 D DONGLE_SERVICE: init command center ...
05-24 13:18:45.667 343 343 D DONGLE_SERVICE: trying to scan for smart ctrl hidraw...
05-24 13:18:45.667 287 287 E cutils-trace: Error opening trace file: No such file or directory (2)
05-24 13:18:45.669 339 339 I bootstat: Service started: /system/bin/bootstat --set_system_boot_reason
05-24 13:18:45.672 343 343 D DONGLE_SERVICE: command center, start working...
05-24 13:18:45.673 343 345 D DONGLE_SERVICE: >> start monitor uevent ...
05-24 13:18:45.675 339 339 I bootstat: Canonical boot reason: shutdown,userrequested
05-24 13:18:45.676 339 339 I bootstat: Canonical boot reason: shutdown,userrequested
05-24 13:18:45.709 258 258 I AndroidRuntime: Using default boot image
05-24 13:18:45.709 258 258 I AndroidRuntime: Leaving lock profiling enabled
05-24 13:18:45.719 258 258 E cutils-trace: Error opening trace file: No such file or directory (2)
05-24 13:18:45.716 278 278 I EventThread: type=1400 audit(0.0:270): avc: denied { search } for name="extcon" dev="sysfs" ino=18109 scontext=u:r:hal_tv_cec_default:s0 tcontext=u:object_r:sysfs_extcon:s0 tclass=dir permissive=1
05-24 13:18:45.723 258 258 I zygote : option[0]=-Xzygote
05-24 13:18:45.723 258 258 I zygote : option[1]=-Xdeny-art-apex-data-files
05-24 13:18:45.723 258 258 I zygote : option[2]=exit
05-24 13:18:45.716 327 327 I xiriservice_All: type=1400 audit(0.0:271): avc: denied { watch } for path="/data/data" dev="dm-9" ino=87 scontext=u:r:init:s0 tcontext=u:object_r:system_data_file:s0:c512,c768 tclass=dir permissive=1
05-24 13:18:45.723 258 258 I zygote : option[3]=vfprintf
05-24 13:18:45.723 258 258 I zygote : option[4]=sensitiveThread
05-24 13:18:45.723 258 258 I zygote : option[5]=-verbose:gc
05-24 13:18:45.716 278 278 I EventThread: type=1400 audit(0.0:272): avc: denied { read } for name="u:object_r:default_prop:s0" dev="tmpfs" ino=6414 scontext=u:r:hal_tv_cec_default:s0 tcontext=u:object_r:default_prop:s0 tclass=file permissive=1
05-24 13:18:45.723 258 258 I zygote : option[6]=-XX:PerfettoHprof=true
05-24 13:18:45.723 258 258 I zygote : option[7]=-XX:PerfettoJavaHeapStackProf=true
05-24 13:18:45.723 258 258 I zygote : option[8]=-Xprimaryzygote
05-24 13:18:45.716 278 278 I EventThread: type=1400 audit(0.0:273): avc: denied { open } for path="/dev/__properties__/u:object_r:default_prop:s0" dev="tmpfs" ino=6414 scontext=u:r:hal_tv_cec_default:s0 tcontext=u:object_r:default_prop:s0 tclass=file permissive=1
05-24 13:18:45.716 278 278 I EventThread: type=1400 audit(0.0:274): avc: denied { getattr } for path="/dev/__properties__/u:object_r:default_prop:s0" dev="tmpfs" ino=6414 scontext=u:r:hal_tv_cec_default:s0 tcontext=u:object_r:default_prop:s0 tclass=file permissive=1
05-24 13:18:45.716 278 278 I EventThread: type=1400 audit(0.0:275): avc: denied { map } for path="/dev/__properties__/u:object_r:default_prop:s0" dev="tmpfs" ino=6414 scontext=u:r:hal_tv_cec_default:s0 tcontext=u:object_r:default_prop:s0 tclass=file permissive=1
05-24 13:18:45.724 258 258 I zygote : option[9]=-Xms5m
05-24 13:18:45.724 258 258 I zygote : option[10]=-Xmx512m
05-24 13:18:45.724 258 258 I zygote : option[11]=-XX:HeapGrowthLimit=256m
05-24 13:18:45.724 258 258 I zygote : option[12]=-XX:HeapMinFree=512k
05-24 13:18:45.724 258 258 I zygote : option[13]=-XX:HeapMaxFree=8m
05-24 13:18:45.724 258 258 I zygote : option[14]=-XX:HeapTargetUtilization=0.75
05-24 13:18:45.724 258 258 I zygote : option[15]=-Xusejit:true
05-24 13:18:45.724 258 258 I zygote : option[16]=-Xjitsaveprofilinginfo
05-24 13:18:45.724 258 258 I zygote : option[17]=-XMadviseWillNeedVdexFileSize:104857600
05-24 13:18:45.724 258 258 I zygote : option[18]=-XMadviseWillNeedOdexFileSize:104857600
05-24 13:18:45.724 258 258 I zygote : option[19]=-XMadviseWillNeedArtFileSize:4294967295
05-24 13:18:45.724 258 258 I zygote : option[20]=-XjdwpOptions:suspend=n,server=y
05-24 13:18:45.724 258 258 I zygote : option[21]=-XjdwpProvider:default
05-24 13:18:45.724 258 258 I zygote : option[22]=-Xopaque-jni-ids:swapable
05-24 13:18:45.724 258 258 I zygote : option[23]=-Xlockprofthreshold:500
05-24 13:18:45.724 258 258 I zygote : option[24]=-Xcompiler-option
05-24 13:18:45.724 258 258 I zygote : option[25]=--instruction-set-variant=cortex-a7
05-24 13:18:45.724 258 258 I zygote : option[26]=-Xcompiler-option
05-24 13:18:45.724 258 258 I zygote : option[27]=--instruction-set-features=default
05-24 13:18:45.724 258 258 I zygote : option[28]=-Xcompiler-option
05-24 13:18:45.724 258 258 I zygote : option[29]=--generate-mini-debug-info
05-24 13:18:45.724 258 258 I zygote : option[30]=-Ximage-compiler-option
05-24 13:18:45.724 258 258 I zygote : option[31]=--runtime-arg
05-24 13:18:45.724 258 258 I zygote : option[32]=-Ximage-compiler-option
05-24 13:18:45.724 258 258 I zygote : option[33]=-Xms64m
05-24 13:18:45.724 258 258 I zygote : option[34]=-Ximage-compiler-option
05-24 13:18:45.724 258 258 I zygote : option[35]=--runtime-arg
05-24 13:18:45.724 258 258 I zygote : option[36]=-Ximage-compiler-option
05-24 13:18:45.724 258 258 I zygote : option[37]=-Xmx64m
05-24 13:18:45.724 258 258 I zygote : option[38]=-Ximage-compiler-option
05-24 13:18:45.724 258 258 I zygote : option[39]=--dirty-image-objects=/system/etc/dirty-image-objects
05-24 13:18:45.724 258 258 I zygote : option[40]=-Ximage-compiler-option
05-24 13:18:45.724 258 258 I zygote : option[41]=--instruction-set-variant=cortex-a7
05-24 13:18:45.724 258 258 I zygote : option[42]=-Ximage-compiler-option
05-24 13:18:45.724 258 258 I zygote : option[43]=--instruction-set-features=default
05-24 13:18:45.724 258 258 I zygote : option[44]=-Ximage-compiler-option
05-24 13:18:45.724 258 258 I zygote : option[45]=--generate-mini-debug-info
05-24 13:18:45.724 258 258 I zygote : option[46]=-Duser.locale=zh-CN
05-24 13:18:45.724 258 258 I zygote : option[47]=--cpu-abilist=armeabi-v7a,armeabi
05-24 13:18:45.724 258 258 I zygote : option[48]=-Xcore-platform-api-policy:just-warn
05-24 13:18:45.724 258 258 I zygote : option[49]=-Xfingerprint:Dangbei/raven/raven:12/SP1A.211105.004/20250523.115359:userdebug/release-keys
05-24 13:18:45.845 1 1 W FAT-fs (mmcblk0p24): Volume was not properly unmounted. Some data may be corrupt. Please run fsck.
05-24 13:18:45.742 339 339 I bootstat: Last reboot reason read from /metadata/bootstat/persist.sys.boot.reason : shutdown,userrequested. Last reboot reason read from persist.sys.boot.reason : shutdown,userrequested
05-24 13:18:45.742 339 339 I bootstat: Normalized last reboot reason : shutdown,userrequested
05-24 13:18:45.751 258 258 W zygote : ART APEX data files are untrusted.
05-24 13:18:45.759 258 258 I zygote : Core platform API reporting enabled, enforcing=false
05-24 13:18:45.789 287 287 I ServiceManager: Waiting for service 'media.metrics' on '/dev/binder'...
05-24 13:18:45.807 348 348 I perfetto: probes.cc:84 Starting /system/bin/traced_probes service
05-24 13:18:45.809 348 355 I perfetto: _activity_trigger.cc:71 mm_events ftrace instance not found. Triggering of traces on memory pressure will not be available on this device.
05-24 13:18:45.812 348 348 I perfetto: probes_producer.cc:129 Disconnected from tracing service
05-24 13:18:45.819 352 352 W perfetto: service.cc:207 Started traced, listening on /dev/socket/traced_producer /dev/socket/traced_consumer
05-24 13:18:45.820 353 353 I preloaddata: type=1400 audit(0.0:276): avc: denied { write search } for name="tmp" dev="dm-9" ino=85 scontext=u:r:toolbox:s0 tcontext=u:object_r:shell_data_file:s0 tclass=dir permissive=1
05-24 13:18:45.820 353 353 I preloaddata: type=1400 audit(0.0:277): avc: denied { getattr } for path="/data/local/tmp" dev="dm-9" ino=85 scontext=u:r:toolbox:s0 tcontext=u:object_r:shell_data_file:s0 tclass=dir permissive=1
05-24 13:18:45.847 331 333 D XM_HIDREAD: add@ add@/devices/platform/uwe_bsp.0
05-24 13:18:45.970 175 175 I WCN : marlin_init entry!
05-24 13:18:45.976 175 175 I WCN : unisoc wcn driver version: W25.21.5, build time: May 23 2025 09:14:44 (UTC)
05-24 13:18:45.976 175 175 I WCN : wcn config keep power on
05-24 13:18:45.992 175 175 I WCN : wcn config bt wake host
05-24 13:18:45.878 331 333 D XM_HIDREAD: add@ add@/devices/platform/uwe_bsp.0/wakeup/wakeup8
05-24 13:18:45.997 175 175 I WCN : marlin_registsr_bt_wake bt_hostwake gpio=208 intnum=237
05-24 13:18:46.006 175 175 I sdiohal : sdiohal_parse_dt adma_tx:1, adma_rx:1, pwrseq:0, irq type:data, gpio_num:0, blksize:840
05-24 13:18:46.021 175 175 E sdiohal err: sdio, BITS =64, PageSize =4096, order=6, 3
05-24 13:18:46.029 175 175 I sdiohal : sdiohal_init ok
05-24 13:18:45.906 331 333 D XM_HIDREAD: add@ add@/class/slog_wcn
05-24 13:18:46.036 175 175 I WCN : marlin_probe ok!
05-24 13:18:45.907 331 333 D XM_HIDREAD: add@ add@/devices/virtual/slog_wcn/slog_wcn0
05-24 13:18:45.907 331 333 D XM_HIDREAD: add@ add@/devices/virtual/slog_wcn/slog_wcn1
05-24 13:18:45.908 331 333 D XM_HIDREAD: add@ add@/devices/virtual/misc/wcn_op
05-24 13:18:45.913 331 333 D XM_HIDREAD: add@ add@/bus/platform/drivers/uwe_bsp
05-24 13:18:45.914 331 333 D XM_HIDREAD: add@ add@/module/uwe5621_bsp_sdio
05-24 13:18:45.929 297 297 D libEGL : loaded /vendor/lib/egl/libGLES_mali.so
05-24 13:18:45.949 331 333 D XM_HIDREAD: add@ add@/devices/platform/mtty.0
05-24 13:18:45.951 331 333 D XM_HIDREAD: add@ add@/devices/virtual/tty/ttyBT0
05-24 13:18:46.073 175 175 E : uwe5621_bt_tty_init
05-24 13:18:46.078 175 175 E : mtty_probe unisoc soc, continue
05-24 13:18:46.079 175 175 I : mtty_probe init device addr: 0x000000004f31ea47
05-24 13:18:46.092 175 175 E : rfkill_bluetooth_init
05-24 13:18:45.969 331 333 D XM_HIDREAD: add@ add@/devices/platform/mtty.0/rfkill/rfkill1
05-24 13:18:46.097 175 175 E : rfkill_bluetooth_init end
05-24 13:18:46.102 175 175 E : marlin_sdio_init
05-24 13:18:45.980 331 333 D XM_HIDREAD: add@ add@/bus/platform/drivers/mtty
05-24 13:18:45.980 331 333 D XM_HIDREAD: add@ add@/module/sprdbt_tty
05-24 13:18:45.984 297 297 I RenderEngine: Realtime priority unsupported, degrading gracefully to high priority
05-24 13:18:46.006 192 192 I hwservicemanager: getTransport: Cannot find entry android.hardware.graphics.mapper@4.0::IMapper/default in either framework or device VINTF manifest.
05-24 13:18:46.007 297 297 I Gralloc4: mapper 4.x is not supported
05-24 13:18:46.007 192 192 I hwservicemanager: getTransport: Cannot find entry android.hardware.graphics.mapper@3.0::IMapper/default in either framework or device VINTF manifest.
05-24 13:18:46.008 297 297 W Gralloc3: mapper 3.x is not supported
05-24 13:18:46.017 297 297 E gralloc : Arm Module v1.0
05-24 13:18:46.019 192 192 I hwservicemanager: getTransport: Cannot find entry android.hardware.graphics.allocator@4.0::IAllocator/default in either framework or device VINTF manifest.
05-24 13:18:46.019 297 297 W Gralloc4: allocator 4.x is not supported
05-24 13:18:46.020 192 192 I hwservicemanager: getTransport: Cannot find entry android.hardware.graphics.allocator@3.0::IAllocator/default in either framework or device VINTF manifest.
05-24 13:18:46.020 297 297 W Gralloc3: allocator 3.x is not supported
05-24 13:18:46.022 348 348 I perfetto: probes_producer.cc:112 Connected to the service
05-24 13:18:46.048 269 269 E ion : ioctl c0044901 failed with code -1: Inappropriate ioctl for device
05-24 13:18:46.049 269 269 I gralloc : alloc buffer:W:1 H:1 S:16 PL[1 1] SZ:64 fmt:1 if:0 af:1 usg:300 fg:00000004
05-24 13:18:46.049 297 297 E ion : ioctl c0044901 failed with code -1: Inappropriate ioctl for device
05-24 13:18:46.051 297 297 I RenderEngine: OpenGL ES informations:
05-24 13:18:46.052 297 297 I RenderEngine: vendor : ARM
05-24 13:18:46.052 297 297 I RenderEngine: renderer : Mali-G31
05-24 13:18:46.052 297 297 I RenderEngine: version : OpenGL ES 3.2 v1.r20p0-01rel0.9f6475d0baffb05079096179e1278b1d
05-24 13:18:46.052 297 297 I RenderEngine: extensions: GL_EXT_debug_marker GL_ARM_rgba8 GL_ARM_mali_shader_binary GL_OES_depth24 GL_OES_depth_texture GL_OES_depth_texture_cube_map GL_OES_packed_depth_stencil GL_OES_rgb8_rgba8 GL_EXT_read_format_bgra GL_OES_compressed_paletted_texture GL_OES_compressed_ETC1_RGB8_texture GL_OES_standard_derivatives GL_OES_EGL_image GL_OES_EGL_image_external GL_OES_EGL_image_external_essl3 GL_OES_EGL_sync GL_OES_texture_npot GL_OES_vertex_half_float GL_OES_required_internalformat GL_OES_vertex_array_object GL_OES_mapbuffer GL_EXT_texture_format_BGRA8888 GL_EXT_texture_rg GL_EXT_texture_type_2_10_10_10_REV GL_OES_fbo_render_mipmap GL_OES_element_index_uint GL_EXT_shadow_samplers GL_OES_texture_compression_astc GL_KHR_texture_compression_astc_ldr GL_KHR_texture_compression_astc_hdr GL_KHR_texture_compression_astc_sliced_3d GL_EXT_texture_compression_astc_decode_mode GL_EXT_texture_compression_astc_decode_mode_rgb9e5 GL_KHR_debug GL_EXT_occlusion_query_boolean GL_EXT_disjoint_timer_query GL_EXT_blend_minmax GL_EXT_discard_
05-24 13:18:46.052 297 297 I RenderEngine: GL_MAX_TEXTURE_SIZE = 8192
05-24 13:18:46.052 297 297 I RenderEngine: GL_MAX_VIEWPORT_DIMS = 8192
05-24 13:18:46.053 297 297 W libprocessgroup: Failed to open /dev/cpuset/system-background/tasks: Permission denied: Permission denied
05-24 13:18:46.053 297 297 W libprocessgroup: Failed to apply SFMainPolicy task profile: Permission denied
05-24 13:18:46.057 192 192 I hwservicemanager: getTransport: Cannot find entry android.hardware.graphics.mapper@4.0::IMapper/default in either framework or device VINTF manifest.
05-24 13:18:46.058 272 313 I ComposerResources: failed to get mapper 4.0 service, falling back to mapper 3.0
05-24 13:18:46.060 192 192 I hwservicemanager: getTransport: Cannot find entry android.hardware.graphics.mapper@3.0::IMapper/default in either framework or device VINTF manifest.
05-24 13:18:46.060 272 313 I ComposerResources: failed to get mapper 3.0 service, falling back to mapper 2.0
05-24 13:18:46.065 272 313 E gralloc : Arm Module v1.0
05-24 13:18:46.070 272 313 I sunxihwc: createDeviceFactory: IDeviceFactory from hardware/aw/display/hwc-hal/disp2/HomletDeviceFactory.cpp
05-24 13:18:46.071 272 313 I sunxihwc: Device name: raven
05-24 13:18:46.071 272 377 I sunxihwc: threadLoop: EventThread start
05-24 13:18:46.088 1 1 I init : type=1400 audit(0.0:278): avc: denied { read } for name="ext_csd" dev="debugfs" ino=5997 scontext=u:r:init:s0 tcontext=u:object_r:debugfs_mmc:s0 tclass=file permissive=1
05-24 13:18:46.088 1 1 I init : type=1400 audit(0.0:279): avc: denied { open } for path="/sys/kernel/debug/mmc0/mmc0:0001/ext_csd" dev="debugfs" ino=5997 scontext=u:r:init:s0 tcontext=u:object_r:debugfs_mmc:s0 tclass=file permissive=1
05-24 13:18:46.101 272 313 D sunxihwc: Device config file: /vendor/etc/dispconfigs/homlet-default.json
05-24 13:18:46.105 272 313 D sunxihwc: Parse 'Display0' config
05-24 13:18:46.105 272 313 D sunxihwc: Parse 'Display1' config
05-24 13:18:46.109 272 384 W displayd: xxxxxxx: threadedStartup begin
05-24 13:18:46.113 272 384 I sunxihwc: Device name: raven
05-24 13:18:46.113 272 384 D sunxihwc: Device config file: /vendor/etc/dispconfigs/homlet-default.json
05-24 13:18:46.114 272 384 D sunxihwc: Parse 'Display0' config
05-24 13:18:46.115 272 384 D sunxihwc: Parse 'Display1' config
05-24 13:18:46.115 272 384 W displayd: xxxxxxx: HAL device config file: /vendor/etc/dispconfigs/homlet-default.json
05-24 13:18:46.115 272 384 W displayd: Displays (2 entries)
05-24 13:18:46.115 272 384 W displayd: + Display{id=0, framebuffer=1920x1080(override=1), dpi=160x160}
05-24 13:18:46.115 272 384 W displayd: DisplayEnginePortId=0
05-24 13:18:46.115 272 384 W displayd: InterfaceType=HDMI
05-24 13:18:46.115 272 384 W displayd: DefaultOutputMode=0
05-24 13:18:46.115 272 384 W displayd: HotplugSupported=0
05-24 13:18:46.115 272 384 W displayd: AfbcSupported=0
05-24 13:18:46.115 272 384 W displayd: HardwareRotateSupported=0
05-24 13:18:46.115 272 384 W displayd: BandwidthLimited=338800 Bytes per frame
05-24 13:18:46.115 272 384 W displayd: + Display{id=1, framebuffer=1920x1080(override=1), dpi=160x160}
05-24 13:18:46.115 272 384 W displayd: DisplayEnginePortId=1
05-24 13:18:46.115 272 384 W displayd: InterfaceType=CVBS
05-24 13:18:46.115 272 384 W displayd: DefaultOutputMode=0
05-24 13:18:46.115 272 384 W displayd: HotplugSupported=0
05-24 13:18:46.115 272 384 W displayd: AfbcSupported=0
05-24 13:18:46.115 272 384 W displayd: HardwareRotateSupported=0
05-24 13:18:46.115 272 384 W displayd: BandwidthLimited=338800 Bytes per frame
05-24 13:18:46.115 272 384 W displayd: xxxxxxx: display output policy: dual
05-24 13:18:46.115 272 384 W displayd: xxxxxxx: Display.0 output type: 4
05-24 13:18:46.115 272 384 W displayd: xxxxxxx: Display.1 output type: 2
05-24 13:18:46.115 272 384 W displayd: xxxxxxx: createDevice: type=4 on port 0
05-24 13:18:46.112 272 272 I MQ-Thread: type=1400 audit(0.0:280): avc: denied { read } for name="u:object_r:system_prop:s0" dev="tmpfs" ino=6541 scontext=u:r:hal_graphics_composer_default:s0 tcontext=u:object_r:system_prop:s0 tclass=file permissive=1
05-24 13:18:46.112 272 272 I MQ-Thread: type=1400 audit(0.0:281): avc: denied { open } for path="/dev/__properties__/u:object_r:system_prop:s0" dev="tmpfs" ino=6541 scontext=u:r:hal_graphics_composer_default:s0 tcontext=u:object_r:system_prop:s0 tclass=file permissive=1
05-24 13:18:46.112 272 272 I MQ-Thread: type=1400 audit(0.0:282): avc: denied { getattr } for path="/dev/__properties__/u:object_r:system_prop:s0" dev="tmpfs" ino=6541 scontext=u:r:hal_graphics_composer_default:s0 tcontext=u:object_r:system_prop:s0 tclass=file permissive=1
05-24 13:18:46.112 272 272 I MQ-Thread: type=1400 audit(0.0:283): avc: denied { map } for path="/dev/__properties__/u:object_r:system_prop:s0" dev="tmpfs" ino=6541 scontext=u:r:hal_graphics_composer_default:s0 tcontext=u:object_r:system_prop:s0 tclass=file permissive=1
05-24 13:18:46.112 272 272 I MQ-Thread: type=1400 audit(0.0:284): avc: denied { read } for name="u:object_r:default_prop:s0" dev="tmpfs" ino=6414 scontext=u:r:hal_graphics_composer_default:s0 tcontext=u:object_r:default_prop:s0 tclass=file permissive=1
05-24 13:18:46.118 272 313 I HidlServiceManagement: Registered vendor.display.config@1.0::IDisplayConfig/default
05-24 13:18:46.118 272 313 D android.hardware.graphics.composer@2.2-service: IDisplayConfig register: ok
05-24 13:18:46.118 272 313 I sunxihwc: initialize: DisplayConfigService init: ok
05-24 13:18:46.118 272 313 D sunxihwc: setHotplugState: mbHotplug = 1
05-24 13:18:46.119 272 313 E sunxihwc: notifyDeviceChanged: DeviceChangedListener not register yet!
05-24 13:18:46.119 272 313 I sunxihwc: setVendorInterface: register IVendorInterface: 0xe9856310
05-24 13:18:46.119 272 313 D sunxihwc: HAL device config file: /vendor/etc/dispconfigs/homlet-default.json
05-24 13:18:46.119 272 313 D sunxihwc: Displays (2 entries)
05-24 13:18:46.119 272 313 D sunxihwc: + Display{id=0, framebuffer=1920x1080(override=1), dpi=160x160}
05-24 13:18:46.119 272 313 D sunxihwc: DisplayEnginePortId=0
05-24 13:18:46.119 272 313 D sunxihwc: InterfaceType=HDMI
05-24 13:18:46.119 272 313 D sunxihwc: DefaultOutputMode=0
05-24 13:18:46.119 272 313 D sunxihwc: HotplugSupported=0
05-24 13:18:46.119 272 313 D sunxihwc: AfbcSupported=0
05-24 13:18:46.119 272 313 D sunxihwc: HardwareRotateSupported=0
05-24 13:18:46.119 272 313 D sunxihwc: BandwidthLimited=338800 Bytes per frame
05-24 13:18:46.119 272 313 D sunxihwc: + Display{id=1, framebuffer=1920x1080(override=1), dpi=160x160}
05-24 13:18:46.119 272 313 D sunxihwc: DisplayEnginePortId=1
05-24 13:18:46.119 272 313 D sunxihwc: InterfaceType=CVBS
05-24 13:18:46.119 272 313 D sunxihwc: DefaultOutputMode=0
05-24 13:18:46.119 272 313 D sunxihwc: HotplugSupported=0
05-24 13:18:46.119 272 313 D sunxihwc: AfbcSupported=0
05-24 13:18:46.119 272 313 D sunxihwc: HardwareRotateSupported=0
05-24 13:18:46.119 272 313 D sunxihwc: BandwidthLimited=338800 Bytes per frame
05-24 13:18:46.119 272 313 W sunxihwc: bringupDevices: display.1 was off, request type 2, try to bringup it!
05-24 13:18:46.119 272 313 I sunxihwc: scanConnectedDevice: wait for device connect
05-24 13:18:46.120 272 272 I MQ-Thread: type=1400 audit(0.0:285): avc: denied { open } for path="/dev/__properties__/u:object_r:default_prop:s0" dev="tmpfs" ino=6414 scontext=u:r:hal_graphics_composer_default:s0 tcontext=u:object_r:default_prop:s0 tclass=file permissive=1
05-24 13:18:46.120 272 272 I MQ-Thread: type=1400 audit(0.0:286): avc: denied { getattr } for path="/dev/__properties__/u:object_r:default_prop:s0" dev="tmpfs" ino=6414 scontext=u:r:hal_graphics_composer_default:s0 tcontext=u:object_r:default_prop:s0 tclass=file permissive=1
05-24 13:18:46.120 272 272 I MQ-Thread: type=1400 audit(0.0:287): avc: denied { map } for path="/dev/__properties__/u:object_r:default_prop:s0" dev="tmpfs" ino=6414 scontext=u:r:hal_graphics_composer_default:s0 tcontext=u:object_r:default_prop:s0 tclass=file permissive=1
05-24 13:18:46.122 272 384 W displayd: xxxxxxx: Device hdmi init
05-24 13:18:46.122 272 384 W displayd: xxxxxxx: createDevice: type=2 on port 1
05-24 13:18:46.122 272 384 W displayd: xxxxxxx: Device cvbs init
05-24 13:18:46.122 272 384 W displayd: xxxxxxx: Initizlize display device mapping
05-24 13:18:46.122 272 384 D displayd: xxxxxxx: updateConnectState: type=-1 connected=-1
05-24 13:18:46.123 272 384 W displayd: xxxxxxx: platformGetDeviceConnectStatePath:
05-24 13:18:46.123 272 384 W displayd: hdmi: /sys/class/extcon/extcon0/state
05-24 13:18:46.123 272 384 W displayd: cvbs: /sys/class/extcon/extcon1/state
05-24 13:18:46.123 272 384 D displayd: xxxxxxx: updated: type=2 connected=0
05-24 13:18:46.123 272 384 D displayd: xxxxxxx: updated: type=4 connected=1
05-24 13:18:46.123 272 384 W displayd: xxxxxxx: setupDefaultOutput: hdmi user strategy: 6
05-24 13:18:46.123 272 384 W edid : Parse block0:
05-24 13:18:46.123 272 384 W edid : Extension block count: 1
05-24 13:18:46.123 272 384 W edid : Parse CEA extension block (version: 3)
05-24 13:18:46.123 272 384 W edid : CEA data length: 27 bytes
05-24 13:18:46.125 272 384 W displayd: xxxxxxx: performDefaultConfig dirty=0
05-24 13:18:46.125 272 384 W displayd: xxxxxxx: Old config: type[4] mode[6] pixelformat[1] bits[0] eotf[4] colorspace[257]
05-24 13:18:46.125 272 384 W displayd: xxxxxxx: New config: type[4] mode[6] pixelformat[1] bits[0] eotf[4] colorspace[257]
05-24 13:18:46.125 272 384 I sunxihwc: switchDevice: display[1]: type=2 mode=0 enable=0
05-24 13:18:46.125 272 384 I sunxihwc: switchDevice: display[0]: type=4 mode=6 enable=1
05-24 13:18:46.125 272 384 D sunxihwc: setHotplugState: mbHotplug = 1
05-24 13:18:46.120 272 272 I MQ-Thread: type=1400 audit(0.0:288): avc: denied { getattr } for path="/sys/devices/platform/soc@3000000/6520000.tv0/extcon/extcon1/state" dev="sysfs" ino=19386 scontext=u:r:hal_graphics_composer_default:s0 tcontext=u:object_r:sysfs:s0 tclass=file permissive=1
05-24 13:18:46.120 1 1 I /system/bin/init: type=1107 audit(0.0:289): uid=0 auid=4294967295 ses=4294967295 subj=u:r:init:s0 msg='avc: denied { set } for property=vendor.sys.tv_vdid_fex pid=272 uid=1000 gid=1003 scontext=u:r:hal_graphics_composer_default:s0 tcontext=u:object_r:vendor_default_prop:s0 tclass=property_service permissive=1'
05-24 13:18:46.125 272 384 I sunxihwc: createSyncTimeline: DisplayEngine Frequency: 696000000 Hz
05-24 13:18:46.125 272 384 I sunxihwc: setup: timeline0 create
05-24 13:18:46.125 272 384 E sunxihwc: readFromFile: Could not open '/sys/firmware/devicetree/base/dram/dram_clk', No such file or directory(2)
05-24 13:18:46.125 272 384 E sunxihwc: readFromFile: Could not open '/sys/firmware/devicetree/base/dram/dram_mr1', No such file or directory(2)
05-24 13:18:46.125 272 384 E sunxihwc: readFromFile: Could not open '/sys/firmware/devicetree/base/dram/dram_type', No such file or directory(2)
05-24 13:18:46.125 272 384 I sunxihwc: getDramInfoFromDeviceTree: draminfo: freq 0 MHz, bus width 32 bits, type 0
05-24 13:18:46.125 272 384 I sunxihwc: computeEffectiveBandwidth: dram effective bandwidth: 0 MBytes
05-24 13:18:46.125 272 384 E sunxihwc: calculateBandwidthLimitation: getDramFrequency return error(0), fallback to default bandwidth config
05-24 13:18:46.125 272 384 I sunxihwc: setup: Bandwidth limitation: 49152000 Bytes per frame
05-24 13:18:46.126 272 384 I sunxihwc: setDisplaydCb: get mDisplaydCb =0x0x696c4372
05-24 13:18:46.126 272 384 I sunxihwc: updateConnectedDevices: display[0] connected=1 type=4 device=0xe97a400c
05-24 13:18:46.126 272 384 I sunxihwc: updateConnectedDevices: display[1] connected=0 type=2 device=0x0
05-24 13:18:46.126 272 384 D sunxihwc: enqueueEvent: enqueueEvent: event 1
05-24 13:18:46.127 272 377 W sunxihwc: deviceChangedEventProcess: Display.0 (hdmi0) connect
05-24 13:18:46.127 272 377 I sunxihwc: onHotplugReceived: display(0) connect state[1]
05-24 13:18:46.127 272 377 I sunxihwc: onHotplugReceived: display size: 0 display.0 0 display.1 0 display.0 0
05-24 13:18:46.127 272 377 W sunxihwc: onHotplugReceived: display(0) is 0xe975f010
05-24 13:18:46.127 272 377 D sunxihwc: setDisplays: display =0xe975f010
05-24 13:18:46.127 272 377 D sunxihwc: setDisplays: display size=1
05-24 13:18:46.127 272 384 I sunxihwc: setMargin: display[0]: margin 97 97 97 97
05-24 13:18:46.127 272 313 D sunxihwc: enqueueEvent: enqueueEvent: event 1
05-24 13:18:46.127 272 313 I sunxihwc: waitForHotplugIssued: Wait for display connect
05-24 13:18:46.127 272 377 D sunxihwc: setHotplugState: mbHotplug = 0
05-24 13:18:46.127 272 377 D sunxihwc: setHotplugState: mbHotplug = 0
05-24 13:18:46.127 272 384 W displayd: xxxxxxx: Turen on display(0), margin( 97, 97, 97, 97)
05-24 13:18:46.127 272 384 W displayd: xxxxxxx: Current device mapping:
05-24 13:18:46.127 272 384 W displayd: + display [1]: enable=0 type=2 mode=0
05-24 13:18:46.127 272 384 W displayd: + display [0]: enable=1 type=4 mode=6
05-24 13:18:46.127 192 192 I hw-BpHwBinder: onLastStrongRef automatically unlinking death recipients
05-24 13:18:46.127 272 384 I sunxihwc: registerCallback: registerCallback mEventCallback =0x0
05-24 13:18:46.127 272 384 I sunxihwc: setDisplaydCb: get mDisplaydCb =0x0xe988a3d0
05-24 13:18:46.132 338 338 I rainbow_flow: type=1400 audit(0.0:290): avc: denied { ioctl } for path="/dev/spidev1.0" dev="tmpfs" ino=212 ioctlcmd=0x6b00 scontext=u:r:init:s0 tcontext=u:object_r:device:s0 tclass=chr_file permissive=1
05-24 13:18:46.127 297 297 I SurfaceFlinger: onComposerHalHotplug(0, connected)
05-24 13:18:46.127 297 297 I HWComposer: Switching to legacy multi-display mode
05-24 13:18:46.128 272 384 W displayd: xxxxxxx: threadedStartup end
05-24 13:18:46.128 297 297 E HWComposer: getAttribute: getDisplayAttribute failed for display 0: BadConfig (1)
05-24 13:18:46.128 297 297 E HWComposer: getDisplayConnectionType: getDisplayConnectionType failed for display 0: Unsupported (8)
05-24 13:18:46.130 297 391 W EventThread: Ignoring VSYNC request while display is disconnected
05-24 13:18:46.130 297 391 W EventThread: Ignoring VSYNC request while display is disconnected
05-24 13:18:46.130 297 392 W EventThread: Ignoring VSYNC request while display is disconnected
05-24 13:18:46.130 297 392 W EventThread: Ignoring VSYNC request while display is disconnected
05-24 13:18:46.130 297 391 W EventThread: Ignoring VSYNC request while display is disconnected
