05-24 13:18:44.949 255 255 I update_verifier: Leaving update_verifier.
05-24 13:18:44.878 256 256 I ServiceManager: Waiting for service 'statscompanion' on '/dev/binder'...
05-24 13:18:44.901 257 257 I netdClient: Skipping libnetd_client init since *we* are netd
05-24 13:18:44.906 257 257 I netd : netd 1.0 starting
05-24 13:18:44.909 257 257 I netd : Pid file removed
05-24 13:18:44.910 257 257 I netd : SIGPIPE is blocked
05-24 13:18:44.910 257 257 I netd : setCloseOnExec(dnsproxyd)
05-24 13:18:44.911 257 257 I netd : setCloseOnExec(fwmarkd)
05-24 13:18:44.911 257 257 I netd : setCloseOnExec(mdns)
05-24 13:18:44.911 257 257 I netd : BPF programs are loaded
05-24 13:18:44.913 257 257 I netd : NetlinkManager instanced
05-24 13:18:44.913 257 257 I netd : enter NetworkController ctor
05-24 13:18:44.922 257 257 I netd : leave NetworkController ctor
05-24 13:18:44.922 257 257 I netd : enter TetherController ctor
05-24 13:18:44.923 262 262 E cutils-trace: Error opening trace file: No such file or directory (2)
05-24 13:18:44.925 257 257 D TetherController: Setting IP forward enable = 0
05-24 13:18:44.926 262 262 I HidlServiceManagement: Registered android.hidl.allocator@1.0::IAllocator/ashmem
05-24 13:18:44.927 262 262 I HidlServiceManagement: Removing namespace from process name android.hidl.allocator@1.0-service to allocator@1.0-service.
05-24 13:18:44.934 257 257 I netd : leave TetherController ctor
05-24 13:18:44.935 257 257 D FirewallController: Could not read /proc/self/uid_map, max uid defaulting to 4294967294
05-24 13:18:44.972 263 263 E cutils-trace: Error opening trace file: No such file or directory (2)
05-24 13:18:45.011 264 264 E cutils-trace: Error opening trace file: No such file or directory (2)
05-24 13:18:45.018 257 257 I netd : Creating child chains: 60356us
05-24 13:18:45.018 257 257 I netd : Setting up OEM hooks: 370us
05-24 13:18:45.018 257 257 I netd : Setting up FirewallController hooks: 56us
05-24 13:18:45.030 257 257 I netd : Setting up TetherController hooks: 11203us
05-24 13:18:45.038 267 267 E cutils-trace: Error opening trace file: No such file or directory (2)
05-24 13:18:45.045 257 257 I netd : Setting up BandwidthController hooks: 15777us
05-24 13:18:45.046 257 257 I netd : Setting up IdletimerController hooks: 263us
05-24 13:18:45.059 267 267 D Module_SUNXI: hardware/aw/gatekeeper/teeGateKeeper/module_sunxi.cpp 34, trusty_gatekeeper_open
05-24 13:18:45.060 267 267 V SUNXI_TrustyGateKeeper: Gatekeeper_Initialize
05-24 13:18:45.060 219 219 D tee_supplicant: Spawning a new thread
05-24 13:18:45.061 219 219 D tee_supplicant: failed to open the ta /vendor/lib/optee_armtz/2233b43b-cec6-449a-9509-469f5023e425.ta TA-file
05-24 13:18:45.061 219 219 D tee_supplicant: looping
05-24 13:18:45.062 219 219 D tee_supplicant: looping
05-24 13:18:45.062 219 219 D tee_supplicant: failed to open the ta /vendor/lib/optee_armtz/2233b43b-cec6-449a-9509-469f5023e425.ta TA-file
05-24 13:18:45.065 219 219 D tee_supplicant: looping
05-24 13:18:45.066 276 276 I android.hardware.lights-service: Light Hal current version V2.0.0
05-24 13:18:45.067 276 276 D lights_device: success open disp device type=0.
05-24 13:18:45.068 219 282 D tee_supplicant: looping
05-24 13:18:45.067 269 269 E cutils-trace: Error opening trace file: No such file or directory (2)
05-24 13:18:45.068 257 257 I netd : Setting up StrictController hooks: 22695us
05-24 13:18:45.069 257 257 I netd : Initializing ClatdController: 321us
05-24 13:18:45.070 191 191 I servicemanager: Found android.hardware.light.ILights/default in device VINTF manifest.
05-24 13:18:45.070 264 264 I HidlServiceManagement: Registered android.hardware.bluetooth@1.0::IBluetoothHci/default
05-24 13:18:45.071 257 257 I netd : Initializing traffic control: 1894us
05-24 13:18:45.073 264 264 I HidlServiceManagement: Removing namespace from process name android.hardware.bluetooth@1.0-service to bluetooth@1.0-service.
05-24 13:18:45.074 264 264 I LegacySupport: Registration complete for android.hardware.bluetooth@1.0::IBluetoothHci/default.
05-24 13:18:45.097 266 266 E cutils-trace: Error opening trace file: No such file or directory (2)
05-24 13:18:45.101 266 266 I HidlServiceManagement: Registered android.hardware.cas@1.2::IMediaCasService/default
05-24 13:18:45.102 266 266 I HidlServiceManagement: Removing namespace from process name android.hardware.cas@1.2-service to cas@1.2-service.
05-24 13:18:45.104 219 219 D tee_supplicant: looping
05-24 13:18:45.105 265 265 I android.hardware.camera.provider@2.4-external-service: External camera provider service is starting.
05-24 13:18:45.105 275 275 E cutils-trace: Error opening trace file: No such file or directory (2)
05-24 13:18:45.109 265 265 E cutils-trace: Error opening trace file: No such file or directory (2)
05-24 13:18:45.124 257 257 I netd : Enabling bandwidth control: 52897us
05-24 13:18:45.127 257 257 I netd : Initializing RouteController: 3723us
05-24 13:18:45.128 257 257 D XfrmController: XfrmController::ipSecAddXfrmInterface, line=1479
05-24 13:18:45.134 257 257 D XfrmController: XfrmController::ipSecRemoveTunnelInterface, line=1692
05-24 13:18:45.134 257 257 D XfrmController: deviceName=ipsec_test
05-24 13:18:45.257 275 275 W healthd : No battery devices found
05-24 13:18:45.145 267 267 I HidlServiceManagement: Registered android.hardware.gatekeeper@1.0::IGatekeeper/default
05-24 13:18:45.147 267 267 I HidlServiceManagement: Removing namespace from process name android.hardware.gatekeeper@1.0-service-aw to gatekeeper@1.0-service-aw.
05-24 13:18:45.148 267 267 I LegacySupport: Registration complete for android.hardware.gatekeeper@1.0::IGatekeeper/default.
05-24 13:18:45.150 275 275 I android.hardware.health@2.1-service: default instance initializing with healthd_config...
05-24 13:18:45.157 275 275 I HidlServiceManagement: Registered android.hardware.health@2.1::IHealth/default
05-24 13:18:45.158 275 275 I HidlServiceManagement: Removing namespace from process name android.hardware.health@2.1-service to health@2.1-service.
05-24 13:18:45.159 275 275 I android.hardware.health@2.1-service: default: Hal init done
05-24 13:18:45.161 278 278 E cutils-trace: Error opening trace file: No such file or directory (2)
05-24 13:18:45.177 257 257 D XfrmController: Sending Netlink XFRM Message: XFRM_MSG_FLUSHSA
05-24 13:18:45.177 269 269 E gralloc : Arm Module v1.0
05-24 13:18:45.177 257 257 D XfrmController: Sending Netlink XFRM Message: XFRM_MSG_FLUSHPOLICY
05-24 13:18:45.177 257 257 I netd : Initializing XfrmController: 50057us
05-24 13:18:45.184 277 277 I AW_PowerHAL: AW Power HAL AIDL Service is starting.
05-24 13:18:45.185 277 277 I AW_PowerHAL: PowerHAL initiated
05-24 13:18:45.191 257 257 D MDnsDS : MDnsSdListener::Hander starting up
05-24 13:18:45.193 257 257 I netd : Registering NetdNativeService: 1143us
05-24 13:18:45.194 257 257 E cutils-trace: Error opening trace file: No such file or directory (2)
05-24 13:18:45.196 191 191 I servicemanager: Found android.hardware.power.IPower/default in device VINTF manifest.
05-24 13:18:45.201 257 300 D MDnsDS : MDnsSdListener starting to monitor
05-24 13:18:45.201 257 300 D MDnsDS : Going to poll with pollCount 1
05-24 13:18:45.294 275 275 W healthd : battery none chg=
05-24 13:18:45.209 278 278 D hdmi-cec: Loading: sunxi HDMI CEC module
05-24 13:18:45.212 281 281 E android.hardware.usb.gadget@1.1-service.aw: configfs setup not done yet
05-24 13:18:45.214 281 281 E cutils-trace: Error opening trace file: No such file or directory (2)
05-24 13:18:45.221 278 306 I hdmi-cec: HDMI-CEC EventThread start
05-24 13:18:45.223 285 285 I display.output-service: DisplayOutputManagerService is started
05-24 13:18:45.224 285 285 I display.output-service: DisplayOutputManagerService current version V2.2.0
05-24 13:18:45.224 285 285 E cutils-trace: Error opening trace file: No such file or directory (2)
05-24 13:18:45.225 191 191 I servicemanager: Found android.hardware.rebootescrow.IRebootEscrow/default in device VINTF manifest.
05-24 13:18:45.236 257 257 I HidlServiceManagement: Registered android.system.net.netd@1.1::INetd/default
05-24 13:18:45.236 257 257 I netd : Registering NetdHwService: 43804us
05-24 13:18:45.236 257 257 I netd : Netd started in 330437us
05-24 13:18:45.357 175 175 I : file system registered
05-24 13:18:45.239 269 269 I HidlServiceManagement: Registered android.hardware.graphics.allocator@2.0::IAllocator/default
05-24 13:18:45.239 281 281 I HidlServiceManagement: Registered android.hardware.usb@1.0::IUsb/default
05-24 13:18:45.240 269 269 I HidlServiceManagement: Removing namespace from process name android.hardware.graphics.allocator@2.0-service to allocator@2.0-service.
05-24 13:18:45.240 281 281 I HidlServiceManagement: Removing namespace from process name android.hardware.usb@1.0-service.aw to usb@1.0-service.aw.
05-24 13:18:45.240 269 269 I LegacySupport: Registration complete for android.hardware.graphics.allocator@2.0::IAllocator/default.
05-24 13:18:45.242 192 192 I hwservicemanager: Since vendor.display.config@1.0::IDisplayConfig/default is not registered, trying to start it as a lazy HAL.
05-24 13:18:45.241 272 272 I sunxihwc: open: Loading: sunxi hwcomposer module
05-24 13:18:45.242 278 278 I HidlServiceManagement: Registered android.hardware.tv.cec@1.0::IHdmiCec/default
05-24 13:18:45.242 278 278 I HidlServiceManagement: Removing namespace from process name android.hardware.tv.cec@1.0-service to cec@1.0-service.
05-24 13:18:45.242 278 278 I LegacySupport: Registration complete for android.hardware.tv.cec@1.0::IHdmiCec/default.
05-24 13:18:45.242 272 272 E cutils-trace: Error opening trace file: No such file or directory (2)
05-24 13:18:45.246 192 192 I hwservicemanager: Since vendor.display.config@1.0::IDisplayConfig/default is not registered, trying to start it as a lazy HAL.
05-24 13:18:45.246 281 281 I HidlServiceManagement: Registered android.hardware.usb.gadget@1.1::IUsbGadget/default
05-24 13:18:45.246 281 281 I android.hardware.usb@1.0-service: USB HAL Ready.
05-24 13:18:45.246 285 285 I HidlServiceManagement: getService: Trying again for vendor.display.config@1.0::IDisplayConfig/default...
05-24 13:18:45.247 192 310 W libc : Unable to set property "ctl.interface_start" to "vendor.display.config@1.0::IDisplayConfig/default": error code: 0x20
05-24 13:18:45.247 272 272 I HidlServiceManagement: Registered android.hardware.graphics.composer@2.2::IComposer/default
05-24 13:18:45.247 192 310 I hwservicemanager: Tried to start vendor.display.config@1.0::IDisplayConfig/default as a lazy service, but was unable to. Usually this happens when a service is not installed, but if the service is intended to be used as a lazy service, then it may be configured incorrectly.
05-24 13:18:45.248 272 272 I HidlServiceManagement: Removing namespace from process name android.hardware.graphics.composer@2.2-service to composer@2.2-service.
05-24 13:18:45.250 192 314 W libc : Unable to set property "ctl.interface_start" to "vendor.display.config@1.0::IDisplayConfig/default": error code: 0x20
05-24 13:18:45.250 192 314 I hwservicemanager: Tried to start vendor.display.config@1.0::IDisplayConfig/default as a lazy service, but was unable to. Usually this happens when a service is not installed, but if the service is intended to be used as a lazy service, then it may be configured incorrectly.
05-24 13:18:45.295 304 304 D Sunxi_PQ: ic_id=2, de_version=201 0x2
05-24 13:18:45.297 247 247 W ServiceManager: Waited one second for gsiservice (is service started? are binder threads started and available?)
05-24 13:18:45.298 191 191 I BpBinder: onLastStrongRef automatically unlinking death recipients:
05-24 13:18:45.299 263 263 I HidlServiceManagement: Registered android.hardware.audio@7.0::IDevicesFactory/default
05-24 13:18:45.305 263 263 I HidlServiceManagement: Removing namespace from process name android.hardware.audio.service to audio.service.
05-24 13:18:45.308 263 263 I LegacySupport: Registration complete for android.hardware.audio@7.0::IDevicesFactory/default.
05-24 13:18:45.430 34 34 I binder : undelivered transaction 306, process died.
05-24 13:18:45.439 175 175 I sunxi-rfkill soc@3000000: rfkill: set block: 0
05-24 13:18:45.439 175 175 I sunxi-rfkill soc@3000000: rfkill: bt power on success
05-24 13:18:45.288 317 317 I init : type=1400 audit(0.0:14): avc: denied { execute_no_trans } for path="/system/bin/check_xm_hidraw.sh" dev="overlay" ino=7867 scontext=u:r:init:s0 tcontext=u:object_r:system_file:s0 tclass=file permissive=1
05-24 13:18:45.323 290 290 I credstore: Registered binder service
05-24 13:18:45.324 304 304 D Sunxi_PQ: /vendor/lib/libde201.so
05-24 13:18:45.329 320 320 I gsid : no DSU: No such file or directory
05-24 13:18:45.346 291 321 E GpuMem : Failed to retrieve pinned program from /sys/fs/bpf/prog_gpu_mem_tracepoint_gpu_mem_gpu_mem_total [2(No such file or directory)]
05-24 13:18:45.346 291 321 E GpuMemTracer: Cannot initialize GpuMemTracer before GpuMem
05-24 13:18:45.288 247 247 I clean_scratch_f: type=1400 audit(0.0:15): avc: denied { call } for scontext=u:r:init:s0 tcontext=u:r:servicemanager:s0 tclass=binder permissive=1
05-24 13:18:45.288 191 191 I servicemanager: type=1400 audit(0.0:16): avc: denied { transfer } for scontext=u:r:servicemanager:s0 tcontext=u:r:init:s0 tclass=binder permissive=1
05-24 13:18:45.288 315 315 I onstartup.sh: type=1400 audit(0.0:17): avc: denied { write search } for name="tmp" dev="dm-9" ino=85 scontext=u:r:onstartup:s0 tcontext=u:object_r:shell_data_file:s0 tclass=dir permissive=1
05-24 13:18:45.288 315 315 I onstartup.sh: type=1400 audit(0.0:18): avc: denied { getattr } for path="/data/local/tmp" dev="dm-9" ino=85 scontext=u:r:onstartup:s0 tcontext=u:object_r:shell_data_file:s0 tclass=dir permissive=1
05-24 13:18:45.288 247 247 I clean_scratch_f: type=1400 audit(0.0:19): avc: denied { transfer } for scontext=u:r:init:s0 tcontext=u:r:servicemanager:s0 tclass=binder permissive=1
05-24 13:18:45.288 247 247 I clean_scratch_f: type=1400 audit(0.0:20): avc: denied { call } for scontext=u:r:init:s0 tcontext=u:r:gsid:s0 tclass=binder permissive=1
05-24 13:18:45.288 251 251 I Binder:251_1: type=1400 audit(0.0:21): avc: denied { transfer } for scontext=u:r:gsid:s0 tcontext=u:r:init:s0 tclass=binder permissive=1
05-24 13:18:45.288 1 1 I init : type=1400 audit(0.0:22): avc: denied { setattr } for name="ext_csd" dev="debugfs" ino=5997 scontext=u:r:init:s0 tcontext=u:object_r:debugfs_mmc:s0 tclass=file permissive=1
05-24 13:18:45.324 316 316 I init : type=1400 audit(0.0:23): avc: denied { execute_no_trans } for path="/system/bin/xiriservice.sh" dev="overlay" ino=7859 scontext=u:r:init:s0 tcontext=u:object_r:system_file:s0 tclass=file permissive=1
05-24 13:18:45.359 304 304 D Sunxi_PQ: maybe /vendor/etc/firmware/disp_firmware, fd:-1 @O_RDONLY.
05-24 13:18:45.363 304 304 D Sunxi_PQ: config display firmware completed...
05-24 13:18:45.364 304 304 D Sunxi_PQ: There is not the /vendor/etc/firmware/disp_firmware, creat it.
05-24 13:18:45.364 304 304 D Sunxi_PQ: sunxi PQ wait for client connect from tcp port:5005...
05-24 13:18:45.365 304 323 D Sunxi_PQ: Sunxi PQ entry tanslate thread.
05-24 13:18:45.365 304 324 D Sunxi_PQ: creat a connect thread to deal the socket.
05-24 13:18:45.360 304 304 I pqd : type=1400 audit(0.0:24): avc: denied { read write } for name="disp_firmware" dev="dm-9" ino=224 scontext=u:r:pqd:s0 tcontext=u:object_r:system_data_root_file:s0 tclass=file permissive=1
05-24 13:18:45.360 304 304 I pqd : type=1400 audit(0.0:25): avc: denied { open } for path="/data/disp_firmware" dev="dm-9" ino=224 scontext=u:r:pqd:s0 tcontext=u:object_r:system_data_root_file:s0 tclass=file permissive=1
05-24 13:18:45.360 304 304 I pqd : type=1400 audit(0.0:26): avc: denied { map } for path="/data/disp_firmware" dev="dm-9" ino=224 scontext=u:r:pqd:s0 tcontext=u:object_r:system_data_root_file:s0 tclass=file permissive=1
05-24 13:18:45.380 316 316 I xiriservice.sh: type=1400 audit(0.0:27): avc: denied { write } for name="tmp" dev="dm-9" ino=85 scontext=u:r:init:s0 tcontext=u:object_r:shell_data_file:s0 tclass=dir permissive=1 bug=b/77873135
05-24 13:18:45.414 263 263 I HidlServiceManagement: Registered android.hardware.audio.effect@7.0::IEffectsFactory/default
05-24 13:18:45.414 263 263 I LegacySupport: Registration complete for android.hardware.audio.effect@7.0::IEffectsFactory/default.
05-24 13:18:45.415 192 192 I hwservicemanager: getTransport: Cannot find entry android.hardware.soundtrigger@2.3::ISoundTriggerHw/default in either framework or device VINTF manifest.
05-24 13:18:45.420 263 263 E LegacySupport: Could not get passthrough implementation for android.hardware.soundtrigger@2.3::ISoundTriggerHw/default.
05-24 13:18:45.421 192 192 I hwservicemanager: getTransport: Cannot find entry android.hardware.soundtrigger@2.2::ISoundTriggerHw/default in either framework or device VINTF manifest.
05-24 13:18:45.422 263 263 E LegacySupport: Could not get passthrough implementation for android.hardware.soundtrigger@2.2::ISoundTriggerHw/default.
05-24 13:18:45.420 329 329 I init : type=1400 audit(0.0:28): avc: denied { execute } for name="led_switch.sh" dev="dm-1" ino=129 scontext=u:r:init:s0 tcontext=u:object_r:vendor_file:s0 tclass=file permissive=1
05-24 13:18:45.424 192 192 I hwservicemanager: getTransport: Cannot find entry android.hardware.soundtrigger@2.1::ISoundTriggerHw/default in either framework or device VINTF manifest.
05-24 13:18:45.420 328 328 I pgrep : type=1400 audit(0.0:29): avc: denied { read } for scontext=u:r:toolbox:s0 tcontext=u:r:init:s0 tclass=file permissive=1
05-24 13:18:45.420 328 328 I pgrep : type=1400 audit(0.0:30): avc: denied { read } for scontext=u:r:toolbox:s0 tcontext=u:r:kernel:s0 tclass=file permissive=1
05-24 13:18:45.424 329 329 I init : type=1400 audit(0.0:31): avc: denied { execute_no_trans } for path="/vendor/bin/led_switch.sh" dev="overlay" ino=9118 scontext=u:r:init:s0 tcontext=u:object_r:vendor_file:s0 tclass=file permissive=1
05-24 13:18:45.424 327 327 D XiriService: XiriService version 2.5.0.11258
05-24 13:18:45.424 328 328 I pgrep : type=1400 audit(0.0:32): avc: denied { getattr } for path="/proc/1" dev="proc" ino=2675 scontext=u:r:toolbox:s0 tcontext=u:r:init:s0 tclass=dir permissive=1
05-24 13:18:45.424 328 328 I pgrep : type=1400 audit(0.0:33): avc: denied { search } for name="1" dev="proc" ino=2675 scontext=u:r:toolbox:s0 tcontext=u:r:init:s0 tclass=dir permissive=1
05-24 13:18:45.427 263 263 E LegacySupport: Could not get passthrough implementation for android.hardware.soundtrigger@2.1::ISoundTriggerHw/default.
05-24 13:18:45.424 328 328 I pgrep : type=1400 audit(0.0:34): avc: denied { open } for path="/proc/1/stat" dev="proc" ino=9584 scontext=u:r:toolbox:s0 tcontext=u:r:init:s0 tclass=file permissive=1
05-24 13:18:45.424 328 328 I pgrep : type=1400 audit(0.0:35): avc: denied { getattr } for path="/proc/2" dev="proc" ino=9494 scontext=u:r:toolbox:s0 tcontext=u:r:kernel:s0 tclass=dir permissive=1
05-24 13:18:45.424 328 328 I pgrep : type=1400 audit(0.0:36): avc: denied { search } for name="2" dev="proc" ino=9494 scontext=u:r:toolbox:s0 tcontext=u:r:kernel:s0 tclass=dir permissive=1
05-24 13:18:45.424 328 328 I pgrep : type=1400 audit(0.0:37): avc: denied { open } for path="/proc/2/stat" dev="proc" ino=9585 scontext=u:r:toolbox:s0 tcontext=u:r:kernel:s0 tclass=file permissive=1
05-24 13:18:45.435 192 192 I hwservicemanager: getTransport: Cannot find entry android.hardware.soundtrigger@2.0::ISoundTriggerHw/default in either framework or device VINTF manifest.
05-24 13:18:45.432 315 315 I onstartup.sh: type=1400 audit(0.0:38): avc: denied { getattr } for path="/data/local/fast_apks_installed" dev="dm-9" ino=229 scontext=u:r:onstartup:s0 tcontext=u:object_r:onstartup_system_file:s0 tclass=file permissive=1
05-24 13:18:45.436 263 263 E LegacySupport: Could not get passthrough implementation for android.hardware.soundtrigger@2.0::ISoundTriggerHw/default.
05-24 13:18:45.436 263 263 W audiohalservice: Could not register Soundtrigger API
05-24 13:18:45.437 192 192 I hwservicemanager: getTransport: Cannot find entry android.hardware.bluetooth.audio@2.1::IBluetoothAudioProvidersFactory/default in either framework or device VINTF manifest.
05-24 13:18:45.438 263 263 E LegacySupport: Could not get passthrough implementation for android.hardware.bluetooth.audio@2.1::IBluetoothAudioProvidersFactory/default.
05-24 13:18:45.436 328 328 I pgrep : type=1400 audit(0.0:39): avc: denied { read } for scontext=u:r:toolbox:s0 tcontext=u:r:vendor_init:s0 tclass=file permissive=1
05-24 13:18:45.436 328 328 I pgrep : type=1400 audit(0.0:40): avc: denied { sys_ptrace } for capability=19 scontext=u:r:toolbox:s0 tcontext=u:r:toolbox:s0 tclass=capability permissive=1
05-24 13:18:45.436 328 328 I pgrep : type=1400 audit(0.0:41): avc: denied { read } for scontext=u:r:toolbox:s0 tcontext=u:r:ueventd:s0 tclass=file permissive=1
05-24 13:18:45.436 328 328 I pgrep : type=1400 audit(0.0:42): avc: denied { read } for scontext=u:r:toolbox:s0 tcontext=u:r:logd:s0 tclass=file permissive=1
05-24 13:18:45.436 328 328 I pgrep : type=1400 audit(0.0:43): avc: denied { read } for scontext=u:r:toolbox:s0 tcontext=u:r:lmkd:s0 tclass=file permissive=1
05-24 13:18:45.436 328 328 I pgrep : type=1400 audit(0.0:44): avc: denied { read } for scontext=u:r:toolbox:s0 tcontext=u:r:servicemanager:s0 tclass=file permissive=1
05-24 13:18:45.436 328 328 I pgrep : type=1400 audit(0.0:45): avc: denied { read } for scontext=u:r:toolbox:s0 tcontext=u:r:hwservicemanager:s0 tclass=file permissive=1
05-24 13:18:45.436 328 328 I pgrep : type=1400 audit(0.0:46): avc: denied { read } for scontext=u:r:toolbox:s0 tcontext=u:r:vndservicemanager:s0 tclass=file permissive=1
05-24 13:18:45.436 328 328 I pgrep : type=1400 audit(0.0:47): avc: denied { read } for scontext=u:r:toolbox:s0 tcontext=u:r:shell:s0 tclass=file permissive=1
05-24 13:18:45.436 328 328 I pgrep : type=1400 audit(0.0:48): avc: denied { read } for scontext=u:r:toolbox:s0 tcontext=u:r:vold:s0 tclass=file permissive=1
05-24 13:18:45.436 328 328 I pgrep : type=1400 audit(0.0:49): avc: denied { read } for scontext=u:r:toolbox:s0 tcontext=u:r:system_suspend:s0 tclass=file permissive=1
05-24 13:18:45.436 328 328 I pgrep : type=1400 audit(0.0:50): avc: denied { read } for scontext=u:r:toolbox:s0 tcontext=u:r:keystore:s0 tclass=file permissive=1
05-24 13:18:45.436 328 328 I pgrep : type=1400 audit(0.0:51): avc: denied { read } for scontext=u:r:toolbox:s0 tcontext=u:r:hal_bootctl_default:s0 tclass=file permissive=1
05-24 13:18:45.436 328 328 I pgrep : type=1400 audit(0.0:52): avc: denied { read } for scontext=u:r:toolbox:s0 tcontext=u:r:hal_keymint_default:s0 tclass=file permissive=1
05-24 13:18:45.436 328 328 I pgrep : type=1400 audit(0.0:53): avc: denied { read } for scontext=u:r:toolbox:s0 tcontext=u:r:tee:s0 tclass=file permissive=1
05-24 13:18:45.436 328 328 I pgrep : type=1400 audit(0.0:54): avc: denied { read } for scontext=u:r:toolbox:s0 tcontext=u:r:tombstoned:s0 tclass=file permissive=1
05-24 13:18:45.436 328 328 I pgrep : type=1400 audit(0.0:55): avc: denied { read } for scontext=u:r:toolbox:s0 tcontext=u:r:gsid:s0 tclass=file permissive=1
05-24 13:18:45.436 328 328 I pgrep : type=1400 audit(0.0:56): avc: denied { read } for scontext=u:r:toolbox:s0 tcontext=u:r:statsd:s0 tclass=file permissive=1
05-24 13:18:45.436 328 328 I pgrep : type=1400 audit(0.0:57): avc: denied { read } for scontext=u:r:toolbox:s0 tcontext=u:r:netd:s0 tclass=file permissive=1
05-24 13:18:45.436 328 328 I pgrep : type=1400 audit(0.0:58): avc: denied { read } for scontext=u:r:toolbox:s0 tcontext=u:r:zygote:s0 tclass=file permissive=1
05-24 13:18:45.436 328 328 I pgrep : type=1400 audit(0.0:59): avc: denied { read } for scontext=u:r:toolbox:s0 tcontext=u:r:hal_allocator_default:s0 tclass=file permissive=1
05-24 13:18:45.436 328 328 I pgrep : type=1400 audit(0.0:60): avc: denied { read } for scontext=u:r:toolbox:s0 tcontext=u:r:hal_audio_default:s0 tclass=file permissive=1
05-24 13:18:45.436 328 328 I pgrep : type=1400 audit(0.0:61): avc: denied { read } for scontext=u:r:toolbox:s0 tcontext=u:r:hal_bluetooth_default:s0 tclass=file permissive=1
05-24 13:18:45.436 328 328 I pgrep : type=1400 audit(0.0:62): avc: denied { read } for scontext=u:r:toolbox:s0 tcontext=u:r:hal_camera_default:s0 tclass=file permissive=1
05-24 13:18:45.445 192 192 I hwservicemanager: getTransport: Cannot find entry android.hardware.bluetooth.audio@2.0::IBluetoothAudioProvidersFactory/default in either framework or device VINTF manifest.
05-24 13:18:45.436 328 328 I pgrep : type=1400 audit(0.0:63): avc: denied { read } for scontext=u:r:toolbox:s0 tcontext=u:r:hal_cas_default:s0 tclass=file permissive=1
05-24 13:18:45.436 328 328 I pgrep : type=1400 audit(0.0:64): avc: denied { read } for scontext=u:r:toolbox:s0 tcontext=u:r:hal_gatekeeper_default:s0 tclass=file permissive=1
05-24 13:18:45.436 328 328 I pgrep : type=1400 audit(0.0:65): avc: denied { read } for scontext=u:r:toolbox:s0 tcontext=u:r:hal_graphics_allocator_default:s0 tclass=file permissive=1
05-24 13:18:45.436 328 328 I pgrep : type=1400 audit(0.0:66): avc: denied { read } for scontext=u:r:toolbox:s0 tcontext=u:r:hal_graphics_composer_default:s0 tclass=file permissive=1
05-24 13:18:45.436 328 328 I pgrep : type=1400 audit(0.0:67): avc: denied { read } for scontext=u:r:toolbox:s0 tcontext=u:r:hal_health_default:s0 tclass=file permissive=1
05-24 13:18:45.436 328 328 I pgrep : type=1400 audit(0.0:68): avc: denied { read } for scontext=u:r:toolbox:s0 tcontext=u:r:hal_light_default:s0 tclass=file permissive=1
05-24 13:18:45.436 328 328 I pgrep : type=1400 audit(0.0:69): avc: denied { read } for scontext=u:r:toolbox:s0 tcontext=u:r:hal_power_default:s0 tclass=file permissive=1
05-24 13:18:45.436 328 328 I pgrep : type=1400 audit(0.0:70): avc: denied { read } for scontext=u:r:toolbox:s0 tcontext=u:r:hal_tv_cec_default:s0 tclass=file permissive=1
05-24 13:18:45.436 328 328 I pgrep : type=1400 audit(0.0:71): avc: denied { read } for scontext=u:r:toolbox:s0 tcontext=u:r:hal_usb_impl:s0 tclass=file permissive=1
05-24 13:18:45.436 328 328 I pgrep : type=1400 audit(0.0:72): avc: denied { read } for scontext=u:r:toolbox:s0 tcontext=u:r:hal_awdisplayoutput_default:s0 tclass=file permissive=1
05-24 13:18:45.436 328 328 I pgrep : type=1400 audit(0.0:73): avc: denied { read } for scontext=u:r:toolbox:s0 tcontext=u:r:hal_rebootescrow_default:s0 tclass=file permissive=1
05-24 13:18:45.436 328 328 I pgrep : type=1400 audit(0.0:74): avc: denied { read } for scontext=u:r:toolbox:s0 tcontext=u:r:audioserver:s0 tclass=file permissive=1
05-24 13:18:45.436 328 328 I pgrep : type=1400 audit(0.0:75): avc: denied { read } for scontext=u:r:toolbox:s0 tcontext=u:r:credstore:s0 tclass=file permissive=1
05-24 13:18:45.436 328 328 I pgrep : type=1400 audit(0.0:76): avc: denied { read } for scontext=u:r:toolbox:s0 tcontext=u:r:gpuservice:s0 tclass=file permissive=1
05-24 13:18:45.436 328 328 I pgrep : type=1400 audit(0.0:77): avc: denied { read } for scontext=u:r:toolbox:s0 tcontext=u:r:surfaceflinger:s0 tclass=file permissive=1
05-24 13:18:45.436 328 328 I pgrep : type=1400 audit(0.0:78): avc: denied { read } for scontext=u:r:toolbox:s0 tcontext=u:r:pqd:s0 tclass=file permissive=1
05-24 13:18:45.436 328 328 I pgrep : type=1400 audit(0.0:79): avc: denied { read } for scontext=u:r:toolbox:s0 tcontext=u:r:onstartup:s0 tclass=file permissive=1
05-24 13:18:45.440 328 328 I pgrep : type=1400 audit(0.0:80): avc: denied { getattr } for path="/proc/175" dev="proc" ino=1237 scontext=u:r:toolbox:s0 tcontext=u:r:vendor_init:s0 tclass=dir permissive=1
05-24 13:18:45.440 328 328 I pgrep : type=1400 audit(0.0:81): avc: denied { search } for name="175" dev="proc" ino=1237 scontext=u:r:toolbox:s0 tcontext=u:r:vendor_init:s0 tclass=dir permissive=1
05-24 13:18:45.440 328 328 I pgrep : type=1400 audit(0.0:82): avc: denied { open } for path="/proc/175/stat" dev="proc" ino=9696 scontext=u:r:toolbox:s0 tcontext=u:r:vendor_init:s0 tclass=file permissive=1
05-24 13:18:45.440 328 328 I pgrep : type=1400 audit(0.0:83): avc: denied { getattr } for path="/proc/178" dev="proc" ino=89 scontext=u:r:toolbox:s0 tcontext=u:r:ueventd:s0 tclass=dir permissive=1
05-24 13:18:45.440 328 328 I pgrep : type=1400 audit(0.0:84): avc: denied { search } for name="178" dev="proc" ino=89 scontext=u:r:toolbox:s0 tcontext=u:r:ueventd:s0 tclass=dir permissive=1
05-24 13:18:45.440 328 328 I pgrep : type=1400 audit(0.0:85): avc: denied { open } for path="/proc/178/stat" dev="proc" ino=9697 scontext=u:r:toolbox:s0 tcontext=u:r:ueventd:s0 tclass=file permissive=1
05-24 13:18:45.440 328 328 I pgrep : type=1400 audit(0.0:86): avc: denied { getattr } for path="/proc/188" dev="proc" ino=1403 scontext=u:r:toolbox:s0 tcontext=u:r:logd:s0 tclass=dir permissive=1
05-24 13:18:45.440 328 328 I pgrep : type=1400 audit(0.0:87): avc: denied { search } for name="188" dev="proc" ino=1403 scontext=u:r:toolbox:s0 tcontext=u:r:logd:s0 tclass=dir permissive=1
05-24 13:18:45.453 263 263 E LegacySupport: Could not get passthrough implementation for android.hardware.bluetooth.audio@2.0::IBluetoothAudioProvidersFactory/default.
05-24 13:18:45.454 263 263 W audiohalservice: Could not register Bluetooth Audio API
05-24 13:18:45.454 192 192 I hwservicemanager: getTransport: Cannot find entry android.hardware.bluetooth.a2dp@1.0::IBluetoothAudioOffload/default in either framework or device VINTF manifest.
05-24 13:18:45.457 263 263 E LegacySupport: Could not get passthrough implementation for android.hardware.bluetooth.a2dp@1.0::IBluetoothAudioOffload/default.
05-24 13:18:45.458 263 263 W audiohalservice: Could not register Bluetooth Audio Offload API
05-24 13:18:45.440 328 328 I pgrep : type=1400 audit(0.0:88): avc: denied { open } for path="/proc/188/stat" dev="proc" ino=9698 scontext=u:r:toolbox:s0 tcontext=u:r:logd:s0 tclass=file permissive=1
05-24 13:18:45.440 328 328 I pgrep : type=1400 audit(0.0:89): avc: denied { getattr } for path="/proc/189" dev="proc" ino=2891 scontext=u:r:toolbox:s0 tcontext=u:r:lmkd:s0 tclass=dir permissive=1
05-24 13:18:45.440 328 328 I pgrep : type=1400 audit(0.0:90): avc: denied { search } for name="189" dev="proc" ino=2891 scontext=u:r:toolbox:s0 tcontext=u:r:lmkd:s0 tclass=dir permissive=1
05-24 13:18:45.440 328 328 I pgrep : type=1400 audit(0.0:91): avc: denied { open } for path="/proc/189/stat" dev="proc" ino=9699 scontext=u:r:toolbox:s0 tcontext=u:r:lmkd:s0 tclass=file permissive=1
05-24 13:18:45.440 328 328 I pgrep : type=1400 audit(0.0:92): avc: denied { getattr } for path="/proc/191" dev="proc" ino=2899 scontext=u:r:toolbox:s0 tcontext=u:r:servicemanager:s0 tclass=dir permissive=1
05-24 13:18:45.440 328 328 I pgrep : type=1400 audit(0.0:93): avc: denied { search } for name="191" dev="proc" ino=2899 scontext=u:r:toolbox:s0 tcontext=u:r:servicemanager:s0 tclass=dir permissive=1
05-24 13:18:45.440 328 328 I pgrep : type=1400 audit(0.0:94): avc: denied { open } for path="/proc/191/stat" dev="proc" ino=9701 scontext=u:r:toolbox:s0 tcontext=u:r:servicemanager:s0 tclass=file permissive=1
05-24 13:18:45.440 328 328 I pgrep : type=1400 audit(0.0:95): avc: denied { getattr } for path="/proc/192" dev="proc" ino=6980 scontext=u:r:toolbox:s0 tcontext=u:r:hwservicemanager:s0 tclass=dir permissive=1
05-24 13:18:45.440 328 328 I pgrep : type=1400 audit(0.0:96): avc: denied { search } for name="192" dev="proc" ino=6980 scontext=u:r:toolbox:s0 tcontext=u:r:hwservicemanager:s0 tclass=dir permissive=1
05-24 13:18:45.440 328 328 I pgrep : type=1400 audit(0.0:97): avc: denied { open } for path="/proc/192/stat" dev="proc" ino=9702 scontext=u:r:toolbox:s0 tcontext=u:r:hwservicemanager:s0 tclass=file permissive=1
05-24 13:18:45.440 328 328 I pgrep : type=1400 audit(0.0:98): avc: denied { getattr } for path="/proc/193" dev="proc" ino=6984 scontext=u:r:toolbox:s0 tcontext=u:r:vndservicemanager:s0 tclass=dir permissive=1
05-24 13:18:45.440 328 328 I pgrep : type=1400 audit(0.0:99): avc: denied { search } for name="193" dev="proc" ino=6984 scontext=u:r:toolbox:s0 tcontext=u:r:vndservicemanager:s0 tclass=dir permissive=1
05-24 13:18:45.440 328 328 I pgrep : type=1400 audit(0.0:100): avc: denied { open } for path="/proc/193/stat" dev="proc" ino=9703 scontext=u:r:toolbox:s0 tcontext=u:r:vndservicemanager:s0 tclass=file permissive=1
05-24 13:18:45.440 328 328 I pgrep : type=1400 audit(0.0:101): avc: denied { getattr } for path="/proc/194" dev="proc" ino=2906 scontext=u:r:toolbox:s0 tcontext=u:r:shell:s0 tclass=dir permissive=1
05-24 13:18:45.440 328 328 I pgrep : type=1400 audit(0.0:102): avc: denied { search } for name="194" dev="proc" ino=2906 scontext=u:r:toolbox:s0 tcontext=u:r:shell:s0 tclass=dir permissive=1
05-24 13:18:45.440 328 328 I pgrep : type=1400 audit(0.0:103): avc: denied { open } for path="/proc/194/stat" dev="proc" ino=9704 scontext=u:r:toolbox:s0 tcontext=u:r:shell:s0 tclass=file permissive=1
05-24 13:18:45.440 328 328 I pgrep : type=1400 audit(0.0:104): avc: denied { getattr } for path="/proc/196" dev="proc" ino=1437 scontext=u:r:toolbox:s0 tcontext=u:r:vold:s0 tclass=dir permissive=1
05-24 13:18:45.440 328 328 I pgrep : type=1400 audit(0.0:105): avc: denied { search } for name="196" dev="proc" ino=1437 scontext=u:r:toolbox:s0 tcontext=u:r:vold:s0 tclass=dir permissive=1
05-24 13:18:45.440 328 328 I pgrep : type=1400 audit(0.0:106): avc: denied { open } for path="/proc/196/stat" dev="proc" ino=9706 scontext=u:r:toolbox:s0 tcontext=u:r:vold:s0 tclass=file permissive=1
05-24 13:18:45.440 328 328 I pgrep : type=1400 audit(0.0:107): avc: denied { getattr } for path="/proc/215" dev="proc" ino=355 scontext=u:r:toolbox:s0 tcontext=u:r:system_suspend:s0 tclass=dir permissive=1
05-24 13:18:45.440 328 328 I pgrep : type=1400 audit(0.0:108): avc: denied { sys_ptrace } for capability=19 scontext=u:r:toolbox:s0 tcontext=u:r:toolbox:s0 tclass=capability permissive=1
05-24 13:18:45.440 328 328 I pgrep : type=1400 audit(0.0:109): avc: denied { search } for name="215" dev="proc" ino=355 scontext=u:r:toolbox:s0 tcontext=u:r:system_suspend:s0 tclass=dir permissive=1
05-24 13:18:45.440 328 328 I pgrep : type=1400 audit(0.0:110): avc: denied { open } for path="/proc/215/stat" dev="proc" ino=9713 scontext=u:r:toolbox:s0 tcontext=u:r:system_suspend:s0 tclass=file permissive=1
05-24 13:18:45.444 328 328 I pgrep : type=1400 audit(0.0:111): avc: denied { getattr } for path="/proc/216" dev="proc" ino=1504 scontext=u:r:toolbox:s0 tcontext=u:r:keystore:s0 tclass=dir permissive=1
05-24 13:18:45.444 328 328 I pgrep : type=1400 audit(0.0:112): avc: denied { search } for name="216" dev="proc" ino=1504 scontext=u:r:toolbox:s0 tcontext=u:r:keystore:s0 tclass=dir permissive=1
05-24 13:18:45.444 328 328 I pgrep : type=1400 audit(0.0:113): avc: denied { open } for path="/proc/216/stat" dev="proc" ino=9714 scontext=u:r:toolbox:s0 tcontext=u:r:keystore:s0 tclass=file permissive=1
05-24 13:18:45.444 328 328 I pgrep : type=1400 audit(0.0:114): avc: denied { getattr } for path="/proc/217" dev="proc" ino=365 scontext=u:r:toolbox:s0 tcontext=u:r:hal_bootctl_default:s0 tclass=dir permissive=1
05-24 13:18:45.444 328 328 I pgrep : type=1400 audit(0.0:115): avc: denied { search } for name="217" dev="proc" ino=365 scontext=u:r:toolbox:s0 tcontext=u:r:hal_bootctl_default:s0 tclass=dir permissive=1
05-24 13:18:45.444 328 328 I pgrep : type=1400 audit(0.0:116): avc: denied { open } for path="/proc/217/stat" dev="proc" ino=9715 scontext=u:r:toolbox:s0 tcontext=u:r:hal_bootctl_default:s0 tclass=file permissive=1
05-24 13:18:45.444 328 328 I pgrep : type=1400 audit(0.0:117): avc: denied { getattr } for path="/proc/218" dev="proc" ino=379 scontext=u:r:toolbox:s0 tcontext=u:r:hal_keymint_default:s0 tclass=dir permissive=1
05-24 13:18:45.444 328 328 I pgrep : type=1400 audit(0.0:118): avc: denied { search } for name="218" dev="proc" ino=379 scontext=u:r:toolbox:s0 tcontext=u:r:hal_keymint_default:s0 tclass=dir permissive=1
05-24 13:18:45.444 328 328 I pgrep : type=1400 audit(0.0:119): avc: denied { open } for path="/proc/218/stat" dev="proc" ino=9716 scontext=u:r:toolbox:s0 tcontext=u:r:hal_keymint_default:s0 tclass=file permissive=1
05-24 13:18:45.444 328 328 I pgrep : type=1400 audit(0.0:120): avc: denied { getattr } for path="/proc/219" dev="proc" ino=7120 scontext=u:r:toolbox:s0 tcontext=u:r:tee:s0 tclass=dir permissive=1
05-24 13:18:45.444 328 328 I pgrep : type=1400 audit(0.0:121): avc: denied { search } for name="219" dev="proc" ino=7120 scontext=u:r:toolbox:s0 tcontext=u:r:tee:s0 tclass=dir permissive=1
05-24 13:18:45.444 328 328 I pgrep : type=1400 audit(0.0:122): avc: denied { open } for path="/proc/219/stat" dev="proc" ino=9717 scontext=u:r:toolbox:s0 tcontext=u:r:tee:s0 tclass=file permissive=1
05-24 13:18:45.444 328 328 I pgrep : type=1400 audit(0.0:123): avc: denied { getattr } for path="/proc/231" dev="proc" ino=1634 scontext=u:r:toolbox:s0 tcontext=u:r:tombstoned:s0 tclass=dir permissive=1
05-24 13:18:45.444 328 328 I pgrep : type=1400 audit(0.0:124): avc: denied { search } for name="231" dev="proc" ino=1634 scontext=u:r:toolbox:s0 tcontext=u:r:tombstoned:s0 tclass=dir permissive=1
05-24 13:18:45.444 328 328 I pgrep : type=1400 audit(0.0:125): avc: denied { open } for path="/proc/231/stat" dev="proc" ino=9721 scontext=u:r:toolbox:s0 tcontext=u:r:tombstoned:s0 tclass=file permissive=1
05-24 13:18:45.444 328 328 I pgrep : type=1400 audit(0.0:126): avc: denied { getattr } for path="/proc/251" dev="proc" ino=1782 scontext=u:r:toolbox:s0 tcontext=u:r:gsid:s0 tclass=dir permissive=1
05-24 13:18:45.444 328 328 I pgrep : type=1400 audit(0.0:127): avc: denied { search } for name="251" dev="proc" ino=1782 scontext=u:r:toolbox:s0 tcontext=u:r:gsid:s0 tclass=dir permissive=1
05-24 13:18:45.444 328 328 I pgrep : type=1400 audit(0.0:128): avc: denied { open } for path="/proc/251/stat" dev="proc" ino=9722 scontext=u:r:toolbox:s0 tcontext=u:r:gsid:s0 tclass=file permissive=1
05-24 13:18:45.444 328 328 I pgrep : type=1400 audit(0.0:129): avc: denied { getattr } for path="/proc/256" dev="proc" ino=1802 scontext=u:r:toolbox:s0 tcontext=u:r:statsd:s0 tclass=dir permissive=1
05-24 13:18:45.444 328 328 I pgrep : type=1400 audit(0.0:130): avc: denied { search } for name="256" dev="proc" ino=1802 scontext=u:r:toolbox:s0 tcontext=u:r:statsd:s0 tclass=dir permissive=1
05-24 13:18:45.444 328 328 I pgrep : type=1400 audit(0.0:131): avc: denied { open } for path="/proc/256/stat" dev="proc" ino=9723 scontext=u:r:toolbox:s0 tcontext=u:r:statsd:s0 tclass=file permissive=1
05-24 13:18:45.444 328 328 I pgrep : type=1400 audit(0.0:132): avc: denied { getattr } for path="/proc/257" dev="proc" ino=8442 scontext=u:r:toolbox:s0 tcontext=u:r:netd:s0 tclass=dir permissive=1
05-24 13:18:45.444 328 328 I pgrep : type=1400 audit(0.0:133): avc: denied { search } for name="257" dev="proc" ino=8442 scontext=u:r:toolbox:s0 tcontext=u:r:netd:s0 tclass=dir permissive=1
05-24 13:18:45.444 328 328 I pgrep : type=1400 audit(0.0:134): avc: denied { open } for path="/proc/257/stat" dev="proc" ino=9724 scontext=u:r:toolbox:s0 tcontext=u:r:netd:s0 tclass=file permissive=1
05-24 13:18:45.444 328 328 I pgrep : type=1400 audit(0.0:135): avc: denied { getattr } for path="/proc/258" dev="proc" ino=1806 scontext=u:r:toolbox:s0 tcontext=u:r:zygote:s0 tclass=dir permissive=1
05-24 13:18:45.444 328 328 I pgrep : type=1400 audit(0.0:136): avc: denied { search } for name="258" dev="proc" ino=1806 scontext=u:r:toolbox:s0 tcontext=u:r:zygote:s0 tclass=dir permissive=1
05-24 13:18:45.444 328 328 I pgrep : type=1400 audit(0.0:137): avc: denied { open } for path="/proc/258/stat" dev="proc" ino=9725 scontext=u:r:toolbox:s0 tcontext=u:r:zygote:s0 tclass=file permissive=1
05-24 13:18:45.444 328 328 I pgrep : type=1400 audit(0.0:138): avc: denied { getattr } for path="/proc/262" dev="proc" ino=598 scontext=u:r:toolbox:s0 tcontext=u:r:hal_allocator_default:s0 tclass=dir permissive=1
05-24 13:18:45.444 328 328 I pgrep : type=1400 audit(0.0:139): avc: denied { search } for name="262" dev="proc" ino=598 scontext=u:r:toolbox:s0 tcontext=u:r:hal_allocator_default:s0 tclass=dir permissive=1
05-24 13:18:45.444 328 328 I pgrep : type=1400 audit(0.0:140): avc: denied { open } for path="/proc/262/stat" dev="proc" ino=9726 scontext=u:r:toolbox:s0 tcontext=u:r:hal_allocator_default:s0 tclass=file permissive=1
05-24 13:18:45.444 328 328 I pgrep : type=1400 audit(0.0:141): avc: denied { getattr } for path="/proc/263" dev="proc" ino=8542 scontext=u:r:toolbox:s0 tcontext=u:r:hal_audio_default:s0 tclass=dir permissive=1
05-24 13:18:45.444 328 328 I pgrep : type=1400 audit(0.0:142): avc: denied { search } for name="263" dev="proc" ino=8542 scontext=u:r:toolbox:s0 tcontext=u:r:hal_audio_default:s0 tclass=dir permissive=1
05-24 13:18:45.444 328 328 I pgrep : type=1400 audit(0.0:143): avc: denied { open } for path="/proc/263/stat" dev="proc" ino=9727 scontext=u:r:toolbox:s0 tcontext=u:r:hal_audio_default:s0 tclass=file permissive=1
05-24 13:18:45.444 328 328 I pgrep : type=1400 audit(0.0:144): avc: denied { getattr } for path="/proc/264" dev="proc" ino=606 scontext=u:r:toolbox:s0 tcontext=u:r:hal_bluetooth_default:s0 tclass=dir permissive=1
05-24 13:18:45.444 328 328 I pgrep : type=1400 audit(0.0:145): avc: denied { search } for name="264" dev="proc" ino=606 scontext=u:r:toolbox:s0 tcontext=u:r:hal_bluetooth_default:s0 tclass=dir permissive=1
05-24 13:18:45.444 328 328 I pgrep : type=1400 audit(0.0:146): avc: denied { open } for path="/proc/264/stat" dev="proc" ino=9728 scontext=u:r:toolbox:s0 tcontext=u:r:hal_bluetooth_default:s0 tclass=file permissive=1
05-24 13:18:45.444 328 328 I pgrep : type=1400 audit(0.0:147): avc: denied { getattr } for path="/proc/265" dev="proc" ino=608 scontext=u:r:toolbox:s0 tcontext=u:r:hal_camera_default:s0 tclass=dir permissive=1
05-24 13:18:45.444 328 328 I pgrep : type=1400 audit(0.0:148): avc: denied { search } for name="265" dev="proc" ino=608 scontext=u:r:toolbox:s0 tcontext=u:r:hal_camera_default:s0 tclass=dir permissive=1
05-24 13:18:45.444 328 328 I pgrep : type=1400 audit(0.0:149): avc: denied { open } for path="/proc/265/stat" dev="proc" ino=9729 scontext=u:r:toolbox:s0 tcontext=u:r:hal_camera_default:s0 tclass=file permissive=1
05-24 13:18:45.444 328 328 I pgrep : type=1400 audit(0.0:150): avc: denied { getattr } for path="/proc/266" dev="proc" ino=610 scontext=u:r:toolbox:s0 tcontext=u:r:hal_cas_default:s0 tclass=dir permissive=1
05-24 13:18:45.444 328 328 I pgrep : type=1400 audit(0.0:151): avc: denied { search } for name="266" dev="proc" ino=610 scontext=u:r:toolbox:s0 tcontext=u:r:hal_cas_default:s0 tclass=dir permissive=1
05-24 13:18:45.444 328 328 I pgrep : type=1400 audit(0.0:152): avc: denied { open } for path="/proc/266/stat" dev="proc" ino=9730 scontext=u:r:toolbox:s0 tcontext=u:r:hal_cas_default:s0 tclass=file permissive=1
05-24 13:18:45.448 328 328 I pgrep : type=1400 audit(0.0:153): avc: denied { getattr } for path="/proc/267" dev="proc" ino=7478 scontext=u:r:toolbox:s0 tcontext=u:r:hal_gatekeeper_default:s0 tclass=dir permissive=1
05-24 13:18:45.448 328 328 I pgrep : type=1400 audit(0.0:154): avc: denied { search } for name="267" dev="proc" ino=7478 scontext=u:r:toolbox:s0 tcontext=u:r:hal_gatekeeper_default:s0 tclass=dir permissive=1
05-24 13:18:45.448 328 328 I pgrep : type=1400 audit(0.0:155): avc: denied { open } for path="/proc/267/stat" dev="proc" ino=9731 scontext=u:r:toolbox:s0 tcontext=u:r:hal_gatekeeper_default:s0 tclass=file permissive=1
05-24 13:18:45.448 328 328 I pgrep : type=1400 audit(0.0:156): avc: denied { getattr } for path="/proc/269" dev="proc" ino=619 scontext=u:r:toolbox:s0 tcontext=u:r:hal_graphics_allocator_default:s0 tclass=dir permissive=1
05-24 13:18:45.448 328 328 I pgrep : type=1400 audit(0.0:157): avc: denied { search } for name="269" dev="proc" ino=619 scontext=u:r:toolbox:s0 tcontext=u:r:hal_graphics_allocator_default:s0 tclass=dir permissive=1
05-24 13:18:45.448 328 328 I pgrep : type=1400 audit(0.0:158): avc: denied { open } for path="/proc/269/stat" dev="proc" ino=9733 scontext=u:r:toolbox:s0 tcontext=u:r:hal_graphics_allocator_default:s0 tclass=file permissive=1
05-24 13:18:45.448 328 328 I pgrep : type=1400 audit(0.0:159): avc: denied { getattr } for path="/proc/272" dev="proc" ino=1932 scontext=u:r:toolbox:s0 tcontext=u:r:hal_graphics_composer_default:s0 tclass=dir permissive=1
05-24 13:18:45.448 328 328 I pgrep : type=1400 audit(0.0:160): avc: denied { search } for name="272" dev="proc" ino=1932 scontext=u:r:toolbox:s0 tcontext=u:r:hal_graphics_composer_default:s0 tclass=dir permissive=1
05-24 13:18:45.448 328 328 I pgrep : type=1400 audit(0.0:161): avc: denied { open } for path="/proc/272/stat" dev="proc" ino=9735 scontext=u:r:toolbox:s0 tcontext=u:r:hal_graphics_composer_default:s0 tclass=file permissive=1
05-24 13:18:45.448 328 328 I pgrep : type=1400 audit(0.0:162): avc: denied { getattr } for path="/proc/275" dev="proc" ino=1943 scontext=u:r:toolbox:s0 tcontext=u:r:hal_health_default:s0 tclass=dir permissive=1
05-24 13:18:45.448 328 328 I pgrep : type=1400 audit(0.0:163): avc: denied { search } for name="275" dev="proc" ino=1943 scontext=u:r:toolbox:s0 tcontext=u:r:hal_health_default:s0 tclass=dir permissive=1
05-24 13:18:45.448 328 328 I pgrep : type=1400 audit(0.0:164): avc: denied { open } for path="/proc/275/stat" dev="proc" ino=9736 scontext=u:r:toolbox:s0 tcontext=u:r:hal_health_default:s0 tclass=file permissive=1
05-24 13:18:45.448 328 328 I pgrep : type=1400 audit(0.0:165): avc: denied { getattr } for path="/proc/276" dev="proc" ino=661 scontext=u:r:toolbox:s0 tcontext=u:r:hal_light_default:s0 tclass=dir permissive=1
05-24 13:18:45.448 328 328 I pgrep : type=1400 audit(0.0:166): avc: denied { search } for name="276" dev="proc" ino=661 scontext=u:r:toolbox:s0 tcontext=u:r:hal_light_default:s0 tclass=dir permissive=1
05-24 13:18:45.448 328 328 I pgrep : type=1400 audit(0.0:167): avc: denied { open } for path="/proc/276/stat" dev="proc" ino=9737 scontext=u:r:toolbox:s0 tcontext=u:r:hal_light_default:s0 tclass=file permissive=1
05-24 13:18:45.448 328 328 I pgrep : type=1400 audit(0.0:168): avc: denied { getattr } for path="/proc/277" dev="proc" ino=7604 scontext=u:r:toolbox:s0 tcontext=u:r:hal_power_default:s0 tclass=dir permissive=1
05-24 13:18:45.448 328 328 I pgrep : type=1400 audit(0.0:169): avc: denied { search } for name="277" dev="proc" ino=7604 scontext=u:r:toolbox:s0 tcontext=u:r:hal_power_default:s0 tclass=dir permissive=1
05-24 13:18:45.448 328 328 I pgrep : type=1400 audit(0.0:170): avc: denied { open } for path="/proc/277/stat" dev="proc" ino=9738 scontext=u:r:toolbox:s0 tcontext=u:r:hal_power_default:s0 tclass=file permissive=1
05-24 13:18:45.448 328 328 I pgrep : type=1400 audit(0.0:171): avc: denied { getattr } for path="/proc/278" dev="proc" ino=696 scontext=u:r:toolbox:s0 tcontext=u:r:hal_tv_cec_default:s0 tclass=dir permissive=1
05-24 13:18:45.448 328 328 I pgrep : type=1400 audit(0.0:172): avc: denied { search } for name="278" dev="proc" ino=696 scontext=u:r:toolbox:s0 tcontext=u:r:hal_tv_cec_default:s0 tclass=dir permissive=1
05-24 13:18:45.448 328 328 I pgrep : type=1400 audit(0.0:173): avc: denied { open } for path="/proc/278/stat" dev="proc" ino=9739 scontext=u:r:toolbox:s0 tcontext=u:r:hal_tv_cec_default:s0 tclass=file permissive=1
05-24 13:18:45.448 328 328 I pgrep : type=1400 audit(0.0:174): avc: denied { getattr } for path="/proc/281" dev="proc" ino=737 scontext=u:r:toolbox:s0 tcontext=u:r:hal_usb_impl:s0 tclass=dir permissive=1
05-24 13:18:45.448 328 328 I pgrep : type=1400 audit(0.0:175): avc: denied { search } for name="281" dev="proc" ino=737 scontext=u:r:toolbox:s0 tcontext=u:r:hal_usb_impl:s0 tclass=dir permissive=1
05-24 13:18:45.448 328 328 I pgrep : type=1400 audit(0.0:176): avc: denied { open } for path="/proc/281/stat" dev="proc" ino=9740 scontext=u:r:toolbox:s0 tcontext=u:r:hal_usb_impl:s0 tclass=file permissive=1
05-24 13:18:45.448 328 328 I pgrep : type=1400 audit(0.0:177): avc: denied { getattr } for path="/proc/285" dev="proc" ino=8921 scontext=u:r:toolbox:s0 tcontext=u:r:hal_awdisplayoutput_default:s0 tclass=dir permissive=1
05-24 13:18:45.448 328 328 I pgrep : type=1400 audit(0.0:178): avc: denied { search } for name="285" dev="proc" ino=8921 scontext=u:r:toolbox:s0 tcontext=u:r:hal_awdisplayoutput_default:s0 tclass=dir permissive=1
05-24 13:18:45.448 328 328 I pgrep : type=1400 audit(0.0:179): avc: denied { open } for path="/proc/285/stat" dev="proc" ino=9741 scontext=u:r:toolbox:s0 tcontext=u:r:hal_awdisplayoutput_default:s0 tclass=file permissive=1
05-24 13:18:45.448 328 328 I pgrep : type=1400 audit(0.0:180): avc: denied { getattr } for path="/proc/286" dev="proc" ino=8925 scontext=u:r:toolbox:s0 tcontext=u:r:hal_rebootescrow_default:s0 tclass=dir permissive=1
05-24 13:18:45.448 328 328 I pgrep : type=1400 audit(0.0:181): avc: denied { search } for name="286" dev="proc" ino=8925 scontext=u:r:toolbox:s0 tcontext=u:r:hal_rebootescrow_default:s0 tclass=dir permissive=1
05-24 13:18:45.448 328 328 I pgrep : type=1400 audit(0.0:182): avc: denied { open } for path="/proc/286/stat" dev="proc" ino=9742 scontext=u:r:toolbox:s0 tcontext=u:r:hal_rebootescrow_default:s0 tclass=file permissive=1
05-24 13:18:45.448 328 328 I pgrep : type=1400 audit(0.0:183): avc: denied { getattr } for path="/proc/287" dev="proc" ino=7796 scontext=u:r:toolbox:s0 tcontext=u:r:audioserver:s0 tclass=dir permissive=1
05-24 13:18:45.448 328 328 I pgrep : type=1400 audit(0.0:184): avc: denied { search } for name="287" dev="proc" ino=7796 scontext=u:r:toolbox:s0 tcontext=u:r:audioserver:s0 tclass=dir permissive=1
05-24 13:18:45.448 328 328 I pgrep : type=1400 audit(0.0:185): avc: denied { open } for path="/proc/287/stat" dev="proc" ino=9743 scontext=u:r:toolbox:s0 tcontext=u:r:audioserver:s0 tclass=file permissive=1
