05-24 13:19:03.869 1421 1523 W hpplay-java: at java.util.concurrent.ThreadPoolExecutor.runWorker(ThreadPoolExecutor.java:1167)
05-24 13:19:03.869 1421 1523 W hpplay-java: at java.util.concurrent.ThreadPoolExecutor$Worker.run(ThreadPoolExecutor.java:641)
05-24 13:19:03.869 1421 1523 W hpplay-java: at java.lang.Thread.run(Thread.java:920)
05-24 13:19:03.871 1421 1421 I hpplay-java: [main]:hpplay-aw:[main]:DeviceNameUtil:name: namever:0
05-24 13:19:03.871 1421 1421 W hpplay-java: [main]:hpplay-aw:[main]:DeviceNameUtil:DeviceNameBean:
05-24 13:19:03.871 1421 1421 I hpplay-java: [main]:hpplay-aw:[main]:AirPlayService:onEvent StartServiceEvent...
05-24 13:19:03.871 1421 1421 I hpplay-java: [main]:hpplay-aw:[main]:AirPlayService:onEvent start server isUserAgreement : true
05-24 13:19:03.871 1421 1421 I hpplay-java: [main]:hpplay-aw:[main]:LelinkHelper:startServer deviceName: 投屏电视C0
05-24 13:19:03.871 1421 1421 I hpplay-java: [main]:hpplay-aw:[main]:LelinkApi:setOption option: 393348 -- value: [0] -- result: 0
05-24 13:19:03.871 1421 1421 I hpplay-java: [main]:hpplay-aw:[main]:LelinkHelper:startServer info: null
05-24 13:19:03.871 1421 1421 I hpplay-java: [main]:hpplay-aw:[main]:LelinkHelper:startServer info 2: null
05-24 13:19:03.871 1421 1421 I hpplay-java: [main]:hpplay-aw:[main]:LelinkApi:setOption option: 393222 -- value: [1] -- result: 0
05-24 13:19:03.871 1421 1421 I hpplay-java: [main]:hpplay-aw:[main]:LelinkApi:setOption option: 393217 -- value: [1] -- result: 0
05-24 13:19:03.872 1421 1421 I hpplay-java: [main]:hpplay-aw:[main]:LelinkApi:setOption option: 65620 -- value: [0, -1] -- result: 0
05-24 13:19:03.872 1421 1421 I hpplay-java: [main]:hpplay-aw:[main]:LelinkApi:setOption option: 393316 -- value: [0] -- result: 0
05-24 13:19:03.872 1421 1421 I hpplay-java: [main]:hpplay-aw:[main]:LelinkApi:setOption option: 393271 -- value: [0] -- result: 0
05-24 13:19:03.872 1421 1421 I hpplay-java: [main]:hpplay-aw:[main]:LelinkApi:setOption option: 65592 -- value: [1] -- result: 0
05-24 13:19:03.872 1421 1421 I hpplay-java: [main]:hpplay-aw:[main]:LelinkApi:setHarass mode: 0 -- which: 101
05-24 13:19:03.872 1421 1421 I hpplay-java: [main]:hpplay-aw:[main]:LelinkApi:setOption option: 65543 -- value: [0, 101] -- result: 0
05-24 13:19:03.872 1421 1421 I hpplay-java: [main]:hpplay-aw:[main]:LelinkApi:setOption option: 393240 -- value: [0] -- result: 0
05-24 13:19:03.872 1421 1421 I hpplay-java: [main]:hpplay-aw:[main]:LelinkApi:setOption option: 393241 -- value: [乐播投屏] -- result: 0
05-24 13:19:03.875 1421 1421 I hpplay-java: [main]:hpplay-aw:[main]:LelinkApi:setOption option: 393232 -- value: [1] -- result: 0
05-24 13:19:03.875 1421 1421 I hpplay-java: [main]:hpplay-aw:[main]:LelinkApi:setOption option: 393233 -- value: [1] -- result: 0
05-24 13:19:03.875 1421 1421 I hpplay-java: [main]:hpplay-aw:[main]:LelinkApi:setOption option: 65795 -- value: [com.hpplay.happyplay.lib.manager.RightsManager$1@d19c104] -- result: 0
05-24 13:19:03.875 1421 1421 I hpplay-java: [main]:hpplay-aw:[main]:LelinkApi:setOption option: 65590 -- value: [com.hpplay.happyplay.lib.manager.LelinkHelper$1@9de96ed] -- result: 0
05-24 13:19:03.875 1421 1421 I hpplay-java: [main]:hpplay-aw:[main]:LelinkApi:setOption option: 393249 -- value: [com.hpplay.happyplay.lib.manager.LelinkHelper$2@e10a922] -- result: 0
05-24 13:19:03.875 1421 1421 I hpplay-java: [main]:hpplay-aw:[main]:LelinkApi:setOption option: 393252 -- value: [com.hpplay.happyplay.lib.manager.LelinkHelper$3@2ec8fb3] -- result: 0
05-24 13:19:03.875 1421 1421 I hpplay-java: [main]:hpplay-aw:[main]:LelinkApi:setOption option: 65648 -- value: [com.hpplay.happyplay.lib.manager.LelinkHelper$5@9f3e970] -- result: 0
05-24 13:19:03.875 1421 1421 I hpplay-java: [main]:hpplay-aw:[main]:LelinkApi:setOption option: 393248 -- value: [1] -- result: 0
05-24 13:19:03.877 1421 1421 I hpplay-java: [main]:hpplay-aw:[main]:LelinkApi:setOption option: 393288 -- value: [com.hpplay.sdk.sink.feature.PinCodeSetting@a9ab4e9] -- result: 0
05-24 13:19:03.878 1421 1421 I hpplay-java: [main]:hpplay-aw:[main]:LelinkApi:setOption option: 65555 -- value: [null] -- result: 0
05-24 13:19:03.878 1421 1421 I hpplay-java: [main]:hpplay-aw:[main]:LelinkApi:setOption option: 65555 -- value: [com.hpplay.happyplay.lib.manager.LelinkHelper$8@c34356e] -- result: 0
05-24 13:19:03.878 1421 1421 I hpplay-java: [main]:hpplay-aw:[main]:LelinkApi:setOption option: 65554 -- value: [com.hpplay.happyplay.lib.player.MultipleReverseControl@b96740f] -- result: 0
05-24 13:19:03.878 1421 1421 I hpplay-java: [main]:hpplay-aw:[main]:LelinkApi:setOption option: 393264 -- value: [com.hpplay.happyplay.lib.manager.LelinkHelper$7@9062c9c] -- result: 0
05-24 13:19:03.878 1421 1421 I hpplay-java: [main]:hpplay-aw:[main]:LelinkApi:setIMMsgCallback...
05-24 13:19:03.878 1421 1421 I hpplay-java: [main]:hpplay-aw:[main]:LelinkApi:setOption option: 393366 -- value: [com.hpplay.happyplay.lib.manager.LelinkHelper$9@5e0b6a5] -- result: 0
05-24 13:19:03.878 1421 1421 I hpplay-java: [main]:hpplay-aw:[main]:LelinkApi:setOption option: 393267 -- value: [1] -- result: 0
05-24 13:19:03.878 1421 1421 I hpplay-java: [main]:hpplay-aw:[main]:LelinkApi:setEnterpriseAuthCallback...
05-24 13:19:03.878 1421 1421 I hpplay-java: [main]:hpplay-aw:[main]:LelinkApi:setOption option: 393346 -- value: [com.hpplay.happyplay.lib.manager.LelinkHelper$10@f23a7a] -- result: 0
05-24 13:19:03.878 1421 1421 I hpplay-java: [main]:hpplay-aw:[main]:LelinkApi:setCastReadyCallback...
05-24 13:19:03.878 1421 1421 I hpplay-java: [main]:hpplay-aw:[main]:LelinkApi:setOption option: 393238 -- value: [com.hpplay.happyplay.lib.manager.-$$Lambda$LelinkHelper$eV9u6iFV9-fWrXkxRIPNI7UpY9Y@950422b] -- result: 0
05-24 13:19:03.878 1421 1421 I hpplay-java: [main]:hpplay-aw:[main]:LelinkApi:setOption option: 65664 -- value: [com.hpplay.happyplay.lib.manager.-$$Lambda$LelinkHelper$ODoI5mGZrJczLpsALocM7RNzO0s@3977688] -- result: 0
05-24 13:19:03.878 1421 1421 I hpplay-java: [main]:hpplay-aw:[main]:LelinkApi:setOption option: 65536 -- value: [投屏电视C0] -- result: 0
05-24 13:19:03.878 1421 1421 I hpplay-java: [main]:hpplay-aw:[main]:LelinkApi:setOption option: 65559 -- value: [1] -- result: 0
05-24 13:19:03.878 1421 1421 I hpplay-java: [main]:hpplay-aw:[main]:LelinkApi:setOption option: 393480 -- value: [com.hpplay.happyplay.lib.manager.QiyiguoTvManager$2@2cb1821] -- result: 0
05-24 13:19:03.878 1421 1421 I hpplay-java: [main]:hpplay-aw:[main]:LelinkApi: LelinkApi startServer: com.hpplay.happyplay.lib.manager.LelinkHelper@b1c1337
05-24 13:19:03.884 1421 1523 I hpplay-java: [P:rqDevName:1]:BaseRunnable:P:rqDevName:1 onCompletion change name ...
05-24 13:19:03.889 1421 1421 I hpplay-java: [main]:LelinkCastWrapper:startServer mSDKLoadState: 1
05-24 13:19:03.889 1421 1421 I hpplay-java: [main]:LelinkCastWrapper:startService mService: null
05-24 13:19:03.889 1421 1421 I hpplay-java: [main]:LelinkCastWrapper:clearRetryBindServerRunnable
05-24 13:19:03.897 1421 1421 I hpplay-java: [main]:LelinkCastWrapper:startService success: true
05-24 13:19:03.897 1421 1421 I hpplay-java: [main]:hpplay-aw:[main]:LelinkApi:performAction action: 4098 -- value: [] -- result: 0
05-24 13:19:03.898 1421 1421 I hpplay-java: [main]:DaemonService:onCreate start
05-24 13:19:03.898 1421 1421 I hpplay-java: [main]:DaemonServiceEntity:setBPImpl mContext: null
05-24 13:19:03.898 1421 1421 I hpplay-java: [main]:DaemonServiceEntity:onCreate
05-24 13:19:03.899 1421 1421 I hpplay-java: [main]:DaemonServiceEntity:initParams channel: leboapk w/h: 1920/1080
05-24 13:19:03.902 487 487 W NotificationHistory: Attempted to add notif for locked/gone/disabled user 0
05-24 13:19:03.908 1522 1522 W y.dangbeimarke: Accessing hidden method Lcom/android/org/conscrypt/OpenSSLSocketImpl;->setUseSessionTickets(Z)V (max-target-q,core-platform-api, reflection, denied)
05-24 13:19:03.909 1421 1421 I hpplay-java: [main]:Resource:initInstance Resource
05-24 13:19:03.910 1522 1522 W OkHttp : unable to load android socket classes
05-24 13:19:03.910 1522 1522 W OkHttp : java.lang.NoSuchMethodException: com.android.org.conscrypt.OpenSSLSocketImpl.setUseSessionTickets [boolean]
05-24 13:19:03.910 1522 1522 W OkHttp : at java.lang.Class.getMethod(Class.java:2103)
05-24 13:19:03.910 1522 1522 W OkHttp : at java.lang.Class.getDeclaredMethod(Class.java:2081)
05-24 13:19:03.910 1522 1522 W OkHttp : at okhttp3.internal.platform.android.AndroidSocketAdapter.(SourceFile:21)
05-24 13:19:03.910 1522 1522 W OkHttp : at okhttp3.internal.platform.android.StandardAndroidSocketAdapter.(Unknown Source:15)
05-24 13:19:03.910 1522 1522 W OkHttp : at okhttp3.internal.platform.android.StandardAndroidSocketAdapter$Companion.buildIfSupported(SourceFile:76)
05-24 13:19:03.910 1522 1522 W OkHttp : at okhttp3.internal.platform.android.StandardAndroidSocketAdapter$Companion.buildIfSupported$default(Unknown Source:6)
05-24 13:19:03.910 1522 1522 W OkHttp : at okhttp3.internal.platform.AndroidPlatform.(SourceFile:11)
05-24 13:19:03.910 1522 1522 W OkHttp : at okhttp3.internal.platform.AndroidPlatform$Companion.buildIfSupported(Unknown Source:8)
05-24 13:19:03.910 1522 1522 W OkHttp : at okhttp3.internal.platform.Platform$Companion.findPlatform(SourceFile:3)
05-24 13:19:03.910 1522 1522 W OkHttp : at okhttp3.internal.platform.Platform$Companion.access$findPlatform(Unknown Source:0)
05-24 13:19:03.910 1522 1522 W OkHttp : at okhttp3.internal.platform.Platform.(SourceFile:9)
05-24 13:19:03.910 1522 1522 W OkHttp : at okhttp3.OkHttpClient.(SourceFile:32)
05-24 13:19:03.910 1522 1522 W OkHttp : at okhttp3.OkHttpClient.(SourceFile:49)
05-24 13:19:03.910 1522 1522 W OkHttp : at s2.b.(SourceFile:6)
05-24 13:19:03.910 1522 1522 W OkHttp : at s2.b.f(SourceFile:14)
05-24 13:19:03.910 1522 1522 W OkHttp : at s2.b.h(SourceFile:1)
05-24 13:19:03.910 1522 1522 W OkHttp : at com.dangbeimarket.DangBeiStoreApplication.onCreate(SourceFile:34)
05-24 13:19:03.910 1522 1522 W OkHttp : at android.app.Instrumentation.callApplicationOnCreate(Instrumentation.java:1211)
05-24 13:19:03.910 1522 1522 W OkHttp : at android.app.ActivityThread.handleBindApplication(ActivityThread.java:6740)
05-24 13:19:03.910 1522 1522 W OkHttp : at android.app.ActivityThread.access$1500(ActivityThread.java:247)
05-24 13:19:03.910 1522 1522 W OkHttp : at android.app.ActivityThread$H.handleMessage(ActivityThread.java:2053)
05-24 13:19:03.910 1522 1522 W OkHttp : at android.os.Handler.dispatchMessage(Handler.java:106)
05-24 13:19:03.910 1522 1522 W OkHttp : at android.os.Looper.loopOnce(Looper.java:201)
05-24 13:19:03.910 1522 1522 W OkHttp : at android.os.Looper.loop(Looper.java:288)
05-24 13:19:03.910 1522 1522 W OkHttp : at android.app.ActivityThread.main(ActivityThread.java:7854)
05-24 13:19:03.910 1522 1522 W OkHttp : at java.lang.reflect.Method.invoke(Native Method)
05-24 13:19:03.910 1522 1522 W OkHttp : at com.android.internal.os.RuntimeInit$MethodAndArgsCaller.run(RuntimeInit.java:548)
05-24 13:19:03.910 1522 1522 W OkHttp : at com.android.internal.os.ZygoteInit.main(ZygoteInit.java:1182)
05-24 13:19:03.915 690 690 V TvNotificationHandler: Notification not added because it isn't relevant for tv
05-24 13:19:03.926 1421 1421 I hpplay-java: [main]:Resource:checkLanguage init language map 1
05-24 13:19:03.930 1421 1421 I hpplay-java: [main]:MacTask:startTask
05-24 13:19:03.934 1421 1421 I hpplay-java: [main]:LBHandler:create name: MacTask looper:Looper (main, tid 2) {3729ae6}
05-24 13:19:03.934 1421 1421 I hpplay-java: [main]:MacTask:startInnerTask
05-24 13:19:03.934 1421 1421 I hpplay-java: [main]:DaemonServiceEntity:ModuleLinker init:com.hpplay.sdk.sink.common.cpt
05-24 13:19:03.934 1421 1421 I ModuleLinkerImp: =====>default path : com.hpplay.component.common.utils
05-24 13:19:03.941 1421 1421 I PatchUtils: system abis -----> armeabi-v7a,armeabi,
05-24 13:19:03.941 1421 1421 I PatchParser: no new patch
05-24 13:19:03.941 1421 1421 I LinkerInfosManager: ================= no set external classloader
05-24 13:19:03.941 1421 1421 I LinkerInfosManager: ================= not patch classloader
05-24 13:19:03.941 1421 1421 I LinkerInfosManager: =======use local path ==========
05-24 13:19:03.941 1421 1421 I LinkerInfosManager: ================= com.hpplay.sdk.sink.common.cpt.ModuleInfos
05-24 13:19:03.942 1421 1421 I LinkerInfosManager: ================= com.hpplay.component.common.utils.ModuleInfos
05-24 13:19:03.942 1421 1524 W System : Ignoring header lebo-token because its value was null.
05-24 13:19:03.942 1421 1524 W System : Ignoring header uid because its value was null.
05-24 13:19:03.942 1421 1524 W System : Ignoring header cv because its value was null.
05-24 13:19:03.942 1421 1524 W System : Ignoring header App-Id because its value was null.
05-24 13:19:03.942 1421 1421 I ModuleLinkerImp: init time 8
05-24 13:19:03.942 1421 1421 I ModuleLinkerImp: =====> 24
05-24 13:19:03.943 1421 1421 I hpplay-java: [main]:DaemonService:onBind
05-24 13:19:03.943 1421 1421 I hpplay-java: [main]:DaemonServiceEntity:onBind
05-24 13:19:03.943 1421 1524 W hpplay-java: [P:gtMore:1]:HttpRequest:
05-24 13:19:03.943 1421 1524 I hpplay-java: [P:gtMore:1]:BaseHttpRequest:nextDomain next3: http://120.78.185.110:9779?aversion=808081809&a=moreCastOne&c=tv&partNumber=DBBOX-A2&version=1.1&appid=11388&language=zh
05-24 13:19:03.955 1421 1524 W System : Ignoring header lebo-token because its value was null.
05-24 13:19:03.955 1421 1524 W System : Ignoring header uid because its value was null.
05-24 13:19:03.955 1421 1524 W System : Ignoring header cv because its value was null.
05-24 13:19:03.955 1421 1524 W System : Ignoring header App-Id because its value was null.
05-24 13:19:03.957 1421 1642 I hpplay-java: [thread-pool-210687495]:BaseRunnable:P:ckLanguage:6 start running ...
05-24 13:19:03.957 1421 1642 I hpplay-java: [P:ckLanguage:1]:Resource:init
05-24 13:19:03.961 1421 1421 I hpplay-java: [main]:LelinkCastWrapper:onServiceConnected
05-24 13:19:03.961 1421 1421 I hpplay-java: [main]:LelinkCastWrapper:clearRetryBindServerRunnable
05-24 13:19:03.968 1421 1647 I hpplay-java: [thread-pool-244948690]:BaseRunnable:P:macTsk:7 start running ...
05-24 13:19:03.973 1522 1522 I getModelNameAboveP: start
05-24 13:19:03.979 1522 1522 E ActivityThread: Failed to find provider info for com.sony.dtv.provider.modelvariation
05-24 13:19:03.980 1421 1550 I hpplay-java: [P:cltType:0]:BaseRunnable:P:ServConn:8 start running ...
05-24 13:19:03.981 1421 1550 I hpplay-java: [P:ServConn:1]:LelinkCastImpl:initPrintMode,updateLogPrintMode value: 0
05-24 13:19:03.982 1421 1550 I hpplay-java: [P:ServConn:1]:BuildConfigSupport:getFLAVOR FLAVOR:leboapk
05-24 13:19:03.982 1421 1550 I hpplay-java: [P:ServConn:1]:BuildConfigSupport:getFeatureDlnaValidModel FEATURE_DLNA_VALID_MODEL:1
05-24 13:19:03.993 1421 1550 I hpplay-java: [P:ServConn:1]:LogCache:getLogDir cache /data/user/0/com.hpplay.happyplay.aw/files/hpplay/file/sink/a/log
05-24 13:19:03.997 1421 1550 I hpplay-java: [P:ServConn:1]:LelinkCastImpl:init appKey=11388
05-24 13:19:04.011 1421 1656 I LogWriteTask: ++++start waite wake++++++
05-24 13:19:04.015 1095 1631 I OpenGLRenderer: Davey! duration=9223372006023ms; Flags=0, FrameTimelineVsyncId=715, IntendedVsync=30829064974, Vsync=30829064974, InputEventId=0, HandleInputStart=30832424097, AnimationStart=30832428305, PerformTraversalsStart=30832628055, DrawStart=30849057264, FrameDeadline=30869064974, FrameInterval=30832415972, FrameStartTime=20000000, SyncQueued=30849203930, SyncStart=30851060014, IssueDrawCommandsStart=30851700805, SwapBuffers=30864205472, FrameCompleted=9223372036854775807, DequeueBufferDuration=41625, QueueBufferDuration=3312083, GpuCompleted=9223372036854775807, SwapBuffersCompleted=30870108180, DisplayPresentTime=0,
05-24 13:19:04.021 1421 1421 I hpplay-java: [main]:DaemonService:onStartCommand iService: com.hpplay.sdk.sink.service.DaemonServiceEntity@6cdaa59
05-24 13:19:04.021 1421 1421 I hpplay-java: [main]:DaemonServiceEntity:onStartCommand flags: 0 startId: 1 mOnBind: true
05-24 13:19:04.029 1522 1653 D lei_hardWareType: ravenDBBOX-A2
05-24 13:19:04.030 1421 1524 W hpplay-java: [P:gtMore:1]:HttpRequest:java.net.ConnectException: Failed to connect to /120.78.185.110:9779
05-24 13:19:04.030 1421 1524 W hpplay-java: at com.android.okhttp.internal.io.RealConnection.connectSocket(RealConnection.java:147)
05-24 13:19:04.030 1421 1524 W hpplay-java: at com.android.okhttp.internal.io.RealConnection.connect(RealConnection.java:116)
05-24 13:19:04.030 1421 1524 W hpplay-java: at com.android.okhttp.internal.http.StreamAllocation.findConnection(StreamAllocation.java:186)
05-24 13:19:04.030 1421 1524 W hpplay-java: at com.android.okhttp.internal.http.StreamAllocation.findHealthyConnection(StreamAllocation.java:128)
05-24 13:19:04.030 1421 1524 W hpplay-java: at com.android.okhttp.internal.http.StreamAllocation.newStream(StreamAllocation.java:97)
05-24 13:19:04.030 1421 1524 W hpplay-java: at com.android.okhttp.internal.http.HttpEngine.connect(HttpEngine.java:289)
05-24 13:19:04.030 1421 1524 W hpplay-java: at com.android.okhttp.internal.http.HttpEngine.sendRequest(HttpEngine.java:232)
05-24 13:19:04.030 1421 1524 W hpplay-java: at com.android.okhttp.internal.huc.HttpURLConnectionImpl.execute(HttpURLConnectionImpl.java:465)
05-24 13:19:04.030 1421 1524 W hpplay-java: at com.android.okhttp.internal.huc.HttpURLConnectionImpl.connect(HttpURLConnectionImpl.java:131)
05-24 13:19:04.030 1421 1524 W hpplay-java: at com.hpplay.common.asyncmanager.http.HttpRequest.doGet(SourceFile:26)
05-24 13:19:04.030 1421 1524 W hpplay-java: at com.hpplay.common.asyncmanager.jobs.AsyncHttpJob.startRequest(SourceFile:5)
05-24 13:19:04.030 1421 1524 W hpplay-java: at com.hpplay.common.asyncmanager.jobs.AsyncHttpJob.run(SourceFile:4)
05-24 13:19:04.030 1421 1524 W hpplay-java: at java.util.concurrent.ThreadPoolExecutor.runWorker(ThreadPoolExecutor.java:1167)
05-24 13:19:04.030 1421 1524 W hpplay-java: at java.util.concurrent.ThreadPoolExecutor$Worker.run(ThreadPoolExecutor.java:641)
05-24 13:19:04.030 1421 1524 W hpplay-java: at java.lang.Thread.run(Thread.java:920)
05-24 13:19:04.032 1421 1647 I hpplay-java: [P:macTsk:1]:BaseRunnable:P:macTsk:7 onCompletion change name ...
05-24 13:19:04.044 1522 1653 I 119957 : Unable to resolve host "api.downbei.com": No address associated with hostname
05-24 13:19:04.044 1522 1653 W System.err: java.net.UnknownHostException: Unable to resolve host "api.downbei.com": No address associated with hostname
05-24 13:19:04.044 1522 1653 W System.err: at java.net.Inet6AddressImpl.lookupHostByName(Inet6AddressImpl.java:156)
05-24 13:19:04.044 1522 1653 W System.err: at java.net.Inet6AddressImpl.lookupAllHostAddr(Inet6AddressImpl.java:103)
05-24 13:19:04.045 1522 1653 W System.err: at java.net.InetAddress.getAllByName(InetAddress.java:1152)
05-24 13:19:04.045 1522 1653 W System.err: at com.android.okhttp.Dns$1.lookup(Dns.java:41)
05-24 13:19:04.045 1522 1653 W System.err: at com.android.okhttp.internal.http.RouteSelector.resetNextInetSocketAddress(RouteSelector.java:178)
05-24 13:19:04.045 1522 1653 W System.err: at com.android.okhttp.internal.http.RouteSelector.nextProxy(RouteSelector.java:144)
05-24 13:19:04.045 1522 1653 W System.err: at com.android.okhttp.internal.http.RouteSelector.next(RouteSelector.java:86)
05-24 13:19:04.045 1522 1653 W System.err: at com.android.okhttp.internal.http.StreamAllocation.findConnection(StreamAllocation.java:176)
05-24 13:19:04.045 1522 1653 W System.err: at com.android.okhttp.internal.http.StreamAllocation.findHealthyConnection(StreamAllocation.java:128)
05-24 13:19:04.045 1522 1653 W System.err: at com.android.okhttp.internal.http.StreamAllocation.newStream(StreamAllocation.java:97)
05-24 13:19:04.045 1522 1653 W System.err: at com.android.okhttp.internal.http.HttpEngine.connect(HttpEngine.java:289)
05-24 13:19:04.045 1522 1653 W System.err: at com.android.okhttp.internal.http.HttpEngine.sendRequest(HttpEngine.java:232)
05-24 13:19:04.045 1522 1653 W System.err: at com.android.okhttp.internal.huc.HttpURLConnectionImpl.execute(HttpURLConnectionImpl.java:465)
05-24 13:19:04.045 1522 1653 W System.err: at com.android.okhttp.internal.huc.HttpURLConnectionImpl.getResponse(HttpURLConnectionImpl.java:411)
05-24 13:19:04.045 1522 1653 W System.err: at com.android.okhttp.internal.huc.HttpURLConnectionImpl.getResponseCode(HttpURLConnectionImpl.java:542)
05-24 13:19:04.045 1522 1653 W System.err: at x2.a$b.run(SourceFile:332)
05-24 13:19:04.045 1522 1653 W System.err: at java.util.concurrent.ThreadPoolExecutor.runWorker(ThreadPoolExecutor.java:1167)
05-24 13:19:04.045 1522 1653 W System.err: at java.util.concurrent.ThreadPoolExecutor$Worker.run(ThreadPoolExecutor.java:641)
05-24 13:19:04.045 1522 1653 W System.err: at java.lang.Thread.run(Thread.java:920)
05-24 13:19:04.045 1522 1653 W System.err: Caused by: android.system.GaiException: android_getaddrinfo failed: EAI_NODATA (No address associated with hostname)
05-24 13:19:04.045 1522 1653 W System.err: at libcore.io.Linux.android_getaddrinfo(Native Method)
05-24 13:19:04.045 1522 1653 W System.err: at libcore.io.ForwardingOs.android_getaddrinfo(ForwardingOs.java:136)
05-24 13:19:04.045 1522 1653 W System.err: at libcore.io.BlockGuardOs.android_getaddrinfo(BlockGuardOs.java:221)
05-24 13:19:04.045 1522 1653 W System.err: at libcore.io.ForwardingOs.android_getaddrinfo(ForwardingOs.java:136)
05-24 13:19:04.045 1522 1653 W System.err: at java.net.Inet6AddressImpl.lookupHostByName(Inet6AddressImpl.java:135)
05-24 13:19:04.045 1522 1653 W System.err: ... 18 more
05-24 13:19:04.055 1421 1524 I hpplay-java: [P:gtMore:1]:hpplay-aw:[P:gtMore:1]:FunctionListHelper:getMoreCastOne onRequestResult resultType: null
05-24 13:19:04.055 1421 1524 I hpplay-java: [P:gtMore:1]:BaseRunnable:P:gtMore:2 onCompletion change name ...
05-24 13:19:04.059 1421 1647 I hpplay-java: [P:macTsk:0]:BaseRunnable:P:initMap:9 start running ...
05-24 13:19:04.062 1421 1642 I hpplay-java: [P:ckLanguage:1]:BaseRunnable:P:ckLanguage:6 onCompletion change name ...
05-24 13:19:04.067 1421 1550 I hpplay-java: [P:ServConn:1]:LBHandler:create name: Dispatcher looper:Looper (main, tid 2) {3729ae6}
05-24 13:19:04.068 1421 1550 I hpplay-java: [P:ServConn:1]:LBHandler:create name: VolumeControl looper:Looper (main, tid 2) {3729ae6}
05-24 13:19:04.082 1421 1550 I hpplay-java: [P:ServConn:1]:PlayerConfig:cloud config: fps=0, md=0, memc=0, mfc=0, mffo=1, mfr=0, mft=0, mlc=0, mllt=0, mpt=0, mpu=0, mr=0, ms=0, msm=0, mv=0, pav1=0, pcto=0, peas=0, pfd=0, ph=0, ph2=0, phm=0, pit=0, plto=0, pmpeg4=0, pms=0, pot=0, prbs=0, prc=0, prcs=0, prsn=0, prst=0, prwto=0, ps=0, psat=0, psbs=0, psit=0, psot=0, psto=0, pt=0, ptn=0, pto=0, pv=0, pvp8=0, pvp9=0, spl=0, spv=0, vt=0
05-24 13:19:04.082 1421 1550 I hpplay-java: [P:ServConn:1]:ModelUtil:Build.MANUFACTURER: Allwinner -- Model: -- Build.MODEL: DBBOX-A2
05-24 13:19:04.083 1421 1550 I hpplay-java: [P:ServConn:1]:Feature:getVolumeType model:DBBOX-A2 mf:Allwinner
05-24 13:19:04.085 1421 1647 I hpplay-java: [P:initMap:1]:BaseRunnable:P:initMap:9 onCompletion change name ...
05-24 13:19:04.086 1522 1522 D lei_hardWareType: ravenDBBOX-A2
05-24 13:19:04.093 487 532 W IorapForwardingService: No service published for: iorapd
05-24 13:19:04.094 1421 1642 I hpplay-java: [P:ckLanguage:0]:BaseRunnable:P:DevInit:11 start running ...
05-24 13:19:04.098 1095 1105 I d.leradlaunche: Background concurrent copying GC freed 89533(14MB) AllocSpace objects, 362(7496KB) LOS objects, 49% free, 7263KB/14MB, paused 18.554ms total 1.775s
05-24 13:19:04.101 1421 1666 I hpplay-java: [GetPro]:BaseRunnable:P:GetPro:10 start running ...
05-24 13:19:04.104 278 306 D hdmi-cec: receive invalid cec message!
05-24 13:19:04.104 278 306 D hdmi-cec: receive poll message [04], skip!
05-24 13:19:04.115 1421 1647 I hpplay-java: [P:initMap:0]:BaseRunnable:P:avcName:12 start running ...
05-24 13:19:04.117 1586 1586 V GraphicsEnvironment: ANGLE Developer option for 'com.android.bluetooth' set to: 'default'
05-24 13:19:04.118 1586 1586 V GraphicsEnvironment: Neither updatable production driver nor prerelease driver is supported.
05-24 13:19:04.120 1586 1586 D NetworkSecurityConfig: No Network Security Config specified, using platform default
05-24 13:19:04.121 1586 1586 D NetworkSecurityConfig: No Network Security Config specified, using platform default
05-24 13:19:04.121 1421 1647 I hpplay-java: [P:avcName:1]:DeviceUtils:getAVCName status:1
05-24 13:19:04.124 1421 1666 I hpplay-java: [P:GetPro:1]:BaseRunnable:P:GetPro:10 onCompletion change name ...
05-24 13:19:04.141 487 758 D CompatibilityChangeReporter: Compat change id reported: 149924527; UID 10077; state: ENABLED
05-24 13:19:04.151 487 758 D CompatibilityChangeReporter: Compat change id reported: 132649864; UID 10077; state: DISABLED
05-24 13:19:04.157 1421 1421 I hpplay-java: [main]:hpplay-aw:[main]:UserManager:checkLogin
05-24 13:19:04.158 1421 1421 I hpplay-java: [main]:hpplay-aw:[main]:UserManager:session:
05-24 13:19:04.159 1421 1421 I hpplay-java: [main]:hpplay-aw:[main]:TalkReportHelper:setLeboUserID id:
05-24 13:19:04.160 1421 1421 I hpplay-java: [main]:BuildConfigSupport:getFeatureProduct :0
05-24 13:19:04.160 1674 1674 I cmd : type=1400 audit(0.0:607): avc: denied { call } for scontext=u:r:preinstall:s0 tcontext=u:r:system_server:s0 tclass=binder permissive=1
05-24 13:19:04.160 1674 1674 I cmd : type=1400 audit(0.0:608): avc: denied { transfer } for scontext=u:r:preinstall:s0 tcontext=u:r:system_server:s0 tclass=binder permissive=1
05-24 13:19:04.162 1421 1421 I hpplay-java: [main]:ConfigControl:initInstance key:11388
05-24 13:19:04.166 1095 1107 W System : A resource failed to call close.
05-24 13:19:04.173 1095 1300 D hq : NetWorkStateReceiver:::检查网络,并且持续更新 isConnect=false
05-24 13:19:04.179 1039 1171 E MediaProvider: Creating a non-default top level directory or deleting an existing one is not allowed!
05-24 13:19:04.182 1095 1631 I OpenGLRenderer: Davey! duration=9223372005861ms; Flags=0, FrameTimelineVsyncId=728, IntendedVsync=30989059972, Vsync=30989059972, InputEventId=0, HandleInputStart=30998241514, AnimationStart=30998246389, PerformTraversalsStart=30998464889, DrawStart=30999034472, FrameDeadline=31009059972, FrameInterval=30998233847, FrameStartTime=20000000, SyncQueued=31024808597, SyncStart=31029401055, IssueDrawCommandsStart=31030113722, SwapBuffers=31040955472, FrameCompleted=9223372036854775807, DequeueBufferDuration=46583, QueueBufferDuration=1971167, GpuCompleted=9223372036854775807, SwapBuffersCompleted=31043990180, DisplayPresentTime=0,
05-24 13:19:04.188 1039 1182 E MediaProvider: Creating a non-default top level directory or deleting an existing one is not allowed!
05-24 13:19:04.189 1522 1522 W System.err: java.io.IOException: No such file or directory
05-24 13:19:04.189 1522 1522 W System.err: at java.io.UnixFileSystem.createFileExclusively0(Native Method)
05-24 13:19:04.189 1522 1522 W System.err: at java.io.UnixFileSystem.createFileExclusively(UnixFileSystem.java:317)
05-24 13:19:04.189 1522 1522 W System.err: at java.io.File.createNewFile(File.java:1006)
05-24 13:19:04.189 1522 1522 W System.err: at o1.c.h(SourceFile:53)
05-24 13:19:04.189 1522 1522 W System.err: at o1.c.a(SourceFile:105)
05-24 13:19:04.189 1522 1522 W System.err: at x2.a.c(SourceFile:7)
05-24 13:19:04.190 1522 1522 W System.err: at x2.a.u(SourceFile:217)
05-24 13:19:04.190 1522 1522 W System.err: at x2.a.H(SourceFile:13)
05-24 13:19:04.190 1522 1522 W System.err: at com.dangbeimarket.DangBeiStoreApplication.f(SourceFile:71)
05-24 13:19:04.190 1522 1522 W System.err: at com.dangbeimarket.DangBeiStoreApplication.onCreate(SourceFile:147)
05-24 13:19:04.190 1522 1522 W System.err: at android.app.Instrumentation.callApplicationOnCreate(Instrumentation.java:1211)
05-24 13:19:04.190 1522 1522 W System.err: at android.app.ActivityThread.handleBindApplication(ActivityThread.java:6740)
05-24 13:19:04.190 1522 1522 W System.err: at android.app.ActivityThread.access$1500(ActivityThread.java:247)
05-24 13:19:04.190 1522 1522 W System.err: at android.app.ActivityThread$H.handleMessage(ActivityThread.java:2053)
05-24 13:19:04.190 1522 1522 W System.err: at android.os.Handler.dispatchMessage(Handler.java:106)
05-24 13:19:04.190 1522 1522 W System.err: at android.os.Looper.loopOnce(Looper.java:201)
05-24 13:19:04.190 1522 1522 W System.err: at android.os.Looper.loop(Looper.java:288)
05-24 13:19:04.190 1522 1522 W System.err: at android.app.ActivityThread.main(ActivityThread.java:7854)
05-24 13:19:04.190 1522 1522 W System.err: at java.lang.reflect.Method.invoke(Native Method)
05-24 13:19:04.190 1522 1522 W System.err: at com.android.internal.os.RuntimeInit$MethodAndArgsCaller.run(RuntimeInit.java:548)
05-24 13:19:04.190 1522 1522 W System.err: at com.android.internal.os.ZygoteInit.main(ZygoteInit.java:1182)
05-24 13:19:04.190 1522 1522 I BuryLog : deviceId = 8f93103a8a6f4e4b1dca953283095004
05-24 13:19:04.206 1039 1294 E MediaProvider: Creating a non-default top level directory or deleting an existing one is not allowed!
05-24 13:19:04.210 1039 1173 E MediaProvider: Creating a non-default top level directory or deleting an existing one is not allowed!
05-24 13:19:04.211 1586 1586 D BluetoothOppFileProvider: Initialized
05-24 13:19:04.211 1522 1522 W System.err: java.io.IOException: No such file or directory
05-24 13:19:04.211 1522 1522 W System.err: at java.io.UnixFileSystem.createFileExclusively0(Native Method)
05-24 13:19:04.211 1522 1522 W System.err: at java.io.UnixFileSystem.createFileExclusively(UnixFileSystem.java:317)
05-24 13:19:04.212 1522 1522 W System.err: at java.io.File.createNewFile(File.java:1006)
05-24 13:19:04.212 1522 1522 W System.err: at o1.c.h(SourceFile:53)
05-24 13:19:04.212 1522 1522 W System.err: at o1.c.b(SourceFile:105)
05-24 13:19:04.212 1522 1522 W System.err: at x2.a.c(SourceFile:20)
05-24 13:19:04.212 1522 1522 W System.err: at x2.a.u(SourceFile:217)
05-24 13:19:04.212 1522 1522 W System.err: at x2.a.H(SourceFile:13)
05-24 13:19:04.212 1522 1522 W System.err: at com.dangbeimarket.DangBeiStoreApplication.f(SourceFile:71)
05-24 13:19:04.212 1522 1522 W System.err: at com.dangbeimarket.DangBeiStoreApplication.onCreate(SourceFile:147)
05-24 13:19:04.212 1522 1522 W System.err: at android.app.Instrumentation.callApplicationOnCreate(Instrumentation.java:1211)
05-24 13:19:04.212 1522 1522 W System.err: at android.app.ActivityThread.handleBindApplication(ActivityThread.java:6740)
05-24 13:19:04.212 1522 1522 W System.err: at android.app.ActivityThread.access$1500(ActivityThread.java:247)
05-24 13:19:04.212 1522 1522 W System.err: at android.app.ActivityThread$H.handleMessage(ActivityThread.java:2053)
05-24 13:19:04.212 1522 1522 W System.err: at android.os.Handler.dispatchMessage(Handler.java:106)
05-24 13:19:04.212 1522 1522 W System.err: at android.os.Looper.loopOnce(Looper.java:201)
05-24 13:19:04.212 1522 1522 W System.err: at android.os.Looper.loop(Looper.java:288)
05-24 13:19:04.212 1522 1522 W System.err: at android.app.ActivityThread.main(ActivityThread.java:7854)
05-24 13:19:04.212 1522 1522 W System.err: at java.lang.reflect.Method.invoke(Native Method)
05-24 13:19:04.212 1522 1522 W System.err: at com.android.internal.os.RuntimeInit$MethodAndArgsCaller.run(RuntimeInit.java:548)
05-24 13:19:04.212 1522 1522 W System.err: at com.android.internal.os.ZygoteInit.main(ZygoteInit.java:1182)
05-24 13:19:04.212 1522 1522 I BuryLog : device_uuid = a0fbae0dbab9452bd553085ae76eba24
05-24 13:19:04.212 1522 1522 I y.dangbeimarket: type=1400 audit(0.0:609): avc: denied { search } for name="net" dev="sysfs" ino=10442 scontext=u:r:untrusted_app:s0:c77,c256,c512,c768 tcontext=u:object_r:sysfs_net:s0 tclass=dir permissive=1 app=com.sony.dangbeimarket
05-24 13:19:04.212 1522 1522 I y.dangbeimarket: type=1400 audit(0.0:610): avc: denied { read } for name="address" dev="sysfs" ino=16906 scontext=u:r:untrusted_app:s0:c77,c256,c512,c768 tcontext=u:object_r:sysfs_net:s0 tclass=file permissive=1 app=com.sony.dangbeimarket
05-24 13:19:04.212 1522 1522 I y.dangbeimarket: type=1400 audit(0.0:611): avc: denied { open } for path="/sys/devices/virtual/net/dummy0/address" dev="sysfs" ino=16906 scontext=u:r:untrusted_app:s0:c77,c256,c512,c768 tcontext=u:object_r:sysfs_net:s0 tclass=file permissive=1 app=com.sony.dangbeimarket
05-24 13:19:04.218 1522 1522 E BuryLog : 7.0以上
05-24 13:19:04.242 1522 1522 E BuryLog : 7.0以上2
05-24 13:19:04.243 487 712 E ConnectivityService: Exception = android.content.pm.PackageManager$NameNotFoundException: android.net.cts
05-24 13:19:04.245 1586 1586 V AdapterServiceConfig: Adding HeadsetService
05-24 13:19:04.245 1586 1586 V AdapterServiceConfig: Adding A2dpService
05-24 13:19:04.245 1586 1586 V AdapterServiceConfig: Adding HidHostService
05-24 13:19:04.246 1586 1586 V AdapterServiceConfig: Adding PanService
05-24 13:19:04.246 1586 1586 V AdapterServiceConfig: Adding GattService
05-24 13:19:04.246 1586 1586 V AdapterServiceConfig: Adding BluetoothMapService
05-24 13:19:04.246 1586 1586 V AdapterServiceConfig: Adding AvrcpTargetService
05-24 13:19:04.246 1586 1586 V AdapterServiceConfig: Adding HidDeviceService
05-24 13:19:04.246 1586 1586 V AdapterServiceConfig: Adding BluetoothOppService
05-24 13:19:04.246 1586 1586 V AdapterServiceConfig: Adding BluetoothPbapService
05-24 13:19:04.252 1522 1522 E sony_okhttp: request url: https://db-sonydbapi-dangbei.yysh.mgtv.com/apinew/start.php Network is not available
05-24 13:19:04.254 1421 1550 I hpplay-java: [P:ServConn:1]:LBHandler:create name: Bridge looper:Looper (main, tid 2) {3729ae6}
05-24 13:19:04.280 487 626 W IE_Capabilities: Unknown RSN cipher suite: 6ac0f00
05-24 13:19:04.299 1421 1642 I hpplay-java: [P:DevInit:1]:DeviceUtil: getMcSync type: wlan0
05-24 13:19:04.300 1421 1642 I hpplay-java: [P:DevInit:1]:DeviceUtil:==== start get mac wlan0
05-24 13:19:04.304 1421 1550 I hpplay-java: [P:ServConn:1]:LBHandler:create name: BaseServ looper:Looper (HT:BaseServ, tid 59) {870dfd0}
05-24 13:19:04.305 1421 1550 I hpplay-java: [P:ServConn:1]:Feature:isReverseControlEnable :true
05-24 13:19:04.306 1421 1550 I hpplay-java: [P:ServConn:1]:Feature:isPlayListEnable :true
05-24 13:19:04.306 1421 1550 I hpplay-java: [P:ServConn:1]:BuildConfigSupport:getFeatureWr :1
05-24 13:19:04.308 1421 1550 I hpplay-java: [P:ServConn:1]:Feature:getTotalMemorySize,kb: 2007268
05-24 13:19:04.308 1421 1550 I hpplay-java: [P:ServConn:1]:Feature:isSupportWrByMemory,true
05-24 13:19:04.313 1421 1550 I hpplay-java: [P:ServConn:1]:Feature:getWrState wrSwitch:1
05-24 13:19:04.314 1421 1550 I hpplay-java: [P:ServConn:1]:Feature:isSupportWrByMemory,true
05-24 13:19:04.314 1421 1550 I hpplay-java: [P:ServConn:1]:Feature:getWrState wrSwitch:1
05-24 13:19:04.314 1421 1550 I hpplay-java: [P:ServConn:1]:CreateUtils:createFeature baseFeature:100111100111111111
05-24 13:19:04.314 1421 1550 I hpplay-java: [P:ServConn:1]:InParameters:InParameters 162303
05-24 13:19:04.315 1421 1550 W hpplay-java: [P:ServConn:1]:Bridge:getLelinkSoInfo ignore so load failed
05-24 13:19:04.315 1421 1550 W hpplay-java: [P:ServConn:1]:Bridge:soInfoCheck liblelink.so mismatch
05-24 13:19:04.315 1421 1550 W hpplay-java: version: / 34503
05-24 13:19:04.336 487 1458 W TelephonyPermissions: reportAccessDeniedToReadIdentifiers:com.sony.dangbeimarket:getSerial:-1
05-24 13:19:04.340 1421 1647 W VideoCapabilities: Unrecognized profile/level 0/3 for video/mpeg2
05-24 13:19:04.347 487 626 W IE_Capabilities: Unknown RSN cipher suite: 6ac0f00
05-24 13:19:04.349 1095 1110 I OpenGLRenderer: Davey! duration=9223372005665ms; Flags=0, FrameTimelineVsyncId=739, IntendedVsync=31189058890, Vsync=31189058890, InputEventId=0, HandleInputStart=31190182055, AnimationStart=31190186514, PerformTraversalsStart=31190404764, DrawStart=31190748014, FrameDeadline=31229058890, FrameInterval=31190173889, FrameStartTime=20000000, SyncQueued=31191364389, SyncStart=31191823930, IssueDrawCommandsStart=31192548097, SwapBuffers=31199138889, FrameCompleted=9223372036854775807, DequeueBufferDuration=42958, QueueBufferDuration=1404209, GpuCompleted=9223372036854775807, SwapBuffersCompleted=31206198305, DisplayPresentTime=0,
05-24 13:19:04.380 1095 1631 I OpenGLRenderer: Davey! duration=9223372005638ms; Flags=0, FrameTimelineVsyncId=741, IntendedVsync=31209058804, Vsync=31209058804, InputEventId=0, HandleInputStart=31209802680, AnimationStart=31209807930, PerformTraversalsStart=31210007597, DrawStart=31210489222, FrameDeadline=31249058804, FrameInterval=31209793305, FrameStartTime=20000000, SyncQueued=31211372680, SyncStart=31218533264, IssueDrawCommandsStart=31219870847, SwapBuffers=31233041514, FrameCompleted=9223372036854775807, DequeueBufferDuration=1148541, QueueBufferDuration=3216875, GpuCompleted=9223372036854775807, SwapBuffersCompleted=31237440180, DisplayPresentTime=0,
05-24 13:19:04.394 1522 1522 I UMConfigure: common version is 9.8.0
05-24 13:19:04.394 1522 1522 I UMConfigure: common type is 0
05-24 13:19:04.403 1095 1110 I OpenGLRenderer: Davey! duration=9223372005618ms; Flags=0, FrameTimelineVsyncId=742, IntendedVsync=31229058853, Vsync=31229058853, InputEventId=0, HandleInputStart=31229693805, AnimationStart=31229698014, PerformTraversalsStart=31229700722, DrawStart=31229853389, FrameDeadline=31269058853, FrameInterval=31229684764, FrameStartTime=20000000, SyncQueued=31230205722, SyncStart=31237578847, IssueDrawCommandsStart=31238514305, SwapBuffers=31260357639, FrameCompleted=9223372036854775807, DequeueBufferDuration=42084, QueueBufferDuration=3357792, GpuCompleted=9223372036854775807, SwapBuffersCompleted=31264848305, DisplayPresentTime=0,
05-24 13:19:04.407 1522 1522 I UMConfigure: current appkey is 58d0cd2dbbea8349dd00094d, last appkey is 58d0cd2dbbea8349dd00094d
05-24 13:19:04.408 1522 1522 I UMConfigure: channel is dz_sony_mango
05-24 13:19:04.423 487 626 W IE_Capabilities: Unknown RSN cipher suite: 6ac0f00
05-24 13:19:04.433 1522 1522 D UMLog : 统计SDK常见问题索引贴 详见链接 http://developer.umeng.com/docs/66650/cate/66650
05-24 13:19:04.433 1522 1522 I UMLog : 统计SDK初始化成功
05-24 13:19:04.434 487 626 W IE_Capabilities: Unknown RSN cipher suite: 6ac0f00
05-24 13:19:04.435 1522 1522 E UMCrash : ==================可接入免费的网络分析能力!!!===================
05-24 13:19:04.435 1522 1522 E UMCrash : ============================详情见============================
05-24 13:19:04.435 1522 1522 E UMCrash : https://developer.umeng.com/docs/193624/detail/194590#h2-n5n-d0l-fmj
05-24 13:19:04.453 1522 1705 I UMCrash : get common. apm ctr flag is 0
05-24 13:19:04.457 1522 1522 I UMCrash : int apm. flag is 0
05-24 13:19:04.457 1522 1522 I UMCrash : int apm. hitWlState is 0
05-24 13:19:04.461 1095 1110 I OpenGLRenderer: Davey! duration=9223372005561ms; Flags=0, FrameTimelineVsyncId=746, IntendedVsync=31269066560, Vsync=31269066560, InputEventId=0, HandleInputStart=31269749222, AnimationStart=31269753305, PerformTraversalsStart=31269756055, DrawStart=31269925972, FrameDeadline=31309066560, FrameInterval=31269738680, FrameStartTime=20000000, SyncQueued=31270456389, SyncStart=31294331055, IssueDrawCommandsStart=31295165805, SwapBuffers=31318640722, FrameCompleted=9223372036854775807, DequeueBufferDuration=42458, QueueBufferDuration=1811708, GpuCompleted=9223372036854775807, SwapBuffersCompleted=31327090264, DisplayPresentTime=0,
05-24 13:19:04.462 1522 1522 I UMCrash : enable : java is true, native is true, anr is true
05-24 13:19:04.462 1522 1522 I UMCrash : crash rate domain is https://errnewlog.umeng.com
05-24 13:19:04.501 1095 1110 I OpenGLRenderer: Davey! duration=9223372005539ms; Flags=0, FrameTimelineVsyncId=747, IntendedVsync=31289070248, Vsync=31289070248, InputEventId=0, HandleInputStart=31300562222, AnimationStart=31300564472, PerformTraversalsStart=31300567347, DrawStart=31300789555, FrameDeadline=31329070248, FrameInterval=31300554139, FrameStartTime=20000000, SyncQueued=31301349180, SyncStart=31327262805, IssueDrawCommandsStart=31328399222, SwapBuffers=31360400097, FrameCompleted=9223372036854775807, DequeueBufferDuration=47708, QueueBufferDuration=7444125, GpuCompleted=9223372036854775807, SwapBuffersCompleted=31368948347, DisplayPresentTime=0,
05-24 13:19:04.538 1522 1718 I crashsdk: version unique build id: 6c2c790b
05-24 13:19:04.542 1095 1110 I OpenGLRenderer: Davey! duration=9223372005506ms; Flags=0, FrameTimelineVsyncId=749, IntendedVsync=31309070344, Vsync=31309070344, InputEventId=0, HandleInputStart=31328835180, AnimationStart=31328838180, PerformTraversalsStart=31328841139, DrawStart=31329009639, FrameDeadline=31349070344, FrameInterval=31328828472, FrameStartTime=20000000, SyncQueued=31329607722, SyncStart=31369118305, IssueDrawCommandsStart=31373658222, SwapBuffers=31391873597, FrameCompleted=9223372036854775807, DequeueBufferDuration=998917, QueueBufferDuration=1965834, GpuCompleted=9223372036854775807, SwapBuffersCompleted=31395012180, DisplayPresentTime=0,
05-24 13:19:04.554 1522 1522 W crashsdk: Set: Unknown key 38
05-24 13:19:04.554 1522 1522 W crashsdk: Set: Unknown key 39
05-24 13:19:04.561 1095 1110 I OpenGLRenderer: Davey! duration=9223372005486ms; Flags=0, FrameTimelineVsyncId=752, IntendedVsync=31349071780, Vsync=31369071780, InputEventId=0, HandleInputStart=31374947722, AnimationStart=31374949930, PerformTraversalsStart=31374952555, DrawStart=31375126764, FrameDeadline=31389071780, FrameInterval=31374941805, FrameStartTime=20000000, SyncQueued=31375550472, SyncStart=31395153680, IssueDrawCommandsStart=31396101055, SwapBuffers=31421607555, FrameCompleted=9223372036854775807, DequeueBufferDuration=40833, QueueBufferDuration=1348084, GpuCompleted=9223372036854775807, SwapBuffersCompleted=31426346680, DisplayPresentTime=0,
05-24 13:19:04.562 1522 1723 D crashsdk: Native log stat thread 1723 setup, waiting
05-24 13:19:04.572 1522 1522 I crashsdk: Catcher mask: 5000, 20480
05-24 13:19:04.572 1522 1522 I crashsdk: Catcher thread 1530
05-24 13:19:04.572 1522 1522 D crashsdk: Register ANR handler ...
05-24 13:19:04.572 1522 1522 I crashsdk: begin hack android.os.Process
05-24 13:19:04.572 1522 1522 I crashsdk: end hack android.os.Process
05-24 13:19:04.572 1522 1522 I crashsdk: LibcMalloc detail: disabled.
05-24 13:19:04.576 1421 1642 I hpplay-java: [P:DevInit:1]:DeviceUtil: getMcSync type: eth0
05-24 13:19:04.577 1421 1642 I hpplay-java: [P:DevInit:1]:DeviceUtil:==== start get mac eth0
05-24 13:19:04.580 487 626 W IE_Capabilities: Unknown RSN cipher suite: 6ac0f00
05-24 13:19:04.582 487 626 W IE_Capabilities: Unknown RSN cipher suite: 6ac0f00
05-24 13:19:04.584 1421 1647 I hpplay-java: [P:avcName:1]:BaseRunnable:P:avcName:12 onCompletion change name ...
05-24 13:19:04.585 1421 1647 I hpplay-java: [P:avcName:0]:BaseRunnable:P:avcName:13 start running ...
05-24 13:19:04.585 1421 1647 I hpplay-java: [P:avcName:1]:DeviceUtils:getAVCName status:1
05-24 13:19:04.587 1421 1647 I hpplay-java: [P:avcName:1]:BaseRunnable:P:avcName:13 onCompletion change name ...
05-24 13:19:04.587 1421 1647 I hpplay-java: [P:avcName:0]:BaseRunnable:P:avcName:14 start running ...
05-24 13:19:04.588 1421 1647 I hpplay-java: [P:avcName:1]:DeviceUtils:getAVCName status:1
05-24 13:19:04.600 1095 1110 I OpenGLRenderer: Davey! duration=9223372005436ms; Flags=0, FrameTimelineVsyncId=755, IntendedVsync=31389078136, Vsync=31389078136, InputEventId=0, HandleInputStart=31396555597, AnimationStart=31396557680, PerformTraversalsStart=31396560805, DrawStart=31396779847, FrameDeadline=31429078136, FrameInterval=31396548514, FrameStartTime=20000000, SyncQueued=31397262930, SyncStart=31426540097, IssueDrawCommandsStart=31427382514, SwapBuffers=31456781972, FrameCompleted=9223372036854775807, DequeueBufferDuration=35542, QueueBufferDuration=1823584, GpuCompleted=9223372036854775807, SwapBuffersCompleted=31460145056, DisplayPresentTime=0,
05-24 13:19:04.608 1421 1647 I hpplay-java: [P:avcName:1]:BaseRunnable:P:avcName:14 onCompletion change name ...
05-24 13:19:04.608 1421 1647 I hpplay-java: [P:avcName:0]:BaseRunnable:P:avcName:15 start running ...
05-24 13:19:04.609 1421 1647 I hpplay-java: [P:avcName:1]:DeviceUtils:getAVCName status:1
05-24 13:19:04.610 1421 1647 I hpplay-java: [P:avcName:1]:BaseRunnable:P:avcName:15 onCompletion change name ...
05-24 13:19:04.618 1421 1550 W hpplay-java: [P:ServConn:1]:Bridge:getLelinkSoInfo ignore so load failed
05-24 13:19:04.619 1522 1522 I UMCrash : inner config : code log rate is -1
05-24 13:19:04.620 1522 1522 I UMCrash : enable codeLog is false
05-24 13:19:04.620 1095 1631 I OpenGLRenderer: Davey! duration=9223372005418ms; Flags=0, FrameTimelineVsyncId=757, IntendedVsync=31409078386, Vsync=31409078386, InputEventId=0, HandleInputStart=31428527514, AnimationStart=31428529514, PerformTraversalsStart=31428532555, DrawStart=31428700514, FrameDeadline=31449078386, FrameInterval=31428520389, FrameStartTime=20000000, SyncQueued=31432787139, SyncStart=31460334847, IssueDrawCommandsStart=31461219514, SwapBuffers=31466955306, FrameCompleted=9223372036854775807, DequeueBufferDuration=55958, QueueBufferDuration=3853250, GpuCompleted=9223372036854775807, SwapBuffersCompleted=31488719514, DisplayPresentTime=0,
05-24 13:19:04.622 1421 1550 W hpplay-java: [P:ServConn:1]:Bridge:soInfoCheck liblelink.so mismatch
05-24 13:19:04.622 1421 1550 W hpplay-java: version: / 34503
05-24 13:19:04.623 278 278 D hdmi-cec: cec physical address: 1.0.0.0
05-24 13:19:04.624 278 278 D hdmi-cec: cec physical address: 1.0.0.0
05-24 13:19:04.625 278 278 D hdmi-cec: cec physical address: 1.0.0.0
05-24 13:19:04.638 1586 1586 E droid.bluetoot: [0524/131904.623548:ERROR:hal_version_manager.h(125)] HalVersionManager No supported HAL version
05-24 13:19:04.638 1522 1522 I UMCrash : inner config : net rate is 100
05-24 13:19:04.638 1522 1522 I UMCrash : inner config : net open.
05-24 13:19:04.640 1522 1731 E ballack : initGlobalInfo called once.
05-24 13:19:04.642 1522 1522 D NetConfigManager: un repeat check in 24 hour!
05-24 13:19:04.643 1522 1522 I UMCrash : inner config : net reqBody rate is 100
05-24 13:19:04.643 1522 1522 I UMCrash : inner config : net reqbody open.
05-24 13:19:04.643 1522 1522 I UMCrash : inner config : nativeH5Rate is 0
05-24 13:19:04.643 1522 1522 I UMCrash : inner config : h5 close.
05-24 13:19:04.643 1522 1522 I UMCrash : inner config : page rate is -1
05-24 13:19:04.643 1522 1522 I UMCrash : inner config : power rate is -1
05-24 13:19:04.643 1522 1522 I UMCrash : inner config : flutter rate is 100
05-24 13:19:04.643 1522 1522 I UMCrash : inner config : flutter open.
05-24 13:19:04.643 1586 1586 I droid.bluetoot: [0524/131904.643644:INFO:btif_config_cache.cc(61)] BtifConfigCache, capacity: 10000
05-24 13:19:04.651 487 626 W IE_Capabilities: Unknown RSN cipher suite: 6ac0f00
05-24 13:19:04.652 1586 1586 I BluetoothServiceJni: hal_util_load_bt_library: loaded Bluetooth library successfully
05-24 13:19:04.652 1586 1586 D BluetoothAdapterService: onCreate()
05-24 13:19:04.653 1522 1733 D LaunchConfigManager: un repeat check in 24 hour!
05-24 13:19:04.653 1522 1705 E y.dangbeimarke: Invalid ID 0x00000000.
05-24 13:19:04.653 1522 1733 I LaunchTrace: begin sendLaunchCache
05-24 13:19:04.667 1522 1705 D WpkPaConfig: un repeat check in 24 hour!
05-24 13:19:04.667 1522 1705 I Matrix.AnrTracer: anrTrace, final mAnrBeatTime:400, mAnrBeatRate:400
05-24 13:19:04.667 1522 1522 I UMCrash : inner config : callback limit is -1
05-24 13:19:04.667 1522 1522 I UMLog : APM SDK初始化成功
05-24 13:19:04.669 1095 1110 I OpenGLRenderer: Davey! duration=9223372005381ms; Flags=0, FrameTimelineVsyncId=760, IntendedVsync=31449076305, Vsync=31449076305, InputEventId=0, HandleInputStart=31464597972, AnimationStart=31464601097, PerformTraversalsStart=31464604181, DrawStart=31464847514, FrameDeadline=31489076305, FrameInterval=31464589306, FrameStartTime=20000000, SyncQueued=31465432556, SyncStart=31489757056, IssueDrawCommandsStart=31490411931, SwapBuffers=31514025847, FrameCompleted=9223372036854775807, DequeueBufferDuration=33417, QueueBufferDuration=3549625, GpuCompleted=9223372036854775807, SwapBuffersCompleted=31521686097, DisplayPresentTime=0,
05-24 13:19:04.670 1522 1729 E y.dangbeimarke: Invalid ID 0x00000000.
05-24 13:19:04.684 487 626 W IE_Capabilities: Unknown RSN cipher suite: 6ac0f00
05-24 13:19:04.687 1522 1522 I UMLog : 如需使用卸载分析、反作弊功能,请务必集成高级运营分析功能依赖库(可选),并重新配置混淆,详请:https://developer.umeng.com/docs/119267/detail/118637#3091c7c11fx3q
05-24 13:19:04.710 487 532 E BluetoothManagerService: MESSAGE_TIMEOUT_BIND
05-24 13:19:04.718 1522 1741 I UMLog : 统计SDK版本号: 9.8.0
05-24 13:19:04.718 1522 1741 I UMLog : ZID SDK版本号: 1.8.3
05-24 13:19:04.719 1522 1741 I UMLog : APM SDK版本号: 1.9.12
05-24 13:19:04.720 1522 1741 I MobclickAgent: module init:azioc
05-24 13:19:04.732 487 626 W IE_Capabilities: Unknown RSN cipher suite: 6ac0f00
05-24 13:19:04.748 1095 1110 I OpenGLRenderer: Davey! duration=9223372005299ms; Flags=0, FrameTimelineVsyncId=766, IntendedVsync=31529079793, Vsync=31529079793, InputEventId=0, HandleInputStart=31529808681, AnimationStart=31529813306, PerformTraversalsStart=31529816431, DrawStart=31530323264, FrameDeadline=31569079793, FrameInterval=31529797556, FrameStartTime=20000000, SyncQueued=31531014389, SyncStart=31557227972, IssueDrawCommandsStart=31558141347, SwapBuffers=31588434972, FrameCompleted=9223372036854775807, DequeueBufferDuration=38916, QueueBufferDuration=7450416, GpuCompleted=9223372036854775807, SwapBuffersCompleted=31604230139, DisplayPresentTime=0,
05-24 13:19:04.758 487 626 W IE_Capabilities: Unknown RSN cipher suite: 6ac0f00
05-24 13:19:04.760 1586 1586 D AdapterState: make() - Creating AdapterState
05-24 13:19:04.767 1586 1761 I AdapterState: OFF : entered
05-24 13:19:04.767 1586 1761 D AdapterProperties: Setting state to OFF
05-24 13:19:04.770 1586 1586 D BluetoothKeystoreService: new BluetoothKeystoreService isCommonCriteriaMode: false
05-24 13:19:04.770 1586 1586 D BluetoothKeystoreService: start
