06-05 09:33:06.350 2952 3019 E nStackXCoAP: IsInSameNetwork:[281] :IsInSameNetwork: not priority process
06-05 09:33:06.350 2952 3019 D nStackXCoAP: ParseServiceDiscover:[330] :new device join
06-05 09:33:06.350 2952 3019 E nStackXDFinder: GetLocalIp:[401] :GetLocalIp exec
06-05 09:33:06.494 663 663 E WifiHAL : wifi_get_link_stats: requestResponse Error:-5
06-05 09:33:06.496 468 612 E WifiVendorHal: getWifiLinkLayerStats_1_5_Internal(l.1191) failed {.code = ERROR_INVALID_ARGS, .description = }
06-05 09:33:06.670 2952 3019 D nStackXCoAP: CoapMessageHandler:[133] :2.01
06-05 09:33:06.746 2952 3019 D nStackXCoAP: IsInSameNetwork:[276] :IsInSameNetwork exec
06-05 09:33:06.746 2952 3019 I nStackXDFinder: GetLocalInterfaceDetail:[461] :GetLocalInterfaceDetail in
06-05 09:33:06.746 2952 3019 E nStackXCoAP: IsInSameNetwork:[281] :IsInSameNetwork: not priority process
06-05 09:33:06.746 2952 3019 D nStackXCoAP: ParseServiceDiscover:[330] :new device join
06-05 09:33:06.747 2952 3019 E nStackXDFinder: GetLocalIp:[401] :GetLocalIp exec
06-05 09:33:06.750 2952 3019 D nStackXCoAP: IsInSameNetwork:[276] :IsInSameNetwork exec
06-05 09:33:06.750 2952 3019 I nStackXDFinder: GetLocalInterfaceDetail:[461] :GetLocalInterfaceDetail in
06-05 09:33:06.750 2952 3019 E nStackXCoAP: IsInSameNetwork:[281] :IsInSameNetwork: not priority process
06-05 09:33:06.750 2952 3019 D nStackXCoAP: ParseServiceDiscover:[330] :new device join
06-05 09:33:06.750 2952 3019 E nStackXDFinder: GetLocalIp:[401] :GetLocalIp exec
06-05 09:33:06.752 2952 3019 D nStackXCoAP: IsInSameNetwork:[276] :IsInSameNetwork exec
06-05 09:33:06.752 2952 3019 I nStackXDFinder: GetLocalInterfaceDetail:[461] :GetLocalInterfaceDetail in
06-05 09:33:06.752 2952 3019 E nStackXCoAP: IsInSameNetwork:[281] :IsInSameNetwork: not priority process
06-05 09:33:06.752 2952 3019 D nStackXCoAP: ParseServiceDiscover:[330] :new device join
06-05 09:33:06.752 2952 3019 E nStackXDFinder: GetLocalIp:[401] :GetLocalIp exec
06-05 09:33:06.763 2952 3019 D nStackXCoAP: CoapMessageHandler:[133] :2.01
06-05 09:33:06.768 2952 3019 D nStackXCoAP: CoapMessageHandler:[133] :2.01
06-05 09:33:06.768 2952 3019 D nStackXCoAP: CoapMessageHandler:[133] :2.01
06-05 09:33:06.959 2952 3019 D nStackXCoAP: IsInSameNetwork:[276] :IsInSameNetwork exec
06-05 09:33:06.959 2952 3019 I nStackXDFinder: GetLocalInterfaceDetail:[461] :GetLocalInterfaceDetail in
06-05 09:33:06.959 2952 3019 E nStackXCoAP: IsInSameNetwork:[281] :IsInSameNetwork: not priority process
06-05 09:33:06.959 2952 3019 D nStackXCoAP: ParseServiceDiscover:[330] :new device join
06-05 09:33:06.959 2952 3019 E nStackXDFinder: GetLocalIp:[401] :GetLocalIp exec
06-05 09:33:07.023 468 519 W IorapForwardingService: No service published for: iorapd
06-05 09:33:07.060 2952 3019 D nStackXCoAP: IsInSameNetwork:[276] :IsInSameNetwork exec
06-05 09:33:07.061 2952 3019 I nStackXDFinder: GetLocalInterfaceDetail:[461] :GetLocalInterfaceDetail in
06-05 09:33:07.061 2952 3019 E nStackXCoAP: IsInSameNetwork:[281] :IsInSameNetwork: not priority process
06-05 09:33:07.061 2952 3019 D nStackXCoAP: ParseServiceDiscover:[330] :new device join
06-05 09:33:07.061 2952 3019 E nStackXDFinder: GetLocalIp:[401] :GetLocalIp exec
06-05 09:33:07.257 2952 3019 D nStackXCoAP: IsInSameNetwork:[276] :IsInSameNetwork exec
06-05 09:33:07.257 2952 3019 I nStackXDFinder: GetLocalInterfaceDetail:[461] :GetLocalInterfaceDetail in
06-05 09:33:07.257 2952 3019 E nStackXCoAP: IsInSameNetwork:[281] :IsInSameNetwork: not priority process
06-05 09:33:07.258 2952 3019 D nStackXCoAP: ParseServiceDiscover:[330] :new device join
06-05 09:33:07.258 2952 3019 E nStackXDFinder: GetLocalIp:[401] :GetLocalIp exec
06-05 09:33:07.364 2952 3019 D nStackXCoAP: IsInSameNetwork:[276] :IsInSameNetwork exec
06-05 09:33:07.364 2952 3019 I nStackXDFinder: GetLocalInterfaceDetail:[461] :GetLocalInterfaceDetail in
06-05 09:33:07.364 2952 3019 E nStackXCoAP: IsInSameNetwork:[281] :IsInSameNetwork: not priority process
06-05 09:33:07.364 2952 3019 D nStackXCoAP: ParseServiceDiscover:[330] :new device join
06-05 09:33:07.364 2952 3019 E nStackXDFinder: GetLocalIp:[401] :GetLocalIp exec
06-05 09:33:07.469 2952 3019 D nStackXCoAP: IsInSameNetwork:[276] :IsInSameNetwork exec
06-05 09:33:07.469 2952 3019 I nStackXDFinder: GetLocalInterfaceDetail:[461] :GetLocalInterfaceDetail in
06-05 09:33:07.469 2952 3019 E nStackXCoAP: IsInSameNetwork:[281] :IsInSameNetwork: not priority process
06-05 09:33:07.469 2952 3019 D nStackXCoAP: ParseServiceDiscover:[330] :new device join
06-05 09:33:07.470 2952 3019 E nStackXDFinder: GetLocalIp:[401] :GetLocalIp exec
06-05 09:33:07.671 2952 3019 D nStackXCoAP: IsInSameNetwork:[276] :IsInSameNetwork exec
06-05 09:33:07.671 2952 3019 I nStackXDFinder: GetLocalInterfaceDetail:[461] :GetLocalInterfaceDetail in
06-05 09:33:07.671 2952 3019 E nStackXCoAP: IsInSameNetwork:[281] :IsInSameNetwork: not priority process
06-05 09:33:07.671 2952 3019 D nStackXCoAP: ParseServiceDiscover:[330] :new device join
06-05 09:33:07.672 2952 3019 E nStackXDFinder: GetLocalIp:[401] :GetLocalIp exec
06-05 09:33:07.696 2952 3019 D nStackXCoAP: CoapMessageHandler:[133] :2.01
06-05 09:33:07.775 2952 3019 D nStackXCoAP: IsInSameNetwork:[276] :IsInSameNetwork exec
06-05 09:33:07.775 2952 3019 I nStackXDFinder: GetLocalInterfaceDetail:[461] :GetLocalInterfaceDetail in
06-05 09:33:07.775 2952 3019 E nStackXCoAP: IsInSameNetwork:[281] :IsInSameNetwork: not priority process
06-05 09:33:07.776 2952 3019 D nStackXCoAP: ParseServiceDiscover:[330] :new device join
06-05 09:33:07.776 2952 3019 E nStackXDFinder: GetLocalIp:[401] :GetLocalIp exec
06-05 09:33:07.815 2952 3019 D nStackXCoAP: CoapMessageHandler:[133] :2.01
06-05 09:33:07.972 2952 3019 D nStackXCoAP: IsInSameNetwork:[276] :IsInSameNetwork exec
06-05 09:33:07.973 2952 3019 I nStackXDFinder: GetLocalInterfaceDetail:[461] :GetLocalInterfaceDetail in
06-05 09:33:07.973 2952 3019 E nStackXCoAP: IsInSameNetwork:[281] :IsInSameNetwork: not priority process
06-05 09:33:07.973 2952 3019 D nStackXCoAP: ParseServiceDiscover:[330] :new device join
06-05 09:33:07.973 2952 3019 E nStackXDFinder: GetLocalIp:[401] :GetLocalIp exec
06-05 09:33:07.986 2952 3019 D nStackXCoAP: CoapMessageHandler:[133] :2.01
06-05 09:33:08.025 468 519 W IorapForwardingService: No service published for: iorapd
06-05 09:33:08.075 2952 3019 D nStackXCoAP: IsInSameNetwork:[276] :IsInSameNetwork exec
06-05 09:33:08.075 2952 3019 I nStackXDFinder: GetLocalInterfaceDetail:[461] :GetLocalInterfaceDetail in
06-05 09:33:08.075 2952 3019 E nStackXCoAP: IsInSameNetwork:[281] :IsInSameNetwork: not priority process
06-05 09:33:08.075 2952 3019 D nStackXCoAP: ParseServiceDiscover:[330] :new device join
06-05 09:33:08.075 2952 3019 E nStackXDFinder: GetLocalIp:[401] :GetLocalIp exec
06-05 09:33:08.178 2952 3019 D nStackXCoAP: IsInSameNetwork:[276] :IsInSameNetwork exec
06-05 09:33:08.179 2952 3019 I nStackXDFinder: GetLocalInterfaceDetail:[461] :GetLocalInterfaceDetail in
06-05 09:33:08.179 2952 3019 E nStackXCoAP: IsInSameNetwork:[281] :IsInSameNetwork: not priority process
06-05 09:33:08.179 2952 3019 D nStackXCoAP: ParseServiceDiscover:[330] :new device join
06-05 09:33:08.179 2952 3019 E nStackXDFinder: GetLocalIp:[401] :GetLocalIp exec
06-05 09:33:08.385 2952 3019 D nStackXCoAP: IsInSameNetwork:[276] :IsInSameNetwork exec
06-05 09:33:08.385 2952 3019 I nStackXDFinder: GetLocalInterfaceDetail:[461] :GetLocalInterfaceDetail in
06-05 09:33:08.385 2952 3019 E nStackXCoAP: IsInSameNetwork:[281] :IsInSameNetwork: not priority process
06-05 09:33:08.385 2952 3019 D nStackXCoAP: ParseServiceDiscover:[330] :new device join
06-05 09:33:08.385 2952 3019 E nStackXDFinder: GetLocalIp:[401] :GetLocalIp exec
06-05 09:33:08.485 2952 3019 D nStackXCoAP: IsInSameNetwork:[276] :IsInSameNetwork exec
06-05 09:33:08.485 2952 3019 I nStackXDFinder: GetLocalInterfaceDetail:[461] :GetLocalInterfaceDetail in
06-05 09:33:08.485 2952 3019 E nStackXCoAP: IsInSameNetwork:[281] :IsInSameNetwork: not priority process
06-05 09:33:08.485 2952 3019 D nStackXCoAP: ParseServiceDiscover:[330] :new device join
06-05 09:33:08.485 2952 3019 E nStackXDFinder: GetLocalIp:[401] :GetLocalIp exec
06-05 09:33:08.591 2952 3019 D nStackXCoAP: IsInSameNetwork:[276] :IsInSameNetwork exec
06-05 09:33:08.591 2952 3019 I nStackXDFinder: GetLocalInterfaceDetail:[461] :GetLocalInterfaceDetail in
06-05 09:33:08.591 2952 3019 E nStackXCoAP: IsInSameNetwork:[281] :IsInSameNetwork: not priority process
06-05 09:33:08.591 2952 3019 D nStackXCoAP: ParseServiceDiscover:[330] :new device join
06-05 09:33:08.591 2952 3019 E nStackXDFinder: GetLocalIp:[401] :GetLocalIp exec
06-05 09:33:08.600 2952 3019 D nStackXCoAP: CoapMessageHandler:[133] :2.01
06-05 09:33:08.794 2952 3019 D nStackXCoAP: IsInSameNetwork:[276] :IsInSameNetwork exec
06-05 09:33:08.794 2952 3019 I nStackXDFinder: GetLocalInterfaceDetail:[461] :GetLocalInterfaceDetail in
06-05 09:33:08.794 2952 3019 E nStackXCoAP: IsInSameNetwork:[281] :IsInSameNetwork: not priority process
06-05 09:33:08.794 2952 3019 D nStackXCoAP: ParseServiceDiscover:[330] :new device join
06-05 09:33:08.795 2952 3019 E nStackXDFinder: GetLocalIp:[401] :GetLocalIp exec
06-05 09:33:08.811 2952 3019 D nStackXCoAP: CoapMessageHandler:[133] :2.01
06-05 09:33:08.905 2952 3019 D nStackXCoAP: IsInSameNetwork:[276] :IsInSameNetwork exec
06-05 09:33:08.905 2952 3019 I nStackXDFinder: GetLocalInterfaceDetail:[461] :GetLocalInterfaceDetail in
06-05 09:33:08.905 2952 3019 E nStackXCoAP: IsInSameNetwork:[281] :IsInSameNetwork: not priority process
06-05 09:33:08.905 2952 3019 D nStackXCoAP: ParseServiceDiscover:[330] :new device join
06-05 09:33:08.905 2952 3019 E nStackXDFinder: GetLocalIp:[401] :GetLocalIp exec
06-05 09:33:08.916 2952 3019 D nStackXCoAP: CoapMessageHandler:[133] :2.01
06-05 09:33:09.027 468 519 W IorapForwardingService: No service published for: iorapd
06-05 09:33:09.513 663 663 E WifiHAL : wifi_get_link_stats: requestResponse Error:-5
06-05 09:33:09.515 468 612 E WifiVendorHal: getWifiLinkLayerStats_1_5_Internal(l.1191) failed {.code = ERROR_INVALID_ARGS, .description = }
06-05 09:33:10.030 468 519 W IorapForwardingService: No service published for: iorapd
06-05 09:33:10.687 1174 1174 D bbb : onStartCommand begin !!!!!!! data分区剩余 24849MB
06-05 09:33:10.687 1123 1123 D aaa : LedStatusService onStartCommand begin
06-05 09:33:10.689 1123 3301 D aaa : topPkg is -------------- :com.dangbei.haqusetting
06-05 09:33:10.974 409 3303 I adbd : host-12: write thread spawning
06-05 09:33:10.974 409 3302 I adbd : host-12: read thread spawning
06-05 09:33:10.978 409 409 I adbd : host-12: already offline
06-05 09:33:10.979 409 409 I adbd : authentication not required
06-05 09:33:11.031 468 519 W IorapForwardingService: No service published for: iorapd
06-04 18:08:18.987 381 381 W hdr10p_Configure: 126 callbacks suppressed
06-04 18:08:18.987 381 381 I : DVI mode selected: packets not configured
06-04 18:08:19.001 381 381 W set_vsif_config: 126 callbacks suppressed
06-04 18:08:19.001 381 381 I : Error: set vsif failed
06-04 18:08:19.012 381 381 I : DVI mode selected: packets not configured
06-04 18:08:19.019 381 381 I : Error: set vsif failed
06-04 18:08:19.030 381 381 I : DVI mode selected: packets not configured
06-04 18:08:19.037 381 381 I : Error: set vsif failed
06-04 18:08:19.042 381 381 I : DVI mode selected: packets not configured
06-04 18:08:19.048 381 381 I : Error: set vsif failed
06-04 18:08:19.062 381 381 I : DVI mode selected: packets not configured
06-04 18:08:19.069 381 381 I : Error: set vsif failed
06-04 18:08:19.074 381 381 I : DVI mode selected: packets not configured
06-04 18:08:19.080 381 381 I : Error: set vsif failed
06-04 18:08:19.095 381 381 I : DVI mode selected: packets not configured
06-04 18:08:19.102 381 381 I : Error: set vsif failed
06-04 18:08:19.107 381 381 I : DVI mode selected: packets not configured
06-04 18:08:19.114 381 381 I : Error: set vsif failed
06-04 18:08:19.128 381 381 I : DVI mode selected: packets not configured
06-04 18:08:19.135 381 381 I : Error: set vsif failed
06-04 18:08:19.140 381 381 I : DVI mode selected: packets not configured
06-04 18:08:19.146 381 381 I : Error: set vsif failed
06-05 09:33:12.033 468 519 W IorapForwardingService: No service published for: iorapd
06-05 09:33:12.528 663 663 E WifiHAL : wifi_get_link_stats: requestResponse Error:-5
06-05 09:33:12.531 468 612 E WifiVendorHal: getWifiLinkLayerStats_1_5_Internal(l.1191) failed {.code = ERROR_INVALID_ARGS, .description = }
06-05 09:33:12.647 468 988 W ZramWriteback: Writeback device is not set
06-05 09:33:12.647 468 988 D ZramWriteback: wait to flush
06-05 09:33:13.036 468 519 W IorapForwardingService: No service published for: iorapd
06-05 09:33:13.580 1994 2115 D UtilLog : 日志批量上报 进行正常循环 !!!!!!本次有0次请求,共0条数据
06-05 09:33:14.038 468 519 W IorapForwardingService: No service published for: iorapd
06-05 09:33:15.041 468 519 W IorapForwardingService: No service published for: iorapd
06-05 09:33:15.550 663 663 E WifiHAL : wifi_get_link_stats: requestResponse Error:-5
06-05 09:33:15.552 468 612 E WifiVendorHal: getWifiLinkLayerStats_1_5_Internal(l.1191) failed {.code = ERROR_INVALID_ARGS, .description = }
06-05 09:33:15.566 468 2196 I WifiService: startScan uid=1000
06-05 09:33:16.045 468 519 W IorapForwardingService: No service published for: iorapd
06-05 09:33:16.546 267 300 D hdmi-cec: receive invalid cec message!
06-05 09:33:16.547 267 300 D hdmi-cec: receive poll message [04], skip!
06-05 09:33:17.048 468 519 W IorapForwardingService: No service published for: iorapd
06-05 09:33:17.600 2952 3019 D nStackXCoAP: IsInSameNetwork:[276] :IsInSameNetwork exec
06-05 09:33:17.600 2952 3019 I nStackXDFinder: GetLocalInterfaceDetail:[461] :GetLocalInterfaceDetail in
06-05 09:33:17.600 2952 3019 E nStackXCoAP: IsInSameNetwork:[281] :IsInSameNetwork: not priority process
06-05 09:33:17.600 2952 3019 D nStackXCoAP: ParseServiceDiscover:[330] :new device join
06-05 09:33:17.600 2952 3019 I nStackXDFinder: NotifyDeviceListChanged:[540] :notify callback: device list changed callback is null
06-05 09:33:17.600 2952 3019 E nStackXDFinder: GetLocalIp:[401] :GetLocalIp exec
06-04 18:08:25.001 381 381 W hdr10p_Configure: 124 callbacks suppressed
06-04 18:08:25.001 381 381 I : DVI mode selected: packets not configured
06-04 18:08:25.014 381 381 W set_vsif_config: 124 callbacks suppressed
06-04 18:08:25.014 381 381 I : Error: set vsif failed
06-04 18:08:25.025 381 381 I : DVI mode selected: packets not configured
06-04 18:08:25.032 381 381 I : Error: set vsif failed
06-05 09:33:17.700 2952 3019 D nStackXCoAP: IsInSameNetwork:[276] :IsInSameNetwork exec
06-05 09:33:17.701 2952 3019 I nStackXDFinder: GetLocalInterfaceDetail:[461] :GetLocalInterfaceDetail in
06-05 09:33:17.702 2952 3019 E nStackXCoAP: IsInSameNetwork:[281] :IsInSameNetwork: not priority process
06-05 09:33:17.702 2952 3019 D nStackXCoAP: ParseServiceDiscover:[330] :new device join
06-05 09:33:17.702 2952 3019 I nStackXDFinder: NotifyDeviceListChanged:[540] :notify callback: device list changed callback is null
06-05 09:33:17.702 2952 3019 E nStackXDFinder: GetLocalIp:[401] :GetLocalIp exec
06-04 18:08:25.045 381 381 I : DVI mode selected: packets not configured
06-04 18:08:25.052 381 381 I : Error: set vsif failed
06-04 18:08:25.057 381 381 I : DVI mode selected: packets not configured
06-04 18:08:25.063 381 381 I : Error: set vsif failed
06-04 18:08:25.079 381 381 I : DVI mode selected: packets not configured
06-04 18:08:25.086 381 381 I : Error: set vsif failed
06-04 18:08:25.091 381 381 I : DVI mode selected: packets not configured
06-04 18:08:25.097 381 381 I : Error: set vsif failed
06-04 18:08:25.111 381 381 I : DVI mode selected: packets not configured
06-04 18:08:25.118 381 381 I : Error: set vsif failed
06-04 18:08:25.123 381 381 I : DVI mode selected: packets not configured
06-04 18:08:25.129 381 381 I : Error: set vsif failed
06-05 09:33:17.794 2952 3019 D nStackXCoAP: CoapMessageHandler:[133] :2.01
06-04 18:08:25.145 381 381 I : DVI mode selected: packets not configured
06-04 18:08:25.151 381 381 I : Error: set vsif failed
06-04 18:08:25.156 381 381 I : DVI mode selected: packets not configured
06-05 09:33:17.803 2952 3019 D nStackXCoAP: IsInSameNetwork:[276] :IsInSameNetwork exec
06-05 09:33:17.803 2952 3019 I nStackXDFinder: GetLocalInterfaceDetail:[461] :GetLocalInterfaceDetail in
06-05 09:33:17.803 2952 3019 E nStackXCoAP: IsInSameNetwork:[281] :IsInSameNetwork: not priority process
06-05 09:33:17.803 2952 3019 D nStackXCoAP: ParseServiceDiscover:[330] :new device join
06-05 09:33:17.804 2952 3019 E nStackXDFinder: GetLocalIp:[401] :GetLocalIp exec
06-05 09:33:17.806 2952 3019 D nStackXCoAP: IsInSameNetwork:[276] :IsInSameNetwork exec
06-05 09:33:17.806 2952 3019 I nStackXDFinder: GetLocalInterfaceDetail:[461] :GetLocalInterfaceDetail in
06-05 09:33:17.806 2952 3019 E nStackXCoAP: IsInSameNetwork:[281] :IsInSameNetwork: not priority process
06-05 09:33:17.806 2952 3019 D nStackXCoAP: ParseServiceDiscover:[330] :new device join
06-05 09:33:17.807 2952 3019 E nStackXDFinder: GetLocalIp:[401] :GetLocalIp exec
06-04 18:08:25.163 381 381 I : Error: set vsif failed
06-05 09:33:17.896 2952 3019 D nStackXCoAP: CoapMessageHandler:[133] :2.01
06-05 09:33:17.911 2952 3019 D nStackXCoAP: IsInSameNetwork:[276] :IsInSameNetwork exec
06-05 09:33:17.911 2952 3019 I nStackXDFinder: GetLocalInterfaceDetail:[461] :GetLocalInterfaceDetail in
06-05 09:33:17.911 2952 3019 E nStackXCoAP: IsInSameNetwork:[281] :IsInSameNetwork: not priority process
06-05 09:33:17.911 2952 3019 D nStackXCoAP: ParseServiceDiscover:[330] :new device join
06-05 09:33:17.912 2952 3019 E nStackXDFinder: GetLocalIp:[401] :GetLocalIp exec
06-05 09:33:18.050 468 519 W IorapForwardingService: No service published for: iorapd
06-05 09:33:18.124 2952 3019 D nStackXCoAP: IsInSameNetwork:[276] :IsInSameNetwork exec
06-05 09:33:18.125 2952 3019 I nStackXDFinder: GetLocalInterfaceDetail:[461] :GetLocalInterfaceDetail in
06-05 09:33:18.125 2952 3019 E nStackXCoAP: IsInSameNetwork:[281] :IsInSameNetwork: not priority process
06-05 09:33:18.125 2952 3019 D nStackXCoAP: ParseServiceDiscover:[330] :new device join
06-05 09:33:18.125 2952 3019 E nStackXDFinder: GetLocalIp:[401] :GetLocalIp exec
06-05 09:33:18.262 468 2196 D WifiNl80211Manager: Scan result ready event
06-05 09:33:18.262 468 2196 D WifiNative: Scan result ready event
06-05 09:33:18.290 468 616 W IE_Capabilities: Unknown RSN cipher suite: 6ac0f00
06-05 09:33:18.331 1074 1074 E hq : NetWorkStateReceiver:::NetWorkStateReceiver onReceive: 网络变化广播 >>>> intent.action=android.net.wifi.SCAN_RESULTS
06-05 09:33:18.331 2544 3129 E ccc : cccccc SCAN_RESULTS_AVAILABLE_ACTION hhhh
06-05 09:33:18.339 468 612 D PasspointManager: ANQP entry not found for: 52:33:f0:3b:7e:a2:
06-05 09:33:18.340 468 612 D PasspointManager: ANQP entry not found for: 10:7c:61:1a:4b:94:<5G>
06-05 09:33:18.346 468 612 D PasspointManager: ANQP entry not found for: 10:7c:61:1a:4b:90:<2>
06-05 09:33:18.347 468 612 D PasspointManager: ANQP entry not found for: 50:33:f0:5b:7e:a2:
06-05 09:33:18.350 663 663 E WifiHAL : wifi_get_link_stats: requestResponse Error:-5
06-05 09:33:18.352 468 612 E WifiVendorHal: getWifiLinkLayerStats_1_5_Internal(l.1191) failed {.code = ERROR_INVALID_ARGS, .description = }
06-05 09:33:18.382 1074 1074 W eventbuscore: post Event:com.dangbei.leard.base.entity.event.NetWifiRssiEvent
06-05 09:33:18.566 663 663 E WifiHAL : wifi_get_link_stats: requestResponse Error:-5
06-05 09:33:18.568 468 612 E WifiVendorHal: getWifiLinkLayerStats_1_5_Internal(l.1191) failed {.code = ERROR_INVALID_ARGS, .description = }
06-05 09:33:18.629 2952 3019 D nStackXCoAP: IsInSameNetwork:[276] :IsInSameNetwork exec
06-05 09:33:18.629 2952 3019 I nStackXDFinder: GetLocalInterfaceDetail:[461] :GetLocalInterfaceDetail in
06-05 09:33:18.630 2952 3019 E nStackXCoAP: IsInSameNetwork:[281] :IsInSameNetwork: not priority process
06-05 09:33:18.630 2952 3019 D nStackXCoAP: ParseServiceDiscover:[330] :new device join
06-05 09:33:18.630 2952 3019 E nStackXDFinder: GetLocalIp:[401] :GetLocalIp exec
06-05 09:33:18.654 3310 3310 I Thread-2: type=1400 audit(0.0:1219): avc: denied { execute } for name="am" dev="dm-1" ino=1160 scontext=u:r:system_app:s0 tcontext=u:object_r:vendor_file:s0 tclass=file permissive=1
06-05 09:33:18.654 3310 3310 I Thread-2: type=1400 audit(0.0:1220): avc: denied { read open } for path="/vendor/xbin/am" dev="dm-1" ino=1160 scontext=u:r:system_app:s0 tcontext=u:object_r:vendor_file:s0 tclass=file permissive=1
06-05 09:33:18.719 1123 1123 D aaa : LedStatusService onStartCommand begin
06-05 09:33:18.721 1123 3317 D aaa : topPkg is -------------- :com.dangbei.haqusetting
06-05 09:33:18.723 2952 3019 D nStackXCoAP: IsInSameNetwork:[276] :IsInSameNetwork exec
06-05 09:33:18.724 2952 3019 I nStackXDFinder: GetLocalInterfaceDetail:[461] :GetLocalInterfaceDetail in
06-05 09:33:18.724 2952 3019 E nStackXCoAP: IsInSameNetwork:[281] :IsInSameNetwork: not priority process
06-05 09:33:18.724 2952 3019 D nStackXCoAP: ParseServiceDiscover:[330] :new device join
06-05 09:33:18.724 2952 3019 E nStackXDFinder: GetLocalIp:[401] :GetLocalIp exec
06-05 09:33:18.733 1174 1174 D bbb : onStartCommand begin !!!!!!! data分区剩余 24849MB
06-05 09:33:18.658 3310 3310 I Thread-2: type=1400 audit(0.0:1221): avc: denied { execute_no_trans } for path="/vendor/xbin/am" dev="dm-1" ino=1160 scontext=u:r:system_app:s0 tcontext=u:object_r:vendor_file:s0 tclass=file permissive=1
06-05 09:33:18.737 2952 3019 D nStackXCoAP: CoapMessageHandler:[133] :2.01
06-05 09:33:19.053 468 519 W IorapForwardingService: No service published for: iorapd
06-05 09:33:19.238 2952 3019 D nStackXCoAP: IsInSameNetwork:[276] :IsInSameNetwork exec
06-05 09:33:19.238 2952 3019 I nStackXDFinder: GetLocalInterfaceDetail:[461] :GetLocalInterfaceDetail in
06-05 09:33:19.238 2952 3019 E nStackXCoAP: IsInSameNetwork:[281] :IsInSameNetwork: not priority process
06-05 09:33:19.238 2952 3019 D nStackXCoAP: ParseServiceDiscover:[330] :new device join
06-05 09:33:19.238 2952 3019 E nStackXDFinder: GetLocalIp:[401] :GetLocalIp exec
06-05 09:33:19.250 2952 3019 D nStackXCoAP: IsInSameNetwork:[276] :IsInSameNetwork exec
06-05 09:33:19.250 2952 3019 I nStackXDFinder: GetLocalInterfaceDetail:[461] :GetLocalInterfaceDetail in
06-05 09:33:19.250 2952 3019 E nStackXCoAP: IsInSameNetwork:[281] :IsInSameNetwork: not priority process
06-05 09:33:19.250 2952 3019 D nStackXCoAP: ParseServiceDiscover:[330] :new device join
06-05 09:33:19.250 2952 3019 E nStackXDFinder: GetLocalIp:[401] :GetLocalIp exec
06-05 09:33:19.424 2952 3019 D nStackXCoAP: CoapMessageHandler:[133] :2.01
06-05 09:33:19.646 2952 3019 D nStackXCoAP: IsInSameNetwork:[276] :IsInSameNetwork exec
06-05 09:33:19.646 2952 3019 I nStackXDFinder: GetLocalInterfaceDetail:[461] :GetLocalInterfaceDetail in
06-05 09:33:19.646 2952 3019 E nStackXCoAP: IsInSameNetwork:[281] :IsInSameNetwork: not priority process
06-05 09:33:19.647 2952 3019 D nStackXCoAP: ParseServiceDiscover:[330] :new device join
06-05 09:33:19.647 2952 3019 E nStackXDFinder: GetLocalIp:[401] :GetLocalIp exec
06-05 09:33:19.749 2952 3019 D nStackXCoAP: IsInSameNetwork:[276] :IsInSameNetwork exec
06-05 09:33:19.749 2952 3019 I nStackXDFinder: GetLocalInterfaceDetail:[461] :GetLocalInterfaceDetail in
06-05 09:33:19.749 2952 3019 E nStackXCoAP: IsInSameNetwork:[281] :IsInSameNetwork: not priority process
06-05 09:33:19.749 2952 3019 D nStackXCoAP: ParseServiceDiscover:[330] :new device join
06-05 09:33:19.749 2952 3019 E nStackXDFinder: GetLocalIp:[401] :GetLocalIp exec
06-05 09:33:19.864 2952 3019 D nStackXCoAP: CoapMessageHandler:[133] :2.01
06-05 09:33:20.057 468 519 W IorapForwardingService: No service published for: iorapd
06-05 09:33:20.160 2952 3019 D nStackXCoAP: IsInSameNetwork:[276] :IsInSameNetwork exec
06-05 09:33:20.160 2952 3019 I nStackXDFinder: GetLocalInterfaceDetail:[461] :GetLocalInterfaceDetail in
06-05 09:33:20.160 2952 3019 E nStackXCoAP: IsInSameNetwork:[281] :IsInSameNetwork: not priority process
06-05 09:33:20.160 2952 3019 D nStackXCoAP: ParseServiceDiscover:[330] :new device join
06-05 09:33:20.160 2952 3019 E nStackXDFinder: GetLocalIp:[401] :GetLocalIp exec
06-05 09:33:20.260 2952 3019 D nStackXCoAP: IsInSameNetwork:[276] :IsInSameNetwork exec
06-05 09:33:20.261 2952 3019 I nStackXDFinder: GetLocalInterfaceDetail:[461] :GetLocalInterfaceDetail in
06-05 09:33:20.261 2952 3019 E nStackXCoAP: IsInSameNetwork:[281] :IsInSameNetwork: not priority process
06-05 09:33:20.261 2952 3019 D nStackXCoAP: ParseServiceDiscover:[330] :new device join
06-05 09:33:20.261 2952 3019 E nStackXDFinder: GetLocalIp:[401] :GetLocalIp exec
06-05 09:33:20.314 2952 3019 D nStackXCoAP: CoapMessageHandler:[133] :2.01
06-05 09:33:20.670 2952 3019 D nStackXCoAP: IsInSameNetwork:[276] :IsInSameNetwork exec
06-05 09:33:20.670 2952 3019 I nStackXDFinder: GetLocalInterfaceDetail:[461] :GetLocalInterfaceDetail in
06-05 09:33:20.670 2952 3019 E nStackXCoAP: IsInSameNetwork:[281] :IsInSameNetwork: not priority process
06-05 09:33:20.670 2952 3019 D nStackXCoAP: ParseServiceDiscover:[330] :new device join
06-05 09:33:20.670 2952 3019 E nStackXDFinder: GetLocalIp:[401] :GetLocalIp exec
06-05 09:33:20.676 2952 3019 D nStackXCoAP: IsInSameNetwork:[276] :IsInSameNetwork exec
06-05 09:33:20.676 2952 3019 I nStackXDFinder: GetLocalInterfaceDetail:[461] :GetLocalInterfaceDetail in
06-05 09:33:20.676 2952 3019 E nStackXCoAP: IsInSameNetwork:[281] :IsInSameNetwork: not priority process
06-05 09:33:20.677 2952 3019 D nStackXCoAP: ParseServiceDiscover:[330] :new device join
06-05 09:33:20.677 2952 3019 E nStackXDFinder: GetLocalIp:[401] :GetLocalIp exec
06-05 09:33:20.684 2952 3019 D nStackXCoAP: CoapMessageHandler:[133] :2.01
06-05 09:33:21.059 468 519 W IorapForwardingService: No service published for: iorapd
06-05 09:33:21.182 2952 3019 D nStackXCoAP: IsInSameNetwork:[276] :IsInSameNetwork exec
06-05 09:33:21.182 2952 3019 I nStackXDFinder: GetLocalInterfaceDetail:[461] :GetLocalInterfaceDetail in
06-05 09:33:21.182 2952 3019 E nStackXCoAP: IsInSameNetwork:[281] :IsInSameNetwork: not priority process
06-05 09:33:21.182 2952 3019 D nStackXCoAP: ParseServiceDiscover:[330] :new device join
06-05 09:33:21.182 2952 3019 E nStackXDFinder: GetLocalIp:[401] :GetLocalIp exec
06-05 09:33:21.288 2952 3019 D nStackXCoAP: IsInSameNetwork:[276] :IsInSameNetwork exec
06-05 09:33:21.288 2952 3019 I nStackXDFinder: GetLocalInterfaceDetail:[461] :GetLocalInterfaceDetail in
06-05 09:33:21.288 2952 3019 E nStackXCoAP: IsInSameNetwork:[281] :IsInSameNetwork: not priority process
06-05 09:33:21.288 2952 3019 D nStackXCoAP: ParseServiceDiscover:[330] :new device join
06-05 09:33:21.288 2952 3019 E nStackXDFinder: GetLocalIp:[401] :GetLocalIp exec
06-05 09:33:21.313 2952 3019 D nStackXCoAP: CoapMessageHandler:[133] :2.01
06-05 09:33:21.581 663 663 E WifiHAL : wifi_get_link_stats: requestResponse Error:-5
06-05 09:33:21.583 468 612 E WifiVendorHal: getWifiLinkLayerStats_1_5_Internal(l.1191) failed {.code = ERROR_INVALID_ARGS, .description = }
06-05 09:33:21.695 2952 3019 D nStackXCoAP: IsInSameNetwork:[276] :IsInSameNetwork exec
06-05 09:33:21.695 2952 3019 I nStackXDFinder: GetLocalInterfaceDetail:[461] :GetLocalInterfaceDetail in
06-05 09:33:21.695 2952 3019 E nStackXCoAP: IsInSameNetwork:[281] :IsInSameNetwork: not priority process
06-05 09:33:21.695 2952 3019 D nStackXCoAP: ParseServiceDiscover:[330] :new device join
06-05 09:33:21.695 2952 3019 E nStackXDFinder: GetLocalIp:[401] :GetLocalIp exec
06-05 09:33:21.717 2952 3019 D nStackXCoAP: IsInSameNetwork:[276] :IsInSameNetwork exec
06-05 09:33:21.717 2952 3019 I nStackXDFinder: GetLocalInterfaceDetail:[461] :GetLocalInterfaceDetail in
06-05 09:33:21.717 2952 3019 E nStackXCoAP: IsInSameNetwork:[281] :IsInSameNetwork: not priority process
06-05 09:33:21.718 2952 3019 D nStackXCoAP: ParseServiceDiscover:[330] :new device join
06-05 09:33:21.718 2952 3019 E nStackXDFinder: GetLocalIp:[401] :GetLocalIp exec
06-05 09:33:21.741 2952 3019 D nStackXCoAP: CoapMessageHandler:[133] :2.01
06-05 09:33:22.062 468 519 W IorapForwardingService: No service published for: iorapd
06-05 09:33:22.107 2952 3019 D nStackXCoAP: IsInSameNetwork:[276] :IsInSameNetwork exec
06-05 09:33:22.107 2952 3019 I nStackXDFinder: GetLocalInterfaceDetail:[461] :GetLocalInterfaceDetail in
06-05 09:33:22.107 2952 3019 E nStackXCoAP: IsInSameNetwork:[281] :IsInSameNetwork: not priority process
06-05 09:33:22.107 2952 3019 D nStackXCoAP: ParseServiceDiscover:[330] :new device join
06-05 09:33:22.107 2952 3019 E nStackXDFinder: GetLocalIp:[401] :GetLocalIp exec
06-05 09:33:22.514 2952 3019 D nStackXCoAP: IsInSameNetwork:[276] :IsInSameNetwork exec
06-05 09:33:22.514 2952 3019 I nStackXDFinder: GetLocalInterfaceDetail:[461] :GetLocalInterfaceDetail in
06-05 09:33:22.514 2952 3019 E nStackXCoAP: IsInSameNetwork:[281] :IsInSameNetwork: not priority process
06-05 09:33:22.514 2952 3019 D nStackXCoAP: ParseServiceDiscover:[330] :new device join
06-05 09:33:22.514 2952 3019 E nStackXDFinder: GetLocalIp:[401] :GetLocalIp exec
06-05 09:33:22.762 2952 3019 D nStackXCoAP: CoapMessageHandler:[133] :2.01
06-05 09:33:23.065 468 519 W IorapForwardingService: No service published for: iorapd
06-05 09:33:23.580 1994 2115 D UtilLog : 日志批量上报 进行正常循环 !!!!!!本次有0次请求,共0条数据
06-04 18:08:31.016 381 381 W hdr10p_Configure: 130 callbacks suppressed
06-04 18:08:31.016 381 381 I : DVI mode selected: packets not configured
06-04 18:08:31.030 381 381 W set_vsif_config: 130 callbacks suppressed
06-04 18:08:31.030 381 381 I : Error: set vsif failed
06-04 18:08:31.041 381 381 I : DVI mode selected: packets not configured
06-04 18:08:31.048 381 381 I : Error: set vsif failed
06-04 18:08:31.063 381 381 I : DVI mode selected: packets not configured
06-04 18:08:31.069 381 381 I : Error: set vsif failed
06-04 18:08:31.074 381 381 I : DVI mode selected: packets not configured
06-04 18:08:31.080 381 381 I : Error: set vsif failed
06-04 18:08:31.096 381 381 I : DVI mode selected: packets not configured
06-04 18:08:31.102 381 381 I : Error: set vsif failed
06-04 18:08:31.107 381 381 I : DVI mode selected: packets not configured
06-04 18:08:31.114 381 381 I : Error: set vsif failed
06-04 18:08:31.128 381 381 I : DVI mode selected: packets not configured
06-04 18:08:31.135 381 381 I : Error: set vsif failed
06-04 18:08:31.140 381 381 I : DVI mode selected: packets not configured
06-04 18:08:31.146 381 381 I : Error: set vsif failed
06-04 18:08:31.162 381 381 I : DVI mode selected: packets not configured
06-04 18:08:31.169 381 381 I : Error: set vsif failed
06-04 18:08:31.174 381 381 I : DVI mode selected: packets not configured
06-04 18:08:31.180 381 381 I : Error: set vsif failed
06-05 09:33:24.066 468 519 W IorapForwardingService: No service published for: iorapd
06-05 09:33:24.602 663 663 E WifiHAL : wifi_get_link_stats: requestResponse Error:-5
06-05 09:33:24.604 468 612 E WifiVendorHal: getWifiLinkLayerStats_1_5_Internal(l.1191) failed {.code = ERROR_INVALID_ARGS, .description = }
06-05 09:33:25.069 468 519 W IorapForwardingService: No service published for: iorapd
06-05 09:33:26.071 468 519 W IorapForwardingService: No service published for: iorapd
06-05 09:33:26.779 1123 1123 D aaa : LedStatusService onStartCommand begin
06-05 09:33:26.785 1174 1174 D bbb : onStartCommand begin !!!!!!! data分区剩余 24849MB
06-05 09:33:26.785 1123 3331 D aaa : topPkg is -------------- :com.dangbei.haqusetting
06-05 09:33:27.074 468 519 W IorapForwardingService: No service published for: iorapd
06-05 09:33:27.617 663 663 E WifiHAL : wifi_get_link_stats: requestResponse Error:-5
06-05 09:33:27.619 468 612 E WifiVendorHal: getWifiLinkLayerStats_1_5_Internal(l.1191) failed {.code = ERROR_INVALID_ARGS, .description = }
06-05 09:33:28.076 468 519 W IorapForwardingService: No service published for: iorapd
06-05 09:33:29.078 468 519 W IorapForwardingService: No service published for: iorapd
06-04 18:08:37.006 381 381 W hdr10p_Configure: 158 callbacks suppressed
06-04 18:08:37.006 381 381 I : DVI mode selected: packets not configured
06-04 18:08:37.020 381 381 W set_vsif_config: 158 callbacks suppressed
06-04 18:08:37.020 381 381 I : Error: set vsif failed
06-04 18:08:37.031 381 381 I : DVI mode selected: packets not configured
06-04 18:08:37.037 381 381 I : Error: set vsif failed
06-04 18:08:37.042 381 381 I : DVI mode selected: packets not configured
06-04 18:08:37.048 381 381 I : Error: set vsif failed
06-04 18:08:37.072 381 381 I : DVI mode selected: packets not configured
06-04 18:08:37.079 381 381 I : Error: set vsif failed
06-04 18:08:37.084 381 381 I : DVI mode selected: packets not configured
06-04 18:08:37.090 381 381 I : Error: set vsif failed
06-04 18:08:37.095 381 381 I : DVI mode selected: packets not configured
06-04 18:08:37.101 381 381 I : Error: set vsif failed
06-04 18:08:37.113 381 381 I : DVI mode selected: packets not configured
06-04 18:08:37.119 381 381 I : Error: set vsif failed
06-04 18:08:37.124 381 381 I : DVI mode selected: packets not configured
06-04 18:08:37.131 381 381 I : Error: set vsif failed
06-04 18:08:37.135 381 381 I : DVI mode selected: packets not configured
06-04 18:08:37.142 381 381 I : Error: set vsif failed
06-04 18:08:37.162 381 381 I : DVI mode selected: packets not configured
06-04 18:08:37.169 381 381 I : Error: set vsif failed
06-05 09:33:30.080 468 519 W IorapForwardingService: No service published for: iorapd
06-05 09:33:30.089 2807 2816 I gbei.screencas: Background concurrent copying GC freed 61681(6384KB) AllocSpace objects, 0(0B) LOS objects, 49% free, 6191KB/12MB, paused 189us total 153.585ms
06-05 09:33:30.631 663 663 E WifiHAL : wifi_get_link_stats: requestResponse Error:-5
06-05 09:33:30.632 468 612 E WifiVendorHal: getWifiLinkLayerStats_1_5_Internal(l.1191) failed {.code = ERROR_INVALID_ARGS, .description = }
06-05 09:33:31.082 468 519 W IorapForwardingService: No service published for: iorapd
06-05 09:33:31.574 267 300 D hdmi-cec: receive invalid cec message!
06-05 09:33:31.574 267 300 D hdmi-cec: receive poll message [04], skip!
06-05 09:33:32.083 468 519 W IorapForwardingService: No service published for: iorapd
06-05 09:33:33.084 468 519 W IorapForwardingService: No service published for: iorapd
06-05 09:33:33.578 1994 2115 D UtilLog : 日志批量上报 进行正常循环 !!!!!!本次有0次请求,共0条数据
06-05 09:33:33.643 663 663 E WifiHAL : wifi_get_link_stats: requestResponse Error:-5
06-05 09:33:33.644 468 612 E WifiVendorHal: getWifiLinkLayerStats_1_5_Internal(l.1191) failed {.code = ERROR_INVALID_ARGS, .description = }
06-05 09:33:34.086 468 519 W IorapForwardingService: No service published for: iorapd
06-05 09:33:34.803 1123 1123 D aaa : LedStatusService onStartCommand begin
06-05 09:33:34.805 1123 3343 D aaa : topPkg is -------------- :com.dangbei.haqusetting
06-05 09:33:34.807 1174 1174 D bbb : onStartCommand begin !!!!!!! data分区剩余 24849MB
06-05 09:33:35.088 468 519 W IorapForwardingService: No service published for: iorapd
06-04 18:08:43.029 381 381 W hdr10p_Configure: 197 callbacks suppressed
06-04 18:08:43.029 381 381 I : DVI mode selected: packets not configured
06-04 18:08:43.042 381 381 W set_vsif_config: 197 callbacks suppressed
06-04 18:08:43.042 381 381 I : Error: set vsif failed
06-04 18:08:43.054 381 381 I : DVI mode selected: packets not configured
06-04 18:08:43.060 381 381 I : Error: set vsif failed
06-04 18:08:43.065 381 381 I : DVI mode selected: packets not configured
06-04 18:08:43.071 381 381 I : Error: set vsif failed
06-04 18:08:43.096 381 381 I : DVI mode selected: packets not configured
06-04 18:08:43.102 381 381 I : Error: set vsif failed
06-04 18:08:43.107 381 381 I : DVI mode selected: packets not configured
06-04 18:08:43.114 381 381 I : Error: set vsif failed
06-04 18:08:43.118 381 381 I : DVI mode selected: packets not configured
06-04 18:08:43.125 381 381 I : Error: set vsif failed
06-04 18:08:43.146 381 381 I : DVI mode selected: packets not configured
06-04 18:08:43.152 381 381 I : Error: set vsif failed
06-04 18:08:43.157 381 381 I : DVI mode selected: packets not configured
06-04 18:08:43.164 381 381 I : Error: set vsif failed
06-04 18:08:43.168 381 381 I : DVI mode selected: packets not configured
06-04 18:08:43.175 381 381 I : Error: set vsif failed
06-04 18:08:43.195 381 381 I : DVI mode selected: packets not configured
06-04 18:08:43.201 381 381 I : Error: set vsif failed
06-05 09:33:36.091 468 519 W IorapForwardingService: No service published for: iorapd
06-05 09:33:36.654 663 663 E WifiHAL : wifi_get_link_stats: requestResponse Error:-5
06-05 09:33:36.655 468 612 E WifiVendorHal: getWifiLinkLayerStats_1_5_Internal(l.1191) failed {.code = ERROR_INVALID_ARGS, .description = }
06-05 09:33:37.094 468 519 W IorapForwardingService: No service published for: iorapd
06-05 09:33:38.096 468 519 W IorapForwardingService: No service published for: iorapd
06-05 09:33:39.097 468 519 W IorapForwardingService: No service published for: iorapd
06-05 09:33:39.667 663 663 E WifiHAL : wifi_get_link_stats: requestResponse Error:-5
06-05 09:33:39.668 468 612 E WifiVendorHal: getWifiLinkLayerStats_1_5_Internal(l.1191) failed {.code = ERROR_INVALID_ARGS, .description = }
06-05 09:33:40.099 468 519 W IorapForwardingService: No service published for: iorapd
06-05 09:33:40.552 1994 2121 I TDLog : [APP] New data found, Submitting...
06-05 09:33:40.578 1994 2121 I TDLog : [APP] Failed to submit data!
06-05 09:33:41.102 468 519 W IorapForwardingService: No service published for: iorapd
06-04 18:08:49.037 381 381 W hdr10p_Configure: 194 callbacks suppressed
06-04 18:08:49.037 381 381 I : DVI mode selected: packets not configured
06-04 18:08:49.051 381 381 W set_vsif_config: 194 callbacks suppressed
06-04 18:08:49.051 381 381 I : Error: set vsif failed
06-04 18:08:49.062 381 381 I : DVI mode selected: packets not configured
06-04 18:08:49.069 381 381 I : Error: set vsif failed
06-04 18:08:49.073 381 381 I : DVI mode selected: packets not configured
06-04 18:08:49.080 381 381 I : Error: set vsif failed
06-04 18:08:49.096 381 381 I : DVI mode selected: packets not configured
06-04 18:08:49.103 381 381 I : Error: set vsif failed
06-04 18:08:49.107 381 381 I : DVI mode selected: packets not configured
06-04 18:08:49.114 381 381 I : Error: set vsif failed
06-04 18:08:49.119 381 381 I : DVI mode selected: packets not configured
06-04 18:08:49.125 381 381 I : Error: set vsif failed
06-04 18:08:49.146 381 381 I : DVI mode selected: packets not configured
06-04 18:08:49.152 381 381 I : Error: set vsif failed
06-04 18:08:49.157 381 381 I : DVI mode selected: packets not configured
06-04 18:08:49.164 381 381 I : Error: set vsif failed
06-04 18:08:49.168 381 381 I : DVI mode selected: packets not configured
06-04 18:08:49.175 381 381 I : Error: set vsif failed
06-04 18:08:49.197 381 381 I : DVI mode selected: packets not configured
06-04 18:08:49.204 381 381 I : Error: set vsif failed
06-05 09:33:42.106 468 519 W IorapForwardingService: No service published for: iorapd
06-05 09:33:42.649 468 988 W ZramWriteback: Writeback device is not set
06-05 09:33:42.649 468 988 D ZramWriteback: wait to flush
06-05 09:33:42.680 663 663 E WifiHAL : wifi_get_link_stats: requestResponse Error:-5
06-05 09:33:42.682 468 612 E WifiVendorHal: getWifiLinkLayerStats_1_5_Internal(l.1191) failed {.code = ERROR_INVALID_ARGS, .description = }
06-05 09:33:42.861 1174 1174 D bbb : onStartCommand begin !!!!!!! data分区剩余 24849MB
06-05 09:33:42.862 1123 1123 D aaa : LedStatusService onStartCommand begin
06-05 09:33:42.865 1123 3357 D aaa : topPkg is -------------- :com.dangbei.haqusetting
06-05 09:33:43.108 468 519 W IorapForwardingService: No service published for: iorapd
06-05 09:33:43.559 1994 2115 D UtilLog : 日志批量上报 进行正常循环 !!!!!!本次有0次请求,共0条数据
06-05 09:33:43.669 2807 2816 I gbei.screencas: Background concurrent copying GC freed 55702(6162KB) AllocSpace objects, 0(0B) LOS objects, 49% free, 6158KB/12MB, paused 125us total 161.254ms
06-05 09:33:44.111 468 519 W IorapForwardingService: No service published for: iorapd
06-05 09:33:45.113 468 519 W IorapForwardingService: No service published for: iorapd
06-05 09:33:45.700 663 663 E WifiHAL : wifi_get_link_stats: requestResponse Error:-5
06-05 09:33:45.702 468 612 E WifiVendorHal: getWifiLinkLayerStats_1_5_Internal(l.1191) failed {.code = ERROR_INVALID_ARGS, .description = }
06-05 09:33:46.115 468 519 W IorapForwardingService: No service published for: iorapd
06-05 09:33:46.598 267 300 D hdmi-cec: receive invalid cec message!
06-05 09:33:46.599 267 300 D hdmi-cec: receive poll message [04], skip!
06-05 09:33:47.118 468 519 W IorapForwardingService: No service published for: iorapd
06-04 18:08:55.051 381 381 W hdr10p_Configure: 165 callbacks suppressed
06-04 18:08:55.051 381 381 I : DVI mode selected: packets not configured
06-04 18:08:55.064 381 381 W set_vsif_config: 165 callbacks suppressed
06-04 18:08:55.064 381 381 I : Error: set vsif failed
06-04 18:08:55.075 381 381 I : DVI mode selected: packets not configured
06-04 18:08:55.082 381 381 I : Error: set vsif failed
06-04 18:08:55.095 381 381 I : DVI mode selected: packets not configured
06-04 18:08:55.102 381 381 I : Error: set vsif failed
06-04 18:08:55.107 381 381 I : DVI mode selected: packets not configured
06-04 18:08:55.113 381 381 I : Error: set vsif failed
06-04 18:08:55.129 381 381 I : DVI mode selected: packets not configured
06-04 18:08:55.136 381 381 I : Error: set vsif failed
06-04 18:08:55.140 381 381 I : DVI mode selected: packets not configured
06-04 18:08:55.147 381 381 I : Error: set vsif failed
06-04 18:08:55.164 381 381 I : DVI mode selected: packets not configured
06-04 18:08:55.170 381 381 I : Error: set vsif failed
06-04 18:08:55.175 381 381 I : DVI mode selected: packets not configured
06-04 18:08:55.182 381 381 I : Error: set vsif failed
06-04 18:08:55.195 381 381 I : DVI mode selected: packets not configured
06-04 18:08:55.201 381 381 I : Error: set vsif failed
06-04 18:08:55.206 381 381 I : DVI mode selected: packets not configured
06-04 18:08:55.212 381 381 I : Error: set vsif failed
06-05 09:33:48.119 468 519 W IorapForwardingService: No service published for: iorapd
06-05 09:33:48.427 468 814 I WifiService: startScan uid=1000
06-05 09:33:48.715 663 663 E WifiHAL : wifi_get_link_stats: requestResponse Error:-5
06-05 09:33:48.717 468 612 E WifiVendorHal: getWifiLinkLayerStats_1_5_Internal(l.1191) failed {.code = ERROR_INVALID_ARGS, .description = }
06-05 09:33:49.122 468 519 W IorapForwardingService: No service published for: iorapd
06-05 09:33:50.125 468 519 W IorapForwardingService: No service published for: iorapd
06-05 09:33:50.911 1123 1123 D aaa : LedStatusService onStartCommand begin
06-05 09:33:50.915 1174 1174 D bbb : onStartCommand begin !!!!!!! data分区剩余 24849MB
06-05 09:33:50.916 1123 3371 D aaa : topPkg is -------------- :com.dangbei.haqusetting
06-05 09:33:51.126 468 519 W IorapForwardingService: No service published for: iorapd
06-05 09:33:51.138 468 3182 D WifiNl80211Manager: Scan result ready event
06-05 09:33:51.138 468 3182 D WifiNative: Scan result ready event
06-05 09:33:51.173 468 616 W IE_Capabilities: Unknown RSN cipher suite: 6ac0f00
06-05 09:33:51.220 2544 3129 E ccc : cccccc SCAN_RESULTS_AVAILABLE_ACTION hhhh
06-05 09:33:51.223 1074 1074 E hq : NetWorkStateReceiver:::NetWorkStateReceiver onReceive: 网络变化广播 >>>> intent.action=android.net.wifi.SCAN_RESULTS
06-05 09:33:51.230 468 612 D PasspointManager: ANQP entry not found for: 52:33:f0:3b:7e:a2:
06-05 09:33:51.231 468 612 D PasspointManager: ANQP entry not found for: 10:7c:61:1a:4b:94:<5G>
06-05 09:33:51.237 468 612 D PasspointManager: ANQP entry not found for: 10:7c:61:1a:4b:90:<2>
06-05 09:33:51.238 468 612 D PasspointManager: ANQP entry not found for: 50:33:f0:5b:7e:a2:
06-05 09:33:51.241 663 663 E WifiHAL : wifi_get_link_stats: requestResponse Error:-5
06-05 09:33:51.242 468 612 E WifiVendorHal: getWifiLinkLayerStats_1_5_Internal(l.1191) failed {.code = ERROR_INVALID_ARGS, .description = }
06-05 09:33:51.274 1074 1074 W eventbuscore: post Event:com.dangbei.leard.base.entity.event.NetWifiRssiEvent
06-05 09:33:51.733 663 663 E WifiHAL : wifi_get_link_stats: requestResponse Error:-5
06-05 09:33:51.736 468 612 E WifiVendorHal: getWifiLinkLayerStats_1_5_Internal(l.1191) failed {.code = ERROR_INVALID_ARGS, .description = }
06-05 09:33:52.129 468 519 W IorapForwardingService: No service published for: iorapd
06-05 09:33:52.276 2807 2816 I gbei.screencas: Background concurrent copying GC freed 47224(5973KB) AllocSpace objects, 0(0B) LOS objects, 49% free, 6165KB/12MB, paused 293us total 131.515ms
06-05 09:33:53.132 468 519 W IorapForwardingService: No service published for: iorapd
06-05 09:33:53.556 1994 2115 D UtilLog : 日志批量上报 进行正常循环 !!!!!!本次有0次请求,共0条数据
06-04 18:09:01.052 381 381 W hdr10p_Configure: 122 callbacks suppressed
06-04 18:09:01.052 381 381 I : DVI mode selected: packets not configured
06-04 18:09:01.065 381 381 W set_vsif_config: 122 callbacks suppressed
06-04 18:09:01.065 381 381 I : Error: set vsif failed
06-04 18:09:01.077 381 381 I : DVI mode selected: packets not configured
06-04 18:09:01.083 381 381 I : Error: set vsif failed
06-04 18:09:01.096 381 381 I : DVI mode selected: packets not configured
06-04 18:09:01.103 381 381 I : Error: set vsif failed
06-04 18:09:01.108 381 381 I : DVI mode selected: packets not configured
06-04 18:09:01.114 381 381 I : Error: set vsif failed
06-04 18:09:01.129 381 381 I : DVI mode selected: packets not configured
06-04 18:09:01.135 381 381 I : Error: set vsif failed
06-04 18:09:01.140 381 381 I : DVI mode selected: packets not configured
06-04 18:09:01.147 381 381 I : Error: set vsif failed
06-04 18:09:01.162 381 381 I : DVI mode selected: packets not configured
06-04 18:09:01.169 381 381 I : Error: set vsif failed
06-04 18:09:01.173 381 381 I : DVI mode selected: packets not configured
06-04 18:09:01.180 381 381 I : Error: set vsif failed
06-04 18:09:01.195 381 381 I : DVI mode selected: packets not configured
06-04 18:09:01.202 381 381 I : Error: set vsif failed
06-04 18:09:01.207 381 381 I : DVI mode selected: packets not configured
06-04 18:09:01.213 381 381 I : Error: set vsif failed
06-05 09:33:54.134 468 519 W IorapForwardingService: No service published for: iorapd
06-05 09:33:54.753 663 663 E WifiHAL : wifi_get_link_stats: requestResponse Error:-5
06-05 09:33:54.755 468 612 E WifiVendorHal: getWifiLinkLayerStats_1_5_Internal(l.1191) failed {.code = ERROR_INVALID_ARGS, .description = }
06-05 09:33:55.136 468 519 W IorapForwardingService: No service published for: iorapd
06-05 09:33:55.804 2952 3019 D nStackXCoAP: IsInSameNetwork:[276] :IsInSameNetwork exec
06-05 09:33:55.804 2952 3019 I nStackXDFinder: GetLocalInterfaceDetail:[461] :GetLocalInterfaceDetail in
06-05 09:33:55.804 2952 3019 E nStackXCoAP: IsInSameNetwork:[281] :IsInSameNetwork: not priority process
06-05 09:33:55.804 2952 3019 D nStackXCoAP: ParseServiceDiscover:[330] :new device join
06-05 09:33:55.804 2952 3019 I nStackXDFinder: NotifyDeviceListChanged:[540] :notify callback: device list changed callback is null
06-05 09:33:55.804 2952 3019 E nStackXDFinder: GetLocalIp:[401] :GetLocalIp exec
06-05 09:33:55.895 2952 3019 D nStackXCoAP: IsInSameNetwork:[276] :IsInSameNetwork exec
06-05 09:33:55.896 2952 3019 I nStackXDFinder: GetLocalInterfaceDetail:[461] :GetLocalInterfaceDetail in
06-05 09:33:55.896 2952 3019 E nStackXCoAP: IsInSameNetwork:[281] :IsInSameNetwork: not priority process
06-05 09:33:55.896 2952 3019 D nStackXCoAP: ParseServiceDiscover:[330] :new device join
06-05 09:33:55.896 2952 3019 E nStackXDFinder: GetLocalIp:[401] :GetLocalIp exec
06-05 09:33:56.100 2952 3019 D nStackXCoAP: IsInSameNetwork:[276] :IsInSameNetwork exec
06-05 09:33:56.100 2952 3019 I nStackXDFinder: GetLocalInterfaceDetail:[461] :GetLocalInterfaceDetail in
06-05 09:33:56.100 2952 3019 E nStackXCoAP: IsInSameNetwork:[281] :IsInSameNetwork: not priority process
06-05 09:33:56.100 2952 3019 D nStackXCoAP: ParseServiceDiscover:[330] :new device join
06-05 09:33:56.101 2952 3019 E nStackXDFinder: GetLocalIp:[401] :GetLocalIp exec
06-05 09:33:56.138 468 519 W IorapForwardingService: No service published for: iorapd
06-05 09:33:56.315 2952 3019 D nStackXCoAP: IsInSameNetwork:[276] :IsInSameNetwork exec
06-05 09:33:56.315 2952 3019 I nStackXDFinder: GetLocalInterfaceDetail:[461] :GetLocalInterfaceDetail in
06-05 09:33:56.316 2952 3019 E nStackXCoAP: IsInSameNetwork:[281] :IsInSameNetwork: not priority process
06-05 09:33:56.316 2952 3019 D nStackXCoAP: ParseServiceDiscover:[330] :new device join
06-05 09:33:56.316 2952 3019 E nStackXDFinder: GetLocalIp:[401] :GetLocalIp exec
06-05 09:33:56.821 2952 3019 D nStackXCoAP: IsInSameNetwork:[276] :IsInSameNetwork exec
06-05 09:33:56.821 2952 3019 I nStackXDFinder: GetLocalInterfaceDetail:[461] :GetLocalInterfaceDetail in
06-05 09:33:56.822 2952 3019 E nStackXCoAP: IsInSameNetwork:[281] :IsInSameNetwork: not priority process
06-05 09:33:56.822 2952 3019 D nStackXCoAP: ParseServiceDiscover:[330] :new device join
06-05 09:33:56.822 2952 3019 E nStackXDFinder: GetLocalIp:[401] :GetLocalIp exec
06-05 09:33:57.142 468 519 W IorapForwardingService: No service published for: iorapd
06-05 09:33:57.358 2952 3019 D nStackXCoAP: IsInSameNetwork:[276] :IsInSameNetwork exec
06-05 09:33:57.358 2952 3019 I nStackXDFinder: GetLocalInterfaceDetail:[461] :GetLocalInterfaceDetail in
06-05 09:33:57.358 2952 3019 E nStackXCoAP: IsInSameNetwork:[281] :IsInSameNetwork: not priority process
06-05 09:33:57.358 2952 3019 D nStackXCoAP: ParseServiceDiscover:[330] :new device join
06-05 09:33:57.358 2952 3019 E nStackXDFinder: GetLocalIp:[401] :GetLocalIp exec
06-05 09:33:57.749 2952 3019 D nStackXCoAP: IsInSameNetwork:[276] :IsInSameNetwork exec
06-05 09:33:57.749 2952 3019 I nStackXDFinder: GetLocalInterfaceDetail:[461] :GetLocalInterfaceDetail in
