06-04 18:04:47.315 373 373 W omx_vdec: <__AwOmxVdecGetExtensionIndex:1737>: GetExtensionIndex OMX.google.android.index.describeColorFormat2, err [0x80001001].
06-04 18:04:47.315 373 373 E omx_vdec: : erro: pParamData->nIndex > m_sPortFormatType.nIndex
06-04 18:04:47.316 373 373 W omx_vdec: <__AwOmxVdecGetExtensionIndex:1737>: GetExtensionIndex OMX.google.android.index.describeColorFormat, err [0x80001001].
06-04 18:04:47.316 246 246 I netd : firewallReplaceUidChain(fw_standby, false, []) -> {true} <0.10ms>
06-04 18:04:47.316 373 373 W omx_vdec: <__AwOmxVdecGetExtensionIndex:1737>: GetExtensionIndex OMX.google.android.index.describeColorFormat2, err [0x80001001].
06-04 18:04:47.316 373 373 E omx_vdec: : erro: pParamData->nIndex > m_sPortFormatType.nIndex
06-04 18:04:47.316 373 373 W omx_vdec: <__AwOmxVdecGetExtensionIndex:1737>: GetExtensionIndex OMX.google.android.index.describeColorFormat, err [0x80001001].
06-04 18:04:47.316 373 373 W omx_vdec: <__AwOmxVdecGetExtensionIndex:1737>: GetExtensionIndex OMX.google.android.index.describeColorFormat2, err [0x80001001].
06-04 18:04:47.316 373 373 E omx_vdec: : erro: pParamData->nIndex > m_sPortFormatType.nIndex
06-04 18:04:47.317 373 373 W omx_vdec: <__AwOmxVdecGetExtensionIndex:1737>: GetExtensionIndex OMX.google.android.index.describeColorFormat, err [0x80001001].
06-04 18:04:47.317 373 373 W omx_vdec: <__AwOmxVdecGetExtensionIndex:1737>: GetExtensionIndex OMX.google.android.index.describeColorFormat2, err [0x80001001].
06-04 18:04:47.317 373 373 E omx_vdec: : erro: pParamData->nIndex > m_sPortFormatType.nIndex
06-04 18:04:47.317 373 373 W omx_vdec: <__AwOmxVdecGetExtensionIndex:1737>: GetExtensionIndex OMX.google.android.index.describeColorFormat, err [0x80001001].
06-04 18:04:47.317 373 373 W omx_vdec: <__AwOmxVdecGetExtensionIndex:1737>: GetExtensionIndex OMX.google.android.index.describeColorFormat2, err [0x80001001].
06-04 18:04:47.317 373 373 E omx_vdec: : erro: pParamData->nIndex > m_sPortFormatType.nIndex
06-04 18:04:47.318 373 373 W omx_vdec: <__AwOmxVdecGetExtensionIndex:1737>: GetExtensionIndex OMX.google.android.index.describeColorFormat, err [0x80001001].
06-04 18:04:47.318 373 373 W omx_vdec: <__AwOmxVdecGetExtensionIndex:1737>: GetExtensionIndex OMX.google.android.index.describeColorFormat2, err [0x80001001].
06-04 18:04:47.318 373 373 E omx_vdec: : erro: pParamData->nIndex > m_sPortFormatType.nIndex
06-04 18:04:47.318 373 373 W omx_vdec: <__AwOmxVdecGetExtensionIndex:1737>: GetExtensionIndex OMX.google.android.index.describeColorFormat, err [0x80001001].
06-04 18:04:47.318 373 373 W omx_vdec: <__AwOmxVdecGetExtensionIndex:1737>: GetExtensionIndex OMX.google.android.index.describeColorFormat2, err [0x80001001].
06-04 18:04:47.318 373 373 E omx_vdec: : erro: pParamData->nIndex > m_sPortFormatType.nIndex
06-04 18:04:47.319 373 373 W omx_vdec: <__AwOmxVdecGetExtensionIndex:1737>: GetExtensionIndex OMX.google.android.index.describeColorFormat, err [0x80001001].
06-04 18:04:47.319 373 373 W omx_vdec: <__AwOmxVdecGetExtensionIndex:1737>: GetExtensionIndex OMX.google.android.index.describeColorFormat2, err [0x80001001].
06-04 18:04:47.319 373 373 E omx_vdec: : erro: pParamData->nIndex > m_sPortFormatType.nIndex
06-04 18:04:47.319 373 373 W omx_vdec: <__AwOmxVdecGetExtensionIndex:1737>: GetExtensionIndex OMX.google.android.index.describeColorFormat, err [0x80001001].
06-04 18:04:47.319 373 373 W omx_vdec: <__AwOmxVdecGetExtensionIndex:1737>: GetExtensionIndex OMX.google.android.index.describeColorFormat2, err [0x80001001].
06-04 18:04:47.319 373 373 E omx_vdec: : erro: pParamData->nIndex > m_sPortFormatType.nIndex
06-04 18:04:47.319 373 373 W omx_vdec: <__AwOmxVdecGetExtensionIndex:1737>: GetExtensionIndex OMX.google.android.index.describeColorFormat, err [0x80001001].
06-04 18:04:47.320 373 373 W omx_vdec: <__AwOmxVdecGetExtensionIndex:1737>: GetExtensionIndex OMX.google.android.index.describeColorFormat2, err [0x80001001].
06-04 18:04:47.320 373 373 E omx_vdec: : erro: pParamData->nIndex > m_sPortFormatType.nIndex
06-04 18:04:47.320 373 373 W omx_vdec: <__AwOmxVdecGetExtensionIndex:1737>: GetExtensionIndex OMX.google.android.index.describeColorFormat, err [0x80001001].
06-04 18:04:47.320 373 373 W omx_vdec: <__AwOmxVdecGetExtensionIndex:1737>: GetExtensionIndex OMX.google.android.index.describeColorFormat2, err [0x80001001].
06-04 18:04:47.320 373 373 E omx_vdec: : erro: pParamData->nIndex > m_sPortFormatType.nIndex
06-04 18:04:47.320 373 373 W omx_vdec: <__AwOmxVdecGetExtensionIndex:1737>: GetExtensionIndex OMX.google.android.index.describeColorFormat, err [0x80001001].
06-04 18:04:47.320 373 373 W omx_vdec: <__AwOmxVdecGetExtensionIndex:1737>: GetExtensionIndex OMX.google.android.index.describeColorFormat2, err [0x80001001].
06-04 18:04:47.321 373 373 E omx_vdec: : erro: pParamData->nIndex > m_sPortFormatType.nIndex
06-04 18:04:47.321 373 373 W omx_vdec: <__AwOmxVdecGetExtensionIndex:1737>: GetExtensionIndex OMX.google.android.index.describeColorFormat, err [0x80001001].
06-04 18:04:47.321 373 373 W omx_vdec: <__AwOmxVdecGetExtensionIndex:1737>: GetExtensionIndex OMX.google.android.index.describeColorFormat2, err [0x80001001].
06-04 18:04:47.321 373 373 E omx_vdec: : erro: pParamData->nIndex > m_sPortFormatType.nIndex
06-04 18:04:47.321 373 373 W omx_vdec: <__AwOmxVdecGetExtensionIndex:1737>: GetExtensionIndex OMX.google.android.index.describeColorFormat, err [0x80001001].
06-04 18:04:47.321 373 373 W omx_vdec: <__AwOmxVdecGetExtensionIndex:1737>: GetExtensionIndex OMX.google.android.index.describeColorFormat2, err [0x80001001].
06-04 18:04:47.321 373 373 E omx_vdec: : erro: pParamData->nIndex > m_sPortFormatType.nIndex
06-04 18:04:47.322 373 373 W omx_vdec: <__AwOmxVdecGetExtensionIndex:1737>: GetExtensionIndex OMX.google.android.index.describeColorFormat, err [0x80001001].
06-04 18:04:47.322 373 373 W omx_vdec: <__AwOmxVdecGetExtensionIndex:1737>: GetExtensionIndex OMX.google.android.index.describeColorFormat2, err [0x80001001].
06-04 18:04:47.322 468 468 D SystemServerTiming: MakeVpnManagerServiceReady took to complete: 9ms
06-04 18:04:47.322 468 468 I SystemServerTiming: MakeVcnManagementServiceReady
06-04 18:04:47.322 373 373 E omx_vdec: : erro: pParamData->nIndex > m_sPortFormatType.nIndex
06-04 18:04:47.322 373 373 W omx_vdec: <__AwOmxVdecGetExtensionIndex:1737>: GetExtensionIndex OMX.google.android.index.describeColorFormat, err [0x80001001].
06-04 18:04:47.322 373 373 W omx_vdec: <__AwOmxVdecGetExtensionIndex:1737>: GetExtensionIndex OMX.google.android.index.describeColorFormat2, err [0x80001001].
06-04 18:04:47.322 373 373 E omx_vdec: : erro: pParamData->nIndex > m_sPortFormatType.nIndex
06-04 18:04:47.323 373 373 W omx_vdec: <__AwOmxVdecGetExtensionIndex:1737>: GetExtensionIndex OMX.google.android.index.describeColorFormat, err [0x80001001].
06-04 18:04:47.323 373 373 W omx_vdec: <__AwOmxVdecGetExtensionIndex:1737>: GetExtensionIndex OMX.google.android.index.describeColorFormat2, err [0x80001001].
06-04 18:04:47.323 373 373 E omx_vdec: : erro: pParamData->nIndex > m_sPortFormatType.nIndex
06-04 18:04:47.323 373 373 W omx_vdec: <__AwOmxVdecGetExtensionIndex:1737>: GetExtensionIndex OMX.google.android.index.describeColorFormat, err [0x80001001].
06-04 18:04:47.323 373 373 W omx_vdec: <__AwOmxVdecGetExtensionIndex:1737>: GetExtensionIndex OMX.google.android.index.describeColorFormat2, err [0x80001001].
06-04 18:04:47.323 373 373 E omx_vdec: : erro: pParamData->nIndex > m_sPortFormatType.nIndex
06-04 18:04:47.323 373 373 W omx_vdec: <__AwOmxVdecGetExtensionIndex:1737>: GetExtensionIndex OMX.google.android.index.describeColorFormat, err [0x80001001].
06-04 18:04:47.324 373 373 W omx_vdec: <__AwOmxVdecGetExtensionIndex:1737>: GetExtensionIndex OMX.google.android.index.describeColorFormat2, err [0x80001001].
06-04 18:04:47.324 373 373 E omx_vdec: : erro: pParamData->nIndex > m_sPortFormatType.nIndex
06-04 18:04:47.324 373 373 W omx_vdec: <__AwOmxVdecGetExtensionIndex:1737>: GetExtensionIndex OMX.google.android.index.describeColorFormat, err [0x80001001].
06-04 18:04:47.324 373 373 W omx_vdec: <__AwOmxVdecGetExtensionIndex:1737>: GetExtensionIndex OMX.google.android.index.describeColorFormat2, err [0x80001001].
06-04 18:04:47.324 373 373 E omx_vdec: : erro: pParamData->nIndex > m_sPortFormatType.nIndex
06-04 18:04:47.324 373 373 W omx_vdec: <__AwOmxVdecGetExtensionIndex:1737>: GetExtensionIndex OMX.google.android.index.describeColorFormat, err [0x80001001].
06-04 18:04:47.325 373 373 W omx_vdec: <__AwOmxVdecGetExtensionIndex:1737>: GetExtensionIndex OMX.google.android.index.describeColorFormat2, err [0x80001001].
06-04 18:04:47.325 373 373 E omx_vdec: : erro: pParamData->nIndex > m_sPortFormatType.nIndex
06-04 18:04:47.325 468 619 D ConnectivityService: Got NetworkProvider Messenger for VcnNetworkProvider
06-04 18:04:47.325 373 373 W omx_vdec: <__AwOmxVdecGetExtensionIndex:1737>: GetExtensionIndex OMX.google.android.index.describeColorFormat, err [0x80001001].
06-04 18:04:47.325 373 373 W omx_vdec: <__AwOmxVdecGetExtensionIndex:1737>: GetExtensionIndex OMX.google.android.index.describeColorFormat2, err [0x80001001].
06-04 18:04:47.325 363 485 W ACodec : [OMX.allwinner.video.decoder.avc] stopping checking formats after 32: COLOR_FormatYUV420Planar(13)
06-04 18:04:47.325 373 373 W omx_vdec: <__AwOmxVdecGetExtensionIndex:1737>: GetExtensionIndex OMX.google.android.index.configureVideoTunnelMode, err [0x80001001].
06-04 18:04:47.325 373 373 E OMXNodeInstance: getExtensionIndex(0xf09b0000:allwinner.decoder.avc, OMX.google.android.index.configureVideoTunnelMode) ERROR: Undefined(0x80001001)
06-04 18:04:47.326 363 485 D MediaCodecInfo: detail feature-tunneled-playback wasn't present to remove
06-04 18:04:47.326 373 373 W omx_vdec: <__AwOmxVdecGetExtensionIndex:1737>: GetExtensionIndex OMX.google.android.index.storeANWBufferInMetadata, err [0x80001001].
06-04 18:04:47.326 468 619 D ConnectivityService: NetReassign [no changes]
06-04 18:04:47.326 373 373 W omx_vdec_aw: <__anSetExtPara:3011>: Setparameter: unknown param 2131755011
06-04 18:04:47.326 373 373 W OMXNodeInstance: [0xf09b0000:allwinner.decoder.avc] component does not support metadata mode; using fallback
06-04 18:04:47.324 682 682 I ndroid.systemui: type=1400 audit(0.0:320): avc: denied { getattr } for path="/data/user_de/0/com.android.systemui" dev="mmcblk0p25" ino=486 scontext=u:r:platform_app:s0:c512,c768 tcontext=u:object_r:app_data_file:s0:c512,c768 tclass=dir permissive=1 app=com.softwinner.screenshot
06-04 18:04:47.326 373 730 W libc : invalid pthread_t (0) passed to pthread_join
06-04 18:04:47.326 373 730 W libc : invalid pthread_t (0) passed to pthread_join
06-04 18:04:47.327 373 730 W libc : invalid pthread_t (0) passed to pthread_join
06-04 18:04:47.330 468 468 D SystemServerTiming: MakeVcnManagementServiceReady took to complete: 9ms
06-04 18:04:47.331 468 468 I SystemServerTiming: MakeNetworkPolicyServiceReady
06-04 18:04:47.332 363 485 I OMXClient: IOmx service obtained
06-04 18:04:47.333 373 373 I OMXStore: makeComponentInstance(OMX.allwinner.video.decoder.avc.secure) in android.hardwar process
06-04 18:04:47.333 468 619 D ConnectivityService: NetReassign [no changes]
06-04 18:04:47.335 468 468 D SystemServerTiming: MakeNetworkPolicyServiceReady took to complete: 4ms
06-04 18:04:47.335 468 468 I SystemServerTiming: PhaseThirdPartyAppsCanStart
06-04 18:04:47.335 468 468 I SystemServiceManager: Starting phase 600
06-04 18:04:47.335 468 468 I SystemServerTiming: OnBootPhase_600
06-04 18:04:47.337 468 468 I ExplicitHealthCheckController: Explicit health checks enabled.
06-04 18:04:47.337 468 468 I PackageWatchdog: Syncing state, reason: health check state enabled
06-04 18:04:47.337 468 468 I PackageWatchdog: Not pruning observers, elapsed time: 0ms
06-04 18:04:47.337 468 468 I PackageWatchdog: Cancelling state sync, nothing to sync
06-04 18:04:47.337 468 529 I PackageWatchdog: Saving observer state to file
06-04 18:04:47.338 373 373 E omx_vdec: : This platform does not support secure video playback
06-04 18:04:47.338 373 373 E omx_sem : : handle is null
06-04 18:04:47.338 373 373 E omx_sem : : handle is null
06-04 18:04:47.338 373 373 E omx_sem : : handle is null
06-04 18:04:47.338 373 373 E omx_sem : : handle is null
06-04 18:04:47.338 373 373 E omx_sem : : handle is null
06-04 18:04:47.338 373 373 W omx_vdec_aw: : pdec is null
06-04 18:04:47.338 373 373 E android.hardware.media.omx@1.0-service: Failed to allocate omx component 'OMX.allwinner.video.decoder.avc.secure' err=InvalidComponentName(0x80001002)
06-04 18:04:47.339 363 485 W OmxInfoBuilder: Fail to add media type video/avc to codec OMX.allwinner.video.decoder.avc.secure
06-04 18:04:47.340 363 485 I OMXClient: IOmx service obtained
06-04 18:04:47.340 373 373 I OMXStore: makeComponentInstance(OMX.allwinner.video.decoder.hevc) in android.hardwar process
06-04 18:04:47.342 373 373 I omx_vdec_aw: : OmxDecoderCreate.
06-04 18:04:47.343 373 373 W omx_vdec: <__AwOmxVdecSetParameter:1561>: Set Parameter called in valid state
06-04 18:04:47.343 373 373 W omx_vdec: : pParamProfileLevel->nProfileIndex[0x1] error!
06-04 18:04:47.343 373 373 E OMXNodeInstance: getParameter(0xf09b0000:allwinner.decoder.hevc, ParamVideoProfileLevelQuerySupported(0x600000f)) ERROR: BadParameter(0x80001005)
06-04 18:04:47.345 468 468 W LocationManagerService: no network location provider found
06-04 18:04:47.347 373 373 W omx_vdec: <__AwOmxVdecGetExtensionIndex:1737>: GetExtensionIndex OMX.google.android.index.describeColorFormat, err [0x80001001].
06-04 18:04:47.347 373 373 W omx_vdec: <__AwOmxVdecGetExtensionIndex:1737>: GetExtensionIndex OMX.google.android.index.describeColorFormat2, err [0x80001001].
06-04 18:04:47.347 373 373 E omx_vdec: : erro: pParamData->nIndex > m_sPortFormatType.nIndex
06-04 18:04:47.347 373 373 W omx_vdec: <__AwOmxVdecGetExtensionIndex:1737>: GetExtensionIndex OMX.google.android.index.describeColorFormat, err [0x80001001].
06-04 18:04:47.348 373 373 W omx_vdec: <__AwOmxVdecGetExtensionIndex:1737>: GetExtensionIndex OMX.google.android.index.describeColorFormat2, err [0x80001001].
06-04 18:04:47.348 373 373 E omx_vdec: : erro: pParamData->nIndex > m_sPortFormatType.nIndex
06-04 18:04:47.348 468 468 I ServiceWatcher: [fused] chose new implementation 1000/com.android.location.fused/.FusedLocationService@0
06-04 18:04:47.348 373 373 W omx_vdec: <__AwOmxVdecGetExtensionIndex:1737>: GetExtensionIndex OMX.google.android.index.describeColorFormat, err [0x80001001].
06-04 18:04:47.348 373 373 W omx_vdec: <__AwOmxVdecGetExtensionIndex:1737>: GetExtensionIndex OMX.google.android.index.describeColorFormat2, err [0x80001001].
06-04 18:04:47.348 373 373 E omx_vdec: : erro: pParamData->nIndex > m_sPortFormatType.nIndex
06-04 18:04:47.349 373 373 W omx_vdec: <__AwOmxVdecGetExtensionIndex:1737>: GetExtensionIndex OMX.google.android.index.describeColorFormat, err [0x80001001].
06-04 18:04:47.350 373 373 W omx_vdec: <__AwOmxVdecGetExtensionIndex:1737>: GetExtensionIndex OMX.google.android.index.describeColorFormat2, err [0x80001001].
06-04 18:04:47.350 373 373 E omx_vdec: : erro: pParamData->nIndex > m_sPortFormatType.nIndex
06-04 18:04:47.350 373 373 W omx_vdec: <__AwOmxVdecGetExtensionIndex:1737>: GetExtensionIndex OMX.google.android.index.describeColorFormat, err [0x80001001].
06-04 18:04:47.350 373 373 W omx_vdec: <__AwOmxVdecGetExtensionIndex:1737>: GetExtensionIndex OMX.google.android.index.describeColorFormat2, err [0x80001001].
06-04 18:04:47.350 373 373 E omx_vdec: : erro: pParamData->nIndex > m_sPortFormatType.nIndex
06-04 18:04:47.351 373 373 W omx_vdec: <__AwOmxVdecGetExtensionIndex:1737>: GetExtensionIndex OMX.google.android.index.describeColorFormat, err [0x80001001].
06-04 18:04:47.351 373 373 W omx_vdec: <__AwOmxVdecGetExtensionIndex:1737>: GetExtensionIndex OMX.google.android.index.describeColorFormat2, err [0x80001001].
06-04 18:04:47.351 373 373 E omx_vdec: : erro: pParamData->nIndex > m_sPortFormatType.nIndex
06-04 18:04:47.351 373 373 W omx_vdec: <__AwOmxVdecGetExtensionIndex:1737>: GetExtensionIndex OMX.google.android.index.describeColorFormat, err [0x80001001].
06-04 18:04:47.351 373 373 W omx_vdec: <__AwOmxVdecGetExtensionIndex:1737>: GetExtensionIndex OMX.google.android.index.describeColorFormat2, err [0x80001001].
06-04 18:04:47.351 373 373 E omx_vdec: : erro: pParamData->nIndex > m_sPortFormatType.nIndex
06-04 18:04:47.351 373 373 W omx_vdec: <__AwOmxVdecGetExtensionIndex:1737>: GetExtensionIndex OMX.google.android.index.describeColorFormat, err [0x80001001].
06-04 18:04:47.352 184 184 E servicemanager: Could not find android.hardware.gnss.IGnss/default in the VINTF manifest.
06-04 18:04:47.352 468 516 D CompatibilityChangeReporter: Compat change id reported: 168419799; UID 1000; state: DISABLED
06-04 18:04:47.352 468 468 D GnssLocationProviderJni: Trying IGnss_V2_1::getService()
06-04 18:04:47.353 373 373 W omx_vdec: <__AwOmxVdecGetExtensionIndex:1737>: GetExtensionIndex OMX.google.android.index.describeColorFormat2, err [0x80001001].
06-04 18:04:47.353 185 185 I hwservicemanager: getTransport: Cannot find entry android.hardware.gnss@2.1::IGnss/default in either framework or device VINTF manifest.
06-04 18:04:47.353 373 373 E omx_vdec: : erro: pParamData->nIndex > m_sPortFormatType.nIndex
06-04 18:04:47.354 468 468 D GnssLocationProviderJni: gnssHal 2.1 was null, trying 2.0
06-04 18:04:47.354 373 373 W omx_vdec: <__AwOmxVdecGetExtensionIndex:1737>: GetExtensionIndex OMX.google.android.index.describeColorFormat, err [0x80001001].
06-04 18:04:47.354 373 373 W omx_vdec: <__AwOmxVdecGetExtensionIndex:1737>: GetExtensionIndex OMX.google.android.index.describeColorFormat2, err [0x80001001].
06-04 18:04:47.354 373 373 E omx_vdec: : erro: pParamData->nIndex > m_sPortFormatType.nIndex
06-04 18:04:47.354 185 185 I hwservicemanager: getTransport: Cannot find entry android.hardware.gnss@2.0::IGnss/default in either framework or device VINTF manifest.
06-04 18:04:47.354 373 373 W omx_vdec: <__AwOmxVdecGetExtensionIndex:1737>: GetExtensionIndex OMX.google.android.index.describeColorFormat, err [0x80001001].
06-04 18:04:47.354 373 373 W omx_vdec: <__AwOmxVdecGetExtensionIndex:1737>: GetExtensionIndex OMX.google.android.index.describeColorFormat2, err [0x80001001].
06-04 18:04:47.354 468 468 D GnssLocationProviderJni: gnssHal 2.0 was null, trying 1.1
06-04 18:04:47.354 373 373 E omx_vdec: : erro: pParamData->nIndex > m_sPortFormatType.nIndex
06-04 18:04:47.354 373 373 W omx_vdec: <__AwOmxVdecGetExtensionIndex:1737>: GetExtensionIndex OMX.google.android.index.describeColorFormat, err [0x80001001].
06-04 18:04:47.354 373 373 W omx_vdec: <__AwOmxVdecGetExtensionIndex:1737>: GetExtensionIndex OMX.google.android.index.describeColorFormat2, err [0x80001001].
06-04 18:04:47.355 373 373 E omx_vdec: : erro: pParamData->nIndex > m_sPortFormatType.nIndex
06-04 18:04:47.355 185 185 I hwservicemanager: getTransport: Cannot find entry android.hardware.gnss@1.1::IGnss/default in either framework or device VINTF manifest.
06-04 18:04:47.355 373 373 W omx_vdec: <__AwOmxVdecGetExtensionIndex:1737>: GetExtensionIndex OMX.google.android.index.describeColorFormat, err [0x80001001].
06-04 18:04:47.355 373 373 W omx_vdec: <__AwOmxVdecGetExtensionIndex:1737>: GetExtensionIndex OMX.google.android.index.describeColorFormat2, err [0x80001001].
06-04 18:04:47.355 468 468 D GnssLocationProviderJni: gnssHal 1.1 was null, trying 1.0
06-04 18:04:47.355 668 668 V GraphicsEnvironment: ANGLE Developer option for 'com.android.bluetooth' set to: 'default'
06-04 18:04:47.355 185 185 I hwservicemanager: getTransport: Cannot find entry android.hardware.gnss@1.0::IGnss/default in either framework or device VINTF manifest.
06-04 18:04:47.355 373 373 E omx_vdec: : erro: pParamData->nIndex > m_sPortFormatType.nIndex
06-04 18:04:47.355 373 373 W omx_vdec: <__AwOmxVdecGetExtensionIndex:1737>: GetExtensionIndex OMX.google.android.index.describeColorFormat, err [0x80001001].
06-04 18:04:47.356 373 373 W omx_vdec: <__AwOmxVdecGetExtensionIndex:1737>: GetExtensionIndex OMX.google.android.index.describeColorFormat2, err [0x80001001].
06-04 18:04:47.356 373 373 E omx_vdec: : erro: pParamData->nIndex > m_sPortFormatType.nIndex
06-04 18:04:47.356 373 373 W omx_vdec: <__AwOmxVdecGetExtensionIndex:1737>: GetExtensionIndex OMX.google.android.index.describeColorFormat, err [0x80001001].
06-04 18:04:47.356 373 373 W omx_vdec: <__AwOmxVdecGetExtensionIndex:1737>: GetExtensionIndex OMX.google.android.index.describeColorFormat2, err [0x80001001].
06-04 18:04:47.356 373 373 E omx_vdec: : erro: pParamData->nIndex > m_sPortFormatType.nIndex
06-04 18:04:47.356 373 373 W omx_vdec: <__AwOmxVdecGetExtensionIndex:1737>: GetExtensionIndex OMX.google.android.index.describeColorFormat, err [0x80001001].
06-04 18:04:47.356 373 373 W omx_vdec: <__AwOmxVdecGetExtensionIndex:1737>: GetExtensionIndex OMX.google.android.index.describeColorFormat2, err [0x80001001].
06-04 18:04:47.356 373 373 E omx_vdec: : erro: pParamData->nIndex > m_sPortFormatType.nIndex
06-04 18:04:47.357 373 373 W omx_vdec: <__AwOmxVdecGetExtensionIndex:1737>: GetExtensionIndex OMX.google.android.index.describeColorFormat, err [0x80001001].
06-04 18:04:47.357 373 373 W omx_vdec: <__AwOmxVdecGetExtensionIndex:1737>: GetExtensionIndex OMX.google.android.index.describeColorFormat2, err [0x80001001].
06-04 18:04:47.357 373 373 E omx_vdec: : erro: pParamData->nIndex > m_sPortFormatType.nIndex
06-04 18:04:47.357 373 373 W omx_vdec: <__AwOmxVdecGetExtensionIndex:1737>: GetExtensionIndex OMX.google.android.index.describeColorFormat, err [0x80001001].
06-04 18:04:47.357 373 373 W omx_vdec: <__AwOmxVdecGetExtensionIndex:1737>: GetExtensionIndex OMX.google.android.index.describeColorFormat2, err [0x80001001].
06-04 18:04:47.357 373 373 E omx_vdec: : erro: pParamData->nIndex > m_sPortFormatType.nIndex
06-04 18:04:47.357 373 373 W omx_vdec: <__AwOmxVdecGetExtensionIndex:1737>: GetExtensionIndex OMX.google.android.index.describeColorFormat, err [0x80001001].
06-04 18:04:47.357 373 373 W omx_vdec: <__AwOmxVdecGetExtensionIndex:1737>: GetExtensionIndex OMX.google.android.index.describeColorFormat2, err [0x80001001].
06-04 18:04:47.357 668 668 V GraphicsEnvironment: Neither updatable production driver nor prerelease driver is supported.
06-04 18:04:47.358 373 373 E omx_vdec: : erro: pParamData->nIndex > m_sPortFormatType.nIndex
06-04 18:04:47.358 373 373 W omx_vdec: <__AwOmxVdecGetExtensionIndex:1737>: GetExtensionIndex OMX.google.android.index.describeColorFormat, err [0x80001001].
06-04 18:04:47.358 373 373 W omx_vdec: <__AwOmxVdecGetExtensionIndex:1737>: GetExtensionIndex OMX.google.android.index.describeColorFormat2, err [0x80001001].
06-04 18:04:47.358 373 373 E omx_vdec: : erro: pParamData->nIndex > m_sPortFormatType.nIndex
06-04 18:04:47.358 373 373 W omx_vdec: <__AwOmxVdecGetExtensionIndex:1737>: GetExtensionIndex OMX.google.android.index.describeColorFormat, err [0x80001001].
06-04 18:04:47.358 373 373 W omx_vdec: <__AwOmxVdecGetExtensionIndex:1737>: GetExtensionIndex OMX.google.android.index.describeColorFormat2, err [0x80001001].
06-04 18:04:47.358 373 373 E omx_vdec: : erro: pParamData->nIndex > m_sPortFormatType.nIndex
06-04 18:04:47.358 373 373 W omx_vdec: <__AwOmxVdecGetExtensionIndex:1737>: GetExtensionIndex OMX.google.android.index.describeColorFormat, err [0x80001001].
06-04 18:04:47.359 373 373 W omx_vdec: <__AwOmxVdecGetExtensionIndex:1737>: GetExtensionIndex OMX.google.android.index.describeColorFormat2, err [0x80001001].
06-04 18:04:47.359 373 373 E omx_vdec: : erro: pParamData->nIndex > m_sPortFormatType.nIndex
06-04 18:04:47.359 373 373 W omx_vdec: <__AwOmxVdecGetExtensionIndex:1737>: GetExtensionIndex OMX.google.android.index.describeColorFormat, err [0x80001001].
06-04 18:04:47.359 373 373 W omx_vdec: <__AwOmxVdecGetExtensionIndex:1737>: GetExtensionIndex OMX.google.android.index.describeColorFormat2, err [0x80001001].
06-04 18:04:47.359 373 373 E omx_vdec: : erro: pParamData->nIndex > m_sPortFormatType.nIndex
06-04 18:04:47.359 373 373 W omx_vdec: <__AwOmxVdecGetExtensionIndex:1737>: GetExtensionIndex OMX.google.android.index.describeColorFormat, err [0x80001001].
06-04 18:04:47.359 373 373 W omx_vdec: <__AwOmxVdecGetExtensionIndex:1737>: GetExtensionIndex OMX.google.android.index.describeColorFormat2, err [0x80001001].
06-04 18:04:47.359 373 373 E omx_vdec: : erro: pParamData->nIndex > m_sPortFormatType.nIndex
06-04 18:04:47.360 373 373 W omx_vdec: <__AwOmxVdecGetExtensionIndex:1737>: GetExtensionIndex OMX.google.android.index.describeColorFormat, err [0x80001001].
06-04 18:04:47.360 373 373 W omx_vdec: <__AwOmxVdecGetExtensionIndex:1737>: GetExtensionIndex OMX.google.android.index.describeColorFormat2, err [0x80001001].
06-04 18:04:47.360 373 373 E omx_vdec: : erro: pParamData->nIndex > m_sPortFormatType.nIndex
06-04 18:04:47.360 373 373 W omx_vdec: <__AwOmxVdecGetExtensionIndex:1737>: GetExtensionIndex OMX.google.android.index.describeColorFormat, err [0x80001001].
06-04 18:04:47.360 373 373 W omx_vdec: <__AwOmxVdecGetExtensionIndex:1737>: GetExtensionIndex OMX.google.android.index.describeColorFormat2, err [0x80001001].
06-04 18:04:47.360 373 373 E omx_vdec: : erro: pParamData->nIndex > m_sPortFormatType.nIndex
06-04 18:04:47.360 373 373 W omx_vdec: <__AwOmxVdecGetExtensionIndex:1737>: GetExtensionIndex OMX.google.android.index.describeColorFormat, err [0x80001001].
06-04 18:04:47.360 373 373 W omx_vdec: <__AwOmxVdecGetExtensionIndex:1737>: GetExtensionIndex OMX.google.android.index.describeColorFormat2, err [0x80001001].
06-04 18:04:47.361 373 373 E omx_vdec: : erro: pParamData->nIndex > m_sPortFormatType.nIndex
06-04 18:04:47.361 373 373 W omx_vdec: <__AwOmxVdecGetExtensionIndex:1737>: GetExtensionIndex OMX.google.android.index.describeColorFormat, err [0x80001001].
06-04 18:04:47.361 373 373 W omx_vdec: <__AwOmxVdecGetExtensionIndex:1737>: GetExtensionIndex OMX.google.android.index.describeColorFormat2, err [0x80001001].
06-04 18:04:47.361 373 373 E omx_vdec: : erro: pParamData->nIndex > m_sPortFormatType.nIndex
06-04 18:04:47.361 373 373 W omx_vdec: <__AwOmxVdecGetExtensionIndex:1737>: GetExtensionIndex OMX.google.android.index.describeColorFormat, err [0x80001001].
06-04 18:04:47.361 373 373 W omx_vdec: <__AwOmxVdecGetExtensionIndex:1737>: GetExtensionIndex OMX.google.android.index.describeColorFormat2, err [0x80001001].
06-04 18:04:47.362 668 668 D NetworkSecurityConfig: No Network Security Config specified, using platform default
06-04 18:04:47.362 373 373 E omx_vdec: : erro: pParamData->nIndex > m_sPortFormatType.nIndex
06-04 18:04:47.362 373 373 W omx_vdec: <__AwOmxVdecGetExtensionIndex:1737>: GetExtensionIndex OMX.google.android.index.describeColorFormat, err [0x80001001].
06-04 18:04:47.362 373 373 W omx_vdec: <__AwOmxVdecGetExtensionIndex:1737>: GetExtensionIndex OMX.google.android.index.describeColorFormat2, err [0x80001001].
06-04 18:04:47.362 373 373 E omx_vdec: : erro: pParamData->nIndex > m_sPortFormatType.nIndex
06-04 18:04:47.362 373 373 W omx_vdec: <__AwOmxVdecGetExtensionIndex:1737>: GetExtensionIndex OMX.google.android.index.describeColorFormat, err [0x80001001].
06-04 18:04:47.362 373 373 W omx_vdec: <__AwOmxVdecGetExtensionIndex:1737>: GetExtensionIndex OMX.google.android.index.describeColorFormat2, err [0x80001001].
06-04 18:04:47.362 373 373 E omx_vdec: : erro: pParamData->nIndex > m_sPortFormatType.nIndex
06-04 18:04:47.363 373 373 W omx_vdec: <__AwOmxVdecGetExtensionIndex:1737>: GetExtensionIndex OMX.google.android.index.describeColorFormat, err [0x80001001].
06-04 18:04:47.363 373 373 W omx_vdec: <__AwOmxVdecGetExtensionIndex:1737>: GetExtensionIndex OMX.google.android.index.describeColorFormat2, err [0x80001001].
06-04 18:04:47.363 668 668 D NetworkSecurityConfig: No Network Security Config specified, using platform default
06-04 18:04:47.363 373 373 E omx_vdec: : erro: pParamData->nIndex > m_sPortFormatType.nIndex
06-04 18:04:47.363 373 373 W omx_vdec: <__AwOmxVdecGetExtensionIndex:1737>: GetExtensionIndex OMX.google.android.index.describeColorFormat, err [0x80001001].
06-04 18:04:47.363 373 373 W omx_vdec: <__AwOmxVdecGetExtensionIndex:1737>: GetExtensionIndex OMX.google.android.index.describeColorFormat2, err [0x80001001].
06-04 18:04:47.363 373 373 E omx_vdec: : erro: pParamData->nIndex > m_sPortFormatType.nIndex
06-04 18:04:47.363 373 373 W omx_vdec: <__AwOmxVdecGetExtensionIndex:1737>: GetExtensionIndex OMX.google.android.index.describeColorFormat, err [0x80001001].
06-04 18:04:47.363 373 373 W omx_vdec: <__AwOmxVdecGetExtensionIndex:1737>: GetExtensionIndex OMX.google.android.index.describeColorFormat2, err [0x80001001].
06-04 18:04:47.363 363 485 W ACodec : [OMX.allwinner.video.decoder.hevc] stopping checking formats after 32: COLOR_FormatYUV420Planar(13)
06-04 18:04:47.364 373 373 W omx_vdec: <__AwOmxVdecGetExtensionIndex:1737>: GetExtensionIndex OMX.google.android.index.configureVideoTunnelMode, err [0x80001001].
06-04 18:04:47.364 373 373 E OMXNodeInstance: getExtensionIndex(0xf09b0000:allwinner.decoder.hevc, OMX.google.android.index.configureVideoTunnelMode) ERROR: Undefined(0x80001001)
06-04 18:04:47.364 363 485 D MediaCodecInfo: detail feature-tunneled-playback wasn't present to remove
06-04 18:04:47.364 373 373 W omx_vdec: <__AwOmxVdecGetExtensionIndex:1737>: GetExtensionIndex OMX.google.android.index.storeANWBufferInMetadata, err [0x80001001].
06-04 18:04:47.364 373 373 W omx_vdec_aw: <__anSetExtPara:3011>: Setparameter: unknown param 2131755011
06-04 18:04:47.364 373 373 W OMXNodeInstance: [0xf09b0000:allwinner.decoder.hevc] component does not support metadata mode; using fallback
06-04 18:04:47.364 373 733 W libc : invalid pthread_t (0) passed to pthread_join
06-04 18:04:47.364 373 733 W libc : invalid pthread_t (0) passed to pthread_join
06-04 18:04:47.364 373 733 W libc : invalid pthread_t (0) passed to pthread_join
06-04 18:04:47.367 363 485 I OMXClient: IOmx service obtained
06-04 18:04:47.367 373 373 I OMXStore: makeComponentInstance(OMX.allwinner.video.decoder.hevc.secure) in android.hardwar process
06-04 18:04:47.364 267 267 I EventThread: type=1400 audit(0.0:321): avc: denied { search } for name="extcon" dev="sysfs" ino=18109 scontext=u:r:hal_tv_cec_default:s0 tcontext=u:object_r:sysfs_extcon:s0 tclass=dir permissive=1
06-04 18:04:47.368 468 581 W PackageManager: Loading a package that does not exist for the calling user. package=null, user=0
06-04 18:04:47.368 373 373 E omx_vdec: : This platform does not support secure video playback
06-04 18:04:47.368 373 373 E omx_sem : : handle is null
06-04 18:04:47.368 373 373 E omx_sem : : handle is null
06-04 18:04:47.368 373 373 E omx_sem : : handle is null
06-04 18:04:47.368 373 373 E omx_sem : : handle is null
06-04 18:04:47.368 373 373 E omx_sem : : handle is null
06-04 18:04:47.368 373 373 W omx_vdec_aw: : pdec is null
06-04 18:04:47.368 373 373 E android.hardware.media.omx@1.0-service: Failed to allocate omx component 'OMX.allwinner.video.decoder.hevc.secure' err=InvalidComponentName(0x80001002)
06-04 18:04:47.368 704 704 D nativeloader: classloader namespace configured for unbundled product apk. library_path=/product/app/webview/lib/arm:/product/app/webview/webview.apk!/lib/armeabi-v7a:/product/lib:/system/product/lib
06-04 18:04:47.369 363 485 W OmxInfoBuilder: Fail to add media type video/hevc to codec OMX.allwinner.video.decoder.hevc.secure
06-04 18:04:47.370 363 485 I OMXClient: IOmx service obtained
06-04 18:04:47.370 373 373 I OMXStore: makeComponentInstance(OMX.allwinner.video.decoder.mpeg2) in android.hardwar process
06-04 18:04:47.371 373 373 I omx_vdec_aw: : OmxDecoderCreate.
06-04 18:04:47.372 373 373 W omx_vdec: <__AwOmxVdecSetParameter:1561>: Set Parameter called in valid state
06-04 18:04:47.372 373 373 W omx_vdec: : pParamProfileLevel->nProfileIndex[0x2] error!
06-04 18:04:47.372 373 373 E OMXNodeInstance: getParameter(0xf09b0000:allwinner.decoder.mpeg2, ParamVideoProfileLevelQuerySupported(0x600000f)) ERROR: BadParameter(0x80001005)
06-04 18:04:47.372 373 373 W omx_vdec: <__AwOmxVdecGetExtensionIndex:1737>: GetExtensionIndex OMX.google.android.index.describeColorFormat, err [0x80001001].
06-04 18:04:47.372 373 373 W omx_vdec: <__AwOmxVdecGetExtensionIndex:1737>: GetExtensionIndex OMX.google.android.index.describeColorFormat2, err [0x80001001].
06-04 18:04:47.373 373 373 E omx_vdec: : erro: pParamData->nIndex > m_sPortFormatType.nIndex
06-04 18:04:47.373 373 373 W omx_vdec: <__AwOmxVdecGetExtensionIndex:1737>: GetExtensionIndex OMX.google.android.index.describeColorFormat, err [0x80001001].
06-04 18:04:47.373 373 373 W omx_vdec: <__AwOmxVdecGetExtensionIndex:1737>: GetExtensionIndex OMX.google.android.index.describeColorFormat2, err [0x80001001].
06-04 18:04:47.373 373 373 E omx_vdec: : erro: pParamData->nIndex > m_sPortFormatType.nIndex
06-04 18:04:47.373 373 373 W omx_vdec: <__AwOmxVdecGetExtensionIndex:1737>: GetExtensionIndex OMX.google.android.index.describeColorFormat, err [0x80001001].
06-04 18:04:47.373 373 373 W omx_vdec: <__AwOmxVdecGetExtensionIndex:1737>: GetExtensionIndex OMX.google.android.index.describeColorFormat2, err [0x80001001].
06-04 18:04:47.373 373 373 E omx_vdec: : erro: pParamData->nIndex > m_sPortFormatType.nIndex
06-04 18:04:47.373 373 373 W omx_vdec: <__AwOmxVdecGetExtensionIndex:1737>: GetExtensionIndex OMX.google.android.index.describeColorFormat, err [0x80001001].
06-04 18:04:47.374 373 373 W omx_vdec: <__AwOmxVdecGetExtensionIndex:1737>: GetExtensionIndex OMX.google.android.index.describeColorFormat2, err [0x80001001].
06-04 18:04:47.374 373 373 E omx_vdec: : erro: pParamData->nIndex > m_sPortFormatType.nIndex
06-04 18:04:47.374 373 373 W omx_vdec: <__AwOmxVdecGetExtensionIndex:1737>: GetExtensionIndex OMX.google.android.index.describeColorFormat, err [0x80001001].
06-04 18:04:47.374 373 373 W omx_vdec: <__AwOmxVdecGetExtensionIndex:1737>: GetExtensionIndex OMX.google.android.index.describeColorFormat2, err [0x80001001].
06-04 18:04:47.374 373 373 E omx_vdec: : erro: pParamData->nIndex > m_sPortFormatType.nIndex
06-04 18:04:47.374 373 373 W omx_vdec: <__AwOmxVdecGetExtensionIndex:1737>: GetExtensionIndex OMX.google.android.index.describeColorFormat, err [0x80001001].
06-04 18:04:47.374 373 373 W omx_vdec: <__AwOmxVdecGetExtensionIndex:1737>: GetExtensionIndex OMX.google.android.index.describeColorFormat2, err [0x80001001].
06-04 18:04:47.374 373 373 E omx_vdec: : erro: pParamData->nIndex > m_sPortFormatType.nIndex
06-04 18:04:47.374 373 373 W omx_vdec: <__AwOmxVdecGetExtensionIndex:1737>: GetExtensionIndex OMX.google.android.index.describeColorFormat, err [0x80001001].
06-04 18:04:47.375 373 373 W omx_vdec: <__AwOmxVdecGetExtensionIndex:1737>: GetExtensionIndex OMX.google.android.index.describeColorFormat2, err [0x80001001].
06-04 18:04:47.375 373 373 E omx_vdec: : erro: pParamData->nIndex > m_sPortFormatType.nIndex
06-04 18:04:47.375 373 373 W omx_vdec: <__AwOmxVdecGetExtensionIndex:1737>: GetExtensionIndex OMX.google.android.index.describeColorFormat, err [0x80001001].
06-04 18:04:47.375 373 373 W omx_vdec: <__AwOmxVdecGetExtensionIndex:1737>: GetExtensionIndex OMX.google.android.index.describeColorFormat2, err [0x80001001].
06-04 18:04:47.375 373 373 E omx_vdec: : erro: pParamData->nIndex > m_sPortFormatType.nIndex
06-04 18:04:47.375 373 373 W omx_vdec: <__AwOmxVdecGetExtensionIndex:1737>: GetExtensionIndex OMX.google.android.index.describeColorFormat, err [0x80001001].
06-04 18:04:47.375 373 373 W omx_vdec: <__AwOmxVdecGetExtensionIndex:1737>: GetExtensionIndex OMX.google.android.index.describeColorFormat2, err [0x80001001].
06-04 18:04:47.375 373 373 E omx_vdec: : erro: pParamData->nIndex > m_sPortFormatType.nIndex
06-04 18:04:47.375 373 373 W omx_vdec: <__AwOmxVdecGetExtensionIndex:1737>: GetExtensionIndex OMX.google.android.index.describeColorFormat, err [0x80001001].
06-04 18:04:47.376 373 373 W omx_vdec: <__AwOmxVdecGetExtensionIndex:1737>: GetExtensionIndex OMX.google.android.index.describeColorFormat2, err [0x80001001].
06-04 18:04:47.376 373 373 E omx_vdec: : erro: pParamData->nIndex > m_sPortFormatType.nIndex
06-04 18:04:47.376 373 373 W omx_vdec: <__AwOmxVdecGetExtensionIndex:1737>: GetExtensionIndex OMX.google.android.index.describeColorFormat, err [0x80001001].
06-04 18:04:47.376 373 373 W omx_vdec: <__AwOmxVdecGetExtensionIndex:1737>: GetExtensionIndex OMX.google.android.index.describeColorFormat2, err [0x80001001].
06-04 18:04:47.376 373 373 E omx_vdec: : erro: pParamData->nIndex > m_sPortFormatType.nIndex
06-04 18:04:47.376 373 373 W omx_vdec: <__AwOmxVdecGetExtensionIndex:1737>: GetExtensionIndex OMX.google.android.index.describeColorFormat, err [0x80001001].
06-04 18:04:47.376 373 373 W omx_vdec: <__AwOmxVdecGetExtensionIndex:1737>: GetExtensionIndex OMX.google.android.index.describeColorFormat2, err [0x80001001].
06-04 18:04:47.376 373 373 E omx_vdec: : erro: pParamData->nIndex > m_sPortFormatType.nIndex
06-04 18:04:47.376 373 373 W omx_vdec: <__AwOmxVdecGetExtensionIndex:1737>: GetExtensionIndex OMX.google.android.index.describeColorFormat, err [0x80001001].
06-04 18:04:47.376 373 373 W omx_vdec: <__AwOmxVdecGetExtensionIndex:1737>: GetExtensionIndex OMX.google.android.index.describeColorFormat2, err [0x80001001].
06-04 18:04:47.377 373 373 E omx_vdec: : erro: pParamData->nIndex > m_sPortFormatType.nIndex
06-04 18:04:47.377 373 373 W omx_vdec: <__AwOmxVdecGetExtensionIndex:1737>: GetExtensionIndex OMX.google.android.index.describeColorFormat, err [0x80001001].
06-04 18:04:47.377 373 373 W omx_vdec: <__AwOmxVdecGetExtensionIndex:1737>: GetExtensionIndex OMX.google.android.index.describeColorFormat2, err [0x80001001].
06-04 18:04:47.377 373 373 E omx_vdec: : erro: pParamData->nIndex > m_sPortFormatType.nIndex
06-04 18:04:47.377 373 373 W omx_vdec: <__AwOmxVdecGetExtensionIndex:1737>: GetExtensionIndex OMX.google.android.index.describeColorFormat, err [0x80001001].
06-04 18:04:47.377 373 373 W omx_vdec: <__AwOmxVdecGetExtensionIndex:1737>: GetExtensionIndex OMX.google.android.index.describeColorFormat2, err [0x80001001].
06-04 18:04:47.377 373 373 E omx_vdec: : erro: pParamData->nIndex > m_sPortFormatType.nIndex
06-04 18:04:47.377 373 373 W omx_vdec: <__AwOmxVdecGetExtensionIndex:1737>: GetExtensionIndex OMX.google.android.index.describeColorFormat, err [0x80001001].
06-04 18:04:47.377 373 373 W omx_vdec: <__AwOmxVdecGetExtensionIndex:1737>: GetExtensionIndex OMX.google.android.index.describeColorFormat2, err [0x80001001].
06-04 18:04:47.377 373 373 E omx_vdec: : erro: pParamData->nIndex > m_sPortFormatType.nIndex
06-04 18:04:47.378 373 373 W omx_vdec: <__AwOmxVdecGetExtensionIndex:1737>: GetExtensionIndex OMX.google.android.index.describeColorFormat, err [0x80001001].
06-04 18:04:47.378 373 373 W omx_vdec: <__AwOmxVdecGetExtensionIndex:1737>: GetExtensionIndex OMX.google.android.index.describeColorFormat2, err [0x80001001].
06-04 18:04:47.378 373 373 E omx_vdec: : erro: pParamData->nIndex > m_sPortFormatType.nIndex
06-04 18:04:47.378 373 373 W omx_vdec: <__AwOmxVdecGetExtensionIndex:1737>: GetExtensionIndex OMX.google.android.index.describeColorFormat, err [0x80001001].
06-04 18:04:47.378 373 373 W omx_vdec: <__AwOmxVdecGetExtensionIndex:1737>: GetExtensionIndex OMX.google.android.index.describeColorFormat2, err [0x80001001].
06-04 18:04:47.378 373 373 E omx_vdec: : erro: pParamData->nIndex > m_sPortFormatType.nIndex
06-04 18:04:47.378 373 373 W omx_vdec: <__AwOmxVdecGetExtensionIndex:1737>: GetExtensionIndex OMX.google.android.index.describeColorFormat, err [0x80001001].
06-04 18:04:47.378 373 373 W omx_vdec: <__AwOmxVdecGetExtensionIndex:1737>: GetExtensionIndex OMX.google.android.index.describeColorFormat2, err [0x80001001].
06-04 18:04:47.378 373 373 E omx_vdec: : erro: pParamData->nIndex > m_sPortFormatType.nIndex
06-04 18:04:47.379 373 373 W omx_vdec: <__AwOmxVdecGetExtensionIndex:1737>: GetExtensionIndex OMX.google.android.index.describeColorFormat, err [0x80001001].
06-04 18:04:47.379 373 373 W omx_vdec: <__AwOmxVdecGetExtensionIndex:1737>: GetExtensionIndex OMX.google.android.index.describeColorFormat2, err [0x80001001].
06-04 18:04:47.379 373 373 E omx_vdec: : erro: pParamData->nIndex > m_sPortFormatType.nIndex
06-04 18:04:47.379 373 373 W omx_vdec: <__AwOmxVdecGetExtensionIndex:1737>: GetExtensionIndex OMX.google.android.index.describeColorFormat, err [0x80001001].
06-04 18:04:47.379 373 373 W omx_vdec: <__AwOmxVdecGetExtensionIndex:1737>: GetExtensionIndex OMX.google.android.index.describeColorFormat2, err [0x80001001].
06-04 18:04:47.379 373 373 E omx_vdec: : erro: pParamData->nIndex > m_sPortFormatType.nIndex
06-04 18:04:47.379 373 373 W omx_vdec: <__AwOmxVdecGetExtensionIndex:1737>: GetExtensionIndex OMX.google.android.index.describeColorFormat, err [0x80001001].
06-04 18:04:47.379 373 373 W omx_vdec: <__AwOmxVdecGetExtensionIndex:1737>: GetExtensionIndex OMX.google.android.index.describeColorFormat2, err [0x80001001].
06-04 18:04:47.379 373 373 E omx_vdec: : erro: pParamData->nIndex > m_sPortFormatType.nIndex
06-04 18:04:47.379 373 373 W omx_vdec: <__AwOmxVdecGetExtensionIndex:1737>: GetExtensionIndex OMX.google.android.index.describeColorFormat, err [0x80001001].
06-04 18:04:47.380 373 373 W omx_vdec: <__AwOmxVdecGetExtensionIndex:1737>: GetExtensionIndex OMX.google.android.index.describeColorFormat2, err [0x80001001].
06-04 18:04:47.380 373 373 E omx_vdec: : erro: pParamData->nIndex > m_sPortFormatType.nIndex
06-04 18:04:47.380 373 373 W omx_vdec: <__AwOmxVdecGetExtensionIndex:1737>: GetExtensionIndex OMX.google.android.index.describeColorFormat, err [0x80001001].
06-04 18:04:47.380 373 373 W omx_vdec: <__AwOmxVdecGetExtensionIndex:1737>: GetExtensionIndex OMX.google.android.index.describeColorFormat2, err [0x80001001].
06-04 18:04:47.380 373 373 E omx_vdec: : erro: pParamData->nIndex > m_sPortFormatType.nIndex
06-04 18:04:47.380 373 373 W omx_vdec: <__AwOmxVdecGetExtensionIndex:1737>: GetExtensionIndex OMX.google.android.index.describeColorFormat, err [0x80001001].
06-04 18:04:47.380 373 373 W omx_vdec: <__AwOmxVdecGetExtensionIndex:1737>: GetExtensionIndex OMX.google.android.index.describeColorFormat2, err [0x80001001].
06-04 18:04:47.380 373 373 E omx_vdec: : erro: pParamData->nIndex > m_sPortFormatType.nIndex
06-04 18:04:47.380 373 373 W omx_vdec: <__AwOmxVdecGetExtensionIndex:1737>: GetExtensionIndex OMX.google.android.index.describeColorFormat, err [0x80001001].
06-04 18:04:47.380 373 373 W omx_vdec: <__AwOmxVdecGetExtensionIndex:1737>: GetExtensionIndex OMX.google.android.index.describeColorFormat2, err [0x80001001].
06-04 18:04:47.381 373 373 E omx_vdec: : erro: pParamData->nIndex > m_sPortFormatType.nIndex
06-04 18:04:47.381 373 373 W omx_vdec: <__AwOmxVdecGetExtensionIndex:1737>: GetExtensionIndex OMX.google.android.index.describeColorFormat, err [0x80001001].
06-04 18:04:47.381 373 373 W omx_vdec: <__AwOmxVdecGetExtensionIndex:1737>: GetExtensionIndex OMX.google.android.index.describeColorFormat2, err [0x80001001].
06-04 18:04:47.381 373 373 E omx_vdec: : erro: pParamData->nIndex > m_sPortFormatType.nIndex
06-04 18:04:47.381 373 373 W omx_vdec: <__AwOmxVdecGetExtensionIndex:1737>: GetExtensionIndex OMX.google.android.index.describeColorFormat, err [0x80001001].
06-04 18:04:47.381 373 373 W omx_vdec: <__AwOmxVdecGetExtensionIndex:1737>: GetExtensionIndex OMX.google.android.index.describeColorFormat2, err [0x80001001].
06-04 18:04:47.381 373 373 E omx_vdec: : erro: pParamData->nIndex > m_sPortFormatType.nIndex
06-04 18:04:47.381 373 373 W omx_vdec: <__AwOmxVdecGetExtensionIndex:1737>: GetExtensionIndex OMX.google.android.index.describeColorFormat, err [0x80001001].
06-04 18:04:47.381 373 373 W omx_vdec: <__AwOmxVdecGetExtensionIndex:1737>: GetExtensionIndex OMX.google.android.index.describeColorFormat2, err [0x80001001].
06-04 18:04:47.381 373 373 E omx_vdec: : erro: pParamData->nIndex > m_sPortFormatType.nIndex
06-04 18:04:47.382 373 373 W omx_vdec: <__AwOmxVdecGetExtensionIndex:1737>: GetExtensionIndex OMX.google.android.index.describeColorFormat, err [0x80001001].
06-04 18:04:47.382 373 373 W omx_vdec: <__AwOmxVdecGetExtensionIndex:1737>: GetExtensionIndex OMX.google.android.index.describeColorFormat2, err [0x80001001].
06-04 18:04:47.382 373 373 E omx_vdec: : erro: pParamData->nIndex > m_sPortFormatType.nIndex
06-04 18:04:47.382 373 373 W omx_vdec: <__AwOmxVdecGetExtensionIndex:1737>: GetExtensionIndex OMX.google.android.index.describeColorFormat, err [0x80001001].
06-04 18:04:47.382 373 373 W omx_vdec: <__AwOmxVdecGetExtensionIndex:1737>: GetExtensionIndex OMX.google.android.index.describeColorFormat2, err [0x80001001].
06-04 18:04:47.382 373 373 E omx_vdec: : erro: pParamData->nIndex > m_sPortFormatType.nIndex
06-04 18:04:47.382 373 373 W omx_vdec: <__AwOmxVdecGetExtensionIndex:1737>: GetExtensionIndex OMX.google.android.index.describeColorFormat, err [0x80001001].
06-04 18:04:47.382 373 373 W omx_vdec: <__AwOmxVdecGetExtensionIndex:1737>: GetExtensionIndex OMX.google.android.index.describeColorFormat2, err [0x80001001].
06-04 18:04:47.382 373 373 E omx_vdec: : erro: pParamData->nIndex > m_sPortFormatType.nIndex
06-04 18:04:47.383 373 373 W omx_vdec: <__AwOmxVdecGetExtensionIndex:1737>: GetExtensionIndex OMX.google.android.index.describeColorFormat, err [0x80001001].
06-04 18:04:47.383 373 373 W omx_vdec: <__AwOmxVdecGetExtensionIndex:1737>: GetExtensionIndex OMX.google.android.index.describeColorFormat2, err [0x80001001].
06-04 18:04:47.383 363 485 W ACodec : [OMX.allwinner.video.decoder.mpeg2] stopping checking formats after 32: COLOR_FormatYUV420Planar(13)
06-04 18:04:47.383 373 373 W omx_vdec: <__AwOmxVdecGetExtensionIndex:1737>: GetExtensionIndex OMX.google.android.index.configureVideoTunnelMode, err [0x80001001].
06-04 18:04:47.383 373 373 E OMXNodeInstance: getExtensionIndex(0xf09b0000:allwinner.decoder.mpeg2, OMX.google.android.index.configureVideoTunnelMode) ERROR: Undefined(0x80001001)
06-04 18:04:47.383 363 485 D MediaCodecInfo: detail feature-tunneled-playback wasn't present to remove
06-04 18:04:47.383 373 373 W omx_vdec: <__AwOmxVdecGetExtensionIndex:1737>: GetExtensionIndex OMX.google.android.index.storeANWBufferInMetadata, err [0x80001001].
06-04 18:04:47.383 373 373 W omx_vdec_aw: <__anSetExtPara:3011>: Setparameter: unknown param 2131755011
06-04 18:04:47.383 373 373 W OMXNodeInstance: [0xf09b0000:allwinner.decoder.mpeg2] component does not support metadata mode; using fallback
06-04 18:04:47.383 373 737 W libc : invalid pthread_t (0) passed to pthread_join
06-04 18:04:47.383 373 737 W libc : invalid pthread_t (0) passed to pthread_join
06-04 18:04:47.383 373 737 W libc : invalid pthread_t (0) passed to pthread_join
06-04 18:04:47.385 363 485 I OMXClient: IOmx service obtained
06-04 18:04:47.385 373 373 I OMXStore: makeComponentInstance(OMX.allwinner.video.decoder.mpeg4) in android.hardwar process
06-04 18:04:47.386 373 373 I omx_vdec_aw: : OmxDecoderCreate.
06-04 18:04:47.387 373 373 W omx_vdec: <__AwOmxVdecSetParameter:1561>: Set Parameter called in valid state
06-04 18:04:47.387 373 373 W omx_vdec: : pParamProfileLevel->nProfileIndex[0x2] error!
06-04 18:04:47.387 373 373 E OMXNodeInstance: getParameter(0xf09b0000:allwinner.decoder.mpeg4, ParamVideoProfileLevelQuerySupported(0x600000f)) ERROR: BadParameter(0x80001005)
06-04 18:04:47.387 373 373 W omx_vdec: <__AwOmxVdecGetExtensionIndex:1737>: GetExtensionIndex OMX.google.android.index.describeColorFormat, err [0x80001001].
06-04 18:04:47.387 373 373 W omx_vdec: <__AwOmxVdecGetExtensionIndex:1737>: GetExtensionIndex OMX.google.android.index.describeColorFormat2, err [0x80001001].
06-04 18:04:47.388 373 373 E omx_vdec: : erro: pParamData->nIndex > m_sPortFormatType.nIndex
06-04 18:04:47.388 373 373 W omx_vdec: <__AwOmxVdecGetExtensionIndex:1737>: GetExtensionIndex OMX.google.android.index.describeColorFormat, err [0x80001001].
06-04 18:04:47.388 373 373 W omx_vdec: <__AwOmxVdecGetExtensionIndex:1737>: GetExtensionIndex OMX.google.android.index.describeColorFormat2, err [0x80001001].
06-04 18:04:47.388 373 373 E omx_vdec: : erro: pParamData->nIndex > m_sPortFormatType.nIndex
06-04 18:04:47.388 373 373 W omx_vdec: <__AwOmxVdecGetExtensionIndex:1737>: GetExtensionIndex OMX.google.android.index.describeColorFormat, err [0x80001001].
06-04 18:04:47.388 373 373 W omx_vdec: <__AwOmxVdecGetExtensionIndex:1737>: GetExtensionIndex OMX.google.android.index.describeColorFormat2, err [0x80001001].
06-04 18:04:47.389 373 373 E omx_vdec: : erro: pParamData->nIndex > m_sPortFormatType.nIndex
06-04 18:04:47.389 373 373 W omx_vdec: <__AwOmxVdecGetExtensionIndex:1737>: GetExtensionIndex OMX.google.android.index.describeColorFormat, err [0x80001001].
06-04 18:04:47.389 373 373 W omx_vdec: <__AwOmxVdecGetExtensionIndex:1737>: GetExtensionIndex OMX.google.android.index.describeColorFormat2, err [0x80001001].
06-04 18:04:47.389 373 373 E omx_vdec: : erro: pParamData->nIndex > m_sPortFormatType.nIndex
06-04 18:04:47.389 373 373 W omx_vdec: <__AwOmxVdecGetExtensionIndex:1737>: GetExtensionIndex OMX.google.android.index.describeColorFormat, err [0x80001001].
06-04 18:04:47.389 373 373 W omx_vdec: <__AwOmxVdecGetExtensionIndex:1737>: GetExtensionIndex OMX.google.android.index.describeColorFormat2, err [0x80001001].
06-04 18:04:47.389 373 373 E omx_vdec: : erro: pParamData->nIndex > m_sPortFormatType.nIndex
06-04 18:04:47.389 373 373 W omx_vdec: <__AwOmxVdecGetExtensionIndex:1737>: GetExtensionIndex OMX.google.android.index.describeColorFormat, err [0x80001001].
06-04 18:04:47.389 373 373 W omx_vdec: <__AwOmxVdecGetExtensionIndex:1737>: GetExtensionIndex OMX.google.android.index.describeColorFormat2, err [0x80001001].
06-04 18:04:47.389 373 373 E omx_vdec: : erro: pParamData->nIndex > m_sPortFormatType.nIndex
06-04 18:04:47.390 373 373 W omx_vdec: <__AwOmxVdecGetExtensionIndex:1737>: GetExtensionIndex OMX.google.android.index.describeColorFormat, err [0x80001001].
