06-04 18:04:51.180 468 520 D ColorDisplayService: onNightDisplayAutoModeChanged: autoMode=0
06-04 18:04:51.180 468 520 I ColorDisplayService: Turning off night display
06-04 18:04:51.181 468 520 D ColorDisplayService: Setting bright color reduction level: 50
06-04 18:04:51.181 468 530 W VoiceInteractionManager: no available voice recognition services found for user 0
06-04 18:04:51.184 468 638 I BackupManagerService: Starting service for user: 0
06-04 18:04:51.362 32 32 D : [xw] after reg = 0x3
06-04 18:04:51.189 318 320 D XM_HIDREAD: add@ add@/devices/virtual/bdi/0:47
06-04 18:04:51.189 468 638 V BackupManagerService: [UserID:0] Starting with transport com.android.localtransport/.LocalTransport
06-04 18:04:51.368 167 167 I usb2 : New USB device found, idVendor=1d6b, idProduct=0002, bcdDevice= 5.04
06-04 18:04:51.195 193 193 I vold : Bind mounting /data/media to /mnt/pass_through/0/emulated
06-04 18:04:51.195 468 638 D BackupManagerService: [UserID:0] Started thread backup-0
06-04 18:04:51.200 468 605 I StorageSessionController: On volume mount VolumeInfo{emulated;0}:
06-04 18:04:51.200 468 605 I StorageSessionController: type=EMULATED diskId=null partGuid= mountFlags=PRIMARY|VISIBLE
06-04 18:04:51.200 468 605 I StorageSessionController: mountUserId=0 state=CHECKING
06-04 18:04:51.200 468 605 I StorageSessionController: fsType=null fsUuid=null fsLabel=null
06-04 18:04:51.200 468 605 I StorageSessionController: path=/storage/emulated internalPath=/data/media
06-04 18:04:51.376 32 32 I WCN : get_cp2_version entry!
06-04 18:04:51.203 468 605 I StorageSessionController: Creating connection for user: 0
06-04 18:04:51.380 167 167 I usb2 : New USB device strings: Mfr=3, Product=2, SerialNumber=1
06-04 18:04:51.208 468 605 I StorageSessionController: Creating and starting session with id: emulated;0
06-04 18:04:51.209 468 605 I StorageUserConnection: Binding to the ExternalStorageService for user 0
06-04 18:04:51.209 682 682 D SystemUIService: Starting Wifi now
06-04 18:04:51.215 468 985 I HibernationStateDiskStore: No hibernation file on disk for file /data/system_ce/0/hibernation/states
06-04 18:04:51.393 167 167 I usb2 : Product: EHCI Host Controller
06-04 18:04:51.221 468 518 D AutofillUI: destroySaveUiUiThread(): already destroyed
06-04 18:04:51.222 468 530 D AutofillManagerServiceImpl: Reset component for user 0:
06-04 18:04:51.222 468 530 D FieldClassificationStrategy: reset(): service is not bound. Do nothing.
06-04 18:04:51.224 468 529 I UsageStatsService: User[0] Rollover scheduled @ 2025-06-05 17:47:31(1749116851439)
06-04 18:04:51.224 468 530 W AppBindingService: [Default SMS app] u0 Target package not found
06-04 18:04:51.225 468 530 D SystemServerTimingAsync: ssm.UnlockingUser-0 took to complete: 92ms
06-04 18:04:51.400 167 167 I usb2 : Manufacturer: Linux 5.4.125+ ehci_hcd
06-04 18:04:51.226 468 605 D CompatibilityChangeReporter: Compat change id reported: 135634846; UID 10074; state: DISABLED
06-04 18:04:51.227 468 531 D CompatibilityChangeReporter: Compat change id reported: 143937733; UID 10074; state: ENABLED
06-04 18:04:51.227 468 638 I SELinux : SELinux: Loaded file_contexts
06-04 18:04:51.228 468 605 I StorageUserConnection: Bound to the ExternalStorageService for user 0
06-04 18:04:51.230 468 529 I UsageStatsService: User[0] Flushing usage stats to disk
06-04 18:04:51.230 468 530 I ActivityTaskManager: Loading recents for user 0 into memory.
06-04 18:04:51.409 167 167 I usb2 : SerialNumber: sunxi-ehci
06-04 18:04:51.239 468 468 W InputMethodUtils: Found no fallback locale. imis=[InputMethodInfo{com.sohu.inputmethod.sogou.tv/.SogouIME, settings: com.sohu.inputmethod.sogou.SogouIMESettingsLauncher}]
06-04 18:04:51.242 318 320 D XM_HIDREAD: add@ add@/devices/platform/soc@3000000/5200000.ehci1-controller/usb2
06-04 18:04:51.243 318 320 D XM_HIDREAD: add@ add@/devices/platform/soc@3000000/5200000.ehci1-controller/usb2/2-0:1.0
06-04 18:04:51.246 468 638 E BackupPasswordManager: Unable to read backup pw version
06-04 18:04:51.246 468 638 E BackupPasswordManager: Unable to read saved backup pw hash
06-04 18:04:51.252 468 530 V PackageConfigPersister: loadPackages: empty list files from /data/system_ce/0/package_configs
06-04 18:04:51.253 468 530 W ActivityManager: UserLifecycleEvent 5 received without an active userJourneySession.
06-04 18:04:51.253 468 530 W ActivityManager: UserLifecycleEvent 6 received without an active userJourneySession.
06-04 18:04:51.253 468 530 I ActivityManager: User 0 state changed from RUNNING_UNLOCKING to RUNNING_UNLOCKED
06-04 18:04:51.255 468 530 D SystemServerTiming: SystemUserUnlock took to complete: 1387ms
06-04 18:04:51.421 167 167 I hub 2-0 : 1.0: USB hub found
06-04 18:04:51.427 167 167 I hub 2-0 : 1.0: 1 port detected
06-04 18:04:51.262 468 530 I ActivityManager: com.dangbei.lerad.etna.haqu is exempt from freezer
06-04 18:04:51.264 468 530 D CompatibilityChangeReporter: Compat change id reported: 135634846; UID 1000; state: DISABLED
06-04 18:04:51.267 468 530 I ActivityManager: Posting BOOT_COMPLETED user #0
06-04 18:04:51.271 468 516 I AppWidgetServiceImpl: Processing of handleUserUnlocked u0 took 3 ms
06-04 18:04:51.274 468 516 W Looper : Drained
06-04 18:04:51.280 468 1020 I AppSearchUserInstanceMa: Creating new AppSearch instance at: /data/system_ce/0/appsearch/icing
06-04 18:04:51.441 167 167 W : sunxi ehci2-controller don't init wakeup source
06-04 18:04:51.448 167 167 W [sunxi-ehci2]: probe, pdev->name: 5310000.ehci2-controller, sunxi_ehci: 0xffffffc008f81d98, 0x:ffffffc01224d000, irq_no:36
06-04 18:04:51.292 318 320 D XM_HIDREAD: add@ add@/devices/virtual/devlink/regulator.8--5310000.ehci2-controller
06-04 18:04:51.295 468 497 I WifiService: setWifiEnabled package=com.android.systemui uid=10061 enable=true
06-04 18:04:51.300 468 612 D WakeupConfigStoreData: WifiWake user data has been read
06-04 18:04:51.304 468 1016 V BackupManagerConstants: getKeyValueBackupIntervalMilliseconds(...) returns 14400000
06-04 18:04:51.304 468 1016 V BackupManagerConstants: getKeyValueBackupFuzzMilliseconds(...) returns 600000
06-04 18:04:51.304 468 1016 V BackupManagerConstants: getKeyValueBackupRequiredNetworkType(...) returns 1
06-04 18:04:51.304 468 1016 V BackupManagerConstants: getKeyValueBackupRequireCharging(...) returns true
06-04 18:04:51.304 468 1016 V KeyValueBackupJob: Scheduling k/v pass in 246 minutes
06-04 18:04:51.305 668 668 D BluetoothOppFileProvider: Initialized
06-04 18:04:51.310 468 468 W InputMethodUtils: No software keyboard is found. imis=[InputMethodInfo{com.sohu.inputmethod.sogou.tv/.SogouIME, settings: com.sohu.inputmethod.sogou.SogouIMESettingsLauncher}] systemLocale=zh_CN fallbackLocale=null
06-04 18:04:51.311 468 468 W Looper : Slow dispatch took 151ms main h=android.os.Handler c=null m=5000
06-04 18:04:51.470 167 167 I sunxi-ehci 5310000.ehci2-controller: EHCI Host Controller
06-04 18:04:51.478 167 167 I sunxi-ehci 5310000.ehci2-controller: new USB bus registered, assigned bus number 3
06-04 18:04:51.317 468 612 D WifiConfigStore: Reading from user stores completed in 101 ms.
06-04 18:04:51.320 468 529 W Searchables: No global search activity found
06-04 18:04:51.322 247 247 D Zygote : Forked child process 1022
06-04 18:04:51.323 468 531 W ActivityManager: Slow operation: 99ms so far, now at startProcess: returned from zygote!
06-04 18:04:51.324 816 816 D FallbackHome: User unlocked and real home found; let's go!
06-04 18:04:51.493 167 167 I sunxi-ehci 5310000.ehci2-controller: irq 54, io mem 0x05310000
06-04 18:04:51.336 468 468 I NotificationHistory: Attempted to unlock gone/disabled user 0
06-04 18:04:51.340 468 516 D AdbService: setAdbEnabled(true), mIsAdbUsbEnabled=true, mIsAdbWifiEnabled=true, transportType=1
06-04 18:04:51.343 468 530 I SystemServerTimingAsync: ssm.UnlockedUser-0
06-04 18:04:51.343 468 530 I SystemServiceManager: Calling onUnlockedUser 0
06-04 18:04:51.347 468 531 W ActivityManager: Slow operation: 123ms so far, now at startProcess: done updating battery stats
06-04 18:04:51.348 468 531 I Watchdog: Interesting Java process com.android.providers.media.module started. Pid 1022
06-04 18:04:51.348 468 531 W ActivityManager: Slow operation: 123ms so far, now at startProcess: building log message
06-04 18:04:51.348 468 531 I ActivityManager: app.processName = com.android.providers.media.module
06-04 18:04:51.348 468 531 I ActivityManager: Start proc 1022:com.android.providers.media.module/u0a74 for service {com.android.providers.media.module/com.android.providers.media.fuse.ExternalStorageServiceImpl}
06-04 18:04:51.348 1022 1022 I Zygote : seccomp disabled by setenforce 0
06-04 18:04:51.348 468 531 W ActivityManager: Slow operation: 124ms so far, now at startProcess: starting to update pids map
06-04 18:04:51.352 468 1016 D ConnectivityService: requestNetwork for uid/pid:1000/468 activeRequest: null callbackRequest: 22 [NetworkRequest [ REQUEST id=23, [ Capabilities: INTERNET&NOT_RESTRICTED&TRUSTED&NOT_VCN_MANAGED Uid: 1000 RequestorUid: 1000 RequestorPkg: android] ]] callback flags: 0 priority: 2147483647
06-04 18:04:51.355 468 619 D ConnectivityService: NetReassign [no changes]
06-04 18:04:51.358 468 654 D Ethernet: got request NetworkRequest [ REQUEST id=23, [ Capabilities: INTERNET&NOT_RESTRICTED&TRUSTED&NOT_VCN_MANAGED Uid: 1000 RequestorUid: 1000 RequestorPkg: android] ]
06-04 18:04:51.359 468 654 D EthernetNetworkFactory: acceptRequest, request: NetworkRequest [ REQUEST id=23, [ Capabilities: INTERNET&NOT_RESTRICTED&TRUSTED&NOT_VCN_MANAGED Uid: 1000 RequestorUid: 1000 RequestorPkg: android] ]
06-04 18:04:51.360 468 531 W ActivityManager: Slow operation: 132ms so far, now at startProcess: done updating pids map
06-04 18:04:51.360 468 654 I EthernetNetworkFactory: networkForRequest, request: NetworkRequest [ REQUEST id=23, [ Capabilities: INTERNET&NOT_RESTRICTED&TRUSTED&NOT_VCN_MANAGED Uid: 1000 RequestorUid: 1000 RequestorPkg: android] ], network: null
06-04 18:04:51.362 468 531 W ActivityManager: Slow operation: 100ms so far, now at startProcess: asking zygote to start proc
06-04 18:04:51.362 468 655 D PPPOE : got request NetworkRequest [ REQUEST id=23, [ Capabilities: INTERNET&NOT_RESTRICTED&TRUSTED&NOT_VCN_MANAGED Uid: 1000 RequestorUid: 1000 RequestorPkg: android] ]
06-04 18:04:51.365 279 279 I BpBinder: onLastStrongRef automatically unlinking death recipients:
06-04 18:04:51.368 468 612 D WifiConfigStore: Writing to stores completed in 39 ms.
06-04 18:04:51.369 468 612 D WifiNetworkFactory: got request NetworkRequest [ REQUEST id=3, [ Transports: WIFI Capabilities: INTERNET&NOT_RESTRICTED&TRUSTED&NOT_VPN&NOT_VCN_MANAGED RequestorUid: 1000 RequestorPkg: android] ]
06-04 18:04:51.381 468 612 D WifiNetworkFactory: got request NetworkRequest [ REQUEST id=17, [ Capabilities: INTERNET&NOT_RESTRICTED&TRUSTED&NOT_VCN_MANAGED Uid: 1000 RequestorUid: 1000 RequestorPkg: android] ]
06-04 18:04:51.382 468 638 V BackupManagerService: [UserID:0] No ancestral data
06-04 18:04:51.382 468 530 I LaunchParamsPersister: Didn't find launch param folder for user 0
06-04 18:04:51.383 247 247 D Zygote : Forked child process 1031
06-04 18:04:51.383 468 531 W ActivityManager: Slow operation: 122ms so far, now at startProcess: returned from zygote!
06-04 18:04:51.384 468 530 D SystemServerTimingAsync: ssm.UnlockedUser-0 took to complete: 42ms
06-04 18:04:51.384 468 530 W ActivityManager: UserLifecycleEvent 6 received without an active userJourneySession.
06-04 18:04:51.385 468 518 D AW_CODE : rotation =0
06-04 18:04:51.386 468 612 D WifiNetworkFactory: got request NetworkRequest [ REQUEST id=19, [ Capabilities: INTERNET&NOT_RESTRICTED&TRUSTED&NOT_VCN_MANAGED Uid: 1073 RequestorUid: 1073 RequestorPkg: com.android.networkstack] ]
06-04 18:04:51.386 468 612 D WifiNetworkFactory: got request NetworkRequest [ REQUEST id=1, [ Capabilities: INTERNET&NOT_RESTRICTED&TRUSTED&NOT_VPN&NOT_VCN_MANAGED RequestorUid: 1000 RequestorPkg: android] ]
06-04 18:04:51.386 468 612 D WifiNetworkFactory: got request NetworkRequest [ REQUEST id=10, [ Capabilities: INTERNET&NOT_RESTRICTED&TRUSTED&NOT_VCN_MANAGED Uid: 1000 RequestorUid: 1000 RequestorPkg: android] ]
06-04 18:04:51.386 468 612 D UntrustedWifiNetworkFactory: got request NetworkRequest [ REQUEST id=3, [ Transports: WIFI Capabilities: INTERNET&NOT_RESTRICTED&TRUSTED&NOT_VPN&NOT_VCN_MANAGED RequestorUid: 1000 RequestorPkg: android] ]
06-04 18:04:51.386 468 612 D UntrustedWifiNetworkFactory: got request NetworkRequest [ REQUEST id=17, [ Capabilities: INTERNET&NOT_RESTRICTED&TRUSTED&NOT_VCN_MANAGED Uid: 1000 RequestorUid: 1000 RequestorPkg: android] ]
06-04 18:04:51.386 468 612 D UntrustedWifiNetworkFactory: got request NetworkRequest [ REQUEST id=19, [ Capabilities: INTERNET&NOT_RESTRICTED&TRUSTED&NOT_VCN_MANAGED Uid: 1073 RequestorUid: 1073 RequestorPkg: com.android.networkstack] ]
06-04 18:04:51.387 468 612 D UntrustedWifiNetworkFactory: got request NetworkRequest [ REQUEST id=1, [ Capabilities: INTERNET&NOT_RESTRICTED&TRUSTED&NOT_VPN&NOT_VCN_MANAGED RequestorUid: 1000 RequestorPkg: android] ]
06-04 18:04:51.387 468 612 D UntrustedWifiNetworkFactory: got request NetworkRequest [ REQUEST id=10, [ Capabilities: INTERNET&NOT_RESTRICTED&TRUSTED&NOT_VCN_MANAGED Uid: 1000 RequestorUid: 1000 RequestorPkg: android] ]
06-04 18:04:51.387 468 612 D OemPaidWifiNetworkFactory: got request NetworkRequest [ REQUEST id=3, [ Transports: WIFI Capabilities: INTERNET&NOT_RESTRICTED&TRUSTED&NOT_VPN&NOT_VCN_MANAGED RequestorUid: 1000 RequestorPkg: android] ]
06-04 18:04:51.387 468 612 D OemPaidWifiNetworkFactory: got request NetworkRequest [ REQUEST id=17, [ Capabilities: INTERNET&NOT_RESTRICTED&TRUSTED&NOT_VCN_MANAGED Uid: 1000 RequestorUid: 1000 RequestorPkg: android] ]
06-04 18:04:51.387 468 612 D OemPaidWifiNetworkFactory: got request NetworkRequest [ REQUEST id=19, [ Capabilities: INTERNET&NOT_RESTRICTED&TRUSTED&NOT_VCN_MANAGED Uid: 1073 RequestorUid: 1073 RequestorPkg: com.android.networkstack] ]
06-04 18:04:51.387 468 612 D OemPaidWifiNetworkFactory: got request NetworkRequest [ REQUEST id=1, [ Capabilities: INTERNET&NOT_RESTRICTED&TRUSTED&NOT_VPN&NOT_VCN_MANAGED RequestorUid: 1000 RequestorPkg: android] ]
06-04 18:04:51.391 468 612 D OemPaidWifiNetworkFactory: got request NetworkRequest [ REQUEST id=10, [ Capabilities: INTERNET&NOT_RESTRICTED&TRUSTED&NOT_VCN_MANAGED Uid: 1000 RequestorUid: 1000 RequestorPkg: android] ]
06-04 18:04:51.392 468 612 D WifiActiveModeWarden: Starting primary ClientModeManager in connect mode
06-04 18:04:51.392 468 751 I ActivityStarter: ---START u0 {act=android.intent.action.MAIN cat=[android.intent.category.HOME] flg=0x10000100 cmp=com.dangbei.leard.leradlauncher/com.dangbei.launcher.home.LauncherActivity (has extras)} from uid 0
06-04 18:04:51.394 1031 1031 I Zygote : seccomp disabled by setenforce 0
06-04 18:04:51.396 468 468 V NotificationAssistants: disabling notification assistant for user 0: ComponentInfo{android.ext.services/android.ext.services.notification.Assistant}
06-04 18:04:51.396 468 468 D NotificationListeners: Removing active service ComponentInfo{android.ext.services/android.ext.services.notification.Assistant}
06-04 18:04:51.409 409 420 I adbd : jdwp connection from 1022
06-04 18:04:51.417 468 751 D CompatibilityChangeReporter: Compat change id reported: 174042980; UID 1000; state: DISABLED
06-04 18:04:51.423 468 751 D ActivityTaskManager: isHomeLauncher info= ActivityInfo{1b939f com.dangbei.launcher.home.LauncherActivity}
06-04 18:04:51.428 409 420 I adbd : jdwp connection from 1031
06-04 18:04:51.429 468 612 D WifiController: DisabledState.exit()
06-04 18:04:51.429 468 612 D WifiController: EnabledState.enter()
06-04 18:04:51.429 468 612 D WifiClientModeManager[unknown]: entering IdleState
06-04 18:04:51.430 468 612 D WifiNetworkFactory: got request NetworkRequest [ REQUEST id=23, [ Capabilities: INTERNET&NOT_RESTRICTED&TRUSTED&NOT_VCN_MANAGED Uid: 1000 RequestorUid: 1000 RequestorPkg: android] ]
06-04 18:04:51.430 468 612 D UntrustedWifiNetworkFactory: got request NetworkRequest [ REQUEST id=23, [ Capabilities: INTERNET&NOT_RESTRICTED&TRUSTED&NOT_VCN_MANAGED Uid: 1000 RequestorUid: 1000 RequestorPkg: android] ]
06-04 18:04:51.430 468 612 D OemPaidWifiNetworkFactory: got request NetworkRequest [ REQUEST id=23, [ Capabilities: INTERNET&NOT_RESTRICTED&TRUSTED&NOT_VCN_MANAGED Uid: 1000 RequestorUid: 1000 RequestorPkg: android] ]
06-04 18:04:51.438 266 266 I AW_PowerHAL: Power setMode: SUSTAINED_PERFORMANCE to: 1
06-04 18:04:51.441 468 1020 W UnsafeUtil: platform method missing - proto runtime falling back to safer methods: java.lang.NoSuchMethodException: sun.misc.Unsafe.copyMemory [class java.lang.Object, long, class java.lang.Object, long, long]
06-04 18:04:51.443 468 751 D CompatibilityChangeReporter: Compat change id reported: 168419799; UID 1000; state: DISABLED
06-04 18:04:51.444 663 663 D WifiHWInfo: Start to load wireless module hardware info table...
06-04 18:04:51.445 663 663 D WifiHWInfo: Entry [01], BUS: SDIO, ID: 0x024C8179, Name: rtl8189es.
06-04 18:04:51.445 663 663 D WifiHWInfo: Entry [02], BUS: SDIO, ID: 0x024CB723, Name: rtl8723bs_vq0.
06-04 18:04:51.445 663 663 D WifiHWInfo: Entry [03], BUS: SDIO, ID: 0x024CB703, Name: rtl8723cs.
06-04 18:04:51.445 663 663 D WifiHWInfo: Entry [04], BUS: SDIO, ID: 0x024CD723, Name: rtl8723ds.
06-04 18:04:51.445 663 663 D WifiHWInfo: Entry [05], BUS: SDIO, ID: 0x024CF179, Name: rtl8189fs.
06-04 18:04:51.445 663 663 D WifiHWInfo: Entry [06], BUS: SDIO, ID: 0x024CB822, Name: rtl88x2bs.
06-04 18:04:51.445 663 663 D WifiHWInfo: Entry [07], BUS: USB, ID: 0x0BDAD723, Name: rtl8723du.
06-04 18:04:51.445 663 663 D WifiHWInfo: Entry [08], BUS: USB, ID: 0x0BDA8179, Name: rtl8188etv.
06-04 18:04:51.445 663 663 D WifiHWInfo: Entry [09], BUS: USB, ID: 0x0BDA0179, Name: rtl8188eu.
06-04 18:04:51.445 663 663 D WifiHWInfo: Entry [10], BUS: USB, ID: 0x0BDA818B, Name: rtl8192eu.
06-04 18:04:51.445 663 663 D WifiHWInfo: Entry [11], BUS: USB, ID: 0x0BDAB720, Name: rtl8723bu.
06-04 18:04:51.445 663 663 D WifiHWInfo: Entry [12], BUS: USB, ID: 0x0BDAC82C, Name: rtl8822cu.
06-04 18:04:51.445 663 663 D WifiHWInfo: Entry [13], BUS: USB, ID: 0x0BDAF179, Name: rtl8188fu.
06-04 18:04:51.445 663 663 D WifiHWInfo: Entry [14], BUS: SDIO, ID: 0x02D0A9A6, Name: ap6212.
06-04 18:04:51.445 663 663 D WifiHWInfo: Entry [15], BUS: SDIO, ID: 0x02D04330, Name: ap6330.
06-04 18:04:51.445 663 663 D WifiHWInfo: Entry [16], BUS: SDIO, ID: 0x02D04356, Name: ap6356s.
06-04 18:04:51.445 663 663 D WifiHWInfo: Entry [17], BUS: SDIO, ID: 0x02D0A9BF, Name: ap6255.
06-04 18:04:51.445 663 663 D WifiHWInfo: Entry [18], BUS: SDIO, ID: 0x02D04334, Name: bcm43342.
06-04 18:04:51.445 663 663 D WifiHWInfo: Entry [19], BUS: SDIO, ID: 0x00202281, Name: xr819.
06-04 18:04:51.445 663 663 D WifiHWInfo: Entry [20], BUS: SDIO, ID: 0x0A9E2282, Name: xr829.
06-04 18:04:51.445 663 663 D WifiHWInfo: Entry [21], BUS: SDIO, ID: 0x0271050A, Name: qca6174a.
06-04 18:04:51.445 663 663 D WifiHWInfo: Entry [22], BUS: SDIO, ID: 0x30303030, Name: ssv6x5x.
06-04 18:04:51.445 663 663 D WifiHWInfo: Entry [23], BUS: SDIO, ID: 0x00000000, Name: uwe5621.
06-04 18:04:51.445 663 663 D WifiHWInfo: Entry [24], BUS: SDIO, ID: 0x54490145, Name: aic8800.
06-04 18:04:51.445 663 663 D WifiHWInfo: Entry [25], BUS: SDIO, ID: 0xC8A1C08D, Name: aic8800.
06-04 18:04:51.445 663 663 D WifiHWInfo: Entry [26], BUS: USB, ID: 0xA69C8800, Name: aic8800.
06-04 18:04:51.445 663 663 D WifiHWInfo: Entry [27], BUS: USB, ID: 0x007A8888, Name: atbm6023is.
06-04 18:04:51.445 663 663 D WifiHWInfo: Entry [28], BUS: SDIO, ID: 0x02E79086, Name: 9012p.
06-04 18:04:51.445 663 663 D WifiHWInfo: Entry [29], BUS: SDIO, ID: 0x007A6011, Name: atbm613x_wifi_sdio.
06-04 18:04:51.445 663 663 D WifiHWInfo: Entry [30], BUS: SDIO, ID: 0x024CC822, Name: 88x2cs.
06-04 18:04:51.445 663 663 D WifiHWInfo: Entry [31], BUS: SDIO, ID: 0x000018F0, Name: dummy.
06-04 18:04:51.445 663 663 W android.hardware.wifi@1.0-service-lazy: DRIVER_MODULE_TAG: sprdwl_ng : Success
06-04 18:04:51.446 663 663 I android.hardware.wifi@1.0-service-lazy: driver_module_path: /vendor/lib/modules/sprdwl_ng.ko
06-04 18:04:51.446 663 663 I android.hardware.wifi@1.0-service-lazy: driver_module_arg:
06-04 18:04:51.465 468 518 D AW_CODE : rotation =0
06-04 18:04:51.467 468 518 W Looper : Slow dispatch took 107ms android.ui h=com.android.server.policy.PhoneWindowManager$PolicyHandler c=android.database.ContentObserver$$ExternalSyntheticLambda0@634d96d m=0
06-04 18:04:51.471 266 266 W AW_PowerHAL: Could not open nsi-bw: No such file or directory
06-04 18:04:51.471 266 266 I AW_PowerHAL: cur-mode:PERFORMANCE
06-04 18:04:51.473 468 529 W ActivityManager: Slow operation: 82ms so far, now at startProcess: done creating new process record
06-04 18:04:51.473 468 529 W ActivityManager: Slow operation: 82ms so far, now at startProcess: stepping in to startProcess
06-04 18:04:51.474 468 529 I ActivityManager: com.android.keychain is exempt from freezer
06-04 18:04:51.477 468 1024 E TaskPersister: File error accessing recents directory (directory doesn't exist?).
06-04 18:04:51.480 468 529 W ActivityManager: Slow operation: 88ms so far, now at startProcess: done starting proc!
06-04 18:04:51.490 318 320 D XM_HIDREAD: add@ add@/bus/platform/drivers/unisoc_wifi
06-04 18:04:51.494 318 320 D XM_HIDREAD: add@ add@/devices/platform/unisoc_wifi
06-04 18:04:51.495 816 816 W ContextImpl: Calling a method in the system process without a qualified user: android.app.ContextImpl.startService:1816 android.content.ContextWrapper.startService:774 android.content.ContextWrapper.startService:774 com.android.tv.settings.users.UserSwitchListenerService$BootReceiver.onReceive:50 android.app.ActivityThread.handleReceiver:4308
06-04 18:04:51.497 468 531 W ActivityManager: Slow operation: 235ms so far, now at startProcess: done updating battery stats
06-04 18:04:51.497 468 531 W ActivityManager: Slow operation: 236ms so far, now at startProcess: building log message
06-04 18:04:51.497 468 531 I ActivityManager: app.processName = com.dangbei.lerad.etna.haqu
06-04 18:04:51.497 468 531 I ActivityManager: Start proc 1031:com.dangbei.lerad.etna.haqu/1000 for added application com.dangbei.lerad.etna.haqu
06-04 18:04:51.497 468 531 W ActivityManager: Slow operation: 236ms so far, now at startProcess: starting to update pids map
06-04 18:04:51.498 468 531 W ActivityManager: Slow operation: 236ms so far, now at startProcess: done updating pids map
06-04 18:04:51.505 468 468 V NotificationAssistants: enabling notification assistant for 0: ComponentInfo{android.ext.services/android.ext.services.notification.Assistant}
06-04 18:04:51.505 468 468 V NotificationAssistants: binding: Intent { act=android.service.notification.NotificationAssistantService cmp=android.ext.services/.notification.Assistant (has extras) }
06-04 18:04:51.520 468 751 D CompatibilityChangeReporter: Compat change id reported: 181136395; UID 1000; state: DISABLED
06-04 18:04:51.520 247 247 D Zygote : Forked child process 1058
06-04 18:04:51.521 468 751 D CompatibilityChangeReporter: Compat change id reported: 174042936; UID 1000; state: DISABLED
06-04 18:04:51.525 468 520 I ActivityManager: com.dangbei.leard.leradlauncher is exempt from freezer
06-04 18:04:51.526 468 520 D CompatibilityChangeReporter: Compat change id reported: 135634846; UID 1000; state: DISABLED
06-04 18:04:51.533 1058 1058 I Zygote : seccomp disabled by setenforce 0
06-04 18:04:51.536 1031 1031 D CompatibilityChangeReporter: Compat change id reported: 171979766; UID 1000; state: DISABLED
06-04 18:04:51.544 468 531 W ActivityManager: Slow operation: 71ms so far, now at startProcess: done updating battery stats
06-04 18:04:51.545 468 531 W ActivityManager: Slow operation: 71ms so far, now at startProcess: building log message
06-04 18:04:51.545 468 531 I ActivityManager: app.processName = com.android.keychain
06-04 18:04:51.545 468 531 I ActivityManager: Start proc 1058:com.android.keychain/1000 for service {com.android.keychain/com.android.keychain.KeyChainService}
06-04 18:04:51.545 468 531 W ActivityManager: Slow operation: 71ms so far, now at startProcess: starting to update pids map
06-04 18:04:51.545 468 468 W Looper : Slow dispatch took 155ms main h=android.app.ActivityThread$H c=android.app.LoadedApk$ReceiverDispatcher$Args$$ExternalSyntheticLambda0@8a6c638 m=0
06-04 18:04:51.546 468 531 W ActivityManager: Slow operation: 72ms so far, now at startProcess: done updating pids map
06-04 18:04:51.553 468 749 D CompatibilityChangeReporter: Compat change id reported: 168419799; UID 10074; state: DISABLED
06-04 18:04:51.554 409 420 I adbd : jdwp connection from 1058
06-04 18:04:51.556 1031 1031 D ApplicationLoaders: Returning zygote-cached class loader: /system/framework/android.test.base.jar
06-04 18:04:51.556 1031 1031 D ApplicationLoaders: Returning zygote-cached class loader: /system/framework/android.hidl.manager-V1.0-java.jar
06-04 18:04:51.556 1031 1031 D ApplicationLoaders: Returning zygote-cached class loader: /system/framework/android.hidl.base-V1.0-java.jar
06-04 18:04:51.558 682 682 D TvPipController: onTaskStackChanged()
06-04 18:04:51.567 468 468 W Looper : Slow delivery took 242ms main h=android.app.ActivityThread$H c=android.app.LoadedApk$ReceiverDispatcher$Args$$ExternalSyntheticLambda0@65f924d m=0
06-04 18:04:51.576 1022 1022 D CompatibilityChangeReporter: Compat change id reported: 171979766; UID 10074; state: DISABLED
06-04 18:04:51.581 468 497 D CompatibilityChangeReporter: Compat change id reported: 135634846; UID 10021; state: DISABLED
06-04 18:04:51.581 468 497 D CompatibilityChangeReporter: Compat change id reported: 177438394; UID 10021; state: DISABLED
06-04 18:04:51.581 468 497 D CompatibilityChangeReporter: Compat change id reported: 135772972; UID 10021; state: DISABLED
06-04 18:04:51.581 468 497 D CompatibilityChangeReporter: Compat change id reported: 135754954; UID 10021; state: ENABLED
06-04 18:04:51.585 247 247 D Zygote : Forked child process 1074
06-04 18:04:51.586 468 531 W ActivityManager: Slow operation: 61ms so far, now at startProcess: returned from zygote!
06-04 18:04:51.592 468 531 W ActivityManager: Slow operation: 67ms so far, now at startProcess: done updating battery stats
06-04 18:04:51.593 468 531 W ActivityManager: Slow operation: 68ms so far, now at startProcess: building log message
06-04 18:04:51.593 468 531 I ActivityManager: app.processName = com.dangbei.leard.leradlauncher
06-04 18:04:51.593 468 531 I ActivityManager: Start proc 1074:com.dangbei.leard.leradlauncher/1000 for top-activity {com.dangbei.leard.leradlauncher/com.dangbei.launcher.home.LauncherActivity}
06-04 18:04:51.593 468 531 W ActivityManager: Slow operation: 69ms so far, now at startProcess: starting to update pids map
06-04 18:04:51.594 468 531 W ActivityManager: Slow operation: 69ms so far, now at startProcess: done updating pids map
06-04 18:04:51.596 468 531 D CompatibilityChangeReporter: Compat change id reported: 143937733; UID 10021; state: ENABLED
06-04 18:04:51.596 1074 1074 I Zygote : seccomp disabled by setenforce 0
06-04 18:04:51.610 468 638 I BackupManagerService: isBackupEnabled() => false due to absent settings file
06-04 18:04:51.611 468 638 D BackupManagerService: user:0 readBackupEnableState enabled:false
06-04 18:04:51.611 468 638 I BackupManagerService: [UserID:0] Backup enabled => false
06-04 18:04:51.620 247 247 D Zygote : Forked child process 1082
06-04 18:04:51.623 468 531 I ActivityManager: app.processName = com.android.traceur
06-04 18:04:51.624 468 531 I ActivityManager: Start proc 1082:com.android.traceur/u0a21 for broadcast {com.android.traceur/com.android.traceur.Receiver}
06-04 18:04:51.624 409 420 I adbd : jdwp connection from 1074
06-04 18:04:51.630 468 519 W IorapForwardingService: No service published for: iorapd
06-04 18:04:51.635 1082 1082 I Zygote : seccomp disabled by setenforce 0
06-04 18:04:51.646 468 749 D CompatibilityChangeReporter: Compat change id reported: 168419799; UID 1000; state: DISABLED
06-04 18:04:51.672 663 663 I WCN : start_marlin [MARLIN_WIFI]
06-04 18:04:51.682 663 663 D : CPU: 1 PID: 663 Comm: wifi@1.0-servic Tainted: G O 5.4.125+ #3
06-04 18:04:51.692 663 663 D Hardware name: sun50iw9 (DT)
06-04 18:04:51.698 663 663 D Call trace:
06-04 18:04:51.701 663 663 D : dump_backtrace.cfi_jt+0x0/0x4
06-04 18:04:51.707 663 663 D : dump_stack+0xbc/0x104
06-04 18:04:51.711 663 663 D : marlin_set_power+0x2c/0x78c [uwe5621_bsp_sdio]
06-04 18:04:51.718 663 663 D : start_marlin+0xbc/0x14c [uwe5621_bsp_sdio]
06-04 18:04:51.725 663 663 D : sprdwl_probe+0x28/0x3f4 [sprdwl_ng]
06-04 18:04:51.731 663 663 D : platform_drv_probe+0xac/0xf0
06-04 18:04:51.737 663 663 D : really_probe+0x340/0x8f8
06-04 18:04:51.742 663 663 D : driver_probe_device+0x70/0x144
06-04 18:04:51.747 663 663 D : __device_attach_driver+0x14c/0x210
06-04 18:04:51.753 663 663 D : bus_for_each_drv+0x98/0x10c
06-04 18:04:51.758 663 663 D : __device_attach.llvm.14547616182355937686+0x108/0x1a8
06-04 18:04:51.766 663 663 D : bus_probe_device+0x3c/0xdc
06-04 18:04:51.771 663 663 D : device_add+0x950/0xb78
06-04 18:04:51.776 663 663 D : platform_device_add+0x90/0x260
06-04 18:04:51.781 663 663 D : init_module+0x48/0xfc4 [sprdwl_ng]
06-04 18:04:51.787 663 663 D : do_one_initcall+0xc4/0x238
06-04 18:04:51.792 663 663 D : do_init_module+0x58/0x2e0
06-04 18:04:51.797 663 663 D : load_module+0x31b8/0x3a40
06-04 18:04:51.802 663 663 D : __arm64_sys_finit_module+0xbc/0x120
06-04 18:04:51.808 663 663 D : el0_svc_common+0xb8/0x1cc
06-04 18:04:51.813 663 663 D : el0_svc_compat_handler+0x1c/0x28
06-04 18:04:51.819 663 663 D : el0_svc_compat+0x8/0x24
06-04 18:04:51.679 409 420 I adbd : jdwp connection from 1082
06-04 18:04:51.687 468 751 D AW_CODE : rotation =0
06-04 18:04:51.689 468 468 I AccountManagerService: User 0 is unlocked - opening CE database
06-04 18:04:51.692 468 751 D CompatibilityChangeReporter: Compat change id reported: 174042980; UID 1000; state: DISABLED
06-04 18:04:51.694 1058 1058 D CompatibilityChangeReporter: Compat change id reported: 171979766; UID 1000; state: ENABLED
06-04 18:04:51.707 1074 1074 D CompatibilityChangeReporter: Compat change id reported: 171979766; UID 1000; state: DISABLED
06-04 18:04:51.719 468 751 D CompatibilityChangeReporter: Compat change id reported: 168419799; UID 10021; state: DISABLED
06-04 18:04:51.722 1074 1074 D ApplicationLoaders: Returning zygote-cached class loader: /system/framework/android.test.base.jar
06-04 18:04:51.722 1074 1074 D ApplicationLoaders: Returning zygote-cached class loader: /system/framework/android.hidl.manager-V1.0-java.jar
06-04 18:04:51.723 1074 1074 D ApplicationLoaders: Returning zygote-cached class loader: /system/framework/android.hidl.base-V1.0-java.jar
06-04 18:04:51.739 1082 1082 D CompatibilityChangeReporter: Compat change id reported: 171979766; UID 10021; state: ENABLED
06-04 18:04:51.788 468 468 W Looper : Slow dispatch took 216ms main h=android.app.ActivityThread$H c=android.app.LoadedApk$ReceiverDispatcher$Args$$ExternalSyntheticLambda0@ae258ae m=0
06-04 18:04:51.794 1031 1031 V GraphicsEnvironment: ANGLE Developer option for 'com.dangbei.lerad.etna.haqu' set to: 'default'
06-04 18:04:51.794 468 667 I SyncManager: Loaded persisted syncs: 0 periodic syncs, 0 oneshot syncs, 16 total system server jobs, JobStats: FirstLoad: 5/2/0 LastSave: -1/-1/-1
06-04 18:04:51.794 1031 1031 V GraphicsEnvironment: Neither updatable production driver nor prerelease driver is supported.
06-04 18:04:51.797 1031 1031 D NetworkSecurityConfig: Using Network Security Config from resource network_security_config debugBuild: false
06-04 18:04:51.810 1031 1031 D NetworkSecurityConfig: Using Network Security Config from resource network_security_config debugBuild: false
06-04 18:04:51.851 468 468 W NotificationHistory: Attempted to add notif for locked/gone/disabled user 0
06-04 18:04:51.856 468 468 V NotificationAssistants: 0 notification assistant service connected: ComponentInfo{android.ext.services/android.ext.services.notification.Assistant}
06-04 18:04:51.860 1022 1022 V GraphicsEnvironment: ANGLE Developer option for 'com.android.providers.media.module' set to: 'default'
06-04 18:04:51.861 468 468 W Looper : Drained
06-04 18:04:51.861 1022 1022 V GraphicsEnvironment: Neither updatable production driver nor prerelease driver is supported.
06-04 18:04:51.864 1022 1022 D NetworkSecurityConfig: No Network Security Config specified, using platform default
06-04 18:04:51.867 1022 1022 D NetworkSecurityConfig: No Network Security Config specified, using platform default
06-04 18:04:51.892 1031 1031 I MultiDex: VM with version 2.1.0 has multidex support
06-04 18:04:51.892 1031 1031 I MultiDex: Installing application
06-04 18:04:51.892 1031 1031 I MultiDex: VM has multidex support, MultiDex support library is disabled.
06-04 18:04:51.906 1058 1058 V GraphicsEnvironment: ANGLE Developer option for 'com.android.keychain' set to: 'default'
06-04 18:04:51.906 1058 1058 V GraphicsEnvironment: Neither updatable production driver nor prerelease driver is supported.
06-04 18:04:51.910 1058 1058 D NetworkSecurityConfig: No Network Security Config specified, using platform default
06-04 18:04:51.913 1058 1058 D NetworkSecurityConfig: No Network Security Config specified, using platform default
06-04 18:04:51.941 1074 1074 V GraphicsEnvironment: ANGLE Developer option for 'com.dangbei.leard.leradlauncher' set to: 'default'
06-04 18:04:51.942 1074 1074 V GraphicsEnvironment: Neither updatable production driver nor prerelease driver is supported.
06-04 18:04:51.944 1074 1074 D NetworkSecurityConfig: Using Network Security Config from resource network_permission_config debugBuild: false
06-04 18:04:51.948 1074 1074 D NetworkSecurityConfig: Using Network Security Config from resource network_permission_config debugBuild: false
06-04 18:04:51.952 1022 1022 V MediaProvider: Attached media from com.android.providers.media.module
06-04 18:04:51.986 1082 1082 V GraphicsEnvironment: ANGLE Developer option for 'com.android.traceur' set to: 'default'
06-04 18:04:51.987 1082 1082 V GraphicsEnvironment: Neither updatable production driver nor prerelease driver is supported.
06-04 18:04:51.991 1082 1082 D NetworkSecurityConfig: No Network Security Config specified, using platform default
06-04 18:04:51.992 1082 1082 D NetworkSecurityConfig: No Network Security Config specified, using platform default
06-04 18:04:51.996 1074 1074 I MultiDex: VM with version 2.1.0 has multidex support
06-04 18:04:51.998 1074 1074 I MultiDex: Installing application
06-04 18:04:51.999 1074 1074 I MultiDex: VM has multidex support, MultiDex support library is disabled.
06-04 18:04:52.012 324 324 I rainbow_flow: type=1400 audit(0.0:405): avc: denied { ioctl } for path="/dev/spidev1.0" dev="tmpfs" ino=3509 ioctlcmd=0x6b00 scontext=u:r:init:s0 tcontext=u:object_r:device:s0 tclass=chr_file permissive=1
06-04 18:04:52.024 1022 1022 I TranscodeHelper: Empty transcode compat stale
06-04 18:04:52.025 1022 1022 I TranscodeHelper: Parsed 0 packages from resource
06-04 18:04:52.026 1022 1022 I TranscodeHelper: Empty device config transcode compat manifest
06-04 18:04:52.041 1082 1082 I Traceur : Received BOOT_COMPLETE
06-04 18:04:52.047 468 529 I system_server: Using smaps_rollup for pss collection
06-04 18:04:52.058 1022 1022 V MediaStore: Examining volume emulated;0 with name external_primary and state checking
06-04 18:04:52.061 468 496 I ActivityManager: com.oranth.ledstatus is exempt from freezer
06-04 18:04:52.062 468 496 D CompatibilityChangeReporter: Compat change id reported: 135634846; UID 1000; state: DISABLED
06-04 18:04:52.068 1022 1022 D CompatibilityChangeReporter: Compat change id reported: 148180766; UID 10074; state: ENABLED
06-04 18:04:52.077 1022 1022 D PulledMetrics: Registering callback with StatsManager
06-04 18:04:52.095 247 247 D Zygote : Forked child process 1123
06-04 18:04:52.097 468 531 I ActivityManager: app.processName = com.oranth.ledstatus
06-04 18:04:52.097 468 531 I ActivityManager: Start proc 1123:com.oranth.ledstatus/1000 for broadcast {com.oranth.ledstatus/com.oranth.ledstatus.BootCompletedReceiver}
06-04 18:04:52.100 468 1017 I StorageUserConnection: Service: [ComponentInfo{com.android.providers.media.module/com.android.providers.media.fuse.ExternalStorageServiceImpl}] connected. User [0]
06-04 18:04:52.104 1022 1124 I ExternalStorageServiceImpl: Starting session for id: emulated;0
06-04 18:04:52.105 1022 1124 V FuseDaemonThread: Waiting 1000ms for FUSE start. Count 4
06-04 18:04:52.108 1123 1123 I Zygote : seccomp disabled by setenforce 0
06-04 18:04:52.109 1022 1125 I FuseDaemonThread: Starting thread for emulated;0 ...
06-04 18:04:52.111 1022 1125 I FuseDaemon: Starting fuse...
06-04 18:04:52.123 1022 1122 V MediaProvider: onConfigure() for external.db
06-04 18:04:52.126 1123 1123 I ranth.ledstatu: Late-enabling -Xcheck:jni
06-04 18:04:52.130 668 668 D GattService: Unlocked userId 0
06-04 18:04:52.145 1022 1122 V MediaProvider: onOpen() for external.db
06-04 18:04:52.151 1022 1122 V MediaProvider: onOpen() finished for external.db
06-04 18:04:52.307 167 167 I sunxi-ehci 5310000.ehci2-controller: USB 2.0 started, EHCI 1.00
06-04 18:04:52.319 167 167 E debugfs : Directory 'sunxi-ehci' with parent 'ehci' already present!
06-04 18:04:52.329 167 167 I usb3 : New USB device found, idVendor=1d6b, idProduct=0002, bcdDevice= 5.04
06-04 18:04:52.172 468 751 D CompatibilityChangeReporter: Compat change id reported: 149924527; UID 1000; state: ENABLED
06-04 18:04:52.176 468 751 D CompatibilityChangeReporter: Compat change id reported: 132649864; UID 1000; state: DISABLED
06-04 18:04:52.343 167 167 I usb3 : New USB device strings: Mfr=3, Product=2, SerialNumber=1
06-04 18:04:52.356 167 167 I usb3 : Product: EHCI Host Controller
06-04 18:04:52.184 267 267 I EventThread: type=1400 audit(0.0:406): avc: denied { search } for name="extcon" dev="sysfs" ino=18109 scontext=u:r:hal_tv_cec_default:s0 tcontext=u:object_r:sysfs_extcon:s0 tclass=dir permissive=1
06-04 18:04:52.215 409 420 I adbd : jdwp connection from 1123
06-04 18:04:52.367 167 167 I usb3 : Manufacturer: Linux 5.4.125+ ehci_hcd
06-04 18:04:52.374 167 167 I usb3 : SerialNumber: sunxi-ehci
06-04 18:04:52.381 346 346 I WCN : WCND at cmd read:WCN_VER:Platform Version:MARLIN3E_23A_W22.48.3~Project Version:uwe5623_marlin3E_ott~05-15-2025 15:16:09~
06-04 18:04:52.396 32 32 I WCN : switch_cp2_log - close entry!
06-04 18:04:52.398 167 167 I hub 3-0 : 1.0: USB hub found
06-04 18:04:52.220 318 320 D XM_HIDREAD: add@ add@/devices/platform/soc@3000000/5310000.ehci2-controller/usb3
06-04 18:04:52.220 318 320 D XM_HIDREAD: add@ add@/devices/platform/soc@3000000/5310000.ehci2-controller/usb3/3-0:1.0
06-04 18:04:52.408 167 167 I hub 3-0 : 1.0: 1 port detected
06-04 18:04:52.414 346 346 I WCN : WCND at cmd read:OK
06-04 18:04:52.240 334 334 I xiriservice_All: type=1400 audit(0.0:407): avc: denied { read } for scontext=u:r:init:s0 tcontext=u:r:init:s0 tclass=netlink_kobject_uevent_socket permissive=1
06-04 18:04:52.262 253 263 I bt_userial_vendor: device fd = 5 open
06-04 18:04:52.262 253 263 I bt_userial_vendor: userial_vendor_open set usrdebug mode to tty.
06-04 18:04:52.262 253 263 I bt_userial_vendor: open /sys/devices/platform/wcn_bt/dumpmem faild, error=No such file or directory (2)
06-04 18:04:52.262 253 263 I bt_userial_vendor: open /sys/devices/platform/sprd-mtty/dumpmem faild, error=No such file or directory (2)
06-04 18:04:52.263 253 263 I bt_chip_vendor: marlin3_pskey_preload
06-04 18:04:52.263 253 263 D bt_vnd_hci: sprd_vnd_send_hci_vsc a0 fc b0 00 1f 00 00 bf fe 8d fe db 3d 7b 87 ff a7 ff 7f 00 e0 f7 3e 7d 91 83 d7 e5 c3 ec 01 01 01 ff 00 ff ff 00 02 00 00 00 00 00 00 00 00 00 00 00 00 00 00 00 00 00 00 00 00 00 00 00 00 00 00 00 00 00 00 00 00 4d 00 66 00 9b 00 66 00 00 00 00 00 00 00 00 00 00 00 00 00 01 01 01 00 00 00 00 00 00 00 00 00 28 00 00 00 06 08 0c 22 00 00 00 00 00 00 00 00 00 ff 00 00 00 00 00 00 00 00 00 00 00 00 00 00 00 00 00 00 e2 04 40 1f 20 00 c8 00 0a 00 00 00 00 00 00 00 00 00 00 00 00 00 00 00 00 00 00 00 00 00 00 00 00 00 00 00 00 00 00 00
06-04 18:04:52.263 253 263 E bt_upio : upio_set : /proc/bluetooth/sleep/btwrite(-1) incorrent
06-04 18:04:52.419 263 263 I WCN : then marlin download finished and run ok
06-04 18:04:52.424 167 167 W : sunxi ehci3-controller don't init wakeup source
06-04 18:04:52.426 263 263 E bluetooth_set_power: end_block=0
06-04 18:04:52.433 167 167 W [sunxi-ehci3]: probe, pdev->name: 5311000.ehci3-controller, sunxi_ehci: 0xffffffc008f82458, 0x:ffffffc01567d000, irq_no:38
06-04 18:04:52.445 663 663 I WCN : marlin power state:1, subsys: [MARLIN_WIFI] power 1
06-04 18:04:52.279 318 320 D XM_HIDREAD: add@ add@/devices/virtual/devlink/regulator.8--5311000.ehci3-controller
06-04 18:04:52.279 253 1145 I bt_chip_vendor: Bluetooth Firmware Node: 4919 Date: 2015-05-06
06-04 18:04:52.288 1 1 I /system/bin/init: type=1107 audit(0.0:408): uid=0 auid=4294967295 ses=4294967295 subj=u:r:init:s0 msg='avc: denied { set } for property=rw.vendor.bluetooth.fw.ver pid=253 uid=1002 gid=1002 scontext=u:r:hal_bluetooth_default:s0 tcontext=u:object_r:default_prop:s0 tclass=property_service permissive=1'
06-04 18:04:52.294 253 1145 I bt_chip_vendor: yujian.qin marlin3_rf_preload
06-04 18:04:52.294 253 1145 D bt_vnd_hci: sprd_vnd_send_hci_vsc a2 fc fc 00 e0 00 e0 00 e0 00 e0 00 e0 00 e0 15 41 15 3a 15 34 15 2e 15 27 15 21 15 1a 15 13 15 0d 15 07 15 3b 15 37 15 33 15 2f 15 2b 15 27 15 23 15 1f 15 1b 15 17 15 13 15 0f 15 0b 15 08 15 04 15 00 15 09 15 09 15 08 15 08 15 08 15 08 15 07 15 07 15 0d 15 0d 15 0c 15 0c 15 0b 15 0b 15 0b 15 0b 15 10 15 10 15 0f 15 0f 15 0f 15 0f 15 0f 15 0f 00 e0 00 e0 00 e0 00 e0 00 e0 00 e0 15 4d 15 46 15 3d 15 36 15 2d 15 26 15 1f 15 18 15 0f 15 08 15 4b 15 4b 15 4b 15 4b 15 4b 15 46 15 40 15 3b 15 36 15 30 15 2b 15 26 15 20 15 1a 15 14 15 0e 15 09 15 09 15 08 15 08 15 08 15 08 15 07 15 07 15 0d 15 0d 15 0c 15 0c 15 0b 15 0b 15 0b 15 0b 15 10 15 10 15 0f 15 0f 15 0f 15 0f 15 0f 15 0f 00 00 ff ff 01 00 00 55 44 43 5f 55 55 c8 55 55 55 55 55 55 55 55 55 55 55 55 55 55
06-04 18:04:52.300 663 663 I wifi@1.0-servic: type=1400 audit(0.0:409): avc: denied { search } for name="wifi" dev="mmcblk0p25" ino=52 scontext=u:r:hal_wifi_default:s0 tcontext=u:object_r:wifi_data_file:s0 tclass=dir permissive=1
06-04 18:04:52.303 318 320 D XM_HIDREAD: add@ add@/devices/platform/unisoc_wifi/wakeup/wakeup25
06-04 18:04:52.457 167 167 I sunxi-ehci 5311000.ehci3-controller: EHCI Host Controller
06-04 18:04:52.471 663 663 I WCN : marlin have open, GNSS is closed
06-04 18:04:52.471 167 167 I sunxi-ehci 5311000.ehci3-controller: new USB bus registered, assigned bus number 4
06-04 18:04:52.489 167 167 I sunxi-ehci 5311000.ehci3-controller: irq 56, io mem 0x05311000
06-04 18:04:52.502 663 663 E sprdwl : __sprdwl_cmd_getbuf cant't get vif, ctx_id: 0
06-04 18:04:52.333 253 1145 I bt_chip_vendor: hw_rf_cback hw_core_cback response: [0xFCA2, 0x0000, 0x00]
06-04 18:04:52.333 253 1145 I bt_chip_vendor: hw_core_enable
06-04 18:04:52.333 253 1145 I bt_chip_vendor: hw_core_enable : 1
06-04 18:04:52.333 253 1145 E bt_upio : upio_set : /proc/bluetooth/sleep/btwrite(-1) incorrent
06-04 18:04:52.334 253 1145 I bt_chip_vendor: hw_core_cback hw_core_cback response: [0xFCA1, 0x0000, 0x01]
06-04 18:04:52.334 253 1145 D android.hardware.bluetooth@1.0-impl: OnFirmwareConfigured result: 0
06-04 18:04:52.335 253 1145 I android.hardware.bluetooth@1.0-impl: Firmware configured in 0.072s
06-04 18:04:52.335 668 969 I bt_hci : system/bt/hci/src/hci_layer.cc:367 event_finish_startup: event_finish_startup
06-04 18:04:52.335 253 1145 I android.hardware.bluetooth@1.0-impl: OnFirmwareConfigured: lpm_timeout_ms 1500
06-04 18:04:52.335 253 1145 D android.hardware.bluetooth@1.0-impl: low_power_mode_cb result: 0
06-04 18:04:52.335 253 1145 D android.hardware.bluetooth@1.0-impl: OnFirmwareConfigured Calling StartLowPowerWatchdog()
06-04 18:04:52.347 668 843 I bt_core_module: system/bt/btcore/src/module.cc:90 module_start_up: module_start_up Started module "hci_module"
06-04 18:04:52.349 668 843 I bt_l2cap: system/bt/stack/l2cap/l2c_api.cc:134 L2CA_Register: L2CAP Registered service classic PSM: 0x0001
06-04 18:04:52.512 346 346 I WCN : WCND at cmd read:3
06-04 18:04:52.517 167 167 I sunxi-ehci 5311000.ehci3-controller: USB 2.0 started, EHCI 1.00
06-04 18:04:52.351 668 843 I bt_l2cap: system/bt/stack/l2cap/l2c_api.cc:134 L2CA_Register: L2CAP Registered service classic PSM: 0x001f
06-04 18:04:52.351 668 843 I bluetooth: system/bt/stack/gatt/gatt_api.cc:1019 GATT_Register: Allocated name:GattProfileDb uuid:81818181-8181-8181-8181-818181818181 gatt_if:1 eatt_support:0
06-04 18:04:52.352 668 843 I droid.bluetoot: [0604/180452.352091:INFO:gatt_api.cc(179)] GATTS_AddService
06-04 18:04:52.352 668 843 I droid.bluetoot: [0604/180452.352909:INFO:gatt_api.cc(288)] GATTS_AddService: service parsed correctly, now starting
06-04 18:04:52.353 668 843 I droid.bluetoot: [0604/180452.353330:INFO:gatt_sr_hash.cc(124)] gatts_calculate_database_hash: hash=80AEB10BC70DCCEFA207489DCED98FED
06-04 18:04:52.353 668 843 I bt_l2cap: system/bt/stack/l2cap/l2c_api.cc:434 L2CA_RegisterLECoc: Registered service LE COC PSM: 0x0027
06-04 18:04:52.353 668 843 I bt_l2cap: system/bt/stack/l2cap/l2c_api.cc:134 L2CA_Register: L2CAP Registered service classic PSM: 0x0003
06-04 18:04:52.356 668 843 I bluetooth: system/bt/stack/gatt/gatt_api.cc:1019 GATT_Register: Allocated name:Gap uuid:82828282-8282-8282-8282-828282828282 gatt_if:2 eatt_support:0
06-04 18:04:52.356 668 843 I droid.bluetoot: [0604/180452.356795:INFO:gatt_api.cc(179)] GATTS_AddService
06-04 18:04:52.357 668 843 I droid.bluetoot: [0604/180452.357195:INFO:gatt_api.cc(288)] GATTS_AddService: service parsed correctly, now starting
06-04 18:04:52.357 668 843 I droid.bluetoot: [0604/180452.357614:INFO:gatt_sr_hash.cc(124)] gatts_calculate_database_hash: hash=8991C462EBE9D90B9EA0DA3E16D0F513
06-04 18:04:52.358 668 843 I bt_bte : system/bt/main/bte_logmsg.cc:248 load_levels_from_config: BTE_InitTraceLevels -- TRC_HCI : Level 2
06-04 18:04:52.358 668 843 I bt_bte : system/bt/main/bte_logmsg.cc:248 load_levels_from_config: BTE_InitTraceLevels -- TRC_L2CAP : Level 2
06-04 18:04:52.359 668 843 I bt_bte : system/bt/main/bte_logmsg.cc:248 load_levels_from_config: BTE_InitTraceLevels -- TRC_RFCOMM : Level 2
06-04 18:04:52.359 668 843 I bt_bte : system/bt/main/bte_logmsg.cc:248 load_levels_from_config: BTE_InitTraceLevels -- TRC_AVDT : Level 2
06-04 18:04:52.359 668 843 I bt_bte : system/bt/main/bte_logmsg.cc:248 load_levels_from_config: BTE_InitTraceLevels -- TRC_AVRC : Level 2
06-04 18:04:52.359 668 843 I bt_bte : system/bt/main/bte_logmsg.cc:248 load_levels_from_config: BTE_InitTraceLevels -- TRC_A2D : Level 2
06-04 18:04:52.359 668 843 I bt_bte : system/bt/main/bte_logmsg.cc:248 load_levels_from_config: BTE_InitTraceLevels -- TRC_BNEP : Level 2
06-04 18:04:52.359 668 843 I bt_bte : system/bt/main/bte_logmsg.cc:248 load_levels_from_config: BTE_InitTraceLevels -- TRC_BTM : Level 2
06-04 18:04:52.359 668 843 I bt_bte : system/bt/main/bte_logmsg.cc:248 load_levels_from_config: BTE_InitTraceLevels -- TRC_HID_HOST : Level 2
06-04 18:04:52.359 668 843 I bt_bte : system/bt/main/bte_logmsg.cc:248 load_levels_from_config: BTE_InitTraceLevels -- TRC_PAN : Level 2
06-04 18:04:52.359 668 843 I bt_bte : system/bt/main/bte_logmsg.cc:248 load_levels_from_config: BTE_InitTraceLevels -- TRC_SDP : Level 2
06-04 18:04:52.359 668 843 I bt_bte : system/bt/main/bte_logmsg.cc:248 load_levels_from_config: BTE_InitTraceLevels -- TRC_SMP : Level 2
06-04 18:04:52.359 668 843 I bt_bte : system/bt/main/bte_logmsg.cc:248 load_levels_from_config: BTE_InitTraceLevels -- TRC_HID_DEV : Level 2
06-04 18:04:52.359 668 843 I bt_bte : system/bt/main/bte_logmsg.cc:248 load_levels_from_config: BTE_InitTraceLevels -- TRC_BTAPP : Level 2
06-04 18:04:52.359 668 843 I bt_bte : system/bt/main/bte_logmsg.cc:248 load_levels_from_config: BTE_InitTraceLevels -- TRC_BTIF : Level 2
06-04 18:04:52.527 167 167 E debugfs : Directory 'sunxi-ehci' with parent 'ehci' already present!
06-04 18:04:52.360 668 1155 I bt_stack: [INFO:message_loop_thread.cc(224)] Run: message loop starting for thread bt_main_thread
06-04 18:04:52.361 668 843 I bt_core_module: system/bt/btcore/src/module.cc:85 module_start_up: module_start_up Starting module "controller_module"
06-04 18:04:52.537 167 167 I usb4 : New USB device found, idVendor=1d6b, idProduct=0002, bcdDevice= 5.04
06-04 18:04:52.543 663 663 I WCN : get_board_ant_num [three_ant]
06-04 18:04:52.371 1031 1031 E ccc : cccccc etna EtnaApplication init com.dangbei.lerad.etna.haqu.EtnaApplication@8df37fa
06-04 18:04:52.547 167 167 I usb4 : New USB device strings: Mfr=3, Product=2, SerialNumber=1
06-04 18:04:52.378 1031 1031 I MMKV : Disable checkProcessMode()
06-04 18:04:52.556 663 663 E : wifi ini path = /vendor/etc/wifi_56630001_3ant.ini
06-04 18:04:52.562 167 167 I usb4 : Product: EHCI Host Controller
06-04 18:04:52.572 663 663 E sprdwl : __sprdwl_cmd_getbuf cant't get vif, ctx_id: 0
06-04 18:04:52.576 167 167 I usb4 : Manufacturer: Linux 5.4.125+ ehci_hcd
06-04 18:04:52.412 1031 1031 I MMKV : current API level = 31
06-04 18:04:52.414 1031 1031 I MMKV : version v1.2.8 page size:4096
06-04 18:04:52.417 1031 1031 I MMKV : root dir: /data/user/0/com.dangbei.lerad.etna.haqu/files/mmkv
06-04 18:04:52.590 167 167 I usb4 : SerialNumber: sunxi-ehci
06-04 18:04:52.421 318 320 D XM_HIDREAD: add@ add@/devices/platform/soc@3000000/5311000.ehci3-controller/usb4
06-04 18:04:52.422 318 320 D XM_HIDREAD: add@ add@/devices/platform/soc@3000000/5311000.ehci3-controller/usb4/4-0:1.0
06-04 18:04:52.597 663 663 E sprdwl : __sprdwl_cmd_getbuf cant't get vif, ctx_id: 0
06-04 18:04:52.599 167 167 I hub 4-0 : 1.0: USB hub found
06-04 18:04:52.438 468 751 D CompatibilityChangeReporter: Compat change id reported: 168419799; UID 1000; state: DISABLED
