06-04 18:04:48.709 816 899 D CCodec : int32_t sample-rate = 48000
06-04 18:04:48.709 816 899 D CCodec : int32_t channel-mask = 3
06-04 18:04:48.709 816 899 D CCodec : }
06-04 18:04:48.712 185 185 I hwservicemanager: getTransport: Cannot find entry android.hardware.graphics.allocator@3.0::IAllocator/default in either framework or device VINTF manifest.
06-04 18:04:48.713 816 899 I CCodecConfig: query failed after returning 7 values (BAD_INDEX)
06-04 18:04:48.713 816 913 W Gralloc3: allocator 3.x is not supported
06-04 18:04:48.715 816 899 W Codec2Client: query -- param skipped: index = 1342179345.
06-04 18:04:48.715 816 899 W Codec2Client: query -- param skipped: index = 2415921170.
06-04 18:04:48.717 816 899 D C2Store : Using ION
06-04 18:04:48.717 468 748 W ActivityManager: Unable to start service Intent { cmp=com.oranth.ledstatus/.LedStatusService } U=0: not found
06-04 18:04:48.718 816 899 D CCodecBufferChannel: [c2.android.vorbis.decoder#918] Created input block pool with allocatorID 16 => poolID 17 - OK (0)
06-04 18:04:48.722 260 285 I gralloc : alloc buffer:W:1920 H:1080 S:1920 PL[1920 1080] SZ:8294400 fmt:1 if:0 af:1 usg:20000b00 fg:00000004
06-04 18:04:48.723 816 913 E ion : ioctl c0044901 failed with code -1: Inappropriate ioctl for device
06-04 18:04:48.727 816 899 I CCodecBufferChannel: [c2.android.vorbis.decoder#918] Created output block pool with allocatorID 16 => poolID 19 - OK
06-04 18:04:48.729 816 899 D CCodecBufferChannel: [c2.android.vorbis.decoder#918] Configured output block pool ids 19 => OK
06-04 18:04:48.731 260 285 I gralloc : alloc buffer:W:1920 H:1080 S:1920 PL[1920 1080] SZ:8294400 fmt:1 if:0 af:1 usg:20000b00 fg:00000004
06-04 18:04:48.732 816 899 E ion : ioctl c0044901 failed with code -1: Inappropriate ioctl for device
06-04 18:04:48.738 260 285 I gralloc : alloc buffer:W:1920 H:1080 S:1920 PL[1920 1080] SZ:8294400 fmt:1 if:0 af:1 usg:20000b00 fg:00000004
06-04 18:04:48.743 389 920 D SimpleC2Component: Using output block pool with poolID 19 => got 19 - 0
06-04 18:04:48.773 266 266 I AW_PowerHAL: Power setMode: SUSTAINED_PERFORMANCE to: 0
06-04 18:04:48.773 266 266 I AW_PowerHAL: BootCompleted
06-04 18:04:48.775 266 266 I AW_PowerHAL: cur-mode:SCHEDUTIL-Home
06-04 18:04:48.780 468 520 I ActivityManagerTiming: FinishBooting
06-04 18:04:48.782 468 520 W KeyguardServiceDelegate: onScreenTurningOn(): no keyguard service!
06-04 18:04:48.857 682 682 W AlarmManager: Unrecognized alarm listener com.android.systemui.keyguard.KeyguardSliceProvider$$ExternalSyntheticLambda0@54fc5e4
06-04 18:04:48.905 816 899 D CCodecBufferChannel: [c2.android.vorbis.decoder#918] MediaCodec discarded an unknown buffer
06-04 18:04:48.916 682 682 V SystemUIService: SystemUIApplication created.
06-04 18:04:48.916 682 682 D SystemUIBootTiming: DependencyInjection took to complete: 0ms
06-04 18:04:48.918 682 682 D SystemUIService: is homlet
06-04 18:04:48.918 682 682 I SystemUIService: Found SurfaceFlinger's GPU Priority: 12545
06-04 18:04:48.919 816 927 I hw-BpHwBinder: onLastStrongRef automatically unlinking death recipients
06-04 18:04:48.921 389 892 I hw-BpHwBinder: onLastStrongRef automatically unlinking death recipients
06-04 18:04:48.954 816 895 D MediaCodecList: codecHandlesFormat: no format, so no extra checks
06-04 18:04:48.966 816 930 D CCodec : allocate(c2.android.vorbis.decoder)
06-04 18:04:48.970 816 930 I CCodec : Created component [c2.android.vorbis.decoder]
06-04 18:04:48.970 816 930 D CCodecConfig: read media type: audio/vorbis
06-04 18:04:48.974 816 930 D ReflectedParamUpdater: extent() != 1 for single value type: algo.buffers.max-count.values
06-04 18:04:48.975 816 930 D ReflectedParamUpdater: extent() != 1 for single value type: output.subscribed-indices.values
06-04 18:04:48.975 816 930 D ReflectedParamUpdater: extent() != 1 for single value type: input.buffers.allocator-ids.values
06-04 18:04:48.975 816 930 D ReflectedParamUpdater: extent() != 1 for single value type: output.buffers.allocator-ids.values
06-04 18:04:48.975 816 930 D ReflectedParamUpdater: extent() != 1 for single value type: algo.buffers.allocator-ids.values
06-04 18:04:48.976 816 930 D ReflectedParamUpdater: extent() != 1 for single value type: output.buffers.pool-ids.values
06-04 18:04:48.976 816 930 D ReflectedParamUpdater: extent() != 1 for single value type: algo.buffers.pool-ids.values
06-04 18:04:48.979 816 930 I CCodecConfig: query failed after returning 7 values (BAD_INDEX)
06-04 18:04:48.980 816 930 D CCodecConfig: c2 config diff is Dict {
06-04 18:04:48.980 816 930 D CCodecConfig: c2::u32 coded.bitrate.value = 64000
06-04 18:04:48.980 816 930 D CCodecConfig: c2::u32 input.buffers.max-size.value = 32768
06-04 18:04:48.980 816 930 D CCodecConfig: c2::u32 input.delay.value = 0
06-04 18:04:48.980 816 930 D CCodecConfig: string input.media-type.value = "audio/vorbis"
06-04 18:04:48.980 816 930 D CCodecConfig: string output.media-type.value = "audio/raw"
06-04 18:04:48.980 816 930 D CCodecConfig: c2::u32 raw.channel-count.value = 1
06-04 18:04:48.980 816 930 D CCodecConfig: c2::u32 raw.sample-rate.value = 48000
06-04 18:04:48.980 816 930 D CCodecConfig: }
06-04 18:04:48.982 816 930 D CCodec : [c2.android.vorbis.decoder] buffers are bound to CCodec for this session
06-04 18:04:48.982 816 930 D CCodecConfig: no c2 equivalents for durationUs
06-04 18:04:48.982 816 930 D CCodecConfig: no c2 equivalents for track-id
06-04 18:04:48.982 816 930 D CCodecConfig: no c2 equivalents for csd-1
06-04 18:04:48.982 816 930 D CCodecConfig: no c2 equivalents for channel-mask
06-04 18:04:48.982 816 930 D CCodecConfig: no c2 equivalents for flags
06-04 18:04:48.983 816 930 D CCodecConfig: c2 config diff is c2::u32 coded.bitrate.value = 224000
06-04 18:04:48.983 816 930 D CCodecConfig: c2::u32 raw.channel-count.value = 2
06-04 18:04:48.984 468 490 I system_server: Background concurrent copying GC freed 64496(4252KB) AllocSpace objects, 15(916KB) LOS objects, 49% free, 8978KB/17MB, paused 301us total 982.773ms
06-04 18:04:48.985 816 930 W Codec2Client: query -- param skipped: index = 1107298332.
06-04 18:04:48.985 816 930 D CCodec : setup formats input: AMessage(what = 0x00000000) = {
06-04 18:04:48.985 816 930 D CCodec : int32_t bitrate = 224000
06-04 18:04:48.985 816 930 D CCodec : int32_t channel-count = 2
06-04 18:04:48.985 816 930 D CCodec : int32_t max-input-size = 32768
06-04 18:04:48.985 816 930 D CCodec : string mime = "audio/vorbis"
06-04 18:04:48.985 816 930 D CCodec : int32_t sample-rate = 48000
06-04 18:04:48.985 816 930 D CCodec : }
06-04 18:04:48.985 816 930 D CCodec : setup formats output: AMessage(what = 0x00000000) = {
06-04 18:04:48.985 816 930 D CCodec : int32_t channel-count = 2
06-04 18:04:48.985 816 930 D CCodec : string mime = "audio/raw"
06-04 18:04:48.985 816 930 D CCodec : int32_t sample-rate = 48000
06-04 18:04:48.985 816 930 D CCodec : int32_t channel-mask = 3
06-04 18:04:48.985 816 930 D CCodec : }
06-04 18:04:48.985 816 930 I CCodecConfig: query failed after returning 7 values (BAD_INDEX)
06-04 18:04:48.986 468 468 I system_server: WaitForGcToComplete blocked ClassLinker on Background for 681.918ms
06-04 18:04:48.988 468 468 W Looper : Slow dispatch took 744ms main h=android.app.ActivityThread$H c=null m=114
06-04 18:04:48.990 816 930 W Codec2Client: query -- param skipped: index = 1342179345.
06-04 18:04:48.990 816 930 W Codec2Client: query -- param skipped: index = 2415921170.
06-04 18:04:48.992 816 930 D CCodecBufferChannel: [c2.android.vorbis.decoder#974] Created input block pool with allocatorID 16 => poolID 18 - OK (0)
06-04 18:04:48.993 468 516 I ServiceWatcher: [fused] connected to {com.android.location.fused/com.android.location.fused.FusedLocationService}
06-04 18:04:48.996 816 930 I CCodecBufferChannel: [c2.android.vorbis.decoder#974] Created output block pool with allocatorID 16 => poolID 20 - OK
06-04 18:04:48.996 816 930 D CCodecBufferChannel: [c2.android.vorbis.decoder#974] Configured output block pool ids 20 => OK
06-04 18:04:48.997 468 468 E WiredAccessoryManager: No state change.
06-04 18:04:48.998 468 468 W WiredAccessoryManager: Both input event and extcon are used for audio jack, please just choose one.
06-04 18:04:49.003 389 932 D SimpleC2Component: Using output block pool with poolID 20 => got 20 - 0
06-04 18:04:49.004 468 492 W System : A resource failed to call release.
06-04 18:04:49.005 468 492 W System : A resource failed to call release.
06-04 18:04:49.010 468 468 W TrustManagerService: EXTRA_USER_HANDLE missing or invalid, value=0
06-04 18:04:49.049 468 468 I SystemServerTiming: ManagedServices.unbindOtherUserServices_current0
06-04 18:04:49.049 468 468 D SystemServerTiming: ManagedServices.unbindOtherUserServices_current0 took to complete: 0ms
06-04 18:04:49.049 468 468 I SystemServerTiming: ManagedServices.unbindOtherUserServices_current0
06-04 18:04:49.049 468 468 D SystemServerTiming: ManagedServices.unbindOtherUserServices_current0 took to complete: 0ms
06-04 18:04:49.050 468 468 I SystemServerTiming: ManagedServices.unbindOtherUserServices_current0
06-04 18:04:49.050 468 468 D SystemServerTiming: ManagedServices.unbindOtherUserServices_current0 took to complete: 0ms
06-04 18:04:49.050 468 468 V NotificationAssistants: enabling notification assistant for 0: ComponentInfo{android.ext.services/android.ext.services.notification.Assistant}
06-04 18:04:49.051 468 468 V NotificationAssistants: binding: Intent { act=android.service.notification.NotificationAssistantService cmp=android.ext.services/.notification.Assistant (has extras) }
06-04 18:04:49.110 468 726 I hw-BpHwBinder: onLastStrongRef automatically unlinking death recipients
06-04 18:04:49.133 682 682 V SystemUIService: Starting SystemUI services for user 0.
06-04 18:04:49.135 682 682 D SystemUIService: loading: com.android.systemui.util.NotificationChannels
06-04 18:04:49.142 682 682 D SystemUIService: running: com.android.systemui.util.NotificationChannels@b701603
06-04 18:04:49.153 468 725 D CCodecBufferChannel: [c2.android.vorbis.decoder#638] MediaCodec discarded an unknown buffer
06-04 18:04:49.154 468 725 D CCodecBufferChannel: [c2.android.vorbis.decoder#638] MediaCodec discarded an unknown buffer
06-04 18:04:49.158 682 682 D SystemUIBootTiming: StartServicescom.android.systemui.util.NotificationChannels took to complete: 22ms
06-04 18:04:49.159 682 682 D SystemUIService: loading: com.android.systemui.oranth.ManagerService
06-04 18:04:49.160 184 184 E SELinux : avc: denied { find } for pid=682 uid=10061 name=oranth_manager scontext=u:r:platform_app:s0:c512,c768 tcontext=u:object_r:default_android_service:s0 tclass=service_manager permissive=1
06-04 18:04:49.162 682 682 D SystemUIService: running: com.android.systemui.oranth.ManagerService@5f8ebb9
06-04 18:04:49.163 682 682 I ManagerService: -------------------- oranth manager service ---------
06-04 18:04:49.163 682 682 D SystemUIBootTiming: StartServicescom.android.systemui.oranth.ManagerService took to complete: 5ms
06-04 18:04:49.164 682 682 D SystemUIBootTiming: StartServices took to complete: 29ms
06-04 18:04:49.179 468 725 I hw-BpHwBinder: onLastStrongRef automatically unlinking death recipients
06-04 18:04:49.181 389 892 I hw-BpHwBinder: onLastStrongRef automatically unlinking death recipients
06-04 18:04:49.191 468 707 D MediaCodecList: codecHandlesFormat: no format, so no extra checks
06-04 18:04:49.203 816 930 D CCodecBufferChannel: [c2.android.vorbis.decoder#974] MediaCodec discarded an unknown buffer
06-04 18:04:49.205 468 940 D CCodec : allocate(c2.android.vorbis.decoder)
06-04 18:04:49.205 468 468 W Looper : Slow dispatch took 151ms main h=android.app.ActivityThread$H c=android.app.LoadedApk$ReceiverDispatcher$Args$$ExternalSyntheticLambda0@b3f76ff m=0
06-04 18:04:49.208 389 921 I hw-BpHwBinder: onLastStrongRef automatically unlinking death recipients
06-04 18:04:49.208 816 941 I hw-BpHwBinder: onLastStrongRef automatically unlinking death recipients
06-04 18:04:49.208 682 682 I FalsingManager: xdpi, ydpi: 0.16, 0.16
06-04 18:04:49.208 682 682 I FalsingManager: width, height: 1920, 1080
06-04 18:04:49.209 468 940 I CCodec : Created component [c2.android.vorbis.decoder]
06-04 18:04:49.209 468 940 D CCodecConfig: read media type: audio/vorbis
06-04 18:04:49.214 468 706 D MediaCodecList: codecHandlesFormat: no format, so no extra checks
06-04 18:04:49.216 468 940 D ReflectedParamUpdater: extent() != 1 for single value type: algo.buffers.max-count.values
06-04 18:04:49.217 468 940 D ReflectedParamUpdater: extent() != 1 for single value type: output.subscribed-indices.values
06-04 18:04:49.217 468 940 D ReflectedParamUpdater: extent() != 1 for single value type: input.buffers.allocator-ids.values
06-04 18:04:49.217 468 940 D ReflectedParamUpdater: extent() != 1 for single value type: output.buffers.allocator-ids.values
06-04 18:04:49.217 468 940 D ReflectedParamUpdater: extent() != 1 for single value type: algo.buffers.allocator-ids.values
06-04 18:04:49.217 468 940 D ReflectedParamUpdater: extent() != 1 for single value type: output.buffers.pool-ids.values
06-04 18:04:49.217 468 940 D ReflectedParamUpdater: extent() != 1 for single value type: algo.buffers.pool-ids.values
06-04 18:04:49.220 468 940 I CCodecConfig: query failed after returning 7 values (BAD_INDEX)
06-04 18:04:49.220 468 940 D CCodecConfig: c2 config diff is Dict {
06-04 18:04:49.220 468 940 D CCodecConfig: c2::u32 coded.bitrate.value = 64000
06-04 18:04:49.220 468 940 D CCodecConfig: c2::u32 input.buffers.max-size.value = 32768
06-04 18:04:49.220 468 940 D CCodecConfig: c2::u32 input.delay.value = 0
06-04 18:04:49.220 468 940 D CCodecConfig: string input.media-type.value = "audio/vorbis"
06-04 18:04:49.220 468 940 D CCodecConfig: string output.media-type.value = "audio/raw"
06-04 18:04:49.220 468 940 D CCodecConfig: c2::u32 raw.channel-count.value = 1
06-04 18:04:49.220 468 940 D CCodecConfig: c2::u32 raw.sample-rate.value = 48000
06-04 18:04:49.220 468 940 D CCodecConfig: }
06-04 18:04:49.221 468 468 D ConditionProviders.SCP: onSubscribe condition://android/schedule?days=1.2.3.4.5.6.7&start=22.0&end=7.0&exitAtAlarm=true
06-04 18:04:49.222 468 468 D ConditionProviders.SCP: setRegistered true
06-04 18:04:49.223 468 945 D CCodec : allocate(c2.android.vorbis.decoder)
06-04 18:04:49.223 468 940 D CCodec : [c2.android.vorbis.decoder] buffers are bound to CCodec for this session
06-04 18:04:49.223 468 940 D CCodecConfig: no c2 equivalents for durationUs
06-04 18:04:49.223 468 940 D CCodecConfig: no c2 equivalents for track-id
06-04 18:04:49.223 468 940 D CCodecConfig: no c2 equivalents for csd-1
06-04 18:04:49.223 468 940 D CCodecConfig: no c2 equivalents for channel-mask
06-04 18:04:49.223 468 940 D CCodecConfig: no c2 equivalents for flags
06-04 18:04:49.224 468 940 D CCodecConfig: c2 config diff is c2::u32 coded.bitrate.value = 499821
06-04 18:04:49.224 468 940 D CCodecConfig: c2::u32 raw.channel-count.value = 2
06-04 18:04:49.224 468 940 D CCodecConfig: c2::u32 raw.sample-rate.value = 44100
06-04 18:04:49.226 468 940 W Codec2Client: query -- param skipped: index = 1107298332.
06-04 18:04:49.227 468 940 D CCodec : setup formats input: AMessage(what = 0x00000000) = {
06-04 18:04:49.227 468 940 D CCodec : int32_t bitrate = 499821
06-04 18:04:49.227 468 940 D CCodec : int32_t channel-count = 2
06-04 18:04:49.227 468 940 D CCodec : int32_t max-input-size = 32768
06-04 18:04:49.227 468 940 D CCodec : string mime = "audio/vorbis"
06-04 18:04:49.227 468 940 D CCodec : int32_t sample-rate = 44100
06-04 18:04:49.227 468 940 D CCodec : }
06-04 18:04:49.227 468 940 D CCodec : setup formats output: AMessage(what = 0x00000000) = {
06-04 18:04:49.227 468 940 D CCodec : int32_t channel-count = 2
06-04 18:04:49.227 468 940 D CCodec : string mime = "audio/raw"
06-04 18:04:49.227 468 940 D CCodec : int32_t sample-rate = 44100
06-04 18:04:49.227 468 940 D CCodec : int32_t channel-mask = 3
06-04 18:04:49.227 468 940 D CCodec : }
06-04 18:04:49.228 468 625 W ActivityThread: Failed to find provider info for com.android.calendar (user not unlocked)
06-04 18:04:49.228 468 945 I CCodec : Created component [c2.android.vorbis.decoder]
06-04 18:04:49.228 468 945 D CCodecConfig: read media type: audio/vorbis
06-04 18:04:49.228 468 940 I CCodecConfig: query failed after returning 7 values (BAD_INDEX)
06-04 18:04:49.229 468 625 W ActivityThread: Failed to find provider info for com.android.calendar (user not unlocked)
06-04 18:04:49.229 468 940 W Codec2Client: query -- param skipped: index = 1342179345.
06-04 18:04:49.229 468 940 W Codec2Client: query -- param skipped: index = 2415921170.
06-04 18:04:49.231 468 940 D CCodecBufferChannel: [c2.android.vorbis.decoder#537] Created input block pool with allocatorID 16 => poolID 19 - OK (0)
06-04 18:04:49.232 468 945 D ReflectedParamUpdater: extent() != 1 for single value type: algo.buffers.max-count.values
06-04 18:04:49.232 468 945 D ReflectedParamUpdater: extent() != 1 for single value type: output.subscribed-indices.values
06-04 18:04:49.232 468 945 D ReflectedParamUpdater: extent() != 1 for single value type: input.buffers.allocator-ids.values
06-04 18:04:49.233 468 945 D ReflectedParamUpdater: extent() != 1 for single value type: output.buffers.allocator-ids.values
06-04 18:04:49.233 468 945 D ReflectedParamUpdater: extent() != 1 for single value type: algo.buffers.allocator-ids.values
06-04 18:04:49.234 468 940 I CCodecBufferChannel: [c2.android.vorbis.decoder#537] Created output block pool with allocatorID 16 => poolID 21 - OK
06-04 18:04:49.234 468 945 D ReflectedParamUpdater: extent() != 1 for single value type: output.buffers.pool-ids.values
06-04 18:04:49.234 468 945 D ReflectedParamUpdater: extent() != 1 for single value type: algo.buffers.pool-ids.values
06-04 18:04:49.235 468 940 D CCodecBufferChannel: [c2.android.vorbis.decoder#537] Configured output block pool ids 21 => OK
06-04 18:04:49.237 468 945 I CCodecConfig: query failed after returning 7 values (BAD_INDEX)
06-04 18:04:49.237 468 945 D CCodecConfig: c2 config diff is Dict {
06-04 18:04:49.237 468 945 D CCodecConfig: c2::u32 coded.bitrate.value = 64000
06-04 18:04:49.237 468 945 D CCodecConfig: c2::u32 input.buffers.max-size.value = 32768
06-04 18:04:49.237 468 945 D CCodecConfig: c2::u32 input.delay.value = 0
06-04 18:04:49.237 468 945 D CCodecConfig: string input.media-type.value = "audio/vorbis"
06-04 18:04:49.237 468 945 D CCodecConfig: string output.media-type.value = "audio/raw"
06-04 18:04:49.237 468 945 D CCodecConfig: c2::u32 raw.channel-count.value = 1
06-04 18:04:49.237 468 945 D CCodecConfig: c2::u32 raw.sample-rate.value = 48000
06-04 18:04:49.237 468 945 D CCodecConfig: }
06-04 18:04:49.238 468 468 D ConditionProviders.SCP: evaluateSubscriptionLocked cal=ScheduleCalendar[mDays={1, 2, 3, 4, 5, 6, 7}, mSchedule=ScheduleInfo{days=[1, 2, 3, 4, 5, 6, 7], startHour=22, startMinute=0, endHour=7, endMinute=0, exitAtAlarm=true, nextAlarm=Thu Jan 01 08:00:00 GMT+08:00 1970 (0)}], now=Wed Jun 04 18:04:49 GMT+08:00 2025 (1749031489222), nextUserAlarmTime=Thu Jan 01 08:00:00 GMT+08:00 1970 (0)
06-04 18:04:49.239 389 942 D SimpleC2Component: Using output block pool with poolID 21 => got 21 - 0
06-04 18:04:49.239 468 945 D CCodec : [c2.android.vorbis.decoder] buffers are bound to CCodec for this session
06-04 18:04:49.239 468 945 D CCodecConfig: no c2 equivalents for durationUs
06-04 18:04:49.239 468 945 D CCodecConfig: no c2 equivalents for track-id
06-04 18:04:49.239 468 945 D CCodecConfig: no c2 equivalents for csd-1
06-04 18:04:49.239 468 945 D CCodecConfig: no c2 equivalents for channel-mask
06-04 18:04:49.239 468 945 D CCodecConfig: no c2 equivalents for flags
06-04 18:04:49.241 468 468 D ConditionProviders.SCP: notifyCondition condition://android/schedule?days=1.2.3.4.5.6.7&start=22.0&end=7.0&exitAtAlarm=true STATE_FALSE reason=!meetsSchedule
06-04 18:04:49.243 468 945 D CCodecConfig: c2 config diff is c2::u32 coded.bitrate.value = 499821
06-04 18:04:49.243 468 945 D CCodecConfig: c2::u32 raw.channel-count.value = 2
06-04 18:04:49.243 468 945 D CCodecConfig: c2::u32 raw.sample-rate.value = 44100
06-04 18:04:49.245 468 945 W Codec2Client: query -- param skipped: index = 1107298332.
06-04 18:04:49.245 468 945 D CCodec : setup formats input: AMessage(what = 0x00000000) = {
06-04 18:04:49.245 468 945 D CCodec : int32_t bitrate = 499821
06-04 18:04:49.245 468 945 D CCodec : int32_t channel-count = 2
06-04 18:04:49.245 468 945 D CCodec : int32_t max-input-size = 32768
06-04 18:04:49.245 468 945 D CCodec : string mime = "audio/vorbis"
06-04 18:04:49.245 468 945 D CCodec : int32_t sample-rate = 44100
06-04 18:04:49.245 468 945 D CCodec : }
06-04 18:04:49.245 468 945 D CCodec : setup formats output: AMessage(what = 0x00000000) = {
06-04 18:04:49.245 468 945 D CCodec : int32_t channel-count = 2
06-04 18:04:49.245 468 945 D CCodec : string mime = "audio/raw"
06-04 18:04:49.245 468 945 D CCodec : int32_t sample-rate = 44100
06-04 18:04:49.245 468 945 D CCodec : int32_t channel-mask = 3
06-04 18:04:49.245 468 945 D CCodec : }
06-04 18:04:49.247 468 945 I CCodecConfig: query failed after returning 7 values (BAD_INDEX)
06-04 18:04:49.249 468 945 W Codec2Client: query -- param skipped: index = 1342179345.
06-04 18:04:49.249 468 945 W Codec2Client: query -- param skipped: index = 2415921170.
06-04 18:04:49.250 468 945 D CCodecBufferChannel: [c2.android.vorbis.decoder#985] Created input block pool with allocatorID 16 => poolID 20 - OK (0)
06-04 18:04:49.252 468 945 I CCodecBufferChannel: [c2.android.vorbis.decoder#985] Created output block pool with allocatorID 16 => poolID 22 - OK
06-04 18:04:49.252 468 945 D CCodecBufferChannel: [c2.android.vorbis.decoder#985] Configured output block pool ids 22 => OK
06-04 18:04:49.264 468 468 D ConditionProviders.SCP: Scheduling evaluate for Wed Jun 04 22:00:00 GMT+08:00 2025 (1749045600000), in +3h55m10s778ms, now=Wed Jun 04 18:04:49 GMT+08:00 2025 (1749031489222)
06-04 18:04:49.266 468 468 I ConnectivityModuleConnector: Networking module service connected
06-04 18:04:49.266 468 468 I ConnectivityModuleConnector: Networking module service connected
06-04 18:04:49.266 468 468 I NetworkStackClient: Network stack service connected
06-04 18:04:49.303 389 947 D SimpleC2Component: Using output block pool with poolID 22 => got 22 - 0
06-04 18:04:49.248 682 682 I SharedPreferenc: type=1400 audit(0.0:352): avc: denied { open } for path="/data/user_de/0/com.android.systemui/shared_prefs/plugin_prefs.xml" dev="mmcblk0p25" ino=2169 scontext=u:r:platform_app:s0:c512,c768 tcontext=u:object_r:app_data_file:s0:c512,c768 tclass=file permissive=1 app=com.softwinner.screenshot
06-04 18:04:49.307 267 267 D hdmi-cec: cec physical address: 2.0.0.0
06-04 18:04:49.307 267 267 D hdmi-cec: cec physical address: 2.0.0.0
06-04 18:04:49.307 267 267 D hdmi-cec: cec physical address: 2.0.0.0
06-04 18:04:49.308 267 267 D hdmi-cec: addLogicalAddress (4)
06-04 18:04:49.308 267 267 D hdmi-cec: cec physical address: 2.0.0.0
06-04 18:04:49.309 668 677 I droid.bluetoot: Background young concurrent copying GC freed 7691(627KB) AllocSpace objects, 6(120KB) LOS objects, 89% free, 3009KB/26MB, paused 200us total 266.676ms
06-04 18:04:49.313 468 580 W ServiceManager: Permission failure: android.permission.HIGH_SAMPLING_RATE_SENSORS from uid=10061 pid=682
06-04 18:04:49.321 468 468 D BluetoothManagerService: BluetoothServiceConnection: com.android.bluetooth.btservice.AdapterService
06-04 18:04:49.322 468 519 D BluetoothManagerService: MESSAGE_BLUETOOTH_SERVICE_CONNECTED: 1
06-04 18:04:49.333 468 519 D BluetoothManagerService: Broadcasting onBluetoothServiceUp() to 3 receivers.
06-04 18:04:49.334 468 468 I ExplicitHealthCheckController: Explicit health check service is connected ComponentInfo{android.ext.services/android.ext.services.watchdog.ExplicitHealthCheckServiceImpl}
06-04 18:04:49.335 468 468 I ExplicitHealthCheckController: Service initialized, syncing requests
06-04 18:04:49.335 468 468 I ConnectivityModuleConnector: Networking module service connected
06-04 18:04:49.336 468 468 I ConnectivityModuleConnector: Networking module service connected
06-04 18:04:49.336 468 519 D BluetoothAdapter: onBluetoothServiceUp: android.bluetooth.IBluetooth$Stub$Proxy@9736418
06-04 18:04:49.337 682 697 D BluetoothAdapter: onBluetoothServiceUp: android.bluetooth.IBluetooth$Stub$Proxy@e08d612
06-04 18:04:49.337 468 940 D CCodecBufferChannel: [c2.android.vorbis.decoder#537] MediaCodec discarded an unknown buffer
06-04 18:04:49.338 468 940 D CCodecBufferChannel: [c2.android.vorbis.decoder#537] MediaCodec discarded an unknown buffer
06-04 18:04:49.339 668 683 D BluetoothAdapterService: enable() - Enable called with quiet mode status = false
06-04 18:04:49.340 668 818 I AdapterState: BLE_TURNING_ON : entered
06-04 18:04:49.340 668 818 D AdapterProperties: Setting state to BLE_TURNING_ON
06-04 18:04:49.341 668 700 D BluetoothAdapter: onBluetoothServiceUp: com.android.bluetooth.btservice.AdapterService$AdapterServiceBinder@e67005f
06-04 18:04:49.343 468 940 I hw-BpHwBinder: onLastStrongRef automatically unlinking death recipients
06-04 18:04:49.352 468 468 D AutofillManagerService: Restriction did not change for user 0
06-04 18:04:49.353 668 818 D BluetoothAdapterService: updateAdapterState() - Broadcasting state BLE_TURNING_ON to 1 receivers.
06-04 18:04:49.355 468 519 D BluetoothManagerService: MESSAGE_BLUETOOTH_STATE_CHANGE: OFF > BLE_TURNING_ON
06-04 18:04:49.355 468 519 D BluetoothManagerService: Sending BLE State Change: OFF > BLE_TURNING_ON
06-04 18:04:49.357 468 468 V NotificationAssistants: 0 notification assistant service connected: ComponentInfo{android.ext.services/android.ext.services.notification.Assistant}
06-04 18:04:49.363 468 468 I PackageWatchdog: Syncing health check requests for packages: {}
06-04 18:04:49.363 468 468 D ExplicitHealthCheckController: Getting health check supported packages
06-04 18:04:49.364 468 468 W Looper : Drained
06-04 18:04:49.369 468 751 I ExplicitHealthCheckController: Explicit health check supported packages [PackageConfig{com.android.networkstack, 86400000}]
06-04 18:04:49.369 468 751 D PackageWatchdog: Received supported packages [PackageConfig{com.android.networkstack, 86400000}]
06-04 18:04:49.369 468 751 D ExplicitHealthCheckController: Getting health check requested packages
06-04 18:04:49.369 668 818 D BluetoothAdapterService: bleOnProcessStart()
06-04 18:04:49.370 668 818 I AdapterProperties: init(), maxConnectedAudioDevices, default=5, propertyOverlayed=5, finalValue=5
06-04 18:04:49.371 468 751 I ExplicitHealthCheckController: Explicit health check requested packages []
06-04 18:04:49.372 468 751 I ExplicitHealthCheckController: No more health check requests, unbinding...
06-04 18:04:49.378 468 707 D MediaCodecList: codecHandlesFormat: no format, so no extra checks
06-04 18:04:49.381 468 751 I ExplicitHealthCheckController: Explicit health check service is unbound
06-04 18:04:49.392 668 818 D BluetoothAdapterService: bleOnProcessStart() - Make Bond State Machine
06-04 18:04:49.392 668 818 D BluetoothBondStateMachine: make
06-04 18:04:49.392 682 682 D NavigationModeController: getCurrentUserContext: contextUser=0 currentUser=0
06-04 18:04:49.393 468 954 D CCodec : allocate(c2.android.vorbis.decoder)
06-04 18:04:49.393 682 682 D NavigationModeController: getCurrentInteractionMode: mode=0 contextUser=0
06-04 18:04:49.394 682 682 D NavigationModeController: updateCurrentInteractionMode: mode=0
06-04 18:04:49.395 682 682 D NavigationModeController: contextUser=0
06-04 18:04:49.395 682 682 D NavigationModeController: assetPaths=
06-04 18:04:49.395 682 682 D NavigationModeController: and /system/framework/framework-res.apk
06-04 18:04:49.395 682 682 D NavigationModeController: /vendor/overlay/framework-res__auto_generated_rro_vendor.apk
06-04 18:04:49.395 682 682 D NavigationModeController: /product/overlay/AwAccentColor/AwAccentColorOverlay.apk
06-04 18:04:49.395 682 682 D NavigationModeController: /product/overlay/AwIconShape/AwIconShapeOverlay.apk
06-04 18:04:49.395 682 682 D NavigationModeController: and /system/system_ext/priv-app/SystemUI/SystemUI.apk
06-04 18:04:49.396 682 682 D NavigationModeController: getCurrentInteractionMode: mode=0 contextUser=0
06-04 18:04:49.396 468 954 I CCodec : Created component [c2.android.vorbis.decoder]
06-04 18:04:49.397 468 954 D CCodecConfig: read media type: audio/vorbis
06-04 18:04:49.399 668 956 I BluetoothBondStateMachine: StableState(): Entering Off State
06-04 18:04:49.403 468 954 D ReflectedParamUpdater: extent() != 1 for single value type: algo.buffers.max-count.values
06-04 18:04:49.403 468 954 D ReflectedParamUpdater: extent() != 1 for single value type: output.subscribed-indices.values
06-04 18:04:49.404 468 954 D ReflectedParamUpdater: extent() != 1 for single value type: input.buffers.allocator-ids.values
06-04 18:04:49.404 468 954 D ReflectedParamUpdater: extent() != 1 for single value type: output.buffers.allocator-ids.values
06-04 18:04:49.404 468 954 D ReflectedParamUpdater: extent() != 1 for single value type: algo.buffers.allocator-ids.values
06-04 18:04:49.404 468 954 D ReflectedParamUpdater: extent() != 1 for single value type: output.buffers.pool-ids.values
06-04 18:04:49.405 468 954 D ReflectedParamUpdater: extent() != 1 for single value type: algo.buffers.pool-ids.values
06-04 18:04:49.407 468 954 I CCodecConfig: query failed after returning 7 values (BAD_INDEX)
06-04 18:04:49.408 468 954 D CCodecConfig: c2 config diff is Dict {
06-04 18:04:49.408 468 954 D CCodecConfig: c2::u32 coded.bitrate.value = 64000
06-04 18:04:49.408 468 954 D CCodecConfig: c2::u32 input.buffers.max-size.value = 32768
06-04 18:04:49.408 468 954 D CCodecConfig: c2::u32 input.delay.value = 0
06-04 18:04:49.408 468 954 D CCodecConfig: string input.media-type.value = "audio/vorbis"
06-04 18:04:49.408 468 954 D CCodecConfig: string output.media-type.value = "audio/raw"
06-04 18:04:49.408 468 954 D CCodecConfig: c2::u32 raw.channel-count.value = 1
06-04 18:04:49.408 468 954 D CCodecConfig: c2::u32 raw.sample-rate.value = 48000
06-04 18:04:49.408 468 954 D CCodecConfig: }
06-04 18:04:49.409 468 954 D CCodec : [c2.android.vorbis.decoder] buffers are bound to CCodec for this session
06-04 18:04:49.410 468 954 D CCodecConfig: no c2 equivalents for durationUs
06-04 18:04:49.410 468 954 D CCodecConfig: no c2 equivalents for track-id
06-04 18:04:49.410 468 954 D CCodecConfig: no c2 equivalents for csd-1
06-04 18:04:49.410 468 954 D CCodecConfig: no c2 equivalents for channel-mask
06-04 18:04:49.410 468 954 D CCodecConfig: no c2 equivalents for flags
06-04 18:04:49.410 682 693 I ndroid.systemu: Background young concurrent copying GC freed 24336(1157KB) AllocSpace objects, 0(0B) LOS objects, 87% free, 3572KB/27MB, paused 183us total 320.346ms
06-04 18:04:49.411 468 954 D CCodecConfig: c2 config diff is c2::u32 coded.bitrate.value = 499821
06-04 18:04:49.411 468 954 D CCodecConfig: c2::u32 raw.channel-count.value = 2
06-04 18:04:49.411 468 954 D CCodecConfig: c2::u32 raw.sample-rate.value = 44100
06-04 18:04:49.414 468 954 W Codec2Client: query -- param skipped: index = 1107298332.
06-04 18:04:49.415 468 954 D CCodec : setup formats input: AMessage(what = 0x00000000) = {
06-04 18:04:49.415 468 954 D CCodec : int32_t bitrate = 499821
06-04 18:04:49.415 468 954 D CCodec : int32_t channel-count = 2
06-04 18:04:49.415 468 954 D CCodec : int32_t max-input-size = 32768
06-04 18:04:49.415 468 954 D CCodec : string mime = "audio/vorbis"
06-04 18:04:49.415 468 954 D CCodec : int32_t sample-rate = 44100
06-04 18:04:49.415 468 954 D CCodec : }
06-04 18:04:49.415 468 954 D CCodec : setup formats output: AMessage(what = 0x00000000) = {
06-04 18:04:49.415 468 954 D CCodec : int32_t channel-count = 2
06-04 18:04:49.415 468 954 D CCodec : string mime = "audio/raw"
06-04 18:04:49.415 468 954 D CCodec : int32_t sample-rate = 44100
06-04 18:04:49.415 468 954 D CCodec : int32_t channel-mask = 3
06-04 18:04:49.415 468 954 D CCodec : }
06-04 18:04:49.416 468 954 I CCodecConfig: query failed after returning 7 values (BAD_INDEX)
06-04 18:04:49.417 468 954 W Codec2Client: query -- param skipped: index = 1342179345.
06-04 18:04:49.417 468 954 W Codec2Client: query -- param skipped: index = 2415921170.
06-04 18:04:49.419 468 954 D CCodecBufferChannel: [c2.android.vorbis.decoder#817] Created input block pool with allocatorID 16 => poolID 21 - OK (0)
06-04 18:04:49.421 468 954 I CCodecBufferChannel: [c2.android.vorbis.decoder#817] Created output block pool with allocatorID 16 => poolID 23 - OK
06-04 18:04:49.421 468 954 D CCodecBufferChannel: [c2.android.vorbis.decoder#817] Configured output block pool ids 23 => OK
06-04 18:04:49.423 468 945 D CCodecBufferChannel: [c2.android.vorbis.decoder#985] MediaCodec discarded an unknown buffer
06-04 18:04:49.423 468 945 D CCodecBufferChannel: [c2.android.vorbis.decoder#985] MediaCodec discarded an unknown buffer
06-04 18:04:49.423 468 945 D CCodecBufferChannel: [c2.android.vorbis.decoder#985] MediaCodec discarded an unknown buffer
06-04 18:04:49.424 389 958 D SimpleC2Component: Using output block pool with poolID 23 => got 23 - 0
06-04 18:04:49.431 468 945 I hw-BpHwBinder: onLastStrongRef automatically unlinking death recipients
06-04 18:04:49.439 682 682 D TvPipController: onImeVisibilityChanged(), visible=false, height=0
06-04 18:04:49.439 682 682 D TvPipController: onActionsChanged()
06-04 18:04:49.439 682 682 D TvPipMenuController: setAppActions()
06-04 18:04:49.439 682 682 D TvPipController: onImeVisibilityChanged(), visible=false, height=0
06-04 18:04:49.439 682 682 D TvPipController: onActionsChanged()
06-04 18:04:49.439 682 682 D TvPipMenuController: setAppActions()
06-04 18:04:49.440 682 682 W KeyguardUpdateMonitor: invalid subId in handleServiceStateChange()
06-04 18:04:49.453 668 668 I BtGatt.JNI: classInitNative(L1073): classInitNative: Success!
06-04 18:04:49.455 668 668 D BtGatt.DebugUtils: handleDebugAction() action=null
06-04 18:04:49.458 468 468 D BluetoothA2dp: Binding service...
06-04 18:04:49.459 668 668 I bt_btif : system/bt/btif/src/bluetooth.cc:417 get_profile_interface: get_profile_interface: id = gatt
06-04 18:04:49.460 682 957 V MediaRouter: Selecting route: RouteInfo{ name=手机, description=null, status=null, category=RouteCategory{ name=系统 types=ROUTE_TYPE_LIVE_AUDIO ROUTE_TYPE_LIVE_VIDEO groupable=false }, supportedTypes=ROUTE_TYPE_LIVE_AUDIO ROUTE_TYPE_LIVE_VIDEO , presentationDisplay=null }
06-04 18:04:49.461 682 957 I MediaRouter: Skip setBluetoothA2dpOn(): types=8388615, isPlaybackActive()=false, BT route=null
06-04 18:04:49.471 668 668 D CompatibilityChangeReporter: Compat change id reported: 160794467; UID 1002; state: ENABLED
06-04 18:04:49.478 468 706 D MediaCodecList: codecHandlesFormat: no format, so no extra checks
06-04 18:04:49.481 468 964 D CCodec : allocate(c2.android.vorbis.decoder)
06-04 18:04:49.487 468 964 I CCodec : Created component [c2.android.vorbis.decoder]
06-04 18:04:49.487 468 964 D CCodecConfig: read media type: audio/vorbis
06-04 18:04:49.490 468 964 D ReflectedParamUpdater: extent() != 1 for single value type: algo.buffers.max-count.values
06-04 18:04:49.491 468 964 D ReflectedParamUpdater: extent() != 1 for single value type: output.subscribed-indices.values
06-04 18:04:49.491 468 964 D ReflectedParamUpdater: extent() != 1 for single value type: input.buffers.allocator-ids.values
06-04 18:04:49.491 468 964 D ReflectedParamUpdater: extent() != 1 for single value type: output.buffers.allocator-ids.values
06-04 18:04:49.491 468 964 D ReflectedParamUpdater: extent() != 1 for single value type: algo.buffers.allocator-ids.values
06-04 18:04:49.491 468 964 D ReflectedParamUpdater: extent() != 1 for single value type: output.buffers.pool-ids.values
06-04 18:04:49.492 468 964 D ReflectedParamUpdater: extent() != 1 for single value type: algo.buffers.pool-ids.values
06-04 18:04:49.494 468 964 I CCodecConfig: query failed after returning 7 values (BAD_INDEX)
06-04 18:04:49.494 468 964 D CCodecConfig: c2 config diff is Dict {
06-04 18:04:49.494 468 964 D CCodecConfig: c2::u32 coded.bitrate.value = 64000
06-04 18:04:49.494 468 964 D CCodecConfig: c2::u32 input.buffers.max-size.value = 32768
06-04 18:04:49.494 468 964 D CCodecConfig: c2::u32 input.delay.value = 0
06-04 18:04:49.494 468 964 D CCodecConfig: string input.media-type.value = "audio/vorbis"
06-04 18:04:49.494 468 964 D CCodecConfig: string output.media-type.value = "audio/raw"
06-04 18:04:49.494 468 964 D CCodecConfig: c2::u32 raw.channel-count.value = 1
06-04 18:04:49.494 468 964 D CCodecConfig: c2::u32 raw.sample-rate.value = 48000
06-04 18:04:49.494 468 964 D CCodecConfig: }
06-04 18:04:49.496 468 964 D CCodec : [c2.android.vorbis.decoder] buffers are bound to CCodec for this session
06-04 18:04:49.497 468 964 D CCodecConfig: no c2 equivalents for durationUs
06-04 18:04:49.497 468 964 D CCodecConfig: no c2 equivalents for track-id
06-04 18:04:49.497 468 964 D CCodecConfig: no c2 equivalents for csd-1
06-04 18:04:49.497 468 964 D CCodecConfig: no c2 equivalents for channel-mask
06-04 18:04:49.497 468 964 D CCodecConfig: no c2 equivalents for flags
06-04 18:04:49.498 468 964 D CCodecConfig: c2 config diff is c2::u32 coded.bitrate.value = 239920
06-04 18:04:49.498 468 964 D CCodecConfig: c2::u32 raw.sample-rate.value = 44100
06-04 18:04:49.500 468 964 W Codec2Client: query -- param skipped: index = 1107298332.
06-04 18:04:49.502 468 964 D CCodec : setup formats input: AMessage(what = 0x00000000) = {
06-04 18:04:49.502 468 964 D CCodec : int32_t bitrate = 239920
06-04 18:04:49.502 468 964 D CCodec : int32_t channel-count = 1
06-04 18:04:49.502 468 964 D CCodec : int32_t max-input-size = 32768
06-04 18:04:49.502 468 964 D CCodec : string mime = "audio/vorbis"
06-04 18:04:49.502 468 964 D CCodec : int32_t sample-rate = 44100
06-04 18:04:49.502 468 964 D CCodec : }
06-04 18:04:49.502 468 964 D CCodec : setup formats output: AMessage(what = 0x00000000) = {
06-04 18:04:49.502 468 964 D CCodec : int32_t channel-count = 1
06-04 18:04:49.502 468 964 D CCodec : string mime = "audio/raw"
06-04 18:04:49.502 468 964 D CCodec : int32_t sample-rate = 44100
06-04 18:04:49.502 468 964 D CCodec : int32_t channel-mask = 1
06-04 18:04:49.502 468 964 D CCodec : }
06-04 18:04:49.502 468 964 I CCodecConfig: query failed after returning 7 values (BAD_INDEX)
06-04 18:04:49.511 468 964 W Codec2Client: query -- param skipped: index = 1342179345.
06-04 18:04:49.511 468 964 W Codec2Client: query -- param skipped: index = 2415921170.
06-04 18:04:49.513 468 964 D CCodecBufferChannel: [c2.android.vorbis.decoder#21] Created input block pool with allocatorID 16 => poolID 22 - OK (0)
06-04 18:04:49.514 468 964 I CCodecBufferChannel: [c2.android.vorbis.decoder#21] Created output block pool with allocatorID 16 => poolID 24 - OK
06-04 18:04:49.516 468 964 D CCodecBufferChannel: [c2.android.vorbis.decoder#21] Configured output block pool ids 24 => OK
06-04 18:04:49.518 668 843 I bt_stack_manager: system/bt/btif/src/stack_manager.cc:246 event_start_up_stack: event_start_up_stack is bringing up the stack
06-04 18:04:49.519 668 843 I bt_core_module: system/bt/btcore/src/module.cc:85 module_start_up: module_start_up Starting module "btif_config_module"
06-04 18:04:49.520 668 843 I bt_core_module: system/bt/btcore/src/module.cc:90 module_start_up: module_start_up Started module "btif_config_module"
06-04 18:04:49.520 668 843 I bt_core_module: system/bt/btcore/src/module.cc:85 module_start_up: module_start_up Starting module "btsnoop_module"
06-04 18:04:49.520 668 843 I droid.bluetoot: [0604/180449.520829:INFO:btsnoop.cc(204)] start_up: Snoop Logs fully enabled
06-04 18:04:49.521 389 966 D SimpleC2Component: Using output block pool with poolID 24 => got 24 - 0
06-04 18:04:49.522 668 843 I droid.bluetoot: [0604/180449.521981:INFO:btsnoop.cc(356)] delete_btsnoop_files: Deleting snoop logs if they exist. filtered = 1
06-04 18:04:49.527 668 843 I bt_core_module: system/bt/btcore/src/module.cc:90 module_start_up: module_start_up Started module "btsnoop_module"
06-04 18:04:49.528 668 843 I bt_core_module: system/bt/btcore/src/module.cc:85 module_start_up: module_start_up Starting module "hci_module"
06-04 18:04:49.529 668 843 I bt_hci : system/bt/hci/src/hci_layer.cc:200 hci_module_start_up: hci_module_start_up
06-04 18:04:49.536 668 969 I droid.bluetoot: [0604/180449.536642:INFO:message_loop_thread.cc(224)] Run: message loop starting for thread bt_hci_thread
06-04 18:04:49.537 668 969 I bt_hci : system/bt/hci/src/hci_layer_android.cc:159 hci_initialize: hci_initialize
06-04 18:04:49.538 185 185 I hwservicemanager: getTransport: Cannot find entry android.hardware.bluetooth@1.1::IBluetoothHci/default in either framework or device VINTF manifest.
06-04 18:04:49.539 668 843 I bt_hci : system/bt/hci/src/hci_layer.cc:257 hci_module_start_up: hci_module_start_up starting async portion
06-04 18:04:49.540 668 969 I bt_hci : system/bt/hci/src/hci_layer_android.cc:178 hci_initialize: hci_initialize: IBluetoothHci::getService() returned 0xe5673320 (remote)
06-04 18:04:49.540 668 969 E cutils-trace: Error opening trace file: No such file or directory (2)
06-04 18:04:49.541 253 263 I android.hardware.bluetooth@1.0-impl: BluetoothHci::initialize()
06-04 18:04:49.543 682 682 E libEGL : validate_display:538 error 3001 (EGL_NOT_INITIALIZED)
06-04 18:04:49.543 253 263 D android.hardware.bluetooth@1.0-service: get_local_address: Trying /sys/class/addr_mgt/addr_bt
06-04 18:04:49.543 253 263 D android.hardware.bluetooth@1.0-service: get_local_address: Got Factory BDA C3:E5:D7:83:91:7D
06-04 18:04:49.544 253 263 D WifiHWInfo: Start to load wireless module hardware info table...
06-04 18:04:49.544 253 263 D WifiHWInfo: Entry [01], BUS: SDIO, ID: 0x024C8179, Name: rtl8189es.
06-04 18:04:49.544 253 263 D WifiHWInfo: Entry [02], BUS: SDIO, ID: 0x024CB723, Name: rtl8723bs_vq0.
06-04 18:04:49.544 253 263 D WifiHWInfo: Entry [03], BUS: SDIO, ID: 0x024CB703, Name: rtl8723cs.
06-04 18:04:49.544 253 263 D WifiHWInfo: Entry [04], BUS: SDIO, ID: 0x024CD723, Name: rtl8723ds.
06-04 18:04:49.544 253 263 D WifiHWInfo: Entry [05], BUS: SDIO, ID: 0x024CF179, Name: rtl8189fs.
06-04 18:04:49.544 253 263 D WifiHWInfo: Entry [06], BUS: SDIO, ID: 0x024CB822, Name: rtl88x2bs.
06-04 18:04:49.544 253 263 D WifiHWInfo: Entry [07], BUS: USB, ID: 0x0BDAD723, Name: rtl8723du.
06-04 18:04:49.544 253 263 D WifiHWInfo: Entry [08], BUS: USB, ID: 0x0BDA8179, Name: rtl8188etv.
06-04 18:04:49.544 253 263 D WifiHWInfo: Entry [09], BUS: USB, ID: 0x0BDA0179, Name: rtl8188eu.
06-04 18:04:49.544 253 263 D WifiHWInfo: Entry [10], BUS: USB, ID: 0x0BDA818B, Name: rtl8192eu.
06-04 18:04:49.544 253 263 D WifiHWInfo: Entry [11], BUS: USB, ID: 0x0BDAB720, Name: rtl8723bu.
06-04 18:04:49.544 253 263 D WifiHWInfo: Entry [12], BUS: USB, ID: 0x0BDAC82C, Name: rtl8822cu.
06-04 18:04:49.544 253 263 D WifiHWInfo: Entry [13], BUS: USB, ID: 0x0BDAF179, Name: rtl8188fu.
06-04 18:04:49.544 253 263 D WifiHWInfo: Entry [14], BUS: SDIO, ID: 0x02D0A9A6, Name: ap6212.
06-04 18:04:49.544 253 263 D WifiHWInfo: Entry [15], BUS: SDIO, ID: 0x02D04330, Name: ap6330.
06-04 18:04:49.544 253 263 D WifiHWInfo: Entry [16], BUS: SDIO, ID: 0x02D04356, Name: ap6356s.
06-04 18:04:49.544 253 263 D WifiHWInfo: Entry [17], BUS: SDIO, ID: 0x02D0A9BF, Name: ap6255.
06-04 18:04:49.544 253 263 D WifiHWInfo: Entry [18], BUS: SDIO, ID: 0x02D04334, Name: bcm43342.
06-04 18:04:49.544 253 263 D WifiHWInfo: Entry [19], BUS: SDIO, ID: 0x00202281, Name: xr819.
06-04 18:04:49.544 253 263 D WifiHWInfo: Entry [20], BUS: SDIO, ID: 0x0A9E2282, Name: xr829.
06-04 18:04:49.544 253 263 D WifiHWInfo: Entry [21], BUS: SDIO, ID: 0x0271050A, Name: qca6174a.
06-04 18:04:49.544 253 263 D WifiHWInfo: Entry [22], BUS: SDIO, ID: 0x30303030, Name: ssv6x5x.
06-04 18:04:49.544 253 263 D WifiHWInfo: Entry [23], BUS: SDIO, ID: 0x00000000, Name: uwe5621.
06-04 18:04:49.544 253 263 D WifiHWInfo: Entry [24], BUS: SDIO, ID: 0x54490145, Name: aic8800.
06-04 18:04:49.544 253 263 D WifiHWInfo: Entry [25], BUS: SDIO, ID: 0xC8A1C08D, Name: aic8800.
06-04 18:04:49.544 253 263 D WifiHWInfo: Entry [26], BUS: USB, ID: 0xA69C8800, Name: aic8800.
06-04 18:04:49.544 253 263 D WifiHWInfo: Entry [27], BUS: USB, ID: 0x007A8888, Name: atbm6023is.
06-04 18:04:49.544 253 263 D WifiHWInfo: Entry [28], BUS: SDIO, ID: 0x02E79086, Name: 9012p.
06-04 18:04:49.544 253 263 D WifiHWInfo: Entry [29], BUS: SDIO, ID: 0x007A6011, Name: atbm613x_wifi_sdio.
06-04 18:04:49.544 253 263 D WifiHWInfo: Entry [30], BUS: SDIO, ID: 0x024CC822, Name: 88x2cs.
06-04 18:04:49.544 253 263 D WifiHWInfo: Entry [31], BUS: SDIO, ID: 0x000018F0, Name: dummy.
06-04 18:04:49.544 253 263 D libbt-auto-detect: init, get libbt name: libbt-sprd.so.
06-04 18:04:49.547 253 263 I bt_vendor: init
06-04 18:04:49.549 253 263 D bt_vnd_hci: sprd_vendor_hci_init
06-04 18:04:49.549 253 263 I bt_chip_vendor: marlin3_init
06-04 18:04:49.549 253 263 I bt_vnd_conf: Attempt to load conf from /vendor/etc/bt_configure_pskey.ini
06-04 18:04:49.550 253 971 D bt_vnd_hci: hci_server_thread
06-04 18:04:49.551 253 971 D bt_vnd_hci: name: bt_vendor_sprd_hci
06-04 18:04:49.551 253 971 D bt_vnd_hci: listen socket: bt_vendor_sprd_hci, fd: 6
06-04 18:04:49.551 253 971 D bt_vnd_hci: hci_server_thread wati for btools
06-04 18:04:49.544 1 1 I /system/bin/init: type=1107 audit(0.0:353): uid=0 auid=4294967295 ses=4294967295 subj=u:r:init:s0 msg='avc: denied { set } for property=vendor.driver.lpm.load pid=253 uid=1002 gid=1002 scontext=u:r:hal_bluetooth_default:s0 tcontext=u:object_r:vendor_wireless_prop:s0 tclass=property_service permissive=1'
06-04 18:04:49.593 253 263 D bt_vnd_conf: device_class -> 0x001F00
06-04 18:04:49.594 253 263 D bt_vnd_conf: feature_set -> 0xBF, 0xFE, 0x8D, 0xFE, 0xDB, 0x3D, 0x7B, 0x87, 0xFF, 0xA7, 0xFF, 0x7F, 0x00, 0xE0, 0xF7, 0x3E
06-04 18:04:49.594 253 263 D bt_vnd_conf: device_addr -> 0x6D, 0x6D, 0x8E, 0x8E, 0x8F, 0x8F
06-04 18:04:49.594 253 263 D bt_vnd_conf: comp_id -> 0x01EC
06-04 18:04:49.594 253 263 D bt_vnd_conf: g_sys_uart0_communication_supported -> 1
06-04 18:04:49.594 253 263 D bt_vnd_conf: cp2_log_mode -> 1
06-04 18:04:49.594 253 263 D bt_vnd_conf: LogLevel -> 0xFF
06-04 18:04:49.594 253 263 D bt_vnd_conf: g_central_or_perpheral -> 0
06-04 18:04:49.594 253 263 D bt_vnd_conf: Log_BitMask -> 0xFFFF
06-04 18:04:49.594 253 263 D bt_vnd_conf: super_ssp_enable -> 0
06-04 18:04:49.594 253 263 D bt_vnd_conf: common_rfu_b3 -> 2
06-04 18:04:49.594 253 263 D bt_vnd_conf: common_rfu_w -> 0x00000000, 0x00000000
06-04 18:04:49.594 253 263 D bt_vnd_conf: le_rfu_w -> 0x00000000, 0x000000000
06-04 18:04:49.594 253 263 D bt_vnd_conf: lmp_rfu_w -> 0x00000000, 0x000000000
06-04 18:04:49.594 253 263 D bt_vnd_conf: lc_rfu_w -> 0x00000000, 0x000000000
06-04 18:04:49.594 253 263 D bt_vnd_conf: g_wbs_nv_117 -> 0x004D
06-04 18:04:49.594 253 263 D bt_vnd_conf: g_wbs_nv_118 -> 0x0066
06-04 18:04:49.594 253 263 D bt_vnd_conf: g_nbv_nv_117 -> 0x009B
06-04 18:04:49.594 253 263 D bt_vnd_conf: g_nbv_nv_118 -> 0x0066
06-04 18:04:49.594 253 263 D bt_vnd_conf: g_sys_sco_transmit_mode -> 0
06-04 18:04:49.594 253 263 D bt_vnd_conf: audio_rfu_b1 -> 0
06-04 18:04:49.594 253 263 D bt_vnd_conf: audio_rfu_b2 -> 0
06-04 18:04:49.594 253 263 D bt_vnd_conf: audio_rfu_b3 -> 0
06-04 18:04:49.594 253 263 D bt_vnd_conf: audio_rfu_w -> 0x00000000, 0x00000000
06-04 18:04:49.594 253 263 D bt_vnd_conf: g_sys_sleep_in_standby_supported -> 1
06-04 18:04:49.727 1 1 I init : processing action (vendor.driver.lpm.load=1) from (/vendor/etc/init/init.bluetooth.common.rc:68)
06-04 18:04:49.594 253 263 D bt_vnd_conf: g_sys_sleep_master_supported -> 1
06-04 18:04:49.594 253 263 D bt_vnd_conf: g_sys_sleep_slave_supported -> 1
06-04 18:04:49.594 253 263 D bt_vnd_conf: power_rfu_b1 -> 0
06-04 18:04:49.594 253 263 D bt_vnd_conf: power_rfu_w -> 0x00000000, 0x00000000
06-04 18:04:49.594 253 263 D bt_vnd_conf: win_ext -> 40
06-04 18:04:49.594 253 263 D bt_vnd_conf: edr_tx_edr_delay -> 6
06-04 18:04:49.594 253 263 D bt_vnd_conf: edr_rx_edr_delay -> 8
06-04 18:04:49.594 253 263 D bt_vnd_conf: tx_delay -> 12
06-04 18:04:49.594 253 263 D bt_vnd_conf: rx_delay -> 34
06-04 18:04:49.594 253 263 D bt_vnd_conf: bb_rfu_w -> 0x00000000, 0x00000000
06-04 18:04:49.594 253 263 D bt_vnd_conf: agc_mode -> 0
06-04 18:04:49.594 253 263 D bt_vnd_conf: diff_or_eq -> 0xFF
06-04 18:04:49.594 253 263 D bt_vnd_conf: ramp_mode -> 0
06-04 18:04:49.594 253 263 D bt_vnd_conf: modem_rfu_b1 -> 0
06-04 18:04:49.594 253 263 D bt_vnd_conf: modem_rfu_w -> 0x00000000, 0x00000000
06-04 18:04:49.594 253 263 D bt_vnd_conf: BQB_BitMask_1 -> 0x00000000
06-04 18:04:49.594 253 263 D bt_vnd_conf: BQB_BitMask_2 -> 0x00000000
06-04 18:04:49.594 253 263 D bt_vnd_conf: bt_coex_threshold -> 0x04E2, 0x1F40, 0x0020, 0x00C8, 0x000A, 0x0000, 0x0000, 0x0000
06-04 18:04:49.594 253 263 D bt_vnd_conf: other_rfu_w -> 0x00000000, 0x00000000
06-04 18:04:49.594 253 263 I bt_vnd_conf: Attempt to load conf from /vendor/etc/bt_configure_rf.ini
06-04 18:04:49.595 253 263 D bt_vnd_conf: g_GainValue_A -> 0xE000, 0xE000, 0xE000, 0xE000, 0xE000, 0xE000
06-04 18:04:49.595 253 263 D bt_vnd_conf: g_ClassicPowerValue_A -> 0x4115, 0x3A15, 0x3415, 0x2E15, 0x2715, 0x2115, 0x1A15, 0x1315, 0x0D15, 0x0715
06-04 18:04:49.595 253 263 D bt_vnd_conf: g_LEPowerValue_A -> 0x3B15, 0x3715, 0x3315, 0x2F15, 0x2B15, 0x2715, 0x2315, 0x1F15, 0x1B15, 0x1715, 0x1315, 0x0F15, 0x0B15, 0x0815, 0x0415, 0x0015
06-04 18:04:49.595 253 263 D bt_vnd_conf: g_BRChannelpwrvalue_A -> 0x0915, 0x0915, 0x0815, 0x0815, 0x0815, 0x0815, 0x0715, 0x0715
06-04 18:04:49.595 253 263 D bt_vnd_conf: g_EDRChannelpwrvalue_A -> 0x0D15, 0x0D15, 0x0C15, 0x0C15, 0x0B15, 0x0B15, 0x0B15, 0x0B15
06-04 18:04:49.595 253 263 D bt_vnd_conf: g_LEChannelpwrvalue_A -> 0x1015,0x1015,0x0F15,0x0F15,0x0F15,0x0F15,0x0F15,0x0F15
06-04 18:04:49.595 253 263 D bt_vnd_conf: g_GainValue_B -> 0xE000, 0xE000, 0xE000, 0xE000, 0xE000, 0xE000
