06-05 09:31:06.301 2807 2950 I ConnectAuthJNI: GetHiChainProtocolParamsCallback 371 GetHiChainProtocolParamsCallback operation_code= 99
06-05 09:31:06.301 2807 2950 I ConnectAuthJNI: paramLen is ,=0
06-05 09:31:06.301 2807 2950 I ConnectAuthJNI: paramLen is ,=0
06-05 09:31:06.301 2807 2950 I ConnectAuthJNI: GetHiChainProtocolParamsCallback 402 GetHiChainProtocolParamsCallback end
06-05 09:31:06.301 2807 2950 I ConnectAuthJNI: [HiChain] get_instance Get instance success
06-05 09:31:06.301 2807 2950 I ConnectAuthJNI: Java_com_huawei_hisight_security_ConnectAuthNative_nativeGetHiChainInstance 598 get instance success
06-05 09:31:06.301 2807 2950 W ConnectAuthJNI: GetListTrustPeers 899 trustPeerSize=0
06-05 09:31:06.301 2807 2950 D Hisight-HiChainAuthControl: destroyAuth
06-05 09:31:06.301 2807 2950 I ConnectAuthJNI: Java_com_huawei_hisight_security_ConnectAuthNative_nativeDestroy 603 destroy
06-05 09:31:06.301 2807 2950 D Hisight-HiChainAuthControl: setupAuthIfNeeded, HiChainInstance hasn't been initialized
06-05 09:31:06.301 2807 2950 I ConnectAuthJNI: Java_com_huawei_hisight_security_ConnectAuthNative_nativeSetup 795 call HiChainNativeSetup
06-05 09:31:06.301 2807 2950 I ConnectAuthJNI: HiChainNativeSetup 565 registe_log
06-05 09:31:06.301 2807 2950 I ConnectAuthJNI: HksStorageRegisterFileCallbacks 245 register hks file callback status =0
06-05 09:31:06.302 2807 2950 I ConnectAuthJNI: HksRegisterGetDeviceIdCallback 268 register hks get hardware udid callback status =0
06-05 09:31:06.302 2807 2950 D ConnectAuthJNI: [HiChain] get_instance Begin get instance
06-05 09:31:06.302 2807 2950 I ConnectAuthJNI: [HKS] hks_service_key_info_init hks init : begin
06-05 09:31:06.302 2807 2950 I ConnectAuthJNI: [HKS] hks_service_key_info_init hks init : end
06-05 09:31:06.302 2807 2950 I ConnectAuthJNI: GetHiChainProtocolParamsCallback 371 GetHiChainProtocolParamsCallback operation_code= 99
06-05 09:31:06.302 2807 2950 I ConnectAuthJNI: paramLen is ,=0
06-05 09:31:06.302 2807 2950 I ConnectAuthJNI: paramLen is ,=0
06-05 09:31:06.302 2807 2950 I ConnectAuthJNI: GetHiChainProtocolParamsCallback 402 GetHiChainProtocolParamsCallback end
06-05 09:31:06.302 2807 2950 I ConnectAuthJNI: [HiChain] get_instance Get instance success
06-05 09:31:06.302 2807 2950 I ConnectAuthJNI: Java_com_huawei_hisight_security_ConnectAuthNative_nativeGetHiChainInstance 598 get instance success
06-05 09:31:06.302 2807 2950 W ConnectAuthJNI: GetListTrustPeers 899 trustPeerSize=0
06-05 09:31:06.302 2807 2950 D Hisight-DeviceListManager: init trusted list size: 0
06-05 09:31:06.302 2807 2950 D HiSight-ConnectionManager: setAuthInfo, authMode: 1
06-05 09:31:06.651 2807 2889 E raop : JavaCallback init
06-05 09:31:06.666 468 2240 W TelephonyPermissions: reportAccessDeniedToReadIdentifiers:com.dangbei.screencast:getSerial:-1
06-05 09:31:06.689 2952 3025 V NFC : this device does not have NFC support
06-05 09:31:06.720 468 519 W IorapForwardingService: No service published for: iorapd
06-05 09:31:07.101 2714 2714 E GuardService: killMyselfRunnable:
06-05 09:31:07.101 2714 2714 I crashsdk: android_os_Process_sendSignal. PID: 2714 SIG: 9
06-05 09:31:07.101 2714 2714 I crashsdk: onKillProcess. SIG: 9
06-05 09:31:07.103 2714 2714 I crashsdk: Kill PID: 2714 (com.dangbei.screencast:bg_guard) by pid: 2714 (com.dangbei.screencast:bg_guard) tid: 2714 (main)
06-05 09:31:07.103 2714 2714 I crashsdk: SIG: 9, fg: false, exiting: false, main process: false, time: 20250605093107
06-05 09:31:07.103 2714 2714 I crashsdk: State in disk: 'b'
06-05 09:31:07.103 2714 2714 I crashsdk: at android.os.Process.sendSignal(Native Method)
06-05 09:31:07.103 2714 2714 I crashsdk: at android.os.Process.killProcess(Process.java:1153)
06-05 09:31:07.103 2714 2714 I crashsdk: at com.dangbei.screencast.startup.GuardService$a.run(:2)
06-05 09:31:07.103 2714 2714 I crashsdk: at android.os.Handler.handleCallback(Handler.java:938)
06-05 09:31:07.103 2714 2714 I crashsdk: at android.os.Handler.dispatchMessage(Handler.java:99)
06-05 09:31:07.103 2714 2714 I crashsdk: at android.os.Looper.loopOnce(Looper.java:201)
06-05 09:31:07.103 2714 2714 I crashsdk: at android.os.Looper.loop(Looper.java:288)
06-05 09:31:07.103 2714 2714 I crashsdk: at android.app.ActivityThread.main(ActivityThread.java:7854)
06-05 09:31:07.103 2714 2714 I crashsdk: at java.lang.reflect.Method.invoke(Native Method)
06-05 09:31:07.103 2714 2714 I crashsdk: at com.android.internal.os.RuntimeInit$MethodAndArgsCaller.run(RuntimeInit.java:548)
06-05 09:31:07.103 2714 2714 I crashsdk: at com.android.internal.os.ZygoteInit.main(ZygoteInit.java:1182)
06-05 09:31:07.104 2714 2714 I Process : Sending signal. PID: 2714 SIG: 9
06-05 09:31:07.140 2807 2852 W efs.send_log: tryFileLock sendlock sucess! processname: com.dangbei.screencast
06-05 09:31:07.142 468 2240 I ActivityManager: Process com.dangbei.screencast:bg_guard (pid 2714) has died: prcp FGS
06-05 09:31:07.143 468 532 I libprocessgroup: Successfully killed process cgroup uid 10030 pid 2714 in 0ms
06-05 09:31:07.153 247 247 I Zygote : Process 2714 exited due to signal 9 (Killed)
06-04 18:06:14.498 1 1 I init : Untracked pid 2789 exited with status 0
06-05 09:31:07.410 468 1024 E TaskPersister: File error accessing recents directory (directory doesn't exist?).
06-05 09:31:07.723 468 519 W IorapForwardingService: No service published for: iorapd
06-05 09:31:08.203 1994 2121 I TDLog : [APP] New data found, Submitting...
06-05 09:31:08.247 1994 2121 I TDLog : [APP] Failed to submit data!
06-05 09:31:08.726 468 519 W IorapForwardingService: No service published for: iorapd
06-05 09:31:08.727 663 663 E WifiHAL : wifi_get_link_stats: requestResponse Error:-5
06-05 09:31:08.730 468 612 E WifiVendorHal: getWifiLinkLayerStats_1_5_Internal(l.1191) failed {.code = ERROR_INVALID_ARGS, .description = }
06-04 18:06:16.313 381 381 W hdr10p_Configure: 332 callbacks suppressed
06-04 18:06:16.313 381 381 I : DVI mode selected: packets not configured
06-04 18:06:16.327 381 381 W set_vsif_config: 332 callbacks suppressed
06-04 18:06:16.327 381 381 I : Error: set vsif failed
06-04 18:06:16.338 381 381 I : DVI mode selected: packets not configured
06-04 18:06:16.345 381 381 I : Error: set vsif failed
06-04 18:06:16.349 381 381 I : DVI mode selected: packets not configured
06-04 18:06:16.356 381 381 I : Error: set vsif failed
06-04 18:06:16.380 381 381 I : DVI mode selected: packets not configured
06-04 18:06:16.386 381 381 I : Error: set vsif failed
06-04 18:06:16.391 381 381 I : DVI mode selected: packets not configured
06-04 18:06:16.398 381 381 I : Error: set vsif failed
06-04 18:06:16.403 381 381 I : DVI mode selected: packets not configured
06-05 09:31:09.050 2807 3041 I PlatformDependent: Your platform does not provide complete low-level API for accessing direct buffers reliably. Unless explicitly requested, heap buffer will always be preferred to avoid potential system instability.
06-04 18:06:16.409 381 381 I : Error: set vsif failed
06-05 09:31:09.078 2807 2889 W VideoCapabilities: Unrecognized profile/level 0/3 for video/mpeg2
06-04 18:06:16.429 381 381 I : DVI mode selected: packets not configured
06-04 18:06:16.435 381 381 I : Error: set vsif failed
06-04 18:06:16.440 381 381 I : DVI mode selected: packets not configured
06-05 09:31:09.091 468 622 D NsdService: Register service
06-05 09:31:09.092 468 622 D NsdService: registerService: 6 name: 当贝投屏K3, type: _airplay._tcp, host: null, port: 40567, txtRecord: srcvers=220.68features=0x527FFFF7,0x1E'pi=2e388006-13ba-4041-9a67-25dd4a43d536Cpk=b07727d6f6cd6e08b58ede525ec3cdeaa252ad9f683feb212ef8a205246554e7vv=2 flags=0x4model=AppleTV2,1deviceid=b4:2f:03:16:18:c0
06-05 09:31:09.092 468 622 D NsdService: mdnssd [register, 6, 当贝投屏K3, _airplay._tcp, 40567, DnNyY3ZlcnM9MjIwLjY4GGZlYXR1cmVzPTB4NTI3RkZGRjcsMHgxRSdwaT0yZTM4ODAwNi0xM2JhLTQwNDEtOWE2Ny0yNWRkNGE0M2Q1MzZDcGs9YjA3NzI3ZDZmNmNkNmUwOGI1OGVkZTUyNWVjM2NkZWFhMjUyYWQ5ZjY4M2ZlYjIxMmVmOGEyMDUyNDY1NTRlNwR2dj0yCWZsYWdzPTB4NBBtb2RlbD1BcHBsZVRWMiwxGmRldmljZWlkPWI0OjJmOjAzOjE2OjE4OmMw]
06-05 09:31:09.093 246 295 D MDnsDS : serviceRegister(6, (null), 当贝投屏K3, _airplay._tcp, (null), (null), 40567, 207, )
06-05 09:31:09.094 246 295 D MDnsDS : startMonitoring 6
06-05 09:31:09.094 246 295 D MDnsDS : triggering rescan
06-05 09:31:09.094 246 295 D MDnsDS : serviceRegister successful
06-05 09:31:09.094 246 294 D MDnsDS : Monitor poll got data pollCount = 2, 1
06-05 09:31:09.094 246 294 D MDnsDS : controlSocket shows revent= 1
06-05 09:31:09.094 246 294 D MDnsDS : MDnsSdListener::Monitor got 1
06-05 09:31:09.094 246 294 D MDnsDS : MDnsSdListener::Monitor poll rescanning - size=10, live=2
06-05 09:31:09.094 246 294 D MDnsDS : Going to poll with pollCount 3
06-05 09:31:09.098 468 622 D NsdService: Register 2 6
06-04 18:06:16.447 381 381 I : Error: set vsif failed
06-04 18:06:16.451 381 381 I : DVI mode selected: packets not configured
06-05 09:31:09.086 2807 2807 W Thread-17: type=1400 audit(0.0:1193): avc: granted { read } for name="somaxconn" dev="proc" ino=26824 scontext=u:r:platform_app:s0:c512,c768 tcontext=u:object_r:proc_net:s0 tclass=file app=com.dangbei.screencast
06-05 09:31:09.124 468 622 D NsdService: Register service
06-05 09:31:09.124 468 622 D NsdService: registerService: 7 name: b42f031618c0@当贝投屏K3, type: _raop._tcp, host: null, port: 42741, txtRecord: txtvers=1 am=AppleTV2,1ch=2
06-05 09:31:09.124 468 622 D NsdService: cn=0,1,2,3da=trueet=0,3,5ft=0x527FFFF7,0x1Emd=0,1,2Cpk=b07727d6f6cd6e08b58ede525ec3cdeaa252ad9f683feb212ef8a205246554e7pw=falsesf=0x4sr=44100ss=16sv=falsetp=UDPvn=65537 vs=220.68vv=2 rhd=5.6.0.0
06-05 09:31:09.124 468 622 D NsdService: mdnssd [register, 7, b42f031618c0@当贝投屏K3, _raop._tcp, 42741, CXR4dHZlcnM9MQ1hbT1BcHBsZVRWMiwxBGNoPTIKY249MCwxLDIsMwdkYT10cnVlCGV0PTAsMyw1EmZ0PTB4NTI3RkZGRjcsMHgxRQhtZD0wLDEsMkNwaz1iMDc3MjdkNmY2Y2Q2ZTA4YjU4ZWRlNTI1ZWMzY2RlYWEyNTJhZDlmNjgzZmViMjEyZWY4YTIwNTI0NjU1NGU3CHB3PWZhbHNlBnNmPTB4NAhzcj00NDEwMAVzcz0xNghzdj1mYWxzZQZ0cD1VRFAIdm49NjU1MzcJdnM9MjIwLjY4BHZ2PTILcmhkPTUuNi4wLjA=]
06-05 09:31:09.125 246 295 D MDnsDS : serviceRegister(7, (null), b42f031618c0@当贝投屏K3, _raop._tcp, (null), (null), 42741, 236, )
06-05 09:31:09.125 246 295 D MDnsDS : startMonitoring 7
06-05 09:31:09.126 246 295 D MDnsDS : triggering rescan
06-05 09:31:09.126 246 295 D MDnsDS : serviceRegister successful
06-05 09:31:09.126 246 294 D MDnsDS : Monitor poll got data pollCount = 3, 1
06-05 09:31:09.126 246 294 D MDnsDS : controlSocket shows revent= 1
06-05 09:31:09.126 246 294 D MDnsDS : MDnsSdListener::Monitor got 1
06-05 09:31:09.126 246 294 D MDnsDS : MDnsSdListener::Monitor poll rescanning - size=10, live=3
06-05 09:31:09.126 246 294 D MDnsDS : Going to poll with pollCount 4
06-05 09:31:09.127 468 622 D NsdService: Register 3 7
06-04 18:06:16.483 381 381 I : Error: set vsif failed
06-05 09:31:09.086 2807 2807 W Thread-17: type=1400 audit(0.0:1194): avc: granted { read open } for path="/proc/sys/net/core/somaxconn" dev="proc" ino=26824 scontext=u:r:platform_app:s0:c512,c768 tcontext=u:object_r:proc_net:s0 tclass=file app=com.dangbei.screencast
06-04 18:06:16.517 381 381 I : DVI mode selected: packets not configured
06-05 09:31:09.086 2807 2807 W Thread-17: type=1400 audit(0.0:1195): avc: granted { getattr } for path="/proc/sys/net/core/somaxconn" dev="proc" ino=26824 scontext=u:r:platform_app:s0:c512,c768 tcontext=u:object_r:proc_net:s0 tclass=file app=com.dangbei.screencast
06-04 18:06:16.550 381 381 I : Error: set vsif failed
06-05 09:31:09.086 2807 2807 W Thread-17: type=1400 audit(0.0:1196): avc: granted { getattr } for path="/proc/sys/net/core/somaxconn" dev="proc" ino=26824 scontext=u:r:platform_app:s0:c512,c768 tcontext=u:object_r:proc_net:s0 tclass=file app=com.dangbei.screencast
06-05 09:31:09.551 468 622 D NsdService: Register service
06-05 09:31:09.551 468 622 D NsdService: registerService: 8 name: 当贝投屏K3, type: _db_cast_screen._tcp, host: null, port: 45147, txtRecord: au=1cV=20830mV=100h265=0maxR=4096-3152model=DBBOX-A2deviceid=20:02:FE:19:C1:FD
06-05 09:31:09.551 468 622 D NsdService: mdnssd [register, 8, 当贝投屏K3, _db_cast_screen._tcp, 45147, BGF1PTEIY1Y9MjA4MzAGbVY9MTAwBmgyNjU9MA5tYXhSPTQwOTYtMzE1Mg5tb2RlbD1EQkJPWC1BMhpkZXZpY2VpZD0yMDowMjpGRToxOTpDMTpGRA==]
06-05 09:31:09.552 246 295 D MDnsDS : serviceRegister(8, (null), 当贝投屏K3, _db_cast_screen._tcp, (null), (null), 45147, 85, )
06-05 09:31:09.553 246 295 D MDnsDS : startMonitoring 8
06-05 09:31:09.553 246 295 D MDnsDS : triggering rescan
06-05 09:31:09.553 246 295 D MDnsDS : serviceRegister successful
06-05 09:31:09.553 246 294 D MDnsDS : Monitor poll got data pollCount = 4, 1
06-05 09:31:09.553 246 294 D MDnsDS : controlSocket shows revent= 1
06-05 09:31:09.553 246 294 D MDnsDS : MDnsSdListener::Monitor got 1
06-05 09:31:09.553 246 294 D MDnsDS : MDnsSdListener::Monitor poll rescanning - size=10, live=4
06-05 09:31:09.554 246 294 D MDnsDS : Going to poll with pollCount 5
06-05 09:31:09.554 468 622 D NsdService: Register 4 8
06-05 09:31:09.666 2807 2807 I queued-work-loo: type=1400 audit(0.0:1197): avc: denied { remove_name } for name="screencast.xml" dev="mmcblk0p25" ino=24050 scontext=u:r:platform_app:s0:c512,c768 tcontext=u:object_r:app_data_file:s0:c512,c768 tclass=dir permissive=1 app=com.dangbei.screencast
06-04 18:06:17.026 2883 2883 W audit : audit_lost=689 audit_rate_limit=5 audit_backlog_limit=64
06-04 18:06:17.034 2883 2883 E audit : rate limit exceeded
06-05 09:31:09.728 468 519 W IorapForwardingService: No service published for: iorapd
06-05 09:31:09.900 246 294 D MDnsDS : Monitor poll got data pollCount = 5, 2
06-05 09:31:09.900 246 294 D MDnsDS : Monitor found [2].revents = 1 - calling ProcessResults
06-05 09:31:09.900 246 294 D MDnsDS : register succeeded for 7 as b42f031618c0@当贝投屏K3
06-05 09:31:09.900 246 294 D MDnsDS : Monitor found [3].revents = 1 - calling ProcessResults
06-05 09:31:09.900 246 294 D MDnsDS : register succeeded for 6 as 当贝投屏K3
06-05 09:31:09.900 246 294 D MDnsDS : controlSocket shows revent= 0
06-05 09:31:09.900 246 294 D MDnsDS : Going to poll with pollCount 5
06-05 09:31:09.902 468 622 D NsdService: Native daemon message SERVICE_REGISTERED: 606 7 "b42f031618c0@当贝投屏K3"
06-05 09:31:09.903 468 622 D NsdService: Native daemon message SERVICE_REGISTERED: 606 6 "当贝投屏K3"
06-05 09:31:10.010 2807 2894 E accept : myIp:192.168.3.22
06-05 09:31:10.012 2807 2894 E accept : connect error
06-05 09:31:10.022 2807 2894 I UpnpServiceImpl: >>> Starting UPnP service...
06-05 09:31:10.023 2807 2894 I UpnpServiceImpl: Using configuration: org.fourthline.cling.android.AndroidUpnpServiceConfiguration
06-05 09:31:10.028 2807 2894 I Router : Creating Router: org.fourthline.cling.android.AndroidRouter
06-05 09:31:10.031 2807 2894 W Router : enable lock:org.fourthline.cling.android.AndroidRouter@99bbe0b_java.util.concurrent.locks.ReentrantReadWriteLock$WriteLock@2b974e8[Unlocked]
06-05 09:31:10.052 2807 2894 W tworkAddressFactoryImpl: Network interface may not be multicast capable: dummy0
06-05 09:31:10.061 2807 2894 I MulticastReceiver: Creating wildcard socket (for receiving multicast datagrams) on port: 1900
06-05 09:31:10.062 2807 2894 I MulticastReceiver: Joining multicast group: /239.255.255.250:1900 on network interface: wlan0
06-05 09:31:10.082 2807 2894 E accept : Adding connector try: 192.168.3.22/192.168.3.22:38963
06-05 09:31:10.086 2807 2894 E accept : Adding connector result: 192.168.3.22/192.168.3.22:38963
06-05 09:31:10.091 1174 1174 D bbb : onStartCommand begin !!!!!!! data分区剩余 24849MB
06-05 09:31:10.097 1123 1123 D aaa : LedStatusService onStartCommand begin
06-05 09:31:10.100 1123 3055 D aaa : topPkg is -------------- :com.dangbei.haqusetting
06-05 09:31:10.150 246 294 D MDnsDS : Monitor poll got data pollCount = 5, 1
06-05 09:31:10.150 246 294 D MDnsDS : Monitor found [1].revents = 1 - calling ProcessResults
06-05 09:31:10.150 246 294 D MDnsDS : register succeeded for 8 as 当贝投屏K3
06-05 09:31:10.150 246 294 D MDnsDS : controlSocket shows revent= 0
06-05 09:31:10.150 246 294 D MDnsDS : Going to poll with pollCount 5
06-05 09:31:10.152 468 622 D NsdService: Native daemon message SERVICE_REGISTERED: 606 8 "当贝投屏K3"
06-05 09:31:10.183 2807 2894 I JettyServletContainer: Registering UPnP servlet under context path: /upnp
06-05 09:31:10.187 2807 2894 I DatagramIO: Creating bound socket (for datagram input/output) on: 192.168.3.22/192.168.3.22
06-05 09:31:10.189 2807 3056 E JettyServletContainer: gogogo
06-05 09:31:10.189 2807 3056 I JettyServletContainer: Starting Jetty server...
06-05 09:31:10.191 2807 3056 W System.err: 2025-06-05 09:31:10.190:INFO:lcaf.p:jetty-8.y.z-SNAPSHOT
06-05 09:31:10.194 2807 2894 I Router : WiFi multicast lock acquired
06-05 09:31:10.195 468 2240 I WifiService: acquireMulticastLock uid=10030
06-05 09:31:10.198 2807 2894 I Router : WiFi lock acquired
06-05 09:31:10.199 468 2194 I WifiService: acquireWifiLock uid=10030 lockMode=3
06-05 09:31:10.203 2807 2894 W Router : enable unlock:org.fourthline.cling.android.AndroidRouter@99bbe0b
06-05 09:31:10.203 2807 2894 I UpnpServiceImpl: <<< UPnP service started successfully
06-05 09:31:10.244 2807 3056 W System.err: 2025-06-05 09:31:10.244:INFO:lcaf.a:Started @192.168.3.22:38963
06-05 09:31:10.285 2807 2894 E g : channel :os
06-05 09:31:10.324 2807 2863 I efs.base: lt=event`ev_ct=efs_core`ev_ac=log_lag`tm=2025-06-05 09:31:32`dn=fd1f5943-1a79-4d2e-a8ad-2dbcd9a01f5b`ps=com.dangbei.screencast`um_os=android`stime=1749087059973`pid=2807`fr=android`pkg=com.dangbei.screencast`vcode=20830`dsp_w=1920`uid=fd1f5943-1a79-4d2e-a8ad-2dbcd9a01f5b`rom=12`wid=fd1f5943-1a79-4d2e-a8ad-2dbcd9a01f5b`um_app_carrier=`um_access=wifi`um_app_channel=os`um_crash_sdk_version=1.4.0`ctime=1749087070`model=dbbox-a2`lang=zh`net=wifi`brand=dangbei`dsp_h=1080`um_network_type=0`ver=v2.8.3`cnt=2`build_model=DBBOX-A2`w_tm=1749087070`appid=5fc60c21094d637f3130af19`um_umid_header=ai8fdb5175dd58f6e557dc840fd5072087`sdk=31`tzone=Asia/Shanghai`sdk_ver=1.3.6.umeng
06-05 09:31:10.314 2807 2807 I efs-base: type=1400 audit(0.0:1204): avc: denied { rmdir } for name="2714" dev="mmcblk0p25" ino=24052 scontext=u:r:platform_app:s0:c512,c768 tcontext=u:object_r:app_data_file:s0:c512,c768 tclass=dir permissive=1 app=com.dangbei.screencast
06-05 09:31:10.551 2807 2856 I efs.base: wa upload succ, HttpResponse {succ=true, code=200, data='暂不支持该服务', extra={req_url=https://errlog.umeng.com/api/crashsdk/logcollect}}
06-05 09:31:10.551 2807 2863 I efs.base: wa upload succ, HttpResponse {succ=true, code=200, data='暂不支持该服务', extra={req_url=https://errlog.umeng.com/api/crashsdk/logcollect}}
06-05 09:31:10.731 468 519 W IorapForwardingService: No service published for: iorapd
06-05 09:31:11.734 468 519 W IorapForwardingService: No service published for: iorapd
06-05 09:31:11.750 663 663 E WifiHAL : wifi_get_link_stats: requestResponse Error:-5
06-05 09:31:11.753 468 612 E WifiVendorHal: getWifiLinkLayerStats_1_5_Internal(l.1191) failed {.code = ERROR_INVALID_ARGS, .description = }
06-05 09:31:12.638 468 988 W ZramWriteback: Writeback device is not set
06-05 09:31:12.638 468 988 D ZramWriteback: wait to flush
06-05 09:31:12.736 468 519 W IorapForwardingService: No service published for: iorapd
06-05 09:31:13.566 1994 2115 D UtilLog : 日志批量上报 进行正常循环 !!!!!!本次有0次请求,共0条数据
06-05 09:31:13.739 468 519 W IorapForwardingService: No service published for: iorapd
06-04 18:06:21.787 381 381 W hdr10p_Configure: 113 callbacks suppressed
06-04 18:06:21.787 381 381 I : DVI mode selected: packets not configured
06-04 18:06:21.800 381 381 W set_vsif_config: 113 callbacks suppressed
06-04 18:06:21.800 381 381 I : Error: set vsif failed
06-04 18:06:21.811 381 381 I : DVI mode selected: packets not configured
06-04 18:06:21.818 381 381 I : Error: set vsif failed
06-04 18:06:21.823 381 381 I : DVI mode selected: packets not configured
06-04 18:06:21.829 381 381 I : Error: set vsif failed
06-04 18:06:21.847 381 381 I : DVI mode selected: packets not configured
06-04 18:06:21.854 381 381 I : Error: set vsif failed
06-04 18:06:21.859 381 381 I : DVI mode selected: packets not configured
06-04 18:06:21.865 381 381 I : Error: set vsif failed
06-04 18:06:21.870 381 381 I : DVI mode selected: packets not configured
06-04 18:06:21.876 381 381 I : Error: set vsif failed
06-04 18:06:21.896 381 381 I : DVI mode selected: packets not configured
06-04 18:06:21.902 381 381 I : Error: set vsif failed
06-04 18:06:21.907 381 381 I : DVI mode selected: packets not configured
06-04 18:06:21.914 381 381 I : Error: set vsif failed
06-04 18:06:21.919 381 381 I : DVI mode selected: packets not configured
06-04 18:06:21.925 381 381 I : Error: set vsif failed
06-04 18:06:21.945 381 381 I : DVI mode selected: packets not configured
06-04 18:06:21.952 381 381 I : Error: set vsif failed
06-05 09:31:14.741 468 519 W IorapForwardingService: No service published for: iorapd
06-05 09:31:14.774 663 663 E WifiHAL : wifi_get_link_stats: requestResponse Error:-5
06-05 09:31:14.777 468 612 E WifiVendorHal: getWifiLinkLayerStats_1_5_Internal(l.1191) failed {.code = ERROR_INVALID_ARGS, .description = }
06-05 09:31:15.206 3078 3078 I sh : type=1400 audit(0.0:1205): avc: denied { getattr } for path="/system/xbin/su" dev="dm-0" ino=3480 scontext=u:r:platform_app:s0:c512,c768 tcontext=u:object_r:su_exec:s0 tclass=file permissive=1 app=com.dangbei.screencast
06-05 09:31:15.260 2807 2840 I crashsdk: crashsdk uploading logs
06-05 09:31:15.206 3078 3078 I sh : type=1400 audit(0.0:1206): avc: denied { execute } for name="su" dev="dm-0" ino=3480 scontext=u:r:platform_app:s0:c512,c768 tcontext=u:object_r:su_exec:s0 tclass=file permissive=1 app=com.dangbei.screencast
06-05 09:31:15.318 267 267 I EventThread: type=1400 audit(0.0:1207): avc: denied { search } for name="extcon" dev="sysfs" ino=18109 scontext=u:r:hal_tv_cec_default:s0 tcontext=u:object_r:sysfs_extcon:s0 tclass=dir permissive=1
06-05 09:31:15.744 468 519 W IorapForwardingService: No service published for: iorapd
06-05 09:31:16.746 468 519 W IorapForwardingService: No service published for: iorapd
06-05 09:31:16.788 208 3020 I keystore2: keystore2::watchdog: Watchdog thread idle -> terminating. Have a great day.
06-05 09:31:16.825 267 300 D hdmi-cec: receive invalid cec message!
06-05 09:31:16.825 267 300 D hdmi-cec: receive poll message [04], skip!
06-05 09:31:17.749 468 519 W IorapForwardingService: No service published for: iorapd
06-05 09:31:17.793 663 663 E WifiHAL : wifi_get_link_stats: requestResponse Error:-5
06-05 09:31:17.796 468 612 E WifiVendorHal: getWifiLinkLayerStats_1_5_Internal(l.1191) failed {.code = ERROR_INVALID_ARGS, .description = }
06-05 09:31:18.134 1174 1174 D bbb : onStartCommand begin !!!!!!! data分区剩余 24849MB
06-05 09:31:18.135 1123 1123 D aaa : LedStatusService onStartCommand begin
06-05 09:31:18.137 1123 3099 D aaa : topPkg is -------------- :com.dangbei.haqusetting
06-05 09:31:18.751 468 519 W IorapForwardingService: No service published for: iorapd
06-05 09:31:19.753 468 519 W IorapForwardingService: No service published for: iorapd
06-05 09:31:19.930 2807 2816 I gbei.screencas: Background concurrent copying GC freed 209494(19MB) AllocSpace objects, 32(1964KB) LOS objects, 49% free, 6718KB/13MB, paused 145us total 211.913ms
06-04 18:06:27.817 381 381 W hdr10p_Configure: 191 callbacks suppressed
06-04 18:06:27.817 381 381 I : DVI mode selected: packets not configured
06-04 18:06:27.830 381 381 W set_vsif_config: 191 callbacks suppressed
06-04 18:06:27.830 381 381 I : Error: set vsif failed
06-04 18:06:27.842 381 381 I : DVI mode selected: packets not configured
06-04 18:06:27.848 381 381 I : Error: set vsif failed
06-04 18:06:27.853 381 381 I : DVI mode selected: packets not configured
06-04 18:06:27.860 381 381 I : Error: set vsif failed
06-04 18:06:27.881 381 381 I : DVI mode selected: packets not configured
06-04 18:06:27.887 381 381 I : Error: set vsif failed
06-04 18:06:27.892 381 381 I : DVI mode selected: packets not configured
06-04 18:06:27.899 381 381 I : Error: set vsif failed
06-04 18:06:27.904 381 381 I : DVI mode selected: packets not configured
06-04 18:06:27.910 381 381 I : Error: set vsif failed
06-04 18:06:27.929 381 381 I : DVI mode selected: packets not configured
06-04 18:06:27.936 381 381 I : Error: set vsif failed
06-04 18:06:27.941 381 381 I : DVI mode selected: packets not configured
06-04 18:06:27.948 381 381 I : Error: set vsif failed
06-04 18:06:27.952 381 381 I : DVI mode selected: packets not configured
06-04 18:06:27.959 381 381 I : Error: set vsif failed
06-04 18:06:27.978 381 381 I : DVI mode selected: packets not configured
06-04 18:06:27.985 381 381 I : Error: set vsif failed
06-05 09:31:20.755 468 519 W IorapForwardingService: No service published for: iorapd
06-05 09:31:20.812 663 663 E WifiHAL : wifi_get_link_stats: requestResponse Error:-5
06-05 09:31:20.815 468 612 E WifiVendorHal: getWifiLinkLayerStats_1_5_Internal(l.1191) failed {.code = ERROR_INVALID_ARGS, .description = }
06-05 09:31:21.757 468 519 W IorapForwardingService: No service published for: iorapd
06-05 09:31:22.760 468 519 W IorapForwardingService: No service published for: iorapd
06-05 09:31:23.577 1994 2115 D UtilLog : 日志批量上报 进行正常循环 !!!!!!本次有0次请求,共0条数据
06-05 09:31:23.762 468 519 W IorapForwardingService: No service published for: iorapd
06-05 09:31:23.829 663 663 E WifiHAL : wifi_get_link_stats: requestResponse Error:-5
06-05 09:31:23.832 468 612 E WifiVendorHal: getWifiLinkLayerStats_1_5_Internal(l.1191) failed {.code = ERROR_INVALID_ARGS, .description = }
06-05 09:31:24.765 468 519 W IorapForwardingService: No service published for: iorapd
06-05 09:31:25.766 468 519 W IorapForwardingService: No service published for: iorapd
06-05 09:31:26.160 1174 1174 D bbb : onStartCommand begin !!!!!!! data分区剩余 24849MB
06-05 09:31:26.162 1123 1123 D aaa : LedStatusService onStartCommand begin
06-05 09:31:26.163 1123 3112 D aaa : topPkg is -------------- :com.dangbei.haqusetting
06-04 18:06:33.800 381 381 W hdr10p_Configure: 222 callbacks suppressed
06-04 18:06:33.800 381 381 I : DVI mode selected: packets not configured
06-04 18:06:33.814 381 381 W set_vsif_config: 222 callbacks suppressed
06-04 18:06:33.814 381 381 I : Error: set vsif failed
06-04 18:06:33.826 381 381 I : DVI mode selected: packets not configured
06-04 18:06:33.833 381 381 I : Error: set vsif failed
06-04 18:06:33.846 381 381 I : DVI mode selected: packets not configured
06-04 18:06:33.852 381 381 I : Error: set vsif failed
06-04 18:06:33.857 381 381 I : DVI mode selected: packets not configured
06-04 18:06:33.864 381 381 I : Error: set vsif failed
06-04 18:06:33.879 381 381 I : DVI mode selected: packets not configured
06-04 18:06:33.886 381 381 I : Error: set vsif failed
06-04 18:06:33.891 381 381 I : DVI mode selected: packets not configured
06-04 18:06:33.897 381 381 I : Error: set vsif failed
06-04 18:06:33.914 381 381 I : DVI mode selected: packets not configured
06-04 18:06:33.921 381 381 I : Error: set vsif failed
06-04 18:06:33.926 381 381 I : DVI mode selected: packets not configured
06-04 18:06:33.932 381 381 I : Error: set vsif failed
06-04 18:06:33.946 381 381 I : DVI mode selected: packets not configured
06-04 18:06:33.953 381 381 I : Error: set vsif failed
06-04 18:06:33.958 381 381 I : DVI mode selected: packets not configured
06-04 18:06:33.964 381 381 I : Error: set vsif failed
06-05 09:31:26.769 468 519 W IorapForwardingService: No service published for: iorapd
06-05 09:31:26.852 663 663 E WifiHAL : wifi_get_link_stats: requestResponse Error:-5
06-05 09:31:26.859 468 612 E WifiVendorHal: getWifiLinkLayerStats_1_5_Internal(l.1191) failed {.code = ERROR_INVALID_ARGS, .description = }
06-05 09:31:27.771 468 519 W IorapForwardingService: No service published for: iorapd
06-05 09:31:28.774 468 519 W IorapForwardingService: No service published for: iorapd
06-05 09:31:29.776 468 519 W IorapForwardingService: No service published for: iorapd
06-05 09:31:29.880 663 663 E WifiHAL : wifi_get_link_stats: requestResponse Error:-5
06-05 09:31:29.883 468 612 E WifiVendorHal: getWifiLinkLayerStats_1_5_Internal(l.1191) failed {.code = ERROR_INVALID_ARGS, .description = }
06-05 09:31:30.035 2807 2816 I gbei.screencas: Background concurrent copying GC freed 64677(6948KB) AllocSpace objects, 19(524KB) LOS objects, 49% free, 6391KB/12MB, paused 316us total 192.990ms
06-05 09:31:30.779 468 519 W IorapForwardingService: No service published for: iorapd
06-05 09:31:31.782 468 519 W IorapForwardingService: No service published for: iorapd
06-05 09:31:31.850 267 300 D hdmi-cec: receive invalid cec message!
06-05 09:31:31.851 267 300 D hdmi-cec: receive poll message [04], skip!
06-04 18:06:39.822 381 381 W hdr10p_Configure: 126 callbacks suppressed
06-04 18:06:39.822 381 381 I : DVI mode selected: packets not configured
06-04 18:06:39.836 381 381 W set_vsif_config: 126 callbacks suppressed
06-04 18:06:39.836 381 381 I : Error: set vsif failed
06-04 18:06:39.848 381 381 I : DVI mode selected: packets not configured
06-04 18:06:39.855 381 381 I : Error: set vsif failed
06-04 18:06:39.879 381 381 I : DVI mode selected: packets not configured
06-04 18:06:39.885 381 381 I : Error: set vsif failed
06-04 18:06:39.890 381 381 I : DVI mode selected: packets not configured
06-04 18:06:39.897 381 381 I : Error: set vsif failed
06-04 18:06:39.914 381 381 I : DVI mode selected: packets not configured
06-04 18:06:39.921 381 381 I : Error: set vsif failed
06-04 18:06:39.926 381 381 I : DVI mode selected: packets not configured
06-04 18:06:39.933 381 381 I : Error: set vsif failed
06-04 18:06:39.945 381 381 I : DVI mode selected: packets not configured
06-04 18:06:39.951 381 381 I : Error: set vsif failed
06-04 18:06:39.956 381 381 I : DVI mode selected: packets not configured
06-04 18:06:39.963 381 381 I : Error: set vsif failed
06-04 18:06:39.978 381 381 I : DVI mode selected: packets not configured
06-04 18:06:39.985 381 381 I : Error: set vsif failed
06-04 18:06:39.990 381 381 I : DVI mode selected: packets not configured
06-04 18:06:39.997 381 381 I : Error: set vsif failed
06-05 09:31:32.784 468 519 W IorapForwardingService: No service published for: iorapd
06-05 09:31:32.900 663 663 E WifiHAL : wifi_get_link_stats: requestResponse Error:-5
06-05 09:31:32.902 468 612 E WifiVendorHal: getWifiLinkLayerStats_1_5_Internal(l.1191) failed {.code = ERROR_INVALID_ARGS, .description = }
06-05 09:31:33.564 1994 2115 D UtilLog : 日志批量上报 进行正常循环 !!!!!!本次有0次请求,共0条数据
06-05 09:31:33.786 468 519 W IorapForwardingService: No service published for: iorapd
06-05 09:31:34.204 1123 1123 D aaa : LedStatusService onStartCommand begin
06-05 09:31:34.206 1174 1174 D bbb : onStartCommand begin !!!!!!! data分区剩余 24849MB
06-05 09:31:34.207 1123 3124 D aaa : topPkg is -------------- :com.dangbei.haqusetting
06-05 09:31:34.789 468 519 W IorapForwardingService: No service published for: iorapd
06-05 09:31:35.802 468 519 W IorapForwardingService: No service published for: iorapd
06-05 09:31:35.930 663 663 E WifiHAL : wifi_get_link_stats: requestResponse Error:-5
06-05 09:31:35.946 468 612 E WifiVendorHal: getWifiLinkLayerStats_1_5_Internal(l.1191) failed {.code = ERROR_INVALID_ARGS, .description = }
06-05 09:31:36.103 2807 2816 I gbei.screencas: Background young concurrent copying GC freed 44259(5946KB) AllocSpace objects, 4(100KB) LOS objects, 42% free, 7296KB/12MB, paused 1.184ms total 189.922ms
06-05 09:31:36.806 468 519 W IorapForwardingService: No service published for: iorapd
06-05 09:31:36.953 2295 2295 I DefaultIMS: onStartInput attribute=android.view.inputmethod.EditorInfo@4870961 restarting=false inputType: 0
06-05 09:31:37.168 468 2240 D TvWindowManager: key event key = KEYCODE_DPAD_LEFT down = true
06-05 09:31:37.169 1490 1731 D BluetoothAdapterService: cancelDiscovery
06-05 09:31:37.170 468 599 D GpioService: mFlickerEnable = true
06-05 09:31:37.170 1490 1776 I bt_btif_dm: system/bt/btif/src/btif_dm.cc:1884 btif_dm_cancel_discovery: Cancel search
06-05 09:31:37.175 468 2194 I WifiService: startScan uid=1000
06-05 09:31:37.177 2295 2295 I SogouIME: onKeyDown: keyoCode=21
06-05 09:31:37.177 2295 2295 I DefaultIMS: onKeyDown: keyoCode=21
06-05 09:31:37.183 2295 2295 I DefaultIMS: onStartInput attribute=android.view.inputmethod.EditorInfo@460bc86 restarting=false inputType: 0
06-05 09:31:37.184 468 2240 D TvWindowManager: key event key = KEYCODE_DPAD_LEFT down = false
06-05 09:31:37.188 468 2194 I WifiService: startScan uid=1000
06-05 09:31:37.220 468 814 I WifiService: startScan uid=1000
06-05 09:31:37.224 2295 2295 I SogouIME: onKeyUp: keyoCode=21
06-05 09:31:37.224 2295 2295 I DefaultIMS: onKeyUp: keyoCode=21
06-05 09:31:37.306 2544 3130 D skia : --- Failed to create image decoder with message 'unimplemented'
06-05 09:31:37.309 2544 3130 D skia : --- Failed to create image decoder with message 'unimplemented'
06-05 09:31:37.310 2544 3130 D skia : --- Failed to create image decoder with message 'unimplemented'
06-05 09:31:37.312 2544 3130 D skia : --- Failed to create image decoder with message 'unimplemented'
06-05 09:31:37.313 2544 3130 D skia : --- Failed to create image decoder with message 'unimplemented'
06-05 09:31:37.314 2544 3130 D skia : --- Failed to create image decoder with message 'unimplemented'
06-05 09:31:37.318 2544 3132 D skia : --- Failed to create image decoder with message 'unimplemented'
06-05 09:31:37.319 2544 3131 D skia : --- Failed to create image decoder with message 'unimplemented'
06-05 09:31:37.320 2544 3131 D skia : --- Failed to create image decoder with message 'unimplemented'
06-05 09:31:37.321 2544 3131 D skia : --- Failed to create image decoder with message 'unimplemented'
06-05 09:31:37.322 2544 3131 D skia : --- Failed to create image decoder with message 'unimplemented'
06-05 09:31:37.323 2544 3131 D skia : --- Failed to create image decoder with message 'unimplemented'
06-05 09:31:37.323 2544 3132 D skia : --- Failed to create image decoder with message 'unimplemented'
06-05 09:31:37.324 2544 3132 D skia : --- Failed to create image decoder with message 'unimplemented'
06-05 09:31:37.325 2544 3131 D skia : --- Failed to create image decoder with message 'unimplemented'
06-05 09:31:37.330 2544 3132 D skia : --- Failed to create image decoder with message 'unimplemented'
06-05 09:31:37.331 2544 3132 D skia : --- Failed to create image decoder with message 'unimplemented'
06-05 09:31:37.331 2544 3132 D skia : --- Failed to create image decoder with message 'unimplemented'
06-05 09:31:37.369 2544 3133 D skia : --- Failed to create image decoder with message 'unimplemented'
06-05 09:31:37.371 2544 3133 D skia : --- Failed to create image decoder with message 'unimplemented'
06-05 09:31:37.372 2544 3133 D skia : --- Failed to create image decoder with message 'unimplemented'
06-05 09:31:37.374 2544 3133 D skia : --- Failed to create image decoder with message 'unimplemented'
06-05 09:31:37.375 2544 3133 D skia : --- Failed to create image decoder with message 'unimplemented'
06-05 09:31:37.375 2544 3133 D skia : --- Failed to create image decoder with message 'unimplemented'
06-05 09:31:37.418 2252 2252 I rainbow_flow: type=1400 audit(0.0:1208): avc: denied { ioctl } for path="/dev/spidev1.0" dev="tmpfs" ino=3509 ioctlcmd=0x6b00 scontext=u:r:init:s0 tcontext=u:object_r:device:s0 tclass=chr_file permissive=1
06-04 18:06:44.880 381 381 W hdr10p_Configure: 353 callbacks suppressed
06-04 18:06:44.880 381 381 I : DVI mode selected: packets not configured
06-04 18:06:44.894 381 381 W set_vsif_config: 353 callbacks suppressed
06-04 18:06:44.894 381 381 I : Error: set vsif failed
06-04 18:06:44.905 381 381 I : DVI mode selected: packets not configured
06-04 18:06:44.912 381 381 I : Error: set vsif failed
06-04 18:06:44.917 381 381 I : DVI mode selected: packets not configured
06-04 18:06:44.923 381 381 I : Error: set vsif failed
06-04 18:06:44.945 381 381 I : DVI mode selected: packets not configured
06-04 18:06:44.952 381 381 I : Error: set vsif failed
06-04 18:06:44.957 381 381 I : DVI mode selected: packets not configured
06-04 18:06:44.964 381 381 I : Error: set vsif failed
06-04 18:06:44.969 381 381 I : DVI mode selected: packets not configured
06-04 18:06:44.975 381 381 I : Error: set vsif failed
06-04 18:06:44.995 381 381 I : DVI mode selected: packets not configured
06-04 18:06:45.002 381 381 I : Error: set vsif failed
06-04 18:06:45.006 381 381 I : DVI mode selected: packets not configured
06-04 18:06:45.013 381 381 I : Error: set vsif failed
06-04 18:06:45.018 381 381 I : DVI mode selected: packets not configured
06-04 18:06:45.025 381 381 I : Error: set vsif failed
06-04 18:06:45.045 381 381 I : DVI mode selected: packets not configured
06-04 18:06:45.051 381 381 I : Error: set vsif failed
06-05 09:31:37.808 468 519 W IorapForwardingService: No service published for: iorapd
06-05 09:31:37.976 2807 2816 I gbei.screencas: Background concurrent copying GC freed 47140(5971KB) AllocSpace objects, 8(420KB) LOS objects, 49% free, 6376KB/12MB, paused 152us total 161.849ms
06-05 09:31:38.812 468 519 W IorapForwardingService: No service published for: iorapd
06-05 09:31:38.980 663 663 E WifiHAL : wifi_get_link_stats: requestResponse Error:-5
06-05 09:31:38.984 468 612 E WifiVendorHal: getWifiLinkLayerStats_1_5_Internal(l.1191) failed {.code = ERROR_INVALID_ARGS, .description = }
06-05 09:31:39.814 468 519 W IorapForwardingService: No service published for: iorapd
06-05 09:31:39.859 468 814 D WifiNl80211Manager: Scan result ready event
06-05 09:31:39.859 468 814 D WifiNative: Scan result ready event
06-05 09:31:39.882 468 616 W IE_Capabilities: Unknown RSN cipher suite: 6ac0f00
06-05 09:31:39.883 468 616 W IE_Capabilities: Unknown RSN cipher suite: 6ac0f00
06-05 09:31:39.904 2544 3129 E ccc : cccccc SCAN_RESULTS_AVAILABLE_ACTION hhhh
06-05 09:31:39.904 468 612 D PasspointManager: ANQP entry not found for: 10:7c:61:1a:4b:90:<2>
06-05 09:31:39.905 468 612 D PasspointManager: ANQP entry not found for: 50:33:f0:5b:7e:a2:
06-05 09:31:39.909 1074 1074 E hq : NetWorkStateReceiver:::NetWorkStateReceiver onReceive: 网络变化广播 >>>> intent.action=android.net.wifi.SCAN_RESULTS
06-05 09:31:39.913 468 612 D PasspointManager: ANQP entry not found for: 52:33:f0:3b:7e:a2:
06-05 09:31:39.915 468 612 D PasspointManager: ANQP entry not found for: 10:7c:61:1a:4b:94:<5G>
06-05 09:31:39.919 663 663 E WifiHAL : wifi_get_link_stats: requestResponse Error:-5
06-05 09:31:39.921 468 612 E WifiVendorHal: getWifiLinkLayerStats_1_5_Internal(l.1191) failed {.code = ERROR_INVALID_ARGS, .description = }
06-05 09:31:39.947 1074 1074 W eventbuscore: post Event:com.dangbei.leard.base.entity.event.NetWifiRssiEvent
06-05 09:31:40.815 468 519 W IorapForwardingService: No service published for: iorapd
06-05 09:31:41.818 468 519 W IorapForwardingService: No service published for: iorapd
06-05 09:31:42.010 663 663 E WifiHAL : wifi_get_link_stats: requestResponse Error:-5
06-05 09:31:42.012 468 612 E WifiVendorHal: getWifiLinkLayerStats_1_5_Internal(l.1191) failed {.code = ERROR_INVALID_ARGS, .description = }
06-05 09:31:42.046 2295 2295 I DefaultIMS: onStartInput attribute=android.view.inputmethod.EditorInfo@c454947 restarting=false inputType: 0
06-05 09:31:42.214 468 2240 D TvWindowManager: key event key = KEYCODE_DPAD_LEFT down = true
06-05 09:31:42.215 468 599 D GpioService: mFlickerEnable = true
06-05 09:31:42.234 1174 1174 D bbb : onStartCommand begin !!!!!!! data分区剩余 24849MB
06-05 09:31:42.254 1123 1123 D aaa : LedStatusService onStartCommand begin
06-05 09:31:42.257 1123 3150 D aaa : topPkg is -------------- :com.dangbei.haqusetting
06-05 09:31:42.284 2295 2295 I SogouIME: onKeyDown: keyoCode=21
06-05 09:31:42.284 2295 2295 I DefaultIMS: onKeyDown: keyoCode=21
06-05 09:31:42.296 468 2240 D TvWindowManager: key event key = KEYCODE_DPAD_LEFT down = false
06-05 09:31:42.301 2295 2295 I DefaultIMS: onStartInput attribute=android.view.inputmethod.EditorInfo@9be0574 restarting=false inputType: 0
06-05 09:31:42.302 2295 2295 I SogouIME: onKeyUp: keyoCode=21
06-05 09:31:42.302 2295 2295 I DefaultIMS: onKeyUp: keyoCode=21
06-05 09:31:42.641 468 988 W ZramWriteback: Writeback device is not set
06-05 09:31:42.641 468 988 D ZramWriteback: wait to flush
06-04 18:06:49.995 381 381 W hdr10p_Configure: 521 callbacks suppressed
06-04 18:06:49.995 381 381 I : DVI mode selected: packets not configured
06-04 18:06:50.009 381 381 W set_vsif_config: 521 callbacks suppressed
06-04 18:06:50.009 381 381 I : Error: set vsif failed
06-04 18:06:50.020 381 381 I : DVI mode selected: packets not configured
06-04 18:06:50.027 381 381 I : Error: set vsif failed
06-04 18:06:50.032 381 381 I : DVI mode selected: packets not configured
06-04 18:06:50.038 381 381 I : Error: set vsif failed
06-04 18:06:50.062 381 381 I : DVI mode selected: packets not configured
06-04 18:06:50.069 381 381 I : Error: set vsif failed
06-04 18:06:50.074 381 381 I : DVI mode selected: packets not configured
06-04 18:06:50.080 381 381 I : Error: set vsif failed
06-04 18:06:50.085 381 381 I : DVI mode selected: packets not configured
06-04 18:06:50.092 381 381 I : Error: set vsif failed
06-04 18:06:50.112 381 381 I : DVI mode selected: packets not configured
06-04 18:06:50.119 381 381 I : Error: set vsif failed
06-04 18:06:50.124 381 381 I : DVI mode selected: packets not configured
06-04 18:06:50.131 381 381 I : Error: set vsif failed
06-04 18:06:50.136 381 381 I : DVI mode selected: packets not configured
06-04 18:06:50.142 381 381 I : Error: set vsif failed
06-04 18:06:50.162 381 381 I : DVI mode selected: packets not configured
06-04 18:06:50.169 381 381 I : Error: set vsif failed
06-05 09:31:42.822 468 519 W IorapForwardingService: No service published for: iorapd
06-05 09:31:43.577 1994 2115 D UtilLog : 日志批量上报 进行正常循环 !!!!!!本次有0次请求,共0条数据
06-05 09:31:43.824 468 519 W IorapForwardingService: No service published for: iorapd
06-05 09:31:44.339 2295 2295 I DefaultIMS: onStartInput attribute=android.view.inputmethod.EditorInfo@749da9d restarting=false inputType: 0
06-05 09:31:44.551 2544 2569 E xxxxxxxxxxxxx: ====>DZOH58251929088
06-05 09:31:44.558 2295 2295 I DefaultIMS: onStartInput attribute=android.view.inputmethod.EditorInfo@d7c1b12 restarting=false inputType: 0
06-05 09:31:44.546 2544 2544 I RxCachedThreadS: type=1400 audit(0.0:1209): avc: denied { read } for name="u:object_r:serialno_prop:s0" dev="tmpfs" ino=3291 scontext=u:r:system_app:s0 tcontext=u:object_r:serialno_prop:s0 tclass=file permissive=1
06-04 18:06:51.913 2569 2569 W audit : audit_lost=695 audit_rate_limit=5 audit_backlog_limit=64
06-05 09:31:44.546 2544 2544 I RxCachedThreadS: type=1400 audit(0.0:1210): avc: denied { open } for path="/dev/__properties__/u:object_r:serialno_prop:s0" dev="tmpfs" ino=3291 scontext=u:r:system_app:s0 tcontext=u:object_r:serialno_prop:s0 tclass=file permissive=1
06-04 18:06:51.942 2569 2569 E audit : rate limit exceeded
06-05 09:31:44.623 2544 2569 D getEthernetMacAddr: getEthernetMacAddr use eth0
06-05 09:31:44.546 2544 2544 I RxCachedThreadS: type=1400 audit(0.0:1211): avc: denied { getattr } for path="/dev/__properties__/u:object_r:serialno_prop:s0" dev="tmpfs" ino=3291 scontext=u:r:system_app:s0 tcontext=u:object_r:serialno_prop:s0 tclass=file permissive=1
06-05 09:31:44.546 2544 2544 I RxCachedThreadS: type=1400 audit(0.0:1212): avc: denied { map } for path="/dev/__properties__/u:object_r:serialno_prop:s0" dev="tmpfs" ino=3291 scontext=u:r:system_app:s0 tcontext=u:object_r:serialno_prop:s0 tclass=file permissive=1
06-05 09:31:44.554 2544 2544 I RxCachedThreadS: type=1400 audit(0.0:1213): avc: denied { read } for name="address" dev="sysfs" ino=28343 scontext=u:r:system_app:s0 tcontext=u:object_r:sysfs:s0 tclass=file permissive=1
06-05 09:31:44.827 468 519 W IorapForwardingService: No service published for: iorapd
06-05 09:31:44.849 2544 2553 I bei.haqusettin: Background concurrent copying GC freed 18554(1511KB) AllocSpace objects, 12(816KB) LOS objects, 49% free, 4248KB/8497KB, paused 671us total 219.573ms
06-05 09:31:45.031 663 663 E WifiHAL : wifi_get_link_stats: requestResponse Error:-5
06-05 09:31:45.033 468 612 E WifiVendorHal: getWifiLinkLayerStats_1_5_Internal(l.1191) failed {.code = ERROR_INVALID_ARGS, .description = }
06-05 09:31:45.828 468 519 W IorapForwardingService: No service published for: iorapd
06-05 09:31:46.830 468 519 W IorapForwardingService: No service published for: iorapd
06-05 09:31:46.880 267 300 D hdmi-cec: receive invalid cec message!
06-05 09:31:46.881 267 300 D hdmi-cec: receive poll message [04], skip!
06-04 18:06:55.011 381 381 W hdr10p_Configure: 377 callbacks suppressed
06-04 18:06:55.011 381 381 I : DVI mode selected: packets not configured
06-04 18:06:55.025 381 381 W set_vsif_config: 377 callbacks suppressed
06-04 18:06:55.025 381 381 I : Error: set vsif failed
06-04 18:06:55.036 381 381 I : DVI mode selected: packets not configured
06-04 18:06:55.042 381 381 I : Error: set vsif failed
06-04 18:06:55.047 381 381 I : DVI mode selected: packets not configured
06-04 18:06:55.054 381 381 I : Error: set vsif failed
06-04 18:06:55.078 381 381 I : DVI mode selected: packets not configured
06-04 18:06:55.084 381 381 I : Error: set vsif failed
06-04 18:06:55.089 381 381 I : DVI mode selected: packets not configured
06-04 18:06:55.096 381 381 I : Error: set vsif failed
06-04 18:06:55.100 381 381 I : DVI mode selected: packets not configured
06-04 18:06:55.107 381 381 I : Error: set vsif failed
06-04 18:06:55.128 381 381 I : DVI mode selected: packets not configured
06-04 18:06:55.134 381 381 I : Error: set vsif failed
06-04 18:06:55.139 381 381 I : DVI mode selected: packets not configured
06-04 18:06:55.146 381 381 I : Error: set vsif failed
06-04 18:06:55.150 381 381 I : DVI mode selected: packets not configured
06-04 18:06:55.157 381 381 I : Error: set vsif failed
06-05 09:31:47.831 468 519 W IorapForwardingService: No service published for: iorapd
06-04 18:06:55.178 381 381 I : DVI mode selected: packets not configured
06-04 18:06:55.185 381 381 I : Error: set vsif failed
06-05 09:31:47.959 2807 2816 I gbei.screencas: Background concurrent copying GC freed 47557(6268KB) AllocSpace objects, 0(0B) LOS objects, 49% free, 6434KB/12MB, paused 137us total 163.095ms
06-05 09:31:48.059 663 663 E WifiHAL : wifi_get_link_stats: requestResponse Error:-5
06-05 09:31:48.061 468 612 E WifiVendorHal: getWifiLinkLayerStats_1_5_Internal(l.1191) failed {.code = ERROR_INVALID_ARGS, .description = }
06-05 09:31:48.833 468 519 W IorapForwardingService: No service published for: iorapd
06-05 09:31:49.836 468 519 W IorapForwardingService: No service published for: iorapd
06-05 09:31:50.271 1123 1123 D aaa : LedStatusService onStartCommand begin
06-05 09:31:50.272 1123 3159 D aaa : topPkg is -------------- :com.dangbei.haqusetting
06-05 09:31:50.281 1174 1174 D bbb : onStartCommand begin !!!!!!! data分区剩余 24849MB
06-05 09:31:50.837 468 519 W IorapForwardingService: No service published for: iorapd
06-05 09:31:51.075 663 663 E WifiHAL : wifi_get_link_stats: requestResponse Error:-5
06-05 09:31:51.077 468 612 E WifiVendorHal: getWifiLinkLayerStats_1_5_Internal(l.1191) failed {.code = ERROR_INVALID_ARGS, .description = }
06-05 09:31:51.839 468 519 W IorapForwardingService: No service published for: iorapd
06-05 09:31:51.930 1994 2121 I TDLog : [APP] New data found, Submitting...
06-05 09:31:51.930 1994 2119 W gbei.zhushou.o: Long monitor contention with owner ModuleDataForward (2121) at java.util.List com.tendcloud.tenddata.dm.a(com.tendcloud.tenddata.a)(td:17) waiters=0 in void com.tendcloud.tenddata.dm.onTDEBEventDataStore(com.tendcloud.tenddata.di) for 12.020s
06-05 09:31:51.957 1994 2121 I TDLog : [APP] Failed to submit data!
06-05 09:31:52.095 1994 2121 W gbei.zhushou.o: Long monitor contention with owner locHandlerThread (2119) at void com.tendcloud.tenddata.dm.onTDEBEventDataStore(com.tendcloud.tenddata.di)(td:14) waiters=0 in java.util.List com.tendcloud.tenddata.dm.a(com.tendcloud.tenddata.a) for 136ms
06-05 09:31:52.842 468 519 W IorapForwardingService: No service published for: iorapd
06-04 18:07:00.864 381 381 W hdr10p_Configure: 164 callbacks suppressed
06-04 18:07:00.864 381 381 I : DVI mode selected: packets not configured
06-04 18:07:00.877 381 381 W set_vsif_config: 164 callbacks suppressed
06-04 18:07:00.877 381 381 I : Error: set vsif failed
06-04 18:07:00.889 381 381 I : DVI mode selected: packets not configured
06-04 18:07:00.895 381 381 I : Error: set vsif failed
06-04 18:07:00.900 381 381 I : DVI mode selected: packets not configured
06-04 18:07:00.906 381 381 I : Error: set vsif failed
06-05 09:31:53.572 1994 2115 D UtilLog : 日志批量上报 进行正常循环 !!!!!!本次有0次请求,共0条数据
06-04 18:07:00.929 381 381 I : DVI mode selected: packets not configured
06-04 18:07:00.936 381 381 I : Error: set vsif failed
06-04 18:07:00.940 381 381 I : DVI mode selected: packets not configured
06-04 18:07:00.947 381 381 I : Error: set vsif failed
06-04 18:07:00.952 381 381 I : DVI mode selected: packets not configured
06-04 18:07:00.958 381 381 I : Error: set vsif failed
06-04 18:07:00.979 381 381 I : DVI mode selected: packets not configured
06-04 18:07:00.986 381 381 I : Error: set vsif failed
06-04 18:07:00.990 381 381 I : DVI mode selected: packets not configured
06-04 18:07:00.997 381 381 I : Error: set vsif failed
06-04 18:07:01.002 381 381 I : DVI mode selected: packets not configured
06-04 18:07:01.008 381 381 I : Error: set vsif failed
06-04 18:07:01.028 381 381 I : DVI mode selected: packets not configured
06-04 18:07:01.035 381 381 I : Error: set vsif failed
06-05 09:31:53.845 468 519 W IorapForwardingService: No service published for: iorapd
06-05 09:31:54.087 663 663 E WifiHAL : wifi_get_link_stats: requestResponse Error:-5
06-05 09:31:54.090 468 612 E WifiVendorHal: getWifiLinkLayerStats_1_5_Internal(l.1191) failed {.code = ERROR_INVALID_ARGS, .description = }
06-05 09:31:54.847 468 519 W IorapForwardingService: No service published for: iorapd
