06-04 18:05:00.958 2088 2088 V GraphicsEnvironment: ANGLE Developer option for 'com.android.providers.contacts' set to: 'default'
06-04 18:05:00.958 468 619 D DnsManager: sendDnsConfigurationForNetwork(100, [202.96.134.133, 202.96.128.166], [], 1800, 25, 8, 64, 0, 0, , [202.96.134.133, 202.96.128.166])
06-04 18:05:00.958 1490 1490 D AvrcpBrowsablePlayerConnector: Received a message: msg.what=1
06-04 18:05:00.958 2088 2088 V GraphicsEnvironment: Neither updatable production driver nor prerelease driver is supported.
06-04 18:05:00.962 2088 2088 D NetworkSecurityConfig: No Network Security Config specified, using platform default
06-04 18:05:00.962 246 299 I netd : DnsResolverService::setResolverConfiguration(100, [202.96.134.133, 202.96.128.166], [], 1800, 25, 8, 64, 0, 0, "", [202.96.134.133, 202.96.128.166]) -> (0) (0.9ms)
06-04 18:05:00.962 1490 1490 I AvrcpBrowsablePlayerConnector: Checking root contents for com.android.music
06-04 18:05:00.962 246 299 I netd : setResolverConfiguration(ResolverParamsParcel{netId: 100, sampleValiditySeconds: 1800, successThreshold: 25, minSamples: 8, maxSamples: 64, baseTimeoutMsec: 0, retryCount: 0, servers: [202.96.134.133, 202.96.128.166], domains: [], tlsName: , tlsServers: [202.96.134.133, 202.96.128.166], tlsFingerprints: [], caCertificate: , tlsConnectTimeoutMs: 0, resolverOptions: (null), transportTypes: [1]}) <1.19ms>
06-04 18:05:00.964 246 2152 W resolv : Validating DnsTlsServer 202.96.134.133 with mark 0xf0064
06-04 18:05:00.965 468 619 D ConnectivityService: Adding iface wlan0 to network 100
06-04 18:05:00.967 246 2151 W resolv : Validating DnsTlsServer 202.96.128.166 with mark 0xf0064
06-04 18:05:00.968 246 2151 W resolv : Socket failed to connect: Network is unreachable
06-04 18:05:00.968 246 2151 W resolv : TCP Handshake failed: 101
06-04 18:05:00.969 246 2151 W resolv : query failed
06-04 18:05:00.969 246 2151 W resolv : validateDnsTlsServer returned 0 for 202.96.128.166
06-04 18:05:00.969 246 2151 W resolv : Validation failed
06-04 18:05:00.973 246 2152 W resolv : Socket failed to connect: Network is unreachable
06-04 18:05:00.974 246 2152 W resolv : TCP Handshake failed: 101
06-04 18:05:00.974 246 2152 W resolv : query failed
06-04 18:05:00.974 246 2152 W resolv : validateDnsTlsServer returned 0 for 202.96.134.133
06-04 18:05:00.974 246 2152 W resolv : Validation failed
06-04 18:05:00.976 246 299 I netd : networkAddInterface(100, wlan0) <10.72ms>
06-04 18:05:00.980 246 299 I netd : networkAddRouteParcel(100, RouteInfoParcel{destination: fe80::/64, ifName: wlan0, nextHop: , mtu: 0}) <0.58ms>
06-04 18:05:00.981 246 299 I netd : networkAddRouteParcel(100, RouteInfoParcel{destination: 192.168.2.0/23, ifName: wlan0, nextHop: , mtu: 0}) <0.41ms>
06-04 18:05:00.983 2066 2066 D music_MediaPlaybackSer: onDestroy
06-04 18:05:00.983 246 299 I netd : networkAddRouteParcel(100, RouteInfoParcel{destination: 0.0.0.0/0, ifName: wlan0, nextHop: 192.168.3.1, mtu: 0}) <0.47ms>
06-04 18:05:00.983 2066 2066 D music_MusicApp: remove mount callback: com.android.music.MediaPlaybackService@cb732f0
06-04 18:05:00.983 2066 2066 D music_MediaPlaybackSer: handleStopRequest: mState=0 error=destroy
06-04 18:05:00.983 2066 2066 D music_MediaPlaybackSer: updatePlaybackState, playback state=1
06-04 18:05:00.984 2088 2088 D NetworkSecurityConfig: No Network Security Config specified, using platform default
06-04 18:05:00.984 468 619 D ConnectivityService: Setting DNS servers for network 100 to [/202.96.134.133, /202.96.128.166]
06-04 18:05:00.985 468 619 D DnsManager: sendDnsConfigurationForNetwork(100, [202.96.134.133, 202.96.128.166], [], 1800, 25, 8, 64, 0, 0, , [202.96.134.133, 202.96.128.166])
06-04 18:05:00.987 246 299 I netd : DnsResolverService::setResolverConfiguration(100, [202.96.134.133, 202.96.128.166], [], 1800, 25, 8, 64, 0, 0, "", [202.96.134.133, 202.96.128.166]) -> (0) (0.8ms)
06-04 18:05:00.987 246 299 I netd : setResolverConfiguration(ResolverParamsParcel{netId: 100, sampleValiditySeconds: 1800, successThreshold: 25, minSamples: 8, maxSamples: 64, baseTimeoutMsec: 0, retryCount: 0, servers: [202.96.134.133, 202.96.128.166], domains: [], tlsName: , tlsServers: [202.96.134.133, 202.96.128.166], tlsFingerprints: [], caCertificate: , tlsConnectTimeoutMs: 0, resolverOptions: (null), transportTypes: [1]}) <1.03ms>
06-04 18:05:00.988 246 2155 W resolv : Validating DnsTlsServer 202.96.128.166 with mark 0xf0064
06-04 18:05:00.990 246 2156 W resolv : Validating DnsTlsServer 202.96.134.133 with mark 0xf0064
06-04 18:05:00.992 2066 2066 D Playback: giveUpAudioFocus
06-04 18:05:00.992 2066 2066 D Playback: relaxResources. releaseMediaPlayer=true
06-04 18:05:01.001 2066 2066 D music_MediaPlaybackSer: updatePlaybackState, playback state=1
06-04 18:05:01.013 468 619 W BestClock: java.time.DateTimeException: Missing NTP fix
06-04 18:05:01.017 1490 1490 V MediaPlayerList: onActiveSessionsChanged: number of controllers: 0
06-04 18:05:01.019 2066 2066 D music_MediaPlaybackSer: onCreate()
06-04 18:05:01.019 2066 2066 D music_MediaPlaybackSer: Create MusicProvider
06-04 18:05:01.019 2066 2066 D music_MediaPlaybackSer: Create MediaSession
06-04 18:05:01.026 2125 2125 V GraphicsEnvironment: ANGLE Developer option for 'com.softwinner.timerswitch' set to: 'default'
06-04 18:05:01.027 2125 2125 V GraphicsEnvironment: Neither updatable production driver nor prerelease driver is supported.
06-04 18:05:01.030 246 299 I netd : trafficSwapActiveStatsMap() <17.16ms>
06-04 18:05:01.030 2125 2125 D NetworkSecurityConfig: No Network Security Config specified, using platform default
06-04 18:05:01.031 2125 2125 D NetworkSecurityConfig: No Network Security Config specified, using platform default
06-04 18:05:01.032 1490 1490 V MediaPlayerList: onActiveSessionsChanged: number of controllers: 0
06-04 18:05:01.035 1994 2118 I UtilCommon: bluetoothMac=B4:2F:03:15:A3:36
06-04 18:05:01.036 246 299 I netd : tetherGetStats() -> {[]} <3.52ms>
06-04 18:05:01.038 1994 2118 D UtilLog : key=deviceid
06-04 18:05:01.039 468 619 W BestClock: java.time.DateTimeException: Missing NTP fix
06-04 18:05:01.039 1994 2118 D UtilLog : values=2a29a1009651753de55301e19d1ff223
06-04 18:05:01.039 1994 2118 D UtilLog : DesValues=tCuyrz2DhRbknQPdL0fwq/LiF6SRmYweDYZq2sUraZwPB58o5PWrCg==
06-04 18:05:01.039 1994 2118 D UtilLog :
06-04 18:05:01.039 1994 2118 D UtilLog : key=dev_uuid
06-04 18:05:01.040 1994 2118 D UtilLog : values=716da96e-3cf4-4761-a920-358ee5291dae
06-04 18:05:01.040 1994 2118 D UtilLog : DesValues=x8kfYVms16vxVi6ZBK88s3BFKePle8tBb5Bj5raXsWvFHTBbuRDtjg==
06-04 18:05:01.040 1994 2118 D UtilLog :
06-04 18:05:01.040 1994 2118 D UtilLog : key=channel
06-04 18:05:01.040 1994 2118 D UtilLog : values=DBOS_DBBOX-A2
06-04 18:05:01.040 1994 2118 D UtilLog : DesValues=U2rMDSNEX4hlxebfMfvE5w==
06-04 18:05:01.040 1994 2118 D UtilLog :
06-04 18:05:01.040 1994 2118 D UtilLog : key=packagelist
06-04 18:05:01.041 1994 2118 D UtilLog : values=com.dangbei.lerad.rocky;com.dangbei.leard.leradlauncher;com.dangbei.zhushou.os
06-04 18:05:01.041 1994 2118 D UtilLog : DesValues=byaAjpuYP7Md9ImftnY6oL+u5Tex4kQ5jeOCkuyRk9SkGPr4UI1BJNL8hrF+2ShyB2oVVKVfAi8PlHx6PKeqfviwQR31zZWikKW1prDgGkU=
06-04 18:05:01.041 1994 2118 D UtilLog :
06-04 18:05:01.041 1994 2118 D UtilLog : key=mac
06-04 18:05:01.041 1994 2118 D UtilLog : values=20:02:FE:19:C1:FD
06-04 18:05:01.041 1994 2118 D UtilLog : DesValues=nYMpcx8K3oP+WR57bGh/3iOHqoo5UJ7s
06-04 18:05:01.041 1994 2118 D UtilLog :
06-04 18:05:01.041 1994 2118 D UtilLog : key=wifimac
06-04 18:05:01.041 1994 2118 D UtilLog : values=B4:2F:03:16:18:C0
06-04 18:05:01.041 1994 2118 D UtilLog : DesValues=GtiP38bn9GKlqee/5AjrHwo2HIgJ4oF7
06-04 18:05:01.041 1994 2118 D UtilLog :
06-04 18:05:01.041 1994 2118 D UtilLog : key=uuid
06-04 18:05:01.042 1994 2118 D UtilLog : values=61dbb369-b3d5-44ae-84e2-623a3755b588
06-04 18:05:01.042 1994 2118 D UtilLog : DesValues=56fY64G8j8CHakHqjZC4WezVOzuQeqGTP7inWN2HRBdCRU9L3pRVrg==
06-04 18:05:01.042 1994 2118 D UtilLog :
06-04 18:05:01.042 1994 2118 D UtilLog : key=appname
06-04 18:05:01.043 468 610 W BestClock: java.time.DateTimeException: Missing NTP fix
06-04 18:05:01.044 468 610 W BestClock: java.time.DateTimeException: Missing NTP fix
06-04 18:05:01.050 468 619 D ConnectivityService: NetReassign [21 : null → 100, 23 : null → 100, 1 : null → 100, 30 : null → 100, 3 : null → 100, 10 : null → 100, 17 : null → 100, 34 : null → 100, 32 : null → 100, 27 : null → 100, 19 : null → 100]
06-04 18:05:01.054 2066 2066 D music_MediaPlaybackSer: updatePlaybackState, playback state=0
06-04 18:05:01.056 468 619 D ConnectivityService: Switching to new default network for: uid/pid:1000/468 activeRequest: 1 callbackRequest: 1 [NetworkRequest [ REQUEST id=1, [ Capabilities: INTERNET&NOT_RESTRICTED&TRUSTED&NOT_VPN&NOT_VCN_MANAGED RequestorUid: 1000 RequestorPkg: android] ]] callback flags: 1 priority: 2147483647 using NetworkAgentInfo{network{100} handle{432902426637} ni{WIFI CONNECTED extra: } Score(60 ; KeepConnected : 0 ; Policies : TRANSPORT_PRIMARY&IS_UNMETERED) lp{{InterfaceName: wlan0 LinkAddresses: [ fe80::c188:801f:d035:e1d5/64,192.168.3.22/23 ] DnsAddresses: [ /202.96.134.133,/202.96.128.166 ] Domains: null MTU: 0 ServerAddress: /192.168.3.1 TcpBufferSizes: 524288,1048576,2097152,262144,524288,1048576 Routes: [ fe80::/64 -> :: wlan0 mtu 0,192.168.2.0/23 -> 0.0.0.0 wlan0 mtu 0,0.0.0.0/0 -> 192.168.3.1 wlan0 mtu 0 ]}} nc{[ Transports: WIFI Capabilities: NOT_METERED&INTERNET&NOT_RESTRICTED&TRUSTED&NOT_VPN&NOT_ROAMING&FOREGROUND&NOT_CONGESTED&NOT_SUSPENDED&NOT_VCN_MANAGED LinkUpBandwidth>=12000Kbps LinkDnBandwidth>=60000Kbps Specifier: TransportInfo: SignalStrength: -48 OwnerUid: 10023 AdminUids: [10023] SSID: "DZNB"]}}
06-04 18:05:01.058 246 299 I netd : networkSetDefault(100) <0.77ms>
06-04 18:05:01.060 1994 2118 D UtilLog : values=电视管家
06-04 18:05:01.060 1994 2118 D UtilLog : DesValues=iqL5Rox+365YgqkQrzmGew==
06-04 18:05:01.060 1994 2118 D UtilLog :
06-04 18:05:01.060 1994 2118 D UtilLog : key=packagename
06-04 18:05:01.061 1994 2118 D UtilLog : values=com.dangbei.zhushou.os
06-04 18:05:01.061 1994 2118 D UtilLog : DesValues=byaAjpuYP7N/v7Z6kyOIN8JduvsEBDYD
06-04 18:05:01.061 1994 2118 D UtilLog :
06-04 18:05:01.061 1994 2118 D UtilLog : key=vname
06-04 18:05:01.061 1994 2118 D UtilLog : values=4.0.0.0.1
06-04 18:05:01.061 1994 2118 D UtilLog : DesValues=ZmbdbetpP3xQfy8gEtIzGg==
06-04 18:05:01.061 1994 2118 D UtilLog :
06-04 18:05:01.061 1994 2118 D UtilLog : key=vcode
06-04 18:05:01.061 1994 2118 D UtilLog : values=40001
06-04 18:05:01.061 1994 2118 D UtilLog : DesValues=xHelLudSdno=
06-04 18:05:01.061 1994 2118 D UtilLog :
06-04 18:05:01.061 1994 2118 D UtilLog : key=brand
06-04 18:05:01.062 1994 2118 D UtilLog : values=Dangbei
06-04 18:05:01.062 1994 2118 D UtilLog : DesValues=w3F/S11z4cQ=
06-04 18:05:01.062 1994 2118 D UtilLog :
06-04 18:05:01.062 1994 2118 D UtilLog : key=boxfactory
06-04 18:05:01.062 1994 2118 D UtilLog : values=Allwinner
06-04 18:05:01.062 1994 2118 D UtilLog : DesValues=Z82sBMOvjTwCcRqjeHOwaQ==
06-04 18:05:01.062 1994 2118 D UtilLog :
06-04 18:05:01.062 1994 2118 D UtilLog : key=rommodel
06-04 18:05:01.062 1994 2118 D UtilLog : values=DBBOX-A2
06-04 18:05:01.062 1994 2118 D UtilLog : DesValues=Cp0N6KH6T4JIJBzkJvj0FQ==
06-04 18:05:01.062 1994 2118 D UtilLog :
06-04 18:05:01.063 1994 2118 D UtilLog : key=cpuserial
06-04 18:05:01.063 1994 2118 D UtilLog : values=0000000000000000
06-04 18:05:01.063 1994 2118 D UtilLog : DesValues=nNQaqXf/biPbsaIvekQHd7yInvBfbZxz
06-04 18:05:01.063 1994 2118 D UtilLog :
06-04 18:05:01.063 1994 2118 D UtilLog : key=cpuimei
06-04 18:05:01.063 1994 2118 D UtilLog : values=armeabi-v7a
06-04 18:05:01.063 1994 2118 D UtilLog : DesValues=eB2sQ5wFJ4fV9rAgxgt0kQ==
06-04 18:05:01.063 1994 2118 D UtilLog :
06-04 18:05:01.063 1994 2118 D UtilLog : key=sn
06-04 18:05:01.067 1994 2118 D UtilLog : values=DZOH58251929088
06-04 18:05:01.067 1994 2118 D UtilLog : DesValues=DRq9pIo+PTznTckjOi2hMg==
06-04 18:05:01.067 1994 2118 D UtilLog :
06-04 18:05:01.067 1994 2118 D UtilLog : key=osversion
06-04 18:05:01.068 1994 2118 D UtilLog : values=12
06-04 18:05:01.068 1994 2118 D UtilLog : DesValues=z4Vde2HU9Lg=
06-04 18:05:01.068 1994 2118 D UtilLog :
06-04 18:05:01.068 1994 2118 D UtilLog : key=oscode
06-04 18:05:01.068 1994 2118 D UtilLog : values=31
06-04 18:05:01.068 1994 2118 D UtilLog : DesValues=uYf7cxwIekI=
06-04 18:05:01.068 1994 2118 D UtilLog :
06-04 18:05:01.068 1994 2118 D UtilLog : key=is_write
06-04 18:05:01.068 1994 2118 D UtilLog : values=0
06-04 18:05:01.068 1994 2118 D UtilLog : DesValues=fhgfj/J6fiI=
06-04 18:05:01.068 1994 2118 D UtilLog :
06-04 18:05:01.068 1994 2118 D UtilLog : key=romvername
06-04 18:05:01.069 1994 2118 D UtilLog : values=5.0.0.8
06-04 18:05:01.069 1994 2118 D UtilLog : DesValues=muoX0tisw7w=
06-04 18:05:01.069 1994 2118 D UtilLog :
06-04 18:05:01.069 1994 2118 D UtilLog : key=romvercode
06-04 18:05:01.069 1994 2118 D UtilLog : values=5008
06-04 18:05:01.069 1994 2118 D UtilLog : DesValues=dIYzsUzoVXg=
06-04 18:05:01.069 1994 2118 D UtilLog :
06-04 18:05:01.069 1994 2118 D UtilLog : key=bluetoothmac
06-04 18:05:01.069 1994 2118 D UtilLog : values=B4:2F:03:15:A3:36
06-04 18:05:01.069 1994 2118 D UtilLog : DesValues=GtiP38bn9GJ/YtwiMwRcSyDuRny5iZHd
06-04 18:05:01.069 1994 2118 D UtilLog :
06-04 18:05:01.069 1994 2118 D UtilLog : key=rommodelnumber
06-04 18:05:01.069 246 299 I netd : idletimerAddInterface(wlan0, 15, 1) <5.61ms>
06-04 18:05:01.070 1994 2118 D UtilLog : values=H5232
06-04 18:05:01.070 1994 2118 D UtilLog : DesValues=FkBqlkWzuas=
06-04 18:05:01.070 1994 2118 D UtilLog :
06-04 18:05:01.070 1994 2118 D UtilLog : key=userid
06-04 18:05:01.071 1994 2118 D UtilLog : values=-1
06-04 18:05:01.071 1994 2118 D UtilLog : DesValues=U8kqhGxUlIA=
06-04 18:05:01.071 1994 2118 D UtilLog :
06-04 18:05:01.071 1994 2118 D UtilLog : key=ip
06-04 18:05:01.072 1994 2118 D UtilLog : values=
06-04 18:05:01.072 1994 2118 D UtilLog : DesValues=gKen3SyYFuE=
06-04 18:05:01.072 1994 2118 D UtilLog :
06-04 18:05:01.073 246 299 I netd : setTcpRWmemorySize(524288 1048576 2097152, 262144 524288 1048576) <0.52ms>
06-04 18:05:01.075 756 2161 D NetworkMonitor/100: Validation disabled.
06-04 18:05:01.080 2125 2125 D TAG_AlarmReceiver: receive broadcast, curTime : 2025-06-04 18:05:01
06-04 18:05:01.080 2125 2125 D TAG_AlarmReceiver: ********receive system bootUp broadcast*********
06-04 18:05:01.084 2066 2066 D music_MusicApp: add mount callback: com.android.music.MediaPlaybackService@d236b8f
06-04 18:05:01.085 468 619 W BestClock: java.time.DateTimeException: Missing NTP fix
06-04 18:05:01.089 2066 2066 D music_MediaPlaybackSer: OnGetRoot: clientPackageName=com.android.bluetooth; clientUid=1002 ; rootHints=null
06-04 18:05:01.090 1490 1490 I AvrcpBrowsedPlayerWrapper: onConnected: com.android.music is connected
06-04 18:05:01.090 1490 1490 I AvrcpBrowsedPlayerWrapper: getFolderItems: Connected to browsable player: com.android.music
06-04 18:05:01.093 2066 2066 D music_MediaPlaybackSer: OnLoadChildren: parentMediaId=__ROOT__
06-04 18:05:01.094 2066 2066 D MusicProvider: retrieveMediaAsync called
06-04 18:05:01.105 468 497 D WifiMemoryStoreImpl: Set cluster G437fee6b8a72d437 for W4284846907ebce5b: SUCCESS
06-04 18:05:01.106 682 877 D LocalBluetoothProfileManager: Current Profiles[]
06-04 18:05:01.106 246 299 I netd : trafficSwapActiveStatsMap() <21.07ms>
06-04 18:05:01.114 246 299 I netd : tetherGetStats() -> {[]} <3.24ms>
06-04 18:05:01.124 468 619 W BestClock: java.time.DateTimeException: Missing NTP fix
06-04 18:05:01.126 682 877 D BluetoothMap: getConnectionState(E4:BB:D3:57:C0:7D)
06-04 18:05:01.133 1074 1160 D hq : NetWorkStateReceiver:::检查网络,并且持续更新 isConnect=true
06-04 18:05:01.133 1074 1160 E hq : NetWorkStateReceiver:::Network is available. isConnect=false 是否频次过快=false t=1749031501133
06-04 18:05:01.133 1074 1160 W eventbuscore: post Event:com.dangbei.leard.base.entity.event.NetStateEvent
06-04 18:05:01.135 1074 1356 D AppManager: requestBlackAndWhiteList
06-04 18:05:01.135 468 610 W BestClock: java.time.DateTimeException: Missing NTP fix
06-04 18:05:01.135 1074 1356 D AppListModel: requestAppFilterList: true , false
06-04 18:05:01.141 468 610 W BestClock: java.time.DateTimeException: Missing NTP fix
06-04 18:05:01.143 1490 1776 I bluetooth: system/bt/stack/gatt/connection_manager.cc:185 on_connection_complete: Le connection completed to device:e4:bb:d3:57:c0:7d
06-04 18:05:01.144 1490 1776 I bt_btm_ble: system/bt/stack/btm/btm_ble.cc:1699 btm_ble_connected: Updating device record timestamp for existing ble connection
06-04 18:05:01.145 1074 1074 E hq : listenerNet:::重新来网了 key=image_error isConnect=true
06-04 18:05:01.145 1074 1074 E hq : listenerNet:::重新来网了 key=requestAppWhiteList isConnect=true
06-04 18:05:01.149 1074 1160 D hq : NetWorkStateReceiver:::检查网络,并且持续更新 isConnect=true
06-04 18:05:01.150 468 749 D WifiMemoryStoreImpl: Set cluster G437fee6b8a72d437 for We17136959e69ffb0: SUCCESS
06-04 18:05:01.154 1074 1358 E DangXiaoBeiManager: setMessageList: true
06-04 18:05:01.156 1074 1358 E hq : 当小贝:::message list add complete data.messageList:[]
06-04 18:05:01.156 1074 1358 E hq : data.tabList=[]
06-04 18:05:01.156 1074 1358 I hq : 当小贝:::showMessage from=net_change
06-04 18:05:01.157 1074 1358 I hq : 当小贝:::showMessage 没有消息需要显示
06-04 18:05:01.161 1074 1074 E hq : listenerNet:::重新来网了 key=ConfigureInterface:Init isConnect=true
06-04 18:05:01.164 1074 1074 E hq : listenerNet:::重新来网了 key=requestGetMessageRemind isConnect=true
06-04 18:05:01.165 1074 1357 D yc_test : refreshWeather: null
06-04 18:05:01.165 1074 1074 E hq : listenerNet:::重新来网了 key=requestMessageConfig isConnect=true
06-04 18:05:01.168 1074 1074 E hq : listenerNet:::重新来网了 key=requestMessageDialog isConnect=true
06-04 18:05:01.168 1074 1074 E hq : listenerNet:::重新来网了 key=requestNetAppAdInfo isConnect=true
06-04 18:05:01.168 1074 1074 E hq : listenerNet:::重新来网了 key=sendInspectUpdate isConnect=true
06-04 18:05:01.170 1074 1355 D yc_test : refreshWeather: null
06-04 18:05:01.173 1490 1776 I bt_stack: [INFO:gatt_attr.cc(880)] gatt_sr_init_cl_status: bda=e4:bb:d3:57:c0:7d, cl_supp_feat=0000, aware=1
06-04 18:05:01.173 1490 1776 I bluetooth: system/bt/stack/gap/gap_ble.cc:298 client_connect_cback: No active GAP service found for peer:xx:xx:xx:xx:c0:7d callback:Connected
06-04 18:05:01.173 1490 1776 I bt_bta_gattc: system/bt/bta/gatt/bta_gattc_act.cc:1110 bta_gattc_conn_cback: Connected att_id:3 transport:le reason:GATT_CONN_OK
06-04 18:05:01.173 1490 1776 I bt_bta_gattc: system/bt/bta/gatt/bta_gattc_act.cc:1110 bta_gattc_conn_cback: Connected att_id:4 transport:le reason:GATT_CONN_OK
06-04 18:05:01.173 1490 1776 I bluetooth: system/bt/stack/gatt/connection_manager.cc:185 on_connection_complete: Le connection completed to device:e4:bb:d3:57:c0:7d
06-04 18:05:01.173 1490 1776 I bt_stack: [INFO:eatt_impl.h(634)] connect device e4:bb:d3:57:c0:7d rolecentral
06-04 18:05:01.174 1490 1776 E bt_stack: [ERROR:bta_gattc_act.cc(1310)] bta_gattc_process_indicate: indication/notif for unknown device, ignore
06-04 18:05:01.174 1490 1776 E bt_stack: [ERROR:bta_gattc_act.cc(1310)] bta_gattc_process_indicate: indication/notif for unknown device, ignore
06-04 18:05:01.174 1490 1776 W btm_acl : system/bt/stack/acl/btm_acl.cc:1605 BTM_ReadRemoteVersion: Remote version information is invalid
06-04 18:05:01.174 1490 1776 I bt_btif_dm: system/bt/btif/src/btif_dm.cc:497 btif_update_remote_version_property: Remote version info valid:false [xx:xx:xx:xx:c0:7d]: 0, 0, 0
06-04 18:05:01.180 756 871 D UpstreamNetworkMonitor: New default Internet network: 100
06-04 18:05:01.194 468 497 I ActivityManager: Finished processing BOOT_COMPLETED for u0
06-04 18:05:01.203 1490 2086 D BluetoothPbapService: getConnectionState: E4:BB:D3:57:C0:7D
06-04 18:05:01.205 2088 2088 I ContactsPerf: VoicemailContentProvider.onCreate start
06-04 18:05:01.209 468 497 D CompatibilityChangeReporter: Compat change id reported: 168419799; UID 10030; state: DISABLED
06-04 18:05:01.215 1490 1490 E BluetoothPhonePolicy: Received unexpected intent, action=android.bluetooth.device.action.ACL_CONNECTED
06-04 18:05:01.215 1490 1490 I BluetoothPhonePolicy: processDeviceConnected, device=E4:BB:D3:57:C0:7D
06-04 18:05:01.215 1490 1490 D BluetoothDatabase: setConnection: device=E4:BB:D3:57:C0:7D and isA2dpDevice=false
06-04 18:05:01.215 1490 1490 D BluetoothDatabase: Updating last connected time for device: E4:BB:D3:57:C0:7D to 0
06-04 18:05:01.215 1490 1490 D BluetoothDatabase: updateDatabase E4:BB:D3:57:C0:7D
06-04 18:05:01.224 468 746 I ActivityManager: Background started FGS: Allowed [callingPackage: com.dangbei.screencast; callingUid: 10030; uidState: RCVR; intent: Intent { act=com.dangbei.screencast.STARTUP pkg=com.dangbei.screencast }; code:SYSTEM_ALERT_WINDOW_PERMISSION; tempAllowListReason:; targetSdkVersion:28; callerTargetSdkVersion:28; startForegroundCount:0; bindFromPackage:null]
06-04 18:05:01.244 468 755 D NetworkTimeUpdateService: New default network 100; checking time.
06-04 18:05:01.256 1074 1226 E hq : WeatherRefresh:::请求网络地址后,更新的地理位置为:null
06-04 18:05:01.257 682 877 D LocalBluetoothProfileManager: New Profiles[HID]
06-04 18:05:01.263 1074 1357 E hq : WeatherRefresh:::请求网络地址后,更新的地理位置为:null
06-04 18:05:01.272 756 2033 W UnsafeUtil: platform method missing - proto runtime falling back to safer methods: java.lang.NoSuchMethodException: sun.misc.Unsafe.copyMemory [class java.lang.Object, long, class java.lang.Object, long, long]
06-04 18:05:01.283 1490 1776 I bt_stack: [INFO:eatt_impl.h(578)] supported_features_cb e4:bb:d3:57:c0:7d is_eatt_supported = 0
06-04 18:05:01.287 468 519 E BluetoothManagerService: Wait for STATE_OFF timeout
06-04 18:05:01.287 468 519 D BluetoothManagerService: Handle enable is finished
06-04 18:05:01.458 300 300 W audit : audit_lost=304 audit_rate_limit=5 audit_backlog_limit=64
06-04 18:05:01.475 300 300 E audit : rate limit exceeded
06-04 18:05:01.325 468 748 D CompatibilityChangeReporter: Compat change id reported: 168419799; UID 1000; state: DISABLED
06-04 18:05:01.328 1197 1197 D RockyVoice: RestartReceiver onReceive
06-04 18:05:01.345 468 751 W ActivityManager: Foreground service started from background can not have location/camera/microphone access: service com.dangbei.screencast/.startup.StartupService
06-04 18:05:01.345 468 814 D WifiMemoryStoreImpl: Set cluster G437fee6b8a72d437 for Wb9d3332410d5fc69: SUCCESS
06-04 18:05:01.346 468 519 D BluetoothManagerService: MESSAGE_ENABLE(0): mBluetooth = android.bluetooth.IBluetooth$Stub$Proxy@2580686
06-04 18:05:01.352 468 530 I ActivityManager: Deferring FGS notification in legacy app com.dangbei.screencast/u0a30 : Notification(channel=channel_record shortcut=null contentView=null vibrate=null sound=null defaults=0x0 flags=0x60 color=0x00000000 category=transport vis=PUBLIC)
06-04 18:05:01.353 468 610 W BestClock: java.time.DateTimeException: Missing NTP fix
06-04 18:05:01.361 2088 2088 I ContactsPerf: VoicemailContentProvider.onCreate finish
06-04 18:05:01.364 468 619 D ConnectivityService: Sending CONNECTED broadcast for type 1 [100 WIFI] isDefaultNetwork=true
06-04 18:05:01.365 468 619 W ContextImpl: Calling a method in the system process without a qualified user: android.app.ContextImpl.sendStickyBroadcast:1559 com.android.server.ConnectivityService.sendStickyBroadcast:2884 com.android.server.ConnectivityService.sendGeneralBroadcast:2859 com.android.server.ConnectivityService.sendConnectedBroadcast:2832 com.android.server.ConnectivityService.sendLegacyNetworkBroadcast:8784
06-04 18:05:01.375 1123 1123 D aaa : action:android.net.conn.CONNECTIVITY_CHANGE
06-04 18:05:01.377 682 877 D CachedBluetoothDevice: updating profiles for Dangbei
06-04 18:05:01.380 1197 1197 D RockyReceiver: action: android.net.conn.CONNECTIVITY_CHANGE
06-04 18:05:01.380 1074 1074 E hq : NetWorkStateReceiver:::NetWorkStateReceiver onReceive: 网络变化广播 >>>> intent.action=android.net.conn.CONNECTIVITY_CHANGE
06-04 18:05:01.382 468 610 W BestClock: java.time.DateTimeException: Missing NTP fix
06-04 18:05:01.385 468 610 W BestClock: java.time.DateTimeException: Missing NTP fix
06-04 18:05:01.389 1074 1074 E hq : NetWorkStateReceiver:::Network is available. isConnect=true 是否频次过快=true t=1749031501389
06-04 18:05:01.389 468 581 E ConnectivityService: Exception = android.content.pm.PackageManager$NameNotFoundException: android.net.cts
06-04 18:05:01.389 1074 1074 W eventbuscore: post Event:com.dangbei.leard.base.entity.event.NetChangeEvent
06-04 18:05:01.401 682 877 V CachedBluetoothDevice: Class: 1f00
06-04 18:05:01.401 682 877 V CachedBluetoothDevice: UUID:
06-04 18:05:01.401 682 877 V CachedBluetoothDevice: 00001812-0000-1000-8000-00805f9b34fb
06-04 18:05:01.407 1994 2188 I System.out: true
06-04 18:05:01.413 1490 1776 W bt_stack: [WARNING:bta_gattc_api.cc(659)] notification already registered
06-04 18:05:01.413 1490 1776 W bt_stack: [WARNING:bta_gattc_api.cc(659)] notification already registered
06-04 18:05:01.413 1490 1776 W bt_stack: [WARNING:bta_gattc_api.cc(659)] notification already registered
06-04 18:05:01.414 1490 1695 W bt_btif : system/bt/main/bte_logmsg.cc:194 LogMsg: btif_hh_upstreams_evt: BTA_HH_OPN_EVT: handle=16, status =0
06-04 18:05:01.414 1490 1695 W bt_btif : system/bt/main/bte_logmsg.cc:194 LogMsg: BTA_HH_OPEN_EVT: Found device...Getting dscp info for handle ... 16
06-04 18:05:01.414 1490 1695 I bt_btif_dm: system/bt/btif/src/btif_dm.cc:384 get_cod: get_cod remote_cod = 0x00001f00
06-04 18:05:01.414 1490 1695 I bt_btif_dm: system/bt/btif/src/btif_dm.cc:384 get_cod: get_cod remote_cod = 0x00001f00
06-04 18:05:01.414 1490 1695 W bt_btif : system/bt/main/bte_logmsg.cc:194 LogMsg: btif_hh_upstreams_evt: name = Dangbei
06-04 18:05:01.414 1490 1695 W bt_btif : system/bt/main/bte_logmsg.cc:194 LogMsg: bta_hh_co_send_hid_info: fd = 213, name = [Dangbei], dscp_len = 80
06-04 18:05:01.414 1490 1695 W bt_btif : system/bt/main/bte_logmsg.cc:194 LogMsg: bta_hh_co_send_hid_info: vendor_id = 0x000d, product_id = 0x3838, version= 0x0000,ctry_code=0x00
06-04 18:05:01.419 318 320 D XM_HIDREAD: add@ add@/devices/virtual/misc/uhid/0005:000D:3838.0003
06-04 18:05:01.602 33 33 I input : Dangbei as /devices/virtual/misc/uhid/0005:000D:3838.0003/input/input8
06-04 18:05:01.628 33 33 I input : Dangbei Consumer Control as /devices/virtual/misc/uhid/0005:000D:3838.0003/input/input10
06-04 18:05:01.424 318 320 D XM_HIDREAD: add@ add@/devices/virtual/misc/uhid/0005:000D:3838.0003/input/input8
06-04 18:05:01.429 468 619 W ContextImpl: Calling a method in the system process without a qualified user: android.app.ContextImpl.sendStickyBroadcast:1559 com.android.server.ConnectivityService.sendStickyBroadcast:2884 com.android.server.ConnectivityService.sendGeneralBroadcast:2859 com.android.server.ConnectivityService.sendConnectedBroadcast:2832 com.android.server.ConnectivityService.sendLegacyNetworkBroadcast:8784
06-04 18:05:01.436 1123 1123 D aaa : action:android.net.conn.CONNECTIVITY_CHANGE
06-04 18:05:01.444 468 610 W BestClock: java.time.DateTimeException: Missing NTP fix
06-04 18:05:01.448 468 610 W BestClock: java.time.DateTimeException: Missing NTP fix
06-04 18:05:01.453 468 619 D ConnectivityService: [100 WIFI] validation passed
06-04 18:05:01.456 1197 1197 I Receiver: 网络连接成功
06-04 18:05:01.457 1197 1197 D RockyReceiver: action: android.net.conn.CONNECTIVITY_CHANGE
06-04 18:05:01.457 1031 1031 D LanSocketServer: connect
06-04 18:05:01.458 468 581 E ConnectivityService: Exception = android.content.pm.PackageManager$NameNotFoundException: android.net.cts
06-04 18:05:01.464 318 320 D XM_HIDREAD: add@ add@/devices/virtual/misc/uhid/0005:000D:3838.0003/input/input8/event6
06-04 18:05:01.464 318 320 D XM_HIDREAD: add@ add@/devices/virtual/misc/uhid/0005:000D:3838.0003/input/input10
06-04 18:05:01.470 468 600 D EventHub: No input device configuration file found for device 'Dangbei'.
06-04 18:05:01.472 318 320 D XM_HIDREAD: add@ add@/devices/virtual/misc/uhid/0005:000D:3838.0003/input/input10/event7
06-04 18:05:01.478 318 320 D XM_HIDREAD: add@ add@/devices/virtual/misc/uhid/0005:000D:3838.0003/hidraw/hidraw2
06-04 18:05:01.478 318 320 D XM_HIDREAD: ready open:/dev/hidraw2
06-04 18:05:01.478 318 320 D XM_HIDREAD: open:/dev/hidraw2 resultFD:-1
06-04 18:05:01.478 318 320 E XM_HIDREAD: open hidraw error: No such file or directory, wait to retry...
06-04 18:05:01.482 468 600 I EventHub: usingClockIoctl=true
06-04 18:05:01.482 468 600 I EventHub: New device: id=7, fd=273, path='/dev/input/event6', name='Dangbei', classes=KEYBOARD | EXTERNAL, configuration='', keyLayout='/system/usr/keylayout/Vendor_000d_Product_3838.kl', keyCharacterMap='/system/usr/keychars/Generic.kcm', builtinKeyboard=false,
06-04 18:05:01.483 468 600 I InputReader: Device added: id=5, eventHubId=7, name='Dangbei', descriptor='5bf61da49c3f961ffea2e2e86eddd822e5631010',sources=0x00000101
06-04 18:05:01.483 1490 1490 D BluetoothAdapterService: isQuetModeEnabled() - Enabled = false
06-04 18:05:01.484 1490 1490 V BluetoothDatabase: getProfileConnectionPolicy: E4:BB:D3:57:C0:7D, profile=4, connectionPolicy = 100
06-04 18:05:01.485 1490 1695 W bt_btif : system/bt/main/bte_logmsg.cc:194 LogMsg: bta_hh_co_send_hid_info: wrote descriptor to fd = 213, dscp_len = 80, result = 0
06-04 18:05:01.485 1490 1695 W bt_stack: [WARNING:btif_hh.cc(397)] Device e4:bb:d3:57:c0:7d already added
06-04 18:05:01.485 1490 1695 W bt_btif : system/bt/main/bte_logmsg.cc:194 LogMsg: btif_hh_upstreams_evt: Device already added
06-04 18:05:01.491 1490 1776 I bt_stack: [INFO:gatt_sr.cc(815)] MTU request PDU with MTU size 247
06-04 18:05:01.491 468 600 D EventHub: No input device configuration file found for device 'Dangbei Consumer Control'.
06-04 18:05:01.491 1490 1776 W bt_stack: [WARNING:gatt_utils.cc(790)] Call back not found for application conn_id=3
06-04 18:05:01.491 1490 1776 W bt_stack: [WARNING:gatt_utils.cc(790)] Call back not found for application conn_id=4
06-04 18:05:01.493 1490 1490 D BluetoothHidHostService: Connection state E4:BB:D3:57:C0:7D: 0->2
06-04 18:05:01.656 33 33 I hid-generic 0005: 000D:3838.0003: input,hidraw2: BLUETOOTH HID v0.00 Keyboard [Dangbei] on
06-04 18:05:01.498 334 335 D DONGLE_SERVICE: check_smartctrl_hidraw_node, vid=13, pid =14392
06-04 18:05:01.498 334 335 E DONGLE_SERVICE: not supported: /dev/hidraw2
06-04 18:05:01.516 468 600 W EventHub: Unable to disable kernel key repeat for /dev/input/event7: Function not implemented
06-04 18:05:01.516 468 600 I EventHub: usingClockIoctl=true
06-04 18:05:01.516 468 600 I EventHub: New device: id=8, fd=363, path='/dev/input/event7', name='Dangbei Consumer Control', classes=KEYBOARD | JOYSTICK | EXTERNAL, configuration='', keyLayout='/system/usr/keylayout/Vendor_000d_Product_3838.kl', keyCharacterMap='/system/usr/keychars/Generic.kcm', builtinKeyboard=false,
06-04 18:05:01.516 468 600 I InputReader: Device added: id=5, eventHubId=8, name='Dangbei Consumer Control', descriptor='5bf61da49c3f961ffea2e2e86eddd822e5631010',sources=0x01000111
06-04 18:05:01.519 1197 1197 I Receiver: 网络连接成功
06-04 18:05:01.532 468 619 D ConnectivityService: Setting DNS servers for network 100 to [/202.96.134.133, /202.96.128.166]
06-04 18:05:01.532 468 619 D DnsManager: sendDnsConfigurationForNetwork(100, [202.96.134.133, 202.96.128.166], [], 1800, 25, 8, 64, 0, 0, , [202.96.134.133, 202.96.128.166])
06-04 18:05:01.533 246 299 I netd : DnsResolverService::setResolverConfiguration(100, [202.96.134.133, 202.96.128.166], [], 1800, 25, 8, 64, 0, 0, "", [202.96.134.133, 202.96.128.166]) -> (0) (0.4ms)
06-04 18:05:01.534 246 299 I netd : setResolverConfiguration(ResolverParamsParcel{netId: 100, sampleValiditySeconds: 1800, successThreshold: 25, minSamples: 8, maxSamples: 64, baseTimeoutMsec: 0, retryCount: 0, servers: [202.96.134.133, 202.96.128.166], domains: [], tlsName: , tlsServers: [202.96.134.133, 202.96.128.166], tlsFingerprints: [], caCertificate: , tlsConnectTimeoutMs: 0, resolverOptions: (null), transportTypes: [1]}) <0.75ms>
06-04 18:05:01.534 468 746 D CompatibilityChangeReporter: Compat change id reported: 149924527; UID 10043; state: ENABLED
06-04 18:05:01.541 1490 1490 D AdapterProperties: PROFILE_CONNECTION_STATE_CHANGE: profile=4, device=E4:BB:D3:57:C0:7D, 0 -> 2
06-04 18:05:01.541 1490 1490 W AdapterProperties: PROFILE_CONNECTION_STATE_CHANGE: unexpected transition for profile=4, device=E4:BB:D3:57:C0:7D, 0 -> 2
06-04 18:05:01.553 1490 1490 D AdapterProperties: ADAPTER_CONNECTION_STATE_CHANGE: E4:BB:D3:57:C0:7D: 0 -> 2
06-04 18:05:01.553 1490 1490 W AdapterProperties: ADAPTER_CONNECTION_STATE_CHANGE: unexpected transition for profile=4, device=E4:BB:D3:57:C0:7D, 0 -> 2
06-04 18:05:01.567 468 619 W ContextImpl: Calling a method in the system process without a qualified user: android.app.ContextImpl.sendStickyBroadcast:1559 com.android.server.ConnectivityService.sendStickyBroadcast:2884 com.android.server.ConnectivityService.sendGeneralBroadcast:2859 com.android.server.ConnectivityService.sendInetConditionBroadcast:2836 com.android.server.ConnectivityService.updateInetCondition:8529
06-04 18:05:01.576 468 581 D WifiMemoryStoreImpl: Set cluster G437fee6b8a72d437 for Wec67730d1005b2a7: SUCCESS
06-04 18:05:01.579 318 320 E XM_HIDREAD: trying to reopen hidraw: /dev/hidraw2
06-04 18:05:01.579 318 320 D XM_HIDREAD: ready open:/dev/hidraw2
06-04 18:05:01.579 318 320 D XM_HIDREAD: open:/dev/hidraw2 resultFD:10
06-04 18:05:01.579 318 320 D XM_HIDREAD: 1 ready ioctl hidrawFD 10
06-04 18:05:01.579 318 320 D XM_HIDREAD: 2 ready ioctl hidrawFD 10
06-04 18:05:01.579 318 320 D XM_HIDREAD: 3 ready ioctl hidrawFD 10
06-04 18:05:01.579 318 320 D XM_HIDREAD: 4 ready ioctl hidrawFD 10
06-04 18:05:01.579 318 320 D XM_HIDREAD: ioctl hidrawFD HIDIOCGRDESC ret 0
06-04 18:05:01.579 318 320 D XM_HIDREAD: dinfo.vendor:13,dinfo.product:14392
06-04 18:05:01.579 318 320 D XM_HIDREAD: m_pid:0x3838,m_vid:0x000d
06-04 18:05:01.579 318 320 D XM_HIDREAD: /dev/hidraw2 open succussfully!
06-04 18:05:01.579 318 320 D XM_HIDREAD: add@ add@/devices/virtual/wakeup/wakeup30
06-04 18:05:01.579 318 320 D XM_HIDREAD: add@ add@/devices/virtual/wakeup/wakeup31
06-04 18:05:01.583 468 468 W Looper : Slow dispatch took 124ms main h=com.android.server.job.JobSchedulerService$JobHandler c=null m=1
06-04 18:05:01.587 1883 1883 I RemoteProvisioningService: Starting provisioning job
06-04 18:05:01.594 468 581 D CountryDetector: The first listener is added
06-04 18:05:01.602 1074 1357 D AppListModel: requestAppFilterList: success
06-04 18:05:01.603 1074 1357 D AppListModel: updateList
06-04 18:05:01.605 468 581 D CompatibilityChangeReporter: Compat change id reported: 132649864; UID 10043; state: DISABLED
06-04 18:05:01.608 2088 2088 I ContactsDatabaseHelper: updateUseStrictPhoneNumberComparison: CN
06-04 18:05:01.617 1074 1357 D AppListModel: updateList: resetAppList
06-04 18:05:01.643 468 2185 D WifiMemoryStoreImpl: Set cluster G437fee6b8a72d437 for W1ae46cca452c3873: SUCCESS
06-04 18:05:01.660 682 682 I SharedPreferenc: type=1400 audit(0.0:723): avc: denied { search } for name="com.android.systemui" dev="mmcblk0p25" ino=486 scontext=u:r:platform_app:s0:c512,c768 tcontext=u:object_r:app_data_file:s0:c512,c768 tclass=dir permissive=1 app=com.softwinner.screenshot
06-04 18:05:01.653 1853 1866 I id.providers.t: Background young concurrent copying GC freed 12137(668KB) AllocSpace objects, 4(144KB) LOS objects, 88% free, 3060KB/26MB, paused 177us total 518.141ms
06-04 18:05:01.660 1411 1411 E raop : *********************AirplayBroadcastServer+++++++++
06-04 18:05:01.687 468 581 D CompatibilityChangeReporter: Compat change id reported: 182734110; UID 10043; state: DISABLED
06-04 18:05:01.696 1922 1922 I pool-2-thread-2: type=1400 audit(0.0:724): avc: denied { lock } for path="/data/user/0/com.android.statementservice/no_backup/androidx.work.workdb-shm" dev="mmcblk0p25" ino=2148 scontext=u:r:platform_app:s0:c512,c768 tcontext=u:object_r:app_data_file:s0:c512,c768 tclass=file permissive=1 app=com.android.statementservice
06-04 18:05:01.704 1922 1940 I WM-WorkerWrapper: Worker result SUCCESS for Work [ id=4ccfa3bd-3322-4488-a1b1-ee000fe46a57, tags={ com.android.statementservice.domain.worker.RetryRequestWorker } ]
06-04 18:05:01.711 468 622 D NsdService: New client listening to asynchronous messages
06-04 18:05:01.712 468 622 D NsdService: New client, channel: com.android.internal.util.AsyncChannel@e41e825 messenger: android.os.Messenger@8694dfa
06-04 18:05:01.714 1411 1411 D CompatibilityChangeReporter: Compat change id reported: 191844585; UID 10030; state: DISABLED
06-04 18:05:01.722 1074 1304 E hq : ErrorCoroutineExceptionHandler:::runTry error:com.dangbei.leard.base.proider.error.EmptyApiException: 数据为空 from=requestMessageDialog from=requestMessageDialog
06-04 18:05:01.723 468 519 W IorapForwardingService: No service published for: iorapd
06-04 18:05:01.724 1074 1356 E hq : WeatherRefresh:::请求网络地址后,更新的地理位置为:101280601
06-04 18:05:01.743 318 2204 D XM_HIDREAD: poll ret=1, event=1
06-04 18:05:01.743 318 2204 D XM_HIDREAD: [9 bytes]:01 00 00 50 00 00 00 00 00
06-04 18:05:01.743 468 600 D TvWindowManager: key event key = KEYCODE_DPAD_LEFT down = true
06-04 18:05:01.745 468 600 W SoundPool: Use of stream types is deprecated for operations other than volume control
06-04 18:05:01.745 468 600 W SoundPool: See the documentation of SoundPool() for what to use instead with android.media.AudioAttributes to qualify your playback use case
06-04 18:05:01.749 468 599 D GpioService: mFlickerEnable = true
06-04 18:05:01.760 1031 1031 W System.err: SLF4J: Failed to load class "org.slf4j.impl.StaticLoggerBinder".
06-04 18:05:01.761 1031 1031 W System.err: SLF4J: Defaulting to no-operation (NOP) logger implementation
06-04 18:05:01.761 1031 1031 W System.err: SLF4J: See http://www.slf4j.org/codes.html#StaticLoggerBinder for further details.
06-04 18:05:01.763 682 877 D CachedBluetoothDevice: onProfileStateChanged: profile HID, device Dangbei, newProfileState 2
06-04 18:05:01.764 1031 1031 D LanSocketServer: connect /192.168.3.22:6689
06-04 18:05:01.765 1031 1031 D LanSocketServer: connect start
06-04 18:05:01.765 1031 1031 E LanCommander: onNetWorkChanged: true
06-04 18:05:01.784 1074 1356 E hq : WeatherRefresh:::请求网络地址后,更新的地理位置为:101280601
06-04 18:05:01.784 1994 1994 I ProcessingThrea: type=1400 audit(0.0:725): avc: denied { read } for name="/" dev="dm-0" ino=2 scontext=u:r:system_app:s0 tcontext=u:object_r:rootfs:s0 tclass=dir permissive=1
06-04 18:05:01.784 1994 1994 I ProcessingThrea: type=1400 audit(0.0:726): avc: denied { open } for path="/" dev="dm-0" ino=2 scontext=u:r:system_app:s0 tcontext=u:object_r:rootfs:s0 tclass=dir permissive=1
06-04 18:05:01.788 1994 1994 I ProcessingThrea: type=1400 audit(0.0:727): avc: denied { read } for name="sdcard" dev="tmpfs" ino=4412 scontext=u:r:system_app:s0 tcontext=u:object_r:mnt_sdcard_file:s0 tclass=lnk_file permissive=1
06-04 18:05:01.812 1031 1031 E LanCommander: onNetWorkChanged: true
06-04 18:05:01.816 468 2221 D MediaCodecList: codecHandlesFormat: no format, so no extra checks
06-04 18:05:01.819 318 2204 D XM_HIDREAD: poll ret=1, event=1
06-04 18:05:01.819 318 2204 D XM_HIDREAD: [9 bytes]:01 00 00 00 00 00 00 00 00
06-04 18:05:01.819 468 600 D TvWindowManager: key event key = KEYCODE_DPAD_LEFT down = false
06-04 18:05:01.823 468 2220 D MediaCodecList: codecHandlesFormat: no format, so no extra checks
06-04 18:05:01.827 1031 2222 E LanCommander: onServerCreatedSuccess 192.168.3.22:6689
06-04 18:05:01.833 468 2225 D CCodec : allocate(c2.android.vorbis.decoder)
06-04 18:05:01.835 389 875 V C2Store : in init
06-04 18:05:01.835 389 875 V C2Store : loading dll
06-04 18:05:01.839 468 2224 D CCodec : allocate(c2.android.vorbis.decoder)
06-04 18:05:01.841 468 2225 I CCodec : Created component [c2.android.vorbis.decoder]
06-04 18:05:01.843 468 2225 D CCodecConfig: read media type: audio/vorbis
06-04 18:05:01.847 2088 2186 W d.process.acor: Long monitor contention with owner Worker-1 (2180) at android.database.sqlite.SQLiteDatabase android.database.sqlite.SQLiteOpenHelper.getReadableDatabase()(SQLiteOpenHelper.java:340) waiters=0 in android.database.sqlite.SQLiteDatabase android.database.sqlite.SQLiteOpenHelper.getReadableDatabase() for 461ms
06-04 18:05:01.856 468 2224 I CCodec : Created component [c2.android.vorbis.decoder]
06-04 18:05:01.857 468 2224 D CCodecConfig: read media type: audio/vorbis
06-04 18:05:01.866 1074 1356 E hq : 当小贝:::message list add complete data.messageList:[]
06-04 18:05:01.866 1074 1356 E hq : data.tabList=[]
06-04 18:05:01.866 1074 1356 I hq : 当小贝:::showMessage from=requestGetMessageRemind
06-04 18:05:01.867 1074 1304 I hq : 当小贝:::showMessage 没有消息需要显示
06-04 18:05:01.882 468 2225 D ReflectedParamUpdater: extent() != 1 for single value type: algo.buffers.max-count.values
06-04 18:05:01.883 468 2224 D ReflectedParamUpdater: extent() != 1 for single value type: algo.buffers.max-count.values
06-04 18:05:01.883 468 2225 D ReflectedParamUpdater: extent() != 1 for single value type: output.subscribed-indices.values
06-04 18:05:01.883 468 2225 D ReflectedParamUpdater: extent() != 1 for single value type: input.buffers.allocator-ids.values
06-04 18:05:01.883 468 2224 D ReflectedParamUpdater: extent() != 1 for single value type: output.subscribed-indices.values
06-04 18:05:01.883 468 2224 D ReflectedParamUpdater: extent() != 1 for single value type: input.buffers.allocator-ids.values
06-04 18:05:01.884 468 2224 D ReflectedParamUpdater: extent() != 1 for single value type: output.buffers.allocator-ids.values
06-04 18:05:01.884 468 2224 D ReflectedParamUpdater: extent() != 1 for single value type: algo.buffers.allocator-ids.values
06-04 18:05:01.884 468 2224 D ReflectedParamUpdater: extent() != 1 for single value type: output.buffers.pool-ids.values
06-04 18:05:01.884 468 2225 D ReflectedParamUpdater: extent() != 1 for single value type: output.buffers.allocator-ids.values
06-04 18:05:01.884 468 2224 D ReflectedParamUpdater: extent() != 1 for single value type: algo.buffers.pool-ids.values
06-04 18:05:01.884 468 2225 D ReflectedParamUpdater: extent() != 1 for single value type: algo.buffers.allocator-ids.values
06-04 18:05:01.884 468 2225 D ReflectedParamUpdater: extent() != 1 for single value type: output.buffers.pool-ids.values
06-04 18:05:01.885 468 2225 D ReflectedParamUpdater: extent() != 1 for single value type: algo.buffers.pool-ids.values
06-04 18:05:01.892 468 2224 I CCodecConfig: query failed after returning 7 values (BAD_INDEX)
06-04 18:05:01.892 468 2225 I CCodecConfig: query failed after returning 7 values (BAD_INDEX)
06-04 18:05:01.892 468 2225 D CCodecConfig: c2 config diff is Dict {
06-04 18:05:01.892 468 2225 D CCodecConfig: c2::u32 coded.bitrate.value = 64000
06-04 18:05:01.892 468 2225 D CCodecConfig: c2::u32 input.buffers.max-size.value = 32768
06-04 18:05:01.892 468 2225 D CCodecConfig: c2::u32 input.delay.value = 0
06-04 18:05:01.892 468 2225 D CCodecConfig: string input.media-type.value = "audio/vorbis"
06-04 18:05:01.892 468 2225 D CCodecConfig: string output.media-type.value = "audio/raw"
06-04 18:05:01.892 468 2225 D CCodecConfig: c2::u32 raw.channel-count.value = 1
06-04 18:05:01.892 468 2225 D CCodecConfig: c2::u32 raw.sample-rate.value = 48000
06-04 18:05:01.892 468 2225 D CCodecConfig: }
06-04 18:05:01.892 468 2224 D CCodecConfig: c2 config diff is Dict {
06-04 18:05:01.892 468 2224 D CCodecConfig: c2::u32 coded.bitrate.value = 64000
06-04 18:05:01.892 468 2224 D CCodecConfig: c2::u32 input.buffers.max-size.value = 32768
06-04 18:05:01.892 468 2224 D CCodecConfig: c2::u32 input.delay.value = 0
06-04 18:05:01.892 468 2224 D CCodecConfig: string input.media-type.value = "audio/vorbis"
06-04 18:05:01.892 468 2224 D CCodecConfig: string output.media-type.value = "audio/raw"
06-04 18:05:01.892 468 2224 D CCodecConfig: c2::u32 raw.channel-count.value = 1
06-04 18:05:01.892 468 2224 D CCodecConfig: c2::u32 raw.sample-rate.value = 48000
06-04 18:05:01.892 468 2224 D CCodecConfig: }
06-04 18:05:01.894 468 2224 D CCodec : [c2.android.vorbis.decoder] buffers are bound to CCodec for this session
06-04 18:05:01.894 468 2224 D CCodecConfig: no c2 equivalents for durationUs
06-04 18:05:01.894 468 2224 D CCodecConfig: no c2 equivalents for track-id
06-04 18:05:01.894 468 2224 D CCodecConfig: no c2 equivalents for csd-1
06-04 18:05:01.894 468 2224 D CCodecConfig: no c2 equivalents for channel-mask
06-04 18:05:01.894 468 2224 D CCodecConfig: no c2 equivalents for flags
06-04 18:05:01.896 468 2224 D CCodecConfig: c2 config diff is c2::u32 coded.bitrate.value = 112000
06-04 18:05:01.896 468 2224 D CCodecConfig: c2::u32 raw.channel-count.value = 2
06-04 18:05:01.896 468 2224 D CCodecConfig: c2::u32 raw.sample-rate.value = 44100
06-04 18:05:01.896 468 2225 D CCodec : [c2.android.vorbis.decoder] buffers are bound to CCodec for this session
06-04 18:05:01.896 468 2225 D CCodecConfig: no c2 equivalents for durationUs
06-04 18:05:01.896 468 2225 D CCodecConfig: no c2 equivalents for track-id
06-04 18:05:01.896 468 2225 D CCodecConfig: no c2 equivalents for csd-1
06-04 18:05:01.896 468 2225 D CCodecConfig: no c2 equivalents for channel-mask
06-04 18:05:01.896 468 2225 D CCodecConfig: no c2 equivalents for flags
06-04 18:05:01.897 468 2224 W Codec2Client: query -- param skipped: index = 1107298332.
06-04 18:05:01.897 468 2224 D CCodec : setup formats input: AMessage(what = 0x00000000) = {
06-04 18:05:01.897 468 2224 D CCodec : int32_t bitrate = 112000
06-04 18:05:01.897 468 2224 D CCodec : int32_t channel-count = 2
06-04 18:05:01.897 468 2224 D CCodec : int32_t max-input-size = 32768
06-04 18:05:01.897 468 2224 D CCodec : string mime = "audio/vorbis"
06-04 18:05:01.897 468 2224 D CCodec : int32_t sample-rate = 44100
06-04 18:05:01.897 468 2224 D CCodec : }
06-04 18:05:01.897 468 2224 D CCodec : setup formats output: AMessage(what = 0x00000000) = {
06-04 18:05:01.897 468 2224 D CCodec : int32_t channel-count = 2
06-04 18:05:01.897 468 2224 D CCodec : string mime = "audio/raw"
06-04 18:05:01.897 468 2224 D CCodec : int32_t sample-rate = 44100
06-04 18:05:01.897 468 2224 D CCodec : int32_t channel-mask = 3
06-04 18:05:01.897 468 2224 D CCodec : }
06-04 18:05:01.898 468 2224 I CCodecConfig: query failed after returning 7 values (BAD_INDEX)
06-04 18:05:01.898 468 2225 D CCodecConfig: c2 config diff is c2::u32 coded.bitrate.value = 112000
06-04 18:05:01.898 468 2225 D CCodecConfig: c2::u32 raw.channel-count.value = 2
06-04 18:05:01.898 468 2225 D CCodecConfig: c2::u32 raw.sample-rate.value = 44100
06-04 18:05:01.901 468 2225 W Codec2Client: query -- param skipped: index = 1107298332.
06-04 18:05:01.901 468 2225 D CCodec : setup formats input: AMessage(what = 0x00000000) = {
06-04 18:05:01.901 468 2225 D CCodec : int32_t bitrate = 112000
06-04 18:05:01.901 468 2225 D CCodec : int32_t channel-count = 2
06-04 18:05:01.901 468 2225 D CCodec : int32_t max-input-size = 32768
06-04 18:05:01.901 468 2225 D CCodec : string mime = "audio/vorbis"
06-04 18:05:01.901 468 2225 D CCodec : int32_t sample-rate = 44100
06-04 18:05:01.901 468 2225 D CCodec : }
06-04 18:05:01.901 468 2225 D CCodec : setup formats output: AMessage(what = 0x00000000) = {
06-04 18:05:01.901 468 2225 D CCodec : int32_t channel-count = 2
06-04 18:05:01.901 468 2225 D CCodec : string mime = "audio/raw"
06-04 18:05:01.901 468 2225 D CCodec : int32_t sample-rate = 44100
06-04 18:05:01.901 468 2225 D CCodec : int32_t channel-mask = 3
06-04 18:05:01.901 468 2225 D CCodec : }
06-04 18:05:01.901 468 2225 I CCodecConfig: query failed after returning 7 values (BAD_INDEX)
06-04 18:05:01.902 468 2225 W Codec2Client: query -- param skipped: index = 1342179345.
06-04 18:05:01.902 468 2225 W Codec2Client: query -- param skipped: index = 2415921170.
06-04 18:05:01.905 389 815 D BufferPoolAccessor2.0: bufferpool2 0xf62a2dd8 : 0(0 size) total buffers - 0(0 size) used buffers - 134/145 (recycle/alloc) - 11/144 (fetch/transfer)
06-04 18:05:01.905 389 815 D BufferPoolAccessor2.0: Destruction - bufferpool2 0xf62a2dd8 cached: 0/0M, 0/0% in use; allocs: 145, 92% recycled; transfers: 144, 92% unfetched
06-04 18:05:01.906 468 2225 D CCodecBufferChannel: [c2.android.vorbis.decoder#670] Created input block pool with allocatorID 16 => poolID 23 - OK (0)
06-04 18:05:01.906 389 815 D BufferPoolAccessor2.0: bufferpool2 0xf62a3198 : 0(0 size) total buffers - 0(0 size) used buffers - 136/145 (recycle/alloc) - 9/144 (fetch/transfer)
06-04 18:05:01.906 389 2236 D BufferPoolAccessor2.0: bufferpool2 0xf62a41d8 : 0(0 size) total buffers - 0(0 size) used buffers - 18/21 (recycle/alloc) - 3/20 (fetch/transfer)
06-04 18:05:01.906 389 2236 D BufferPoolAccessor2.0: Destruction - bufferpool2 0xf62a41d8 cached: 0/0M, 0/0% in use; allocs: 21, 86% recycled; transfers: 20, 85% unfetched
06-04 18:05:01.906 468 2224 W Codec2Client: query -- param skipped: index = 1342179345.
06-04 18:05:01.906 468 2224 W Codec2Client: query -- param skipped: index = 2415921170.
06-04 18:05:01.907 389 2236 D BufferPoolAccessor2.0: bufferpool2 0xf62a3418 : 0(0 size) total buffers - 0(0 size) used buffers - 30/36 (recycle/alloc) - 7/35 (fetch/transfer)
06-04 18:05:01.907 389 2236 D BufferPoolAccessor2.0: Destruction - bufferpool2 0xf62a3418 cached: 0/0M, 0/0% in use; allocs: 36, 83% recycled; transfers: 35, 80% unfetched
06-04 18:05:01.907 389 2236 D BufferPoolAccessor2.0: bufferpool2 0xf62a4458 : 0(0 size) total buffers - 0(0 size) used buffers - 28/32 (recycle/alloc) - 4/31 (fetch/transfer)
06-04 18:05:01.907 389 2236 D BufferPoolAccessor2.0: Destruction - bufferpool2 0xf62a4458 cached: 0/0M, 0/0% in use; allocs: 32, 88% recycled; transfers: 31, 87% unfetched
06-04 18:05:01.907 468 2224 D CCodecBufferChannel: [c2.android.vorbis.decoder#726] Created input block pool with allocatorID 16 => poolID 24 - OK (0)
06-04 18:05:01.908 468 809 D BufferPoolAccessor2.0: bufferpool2 0xe513f358 : 0(0 size) total buffers - 0(0 size) used buffers - 2/7 (recycle/alloc) - 13/294 (fetch/transfer)
