06-04 18:04:40.826 252 252 W audio_route: Control 'ADCR Mux' doesn't exist - skipping
06-04 18:04:40.826 252 252 W audio_route: Control 'AIF1 AD0L Mixer ADCL Switch' doesn't exist - skipping
06-04 18:04:40.826 252 252 W audio_route: Control 'AIF1 AD0R Mixer ADCR Switch' doesn't exist - skipping
06-04 18:04:40.826 252 252 W audio_route: Control 'AIF1OUT0L Mux' doesn't exist - skipping
06-04 18:04:40.826 252 252 W audio_route: Control 'AIF1OUT0R Mux' doesn't exist - skipping
06-04 18:04:40.826 252 252 W audio_route: Control 'AIF2 ADC volume' doesn't exist - skipping
06-04 18:04:40.826 252 252 W audio_route: Control 'LEFT ADC input Mixer MIC1 boost Switch' doesn't exist - skipping
06-04 18:04:40.826 252 252 W audio_route: Control 'ADCL Mux' doesn't exist - skipping
06-04 18:04:40.826 252 252 W audio_route: Control 'AIF2 ADL Mixer ADCL Switch' doesn't exist - skipping
06-04 18:04:40.826 252 252 W audio_route: Control 'AIF2OUTL Mux' doesn't exist - skipping
06-04 18:04:40.826 252 252 W audio_route: Control 'AIF2INL Mux' doesn't exist - skipping
06-04 18:04:40.826 252 252 W audio_route: Control 'AIF2INL Mux switch aif2inl aif2Switch' doesn't exist - skipping
06-04 18:04:40.826 252 252 W audio_route: Control 'DACL Mixer AIF2DACL Switch' doesn't exist - skipping
06-04 18:04:40.826 252 252 W audio_route: Control 'Right Output Mixer DACL Switch' doesn't exist - skipping
06-04 18:04:40.826 252 252 W audio_route: Control 'Left Output Mixer DACL Switch' doesn't exist - skipping
06-04 18:04:40.827 252 252 W audio_route: Control 'SPK_L Mux' doesn't exist - skipping
06-04 18:04:40.827 252 252 W audio_route: Control 'SPK_R Mux' doesn't exist - skipping
06-04 18:04:40.827 252 252 W audio_route: Control 'External Speaker Switch' doesn't exist - skipping
06-04 18:04:40.827 252 252 W audio_route: Control 'AIF2 ADC volume' doesn't exist - skipping
06-04 18:04:40.827 252 252 W audio_route: Control 'MIC2 SRC' doesn't exist - skipping
06-04 18:04:40.827 252 252 W audio_route: Control 'LEFT ADC input Mixer MIC2 boost Switch' doesn't exist - skipping
06-04 18:04:40.827 252 252 W audio_route: Control 'ADCL Mux' doesn't exist - skipping
06-04 18:04:40.827 252 252 W audio_route: Control 'AIF2 ADL Mixer ADCL Switch' doesn't exist - skipping
06-04 18:04:40.827 252 252 W audio_route: Control 'AIF2OUTL Mux' doesn't exist - skipping
06-04 18:04:40.827 252 252 W audio_route: Control 'AIF2INL Mux' doesn't exist - skipping
06-04 18:04:40.827 252 252 W audio_route: Control 'AIF2INL Mux switch aif2inl aif2Switch' doesn't exist - skipping
06-04 18:04:40.827 252 252 W audio_route: Control 'DACL Mixer AIF2DACL Switch' doesn't exist - skipping
06-04 18:04:40.827 252 252 W audio_route: Control 'Left Output Mixer DACL Switch' doesn't exist - skipping
06-04 18:04:40.827 252 252 W audio_route: Control 'Right Output Mixer DACL Switch' doesn't exist - skipping
06-04 18:04:40.827 252 252 W audio_route: Control 'HP_L Mux' doesn't exist - skipping
06-04 18:04:40.827 252 252 W audio_route: Control 'HP_R Mux' doesn't exist - skipping
06-04 18:04:40.828 252 252 W audio_route: Control 'Headphone Switch' doesn't exist - skipping
06-04 18:04:40.828 252 252 W audio_route: Control 'AIF2 ADC volume' doesn't exist - skipping
06-04 18:04:40.828 252 252 W audio_route: Control 'LEFT ADC input Mixer MIC1 boost Switch' doesn't exist - skipping
06-04 18:04:40.828 252 252 W audio_route: Control 'ADCL Mux' doesn't exist - skipping
06-04 18:04:40.828 252 252 W audio_route: Control 'AIF2 ADL Mixer ADCL Switch' doesn't exist - skipping
06-04 18:04:40.828 252 252 W audio_route: Control 'AIF2OUTL Mux' doesn't exist - skipping
06-04 18:04:40.828 252 252 W audio_route: Control 'AIF2INL Mux' doesn't exist - skipping
06-04 18:04:40.828 252 252 W audio_route: Control 'AIF2INL Mux switch aif2inl aif2Switch' doesn't exist - skipping
06-04 18:04:40.828 252 252 W audio_route: Control 'DACL Mixer AIF2DACL Switch' doesn't exist - skipping
06-04 18:04:40.828 252 252 W audio_route: Control 'Left Output Mixer DACL Switch' doesn't exist - skipping
06-04 18:04:40.828 252 252 W audio_route: Control 'Right Output Mixer DACL Switch' doesn't exist - skipping
06-04 18:04:40.828 252 252 W audio_route: Control 'HP_L Mux' doesn't exist - skipping
06-04 18:04:40.828 252 252 W audio_route: Control 'HP_R Mux' doesn't exist - skipping
06-04 18:04:40.828 252 252 W audio_route: Control 'Headphone Switch' doesn't exist - skipping
06-04 18:04:40.828 252 252 W audio_route: Control 'AIF2INL Mux' doesn't exist - skipping
06-04 18:04:40.829 252 252 W audio_route: Control 'AIF2INL Mux switch aif2inl aif2Switch' doesn't exist - skipping
06-04 18:04:40.829 252 252 W audio_route: Control 'AIF2 ADR Mixer AIF2 DACL Switch' doesn't exist - skipping
06-04 18:04:40.829 252 252 W audio_route: Control 'AIF3OUT Mux' doesn't exist - skipping
06-04 18:04:40.829 252 252 W audio_route: Control 'AIF2INR Mux VIR switch aif2inr aif3Switch' doesn't exist - skipping
06-04 18:04:40.829 252 252 W audio_route: Control 'AIF2 ADL Mixer AIF2 DACR Switch' doesn't exist - skipping
06-04 18:04:40.829 252 252 W audio_route: Control 'AIF2OUTL Mux' doesn't exist - skipping
06-04 18:04:40.829 252 252 W audio_route: Control 'AIF2 ADC volume' doesn't exist - skipping
06-04 18:04:40.829 252 252 W audio_route: Control 'LEFT ADC input Mixer MIC1 boost Switch' doesn't exist - skipping
06-04 18:04:40.829 252 252 W audio_route: Control 'ADCL Mux' doesn't exist - skipping
06-04 18:04:40.829 252 252 W audio_route: Control 'AIF2 ADL Mixer ADCL Switch' doesn't exist - skipping
06-04 18:04:40.829 252 252 W audio_route: Control 'AIF2OUTL Mux' doesn't exist - skipping
06-04 18:04:40.829 252 252 W audio_route: Control 'AIF2INL Mux' doesn't exist - skipping
06-04 18:04:40.829 252 252 W audio_route: Control 'AIF2INL Mux switch aif2inl aif2Switch' doesn't exist - skipping
06-04 18:04:40.829 252 252 W audio_route: Control 'DACL Mixer AIF2DACL Switch' doesn't exist - skipping
06-04 18:04:40.829 252 252 W audio_route: Control 'EAR Mux' doesn't exist - skipping
06-04 18:04:40.829 252 252 W audio_route: Control 'Earpiece Switch' doesn't exist - skipping
06-04 18:04:40.829 252 252 W audio_route: Control 'AIF1 AD0L Mixer ADCL Switch' doesn't exist - skipping
06-04 18:04:40.829 252 252 W audio_route: Control 'AIF1 AD0L Mixer AIF2 DACL Switch' doesn't exist - skipping
06-04 18:04:40.830 252 252 W audio_route: Control 'AIF1OUT0L Mux' doesn't exist - skipping
06-04 18:04:40.830 252 252 W audio_route: Control 'AIF1 AD0L Mixer ADCL Switch' doesn't exist - skipping
06-04 18:04:40.830 252 252 W audio_route: Control 'AIF1 AD0L Mixer AIF2 DACL Switch' doesn't exist - skipping
06-04 18:04:40.830 252 252 W audio_route: Control 'AIF1OUT0L Mux' doesn't exist - skipping
06-04 18:04:40.830 252 252 W audio_route: Control 'AIF1 AD0L Mixer AIF2 DACL Switch' doesn't exist - skipping
06-04 18:04:40.830 252 252 W audio_route: Control 'AIF1 AD0L Mixer AIF2 DACR Switch' doesn't exist - skipping
06-04 18:04:40.830 252 252 W audio_route: Control 'AIF1OUT0L Mux' doesn't exist - skipping
06-04 18:04:40.831 252 252 W audio_route: Control 'Line Out Mixer MIC1 boost Switch' doesn't exist - skipping
06-04 18:04:40.831 252 252 W audio_route: Control 'MIC2 SRC' doesn't exist - skipping
06-04 18:04:40.831 252 252 W audio_route: Control 'Line Out Mixer MIC2 boost Switch' doesn't exist - skipping
06-04 18:04:40.831 252 252 W audio_route: Control 'Left Output Mixer LINEINL-LINEINR Switch' doesn't exist - skipping
06-04 18:04:40.831 252 252 W audio_route: Control 'Right Output Mixer LINEINL-LINEINR Switch' doesn't exist - skipping
06-04 18:04:40.831 252 252 W audio_route: Control 'EAR Mux' doesn't exist - skipping
06-04 18:04:40.831 252 252 W audio_route: Control 'External Speaker Switch' doesn't exist - skipping
06-04 18:04:40.831 252 252 W audio_route: Control 'Headphone Switch' doesn't exist - skipping
06-04 18:04:40.831 252 252 W audio_route: Control 'Headphone Switch' doesn't exist - skipping
06-04 18:04:40.831 252 252 W audio_route: Control 'Earpiece Switch' doesn't exist - skipping
06-04 18:04:40.831 252 252 W audio_route: Control 'LEFT ADC input Mixer LININL-R Switch' doesn't exist - skipping
06-04 18:04:40.831 252 252 W audio_route: Control 'ADCL Mux' doesn't exist - skipping
06-04 18:04:40.832 252 252 W audio_route: Control 'AIF2 ADL Mixer ADCL Switch' doesn't exist - skipping
06-04 18:04:40.832 252 252 W audio_route: Control 'AIF3OUT Mux' doesn't exist - skipping
06-04 18:04:40.832 252 252 W audio_route: Control 'AIF2INL Mux switch aif2inl aif2Switch' doesn't exist - skipping
06-04 18:04:40.832 252 252 W audio_route: Control 'AIF2INR Mux VIR switch aif2inr aif3Switch' doesn't exist - skipping
06-04 18:04:40.832 252 252 W audio_route: Control 'DACR Mixer AIF2DACR Switch' doesn't exist - skipping
06-04 18:04:40.832 252 252 W audio_route: Control 'Right Output Mixer DACR Switch' doesn't exist - skipping
06-04 18:04:40.832 252 252 W audio_route: Control 'Line Out Mixer Right Output mixer Switch' doesn't exist - skipping
06-04 18:04:40.832 252 252 W audio_route: Control 'AIF1OUT0L Mux' doesn't exist - skipping
06-04 18:04:40.832 252 252 W audio_route: Control 'AIF1 AD0L Mixer ADCL Switch' doesn't exist - skipping
06-04 18:04:40.832 252 252 W audio_route: Control 'ADCL Mux' doesn't exist - skipping
06-04 18:04:40.832 252 252 W audio_route: Control 'LEFT ADC input Mixer MIC1 boost Switch' doesn't exist - skipping
06-04 18:04:40.832 252 252 W audio_route: Control 'LEFT ADC input Mixer LININL-R Switch' doesn't exist - skipping
06-04 18:04:40.832 252 252 W audio_route: Control 'AIF1OUT0L Mux' doesn't exist - skipping
06-04 18:04:40.832 252 252 W audio_route: Control 'AIF1 AD0L Mixer ADCL Switch' doesn't exist - skipping
06-04 18:04:40.832 252 252 W audio_route: Control 'ADCL Mux' doesn't exist - skipping
06-04 18:04:40.832 252 252 W audio_route: Control 'LEFT ADC input Mixer MIC2 boost Switch' doesn't exist - skipping
06-04 18:04:40.832 252 252 W audio_route: Control 'LEFT ADC input Mixer LININL-R Switch' doesn't exist - skipping
06-04 18:04:40.834 252 252 W audio_route: Control 'AIF1OUT0L Mux' doesn't exist - skipping
06-04 18:04:40.834 252 252 W audio_route: Control 'AIF1 AD0L Mixer ADCL Switch' doesn't exist - skipping
06-04 18:04:40.834 252 252 W audio_route: Control 'AIF1 AD0L Mixer AIF2 DACR Switch' doesn't exist - skipping
06-04 18:04:40.834 252 252 W audio_route: Control 'AIF1IN0L Mux' doesn't exist - skipping
06-04 18:04:40.834 365 365 D multiir : find target device, path=/dev/input/event0
06-04 18:04:40.835 252 252 W audio_route: Control 'AIF2 ADL Mixer AIF1 DA0L Switch' doesn't exist - skipping
06-04 18:04:40.835 252 252 W audio_route: Control 'AIF2 ADL Mixer AIF1 DA0L Switch' doesn't exist - skipping
06-04 18:04:40.835 252 252 W audio_route: Control 'AIF3OUT Mux' doesn't exist - skipping
06-04 18:04:40.835 252 252 W audio_route: Control 'AIF2INR Mux switch aif2inr aif2Switch' doesn't exist - skipping
06-04 18:04:40.835 252 252 W audio_route: Control 'AIF2INR Mux VIR switch aif2inr aif3Switch' doesn't exist - skipping
06-04 18:04:40.835 252 252 W audio_route: Control 'AIF1 AD0L Mixer AIF2 DACR Switch' doesn't exist - skipping
06-04 18:04:40.835 252 252 W audio_route: Control 'AIF1OUT0L Mux' doesn't exist - skipping
06-04 18:04:40.835 252 252 W audio_route: Control 'AC DACR mixer I2S_DACDATR Switch' doesn't exist - skipping
06-04 18:04:40.835 252 252 W audio_route: Control 'AC DACL mixer I2S_DACDATL Switch' doesn't exist - skipping
06-04 18:04:40.836 252 252 W audio_route: Control 'Right Output Mixer DACR Switch' doesn't exist - skipping
06-04 18:04:40.836 252 252 W audio_route: Control 'Left Output Mixer DACL Switch' doesn't exist - skipping
06-04 18:04:40.836 252 252 W audio_route: Control 'External Speaker Switch' doesn't exist - skipping
06-04 18:04:40.838 252 252 D audio_route: Apply path: media-speaker-headphones
06-04 18:04:40.838 252 252 D audio_route: Apply path: media-headset-mic
06-04 18:04:40.839 252 312 V audio_hw_primary: adev_get_master_volume, line: 3587
06-04 18:04:40.840 365 446 D multiir : MultiirService create
06-04 18:04:40.840 184 184 E SELinux : avc: denied { add } for pid=365 uid=0 name=softwinner.multi_ir scontext=u:r:multi_ir:s0 tcontext=u:object_r:default_android_service:s0 tclass=service_manager permissive=1
06-04 18:04:40.841 252 312 V audio_hw_primary: adev_set_master_volume, line: 3579
06-04 18:04:40.841 273 273 I AudioFlinger: loadHwModule() Loaded primary audio interface, handle 10
06-04 18:04:40.842 273 273 I AudioFlinger: openOutput() this 0xf5459000, module 10 Device type:0x2,@:, SamplingRate 48000, Format 0x000001, Channels 0x3, flags 0x2
06-04 18:04:40.842 252 312 D audio_hw_primary: adev_open_output_stream
06-04 18:04:40.843 252 312 V audio_hw_primary: adev_open_output_stream, flags: 2
06-04 18:04:40.843 252 312 V audio_hw_primary: +++++++++++++++ adev_open_output_stream: req_sample_rate: 44100, fmt: 1, channel_count: 3
06-04 18:04:40.847 273 273 I AudioFlinger: HAL output buffer size 960 frames, normal sink buffer size 960 frames
06-04 18:04:40.852 267 267 I EventThread: type=1400 audit(0.0:282): avc: denied { search } for name="extcon" dev="sysfs" ino=18109 scontext=u:r:hal_tv_cec_default:s0 tcontext=u:object_r:sysfs_extcon:s0 tclass=dir permissive=1
06-04 18:04:40.879 273 273 I BufferProvider: found effect "Multichannel Downmix To Stereo" from The Android Open Source Project
06-04 18:04:40.880 273 273 D AudioFlinger: Failed to add event callback
06-04 18:04:40.886 273 273 V APM_AudioPolicyManager: checkAndSetVolume cannot set volume group 3 volume when isn ot requested for comm
06-04 18:04:40.892 273 449 I AudioFlinger: AudioFlinger's thread 0xf50b1880 tid=449 ready to run
06-04 18:04:40.892 273 449 W AudioFlinger: no wake lock to update, system not ready yet
06-04 18:04:40.892 273 449 D AudioFlinger: ro.audio.silent is ignored since no output device is set
06-04 18:04:40.893 252 312 D audio_hw_primary: out_standby
06-04 18:04:40.895 273 449 W AudioFlinger: no wake lock to update, system not ready yet
06-04 18:04:40.895 273 449 D AudioFlinger: ro.audio.silent is ignored since no output device is set
06-04 18:04:40.900 273 273 W AudioFlinger: moveEffects() bad srcOutput 0
06-04 18:04:40.900 273 273 V APM_AudioPolicyManager: selectOutputForMusicEffects selected output 13
06-04 18:04:40.900 273 273 V APM_AudioPolicyManager: setOutputDevices device {type:0x2,@:} delayMs 0
06-04 18:04:40.900 273 273 V APM_AudioPolicyManager: setOutputDevices() prevDevice {type:0x2,@:}
06-04 18:04:40.902 273 273 V APM_AudioPolicyManager: setOutputDevices changing device to {type:0x2,@:}
06-04 18:04:40.924 252 252 V audio_hw_primary: adev_create_audio_patch num_sources: 1, num_sinks: 1
06-04 18:04:40.924 252 252 V audio_hw_primary: playback device: 2
06-04 18:04:40.926 273 273 V APM_AudioPolicyManager: setOutputDevices() AF::createAudioPatch returned 0 patchHandle 12 num_sources 1 num_sinks 1
06-04 18:04:40.928 273 273 V APM_AudioPolicyManager: checkAndSetVolume cannot set volume group 3 volume when isn ot requested for comm
06-04 18:04:40.939 273 273 I AudioFlinger: openOutput() this 0xf5459000, module 10 Device type:0x2,@:, SamplingRate 32000, Format 0x000003, Channels 0x3, flags 0x1
06-04 18:04:40.942 252 312 D audio_hw_primary: adev_open_output_stream
06-04 18:04:40.943 252 312 V audio_hw_primary: adev_open_output_stream, flags: 1
06-04 18:04:40.943 252 312 D audio_hw_primary: config format 0x3 raw_flag 1
06-04 18:04:40.943 252 312 V audio_hw_primary: +++++++++++++++ adev_open_output_stream: req_sample_rate: 32000, fmt: 3, channel_count: 3
06-04 18:04:40.978 273 273 I AudioFlinger: HAL output buffer size 2048 frames, normal sink buffer size 2048 frames
06-04 18:04:40.988 273 273 D AudioFlinger: Failed to add event callback
06-04 18:04:41.022 273 451 I AudioFlinger: AudioFlinger's thread 0xf5093640 tid=451 ready to run
06-04 18:04:41.022 273 451 W AudioFlinger: no wake lock to update, system not ready yet
06-04 18:04:41.022 273 451 D AudioFlinger: ro.audio.silent is ignored since no output device is set
06-04 18:04:41.022 252 312 V audio_hw_primary: out_set_parameters: closing=true
06-04 18:04:41.022 252 312 D audio_hw_primary: out_standby
06-04 18:04:41.024 252 312 V audio_hw_primary: out_set_parameters: exiting=1
06-04 18:04:41.024 273 273 E AudioFlinger: Error when setting parameters on exit: -61
06-04 18:04:41.025 273 451 W AudioFlinger: no wake lock to update, system not ready yet
06-04 18:04:41.025 273 451 D AudioFlinger: ro.audio.silent is ignored since no output device is set
06-04 18:04:41.025 252 312 D audio_hw_primary: out_standby
06-04 18:04:41.025 273 273 W APM_AudioPolicyManager: Input profile contains no device on module primary
06-04 18:04:41.025 273 273 W APM_AudioPolicyManager: Input profile contains no device on module primary
06-04 18:04:41.027 252 252 D xm_audio: -->adev_open, name=audio_hw_if, socketthread_running=false, pth_listen=0
06-04 18:04:41.028 252 455 D xm_audio: socket_thread start
06-04 18:04:41.029 273 273 I AudioFlinger: loadHwModule() Loaded xm_hidraw audio interface, handle 18
06-04 18:04:41.029 252 455 D xm_audio: create socket g_is_running4
06-04 18:04:41.029 252 252 D xm_audio: -->adev_open_input_stream
06-04 18:04:41.029 252 252 D xm_audio: -->adev_open_input_stream, config->sample_rate=16000
06-04 18:04:41.029 252 252 D xm_audio: -->adev_open_input_stream exit
06-04 18:04:41.029 318 321 D XM_HIDREAD: Client connected.
06-04 18:04:41.029 318 321 D XM_HIDREAD: accept before.
06-04 18:04:41.030 252 455 D xm_audio: create socket g_is_running5
06-04 18:04:41.030 252 252 I xm_audio: in_get_sample_rate
06-04 18:04:41.030 252 252 I xm_audio: in_get_channels
06-04 18:04:41.030 252 455 E xm_audio: so socket connect suc
06-04 18:04:41.030 318 456 D XM_HIDREAD: handle_client start.
06-04 18:04:41.031 252 252 I xm_audio: in_get_sample_rate
06-04 18:04:41.031 252 252 I xm_audio: in_get_channels
06-04 18:04:41.031 252 252 I xm_audio: in_get_channels
06-04 18:04:41.031 252 252 I xm_audio: in_get_buffer_size
06-04 18:04:41.031 252 252 I xm_audio: in_get_buffer_size: fsize=512.000000, size=512
06-04 18:04:41.031 452 452 E cutils-trace: Error opening trace file: No such file or directory (2)
06-04 18:04:41.032 252 252 I xm_audio: in_get_buffer_size
06-04 18:04:41.032 252 252 I xm_audio: in_get_buffer_size: fsize=512.000000, size=512
06-04 18:04:41.032 252 252 I xm_audio: in_get_sample_rate
06-04 18:04:41.032 252 252 I xm_audio: in_get_channels
06-04 18:04:41.033 273 458 I AudioFlinger: AudioFlinger's thread 0xf5047600 tid=458 ready to run
06-04 18:04:41.034 273 458 W AudioFlinger: no wake lock to update, system not ready yet
06-04 18:04:41.039 273 458 W AudioFlinger: no wake lock to update, system not ready yet
06-04 18:04:41.039 247 404 I zygote : Verified 2763 classes from mainline modules in 193.133ms
06-04 18:04:41.046 252 457 D xm_audio: data_thread start
06-04 18:04:41.046 252 312 D xm_audio: -->adev_close_input_stream
06-04 18:04:41.046 252 312 D xm_audio: -->adev_close_input_stream ready free stream.
06-04 18:04:41.046 252 312 D xm_audio: -->adev_close_input_stream free stream finish.
06-04 18:04:41.087 460 460 E cutils-trace: Error opening trace file: No such file or directory (2)
06-04 18:04:41.098 273 273 I bt_a2dp_hw: system/bt/audio_a2dp_hw/src/audio_a2dp_hw.cc:1893 adev_open: adev_open: adev_open in A2dp_hw module
06-04 18:04:41.099 273 273 I AudioFlinger: loadHwModule() Loaded a2dp audio interface, handle 26
06-04 18:04:41.099 273 273 V APM_AudioPolicyManager: onNewAudioModulesAvailableInt: Input device list is empty! for profile a2dp input
06-04 18:04:41.102 252 312 I r_submix: adev_open(name=audio_hw_if)
06-04 18:04:41.103 252 312 I r_submix: adev_init_check()
06-04 18:04:41.104 273 273 I AudioFlinger: loadHwModule() Loaded r_submix audio interface, handle 34
06-04 18:04:41.104 252 312 D r_submix: adev_open_input_stream(addr=0)
06-04 18:04:41.105 252 312 D r_submix: submix_audio_device_create_pipe_l(addr=0, idx=9)
06-04 18:04:41.105 252 312 D r_submix: now using address 0 for route 9
06-04 18:04:41.110 273 462 I AudioFlinger: AudioFlinger's thread 0xf4b66400 tid=462 ready to run
06-04 18:04:41.111 252 312 I r_submix: in_standby()
06-04 18:04:41.111 273 462 W AudioFlinger: no wake lock to update, system not ready yet
06-04 18:04:41.111 252 312 I r_submix: in_standby()
06-04 18:04:41.112 273 462 W AudioFlinger: no wake lock to update, system not ready yet
06-04 18:04:41.112 252 312 D r_submix: adev_close_input_stream()
06-04 18:04:41.113 252 312 D r_submix: submix_audio_device_release_pipe_l(idx=9) addr=0
06-04 18:04:41.113 252 312 D r_submix: submix_audio_device_destroy_pipe_l(): pipe destroyed
06-04 18:04:41.114 247 247 D Zygote32Timing: ZygotePreload took to complete: 498ms
06-04 18:04:41.114 247 247 D Zygote : VMRuntime.setVerifierEnabled(true)
06-04 18:04:41.116 273 273 I audioserver: Waiting for activity service
06-04 18:04:41.147 247 247 I zygote : Explicit concurrent copying GC freed 6064(607KB) AllocSpace objects, 0(0B) LOS objects, 68% free, 719KB/2255KB, paused 126us total 32.763ms
06-04 18:04:41.172 247 247 I zygote : Explicit concurrent copying GC freed 229(40KB) AllocSpace objects, 0(0B) LOS objects, 68% free, 710KB/2246KB, paused 54us total 24.733ms
06-04 18:04:41.173 247 247 D Zygote32Timing: PostZygoteInitGC took to complete: 58ms
06-04 18:04:41.173 247 247 D Zygote32Timing: ZygoteInit took to complete: 579ms
06-04 18:04:41.253 247 247 D Zygote : Forked child process 468
06-04 18:04:41.254 247 247 I Zygote : System server process 468 has been created
06-04 18:04:41.256 247 247 I Zygote : Accepting command socket connections
06-04 18:04:41.423 409 423 I adbd : adbd mDNS service _adb-tls-connect._tcp registered: 1
06-04 18:04:41.424 409 417 I adbd : adbd mDNS service _adb._tcp registered: 1
06-04 18:04:41.485 363 363 W awplayer: : Set log level to 3
06-04 18:04:41.572 363 363 I cedarc : : register avs decoder success!
06-04 18:04:41.573 363 363 I cedarc : : register h264 decoder success!
06-04 18:04:41.573 363 363 I cedarc : : register h265 decoder success!
06-04 18:04:41.574 363 363 I cedarc : : register mjpeg decoder success!
06-04 18:04:41.574 363 363 I cedarc : : register mjpegplus decoder success!
06-04 18:04:41.574 363 363 I cedarc : : register mpeg2 decoder success!
06-04 18:04:41.575 363 363 W awplayer: : Invalid plugin,function CedarPluginVDInit not found.
06-04 18:04:41.575 363 363 I cedarc : : register mpeg4dx decoder success!
06-04 18:04:41.575 363 363 I cedarc : : register mpeg4H263 decoder success!
06-04 18:04:41.576 363 363 I cedarc : : register mpeg4Normal decoder success!
06-04 18:04:41.576 363 363 I cedarc : : register Mpeg4Vp6 decoder success!
06-04 18:04:41.576 363 363 I cedarc : : register vp6Soft decoder success!
06-04 18:04:41.576 363 363 I cedarc : : register vp8 decoder success!
06-04 18:04:41.577 363 363 E cedarc : : register Wmv12Soft decoder failure!!!
06-04 18:04:41.577 363 363 I cedarc : : register vc1 decoder success!
06-04 18:04:41.578 363 363 D cedarc : : register Vp9Hw decoder success!
06-04 18:04:41.578 363 363 I cedarc : : register avs2 decoder success!
06-04 18:04:41.582 363 363 D awplayer: : aw stream init...
06-04 18:04:41.582 363 363 D awplayer: : Register stream rtp version v1.1
06-04 18:04:41.586 468 468 I Zygote : seccomp disabled by setenforce 0
06-04 18:04:41.595 363 363 I mediaserver: ServiceManager: 0xf4289960
06-04 18:04:41.596 363 363 W BatteryNotifier: batterystats service unavailable!
06-04 18:04:41.596 363 363 W BatteryNotifier: batterystats service unavailable!
06-04 18:04:41.596 324 324 I rainbow_flow: type=1400 audit(0.0:283): avc: denied { ioctl } for path="/dev/spidev1.0" dev="tmpfs" ino=3509 ioctlcmd=0x6b00 scontext=u:r:init:s0 tcontext=u:object_r:device:s0 tclass=chr_file permissive=1
06-04 18:04:41.605 468 468 W system_server: Failed to upload odrefresh metrics: metrics file '/data/misc/odrefresh/odrefresh-metrics.txt' could not be opened: No such file or directory
06-04 18:04:41.615 409 420 I adbd : jdwp connection from 468
06-04 18:04:41.623 468 494 D Zygote : begin preload_base
06-04 18:04:41.623 468 494 I Zygote : Calling ZygoteHooks.beginPreload()
06-04 18:04:41.820 468 494 D System_Preload_Base: BeginPreload took to complete: 196ms
06-04 18:04:41.827 468 494 D ApplicationLoaders: Created zygote-cached class loader: /system/framework/android.hidl.base-V1.0-java.jar
06-04 18:04:41.835 468 494 D ApplicationLoaders: Created zygote-cached class loader: /system/framework/android.hidl.manager-V1.0-java.jar
06-04 18:04:41.842 468 494 D ApplicationLoaders: Created zygote-cached class loader: /system/framework/android.test.base.jar
06-04 18:04:41.842 468 494 D System_Preload_Base: CacheNonBootClasspathClassLoaders took to complete: 23ms
06-04 18:04:41.842 468 494 I Zygote : Preloading resources...
06-04 18:04:41.856 267 267 I EventThread: type=1400 audit(0.0:284): avc: denied { search } for name="extcon" dev="sysfs" ino=18109 scontext=u:r:hal_tv_cec_default:s0 tcontext=u:object_r:sysfs_extcon:s0 tclass=dir permissive=1
06-04 18:04:41.865 468 494 W Resources: Preloaded drawable resource #0x1080286 (android:drawable/dialog_background_material) that varies with configuration!!
06-04 18:04:41.897 468 494 I Zygote : ...preloaded 64 resources in 55ms.
06-04 18:04:41.904 468 494 I Zygote : ...preloaded 41 resources in 7ms.
06-04 18:04:41.905 468 494 D System_Preload_Base: PreloadResources took to complete: 62ms
06-04 18:04:41.905 468 494 D Zygote : Zygote:ThreadPreadloadBase took 291ms.
06-04 18:04:41.906 468 503 D Zygote : Zygote:ThreadPreadloadClass start
06-04 18:04:41.908 468 504 I Zygote : Preloading classes...
06-04 18:04:41.914 468 468 I SystemServerTiming: InitBeforeStartServices
06-04 18:04:41.921 468 468 I SystemServer: Entered the Android system server!
06-04 18:04:41.967 468 505 D libEGL : loaded /vendor/lib/egl/libGLES_mali.so
06-04 18:04:42.005 468 504 I Typeface: Preloading /system/fonts/Roboto-Regular.ttf
06-04 18:04:42.018 468 504 I Typeface: Preloading /system/fonts/RobotoStatic-Regular.ttf
06-04 18:04:42.120 468 504 I Typeface: Preloading /system/fonts/NotoSansCJK-Regular.ttc
06-04 18:04:42.121 468 504 I Typeface: Preloading /system/fonts/NotoSerifCJK-Regular.ttc
06-04 18:04:42.165 468 504 E ActivityRecognitionHardware: activity_recognition HAL is deprecated. class_init is effectively a no-op
06-04 18:04:42.265 468 468 E UsbAlsaJackDetectorJNI: Can't register UsbAlsaJackDetector native methods
06-04 18:04:42.297 468 468 I SystemServerInitThreadPool: Creating instance with 4 threads
06-04 18:04:42.299 468 515 I SystemServerTimingAsync: InitThreadPoolExec:loadPreinstalledSystemFontMap
06-04 18:04:42.299 468 515 D SystemServerInitThreadPool: Started executing loadPreinstalledSystemFontMap
06-04 18:04:42.300 468 515 I SystemServerTimingAsync: loadPreinstalledSystemFontMap
06-04 18:04:42.300 468 468 D SystemServerTiming: InitBeforeStartServices took to complete: 384ms
06-04 18:04:42.301 468 468 I SystemServerTiming: StartServices
06-04 18:04:42.301 468 468 D SystemServer: VMRuntime.setVerifierEnabled(false)
06-04 18:04:42.301 468 468 I SystemServerTiming: startBootstrapServices
06-04 18:04:42.301 468 468 I SystemServerTiming: StartWatchdog
06-04 18:04:42.335 468 504 D MtpDeviceJNI: register_android_mtp_MtpDevice
06-04 18:04:42.348 468 468 D SystemServerTiming: StartWatchdog took to complete: 47ms
06-04 18:04:42.349 468 468 I SystemServer: Reading configuration...
06-04 18:04:42.349 468 468 I SystemServerTiming: ReadingSystemConfig
06-04 18:04:42.350 468 468 D SystemServerTiming: ReadingSystemConfig took to complete: 0ms
06-04 18:04:42.352 468 468 I SystemServerTiming: PlatformCompat
06-04 18:04:42.355 468 468 D CompatConfig: Found a config file: /system/etc/compatconfig/calendar-provider-compat-config.xml
06-04 18:04:42.357 468 468 D CompatConfig: Adding: com.android.server.compat.config.Change@1f53416
06-04 18:04:42.360 468 468 D CompatConfig: Found a config file: /system/etc/compatconfig/icu4j-platform-compat-config.xml
06-04 18:04:42.361 468 468 D CompatConfig: Adding: com.android.server.compat.config.Change@4afaf84
06-04 18:04:42.363 468 468 D CompatConfig: Found a config file: /system/etc/compatconfig/framework-platform-compat-config.xml
06-04 18:04:42.366 468 468 D CompatConfig: Adding: com.android.server.compat.config.Change@9087ba2
06-04 18:04:42.368 468 468 D CompatConfig: Adding: com.android.server.compat.config.Change@f943033
06-04 18:04:42.370 468 468 D CompatConfig: Adding: com.android.server.compat.config.Change@33a3ff0
06-04 18:04:42.371 468 468 D CompatConfig: Adding: com.android.server.compat.config.Change@2e88969
06-04 18:04:42.372 468 468 D CompatConfig: Adding: com.android.server.compat.config.Change@716afee
06-04 18:04:42.373 468 468 D CompatConfig: Adding: com.android.server.compat.config.Change@e579c8f
06-04 18:04:42.374 468 468 D CompatConfig: Adding: com.android.server.compat.config.Change@29b6b1c
06-04 18:04:42.375 468 525 I SystemServerTimingAsync: InitThreadPoolExec:ReadingSystemConfig
06-04 18:04:42.375 468 525 D SystemServerInitThreadPool: Started executing ReadingSystemConfig
06-04 18:04:42.377 468 525 I SystemConfig: Reading permissions from /system/etc/sysconfig/preinstalled-packages-platform.xml
06-04 18:04:42.377 468 468 D CompatConfig: Adding: com.android.server.compat.config.Change@3c1dcfa
06-04 18:04:42.378 468 468 D CompatConfig: Adding: com.android.server.compat.config.Change@e3b72ab
06-04 18:04:42.380 468 468 D CompatConfig: Adding: com.android.server.compat.config.Change@7821d08
06-04 18:04:42.381 468 468 D CompatConfig: Adding: com.android.server.compat.config.Change@36efca1
06-04 18:04:42.384 468 468 D CompatConfig: Adding: com.android.server.compat.config.Change@cc0cec6
06-04 18:04:42.384 468 525 I incfs : Initial API level of the device: 31
06-04 18:04:42.385 468 525 I incfs : ro.incremental.enable: module:/vendor/lib/modules/incrementalfs.ko
06-04 18:04:42.385 468 525 I incfs : isFsAvailable: false
06-04 18:04:42.385 468 468 D CompatConfig: Adding: com.android.server.compat.config.Change@3c8e87
06-04 18:04:42.385 468 525 I incfs : isFsAvailable: false
06-04 18:04:42.385 468 525 E incfs : could not open IncFs kernel module "/vendor/lib/modules/incrementalfs.ko": No such file or directory
06-04 18:04:42.385 468 525 E incfs : IncFs_Features: failed to open features dir, assuming v1/none.: No such file or directory
06-04 18:04:42.386 468 525 I SystemConfig: Reading permissions from /system/etc/sysconfig/preinstalled-packages-platform-full-base.xml
06-04 18:04:42.386 468 468 D CompatConfig: Adding: com.android.server.compat.config.Change@9ddc1dd
06-04 18:04:42.387 468 468 D CompatConfig: Adding: com.android.server.compat.config.Change@26b1152
06-04 18:04:42.388 468 468 D CompatConfig: Adding: com.android.server.compat.config.Change@e498c23
06-04 18:04:42.389 468 468 D CompatConfig: Adding: com.android.server.compat.config.Change@4158520
06-04 18:04:42.390 468 468 D CompatConfig: Adding: com.android.server.compat.config.Change@2799ed9
06-04 18:04:42.391 468 525 I SystemConfig: Reading permissions from /system/etc/sysconfig/hiddenapi-package-whitelist.xml
06-04 18:04:42.391 468 468 D CompatConfig: Adding: com.android.server.compat.config.Change@89ec77f
06-04 18:04:42.393 468 468 D CompatConfig: Adding: com.android.server.compat.config.Change@79dd34c
06-04 18:04:42.394 468 525 I SystemConfig: Reading permissions from /system/etc/sysconfig/framework-sysconfig.xml
06-04 18:04:42.394 468 468 D CompatConfig: Adding: com.android.server.compat.config.Change@2cb78aa
06-04 18:04:42.396 468 525 I SystemConfig: Reading permissions from /system/etc/sysconfig/preinstalled-packages-com.android.providers.media.module.xml
06-04 18:04:42.396 468 468 D CompatConfig: Adding: com.android.server.compat.config.Change@f7ad838
06-04 18:04:42.397 468 468 D CompatConfig: Adding: com.android.server.compat.config.Change@87f5011
06-04 18:04:42.398 468 468 D CompatConfig: Adding: com.android.server.compat.config.Change@6c07576
06-04 18:04:42.399 468 468 D CompatConfig: Adding: com.android.server.compat.config.Change@3002777
06-04 18:04:42.401 468 468 D CompatConfig: Adding: com.android.server.compat.config.Change@213fe4
06-04 18:04:42.402 468 468 D CompatConfig: Adding: com.android.server.compat.config.Change@df7dc4d
06-04 18:04:42.404 468 468 D CompatConfig: Adding: com.android.server.compat.config.Change@8367302
06-04 18:04:42.404 468 525 I SystemConfig: Reading permissions from /system/etc/permissions/com.android.future.usb.accessory.xml
06-04 18:04:42.405 468 468 D CompatConfig: Adding: com.android.server.compat.config.Change@ea47650
06-04 18:04:42.406 468 468 D CompatConfig: Adding: com.android.server.compat.config.Change@31cbd4e
06-04 18:04:42.406 468 525 I SystemConfig: Reading permissions from /system/etc/permissions/android.test.runner.xml
06-04 18:04:42.407 468 468 D CompatConfig: Adding: com.android.server.compat.config.Change@d3e8e6f
06-04 18:04:42.407 468 525 I SystemConfig: Reading permissions from /system/etc/permissions/privapp-vendor-permissions.xml
06-04 18:04:42.408 468 468 D CompatConfig: Adding: com.android.server.compat.config.Change@4714805
06-04 18:04:42.409 468 468 D CompatConfig: Adding: com.android.server.compat.config.Change@10b605a
06-04 18:04:42.410 468 468 D CompatConfig: Adding: com.android.server.compat.config.Change@8cfa28b
06-04 18:04:42.411 468 468 D CompatConfig: Adding: com.android.server.compat.config.Change@670bf68
06-04 18:04:42.412 468 468 D CompatConfig: Adding: com.android.server.compat.config.Change@ac35f81
06-04 18:04:42.414 468 468 D CompatConfig: Adding: com.android.server.compat.config.Change@b0f2826
06-04 18:04:42.415 468 468 D CompatConfig: Adding: com.android.server.compat.config.Change@713dc67
06-04 18:04:42.416 468 468 D CompatConfig: Adding: com.android.server.compat.config.Change@f466a14
06-04 18:04:42.417 468 468 D CompatConfig: Adding: com.android.server.compat.config.Change@4c572bd
06-04 18:04:42.419 468 468 D CompatConfig: Adding: com.android.server.compat.config.Change@c35a0b2
06-04 18:04:42.420 468 468 D CompatConfig: Adding: com.android.server.compat.config.Change@577d803
06-04 18:04:42.421 468 468 D CompatConfig: Adding: com.android.server.compat.config.Change@d2a1380
06-04 18:04:42.422 468 468 D CompatConfig: Adding: com.android.server.compat.config.Change@1db7db9
06-04 18:04:42.424 468 468 D CompatConfig: Adding: com.android.server.compat.config.Change@d915fe
06-04 18:04:42.425 468 468 D CompatConfig: Adding: com.android.server.compat.config.Change@195f15f
06-04 18:04:42.426 468 468 D CompatConfig: Adding: com.android.server.compat.config.Change@adce7ac
06-04 18:04:42.427 468 468 D CompatConfig: Adding: com.android.server.compat.config.Change@9ad3c75
06-04 18:04:42.428 468 525 I SystemConfig: Reading permissions from /system/etc/permissions/com.android.mediadrm.signer.xml
06-04 18:04:42.429 468 468 D CompatConfig: Adding: com.android.server.compat.config.Change@e52447b
06-04 18:04:42.430 468 468 D CompatConfig: Adding: com.android.server.compat.config.Change@c06d298
06-04 18:04:42.432 468 468 D CompatConfig: Adding: com.android.server.compat.config.Change@ca22af1
06-04 18:04:42.433 468 468 D CompatConfig: Adding: com.android.server.compat.config.Change@187e6d6
06-04 18:04:42.434 468 468 D CompatConfig: Adding: com.android.server.compat.config.Change@eb6ad57
06-04 18:04:42.435 468 468 D CompatConfig: Adding: com.android.server.compat.config.Change@4e28044
06-04 18:04:42.437 468 468 D CompatConfig: Adding: com.android.server.compat.config.Change@1d852d
06-04 18:04:42.437 468 525 I SystemConfig: Reading permissions from /system/etc/permissions/android.software.webview.xml
06-04 18:04:42.438 468 468 D CompatConfig: Adding: com.android.server.compat.config.Change@28ec7f3
06-04 18:04:42.439 468 468 D CompatConfig: Adding: com.android.server.compat.config.Change@a95cb0
06-04 18:04:42.441 468 468 D CompatConfig: Adding: com.android.server.compat.config.Change@27a4729
06-04 18:04:42.442 468 525 I SystemConfig: Reading permissions from /system/etc/permissions/android.software.live_wallpaper.xml
06-04 18:04:42.442 468 468 D CompatConfig: Found a config file: /system/etc/compatconfig/services-platform-compat-config.xml
06-04 18:04:42.447 468 468 D CompatConfig: Adding: com.android.server.compat.config.Change@2bf93dc
06-04 18:04:42.448 468 468 D CompatConfig: Adding: com.android.server.compat.config.Change@2c72ce5
06-04 18:04:42.449 468 468 D CompatConfig: Adding: com.android.server.compat.config.Change@c9a13ba
06-04 18:04:42.450 468 468 D CompatConfig: Adding: com.android.server.compat.config.Change@b79426b
06-04 18:04:42.451 468 468 D CompatConfig: Adding: com.android.server.compat.config.Change@ea011c8
06-04 18:04:42.452 468 468 D CompatConfig: Adding: com.android.server.compat.config.Change@842b261
06-04 18:04:42.453 468 468 D CompatConfig: Adding: com.android.server.compat.config.Change@9e79a47
06-04 18:04:42.455 468 468 D CompatConfig: Adding: com.android.server.compat.config.Change@2888274
06-04 18:04:42.456 468 525 I SystemConfig: Reading permissions from /system/etc/permissions/permissions-awbms.xml
06-04 18:04:42.457 468 468 D CompatConfig: Adding: com.android.server.compat.config.Change@1bb6012
06-04 18:04:42.458 468 525 I SystemConfig: Reading permissions from /system/etc/permissions/com.android.media.remotedisplay.xml
06-04 18:04:42.459 468 468 D CompatConfig: Adding: com.android.server.compat.config.Change@e551e0
06-04 18:04:42.460 468 468 D CompatConfig: Adding: com.android.server.compat.config.Change@3d64c99
06-04 18:04:42.461 468 468 D CompatConfig: Adding: com.android.server.compat.config.Change@4eb6b5e
06-04 18:04:42.461 279 279 D RenderEngine: shader cache generated - 48 shaders in 2398.763916 ms
06-04 18:04:42.463 468 468 D CompatConfig: Adding: com.android.server.compat.config.Change@ba78b3f
06-04 18:04:42.465 279 279 I HidlServiceManagement: Registered android.frameworks.displayservice@1.0::IDisplayService/default
06-04 18:04:42.465 468 468 D CompatConfig: Adding: com.android.server.compat.config.Change@47dac0c
06-04 18:04:42.466 279 279 D SurfaceFlinger: Setting power mode 2 on display 0
06-04 18:04:42.466 261 261 D sunxihwc: setPowerMode: device(hdmi0) power mode: On
06-04 18:04:42.466 261 261 I sunxihwc: setRuntimeState: disp2 blank control [unblank], driver usage [1]
06-04 18:04:42.466 279 279 D SurfaceFlinger: Finished setting power mode 2 on display 0
06-04 18:04:42.468 468 468 D CompatConfig: Adding: com.android.server.compat.config.Change@1361955
06-04 18:04:42.468 468 525 I SystemConfig: Reading permissions from /system/etc/permissions/android.hardware.hdmi.cec.xml
06-04 18:04:42.469 468 468 D CompatConfig: Adding: com.android.server.compat.config.Change@139c5b
06-04 18:04:42.469 468 468 D CompatConfig: Adding: com.android.server.compat.config.Change@b5f7cf8
06-04 18:04:42.472 468 525 I SystemConfig: Reading permissions from /system/etc/permissions/org.apache.http.legacy.xml
06-04 18:04:42.642 1 1 I init : starting service 'bootanim'...
06-04 18:04:42.474 468 468 D CompatConfig: Adding: com.android.server.compat.config.Change@4238836
06-04 18:04:42.476 468 468 D CompatConfig: Adding: com.android.server.compat.config.Change@665a337
06-04 18:04:42.476 468 468 D CompatConfig: Adding: com.android.server.compat.config.Change@48b70a4
06-04 18:04:42.477 468 468 D CompatConfig: Adding: com.android.server.compat.config.Change@e891e0d
06-04 18:04:42.479 468 468 D CompatConfig: Adding: com.android.server.compat.config.Change@297f1c2
06-04 18:04:42.479 468 468 D CompatConfig: Adding: com.android.server.compat.config.Change@c60f310
06-04 18:04:42.480 468 525 I SystemConfig: Reading permissions from /system/etc/permissions/oranth-privapp-permissions.xml
06-04 18:04:42.482 468 468 D CompatConfig: Adding: com.android.server.compat.config.Change@db68e09
06-04 18:04:42.494 468 468 D CompatConfig: Adding: com.android.server.compat.config.Change@8dfc22f
06-04 18:04:42.495 468 468 D CompatConfig: Adding: com.android.server.compat.config.Change@3ca303c
06-04 18:04:42.496 468 468 D CompatConfig: Adding: com.android.server.compat.config.Change@23101c5
06-04 18:04:42.496 468 468 D CompatConfig: Adding: com.android.server.compat.config.Change@c5f71a
06-04 18:04:42.497 468 468 D CompatConfig: Adding: com.android.server.compat.config.Change@db0524b
06-04 18:04:42.658 1 1 I init : Control message: Processed ctl.start for 'bootanim' from pid: 279 (/system/bin/surfaceflinger)
06-04 18:04:42.498 393 393 I update_engine: [INFO:cleanup_previous_update_action.cc(112)] Executing task 1
06-04 18:04:42.500 468 468 D CompatConfig: Adding: com.android.server.compat.config.Change@e281428
06-04 18:04:42.500 393 393 I update_engine: [INFO:cleanup_previous_update_action.cc(124)] CleanupPreviousUpdateAction scheduled task ID 3 for WaitBootCompleted
06-04 18:04:42.501 468 468 D CompatConfig: Adding: com.android.server.compat.config.Change@c24f541
06-04 18:04:42.502 468 468 D CompatConfig: Adding: com.android.server.compat.config.Change@fbc6ae6
06-04 18:04:42.502 468 525 I SystemConfig: Reading permissions from /system/etc/permissions/com.android.location.provider.xml
06-04 18:04:42.504 468 468 D CompatConfig: Adding: com.android.server.compat.config.Change@1fe4ad4
06-04 18:04:42.505 468 525 I SystemConfig: Reading permissions from /system/etc/permissions/com.android.documentsui.xml
06-04 18:04:42.511 468 505 I Zygote : Preloading shared libraries...
06-04 18:04:42.512 468 468 D CompatConfig: Adding: com.android.server.compat.config.Change@544f72
06-04 18:04:42.512 468 468 D CompatConfig: Adding: com.android.server.compat.config.Change@846bfc3
06-04 18:04:42.513 468 525 I SystemConfig: Reading permissions from /system/etc/permissions/com.android.networkstack.tethering.xml
06-04 18:04:42.518 468 468 D CompatConfig: Adding: com.android.server.compat.config.Change@813f0be
06-04 18:04:42.519 468 468 D CompatConfig: Adding: com.android.server.compat.config.Change@718206c
06-04 18:04:42.520 468 525 I SystemConfig: Reading permissions from /system/etc/permissions/javax.obex.xml
06-04 18:04:42.521 468 525 I SystemConfig: Reading permissions from /system/etc/permissions/android.hardware.location.network.xml
06-04 18:04:42.522 468 468 D CompatConfig: Adding: com.android.server.compat.config.Change@aa10678
06-04 18:04:42.526 468 525 I SystemConfig: Reading permissions from /system/etc/permissions/privapp-permissions-platform.xml
06-04 18:04:42.526 468 468 D CompatConfig: Adding: com.android.server.compat.config.Change@435dab7
06-04 18:04:42.528 468 468 D CompatConfig: Adding: com.android.server.compat.config.Change@41c1224
06-04 18:04:42.530 468 468 D CompatConfig: Adding: com.android.server.compat.config.Change@952e18d
06-04 18:04:42.535 468 468 D CompatConfig: Adding: com.android.server.compat.config.Change@a8f69af
06-04 18:04:42.537 468 468 D CompatConfig: Adding: com.android.server.compat.config.Change@d9d81bc
06-04 18:04:42.538 468 468 D CompatConfig: Adding: com.android.server.compat.config.Change@cffb545
06-04 18:04:42.539 468 525 I SystemConfig: Reading permissions from /system/etc/permissions/android.software.controls.xml
06-04 18:04:42.540 468 468 D CompatConfig: Adding: com.android.server.compat.config.Change@b72f1cb
06-04 18:04:42.542 468 468 D CompatConfig: Adding: com.android.server.compat.config.Change@39efda8
06-04 18:04:42.542 468 468 D CompatConfig: Adding: com.android.server.compat.config.Change@8f93066
06-04 18:04:42.543 468 525 I SystemConfig: Reading permissions from /system/etc/permissions/android.test.base.xml
06-04 18:04:42.543 468 468 D CompatConfig: Adding: com.android.server.compat.config.Change@3bcdfa7
06-04 18:04:42.543 468 468 D CompatConfig: Adding: com.android.server.compat.config.Change@5ba4c54
06-04 18:04:42.544 468 468 D CompatConfig: Adding: com.android.server.compat.config.Change@8c47fd
06-04 18:04:42.544 468 468 D CompatConfig: Adding: com.android.server.compat.config.Change@8cdcf43
06-04 18:04:42.545 468 468 D CompatConfig: Adding: com.android.server.compat.config.Change@599d9c0
06-04 18:04:42.545 468 468 D CompatConfig: Found a config file: /system/etc/compatconfig/documents-ui-compat-config.xml
06-04 18:04:42.547 468 468 D CompatConfig: Adding: com.android.server.compat.config.Change@873e63e
06-04 18:04:42.548 468 525 I SystemConfig: Reading permissions from /system/etc/permissions/android.test.mock.xml
06-04 18:04:42.548 468 468 D CompatConfig: No directory /system/system_ext/etc/compatconfig, skipping
06-04 18:04:42.550 468 468 D CompatConfig: No directory /apex/com.android.wifi/etc/compatconfig, skipping
06-04 18:04:42.550 468 468 D CompatConfig: No directory /apex/com.android.vndk.v31/etc/compatconfig, skipping
06-04 18:04:42.550 468 468 D CompatConfig: No directory /apex/com.android.tzdata/etc/compatconfig, skipping
06-04 18:04:42.550 468 468 D CompatConfig: No directory /apex/com.android.tethering/etc/compatconfig, skipping
06-04 18:04:42.550 468 468 D CompatConfig: No directory /apex/com.android.sdkext/etc/compatconfig, skipping
06-04 18:04:42.550 468 468 D CompatConfig: No directory /apex/com.android.scheduling/etc/compatconfig, skipping
06-04 18:04:42.550 468 468 D CompatConfig: No directory /apex/com.android.runtime/etc/compatconfig, skipping
06-04 18:04:42.550 468 468 D CompatConfig: No directory /apex/com.android.resolv/etc/compatconfig, skipping
06-04 18:04:42.551 468 468 D CompatConfig: No directory /apex/com.android.permission/etc/compatconfig, skipping
06-04 18:04:42.551 468 468 D CompatConfig: No directory /apex/com.android.os.statsd/etc/compatconfig, skipping
06-04 18:04:42.551 468 468 D CompatConfig: No directory /apex/com.android.neuralnetworks/etc/compatconfig, skipping
06-04 18:04:42.552 468 468 D CompatConfig: Found a config file: /apex/com.android.mediaprovider/etc/compatconfig/media-provider-platform-compat-config.xml
06-04 18:04:42.554 468 468 D CompatConfig: Adding: com.android.server.compat.config.Change@ec4284a
06-04 18:04:42.555 468 468 D CompatConfig: Adding: com.android.server.compat.config.Change@107e3bb
06-04 18:04:42.555 468 468 D CompatConfig: Adding: com.android.server.compat.config.Change@56120d8
06-04 18:04:42.556 468 468 D CompatConfig: Adding: com.android.server.compat.config.Change@16cfc31
06-04 18:04:42.556 468 468 D CompatConfig: Adding: com.android.server.compat.config.Change@f247f16
06-04 18:04:42.557 468 468 D CompatConfig: Adding: com.android.server.compat.config.Change@2470097
06-04 18:04:42.557 468 468 D CompatConfig: Adding: com.android.server.compat.config.Change@6337284
06-04 18:04:42.558 468 468 D CompatConfig: No directory /apex/com.android.media.swcodec/etc/compatconfig, skipping
06-04 18:04:42.558 468 468 D CompatConfig: No directory /apex/com.android.media/etc/compatconfig, skipping
06-04 18:04:42.558 468 468 D CompatConfig: No directory /apex/com.android.ipsec/etc/compatconfig, skipping
06-04 18:04:42.559 468 468 D CompatConfig: No directory /apex/com.android.i18n/etc/compatconfig, skipping
06-04 18:04:42.559 468 468 D CompatConfig: No directory /apex/com.android.extservices/etc/compatconfig, skipping
06-04 18:04:42.559 468 468 D CompatConfig: No directory /apex/com.android.conscrypt/etc/compatconfig, skipping
06-04 18:04:42.559 468 525 I SystemConfig: Reading permissions from /system/etc/permissions/com.android.networkstack.xml
06-04 18:04:42.560 468 468 D CompatConfig: Found a config file: /apex/com.android.art/etc/compatconfig/libcore-platform-compat-config.xml
06-04 18:04:42.561 468 525 I SystemConfig: Reading permissions from /system/etc/permissions/platform.xml
06-04 18:04:42.562 468 468 D CompatConfig: Adding: com.android.server.compat.config.Change@1260069
06-04 18:04:42.564 468 468 D CompatConfig: Adding: com.android.server.compat.config.Change@d236b8f
06-04 18:04:42.565 468 468 D CompatConfig: Adding: com.android.server.compat.config.Change@2748e1c
06-04 18:04:42.566 468 468 D CompatConfig: Adding: com.android.server.compat.config.Change@4953a25
06-04 18:04:42.568 468 468 D CompatConfig: Adding: com.android.server.compat.config.Change@8df37fa
06-04 18:04:42.569 468 525 I SystemConfig: Reading permissions from /vendor/etc/permissions/android.hardware.vulkan.compute.xml
06-04 18:04:42.569 468 468 D CompatConfig: No directory /apex/com.android.appsearch/etc/compatconfig, skipping
06-04 18:04:42.569 468 468 D CompatConfig: No directory /apex/com.android.adbd/etc/compatconfig, skipping
06-04 18:04:42.571 468 525 I SystemConfig: Reading permissions from /vendor/etc/permissions/android.software.pppoe.xml
06-04 18:04:42.573 468 525 I SystemConfig: Reading permissions from /vendor/etc/permissions/android.software.verified_boot.xml
06-04 18:04:42.573 468 468 D SystemServerTiming: PlatformCompat took to complete: 221ms
06-04 18:04:42.574 468 468 I SystemServerTiming: StartFileIntegrityService
06-04 18:04:42.574 468 468 I SystemServiceManager: Starting com.android.server.security.FileIntegrityService
06-04 18:04:42.575 468 525 I SystemConfig: Reading permissions from /vendor/etc/permissions/android.software.midi.xml
06-04 18:04:42.577 468 525 I SystemConfig: Reading permissions from /vendor/etc/permissions/android.hardware.camera.external.xml
06-04 18:04:42.579 468 525 I SystemConfig: Reading permissions from /vendor/etc/permissions/android.hardware.usb.host.xml
06-04 18:04:42.580 468 525 I SystemConfig: Reading permissions from /vendor/etc/permissions/android.hardware.bluetooth_le.xml
06-04 18:04:42.582 468 525 I SystemConfig: Reading permissions from /vendor/etc/permissions/android.software.ipsec_tunnels.xml
06-04 18:04:42.583 468 525 I SystemConfig: Reading permissions from /vendor/etc/permissions/android.hardware.vulkan.level.xml
06-04 18:04:42.584 468 525 I SystemConfig: Reading permissions from /vendor/etc/permissions/android.software.opengles.deqp.level.xml
06-04 18:04:42.586 468 525 I SystemConfig: Reading permissions from /vendor/etc/permissions/android.hardware.keystore.app_attest_key.xml
