06-04 18:05:00.325 1490 1490 E a2dp_vendor_ldac_decoder: system/bt/stack/a2dp/a2dp_vendor_ldac_decoder.cc:134 A2DP_VendorLoadDecoderLdac: A2DP_VendorLoadDecoderLdac: cannot open LDAC decoder library libldacBT_bco.so: dlopen failed: library "libldacBT_bco.so" not found
06-04 18:05:00.325 1490 1490 E a2dp_vendor_ldac: system/bt/stack/a2dp/a2dp_vendor_ldac.cc:1418 init: init: cannot load the decoder
06-04 18:05:00.325 1490 1490 I a2dp_codec: system/bt/stack/a2dp/a2dp_codec_config.cc:658 init: init: initialized Source codec LDAC
06-04 18:05:00.325 1490 1490 I a2dp_codec: system/bt/stack/a2dp/a2dp_codec_config.cc:658 init: init: initialized Source codec AAC
06-04 18:05:00.325 1490 1490 I a2dp_codec: system/bt/stack/a2dp/a2dp_codec_config.cc:658 init: init: initialized Source codec SBC
06-04 18:05:00.325 1490 1490 I a2dp_codec: system/bt/stack/a2dp/a2dp_codec_config.cc:665 init: init: initialized Sink codec AAC SINK
06-04 18:05:00.325 1490 1490 I a2dp_codec: system/bt/stack/a2dp/a2dp_codec_config.cc:665 init: init: initialized Sink codec SBC SINK
06-04 18:05:00.326 1490 1490 I a2dp_codec: system/bt/stack/a2dp/a2dp_codec_config.cc:569 init: init
06-04 18:05:00.326 1490 1490 I a2dp_codec: system/bt/stack/a2dp/a2dp_codec_config.cc:113 createCodec: createCodec: codec SBC
06-04 18:05:00.326 1490 1490 I a2dp_codec: system/bt/stack/a2dp/a2dp_codec_config.cc:633 init: init: updated SBC codec priority to 1001
06-04 18:05:00.326 1490 1490 I a2dp_codec: system/bt/stack/a2dp/a2dp_codec_config.cc:113 createCodec: createCodec: codec AAC
06-04 18:05:00.326 1490 1490 I a2dp_codec: system/bt/stack/a2dp/a2dp_codec_config.cc:633 init: init: updated AAC codec priority to 2001
06-04 18:05:00.326 1490 1490 I a2dp_codec: system/bt/stack/a2dp/a2dp_codec_config.cc:113 createCodec: createCodec: codec aptX
06-04 18:05:00.327 1490 1490 E a2dp_vendor_aptx_encoder: system/bt/stack/a2dp/a2dp_vendor_aptx_encoder.cc:123 A2DP_VendorLoadEncoderAptx: A2DP_VendorLoadEncoderAptx: cannot open aptX encoder library libaptX_encoder.so: dlopen failed: library "libaptX_encoder.so" not found
06-04 18:05:00.327 1490 1490 E a2dp_vendor_aptx: system/bt/stack/a2dp/a2dp_vendor_aptx.cc:465 init: init: cannot load the encoder
06-04 18:05:00.327 1490 1490 I a2dp_codec: system/bt/stack/a2dp/a2dp_codec_config.cc:113 createCodec: createCodec: codec aptX-HD
06-04 18:05:00.328 1490 1490 E a2dp_vendor_aptx_hd_encoder: system/bt/stack/a2dp/a2dp_vendor_aptx_hd_encoder.cc:123 A2DP_VendorLoadEncoderAptxHd: A2DP_VendorLoadEncoderAptxHd: cannot open aptX-HD encoder library libaptXHD_encoder.so: dlopen failed: library "libaptXHD_encoder.so" not found
06-04 18:05:00.328 1490 1490 E a2dp_vendor_aptx_hd: system/bt/stack/a2dp/a2dp_vendor_aptx_hd.cc:483 init: init: cannot load the encoder
06-04 18:05:00.328 1490 1490 I a2dp_codec: system/bt/stack/a2dp/a2dp_codec_config.cc:113 createCodec: createCodec: codec LDAC
06-04 18:05:00.328 1490 1490 I a2dp_codec: system/bt/stack/a2dp/a2dp_codec_config.cc:633 init: init: updated LDAC codec priority to 5001
06-04 18:05:00.328 1490 1490 I a2dp_codec: system/bt/stack/a2dp/a2dp_codec_config.cc:113 createCodec: createCodec: codec SBC SINK
06-04 18:05:00.328 1490 1490 I a2dp_codec: system/bt/stack/a2dp/a2dp_codec_config.cc:113 createCodec: createCodec: codec AAC SINK
06-04 18:05:00.328 1490 1490 I a2dp_codec: system/bt/stack/a2dp/a2dp_codec_config.cc:113 createCodec: createCodec: codec LDAC SINK
06-04 18:05:00.330 1490 1490 E a2dp_vendor_ldac_decoder: system/bt/stack/a2dp/a2dp_vendor_ldac_decoder.cc:134 A2DP_VendorLoadDecoderLdac: A2DP_VendorLoadDecoderLdac: cannot open LDAC decoder library libldacBT_bco.so: dlopen failed: library "libldacBT_bco.so" not found
06-04 18:05:00.330 1490 1490 E a2dp_vendor_ldac: system/bt/stack/a2dp/a2dp_vendor_ldac.cc:1418 init: init: cannot load the decoder
06-04 18:05:00.330 1490 1490 I a2dp_codec: system/bt/stack/a2dp/a2dp_codec_config.cc:658 init: init: initialized Source codec LDAC
06-04 18:05:00.330 1490 1490 I a2dp_codec: system/bt/stack/a2dp/a2dp_codec_config.cc:658 init: init: initialized Source codec AAC
06-04 18:05:00.330 1490 1490 I a2dp_codec: system/bt/stack/a2dp/a2dp_codec_config.cc:658 init: init: initialized Source codec SBC
06-04 18:05:00.330 1490 1490 I a2dp_codec: system/bt/stack/a2dp/a2dp_codec_config.cc:665 init: init: initialized Sink codec AAC SINK
06-04 18:05:00.330 1490 1490 I a2dp_codec: system/bt/stack/a2dp/a2dp_codec_config.cc:665 init: init: initialized Sink codec SBC SINK
06-04 18:05:00.330 1490 1490 I a2dp_codec: system/bt/stack/a2dp/a2dp_codec_config.cc:569 init: init
06-04 18:05:00.330 1490 1490 I a2dp_codec: system/bt/stack/a2dp/a2dp_codec_config.cc:113 createCodec: createCodec: codec SBC
06-04 18:05:00.330 1490 1490 I a2dp_codec: system/bt/stack/a2dp/a2dp_codec_config.cc:633 init: init: updated SBC codec priority to 1001
06-04 18:05:00.330 1490 1490 I a2dp_codec: system/bt/stack/a2dp/a2dp_codec_config.cc:113 createCodec: createCodec: codec AAC
06-04 18:05:00.330 1490 1490 I a2dp_codec: system/bt/stack/a2dp/a2dp_codec_config.cc:633 init: init: updated AAC codec priority to 2001
06-04 18:05:00.330 1490 1490 I a2dp_codec: system/bt/stack/a2dp/a2dp_codec_config.cc:113 createCodec: createCodec: codec aptX
06-04 18:05:00.331 1490 1490 E a2dp_vendor_aptx_encoder: system/bt/stack/a2dp/a2dp_vendor_aptx_encoder.cc:123 A2DP_VendorLoadEncoderAptx: A2DP_VendorLoadEncoderAptx: cannot open aptX encoder library libaptX_encoder.so: dlopen failed: library "libaptX_encoder.so" not found
06-04 18:05:00.331 1490 1490 E a2dp_vendor_aptx: system/bt/stack/a2dp/a2dp_vendor_aptx.cc:465 init: init: cannot load the encoder
06-04 18:05:00.331 1490 1490 I a2dp_codec: system/bt/stack/a2dp/a2dp_codec_config.cc:113 createCodec: createCodec: codec aptX-HD
06-04 18:05:00.332 1490 1490 E a2dp_vendor_aptx_hd_encoder: system/bt/stack/a2dp/a2dp_vendor_aptx_hd_encoder.cc:123 A2DP_VendorLoadEncoderAptxHd: A2DP_VendorLoadEncoderAptxHd: cannot open aptX-HD encoder library libaptXHD_encoder.so: dlopen failed: library "libaptXHD_encoder.so" not found
06-04 18:05:00.332 1490 1490 E a2dp_vendor_aptx_hd: system/bt/stack/a2dp/a2dp_vendor_aptx_hd.cc:483 init: init: cannot load the encoder
06-04 18:05:00.332 1490 1490 I a2dp_codec: system/bt/stack/a2dp/a2dp_codec_config.cc:113 createCodec: createCodec: codec LDAC
06-04 18:05:00.332 1490 1490 I a2dp_codec: system/bt/stack/a2dp/a2dp_codec_config.cc:633 init: init: updated LDAC codec priority to 5001
06-04 18:05:00.332 1490 1490 I a2dp_codec: system/bt/stack/a2dp/a2dp_codec_config.cc:113 createCodec: createCodec: codec SBC SINK
06-04 18:05:00.333 1490 1490 I a2dp_codec: system/bt/stack/a2dp/a2dp_codec_config.cc:113 createCodec: createCodec: codec AAC SINK
06-04 18:05:00.333 1490 1490 I a2dp_codec: system/bt/stack/a2dp/a2dp_codec_config.cc:113 createCodec: createCodec: codec LDAC SINK
06-04 18:05:00.334 1490 1490 E a2dp_vendor_ldac_decoder: system/bt/stack/a2dp/a2dp_vendor_ldac_decoder.cc:134 A2DP_VendorLoadDecoderLdac: A2DP_VendorLoadDecoderLdac: cannot open LDAC decoder library libldacBT_bco.so: dlopen failed: library "libldacBT_bco.so" not found
06-04 18:05:00.334 1490 1490 E a2dp_vendor_ldac: system/bt/stack/a2dp/a2dp_vendor_ldac.cc:1418 init: init: cannot load the decoder
06-04 18:05:00.334 1490 1490 I a2dp_codec: system/bt/stack/a2dp/a2dp_codec_config.cc:658 init: init: initialized Source codec LDAC
06-04 18:05:00.334 1490 1490 I a2dp_codec: system/bt/stack/a2dp/a2dp_codec_config.cc:658 init: init: initialized Source codec AAC
06-04 18:05:00.334 1490 1490 I a2dp_codec: system/bt/stack/a2dp/a2dp_codec_config.cc:658 init: init: initialized Source codec SBC
06-04 18:05:00.334 1490 1490 I a2dp_codec: system/bt/stack/a2dp/a2dp_codec_config.cc:665 init: init: initialized Sink codec AAC SINK
06-04 18:05:00.334 1490 1490 I a2dp_codec: system/bt/stack/a2dp/a2dp_codec_config.cc:665 init: init: initialized Sink codec SBC SINK
06-04 18:05:00.334 1490 1490 I a2dp_codec: system/bt/stack/a2dp/a2dp_codec_config.cc:569 init: init
06-04 18:05:00.334 1490 1490 I a2dp_codec: system/bt/stack/a2dp/a2dp_codec_config.cc:113 createCodec: createCodec: codec SBC
06-04 18:05:00.334 1490 1490 I a2dp_codec: system/bt/stack/a2dp/a2dp_codec_config.cc:633 init: init: updated SBC codec priority to 1001
06-04 18:05:00.334 1490 1490 I a2dp_codec: system/bt/stack/a2dp/a2dp_codec_config.cc:113 createCodec: createCodec: codec AAC
06-04 18:05:00.334 1490 1490 I a2dp_codec: system/bt/stack/a2dp/a2dp_codec_config.cc:633 init: init: updated AAC codec priority to 2001
06-04 18:05:00.334 1490 1490 I a2dp_codec: system/bt/stack/a2dp/a2dp_codec_config.cc:113 createCodec: createCodec: codec aptX
06-04 18:05:00.335 1490 1490 E a2dp_vendor_aptx_encoder: system/bt/stack/a2dp/a2dp_vendor_aptx_encoder.cc:123 A2DP_VendorLoadEncoderAptx: A2DP_VendorLoadEncoderAptx: cannot open aptX encoder library libaptX_encoder.so: dlopen failed: library "libaptX_encoder.so" not found
06-04 18:05:00.335 1490 1490 E a2dp_vendor_aptx: system/bt/stack/a2dp/a2dp_vendor_aptx.cc:465 init: init: cannot load the encoder
06-04 18:05:00.335 1490 1490 I a2dp_codec: system/bt/stack/a2dp/a2dp_codec_config.cc:113 createCodec: createCodec: codec aptX-HD
06-04 18:05:00.336 1490 1490 E a2dp_vendor_aptx_hd_encoder: system/bt/stack/a2dp/a2dp_vendor_aptx_hd_encoder.cc:123 A2DP_VendorLoadEncoderAptxHd: A2DP_VendorLoadEncoderAptxHd: cannot open aptX-HD encoder library libaptXHD_encoder.so: dlopen failed: library "libaptXHD_encoder.so" not found
06-04 18:05:00.336 1490 1490 E a2dp_vendor_aptx_hd: system/bt/stack/a2dp/a2dp_vendor_aptx_hd.cc:483 init: init: cannot load the encoder
06-04 18:05:00.336 1490 1490 I a2dp_codec: system/bt/stack/a2dp/a2dp_codec_config.cc:113 createCodec: createCodec: codec LDAC
06-04 18:05:00.336 1490 1490 I a2dp_codec: system/bt/stack/a2dp/a2dp_codec_config.cc:633 init: init: updated LDAC codec priority to 5001
06-04 18:05:00.336 1490 1490 I a2dp_codec: system/bt/stack/a2dp/a2dp_codec_config.cc:113 createCodec: createCodec: codec SBC SINK
06-04 18:05:00.336 1490 1490 I a2dp_codec: system/bt/stack/a2dp/a2dp_codec_config.cc:113 createCodec: createCodec: codec AAC SINK
06-04 18:05:00.336 1490 1490 I a2dp_codec: system/bt/stack/a2dp/a2dp_codec_config.cc:113 createCodec: createCodec: codec LDAC SINK
06-04 18:05:00.337 1490 1490 E a2dp_vendor_ldac_decoder: system/bt/stack/a2dp/a2dp_vendor_ldac_decoder.cc:134 A2DP_VendorLoadDecoderLdac: A2DP_VendorLoadDecoderLdac: cannot open LDAC decoder library libldacBT_bco.so: dlopen failed: library "libldacBT_bco.so" not found
06-04 18:05:00.337 1490 1490 E a2dp_vendor_ldac: system/bt/stack/a2dp/a2dp_vendor_ldac.cc:1418 init: init: cannot load the decoder
06-04 18:05:00.337 1490 1490 I a2dp_codec: system/bt/stack/a2dp/a2dp_codec_config.cc:658 init: init: initialized Source codec LDAC
06-04 18:05:00.337 1490 1490 I a2dp_codec: system/bt/stack/a2dp/a2dp_codec_config.cc:658 init: init: initialized Source codec AAC
06-04 18:05:00.337 1490 1490 I a2dp_codec: system/bt/stack/a2dp/a2dp_codec_config.cc:658 init: init: initialized Source codec SBC
06-04 18:05:00.337 1490 1490 I a2dp_codec: system/bt/stack/a2dp/a2dp_codec_config.cc:665 init: init: initialized Sink codec AAC SINK
06-04 18:05:00.338 1490 1490 I a2dp_codec: system/bt/stack/a2dp/a2dp_codec_config.cc:665 init: init: initialized Sink codec SBC SINK
06-04 18:05:00.338 1490 1490 I a2dp_codec: system/bt/stack/a2dp/a2dp_codec_config.cc:569 init: init
06-04 18:05:00.338 1490 1490 I a2dp_codec: system/bt/stack/a2dp/a2dp_codec_config.cc:113 createCodec: createCodec: codec SBC
06-04 18:05:00.338 1490 1490 I a2dp_codec: system/bt/stack/a2dp/a2dp_codec_config.cc:633 init: init: updated SBC codec priority to 1001
06-04 18:05:00.338 1490 1490 I a2dp_codec: system/bt/stack/a2dp/a2dp_codec_config.cc:113 createCodec: createCodec: codec AAC
06-04 18:05:00.338 1490 1490 I a2dp_codec: system/bt/stack/a2dp/a2dp_codec_config.cc:633 init: init: updated AAC codec priority to 2001
06-04 18:05:00.338 1490 1490 I a2dp_codec: system/bt/stack/a2dp/a2dp_codec_config.cc:113 createCodec: createCodec: codec aptX
06-04 18:05:00.339 1490 1490 E a2dp_vendor_aptx_encoder: system/bt/stack/a2dp/a2dp_vendor_aptx_encoder.cc:123 A2DP_VendorLoadEncoderAptx: A2DP_VendorLoadEncoderAptx: cannot open aptX encoder library libaptX_encoder.so: dlopen failed: library "libaptX_encoder.so" not found
06-04 18:05:00.339 1490 1490 E a2dp_vendor_aptx: system/bt/stack/a2dp/a2dp_vendor_aptx.cc:465 init: init: cannot load the encoder
06-04 18:05:00.339 1490 1490 I a2dp_codec: system/bt/stack/a2dp/a2dp_codec_config.cc:113 createCodec: createCodec: codec aptX-HD
06-04 18:05:00.340 1994 1994 V GraphicsEnvironment: ANGLE Developer option for 'com.dangbei.zhushou.os' set to: 'default'
06-04 18:05:00.340 1994 1994 V GraphicsEnvironment: Neither updatable production driver nor prerelease driver is supported.
06-04 18:05:00.340 1490 1490 E a2dp_vendor_aptx_hd_encoder: system/bt/stack/a2dp/a2dp_vendor_aptx_hd_encoder.cc:123 A2DP_VendorLoadEncoderAptxHd: A2DP_VendorLoadEncoderAptxHd: cannot open aptX-HD encoder library libaptXHD_encoder.so: dlopen failed: library "libaptXHD_encoder.so" not found
06-04 18:05:00.340 1490 1490 E a2dp_vendor_aptx_hd: system/bt/stack/a2dp/a2dp_vendor_aptx_hd.cc:483 init: init: cannot load the encoder
06-04 18:05:00.340 1490 1490 I a2dp_codec: system/bt/stack/a2dp/a2dp_codec_config.cc:113 createCodec: createCodec: codec LDAC
06-04 18:05:00.340 1490 1490 I a2dp_codec: system/bt/stack/a2dp/a2dp_codec_config.cc:633 init: init: updated LDAC codec priority to 5001
06-04 18:05:00.340 1490 1490 I a2dp_codec: system/bt/stack/a2dp/a2dp_codec_config.cc:113 createCodec: createCodec: codec SBC SINK
06-04 18:05:00.340 1490 1490 I a2dp_codec: system/bt/stack/a2dp/a2dp_codec_config.cc:113 createCodec: createCodec: codec AAC SINK
06-04 18:05:00.340 1490 1490 I a2dp_codec: system/bt/stack/a2dp/a2dp_codec_config.cc:113 createCodec: createCodec: codec LDAC SINK
06-04 18:05:00.342 1490 1490 E a2dp_vendor_ldac_decoder: system/bt/stack/a2dp/a2dp_vendor_ldac_decoder.cc:134 A2DP_VendorLoadDecoderLdac: A2DP_VendorLoadDecoderLdac: cannot open LDAC decoder library libldacBT_bco.so: dlopen failed: library "libldacBT_bco.so" not found
06-04 18:05:00.342 1490 1490 E a2dp_vendor_ldac: system/bt/stack/a2dp/a2dp_vendor_ldac.cc:1418 init: init: cannot load the decoder
06-04 18:05:00.342 1490 1490 I a2dp_codec: system/bt/stack/a2dp/a2dp_codec_config.cc:658 init: init: initialized Source codec LDAC
06-04 18:05:00.342 1490 1490 I a2dp_codec: system/bt/stack/a2dp/a2dp_codec_config.cc:658 init: init: initialized Source codec AAC
06-04 18:05:00.342 1490 1490 I a2dp_codec: system/bt/stack/a2dp/a2dp_codec_config.cc:658 init: init: initialized Source codec SBC
06-04 18:05:00.342 1490 1490 I a2dp_codec: system/bt/stack/a2dp/a2dp_codec_config.cc:665 init: init: initialized Sink codec AAC SINK
06-04 18:05:00.342 1490 1490 I a2dp_codec: system/bt/stack/a2dp/a2dp_codec_config.cc:665 init: init: initialized Sink codec SBC SINK
06-04 18:05:00.342 1490 1490 I bt_btif_a2dp_source: system/bt/btif/src/btif_a2dp_source.cc:325 btif_a2dp_source_init: btif_a2dp_source_init
06-04 18:05:00.342 1490 2037 I bt_stack: [INFO:message_loop_thread.cc(224)] Run: message loop starting for thread bt_a2dp_source_worker_thread
06-04 18:05:00.343 1994 1994 D NetworkSecurityConfig: No Network Security Config specified, using platform default
06-04 18:05:00.343 1490 1490 I bt_btif_storage: system/bt/btif/src/btif_storage.cc:661 btif_storage_get_adapter_property: btif_storage_get_adapter_property service_mask:0x20000048
06-04 18:05:00.343 1490 1776 I bt_bta_av: system/bt/bta/av/bta_av_main.cc:418 bta_av_api_register: bta_av_api_register: AVRCP version used for sdp: "avrcp15"
06-04 18:05:00.343 1490 1776 I bt_l2cap: system/bt/stack/l2cap/l2c_api.cc:134 L2CA_Register: L2CAP Registered service classic PSM: 0x0019
06-04 18:05:00.343 1490 1776 I bt_l2cap: system/bt/stack/l2cap/l2c_api.cc:134 L2CA_Register: L2CAP Registered service classic PSM: 0x0017
06-04 18:05:00.343 1490 1490 D A2dpService: A2DP offload flag set to false
06-04 18:05:00.343 1490 1776 I bt_l2cap: system/bt/stack/l2cap/l2c_api.cc:134 L2CA_Register: L2CAP Registered service classic PSM: 0x001b
06-04 18:05:00.343 1490 1776 I bt_bta_dm: system/bt/bta/dm/bta_dm_act.cc:3191 bta_dm_eir_update_uuid: EIR Adding UUID=0x110A into extended inquiry response
06-04 18:05:00.343 1490 1776 I bt_bta_dm: system/bt/bta/dm/bta_dm_act.cc:2890 bta_dm_set_eir: Generating extended inquiry response packet EIR
06-04 18:05:00.343 1490 1776 I bt_bta_av: system/bt/bta/av/bta_av_act.cc:304 bta_av_rc_create: Skipping RC creation for the old AVRCP profile
06-04 18:05:00.343 1490 1776 I bt_bta_dm: system/bt/bta/dm/bta_dm_act.cc:3191 bta_dm_eir_update_uuid: EIR Adding UUID=0x110E into extended inquiry response
06-04 18:05:00.343 1490 1776 I bt_bta_dm: system/bt/bta/dm/bta_dm_act.cc:2890 bta_dm_set_eir: Generating extended inquiry response packet EIR
06-04 18:05:00.343 1490 1776 I bt_bta_av: system/bt/bta/av/bta_av_main.cc:418 bta_av_api_register: bta_av_api_register: AVRCP version used for sdp: "avrcp15"
06-04 18:05:00.344 1490 1776 I bt_bta_av: system/bt/bta/av/bta_av_main.cc:418 bta_av_api_register: bta_av_api_register: AVRCP version used for sdp: "avrcp15"
06-04 18:05:00.344 1490 1776 I bt_bta_av: system/bt/bta/av/bta_av_main.cc:418 bta_av_api_register: bta_av_api_register: AVRCP version used for sdp: "avrcp15"
06-04 18:05:00.344 1490 1776 I bt_bta_av: system/bt/bta/av/bta_av_main.cc:418 bta_av_api_register: bta_av_api_register: AVRCP version used for sdp: "avrcp15"
06-04 18:05:00.344 1490 1776 I bt_bta_av: system/bt/bta/av/bta_av_main.cc:418 bta_av_api_register: bta_av_api_register: AVRCP version used for sdp: "avrcp15"
06-04 18:05:00.344 1490 2037 I bt_btif_a2dp_source: system/bt/btif/src/btif_a2dp_source.cc:335 btif_a2dp_source_init_delayed: btif_a2dp_source_init_delayed
06-04 18:05:00.344 1994 1994 D NetworkSecurityConfig: No Network Security Config specified, using platform default
06-04 18:05:00.346 1994 1994 I MultiDex: VM with version 2.1.0 has multidex support
06-04 18:05:00.346 1994 1994 I MultiDex: Installing application
06-04 18:05:00.346 1994 1994 I MultiDex: VM has multidex support, MultiDex support library is disabled.
06-04 18:05:00.351 1490 1490 D A2dpService: setA2dpService(): set to: com.android.bluetooth.a2dp.A2dpService@9be0574
06-04 18:05:00.353 1490 1490 I BluetoothHidHostServiceJni: classInitNative: succeeds
06-04 18:05:00.354 468 619 D ConnectivityService: NetReassign [no changes]
06-04 18:05:00.361 468 619 D ConnectivityService: NetReassign [no changes]
06-04 18:05:00.362 246 299 I netd : interfaceSetIPv6PrivacyExtensions(wlan0, true) <0.57ms>
06-04 18:05:00.363 468 612 E WifiVendorHal: configureNeighborDiscoveryOffload(l.2704) failed {.code = ERROR_INVALID_ARGS, .description = }
06-04 18:05:00.364 246 299 I netd : setIPv6AddrGenMode(wlan0, 2) <0.57ms>
06-04 18:05:00.365 246 299 I netd : interfaceSetEnableIPv6(wlan0, true) <0.79ms>
06-04 18:05:00.368 1490 1490 I bt_btif : system/bt/btif/src/bluetooth.cc:417 get_profile_interface: get_profile_interface: id = hidhost
06-04 18:05:00.369 1490 1776 I bt_l2cap: system/bt/stack/l2cap/l2c_api.cc:134 L2CA_Register: L2CAP Registered service classic PSM: 0x0011
06-04 18:05:00.369 1490 1776 I bt_l2cap: system/bt/stack/l2cap/l2c_api.cc:134 L2CA_Register: L2CAP Registered service classic PSM: 0x0013
06-04 18:05:00.370 1490 1776 I bluetooth: system/bt/stack/gatt/gatt_api.cc:1019 GATT_Register: Allocated name:GattClient uuid:0df46d43-a9f0-0900-1b9e-fc38df7fabc6 gatt_if:4 eatt_support:0
06-04 18:05:00.371 1490 1490 I bt_btif_storage: system/bt/btif/src/btif_storage.cc:661 btif_storage_get_adapter_property: btif_storage_get_adapter_property service_mask:0x20100048
06-04 18:05:00.371 1490 1695 W bt_stack: [WARNING:btif_hh.cc(403)] Added device e4:bb:d3:57:c0:7d
06-04 18:05:00.371 1490 1695 W bt_btif : system/bt/main/bte_logmsg.cc:194 LogMsg: BTA_HH_ADD_DEV_EVT: status = 0, handle = 16
06-04 18:05:00.375 1490 1490 I BluetoothPanServiceJni: classInitNative(L110): succeeds
06-04 18:05:00.379 1490 1490 D BluetoothPanServiceJni: initializeNative(L115): pan
06-04 18:05:00.379 1490 1490 I bt_btif : system/bt/btif/src/bluetooth.cc:417 get_profile_interface: get_profile_interface: id = pan
06-04 18:05:00.379 1490 1776 I bt_l2cap: system/bt/stack/l2cap/l2c_api.cc:134 L2CA_Register: L2CAP Registered service classic PSM: 0x000f
06-04 18:05:00.380 1490 1776 I bt_bta_dm: system/bt/bta/dm/bta_dm_act.cc:3191 bta_dm_eir_update_uuid: EIR Adding UUID=0x1116 into extended inquiry response
06-04 18:05:00.380 1490 1776 I bt_bta_dm: system/bt/bta/dm/bta_dm_act.cc:2890 bta_dm_set_eir: Generating extended inquiry response packet EIR
06-04 18:05:00.380 1490 1776 I bt_bta_dm: system/bt/bta/dm/bta_dm_act.cc:3191 bta_dm_eir_update_uuid: EIR Adding UUID=0x1115 into extended inquiry response
06-04 18:05:00.380 1490 1776 I bt_bta_dm: system/bt/bta/dm/bta_dm_act.cc:2890 bta_dm_set_eir: Generating extended inquiry response packet EIR
06-04 18:05:00.380 1490 1776 I bt_bta_dm: system/bt/bta/dm/bta_dm_act.cc:3191 bta_dm_eir_update_uuid: EIR Adding UUID=0x1116 into extended inquiry response
06-04 18:05:00.380 1490 1776 I bt_bta_dm: system/bt/bta/dm/bta_dm_act.cc:2890 bta_dm_set_eir: Generating extended inquiry response packet EIR
06-04 18:05:00.380 1490 1776 I bt_bta_dm: system/bt/bta/dm/bta_dm_act.cc:3191 bta_dm_eir_update_uuid: EIR Adding UUID=0x1115 into extended inquiry response
06-04 18:05:00.380 1490 1776 I bt_bta_dm: system/bt/bta/dm/bta_dm_act.cc:2890 bta_dm_set_eir: Generating extended inquiry response packet EIR
06-04 18:05:00.380 1490 1695 D BluetoothPanServiceJni: control_state_callback(L62): state:0, local_role:3, ifname:bt-pan
06-04 18:05:00.395 1490 1490 I AvrcpTargetService: User unlocked, initializing the service
06-04 18:05:00.395 1490 1490 I AvrcpTargetService: Starting the AVRCP Target Service
06-04 18:05:00.396 468 619 D ConnectivityService: Adding iface wlan0 to network 100
06-04 18:05:00.396 246 299 E Netd : no such netId 100
06-04 18:05:00.397 246 299 I netd : networkAddInterface(100, wlan0) -> ServiceSpecificException(64, "Machine is not on the network") <0.10ms>
06-04 18:05:00.398 468 619 W ConnectivityService: Exception adding interface: android.os.ServiceSpecificException: Machine is not on the network (code 64)
06-04 18:05:00.398 1490 1490 V MediaPlayerList: Creating MediaPlayerList
06-04 18:05:00.400 246 299 E Netd : no such netId 100
06-04 18:05:00.400 246 299 I netd : networkAddRouteParcel(100, RouteInfoParcel{destination: fe80::/64, ifName: wlan0, nextHop: , mtu: 0}) -> ServiceSpecificException(64, "Machine is not on the network") <0.11ms>
06-04 18:05:00.409 1994 1994 I b : -----------> Auto switch user, userId: -3377459
06-04 18:05:00.410 1994 1994 I b : -----------> doSwitchUserInternal, userId: -3377459
06-04 18:05:00.410 468 619 W BestClock: java.time.DateTimeException: Missing NTP fix
06-04 18:05:00.411 468 581 D MediaSessionService: The MediaKeyEventSessionChangedListener (android.os.BinderProxy@f50b336) is added by com.android.bluetooth
06-04 18:05:00.411 1994 1994 D yl : com.wangjie.rapidorm.c.b.a-------------------the tables are {class com.dangbei.setting.provider.dal.db.model.User=com.dangbei.setting.provider.dal.db.model.c@aa8ee02, class com.dangbei.setting.provider.dal.db.model.UserPreference=com.dangbei.setting.provider.dal.db.model.b@9fe2313}
06-04 18:05:00.412 1490 1490 I AvrcpTargetJni: classInitNative: AvrcpTargetJni initialized!
06-04 18:05:00.412 1490 1490 D AvrcpNativeInterface: Init AvrcpNativeInterface
06-04 18:05:00.412 1490 1490 D AvrcpTargetJni: initNative
06-04 18:05:00.412 1490 1776 I bt_stack: [INFO:avrcp_service.cc(287)] AVRCP Target Service started
06-04 18:05:00.412 1490 1776 I bt_bta_dm: system/bt/bta/dm/bta_dm_act.cc:3191 bta_dm_eir_update_uuid: EIR Adding UUID=0x110C into extended inquiry response
06-04 18:05:00.412 1490 1776 I bt_bta_dm: system/bt/bta/dm/bta_dm_act.cc:2890 bta_dm_set_eir: Generating extended inquiry response packet EIR
06-04 18:05:00.412 1490 1776 I bt_stack: [INFO:connection_handler.cc(197)] Connect to device ff:ff:ff:ff:ff:ff
06-04 18:05:00.413 1490 1776 I bt_stack: [INFO:connection_handler.cc(219)] virtual bool bluetooth::avrcp::ConnectionHandler::AvrcpConnect(bool, const RawAddress &): handle=0000 status= 000000
06-04 18:05:00.418 1490 1490 V MediaPlayerList: Initializing MediaPlayerList
06-04 18:05:00.420 1490 1490 I AvrcpBrowsedPlayerWrapper: Wrapping Media Browser com.android.music
06-04 18:05:00.420 1490 1490 E AvrcpTargetService: Please use AVRCP version 1.6 to enable cover art
06-04 18:05:00.425 1490 1490 V BluetoothHidDeviceServiceJni: classInitNative: done
06-04 18:05:00.425 1490 1490 V BluetoothHidDeviceServiceJni: initNative enter
06-04 18:05:00.425 1490 1490 I bt_btif : system/bt/btif/src/bluetooth.cc:417 get_profile_interface: get_profile_interface: id = hiddev
06-04 18:05:00.425 1490 1490 I bt_btif_storage: system/bt/btif/src/btif_storage.cc:661 btif_storage_get_adapter_property: btif_storage_get_adapter_property service_mask:0x60100048
06-04 18:05:00.425 1490 1490 V BluetoothHidDeviceServiceJni: initNative done
06-04 18:05:00.434 246 299 I netd : trafficSwapActiveStatsMap() <23.38ms>
06-04 18:05:00.440 246 299 I netd : tetherGetStats() -> {[]} <3.55ms>
06-04 18:05:00.445 468 619 W BestClock: java.time.DateTimeException: Missing NTP fix
06-04 18:05:00.446 1490 1490 D BtOppService: setBluetoothOppService(): set to: com.android.bluetooth.opp.BluetoothOppService@78c914b
06-04 18:05:00.448 663 663 E WifiHAL : wifi_get_link_stats: requestResponse Error:-5
06-04 18:05:00.449 468 612 E WifiVendorHal: getWifiLinkLayerStats_1_5_Internal(l.1191) failed {.code = ERROR_INVALID_ARGS, .description = }
06-04 18:05:00.449 468 610 W BestClock: java.time.DateTimeException: Missing NTP fix
06-04 18:05:00.453 468 610 W BestClock: java.time.DateTimeException: Missing NTP fix
06-04 18:05:00.455 1490 1490 I BluetoothPbapService: setCurrentUser(0)
06-04 18:05:00.456 1490 1490 I BluetoothPbapService: setUserUnlocked(0)
06-04 18:05:00.459 1490 1490 I BluetoothPbapService: setUserUnlocked(0)
06-04 18:05:00.465 1490 1490 D BluetoothPbapService: setBluetoothPbapService(): set to: com.android.bluetooth.pbap.BluetoothPbapService@db6dbbe
06-04 18:05:00.465 1490 1490 D AvrcpVolumeManager: onAudioDevicesAdded: Not expecting device changed
06-04 18:05:00.466 756 1435 D DhcpClient: l2key: W4284846907ebce5b lease address: /192.168.3.22 lease expiry: 1749034987643 current time: 1749031500465
06-04 18:05:00.474 468 581 D CompatibilityChangeReporter: Compat change id reported: 135634846; UID 10043; state: DISABLED
06-04 18:05:00.474 756 1435 D DhcpClient: Broadcasting DHCPREQUEST ciaddr=0.0.0.0 request=192.168.3.22 serverid=null
06-04 18:05:00.475 468 581 D CompatibilityChangeReporter: Compat change id reported: 177438394; UID 10043; state: DISABLED
06-04 18:05:00.475 468 581 D CompatibilityChangeReporter: Compat change id reported: 135772972; UID 10043; state: DISABLED
06-04 18:05:00.475 468 581 D CompatibilityChangeReporter: Compat change id reported: 135754954; UID 10043; state: DISABLED
06-04 18:05:00.477 1490 2053 D ObexServerSockets: create(rfcomm = -2, l2capPsm = -2)
06-04 18:05:00.478 1490 1490 D CompatibilityChangeReporter: Compat change id reported: 150939131; UID 1002; state: ENABLED
06-04 18:05:00.478 1490 1490 D AdapterProperties: onBluetoothReady, state=TURNING_ON, ScanMode=20
06-04 18:05:00.479 468 531 D CompatibilityChangeReporter: Compat change id reported: 143937733; UID 10043; state: DISABLED
06-04 18:05:00.480 1490 1490 D BluetoothAdapterService: updateUuids() - Updating UUIDs for bonded devices
06-04 18:05:00.482 1490 1490 I BluetoothAdapterService: initProfileServices: Initializing all bluetooth profile services
06-04 18:05:00.482 1490 1490 I BluetoothA2dpSinkServiceJni: classInitNative: succeeds
06-04 18:05:00.482 1490 1490 W HeadsetClientService: getHeadsetClientService(): service is null
06-04 18:05:00.483 1490 1490 W MapClientService: getMapClientService(): service is null
06-04 18:05:00.483 1490 1490 W PbapClientService: getPbapClientService(): service is null
06-04 18:05:00.483 1490 1490 W HearingAidService: getHearingAidService(): service is NULL
06-04 18:05:00.483 1490 1490 W SapService: getSapService(): service is null
06-04 18:05:00.483 1490 1676 I AdapterState: ON : entered
06-04 18:05:00.483 1490 1676 D AdapterProperties: Setting state to ON
06-04 18:05:00.484 1490 1695 D AdapterProperties: Scan Mode:21
06-04 18:05:00.485 1490 1695 D AdapterProperties: Discoverable Timeout:120
06-04 18:05:00.485 1490 1676 D BluetoothAdapterService: updateAdapterState() - Broadcasting state ON to 1 receivers.
06-04 18:05:00.487 468 519 D BluetoothManagerService: MESSAGE_BLUETOOTH_STATE_CHANGE: TURNING_ON > ON
06-04 18:05:00.487 468 519 D BluetoothManagerService: Broadcasting onBluetoothStateChange(true) to 4 receivers.
06-04 18:05:00.487 468 519 D BluetoothHeadset: onBluetoothStateChange: up=true
06-04 18:05:00.487 468 519 D BluetoothManagerService: Creating new ProfileServiceConnections object for profile: 1
06-04 18:05:00.492 1490 1695 D AdapterProperties: mLocalIOCapability set to 1
06-04 18:05:00.493 1490 1695 D AdapterProperties: mLocalIOCapabilityBLE set to 4
06-04 18:05:00.498 1994 1994 D CompatibilityChangeReporter: Compat change id reported: 147600208; UID 1000; state: DISABLED
06-04 18:05:00.501 1490 2053 I bt_btif_sock_rfcomm: system/bt/btif/src/btif_sock_rfc.cc:303 btsock_rfc_listen: Adding listening socket service_name: (null) - channel: -2
06-04 18:05:00.501 1490 1776 I bt_stack: [INFO:port_api.cc(234)] RFCOMM_CreateConnection: bd_addr=ff:ff:ff:ff:ff:ff, scn=4, is_server=1, mtu=990, uuid=000000, dlci=8, signal_state=0x0b, p_port=0xba254164
06-04 18:05:00.502 1490 1490 I BluetoothPhonePolicy: Received ACTION_UUID for device E4:BB:D3:57:C0:7D
06-04 18:05:00.502 1490 1490 I BluetoothPhonePolicy: index=0uuid=00001812-0000-1000-8000-00805f9b34fb
06-04 18:05:00.502 1490 1490 I BluetoothPhonePolicy: processInitProfilePriorities() - device E4:BB:D3:57:C0:7D
06-04 18:05:00.502 1490 1490 W HearingAidService: getHearingAidService(): service is NULL
06-04 18:05:00.502 1490 1490 V BluetoothDatabase: getProfileConnectionPolicy: E4:BB:D3:57:C0:7D, profile=4, connectionPolicy = 100
06-04 18:05:00.506 468 519 D BluetoothManagerService: Sending BLE State Change: TURNING_ON > ON
06-04 18:05:00.508 468 751 D CompatibilityChangeReporter: Compat change id reported: 135634846; UID 10016; state: DISABLED
06-04 18:05:00.508 468 751 D CompatibilityChangeReporter: Compat change id reported: 177438394; UID 10016; state: DISABLED
06-04 18:05:00.509 468 751 D CompatibilityChangeReporter: Compat change id reported: 135772972; UID 10016; state: DISABLED
06-04 18:05:00.510 468 751 D CompatibilityChangeReporter: Compat change id reported: 135754954; UID 10016; state: ENABLED
06-04 18:05:00.514 1490 2053 I bluetooth: system/bt/btif/src/btif_sock_l2cap.cc:316 btsock_l2cap_alloc_l: Allocated l2cap socket structure socket_id:1
06-04 18:05:00.515 1490 1776 I bt_l2cap: system/bt/stack/l2cap/l2c_api.cc:134 L2CA_Register: L2CAP Registered service classic PSM: 0x1001
06-04 18:05:00.515 1490 1776 I bluetooth: system/bt/btif/src/btif_sock_l2cap.cc:341 send_app_psm_or_chan_l: Sending l2cap socket socket_id:1 channel:4097
06-04 18:05:00.517 1490 2053 D BluetoothAdapter: listenUsingL2capOn: set assigned channel to 4097
06-04 18:05:00.517 1490 2053 D ObexServerSockets: Succeed to create listening sockets
06-04 18:05:00.517 1490 2053 D ObexServerSockets0: startAccept()
06-04 18:05:00.517 247 247 D Zygote : Forked child process 2066
06-04 18:05:00.518 1490 2053 D BluetoothSdpJni: sdpCreatePbapPseRecordNative
06-04 18:05:00.518 1490 2053 D BluetoothSdpJni: SDP Create record success - handle: 0
06-04 18:05:00.518 1490 2053 D BluetoothPbapService: created Sdp record, mSdpHandle=0
06-04 18:05:00.518 1490 1776 I bt_bta_dm: system/bt/bta/dm/bta_dm_act.cc:3191 bta_dm_eir_update_uuid: EIR Adding UUID=0x112F into extended inquiry response
06-04 18:05:00.518 1490 1776 I bt_bta_dm: system/bt/bta/dm/bta_dm_act.cc:2890 bta_dm_set_eir: Generating extended inquiry response packet EIR
06-04 18:05:00.518 468 519 D BluetoothManagerService: Sending State Change: TURNING_ON > ON
06-04 18:05:00.520 1490 2067 D ObexServerSockets0: Accepting socket connection...
06-04 18:05:00.524 1490 2068 D ObexServerSockets0: Accepting socket connection...
06-04 18:05:00.528 2066 2066 I Zygote : seccomp disabled by setenforce 0
06-04 18:05:00.504 2056 2056 I rgb_led_ctl: type=1400 audit(0.0:680): avc: denied { write } for name="spidev1.0" dev="tmpfs" ino=3509 scontext=u:r:init:s0 tcontext=u:object_r:device:s0 tclass=chr_file permissive=1
06-04 18:05:00.551 468 531 W ActivityManager: Slow operation: 80ms so far, now at startProcess: done updating battery stats
06-04 18:05:00.551 468 531 W ActivityManager: Slow operation: 81ms so far, now at startProcess: building log message
06-04 18:05:00.551 468 531 I ActivityManager: app.processName = com.android.music
06-04 18:05:00.551 468 531 I ActivityManager: Start proc 2066:com.android.music/u0a43 for service {com.android.music/com.android.music.MediaPlaybackService}
06-04 18:05:00.551 468 531 W ActivityManager: Slow operation: 81ms so far, now at startProcess: starting to update pids map
06-04 18:05:00.551 468 531 W ActivityManager: Slow operation: 81ms so far, now at startProcess: done updating pids map
06-04 18:05:00.552 468 531 D CompatibilityChangeReporter: Compat change id reported: 143937733; UID 10016; state: ENABLED
06-04 18:05:00.564 1490 1699 D BluetoothActiveDeviceManager: handleMessage(MESSAGE_ADAPTER_ACTION_STATE_CHANGED): newState=12
06-04 18:05:00.570 1490 1490 D BluetoothAdapterService: isQuetModeEnabled() - Enabled = false
06-04 18:05:00.570 1490 1490 I BluetoothPhonePolicy: autoConnect: Initiate auto connection on BT on...
06-04 18:05:00.570 1490 1490 D BluetoothDatabase: getMostRecentlyConnectedA2dpDevice: Invalid address for device LocalStorage
06-04 18:05:00.570 1490 1490 E BluetoothPhonePolicy: autoConnect: most recently active a2dp device is null
06-04 18:05:00.570 1490 1490 D BtOppService: start Socket Listeners
06-04 18:05:00.570 1490 1490 D BtOppService: stopListeners: mServerSocket is null
06-04 18:05:00.570 1490 1490 D ObexServerSockets: create(rfcomm = -2, l2capPsm = -2)
06-04 18:05:00.504 2056 2056 I rgb_led_ctl: type=1400 audit(0.0:681): avc: denied { open } for path="/dev/spidev1.0" dev="tmpfs" ino=3509 scontext=u:r:init:s0 tcontext=u:object_r:device:s0 tclass=chr_file permissive=1
06-04 18:05:00.571 247 247 D Zygote : Forked child process 2088
06-04 18:05:00.572 468 531 W ActivityManager: Slow operation: 66ms so far, now at startProcess: returned from zygote!
06-04 18:05:00.573 468 531 W ActivityManager: Slow operation: 67ms so far, now at startProcess: done updating battery stats
06-04 18:05:00.573 1490 1490 I bt_btif_sock_rfcomm: system/bt/btif/src/btif_sock_rfc.cc:303 btsock_rfc_listen: Adding listening socket service_name: (null) - channel: -2
06-04 18:05:00.573 1490 1776 I bt_stack: [INFO:port_api.cc(234)] RFCOMM_CreateConnection: bd_addr=ff:ff:ff:ff:ff:ff, scn=5, is_server=1, mtu=990, uuid=000000, dlci=10, signal_state=0x0b, p_port=0xba2541ec
06-04 18:05:00.574 468 531 W ActivityManager: Slow operation: 68ms so far, now at startProcess: building log message
06-04 18:05:00.574 468 531 I ActivityManager: app.processName = android.process.acore
06-04 18:05:00.574 468 531 I ActivityManager: Start proc 2088:android.process.acore/u0a16 for content provider {com.android.providers.contacts/com.android.providers.contacts.ContactsProvider2}
06-04 18:05:00.574 468 531 W ActivityManager: Slow operation: 68ms so far, now at startProcess: starting to update pids map
06-04 18:05:00.574 468 531 W ActivityManager: Slow operation: 68ms so far, now at startProcess: done updating pids map
06-04 18:05:00.574 1490 1490 D BluetoothAdapter: listenUsingInsecureL2capOn: port=-2
06-04 18:05:00.577 1490 1490 I bluetooth: system/bt/btif/src/btif_sock_l2cap.cc:316 btsock_l2cap_alloc_l: Allocated l2cap socket structure socket_id:2
06-04 18:05:00.577 1490 1776 I bt_l2cap: system/bt/stack/l2cap/l2c_api.cc:134 L2CA_Register: L2CAP Registered service classic PSM: 0x1003
06-04 18:05:00.577 1490 1776 I bluetooth: system/bt/btif/src/btif_sock_l2cap.cc:341 send_app_psm_or_chan_l: Sending l2cap socket socket_id:2 channel:4099
06-04 18:05:00.578 1490 1490 D BluetoothAdapter: listenUsingInsecureL2capOn: set assigned channel to 4099
06-04 18:05:00.578 1490 1490 D ObexServerSockets: Succeed to create listening sockets
06-04 18:05:00.578 1490 1490 D ObexServerSockets1: startAccept()
06-04 18:05:00.579 1490 1490 D BluetoothSdpJni: sdpCreateOppOpsRecordNative
06-04 18:05:00.579 1490 1776 I bt_bta_dm: system/bt/bta/dm/bta_dm_act.cc:3191 bta_dm_eir_update_uuid: EIR Adding UUID=0x1105 into extended inquiry response
06-04 18:05:00.579 1490 1776 I bt_bta_dm: system/bt/bta/dm/bta_dm_act.cc:2890 bta_dm_set_eir: Generating extended inquiry response packet EIR
06-04 18:05:00.579 1490 1490 D BluetoothSdpJni: SDP Create record success - handle: 1
06-04 18:05:00.579 409 420 I adbd : jdwp connection from 2066
06-04 18:05:00.581 1490 2090 D ObexServerSockets1: Accepting socket connection...
06-04 18:05:00.581 682 877 D LocalBluetoothProfileManager: Adding local A2DP profile
06-04 18:05:00.581 1490 2089 D ObexServerSockets1: Accepting socket connection...
06-04 18:05:00.586 682 877 D BluetoothA2dp: Binding service...
06-04 18:05:00.591 468 497 D CompatibilityChangeReporter: Compat change id reported: 168419799; UID 10043; state: DISABLED
06-04 18:05:00.595 1490 1490 D BtOppService: mOppSdpHandle :1
06-04 18:05:00.504 2056 2056 I rgb_led_ctl: type=1400 audit(0.0:682): avc: denied { ioctl } for path="/dev/spidev1.0" dev="tmpfs" ino=3509 ioctlcmd=0x6b01 scontext=u:r:init:s0 tcontext=u:object_r:device:s0 tclass=chr_file permissive=1
06-04 18:05:00.609 468 519 D BluetoothHeadset: Proxy object connected
06-04 18:05:00.613 756 1435 D DhcpClient: Received packet: b4:2f:03:16:18:c0 ACK: your new IP /192.168.3.22, netmask /255.255.254.0, gateways [/192.168.3.1] DNS servers: /202.96.134.133 /202.96.128.166 , lease time 3600
06-04 18:05:00.618 2088 2088 I Zygote : seccomp disabled by setenforce 0
06-04 18:05:00.624 468 630 I AS.BtHelper: setBtScoActiveDevice: (null) -> (null)
06-04 18:05:00.628 756 1435 D DhcpClient: Confirmed lease: android.net.networkstack.DhcpResults@a401b1b DHCP server /192.168.3.1 Vendor info null lease 3600 seconds Servername
06-04 18:05:00.633 2066 2066 D CompatibilityChangeReporter: Compat change id reported: 171979766; UID 10043; state: DISABLED
06-04 18:05:00.643 682 682 D BluetoothA2dp: Proxy object connected
06-04 18:05:00.644 682 877 D LocalBluetoothProfileManager: Adding local HEADSET profile
06-04 18:05:00.650 1074 1162 E hq : ErrorCoroutineExceptionHandler:::runTry error:java.net.UnknownHostException: Unable to resolve host "ottdbui-tyapiqun7.yysh.mgtv.com": No address associated with hostname from=requestMessageList
06-04 18:05:00.656 409 420 I adbd : jdwp connection from 2088
06-04 18:05:00.664 468 497 D CompatibilityChangeReporter: Compat change id reported: 168419799; UID 10016; state: DISABLED
06-04 18:05:00.616 1994 1994 I Thread-2: type=1400 audit(0.0:683): avc: denied { read } for name="address" dev="sysfs" ino=28343 scontext=u:r:system_app:s0 tcontext=u:object_r:sysfs:s0 tclass=file permissive=1
06-04 18:05:00.672 1994 1994 I TDLog : setReportUncaughtExceptions: true
06-04 18:05:00.684 468 751 D CompatibilityChangeReporter: Compat change id reported: 135634846; UID 10036; state: DISABLED
06-04 18:05:00.685 468 751 D CompatibilityChangeReporter: Compat change id reported: 177438394; UID 10036; state: DISABLED
06-04 18:05:00.685 468 751 D CompatibilityChangeReporter: Compat change id reported: 135772972; UID 10036; state: DISABLED
06-04 18:05:00.685 468 751 D CompatibilityChangeReporter: Compat change id reported: 135754954; UID 10036; state: ENABLED
06-04 18:05:00.686 468 531 D CompatibilityChangeReporter: Compat change id reported: 143937733; UID 10036; state: ENABLED
06-04 18:05:00.691 682 877 D LocalBluetoothProfileManager: Adding local MAP profile
06-04 18:05:00.692 682 877 D BluetoothMap: Create BluetoothMap proxy object
06-04 18:05:00.693 682 877 D BluetoothMap: Binding service...
06-04 18:05:00.700 682 877 D LocalBluetoothProfileManager: Adding local OPP profile
06-04 18:05:00.700 682 877 D LocalBluetoothProfileManager: Adding local HID_HOST profile
06-04 18:05:00.700 682 682 D BluetoothMap: Proxy object connected
06-04 18:05:00.700 682 682 D BluetoothMap: getConnectedDevices()
06-04 18:05:00.703 682 877 D BluetoothHidHost: Binding service...
06-04 18:05:00.616 1994 1994 I Thread-2: type=1400 audit(0.0:684): avc: denied { open } for path="/sys/devices/platform/unisoc_wifi/net/wlan1/address" dev="sysfs" ino=28343 scontext=u:r:system_app:s0 tcontext=u:object_r:sysfs:s0 tclass=file permissive=1
06-04 18:05:00.706 2066 2066 D ApplicationLoaders: Returning zygote-cached class loader: /system/framework/android.test.base.jar
06-04 18:05:00.710 2088 2088 D CompatibilityChangeReporter: Compat change id reported: 171979766; UID 10016; state: ENABLED
06-04 18:05:00.719 468 519 W IorapForwardingService: No service published for: iorapd
06-04 18:05:00.733 247 247 D Zygote : Forked child process 2125
06-04 18:05:00.733 468 531 W ActivityManager: Slow operation: 52ms so far, now at startProcess: returned from zygote!
06-04 18:05:00.734 468 531 W ActivityManager: Slow operation: 53ms so far, now at startProcess: done updating battery stats
06-04 18:05:00.734 468 531 W ActivityManager: Slow operation: 53ms so far, now at startProcess: building log message
06-04 18:05:00.734 468 531 I ActivityManager: app.processName = com.softwinner.timerswitch
06-04 18:05:00.734 468 531 I ActivityManager: Start proc 2125:com.softwinner.timerswitch/u0a36 for broadcast {com.softwinner.timerswitch/com.softwinner.timerswitch.AlarmReceiver}
06-04 18:05:00.734 468 531 W ActivityManager: Slow operation: 53ms so far, now at startProcess: starting to update pids map
06-04 18:05:00.735 468 531 W ActivityManager: Slow operation: 54ms so far, now at startProcess: done updating pids map
06-04 18:05:00.737 246 299 I netd : interfaceSetCfg(InterfaceConfigurationParcel{ifName: wlan0, hwAddr: , ipv4Addr: 192.168.3.22, prefixLength: 23, flags: []}) <3.05ms>
06-04 18:05:00.748 2125 2125 I Zygote : seccomp disabled by setenforce 0
06-04 18:05:00.752 1994 2064 I TDLog : TalkingData App Analytics SDK init...
06-04 18:05:00.752 1994 2064 I TDLog : SDK_VERSION is: Android+TD+V4.0.22 gp Type:Native Build_Num:712
06-04 18:05:00.752 1994 2064 I TDLog : App ID is: 219DEBE67C3B47D799EED1190DEACA09
06-04 18:05:00.752 1994 2064 I TDLog : App Channel is: statisticSDK
06-04 18:05:00.752 1994 2064 I TDLog : SDK_OVC is: TDOVC+a004ba0d7e569531a3ac013fd19b4443+SaaS
06-04 18:05:00.762 682 697 D BluetoothHeadset: Proxy object connected
06-04 18:05:00.785 1197 1197 D RockyReceiver: action: android.net.wifi.STATE_CHANGE
06-04 18:05:00.790 468 746 E ConnectivityService: Exception = android.content.pm.PackageManager$NameNotFoundException: android.net.cts
06-04 18:05:00.793 682 877 D LocalBluetoothProfileManager: Adding local HID_DEVICE profile
06-04 18:05:00.799 409 420 I adbd : jdwp connection from 2125
06-04 18:05:00.805 246 299 E Netd : no such netId 100
06-04 18:05:00.805 246 299 I netd : networkAddRouteParcel(100, RouteInfoParcel{destination: 192.168.2.0/23, ifName: wlan0, nextHop: , mtu: 0}) -> ServiceSpecificException(64, "Machine is not on the network") <0.20ms>
06-04 18:05:00.805 468 619 E ConnectivityService: Exception in networkAddRouteParcel for non-gateway: android.os.ServiceSpecificException: Machine is not on the network (code 64)
06-04 18:05:00.806 246 299 E Netd : no such netId 100
06-04 18:05:00.806 246 299 I netd : networkAddRouteParcel(100, RouteInfoParcel{destination: 0.0.0.0/0, ifName: wlan0, nextHop: 192.168.3.1, mtu: 0}) -> ServiceSpecificException(64, "Machine is not on the network") <0.16ms>
06-04 18:05:00.807 468 619 E ConnectivityService: Exception in networkAddRouteParcel for gateway: android.os.ServiceSpecificException: Machine is not on the network (code 64)
06-04 18:05:00.813 468 619 W BestClock: java.time.DateTimeException: Missing NTP fix
06-04 18:05:00.817 1994 2064 V NFC : this device does not have NFC support
06-04 18:05:00.822 682 682 D BluetoothHidHost: Proxy object connected
06-04 18:05:00.836 2066 2066 V GraphicsEnvironment: ANGLE Developer option for 'com.android.music' set to: 'default'
06-04 18:05:00.837 2066 2066 V GraphicsEnvironment: Neither updatable production driver nor prerelease driver is supported.
06-04 18:05:00.840 2066 2066 D NetworkSecurityConfig: No Network Security Config specified, using platform default
06-04 18:05:00.841 1197 1197 D RockyReceiver: action: android.net.wifi.STATE_CHANGE
06-04 18:05:00.842 246 299 I netd : trafficSwapActiveStatsMap() <28.77ms>
06-04 18:05:00.842 468 746 E ConnectivityService: Exception = android.content.pm.PackageManager$NameNotFoundException: android.net.cts
06-04 18:05:00.845 2066 2066 D NetworkSecurityConfig: No Network Security Config specified, using platform default
06-04 18:05:00.849 246 299 I netd : tetherGetStats() -> {[]} <3.98ms>
06-04 18:05:00.856 468 619 W BestClock: java.time.DateTimeException: Missing NTP fix
06-04 18:05:00.856 682 877 D BluetoothHidDevice: Binding service...
06-04 18:05:00.857 2066 2066 D music_MediaPlaybackSer: onCreate()
06-04 18:05:00.859 2066 2066 D music_MediaPlaybackSer: Create MusicProvider
06-04 18:05:00.860 468 610 W BestClock: java.time.DateTimeException: Missing NTP fix
06-04 18:05:00.861 468 610 W BestClock: java.time.DateTimeException: Missing NTP fix
06-04 18:05:00.862 756 1435 D DhcpClient: Scheduling renewal in 1799s
06-04 18:05:00.862 756 1435 D DhcpClient: Scheduling rebind in 3149s
06-04 18:05:00.863 756 1435 D DhcpClient: Scheduling expiry in 3599s
06-04 18:05:00.865 2066 2066 D music_MediaPlaybackSer: Create MediaSession
06-04 18:05:00.873 468 581 D CompatibilityChangeReporter: Compat change id reported: 168419799; UID 10036; state: DISABLED
06-04 18:05:00.877 468 619 D ConnectivityService: Setting DNS servers for network 100 to [/202.96.134.133, /202.96.128.166]
06-04 18:05:00.889 1490 1490 V MediaPlayerList: onActiveSessionsChanged: number of controllers: 0
06-04 18:05:00.885 2125 2125 D CompatibilityChangeReporter: Compat change id reported: 171979766; UID 10036; state: ENABLED
06-04 18:05:00.897 682 682 D BluetoothHidDevice: Proxy object connected
06-04 18:05:00.897 468 619 W BestClock: java.time.DateTimeException: Missing NTP fix
06-04 18:05:00.912 682 877 D LocalBluetoothProfileManager: Adding local PAN profile
06-04 18:05:00.913 682 877 D BluetoothPan: Binding service...
06-04 18:05:00.919 2066 2066 D CompatibilityChangeReporter: Compat change id reported: 160794467; UID 10043; state: DISABLED
06-04 18:05:00.922 2066 2066 D music_MediaPlaybackSer: updatePlaybackState, playback state=0
06-04 18:05:00.922 468 612 W WifiScoreReport: Cannot start external scoring netId=100 currentNetId=100 currentNetCapabilities=[ Transports: WIFI Capabilities: NOT_METERED&INTERNET&NOT_RESTRICTED&TRUSTED&NOT_VPN&NOT_ROAMING&NOT_CONGESTED&NOT_SUSPENDED&NOT_VCN_MANAGED LinkUpBandwidth>=12000Kbps LinkDnBandwidth>=60000Kbps Specifier: TransportInfo: SignalStrength: -48 OwnerUid: 10023 AdminUids: [10023] SSID: "DZNB"] sessionId=1008
06-04 18:05:00.926 246 299 I netd : trafficSwapActiveStatsMap() <28.72ms>
06-04 18:05:00.933 246 299 I netd : tetherGetStats() -> {[]} <3.37ms>
06-04 18:05:00.934 682 877 D LocalBluetoothProfileManager: Adding local PBAP profile
06-04 18:05:00.937 682 682 D BluetoothPan: Proxy object connected
06-04 18:05:00.938 468 619 W BestClock: java.time.DateTimeException: Missing NTP fix
06-04 18:05:00.940 468 619 D ConnectivityService: [100 WIFI] EVENT_NETWORK_INFO_CHANGED, going from CONNECTING to CONNECTED
06-04 18:05:00.941 246 299 D TcpSocketMonitor: resuming tcpinfo polling (interval=30000ms)
06-04 18:05:00.941 246 299 I netd : networkCreate(NativeNetworkConfig{netId: 100, networkType: PHYSICAL, permission: 0, secure: false, vpnType: -1}) <0.15ms>
06-04 18:05:00.942 2066 2066 D music_MusicApp: add mount callback: com.android.music.MediaPlaybackService@cb732f0
06-04 18:05:00.944 246 299 I netd : createNetworkCache(100) <0.38ms>
06-04 18:05:00.948 468 619 D DnsManager: sendDnsConfigurationForNetwork(100, [202.96.134.133, 202.96.128.166], [], 1800, 25, 8, 64, 0, 0, , [])
06-04 18:05:00.950 468 610 W BestClock: java.time.DateTimeException: Missing NTP fix
06-04 18:05:00.951 468 610 W BestClock: java.time.DateTimeException: Missing NTP fix
06-04 18:05:00.952 246 299 I netd : DnsResolverService::setResolverConfiguration(100, [202.96.134.133, 202.96.128.166], [], 1800, 25, 8, 64, 0, 0, "", []) -> (0) (0.2ms)
06-04 18:05:00.952 246 299 I netd : setResolverConfiguration(ResolverParamsParcel{netId: 100, sampleValiditySeconds: 1800, successThreshold: 25, minSamples: 8, maxSamples: 64, baseTimeoutMsec: 0, retryCount: 0, servers: [202.96.134.133, 202.96.128.166], domains: [], tlsName: , tlsServers: [], tlsFingerprints: [], caCertificate: , tlsConnectTimeoutMs: 0, resolverOptions: (null), transportTypes: [1]}) <0.69ms>
06-04 18:05:00.953 2066 2066 D music_MediaPlaybackSer: OnGetRoot: clientPackageName=com.android.bluetooth; clientUid=1002 ; rootHints=null
06-04 18:05:00.956 468 619 W DnsManager: updatePrivateDns(100, PrivateDnsConfig{true:/[]})
06-04 18:05:00.956 468 619 D ConnectivityService: Setting DNS servers for network 100 to [/202.96.134.133, /202.96.128.166]
06-04 18:05:00.957 1490 1490 I AvrcpBrowsedPlayerWrapper: onConnected: com.android.music is connected
06-04 18:05:00.958 1490 1490 D AvrcpBrowsablePlayerConnector: Browse player callback called: package=com.android.music : status=0
