06-04 18:04:53.495 668 668 W BtGatt.ScanManager: at android.os.Looper.loopOnce(Looper.java:201)
06-04 18:04:53.495 668 668 W BtGatt.ScanManager: at android.os.Looper.loop(Looper.java:288)
06-04 18:04:53.495 668 668 W BtGatt.ScanManager: at android.app.ActivityThread.main(ActivityThread.java:7854)
06-04 18:04:53.495 668 668 W BtGatt.ScanManager: at java.lang.reflect.Method.invoke(Native Method)
06-04 18:04:53.495 668 668 W BtGatt.ScanManager: at com.android.internal.os.RuntimeInit$MethodAndArgsCaller.run(RuntimeInit.java:548)
06-04 18:04:53.495 668 668 W BtGatt.ScanManager: at com.android.internal.os.ZygoteInit.main(ZygoteInit.java:1182)
06-04 18:04:53.494 1074 1074 E hq : 检查user:::更新前的信息: null
06-04 18:04:53.494 1074 1074 E hq : 更新后的信息: Users{userId=-1, nickName='游客', avatarUrl='null', wxToken='null', vip='null', mobile='null', sex=null, description='null', city='null', province='null', country='null', launcherMode=null, token='null', token='null'}
06-04 18:04:53.499 334 335 D DONGLE_SERVICE: check_smartctrl_hidraw_node, vid=1133, pid =49298
06-04 18:04:53.499 334 335 E DONGLE_SERVICE: not supported: /dev/hidraw0
06-04 18:04:53.501 389 759 D BufferPoolAccessor2.0: bufferpool2 0xf62a2dd8 : 0(0 size) total buffers - 0(0 size) used buffers - 134/145 (recycle/alloc) - 11/144 (fetch/transfer)
06-04 18:04:53.501 389 759 D BufferPoolAccessor2.0: evictor expired: 1, evicted: 1
06-04 18:04:53.509 1074 1074 D AdHelper: ad server environment is official? false
06-04 18:04:53.510 1074 1074 D AdHelper: ad server environment is official? false
06-04 18:04:53.510 1074 1074 D AdHelper: ad server environment is official? false
06-04 18:04:53.639 32 32 I input : Logitech G102 LIGHTSYNC Gaming Mouse Keyboard as /devices/platform/soc@3000000/5101400.ohci0-controller/usb5/5-1/5-1:1.1/0003:046D:C092.0002/input/input3
06-04 18:04:53.510 1074 1074 D AdHelper: ad server environment is official? false
06-04 18:04:53.664 167 167 D : get det_vbus is fail, -84
06-04 18:04:53.669 32 32 I input : Logitech G102 LIGHTSYNC Gaming Mouse Consumer Control as /devices/platform/soc@3000000/5101400.ohci0-controller/usb5/5-1/5-1:1.1/0003:046D:C092.0002/input/input4
06-04 18:04:53.679 167 167 D : get id is fail, -84
06-04 18:04:53.513 468 888 D BufferPoolAccessor2.0: bufferpool2 0xe513f5d8 : 0(0 size) total buffers - 0(0 size) used buffers - 2/7 (recycle/alloc) - 11/294 (fetch/transfer)
06-04 18:04:53.513 468 888 D BufferPoolAccessor2.0: bufferpool2 0xe513f358 : 0(0 size) total buffers - 0(0 size) used buffers - 2/7 (recycle/alloc) - 13/294 (fetch/transfer)
06-04 18:04:53.513 468 888 D BufferPoolAccessor2.0: evictor expired: 2, evicted: 2
06-04 18:04:53.516 468 600 D EventHub: No input device configuration file found for device 'Logitech G102 LIGHTSYNC Gaming Mouse'.
06-04 18:04:53.523 468 600 I EventHub: usingClockIoctl=true
06-04 18:04:53.523 468 600 I EventHub: New device: id=3, fd=180, path='/dev/input/event2', name='Logitech G102 LIGHTSYNC Gaming Mouse', classes=CURSOR | EXTERNAL, configuration='', keyLayout='', keyCharacterMap='', builtinKeyboard=false,
06-04 18:04:53.523 468 600 I InputReader: Device added: id=4, eventHubId=3, name='Logitech G102 LIGHTSYNC Gaming Mouse', descriptor='0c945141df4847607bfc33914f112e8b3a79788d',sources=0x00002002
06-04 18:04:53.526 318 320 E XM_HIDREAD: trying to reopen hidraw: /dev/hidraw0
06-04 18:04:53.526 318 320 D XM_HIDREAD: ready open:/dev/hidraw0
06-04 18:04:53.527 318 320 D XM_HIDREAD: open:/dev/hidraw0 resultFD:8
06-04 18:04:53.527 318 320 D XM_HIDREAD: 1 ready ioctl hidrawFD 8
06-04 18:04:53.527 318 320 D XM_HIDREAD: 2 ready ioctl hidrawFD 8
06-04 18:04:53.527 318 320 D XM_HIDREAD: 3 ready ioctl hidrawFD 8
06-04 18:04:53.527 318 320 D XM_HIDREAD: 4 ready ioctl hidrawFD 8
06-04 18:04:53.527 318 320 D XM_HIDREAD: ioctl hidrawFD HIDIOCGRDESC ret 0
06-04 18:04:53.527 318 320 D XM_HIDREAD: dinfo.vendor:1133,dinfo.product:49298
06-04 18:04:53.527 318 320 E XM_HIDREAD: : /dev/hidraw0
06-04 18:04:53.527 318 320 D XM_HIDREAD: add@ add@/devices/platform/soc@3000000/5101400.ohci0-controller/usb5/5-1/5-1:1.1
06-04 18:04:53.527 318 320 D XM_HIDREAD: add@ add@/devices/platform/soc@3000000/5101400.ohci0-controller/usb5/5-1/5-1:1.1/0003:046D:C092.0002
06-04 18:04:53.527 318 320 D XM_HIDREAD: add@ add@/devices/platform/soc@3000000/5101400.ohci0-controller/usb5/5-1/5-1:1.1/0003:046D:C092.0002/input/input3
06-04 18:04:53.527 318 320 D XM_HIDREAD: add@ add@/devices/platform/soc@3000000/5101400.ohci0-controller/usb5/5-1/5-1:1.1/0003:046D:C092.0002/input/input3/event3
06-04 18:04:53.527 318 320 D XM_HIDREAD: add@ add@/devices/platform/soc@3000000/5101400.ohci0-controller/usb5/5-1/5-1:1.1/0003:046D:C092.0002/input/input4
06-04 18:04:53.527 318 320 D XM_HIDREAD: add@ add@/devices/virtual/wakeup/wakeup26
06-04 18:04:53.529 1074 1074 D AdHelper: AdHelper init: end
06-04 18:04:53.532 318 320 D XM_HIDREAD: add@ add@/bus/platform/drivers/otg manager
06-04 18:04:53.532 318 320 D XM_HIDREAD: add@ add@/module/sunxi_usbc
06-04 18:04:53.532 318 320 D XM_HIDREAD: add@ add@/devices/platform/soc@3000000/5101400.ohci0-controller/usb5/5-1/5-1:1.1/0003:046D:C092.0002/input/input4/event4
06-04 18:04:53.532 318 320 D XM_HIDREAD: add@ add@/devices/platform/soc@3000000/5101400.ohci0-controller/usb5/5-1/5-1:1.1/0003:046D:C092.0002/input/input5
06-04 18:04:53.542 1074 1074 E xxxxxxxxxxxxxxx: onConfigurationChanged2===>{1.0 ?mcc?mnc [zh_CN] ldltr sw720dp w1280dp h696dp 240dpi xlrg long land television -touch qwerty/v/v dpad/v winConfig={ mBounds=Rect(0, 0 - 1920, 1080) mAppBounds=Rect(0, 0 - 1920, 1080) mMaxBounds=Rect(0, 0 - 1920, 1080) mWindowingMode=fullscreen mDisplayWindowingMode=fullscreen mActivityType=undefined mAlwaysOnTop=undefined mRotation=ROTATION_0} s.6 fontWeightAdjustment=0}
06-04 18:04:53.545 1074 1074 E memInfo.totalMem: memInfo.totalMem=2055442432 1073741824
06-04 18:04:53.528 1074 1074 I nd.statics.boot: type=1400 audit(0.0:416): avc: denied { open } for path="/dev/__properties__/u:object_r:serialno_prop:s0" dev="tmpfs" ino=3291 scontext=u:r:system_app:s0 tcontext=u:object_r:serialno_prop:s0 tclass=file permissive=1
06-04 18:04:53.563 318 320 D XM_HIDREAD: add@ add@/devices/platform/soc@3000000/5101400.ohci0-controller/usb5/5-1/5-1:1.1/0003:046D:C092.0002/input/input5/event5
06-04 18:04:53.564 318 320 D XM_HIDREAD: add@ add@/class/usbmisc
06-04 18:04:53.564 318 320 D XM_HIDREAD: add@ add@/devices/platform/soc@3000000/5101400.ohci0-controller/usb5/5-1/5-1:1.1/usbmisc/hiddev0
06-04 18:04:53.565 318 320 D XM_HIDREAD: add@ add@/devices/platform/soc@3000000/5101400.ohci0-controller/usb5/5-1/5-1:1.1/0003:046D:C092.0002/hidraw/hidraw1
06-04 18:04:53.565 318 320 D XM_HIDREAD: ready open:/dev/hidraw1
06-04 18:04:53.565 318 320 D XM_HIDREAD: open:/dev/hidraw1 resultFD:-1
06-04 18:04:53.565 318 320 E XM_HIDREAD: open hidraw error: No such file or directory, wait to retry...
06-04 18:04:53.709 32 32 I input : Logitech G102 LIGHTSYNC Gaming Mouse System Control as /devices/platform/soc@3000000/5101400.ohci0-controller/usb5/5-1/5-1:1.1/0003:046D:C092.0002/input/input5
06-04 18:04:53.742 32 32 I hid-generic 0003: 046D:C092.0002: input,hiddev96,hidraw1: USB HID v1.11 Keyboard [Logitech G102 LIGHTSYNC Gaming Mouse] on usb-sunxi-ohci-1/input1
06-04 18:04:53.585 468 600 D EventHub: No input device configuration file found for device 'Logitech G102 LIGHTSYNC Gaming Mouse Keyboard'.
06-04 18:04:53.586 334 335 D DONGLE_SERVICE: check_smartctrl_hidraw_node, vid=1133, pid =49298
06-04 18:04:53.586 334 335 E DONGLE_SERVICE: not supported: /dev/hidraw1
06-04 18:04:53.589 1031 1049 I lerad.etna.haq: Background young concurrent copying GC freed 17976(1055KB) AllocSpace objects, 0(0B) LOS objects, 88% free, 3086KB/27MB, paused 193us total 176.200ms
06-04 18:04:53.609 468 684 D UsbHostManager: USB device attached: vidpid 046d:c092 mfg/product/ver/serial Logitech/G102 LIGHTSYNC Gaming Mouse/52.00/205B36775633 hasAudio/HID/Storage: false/true/false
06-04 18:04:53.635 468 684 D UsbDeviceDescriptor: 1 configs
06-04 18:04:53.802 663 663 W unisoc_wifi wlan0: mixed HW and IP checksum settings.
06-04 18:04:53.645 468 519 W IorapForwardingService: No service published for: iorapd
06-04 18:04:53.649 756 871 I Tethering: adding IpServer for: wlan0
06-04 18:04:53.659 468 516 W PppoeNetworkFactory: interfaceAdded
06-04 18:04:53.663 468 516 W PppoeNetworkFactory: interfaceLinkStateChanged
06-04 18:04:53.663 468 516 D PppoeNetworkFactory: updateInterface: mIface: mPhyIface:eth0 iface:wlan0 link:down
06-04 18:04:53.663 468 516 D PppoeNetworkFactory: not tracker interface
06-04 18:04:53.663 468 516 I EthernetTracker: interfaceLinkStateChanged, iface: wlan0, up: false
06-04 18:04:53.663 468 516 W PppoeNetworkFactory: interfaceAdded
06-04 18:04:53.665 318 320 E XM_HIDREAD: trying to reopen hidraw: /dev/hidraw1
06-04 18:04:53.665 318 320 D XM_HIDREAD: ready open:/dev/hidraw1
06-04 18:04:53.665 318 320 D XM_HIDREAD: open:/dev/hidraw1 resultFD:9
06-04 18:04:53.665 318 320 D XM_HIDREAD: 1 ready ioctl hidrawFD 9
06-04 18:04:53.665 318 320 D XM_HIDREAD: 2 ready ioctl hidrawFD 9
06-04 18:04:53.665 318 320 D XM_HIDREAD: 3 ready ioctl hidrawFD 9
06-04 18:04:53.665 318 320 D XM_HIDREAD: 4 ready ioctl hidrawFD 9
06-04 18:04:53.665 318 320 D XM_HIDREAD: ioctl hidrawFD HIDIOCGRDESC ret 0
06-04 18:04:53.665 318 320 D XM_HIDREAD: dinfo.vendor:1133,dinfo.product:49298
06-04 18:04:53.665 318 320 E XM_HIDREAD: : /dev/hidraw1
06-04 18:04:53.665 318 320 D XM_HIDREAD: add@ add@/devices/platform/unisoc_wifi/net/wlan0
06-04 18:04:53.666 318 320 D XM_HIDREAD: add@ add@/devices/platform/unisoc_wifi/net/wlan0/queues/rx-0
06-04 18:04:53.666 318 320 D XM_HIDREAD: add@ add@/devices/platform/unisoc_wifi/net/wlan0/queues/tx-0
06-04 18:04:53.666 318 320 D XM_HIDREAD: add@ add@/devices/platform/unisoc_wifi/net/wlan1
06-04 18:04:53.666 318 320 D XM_HIDREAD: add@ add@/devices/platform/unisoc_wifi/net/wlan1/queues/rx-0
06-04 18:04:53.666 318 320 D XM_HIDREAD: add@ add@/devices/platform/unisoc_wifi/net/wlan1/queues/tx-0
06-04 18:04:53.676 318 320 D XM_HIDREAD: add@ add@/devices/virtual/wakeup/wakeup27
06-04 18:04:53.677 468 600 I EventHub: usingClockIoctl=true
06-04 18:04:53.677 468 600 I EventHub: New device: id=4, fd=358, path='/dev/input/event3', name='Logitech G102 LIGHTSYNC Gaming Mouse Keyboard', classes=KEYBOARD | ALPHAKEY | EXTERNAL, configuration='', keyLayout='/system/usr/keylayout/Generic.kl', keyCharacterMap='/system/usr/keychars/Generic.kcm', builtinKeyboard=false,
06-04 18:04:53.836 663 663 W unisoc_wifi wlan1: mixed HW and IP checksum settings.
06-04 18:04:53.681 468 516 W PppoeNetworkFactory: interfaceLinkStateChanged
06-04 18:04:53.681 468 516 D PppoeNetworkFactory: updateInterface: mIface: mPhyIface:eth0 iface:wlan1 link:down
06-04 18:04:53.681 468 516 D PppoeNetworkFactory: not tracker interface
06-04 18:04:53.681 468 516 I EthernetTracker: interfaceLinkStateChanged, iface: wlan1, up: false
06-04 18:04:53.689 468 684 D UsbHostManager: Added device UsbDevice[mName=/dev/bus/usb/005/002,mVendorId=1133,mProductId=49298,mClass=0,mSubclass=0,mProtocol=0,mManufacturerName=Logitech,mProductName=G102 LIGHTSYNC Gaming Mouse,mVersion=52.00,mSerialNumberReader=com.android.server.usb.UsbSerialReader@e9789e5, mHasAudioPlayback=false, mHasAudioCapture=false, mHasMidi=false, mHasVideoCapture=false, mHasVideoPlayback=false, mConfigurations=[
06-04 18:04:53.689 468 684 D UsbHostManager: UsbConfiguration[mId=1,mName=U152.00_B0010 ,mAttributes=160,mMaxPower=150,mInterfaces=[
06-04 18:04:53.689 468 684 D UsbHostManager: UsbInterface[mId=0,mAlternateSetting=0,mName=null,mClass=3,mSubclass=1,mProtocol=2,mEndpoints=[
06-04 18:04:53.689 468 684 D UsbHostManager: UsbEndpoint[mAddress=129,mAttributes=3,mMaxPacketSize=8,mInterval=1]]
06-04 18:04:53.689 468 684 D UsbHostManager: UsbInterface[mId=1,mAlternateSetting=0,mName=null,mClass=3,mSubclass=0,mProtocol=0,mEndpoints=[
06-04 18:04:53.689 468 684 D UsbHostManager: UsbEndpoint[mAddress=130,mAttributes=3,mMaxPacketSize=20,mInterval=1]]]]
06-04 18:04:53.857 663 663 E unisoc_wifi wlan1: netif_napi_add() called with weight 128
06-04 18:04:53.875 300 300 W audit : audit_lost=40 audit_rate_limit=5 audit_backlog_limit=64
06-04 18:04:53.697 267 300 D hdmi-cec: receive invalid cec message!
06-04 18:04:53.698 267 300 D hdmi-cec: receive poll message [04], skip!
06-04 18:04:53.709 318 320 D XM_HIDREAD: add@ add@/module/sprdwl_ng
06-04 18:04:53.714 663 663 D wifi_hal-auto-detect: libwifi hal name: libwifi-hal-sprd.so
06-04 18:04:53.890 300 300 E audit : rate limit exceeded
06-04 18:04:53.720 1074 1225 D getEthernetMacAddr: getEthernetMacAddr use eth0
06-04 18:04:53.729 663 663 I android.hardware.wifi@1.0-service-lazy: Wifi HAL started
06-04 18:04:53.731 468 612 I WifiVendorHal: Vendor Hal started successfully
06-04 18:04:53.733 468 600 I InputReader: Device added: id=4, eventHubId=4, name='Logitech G102 LIGHTSYNC Gaming Mouse Keyboard', descriptor='0c945141df4847607bfc33914f112e8b3a79788d',sources=0x00002103
06-04 18:04:53.736 1074 1160 I WebViewFactory: Loading com.android.webview version 91.0.4472.114 (code 447211450)
06-04 18:04:53.741 816 917 D BufferPoolAccessor2.0: bufferpool2 0xe5f1e998 : 0(0 size) total buffers - 0(0 size) used buffers - 2/7 (recycle/alloc) - 5/92 (fetch/transfer)
06-04 18:04:53.742 816 917 D BufferPoolAccessor2.0: evictor expired: 1, evicted: 1
06-04 18:04:53.754 663 663 W android.hardware.wifi@1.0-service-lazy: No active wlan interfaces in use! Using default
06-04 18:04:53.754 663 663 E android.hardware.wifi@1.0-service-lazy: Unknown iface name: wlan0
06-04 18:04:53.754 663 663 E android.hardware.wifi@1.0-service-lazy: Unknown iface name: wlan0
06-04 18:04:53.757 468 600 D EventHub: No input device configuration file found for device 'Logitech G102 LIGHTSYNC Gaming Mouse Consumer Control'.
06-04 18:04:53.770 468 516 W PppoeNetworkFactory: interfaceLinkStateChanged
06-04 18:04:53.771 468 516 D PppoeNetworkFactory: updateInterface: mIface: mPhyIface:eth0 iface:wlan0 link:up
06-04 18:04:53.771 468 516 D PppoeNetworkFactory: not tracker interface
06-04 18:04:53.771 468 516 I EthernetTracker: interfaceLinkStateChanged, iface: wlan0, up: true
06-04 18:04:53.774 663 663 I WifiHAL : Initializing wifi
06-04 18:04:53.776 756 871 I Tethering: adding IpServer for: wlan1
06-04 18:04:53.779 318 320 D XM_HIDREAD: add@ add@/devices/virtual/wakeup/wakeup28
06-04 18:04:53.779 468 600 W EventHub: Unable to disable kernel key repeat for /dev/input/event4: Function not implemented
06-04 18:04:53.780 468 600 I EventHub: usingClockIoctl=true
06-04 18:04:53.780 468 600 I EventHub: New device: id=5, fd=359, path='/dev/input/event4', name='Logitech G102 LIGHTSYNC Gaming Mouse Consumer Control', classes=KEYBOARD | DPAD | JOYSTICK | EXTERNAL, configuration='', keyLayout='/system/usr/keylayout/Generic.kl', keyCharacterMap='/system/usr/keychars/Generic.kcm', builtinKeyboard=false,
06-04 18:04:53.781 468 600 D EventHub: No input device configuration file found for device 'Logitech G102 LIGHTSYNC Gaming Mouse System Control'.
06-04 18:04:53.792 318 320 D XM_HIDREAD: add@ add@/devices/virtual/wakeup/wakeup29
06-04 18:04:53.792 468 600 W EventHub: Unable to disable kernel key repeat for /dev/input/event5: Function not implemented
06-04 18:04:53.792 468 600 I EventHub: usingClockIoctl=true
06-04 18:04:53.793 468 600 I EventHub: New device: id=6, fd=364, path='/dev/input/event5', name='Logitech G102 LIGHTSYNC Gaming Mouse System Control', classes=KEYBOARD | EXTERNAL, configuration='', keyLayout='/system/usr/keylayout/Generic.kl', keyCharacterMap='/system/usr/keychars/Generic.kcm', builtinKeyboard=false,
06-04 18:04:53.795 668 843 I bt_core_module: system/bt/btcore/src/module.cc:90 module_start_up: module_start_up Started module "controller_module"
06-04 18:04:53.796 663 663 E WifiHAL : wifi_get_logger_supported_feature_set: Error -5 happened.
06-04 18:04:53.797 663 663 E WifiHAL : Failed to get supported logger feature set: -5
06-04 18:04:53.797 663 663 E WifiHAL : wifi_get_firmware_version: Error -5 happened.
06-04 18:04:53.797 663 663 E WifiHAL : Failed to get supported logger feature set: -5
06-04 18:04:53.797 663 663 E WifiHAL : get_firmware_bus_max_size_supported: requestResponse Error:-3
06-04 18:04:53.797 663 663 E WifiHAL : Failed to get supported bus size, error : -3
06-04 18:04:53.797 663 663 E WifiHAL : wifi_logger_ring_buffers_init: Ring buffer logging feature not supported 0
06-04 18:04:53.797 663 663 E WifiHAL : Wifi Logger Ring Initialization Failed
06-04 18:04:53.798 668 843 I bt_btm_pm: system/bt/stack/acl/btm_pm.cc:392 btm_pm_reset: reset pm
06-04 18:04:53.957 663 663 I ieee80211 phy0: sprdwl_vendor_get_support_feature
06-04 18:04:53.800 668 843 I btm_acl : system/bt/stack/acl/btm_acl.cc:654 check_link_policy: hold not supported (settings: 0x000d)
06-04 18:04:53.800 668 843 I btm_acl : system/bt/stack/acl/btm_acl.cc:664 check_link_policy: park not supported (settings: 0x0005)
06-04 18:04:53.801 663 663 E WifiHAL : wifiGetCapabilities: Failed to send request, Error:-5
06-04 18:04:53.801 663 663 E WifiHAL : Failed to get wifi Capabilities, error: -5
06-04 18:04:53.803 663 663 I android.hardware.wifi@1.0-service-lazy: Adding interface handle for wlan1
06-04 18:04:53.805 663 663 I android.hardware.wifi@1.0-service-lazy: Adding interface handle for wlan0
06-04 18:04:53.805 663 663 W android.hardware.wifi@1.0-service-lazy: No active wlan interfaces in use! Using default
06-04 18:04:53.806 663 663 W android.hardware.wifi@1.0-service-lazy: No active wlan interfaces in use! Using default
06-04 18:04:53.808 668 843 I bt_btm_sec: system/bt/stack/btm/btm_sec.cc:226 BTM_SecRegister: BTM_SecRegister p_cb_info->p_le_callback == 0x0xb9b9d901
06-04 18:04:53.809 668 843 I bt_btm_sec: system/bt/stack/btm/btm_sec.cc:241 BTM_SecRegister: BTM_SecRegister btm_cb.api.p_le_callback = 0x0xb9b9d901
06-04 18:04:53.809 668 1155 I bluetooth: system/bt/stack/gatt/gatt_api.cc:1019 GATT_Register: Allocated name:GattClient uuid:a1ebc8df-7534-3f4c-c19c-16fc47d51d3f gatt_if:3 eatt_support:0
06-04 18:04:53.809 663 663 E WifiHAL : wifi_get_driver_version: Error -5 happened.
06-04 18:04:53.810 663 663 E android.hardware.wifi@1.0-service-lazy: Failed to get driver version: INVALID_ARGS
06-04 18:04:53.810 663 663 I android.hardware.wifi@1.0-service-lazy: Configured chip in mode 3
06-04 18:04:53.810 663 663 W android.hardware.wifi@1.0-service-lazy: No active wlan interfaces in use! Using default
06-04 18:04:53.815 468 600 I InputReader: Device added: id=4, eventHubId=6, name='Logitech G102 LIGHTSYNC Gaming Mouse System Control', descriptor='0c945141df4847607bfc33914f112e8b3a79788d',sources=0x00002103
06-04 18:04:53.815 468 600 I InputReader: Device added: id=4, eventHubId=5, name='Logitech G102 LIGHTSYNC Gaming Mouse Consumer Control', descriptor='0c945141df4847607bfc33914f112e8b3a79788d',sources=0x01002313
06-04 18:04:53.822 468 530 W ActivityManager: Slow operation: 67ms so far, now at startProcess: done creating new process record
06-04 18:04:53.822 468 530 W ActivityManager: Slow operation: 67ms so far, now at startProcess: stepping in to startProcess
06-04 18:04:53.823 468 530 D CompatibilityChangeReporter: Compat change id reported: 135634846; UID 10018; state: DISABLED
06-04 18:04:53.823 468 530 D CompatibilityChangeReporter: Compat change id reported: 177438394; UID 10018; state: DISABLED
06-04 18:04:53.824 468 530 D CompatibilityChangeReporter: Compat change id reported: 135772972; UID 10018; state: DISABLED
06-04 18:04:53.824 1074 1074 D OsInitLaunch: send cache: homeCreate, null, null, null
06-04 18:04:53.824 468 530 D CompatibilityChangeReporter: Compat change id reported: 135754954; UID 10018; state: ENABLED
06-04 18:04:53.825 468 531 D CompatibilityChangeReporter: Compat change id reported: 143937733; UID 10018; state: ENABLED
06-04 18:04:53.826 468 530 W ActivityManager: Slow operation: 71ms so far, now at startProcess: done starting proc!
06-04 18:04:53.833 668 1155 I bt_stack: [INFO:ble_advertiser_hci_interface.cc(767)] Extended advertising will be in use
06-04 18:04:53.837 668 1155 E bt_btif_storage: system/bt/btif/src/btif_storage.cc:632 btif_storage_get_adapter_property: btif_storage_get_adapter_property: Controller ready!
06-04 18:04:53.837 668 1155 I bt_btif_storage: system/bt/btif/src/btif_storage.cc:661 btif_storage_get_adapter_property: btif_storage_get_adapter_property service_mask:0x20000000
06-04 18:04:53.838 668 1155 I bt_stack: [INFO:btif_bqr.cc(229)] EnableBtQualityReport: is_enable: true
06-04 18:04:53.838 668 1155 W bt_stack: [WARNING:btif_bqr.cc(237)] EnableBtQualityReport: Bluetooth Quality Report is disabled. bqr_prop_evtmask: , bqr_prop_interval_ms:
06-04 18:04:53.839 668 1238 I bt_osi_thread: system/bt/osi/src/thread.cc:209 run_thread: run_thread: thread id 1238, thread name btif_sock started
06-04 18:04:53.841 468 609 W BestClock: java.time.DateTimeException: Missing NTP fix
06-04 18:04:53.842 668 1155 I bt_bte_conf: system/bt/main/bte_conf.cc:84 bte_load_did_conf: Device ID record 1 : primary
06-04 18:04:53.842 668 1155 I bt_bte_conf: system/bt/main/bte_conf.cc:85 bte_load_did_conf: vendorId = 00e0
06-04 18:04:53.842 668 1155 I bt_bte_conf: system/bt/main/bte_conf.cc:86 bte_load_did_conf: vendorIdSource = 0001
06-04 18:04:53.842 668 1155 I bt_bte_conf: system/bt/main/bte_conf.cc:87 bte_load_did_conf: product = 1200
06-04 18:04:53.842 668 1155 I bt_bte_conf: system/bt/main/bte_conf.cc:88 bte_load_did_conf: version = 1436
06-04 18:04:53.842 668 1155 I bt_bte_conf: system/bt/main/bte_conf.cc:89 bte_load_did_conf: clientExecutableURL =
06-04 18:04:53.842 668 1155 I bt_bte_conf: system/bt/main/bte_conf.cc:90 bte_load_did_conf: serviceDescription =
06-04 18:04:53.842 668 1155 I bt_bte_conf: system/bt/main/bte_conf.cc:91 bte_load_did_conf: documentationURL =
06-04 18:04:53.842 668 1155 I bt_bta_dm: system/bt/bta/dm/bta_dm_act.cc:3191 bta_dm_eir_update_uuid: EIR Adding UUID=0x1200 into extended inquiry response
06-04 18:04:53.842 668 1155 I bt_bta_dm: system/bt/bta/dm/bta_dm_act.cc:2890 bta_dm_set_eir: Generating extended inquiry response packet EIR
06-04 18:04:53.842 668 1155 I bt_bte_conf: system/bt/main/bte_conf.cc:47 bte_load_did_conf: bte_load_did_conf no section named DID2.
06-04 18:04:53.842 668 1155 I bt_btif_core: system/bt/btif/src/btif_core.cc:312 btif_enable_bluetooth_evt: Bluetooth enable event completed
06-04 18:04:53.842 668 1155 I bt_bta_dm: system/bt/bta/dm/bta_dm_act.cc:2890 bta_dm_set_eir: Generating extended inquiry response packet EIR
06-04 18:04:53.843 668 843 I bt_stack_manager: system/bt/btif/src/stack_manager.cc:311 event_start_up_stack: event_start_up_stack finished
06-04 18:04:53.843 668 843 I bt_stack_manager: system/bt/btif/src/stack_manager.cc:322 event_shut_down_stack: event_shut_down_stack is bringing down the stack
06-04 18:04:53.843 668 1237 I bt_btif_sock: system/bt/btif/src/btif_sock_thread.cc:515 sock_poll_thread: h:7, process_cmd_sock return false, exit...
06-04 18:04:53.843 668 1237 I bt_btif_sock: system/bt/btif/src/btif_sock_thread.cc:528 sock_poll_thread: socket poll thread exiting, h:7
06-04 18:04:53.847 668 1155 I bt_stack: [INFO:bta_jv_act.cc(564)] bta_jv_disable
06-04 18:04:53.847 668 1238 W bt_osi_thread: system/bt/osi/src/thread.cc:239 run_thread: run_thread: thread id 1238, thread name btif_sock exited
06-04 18:04:53.849 668 1155 I bt_stack: [INFO:gatt_api.cc(1042)] GATT_Deregister gatt_if=3
06-04 18:04:53.861 468 468 W Looper : Slow dispatch took 103ms main h=android.app.ActivityThread$H c=android.app.LoadedApk$ReceiverDispatcher$Args$$ExternalSyntheticLambda0@b4f015b m=0
06-04 18:04:53.862 468 1233 I WifiService: updateInterfaceIpState uid=1073
06-04 18:04:53.871 246 299 I netd : trafficSwapActiveStatsMap() <28.71ms>
06-04 18:04:53.879 468 612 D HalDevMgr: updateRttController: no one is interested in RTT controllers
06-04 18:04:53.881 663 663 D WifiHAL : wifi_virtual_interface_create: ifname=wlan0 create
06-04 18:04:53.881 663 663 I android.hardware.wifi@1.0-service-lazy: Adding interface handle for wlan1
06-04 18:04:53.881 663 663 I android.hardware.wifi@1.0-service-lazy: Adding interface handle for wlan0
06-04 18:04:53.881 663 663 E android.hardware.wifi@1.0-service-lazy: Failed to set DFS flag; DFS channels may be unavailable.
06-04 18:04:53.880 247 247 D Zygote : Forked child process 1240
06-04 18:04:53.885 468 531 W ActivityManager: Slow operation: 63ms so far, now at startProcess: returned from zygote!
06-04 18:04:53.889 246 299 I netd : tetherGetStats() -> {[]} <4.71ms>
06-04 18:04:53.894 668 848 D AdapterProperties: BT_PROPERTY_LOCAL_LE_FEATURES: update from BT controller mNumOfAdvertisementInstancesSupported = 0 mRpaOffloadSupported = false mNumOfOffloadedIrkSupported = 0 mNumOfOffloadedScanFilterSupported = 0 mOffloadedScanResultStorageBytes= 0 mIsActivityAndEnergyReporting = false mVersSupported = 0 mTotNumOfTrackableAdv = 0 mIsExtendedScanSupported = false mIsDebugLogSupported = false mIsLe2MPhySupported = true mIsLeCodedPhySupported = true mIsLeExtendedAdvertisingSupported = true mIsLePeriodicAdvertisingSupported = true mLeMaximumAdvertisingDataLength = 1650 mDynamicAudioBufferSizeSupportedCodecsGroup1 = 0 mDynamicAudioBufferSizeSupportedCodecsGroup2 = 0
06-04 18:04:53.897 468 609 W BestClock: java.time.DateTimeException: Missing NTP fix
06-04 18:04:53.903 468 581 I WifiService: updateInterfaceIpState uid=1073
06-04 18:04:53.912 468 609 W BestClock: java.time.DateTimeException: Missing NTP fix
06-04 18:04:53.913 1227 1227 D VoHCI : VoHCI service version: v1.0.0
06-04 18:04:53.915 1227 1227 E VoHCI : Cannot get card id for name: VoHCILoopback
06-04 18:04:53.916 1022 1218 V MediaProvider: onConfigure() for internal.db
06-04 18:04:53.926 1022 1218 V MediaProvider: onOpen() for internal.db
06-04 18:04:53.928 1022 1218 V MediaProvider: onOpen() finished for internal.db
06-04 18:04:53.930 246 299 I netd : trafficSwapActiveStatsMap() <17.33ms>
06-04 18:04:53.937 246 299 I netd : tetherGetStats() -> {[]} <4.12ms>
06-04 18:04:53.939 663 663 I WifiHAL : mpdu_size_threshold : 128, aggressive_statistics_gathering : 0
06-04 18:04:53.940 663 663 E WifiHAL : wifi_set_link_stats: requestResponse Error:-5
06-04 18:04:53.942 468 609 W BestClock: java.time.DateTimeException: Missing NTP fix
06-04 18:04:53.949 468 581 D BluetoothManagerService: enable(com.dangbei.lerad.etna.haqu): mBluetooth =android.bluetooth.IBluetooth$Stub$Proxy@9736418 mBinding = false mState = BLE_TURNING_OFF
06-04 18:04:53.949 468 519 D BluetoothManagerService: MESSAGE_ENABLE(0): mBluetooth = android.bluetooth.IBluetooth$Stub$Proxy@9736418
06-04 18:04:53.950 468 581 D BluetoothManagerService: enable returning
06-04 18:04:53.964 1074 1160 D nativeloader: classloader namespace configured for unbundled product apk. library_path=/product/app/webview/lib/arm:/product/app/webview/webview.apk!/lib/armeabi-v7a:/product/lib:/system/product/lib
06-04 18:04:53.972 1197 1197 V GraphicsEnvironment: ANGLE Developer option for 'com.dangbei.lerad.rocky' set to: 'default'
06-04 18:04:53.973 1240 1240 I Zygote : seccomp disabled by setenforce 0
06-04 18:04:53.977 468 612 E WifiVendorHal: enableLinkLayerStats(l.1461) failed {.code = ERROR_INVALID_ARGS, .description = }
06-04 18:04:53.978 1197 1197 V GraphicsEnvironment: Neither updatable production driver nor prerelease driver is supported.
06-04 18:04:53.980 468 612 E WifiVendorHal: unable to enable link layer stats collection
06-04 18:04:53.981 468 612 D WifiNl80211Manager: Setting up interface for client mode: wlan0
06-04 18:04:53.982 1197 1197 D NetworkSecurityConfig: No Network Security Config specified, using platform default
06-04 18:04:53.983 1197 1197 D NetworkSecurityConfig: No Network Security Config specified, using platform default
06-04 18:04:53.984 1197 1197 I MultiDex: VM with version 2.1.0 has multidex support
06-04 18:04:53.985 1197 1197 I MultiDex: Installing application
06-04 18:04:53.985 1197 1197 I MultiDex: VM has multidex support, MultiDex support library is disabled.
06-04 18:04:53.992 370 370 I wificond: createClientInterface: wiphy_index 0 iface_name wlan0
06-04 18:04:53.996 370 370 I wificond: create scanner for interface with index: 14
06-04 18:04:53.996 370 370 I wificond: subscribe scan result for interface with index: 14
06-04 18:04:54.000 468 531 W ActivityManager: Slow operation: 177ms so far, now at startProcess: done updating battery stats
06-04 18:04:54.007 370 370 I wificond: add channel type 0 support at wiphy index: 0
06-04 18:04:54.007 370 370 I wificond: add channel type 1 support at wiphy index: 0
06-04 18:04:54.011 1197 1197 D RockyApplication: init: false
06-04 18:04:54.021 409 420 I adbd : jdwp connection from 1240
06-04 18:04:54.027 468 581 D CompatibilityChangeReporter: Compat change id reported: 149924527; UID 10074; state: ENABLED
06-04 18:04:54.031 246 299 I netd : interfaceGetCfg(wlan0) -> {InterfaceConfigurationParcel{ifName: wlan0, hwAddr: b4:2f:03:16:18:c0, ipv4Addr: 0.0.0.0, prefixLength: 0, flags: [up, broadcast, running, multicast]}} <0.83ms>
06-04 18:04:54.035 468 581 D CompatibilityChangeReporter: Compat change id reported: 132649864; UID 10074; state: DISABLED
06-04 18:04:54.037 468 468 W NotificationHistory: Attempted to add notif for locked/gone/disabled user 0
06-04 18:04:54.043 468 531 W ActivityManager: Slow operation: 221ms so far, now at startProcess: building log message
06-04 18:04:54.043 468 531 I ActivityManager: app.processName = android.process.media
06-04 18:04:54.044 468 531 I ActivityManager: Start proc 1240:android.process.media/u0a18 for broadcast {com.android.mtp/com.android.mtp.UsbIntentReceiver}
06-04 18:04:54.049 468 531 W ActivityManager: Slow operation: 226ms so far, now at startProcess: starting to update pids map
06-04 18:04:54.049 468 531 W ActivityManager: Slow operation: 227ms so far, now at startProcess: done updating pids map
06-04 18:04:54.052 468 1233 W system_server: Long monitor contention with owner ActivityManager:procStart (531) at void com.android.server.am.ProcessList.handleProcessStart(com.android.server.am.ProcessRecord, java.lang.String, int[], int, int, int, java.lang.String, java.lang.String, java.lang.String, long)(ProcessList.java:2161) waiters=1 in int com.android.server.am.ActivityManagerService.broadcastIntentWithFeature(android.app.IApplicationThread, java.lang.String, android.content.Intent, java.lang.String, android.content.IIntentReceiver, int, java.lang.String, android.os.Bundle, java.lang.String[], java.lang.String[], int, android.os.Bundle, boolean, boolean, int) for 138ms
06-04 18:04:54.056 1074 1074 E hq : LauncherCallback:::onViewCreate
06-04 18:04:54.058 1074 1074 E hq : LauncherCallback:::onAttach
06-04 18:04:54.065 468 612 I WifiNative: Interface state changed on Iface:{Name=wlan0,Id=0,Type=STA_SCAN}, isUp=true
06-04 18:04:54.066 468 612 I WifiNative: Successfully setup Iface:{Name=wlan0,Id=0,Type=STA_SCAN}
06-04 18:04:54.083 468 610 W BestClock: java.time.DateTimeException: Missing NTP fix
06-04 18:04:54.084 468 468 D BluetoothManagerService: Bluetooth Adapter address changed to B4:2F:03:15:A3:36
06-04 18:04:54.086 468 610 W BestClock: java.time.DateTimeException: Missing NTP fix
06-04 18:04:54.088 468 468 D BluetoothManagerService: Stored Bluetoothaddress: B4:2F:03:15:A3:36
06-04 18:04:54.090 468 468 D BluetoothManagerService: Bluetooth Adapter name changed to DBBOX-A2 by android
06-04 18:04:54.091 468 468 D BluetoothManagerService: Stored Bluetooth name: DBBOX-A2
06-04 18:04:54.092 668 848 D AdapterProperties: Name is: DBBOX-A2
06-04 18:04:54.092 468 610 W BestClock: java.time.DateTimeException: Missing NTP fix
06-04 18:04:54.097 668 848 D AdapterProperties: Scan Mode:20
06-04 18:04:54.099 668 848 D AdapterProperties: Discoverable Timeout:120
06-04 18:04:54.100 468 612 E SupplicantStaIfaceHal: checkHalVersionByInterfaceName: called but mServiceManager is null
06-04 18:04:54.100 468 581 D CompatibilityChangeReporter: Compat change id reported: 182734110; UID 10074; state: DISABLED
06-04 18:04:54.102 468 749 D CompatibilityChangeReporter: Compat change id reported: 168419799; UID 10018; state: DISABLED
06-04 18:04:54.103 668 848 D AdapterProperties: Adding bonded device:E4:BB:D3:57:C0:7D
06-04 18:04:54.111 468 612 E SupplicantStaIfaceHal: checkHalVersionByInterfaceName: called but mServiceManager is null
06-04 18:04:54.111 468 612 E SupplicantStaIfaceHal: Method getKeyMgmtCapabilities is not supported in existing HAL
06-04 18:04:54.111 468 612 E SupplicantStaIfaceHal: checkHalVersionByInterfaceName: called but mServiceManager is null
06-04 18:04:54.114 468 749 D CompatibilityChangeReporter: Compat change id reported: 181136395; UID 1000; state: DISABLED
06-04 18:04:54.115 468 610 W BestClock: java.time.DateTimeException: Missing NTP fix
06-04 18:04:54.118 468 749 D CompatibilityChangeReporter: Compat change id reported: 174042936; UID 1000; state: DISABLED
06-04 18:04:54.134 1074 1256 I MobclickAgent: module init:azio
06-04 18:04:54.144 324 324 I rainbow_flow: type=1400 audit(0.0:423): avc: denied { ioctl } for path="/dev/spidev1.0" dev="tmpfs" ino=3509 ioctlcmd=0x6b00 scontext=u:r:init:s0 tcontext=u:object_r:device:s0 tclass=chr_file permissive=1
06-04 18:04:54.152 468 749 W ActivityManager: Slow operation: 54ms so far, now at attachApplicationLocked: after sendPendingBroadcastsLocked
06-04 18:04:54.328 663 663 I ieee80211 phy0: sprdwl_vendor_get_support_feature
06-04 18:04:54.165 663 663 E WifiHAL : wifi_get_logger_supported_feature_set: Error -5 happened.
06-04 18:04:54.180 1074 1074 E hq : LauncherCallback:::inspect
06-04 18:04:54.181 1074 1074 E hq : AdHelper:::后台配置是否展现广告: true
06-04 18:04:54.186 1074 1074 D OsInitLaunch: send cache: launchHome, launchMainActivity, null, 1
06-04 18:04:54.186 668 818 I AdapterState: BLE_TURNING_OFF : Unhandled message - BLE_STARTED
06-04 18:04:54.191 1240 1240 D CompatibilityChangeReporter: Compat change id reported: 171979766; UID 10018; state: ENABLED
06-04 18:04:54.198 1197 1197 D RockyManager: initFarWakeStatus isMainFarSwitch: false
06-04 18:04:54.366 663 663 I ieee80211 phy0: sprdwl_vendor_get_support_feature
06-04 18:04:54.199 663 663 E WifiHAL : wifi_get_logger_supported_feature_set: Error -5 happened.
06-04 18:04:54.223 663 663 E WifiHAL : wifi_get_logger_supported_feature_set: Error -5 happened.
06-04 18:04:54.385 663 663 I ieee80211 phy0: sprdwl_vendor_get_support_feature
06-04 18:04:54.224 267 267 I EventThread: type=1400 audit(0.0:424): avc: denied { search } for name="extcon" dev="sysfs" ino=18109 scontext=u:r:hal_tv_cec_default:s0 tcontext=u:object_r:sysfs_extcon:s0 tclass=dir permissive=1
06-04 18:04:54.232 1197 1197 I RockyManager: isFarWake: false
06-04 18:04:54.238 468 520 D ColorDisplayService: NightDisplayTintController Animation cancelled: false to matrix:
06-04 18:04:54.238 468 520 D ColorDisplayService: 1.000000 0.000000 0.000000 0.000000 0.000000 1.000000 0.000000 0.000000 0.000000 0.000000 1.000000 0.000000 0.000000 0.000000 0.000000 1.000000 min matrix coefficients:
06-04 18:04:54.238 468 520 D ColorDisplayService: 1.000000 0.000000 0.000000 0.000000 0.000000 1.000000 0.000000 0.000000 0.000000 0.000000 1.000000 0.000000 0.000000 0.000000 0.000000 1.000000 max matrix coefficients:
06-04 18:04:54.238 468 520 D ColorDisplayService: 1.000000 0.000000 0.000000 0.000000 0.000000 1.000000 0.000000 0.000000 0.000000 0.000000 1.000000 0.000000 0.000000 0.000000 0.000000 1.000000
06-04 18:04:54.246 1197 1197 W ContextImpl: Calling a method in the system process without a qualified user: android.app.ContextImpl.startService:1816 android.content.ContextWrapper.startService:774 com.cvte.tv.api.TvApiSDKManager.:177 com.cvte.tv.api.TvApiSDKManager.init:217 com.dangbei.rocky.component.system.SystemControlUtils.initSystemAidl:82
06-04 18:04:54.251 468 497 W ActivityManager: Unable to start service Intent { act=com.cvte.tv.api.TV_API_SERVICE pkg=com.cvte.tv.api.impl } U=0: not found
06-04 18:04:54.258 1197 1197 W ContextImpl: Calling a method in the system process without a qualified user: android.app.ContextImpl.bindService:1895 android.content.ContextWrapper.bindService:810 com.cvte.tv.api.TvApiSDKManager.:178 com.cvte.tv.api.TvApiSDKManager.init:217 com.dangbei.rocky.component.system.SystemControlUtils.initSystemAidl:82
06-04 18:04:54.259 468 612 E SupplicantStaIfaceHal: checkHalVersionByInterfaceName: called but mServiceManager is null
06-04 18:04:54.259 468 612 E SupplicantStaIfaceHal: checkHalVersionByInterfaceName: called but mServiceManager is null
06-04 18:04:54.259 468 612 I SupplicantStaIfaceHal: Method getWpaDriverFeatureSet is not supported in existing HAL
06-04 18:04:54.261 468 612 D WifiClientModeManager[wlan0]: entering StartedState
06-04 18:04:54.262 468 497 W ActivityManager: Unable to start service Intent { act=com.cvte.tv.api.TV_API_SERVICE pkg=com.cvte.tv.api.impl } U=0: not found
06-04 18:04:54.262 246 299 I netd : interfaceGetCfg(wlan0) -> {InterfaceConfigurationParcel{ifName: wlan0, hwAddr: b4:2f:03:16:18:c0, ipv4Addr: 0.0.0.0, prefixLength: 0, flags: [up, broadcast, running, multicast]}} <0.59ms>
06-04 18:04:54.263 1197 1197 D TvApiSDKManager: getTvApi getSystemService = false
06-04 18:04:54.263 1197 1197 D TvApiSDKManager: getTvApi startService
06-04 18:04:54.264 1197 1197 W ContextImpl: Calling a method in the system process without a qualified user: android.app.ContextImpl.startService:1816 android.content.ContextWrapper.startService:774 com.cvte.tv.api.TvApiSDKManager.getTvApi:361 com.dangbei.rocky.component.system.SystemControlUtils.initSystemAidl:83 com.dangbei.rocky.component.system.SystemComponent.onAttached:38
06-04 18:04:54.266 468 497 W ActivityManager: Unable to start service Intent { act=com.cvte.tv.api.TV_API_SERVICE pkg=com.cvte.tv.api.impl } U=0: not found
06-04 18:04:54.267 1197 1197 W ContextImpl: Calling a method in the system process without a qualified user: android.app.ContextImpl.bindService:1895 android.content.ContextWrapper.bindService:810 com.cvte.tv.api.TvApiSDKManager.getTvApi:362 com.dangbei.rocky.component.system.SystemControlUtils.initSystemAidl:83 com.dangbei.rocky.component.system.SystemComponent.onAttached:38
06-04 18:04:54.269 468 497 W ActivityManager: Unable to start service Intent { act=com.cvte.tv.api.TV_API_SERVICE pkg=com.cvte.tv.api.impl } U=0: not found
06-04 18:04:54.280 468 612 D WifiService: updateInterfaceIpState: ifaceName=wlan0 mode=-1 previous LOHS mode= -1
06-04 18:04:54.280 468 612 D WifiService: updateInterfaceIpState: ifaceName=wlan1 mode=-1 previous LOHS mode= -1
06-04 18:04:54.292 468 468 D WifiP2pService: Wifi enabled=false
06-04 18:04:54.303 1197 1197 W ContextImpl: Calling a method in the system process without a qualified user: android.app.ContextImpl.startService:1816 android.content.ContextWrapper.startService:774 com.dangbei.phrike.core.DownloadManager.register:294 com.dangbei.component_appcontrol.phrike.XPhrikeAppCreator.register:47 com.dangbei.component_appcontrol.AppControlComponent.onAttached:65
06-04 18:04:54.303 468 612 I android_os_HwBinder: HwBinder: Starting thread pool for getting: android.hidl.manager@1.0::IServiceManager/default
06-04 18:04:54.313 468 497 D CompatibilityChangeReporter: Compat change id reported: 168419799; UID 1000; state: DISABLED
06-04 18:04:54.318 468 612 I SupplicantStaIfaceHal: Starting supplicant using HIDL
06-04 18:04:54.321 1197 1197 I RockyManager: initSDKDelegate:
06-04 18:04:54.324 1074 1074 I DefaultDispatch: type=1400 audit(0.0:425): avc: denied { search } for name="tmp" dev="mmcblk0p25" ino=83 scontext=u:r:system_app:s0 tcontext=u:object_r:shell_data_file:s0 tclass=dir permissive=1
06-04 18:04:54.358 185 185 I hwservicemanager: Since android.hardware.wifi.supplicant@1.0::ISupplicant/default is not registered, trying to start it as a lazy HAL.
06-04 18:04:54.373 668 818 E AdapterState: BLE_TURNING_OFF : BLE_STOP_TIMEOUT
06-04 18:04:54.373 668 818 I AdapterState: OFF : entered
06-04 18:04:54.373 668 818 D AdapterProperties: Setting state to OFF
06-04 18:04:54.374 668 818 D BluetoothAdapterService: updateAdapterState() - Broadcasting state OFF to 1 receivers.
06-04 18:04:54.378 468 519 D BluetoothManagerService: MESSAGE_BLUETOOTH_STATE_CHANGE: BLE_TURNING_OFF > OFF
06-04 18:04:54.379 468 519 D BluetoothManagerService: Bluetooth is complete send Service Down
06-04 18:04:54.379 468 519 D BluetoothManagerService: Broadcasting onBluetoothServiceDown() to 4 receivers.
06-04 18:04:54.380 468 519 D BluetoothAdapter: onBluetoothServiceDown
06-04 18:04:54.380 668 683 D BluetoothAdapter: onBluetoothServiceDown
06-04 18:04:54.381 468 519 D BluetoothManagerService: unbindAndFinish(): android.bluetooth.IBluetooth$Stub$Proxy@9736418 mBinding = false mUnbinding = false
06-04 18:04:54.382 1031 1053 D BluetoothAdapter: onBluetoothServiceDown
06-04 18:04:54.383 682 1056 D BluetoothAdapter: onBluetoothServiceDown
06-04 18:04:54.393 468 612 D SupplicantStaIfaceHal: Successfully triggered start of supplicant using HIDL
06-04 18:04:54.406 468 1016 I ActivityManager: com.android.localtransport is exempt from freezer
06-04 18:04:54.416 468 1016 D CompatibilityChangeReporter: Compat change id reported: 135634846; UID 1000; state: DISABLED
06-04 18:04:54.328 1074 1074 I nd.statics.boot: type=1400 audit(0.0:426): avc: denied { read } for name="address" dev="sysfs" ino=28343 scontext=u:r:system_app:s0 tcontext=u:object_r:sysfs:s0 tclass=file permissive=1
06-04 18:04:54.446 668 668 D BluetoothAdapterService: onUnbind() - calling cleanup
06-04 18:04:54.446 668 668 D BluetoothAdapterService: cleanup()
06-04 18:04:54.449 247 247 D Zygote : Forked child process 1286
06-04 18:04:54.332 1074 1074 I nd.statics.boot: type=1400 audit(0.0:427): avc: denied { open } for path="/sys/devices/platform/unisoc_wifi/net/wlan1/address" dev="sysfs" ino=28343 scontext=u:r:system_app:s0 tcontext=u:object_r:sysfs:s0 tclass=file permissive=1
06-04 18:04:54.467 1286 1286 I Zygote : seccomp disabled by setenforce 0
06-04 18:04:54.481 468 519 D BluetoothManagerService: Sending BLE State Change: BLE_TURNING_OFF > OFF
06-04 18:04:54.487 468 531 W ActivityManager: Slow operation: 82ms so far, now at startProcess: done updating battery stats
06-04 18:04:54.498 468 531 W ActivityManager: Slow operation: 93ms so far, now at startProcess: building log message
06-04 18:04:54.498 468 531 I ActivityManager: app.processName = com.android.localtransport
06-04 18:04:54.498 468 531 I ActivityManager: Start proc 1286:com.android.localtransport/1000 for service {com.android.localtransport/com.android.localtransport.LocalTransportService}
06-04 18:04:54.498 468 531 W ActivityManager: Slow operation: 94ms so far, now at startProcess: starting to update pids map
06-04 18:04:54.499 468 531 W ActivityManager: Slow operation: 95ms so far, now at startProcess: done updating pids map
06-04 18:04:54.501 468 519 D BluetoothManagerService: Entering STATE_OFF but mEnabled is true; restarting.
06-04 18:04:54.503 468 519 E BluetoothManagerService: waitForState [10] time out
06-04 18:04:54.503 389 759 D BufferPoolAccessor2.0: bufferpool2 0xf62a3cd8 : 0(0 size) total buffers - 0(0 size) used buffers - 42/46 (recycle/alloc) - 4/45 (fetch/transfer)
06-04 18:04:54.513 468 888 D BufferPoolAccessor2.0: bufferpool2 0xe4a6fc98 : 0(0 size) total buffers - 0(0 size) used buffers - 2/7 (recycle/alloc) - 9/76 (fetch/transfer)
06-04 18:04:54.514 468 888 D BufferPoolAccessor2.0: bufferpool2 0xe4a6fdd8 : 0(0 size) total buffers - 0(0 size) used buffers - 2/7 (recycle/alloc) - 5/68 (fetch/transfer)
06-04 18:04:54.514 468 888 D BufferPoolAccessor2.0: bufferpool2 0xe5caf758 : 0(0 size) total buffers - 0(0 size) used buffers - 2/7 (recycle/alloc) - 5/46 (fetch/transfer)
06-04 18:04:54.514 468 888 D BufferPoolAccessor2.0: bufferpool2 0xe5caf4d8 : 0(0 size) total buffers - 0(0 size) used buffers - 2/7 (recycle/alloc) - 6/42 (fetch/transfer)
06-04 18:04:54.514 468 888 D BufferPoolAccessor2.0: evictor expired: 4, evicted: 4
06-04 18:04:54.517 1074 1074 E getHdmiStatus: sourceInputStatus=null mEtnaAdapter=null
06-04 18:04:54.528 409 420 I adbd : jdwp connection from 1286
06-04 18:04:54.531 682 1220 I vol.Events: writeEvent level_changed STREAM_VOICE_CALL 15
06-04 18:04:54.503 389 759 D BufferPoolAccessor2.0: bufferpool2 0xf62a32d8 : 0(0 size) total buffers - 0(0 size) used buffers - 16/19 (recycle/alloc) - 3/18 (fetch/transfer)
06-04 18:04:54.542 389 759 D BufferPoolAccessor2.0: bufferpool2 0xf62a3198 : 0(0 size) total buffers - 0(0 size) used buffers - 136/145 (recycle/alloc) - 9/144 (fetch/transfer)
06-04 18:04:54.547 389 759 D BufferPoolAccessor2.0: bufferpool2 0xf62a41d8 : 0(0 size) total buffers - 0(0 size) used buffers - 18/21 (recycle/alloc) - 3/20 (fetch/transfer)
06-04 18:04:54.548 389 759 D BufferPoolAccessor2.0: bufferpool2 0xf62a3b98 : 0(0 size) total buffers - 0(0 size) used buffers - 41/44 (recycle/alloc) - 3/43 (fetch/transfer)
06-04 18:04:54.548 389 759 D BufferPoolAccessor2.0: bufferpool2 0xf62a3418 : 0(0 size) total buffers - 0(0 size) used buffers - 30/36 (recycle/alloc) - 7/35 (fetch/transfer)
06-04 18:04:54.548 389 759 D BufferPoolAccessor2.0: evictor expired: 6, evicted: 6
06-04 18:04:54.553 682 1220 I vol.Events: writeEvent level_changed STREAM_SYSTEM 5
06-04 18:04:54.560 682 1220 I vol.Events: writeEvent level_changed STREAM_RING 5
06-04 18:04:54.563 468 519 D BluetoothManagerService: Handle enable is finished
06-04 18:04:54.567 682 1220 I vol.Events: writeEvent level_changed STREAM_MUSIC 14
06-04 18:04:54.575 682 1220 I vol.Events: writeEvent level_changed STREAM_ALARM 17
06-04 18:04:54.578 668 668 W BluetoothSdpJni: Cleaning up Bluetooth SDP Interface...
06-04 18:04:54.578 668 668 W BluetoothSdpJni: Cleaning up Bluetooth SDP object
06-04 18:04:54.578 668 668 D BluetoothKeystoreService: cleanup
06-04 18:04:54.578 668 668 D BluetoothKeystoreService: setBluetoothKeystoreService(): set to: null
06-04 18:04:54.578 668 668 D BluetoothAdapterService: cleanup() - Cleaning up adapter native
06-04 18:04:54.596 682 1220 I vol.Events: writeEvent level_changed STREAM_BLUETOOTH_SCO 7
06-04 18:04:54.600 1074 1226 E FactoryResetOperateImpl: isFirstBoot 1
06-04 18:04:54.600 1074 1226 E FactoryResetOperateImpl: isFirstBoot 1
06-04 18:04:54.776 1284 1284 I capability: warning: `wpa_supplicant' uses 32-bit capabilities (legacy support in use)
06-04 18:04:54.625 1284 1284 D wpa_supplicant: wpa_supplicant v2.10-devel-12
06-04 18:04:54.627 1284 1284 D wpa_supplicant: Global control interface '@android:wpa_wlan0'
06-04 18:04:54.627 1284 1284 D wpa_supplicant: Using Android control socket 'wpa_wlan0'
06-04 18:04:54.628 1284 1284 D wpa_supplicant: Initing hidl control
06-04 18:04:54.628 1284 1284 I wpa_supplicant: Processing hidl events on FD 4
06-04 18:04:54.629 1074 1216 E hq : LookupControler:::startLookupControllerTimer
06-04 18:04:54.629 1284 1284 E cutils-trace: Error opening trace file: No such file or directory (2)
06-04 18:04:54.636 1074 1074 D OsInitLaunch: send cache: mangoAuth, null, AUTH_NO_NETWORK, null
06-04 18:04:54.636 682 1220 I vol.Events: writeEvent zen_mode_config_changed [disallowAlarms=false disallowMedia=false disallowSystem=true disallowRinger=false]
06-04 18:04:54.637 1284 1284 I HidlServiceManagement: Registered android.hardware.wifi.supplicant@1.4::ISupplicant/default
06-04 18:04:54.638 1284 1284 I wpa_supplicant: Successfully initialized wpa_supplicant
06-04 18:04:54.639 1074 1307 W ContextImpl: Calling a method in the system process without a qualified user: android.app.ContextImpl.bindService:1895 android.content.ContextWrapper.bindService:810 ce.b.h:57 ce.b$c.call:3 ee.c$a.run:5
06-04 18:04:54.640 468 642 I android_os_HwBinder: HwBinder: Starting thread pool for getting: android.hardware.wifi.supplicant@1.0::ISupplicant/default
06-04 18:04:54.647 1074 1225 I UtilCommon: 未知
06-04 18:04:54.647 1074 1225 I UtilCommon: bluetoothMac=null
06-04 18:04:54.648 1074 1225 E wangli : env: 0_true
06-04 18:04:54.651 468 519 W IorapForwardingService: No service published for: iorapd
06-04 18:04:54.660 468 642 I SupplicantStaIfaceHal: Completed initialization of ISupplicant.
06-04 18:04:54.674 682 682 D SystemUIService: running: com.android.systemui.volume.VolumeUI@ef7a583
06-04 18:04:54.679 468 749 D ConnectivityService: requestNetwork for uid/pid:1000/1074 activeRequest: null callbackRequest: 26 [NetworkRequest [ REQUEST id=27, [ Capabilities: INTERNET&NOT_RESTRICTED&TRUSTED&NOT_VCN_MANAGED Uid: 1000 RequestorUid: 1000 RequestorPkg: com.dangbei.leard.leradlauncher] ]] callback flags: 0 priority: 2147483647
06-04 18:04:54.680 468 619 D ConnectivityService: NetReassign [no changes]
06-04 18:04:54.684 1074 1311 I cr_VariationsUtils: Failed reading seed file "/data/user/0/com.dangbei.leard.leradlauncher/app_webview/variations_seed_new"
06-04 18:04:54.690 1022 1218 I MediaProvider: Scanned internal due to REASON_MOUNTED, found 5 items in 761ms, 0 inserts 0 updates 0 deletes
06-04 18:04:54.711 1240 1240 V GraphicsEnvironment: ANGLE Developer option for 'com.android.mtp' set to: 'default'
06-04 18:04:54.711 1240 1240 V GraphicsEnvironment: Neither updatable production driver nor prerelease driver is supported.
06-04 18:04:54.718 1240 1240 D NetworkSecurityConfig: No Network Security Config specified, using platform default
06-04 18:04:54.719 1240 1240 D NetworkSecurityConfig: No Network Security Config specified, using platform default
06-04 18:04:54.726 682 682 D SystemUIBootTiming: SystemUIService: bootcomplete com.android.systemui.volume.VolumeUI took 1459 ms
06-04 18:04:54.727 682 682 D SystemUIService: loading: com.android.systemui.privacy.television.TvOngoingPrivacyChip
06-04 18:04:54.731 1022 1218 W ModernMediaScanner: Failed to visit /oem/media: java.nio.file.NoSuchFileException: /oem/media
06-04 18:04:54.740 468 655 D PPPOE : got request NetworkRequest [ REQUEST id=27, [ Capabilities: INTERNET&NOT_RESTRICTED&TRUSTED&NOT_VCN_MANAGED Uid: 1000 RequestorUid: 1000 RequestorPkg: com.dangbei.leard.leradlauncher] ]
