06-04 18:04:46.242 313 313 D XiriService: check file name: /data/data/com.android.bluetooth/lib
06-04 18:04:46.243 313 313 D XiriService: check file name: /data/data/com.android.bluetooth/lib
06-04 18:04:46.244 468 468 D CompatibilityChangeReporter: Compat change id reported: 157233955; UID 1000; state: ENABLED
06-04 18:04:46.250 313 313 D XiriService: check file name: /data/data/com.android.bluetooth/lib
06-04 18:04:46.251 313 313 D XiriService: check file name: /data/data/com.android.bluetooth/lib
06-04 18:04:46.251 313 313 D XiriService: check file name: /data/data/com.android.bluetooth/lib
06-04 18:04:46.251 313 313 D XiriService: check file name: /data/data/com.android.bluetooth/lib
06-04 18:04:46.254 468 468 D SystemServerTiming: StartNotificationManager took to complete: 50ms
06-04 18:04:46.254 468 468 I SystemServerTiming: StartDeviceMonitor
06-04 18:04:46.254 468 468 I SystemServiceManager: Starting com.android.server.storage.DeviceStorageMonitorService
06-04 18:04:46.256 468 468 D SystemServerTiming: StartDeviceMonitor took to complete: 3ms
06-04 18:04:46.256 468 468 I SystemServerTiming: StartLocationManagerService
06-04 18:04:46.256 468 468 I SystemServiceManager: Starting com.android.server.location.LocationManagerService$Lifecycle
06-04 18:04:46.263 468 468 D SystemServerTiming: StartLocationManagerService took to complete: 7ms
06-04 18:04:46.263 468 468 I SystemServerTiming: StartCountryDetectorService
06-04 18:04:46.264 468 468 D SystemServerTiming: StartCountryDetectorService took to complete: 1ms
06-04 18:04:46.264 468 468 I SystemServerTiming: StartTimeDetectorService
06-04 18:04:46.264 468 468 I SystemServiceManager: Starting com.android.server.timedetector.TimeDetectorService$Lifecycle
06-04 18:04:46.267 468 468 D SystemServerTiming: StartTimeDetectorService took to complete: 3ms
06-04 18:04:46.267 468 468 I SystemServerTiming: StartTimeZoneDetectorService
06-04 18:04:46.267 468 468 I SystemServiceManager: Starting com.android.server.timezonedetector.TimeZoneDetectorService$Lifecycle
06-04 18:04:46.268 247 247 I Zygote : Preloading shared libraries...
06-04 18:04:46.271 468 468 D SystemServerTiming: StartTimeZoneDetectorService took to complete: 3ms
06-04 18:04:46.271 468 468 I SystemServerTiming: StartLocationTimeZoneManagerService
06-04 18:04:46.271 468 468 I SystemServiceManager: Starting com.android.server.timezonedetector.location.LocationTimeZoneManagerService$Lifecycle
06-04 18:04:46.273 468 468 D SystemServerTiming: StartLocationTimeZoneManagerService took to complete: 2ms
06-04 18:04:46.273 468 468 I SystemServerTiming: StartSearchManagerService
06-04 18:04:46.273 468 468 I SystemServiceManager: Starting com.android.server.search.SearchManagerService$Lifecycle
06-04 18:04:46.275 468 468 D SystemServerTiming: StartSearchManagerService took to complete: 3ms
06-04 18:04:46.276 468 468 I SystemServerTiming: StartWallpaperManagerService
06-04 18:04:46.276 468 468 I SystemServiceManager: Starting com.android.server.wallpaper.WallpaperManagerService$Lifecycle
06-04 18:04:46.277 247 247 I Zygote : Called ZygoteHooks.endPreload()
06-04 18:04:46.278 468 468 D SystemServerTiming: StartWallpaperManagerService took to complete: 2ms
06-04 18:04:46.278 468 468 I SystemServerTiming: StartAudioService
06-04 18:04:46.278 468 468 I SystemServiceManager: Starting com.android.server.audio.AudioService$Lifecycle
06-04 18:04:46.278 247 247 I Zygote : Installed AndroidKeyStoreProvider in 1ms.
06-04 18:04:46.282 468 571 D SystemServerTimingAsync: AppDataPrepare took to complete: 1758ms
06-04 18:04:46.282 468 571 I PackageManager: Deferred reconcileAppsData finished 98 packages
06-04 18:04:46.282 468 571 D SystemServerInitThreadPool: Finished executing prepareAppData
06-04 18:04:46.282 468 571 D SystemServerTimingAsync: InitThreadPoolExec:prepareAppData took to complete: 1903ms
06-04 18:04:46.291 247 247 I Zygote : Warmed up JCA providers in 13ms.
06-04 18:04:46.292 247 247 D Zygote : end preload
06-04 18:04:46.292 468 525 D SystemServerTimingAsync: SecondaryZygotePreload took to complete: 1477ms
06-04 18:04:46.292 468 525 D SystemServerInitThreadPool: Finished executing SecondaryZygotePreload
06-04 18:04:46.292 468 525 D SystemServerTimingAsync: InitThreadPoolExec:SecondaryZygotePreload took to complete: 1477ms
06-04 18:04:46.292 468 468 I android_os_HwBinder: HwBinder: Starting thread pool for getting: android.hidl.manager@1.0::IServiceManager/default
06-04 18:04:46.297 273 449 W AudioFlinger: no wake lock to update, system not ready yet
06-04 18:04:46.301 273 273 D PermissionCache: checking android.permission.MODIFY_AUDIO_ROUTING for uid=1000 => granted (664 us)
06-04 18:04:46.312 273 444 D PermissionCache: checking android.permission.MODIFY_AUDIO_SETTINGS for uid=1000 => granted (162 us)
06-04 18:04:46.318 273 444 D AudioFlinger: isLowRamDevice:false totalMemory:2055442432 mClientSharedHeapSize:4194304
06-04 18:04:46.320 468 468 D SystemServerTiming: StartAudioService took to complete: 42ms
06-04 18:04:46.320 468 468 I SystemServerTiming: StartSoundTriggerMiddlewareService
06-04 18:04:46.320 468 468 I SystemServiceManager: Starting com.android.server.soundtrigger_middleware.SoundTriggerMiddlewareService$Lifecycle
06-04 18:04:46.322 468 468 D SoundTriggerMiddlewareService: Connecting to default ISoundTriggerHw
06-04 18:04:46.323 185 185 I hwservicemanager: getTransport: Cannot find entry android.hardware.soundtrigger@2.0::ISoundTriggerHw/default in either framework or device VINTF manifest.
06-04 18:04:46.326 468 468 E SoundTriggerMiddlewareImpl: Failed to add a SoundTriggerModule instance
06-04 18:04:46.326 468 468 E SoundTriggerMiddlewareImpl: java.util.NoSuchElementException
06-04 18:04:46.326 468 468 E SoundTriggerMiddlewareImpl: at android.os.HwBinder.getService(Native Method)
06-04 18:04:46.326 468 468 E SoundTriggerMiddlewareImpl: at android.hardware.soundtrigger.V2_0.ISoundTriggerHw.getService(ISoundTriggerHw.java:57)
06-04 18:04:46.326 468 468 E SoundTriggerMiddlewareImpl: at android.hardware.soundtrigger.V2_0.ISoundTriggerHw.getService(ISoundTriggerHw.java:64)
06-04 18:04:46.326 468 468 E SoundTriggerMiddlewareImpl: at com.android.server.soundtrigger_middleware.SoundTriggerMiddlewareService$Lifecycle.lambda$onStart$0(SoundTriggerMiddlewareService.java:238)
06-04 18:04:46.326 468 468 E SoundTriggerMiddlewareImpl: at com.android.server.soundtrigger_middleware.SoundTriggerMiddlewareService$Lifecycle$$ExternalSyntheticLambda0.create(Unknown Source:0)
06-04 18:04:46.326 468 468 E SoundTriggerMiddlewareImpl: at com.android.server.soundtrigger_middleware.SoundTriggerModule.attachToHal(SoundTriggerModule.java:222)
06-04 18:04:46.326 468 468 E SoundTriggerMiddlewareImpl: at com.android.server.soundtrigger_middleware.SoundTriggerModule.(SoundTriggerModule.java:112)
06-04 18:04:46.326 468 468 E SoundTriggerMiddlewareImpl: at com.android.server.soundtrigger_middleware.SoundTriggerMiddlewareImpl.(SoundTriggerMiddlewareImpl.java:89)
06-04 18:04:46.326 468 468 E SoundTriggerMiddlewareImpl: at com.android.server.soundtrigger_middleware.SoundTriggerMiddlewareService$Lifecycle.onStart(SoundTriggerMiddlewareService.java:244)
06-04 18:04:46.326 468 468 E SoundTriggerMiddlewareImpl: at com.android.server.SystemServiceManager.startService(SystemServiceManager.java:205)
06-04 18:04:46.326 468 468 E SoundTriggerMiddlewareImpl: at com.android.server.SystemServiceManager.startService(SystemServiceManager.java:192)
06-04 18:04:46.326 468 468 E SoundTriggerMiddlewareImpl: at com.android.server.SystemServer.startOtherServices(SystemServer.java:2161)
06-04 18:04:46.326 468 468 E SoundTriggerMiddlewareImpl: at com.android.server.SystemServer.run(SystemServer.java:928)
06-04 18:04:46.326 468 468 E SoundTriggerMiddlewareImpl: at com.android.server.SystemServer.main(SystemServer.java:628)
06-04 18:04:46.326 468 468 E SoundTriggerMiddlewareImpl: at java.lang.reflect.Method.invoke(Native Method)
06-04 18:04:46.326 468 468 E SoundTriggerMiddlewareImpl: at com.android.internal.os.RuntimeInit$MethodAndArgsCaller.run(RuntimeInit.java:548)
06-04 18:04:46.326 468 468 E SoundTriggerMiddlewareImpl: at com.android.internal.os.ZygoteInit.main(ZygoteInit.java:1160)
06-04 18:04:46.328 273 273 I CaptureStateNotifier: Registering a listener
06-04 18:04:46.329 468 468 D SystemServerTiming: StartSoundTriggerMiddlewareService took to complete: 9ms
06-04 18:04:46.329 468 468 I SystemServerTiming: StartDockObserver
06-04 18:04:46.329 468 468 I SystemServiceManager: Starting com.android.server.DockObserver
06-04 18:04:46.329 468 635 I SoundTriggerMiddlewareLogging: setCaptureState[this=com.android.server.soundtrigger_middleware.SoundTriggerMiddlewareImpl@6adb7b1, client=null](false)
06-04 18:04:46.329 468 468 W DockObserver: This kernel does not have dock station support
06-04 18:04:46.330 468 468 D SystemServerTiming: StartDockObserver took to complete: 2ms
06-04 18:04:46.330 468 468 I SystemServerTiming: StartWiredAccessoryManager
06-04 18:04:46.331 468 468 I SystemServer: Audio device manager Observer
06-04 18:04:46.332 468 468 E Environment: Path requests must specify a user by using UserEnvironment
06-04 18:04:46.332 468 468 E Environment: java.lang.Throwable
06-04 18:04:46.332 468 468 E Environment: at android.os.Environment.throwIfUserRequired(Environment.java:1449)
06-04 18:04:46.332 468 468 E Environment: at android.os.Environment.getExternalStorageDirectory(Environment.java:707)
06-04 18:04:46.332 468 468 E Environment: at com.android.server.SystemServer.startOtherServices(SystemServer.java:2192)
06-04 18:04:46.332 468 468 E Environment: at com.android.server.SystemServer.run(SystemServer.java:928)
06-04 18:04:46.332 468 468 E Environment: at com.android.server.SystemServer.main(SystemServer.java:628)
06-04 18:04:46.332 468 468 E Environment: at java.lang.reflect.Method.invoke(Native Method)
06-04 18:04:46.332 468 468 E Environment: at com.android.internal.os.RuntimeInit$MethodAndArgsCaller.run(RuntimeInit.java:548)
06-04 18:04:46.332 468 468 E Environment: at com.android.internal.os.ZygoteInit.main(ZygoteInit.java:1160)
06-04 18:04:46.334 468 468 W StorageManagerService: No primary storage defined yet; hacking together a stub
06-04 18:04:46.335 468 530 I DropBoxManagerService: add tag=system_server_wtf isTagEnabled=true flags=0x2
06-04 18:04:46.360 267 267 I EventThread: type=1400 audit(0.0:315): avc: denied { search } for name="extcon" dev="sysfs" ino=18109 scontext=u:r:hal_tv_cec_default:s0 tcontext=u:object_r:sysfs_extcon:s0 tclass=dir permissive=1
06-04 18:04:46.419 468 468 W system_server: ClassLoaderContext parent mismatch. (PCL[] | PCL[];PCL[/system/framework/com.android.location.provider.jar*3633238673:/system/framework/services.jar*324275400:/system/framework/services.jar!classes2.dex*4169108402:/system/framework/ethernet-service.jar*655162001:/system/framework/pppoe-service.jar*2082030846:/apex/com.android.appsearch/javalib/service-appsearch.jar*4100577803:/apex/com.android.media/javalib/service-media-s.jar*3881732923:/apex/com.android.permission/javalib/service-permission.jar*62506796])
06-04 18:04:46.424 468 468 I system_server: Waiting for a blocking GC ClassLinker
06-04 18:04:46.506 393 393 I update_engine: [INFO:cleanup_previous_update_action.cc(112)] Executing task 4
06-04 18:04:46.508 393 393 I update_engine: [INFO:cleanup_previous_update_action.cc(124)] CleanupPreviousUpdateAction scheduled task ID 5 for WaitBootCompleted
06-04 18:04:46.509 468 490 I system_server: Background young concurrent copying GC freed 88813(5029KB) AllocSpace objects, 18(532KB) LOS objects, 36% free, 8560KB/13MB, paused 310us total 150.155ms
06-04 18:04:46.509 468 468 I system_server: WaitForGcToComplete blocked ClassLinker on Background for 85.067ms
06-04 18:04:46.513 468 468 D DisplayOutputManager: ro.build.characteristics=homlet
06-04 18:04:46.516 184 184 E SELinux : avc: denied { find } for pid=468 uid=1000 name=vendor.display.output.IDisplayOutputManager/default scontext=u:r:system_server:s0 tcontext=u:object_r:hal_awdisplayoutput_service:s0 tclass=service_manager permissive=1
06-04 18:04:46.516 184 184 I servicemanager: Found vendor.display.output.IDisplayOutputManager/default in device VINTF manifest.
06-04 18:04:46.519 468 468 D HomletDisplayOutputManager: get IDisplayOutputManager service success
06-04 18:04:46.519 468 468 D AudioManagerEx: AudioManagerEx
06-04 18:04:46.519 468 468 D AudioDeviceManagerObserver: AudioDeviceManagerObserver construct
06-04 18:04:46.520 468 468 D SystemServerTiming: StartWiredAccessoryManager took to complete: 189ms
06-04 18:04:46.520 468 468 I SystemServerTiming: StartMidiManager
06-04 18:04:46.520 468 468 I SystemServiceManager: Starting com.android.server.midi.MidiService$Lifecycle
06-04 18:04:46.521 468 468 D SystemServerTiming: StartMidiManager took to complete: 2ms
06-04 18:04:46.521 468 468 I SystemServerTiming: StartAdbService
06-04 18:04:46.521 468 468 I SystemServiceManager: Starting com.android.server.adb.AdbService$Lifecycle
06-04 18:04:46.523 468 468 D SystemServerTiming: StartAdbService took to complete: 2ms
06-04 18:04:46.523 468 468 I SystemServerTiming: StartUsbService
06-04 18:04:46.523 468 468 I SystemServiceManager: Starting com.android.server.usb.UsbService$Lifecycle
06-04 18:04:46.524 468 468 D SystemServerTiming: StartUsbService took to complete: 0ms
06-04 18:04:46.524 468 468 I SystemServerTiming: StartSerialService
06-04 18:04:46.524 468 579 I SystemServerTimingAsync: InitThreadPoolExec:UsbService$Lifecycle#onStart
06-04 18:04:46.524 468 579 D SystemServerInitThreadPool: Started executing UsbService$Lifecycle#onStart
06-04 18:04:46.524 468 468 D SystemServerTiming: StartSerialService took to complete: 1ms
06-04 18:04:46.525 468 468 I SystemServerTiming: StartHardwarePropertiesManagerService
06-04 18:04:46.525 185 185 I hwservicemanager: getTransport: Cannot find entry android.hardware.thermal@1.0::IThermal/default in either framework or device VINTF manifest.
06-04 18:04:46.525 468 468 E HardwarePropertiesManagerService-JNI: Unable to get Thermal service.
06-04 18:04:46.526 468 468 D SystemServerTiming: StartHardwarePropertiesManagerService took to complete: 2ms
06-04 18:04:46.526 468 468 I SystemServerTiming: StartTwilightService
06-04 18:04:46.526 468 468 I SystemServiceManager: Starting com.android.server.twilight.TwilightService
06-04 18:04:46.526 468 468 D SystemServerTiming: StartTwilightService took to complete: 0ms
06-04 18:04:46.527 468 468 I SystemServerTiming: StartColorDisplay
06-04 18:04:46.527 468 468 I SystemServiceManager: Starting com.android.server.display.color.ColorDisplayService
06-04 18:04:46.527 468 579 E UsbDeviceManager: failed to write to /sys/class/android_usb/android0/f_rndis/ethaddr
06-04 18:04:46.528 468 468 D SystemServerTiming: StartColorDisplay took to complete: 2ms
06-04 18:04:46.528 468 468 I SystemServerTiming: StartJobScheduler
06-04 18:04:46.529 468 468 I SystemServiceManager: Starting com.android.server.job.JobSchedulerService
06-04 18:04:46.530 468 579 I android_os_HwBinder: HwBinder: Starting thread pool for getting: android.hardware.usb.gadget@1.0::IUsbGadget/default
06-04 18:04:46.534 468 468 D JobStore: Start tag: job-info
06-04 18:04:46.537 468 468 I JobStore: Read 5 jobs
06-04 18:04:46.708 579 579 I : read descriptors
06-04 18:04:46.712 579 579 I : read strings
06-04 18:04:46.716 579 579 I : read descriptors
06-04 18:04:46.542 468 619 D ConnectivityService: NetReassign [no changes]
06-04 18:04:46.544 468 468 V HistoricalRegistry: Interaction before persistence initialized
06-04 18:04:46.544 468 468 V HistoricalRegistry: Interaction before persistence initialized
06-04 18:04:46.544 468 519 W IorapForwardingService: No service published for: iorapd
06-04 18:04:46.546 468 468 D SystemServerTiming: StartJobScheduler took to complete: 17ms
06-04 18:04:46.546 468 468 I SystemServerTiming: StartSoundTrigger
06-04 18:04:46.546 468 468 I SystemServiceManager: Starting com.android.server.soundtrigger.SoundTriggerService
06-04 18:04:46.720 579 579 I : read strings
06-04 18:04:46.546 468 468 D SystemServerTiming: StartSoundTrigger took to complete: 1ms
06-04 18:04:46.546 468 468 I SystemServerTiming: StartTrustManager
06-04 18:04:46.546 468 468 I SystemServiceManager: Starting com.android.server.trust.TrustManagerService
06-04 18:04:46.549 468 468 D SystemServerTiming: StartTrustManager took to complete: 2ms
06-04 18:04:46.549 468 468 I SystemServerTiming: StartBackupManager
06-04 18:04:46.549 468 468 I SystemServiceManager: Starting com.android.server.backup.BackupManagerService$Lifecycle
06-04 18:04:46.550 468 579 W StorageManagerService: No primary storage defined yet; hacking together a stub
06-04 18:04:46.551 468 579 I android_os_HwBinder: HwBinder: Starting thread pool for getting: android.hidl.manager@1.0::IServiceManager/default
06-04 18:04:46.552 468 468 D SystemServerTiming: StartBackupManager took to complete: 4ms
06-04 18:04:46.552 468 468 I SystemServerTiming: StartAppWidgetService
06-04 18:04:46.552 468 468 I SystemServiceManager: Starting com.android.server.appwidget.AppWidgetService
06-04 18:04:46.553 468 558 I UsbDeviceManager: Usb gadget hal service started android.hardware.usb.gadget@1.0::IUsbGadget default
06-04 18:04:46.555 468 579 I android_os_HwBinder: HwBinder: Starting thread pool for getting: android.hardware.usb.gadget@1.0::IUsbGadget/default
06-04 18:04:46.556 468 468 D SystemServerTiming: StartAppWidgetService took to complete: 3ms
06-04 18:04:46.556 468 468 I SystemServerTiming: StartVoiceRecognitionManager
06-04 18:04:46.556 468 468 I SystemServiceManager: Starting com.android.server.voiceinteraction.VoiceInteractionManagerService
06-04 18:04:46.559 468 516 I android_os_HwBinder: HwBinder: Starting thread pool for getting: android.hardware.usb.gadget@1.0::IUsbGadget/default
06-04 18:04:46.560 468 516 E UsbDeviceManager: prcessing MSG_GET_CURRENT_USB_FUNCTIONS
06-04 18:04:46.560 468 516 E UsbDeviceManager: updating mCurrentFunctions
06-04 18:04:46.560 468 516 E UsbDeviceManager: mCurrentFunctions:0applied:1
06-04 18:04:46.561 468 579 I android_os_HwBinder: HwBinder: Starting thread pool for getting: android.hidl.manager@1.0::IServiceManager/default
06-04 18:04:46.562 468 639 I UsbPortManager: Usb hal service started android.hardware.usb@1.0::IUsb default
06-04 18:04:46.563 468 579 I android_os_HwBinder: HwBinder: Starting thread pool for getting: android.hardware.usb@1.0::IUsb/default
06-04 18:04:46.564 269 269 I android.hardware.usb@1.0-service: registering callback
06-04 18:04:46.564 269 269 E android.hardware.usb@1.0-service: Failed to open /sys/class/typec
06-04 18:04:46.565 269 641 E android.hardware.usb@1.0-service: creating thread
06-04 18:04:46.567 468 468 D SystemServerTiming: StartVoiceRecognitionManager took to complete: 12ms
06-04 18:04:46.567 468 579 I UsbPortManager: USB HAL version: 10
06-04 18:04:46.568 468 468 I SystemServerTiming: StartAppHibernationService
06-04 18:04:46.568 468 468 I SystemServiceManager: Starting com.android.server.apphibernation.AppHibernationService
06-04 18:04:46.570 468 579 D SystemServerInitThreadPool: Finished executing UsbService$Lifecycle#onStart
06-04 18:04:46.570 468 579 D SystemServerTimingAsync: InitThreadPoolExec:UsbService$Lifecycle#onStart took to complete: 46ms
06-04 18:04:46.570 468 468 D SystemServerTiming: StartAppHibernationService took to complete: 3ms
06-04 18:04:46.570 468 468 I SystemServerTiming: StartGestureLauncher
06-04 18:04:46.570 468 468 I SystemServiceManager: Starting com.android.server.GestureLauncherService
06-04 18:04:46.570 468 468 D SystemServerTiming: StartGestureLauncher took to complete: 0ms
06-04 18:04:46.570 468 468 I SystemServerTiming: StartSensorNotification
06-04 18:04:46.570 468 468 I SystemServiceManager: Starting com.android.server.SensorNotificationService
06-04 18:04:46.571 468 468 D SystemServerTiming: StartSensorNotification took to complete: 0ms
06-04 18:04:46.571 468 468 I SystemServerTiming: StartDiskStatsService
06-04 18:04:46.573 468 468 D SystemServerTiming: StartDiskStatsService took to complete: 2ms
06-04 18:04:46.573 468 468 I SystemServerTiming: RuntimeService
06-04 18:04:46.573 468 468 D SystemServerTiming: RuntimeService took to complete: 0ms
06-04 18:04:46.573 468 468 I SystemServerTiming: StartNetworkTimeUpdateService
06-04 18:04:46.574 468 468 D SystemServerTiming: StartNetworkTimeUpdateService took to complete: 1ms
06-04 18:04:46.574 468 468 I SystemServerTiming: CertBlacklister
06-04 18:04:46.575 468 468 D SystemServerTiming: CertBlacklister took to complete: 0ms
06-04 18:04:46.575 468 468 I SystemServerTiming: StartEmergencyAffordanceService
06-04 18:04:46.575 468 468 I SystemServiceManager: Starting com.android.server.emergency.EmergencyAffordanceService
06-04 18:04:46.576 468 468 D SystemServerTiming: StartEmergencyAffordanceService took to complete: 0ms
06-04 18:04:46.576 468 468 I SystemServerTiming: StartDreamManager
06-04 18:04:46.576 468 468 I SystemServiceManager: Starting com.android.server.dreams.DreamManagerService
06-04 18:04:46.576 468 515 I SystemServerTimingAsync: InitThreadPoolExec:startBlobStoreManagerService
06-04 18:04:46.576 468 515 D SystemServerInitThreadPool: Started executing startBlobStoreManagerService
06-04 18:04:46.576 468 515 I SystemServerTimingAsync: startBlobStoreManagerService
06-04 18:04:46.577 468 515 I SystemServiceManager: Starting com.android.server.blob.BlobStoreManagerService
06-04 18:04:46.577 468 468 D SystemServerTiming: StartDreamManager took to complete: 1ms
06-04 18:04:46.577 468 468 I SystemServerTiming: AddGraphicsStatsService
06-04 18:04:46.581 468 468 D SystemServerTiming: AddGraphicsStatsService took to complete: 3ms
06-04 18:04:46.581 468 515 D SystemServerTimingAsync: startBlobStoreManagerService took to complete: 4ms
06-04 18:04:46.581 468 515 D SystemServerInitThreadPool: Finished executing startBlobStoreManagerService
06-04 18:04:46.581 468 515 D SystemServerTimingAsync: InitThreadPoolExec:startBlobStoreManagerService took to complete: 4ms
06-04 18:04:46.581 468 468 I SystemServerTiming: StartRestrictionManager
06-04 18:04:46.581 468 468 I SystemServiceManager: Starting com.android.server.restrictions.RestrictionsManagerService
06-04 18:04:46.582 468 468 D SystemServerTiming: StartRestrictionManager took to complete: 1ms
06-04 18:04:46.582 468 468 I SystemServerTiming: StartMediaSessionService
06-04 18:04:46.582 468 468 I SystemServiceManager: Starting com.android.server.media.MediaSessionService
06-04 18:04:46.585 468 468 D SystemServerTiming: StartMediaSessionService took to complete: 3ms
06-04 18:04:46.585 468 468 I SystemServerTiming: StartHdmiControlService
06-04 18:04:46.585 468 468 I SystemServiceManager: Starting com.android.server.hdmi.HdmiControlService
06-04 18:04:46.593 185 185 I hwservicemanager: getTransport: Cannot find entry android.hardware.tv.cec@1.1::IHdmiCec/default in either framework or device VINTF manifest.
06-04 18:04:46.593 468 468 E HDMI : [1]:Couldn't connect to cec@1.1java.util.NoSuchElementException
06-04 18:04:46.594 468 468 W HDMI : [1]:Couldn't get tv.cec service.
06-04 18:04:46.594 468 468 W HDMI : [1]:Unable to use cec@1.1
06-04 18:04:46.595 468 468 I android_os_HwBinder: HwBinder: Starting thread pool for getting: android.hardware.tv.cec@1.0::IHdmiCec/default
06-04 18:04:46.597 468 468 I HdmiControlService: Device does not support MHL-control.
06-04 18:04:46.599 267 267 D hdmi-cec: setOption, flag=0x0002, value=0x00000000
06-04 18:04:46.609 468 468 D SystemServerTiming: StartHdmiControlService took to complete: 23ms
06-04 18:04:46.609 468 468 I SystemServerTiming: StartTvInputManager
06-04 18:04:46.609 468 468 I SystemServiceManager: Starting com.android.server.tv.TvInputManagerService
06-04 18:04:46.612 185 185 I hwservicemanager: getTransport: Cannot find entry android.hardware.tv.input@1.0::ITvInput/default in either framework or device VINTF manifest.
06-04 18:04:46.612 468 468 E TvInputHal: Couldn't get tv.input service.
06-04 18:04:46.615 468 468 D SystemServerTiming: StartTvInputManager took to complete: 6ms
06-04 18:04:46.615 468 468 I SystemServerTiming: StartMediaResourceMonitor
06-04 18:04:46.615 468 468 I SystemServiceManager: Starting com.android.server.media.MediaResourceMonitorService
06-04 18:04:46.616 468 468 D SystemServerTiming: StartMediaResourceMonitor took to complete: 0ms
06-04 18:04:46.616 468 468 I SystemServerTiming: StartTvRemoteService
06-04 18:04:46.616 468 468 I SystemServiceManager: Starting com.android.server.tv.TvRemoteService
06-04 18:04:46.616 468 468 D SystemServerTiming: StartTvRemoteService took to complete: 1ms
06-04 18:04:46.616 468 468 I SystemServerTiming: StartMediaRouterService
06-04 18:04:46.617 468 468 V HistoricalRegistry: Interaction before persistence initialized
06-04 18:04:46.618 468 468 D SystemServerTiming: StartMediaRouterService took to complete: 1ms
06-04 18:04:46.618 468 468 I SystemServerTiming: StartBiometricService
06-04 18:04:46.618 468 468 I SystemServiceManager: Starting com.android.server.biometrics.BiometricService
06-04 18:04:46.622 468 468 D SystemServerTiming: StartBiometricService took to complete: 4ms
06-04 18:04:46.622 468 468 I SystemServerTiming: StartAuthService
06-04 18:04:46.622 468 468 I SystemServiceManager: Starting com.android.server.biometrics.AuthService
06-04 18:04:46.625 468 468 D SystemServerTiming: StartAuthService took to complete: 2ms
06-04 18:04:46.625 468 468 I SystemServerTiming: StartBackgroundDexOptService
06-04 18:04:46.625 468 468 W BackgroundDexOptService: SysProp pm.dexopt.downgrade_after_inactive_days not set
06-04 18:04:46.626 468 468 D SystemServerTiming: StartBackgroundDexOptService took to complete: 1ms
06-04 18:04:46.626 468 468 I SystemServerTiming: StartDynamicCodeLoggingService
06-04 18:04:46.627 468 468 D SystemServerTiming: StartDynamicCodeLoggingService took to complete: 1ms
06-04 18:04:46.627 468 468 I SystemServerTiming: StartPruneInstantAppsJobService
06-04 18:04:46.627 468 468 D SystemServerTiming: StartPruneInstantAppsJobService took to complete: 0ms
06-04 18:04:46.627 468 468 I SystemServerTiming: StartShortcutServiceLifecycle
06-04 18:04:46.627 468 468 I SystemServiceManager: Starting com.android.server.pm.ShortcutService$Lifecycle
06-04 18:04:46.630 468 468 V HistoricalRegistry: Interaction before persistence initialized
06-04 18:04:46.631 468 468 D SystemServerTiming: StartShortcutServiceLifecycle took to complete: 3ms
06-04 18:04:46.631 468 468 I SystemServerTiming: StartLauncherAppsService
06-04 18:04:46.631 468 468 I SystemServiceManager: Starting com.android.server.pm.LauncherAppsService
06-04 18:04:46.633 468 468 D SystemServerTiming: StartLauncherAppsService took to complete: 2ms
06-04 18:04:46.633 468 468 I SystemServerTiming: StartCrossProfileAppsService
06-04 18:04:46.633 468 468 I SystemServiceManager: Starting com.android.server.pm.CrossProfileAppsService
06-04 18:04:46.634 468 468 D SystemServerTiming: StartCrossProfileAppsService took to complete: 1ms
06-04 18:04:46.634 468 468 I SystemServerTiming: StartPeopleService
06-04 18:04:46.634 468 468 I SystemServiceManager: Starting com.android.server.people.PeopleService
06-04 18:04:46.636 468 468 D SystemServerTiming: StartPeopleService took to complete: 1ms
06-04 18:04:46.636 468 468 I SystemServerTiming: StartMediaMetricsManager
06-04 18:04:46.636 468 468 I SystemServiceManager: Starting com.android.server.media.metrics.MediaMetricsManagerService
06-04 18:04:46.638 468 468 D SystemServerTiming: StartMediaMetricsManager took to complete: 2ms
06-04 18:04:46.638 468 468 I SystemServerTiming: StartMediaProjectionManager
06-04 18:04:46.638 468 468 I SystemServiceManager: Starting com.android.server.media.projection.MediaProjectionManagerService
06-04 18:04:46.640 468 468 V MediaRouter: Selecting route: RouteInfo{ name=手机, description=null, status=null, category=RouteCategory{ name=系统 types=ROUTE_TYPE_LIVE_AUDIO ROUTE_TYPE_LIVE_VIDEO groupable=false }, supportedTypes=ROUTE_TYPE_LIVE_AUDIO ROUTE_TYPE_LIVE_VIDEO , presentationDisplay=null }
06-04 18:04:46.640 468 468 I MediaRouter: Skip setBluetoothA2dpOn(): types=8388615, isPlaybackActive()=false, BT route=null
06-04 18:04:46.641 468 468 D SystemServerTiming: StartMediaProjectionManager took to complete: 3ms
06-04 18:04:46.641 468 468 I SystemServerTiming: StartSliceManagerService
06-04 18:04:46.641 468 468 I SystemServiceManager: Starting com.android.server.slice.SliceManagerService$Lifecycle
06-04 18:04:46.644 468 468 D SystemServerTiming: StartSliceManagerService took to complete: 2ms
06-04 18:04:46.644 468 468 I SystemServerTiming: StartStatsCompanion
06-04 18:04:46.652 468 468 I SystemServiceManager: Starting com.android.server.stats.StatsCompanion$Lifecycle
06-04 18:04:46.656 468 468 D SystemServerTiming: StartStatsCompanion took to complete: 12ms
06-04 18:04:46.656 468 468 I SystemServerTiming: StartRebootReadinessManagerService
06-04 18:04:46.664 468 468 I SystemServiceManager: Starting com.android.server.scheduling.RebootReadinessManagerService$Lifecycle
06-04 18:04:46.669 468 468 I TetheringManager: registerTetheringEventCallback:android
06-04 18:04:46.670 468 468 I TetheringManager: registerTetheringEventCallback caller:android
06-04 18:04:46.671 468 468 D SystemServerTiming: StartRebootReadinessManagerService took to complete: 15ms
06-04 18:04:46.671 468 468 I SystemServerTiming: StartStatsPullAtomService
06-04 18:04:46.671 468 468 I SystemServiceManager: Starting com.android.server.stats.pull.StatsPullAtomService
06-04 18:04:46.671 468 468 D SystemServerTiming: StartStatsPullAtomService took to complete: 1ms
06-04 18:04:46.671 468 468 I SystemServerTiming: StartIncidentCompanionService
06-04 18:04:46.671 468 468 I SystemServiceManager: Starting com.android.server.incident.IncidentCompanionService
06-04 18:04:46.672 468 468 D SystemServerTiming: StartIncidentCompanionService took to complete: 1ms
06-04 18:04:46.672 468 468 I SystemServerTiming: StartMmsService
06-04 18:04:46.672 468 468 I SystemServiceManager: Starting com.android.server.MmsServiceBroker
06-04 18:04:46.673 468 468 D SystemServerTiming: StartMmsService took to complete: 0ms
06-04 18:04:46.673 468 468 I SystemServerTiming: StartAutoFillService
06-04 18:04:46.673 468 468 I SystemServiceManager: Starting com.android.server.autofill.AutofillManagerService
06-04 18:04:46.675 468 468 D AutofillManagerService: setLogLevelFromSettings(): level=2, debug=true, verbose=false
06-04 18:04:46.675 468 468 D AutofillManagerService: setMaxPartitionsFromSettings(): 10
06-04 18:04:46.675 468 468 D AutofillManagerService: setMaxVisibleDatasetsFromSettings(): 0
06-04 18:04:46.676 468 468 D AutofillManagerServiceImpl: Reset component for user 0:
06-04 18:04:46.676 468 518 D AutofillUI: destroySaveUiUiThread(): already destroyed
06-04 18:04:46.679 468 468 D SystemServerTiming: StartAutoFillService took to complete: 6ms
06-04 18:04:46.679 468 468 D SystemServer: TranslationService not defined by OEM
06-04 18:04:46.679 468 468 I SystemServerTiming: StartClipboardService
06-04 18:04:46.679 468 468 I SystemServiceManager: Starting com.android.server.clipboard.ClipboardService
06-04 18:04:46.682 468 468 D SystemServerTiming: StartClipboardService took to complete: 3ms
06-04 18:04:46.682 468 468 I SystemServerTiming: AppServiceManager
06-04 18:04:46.682 468 468 I SystemServiceManager: Starting com.android.server.appbinding.AppBindingService$Lifecycle
06-04 18:04:46.683 245 249 I ServiceManager: Waiting for service 'statscompanion' on '/dev/binder' successful after waiting 1509ms
06-04 18:04:46.684 468 468 D SystemServerTiming: AppServiceManager took to complete: 2ms
06-04 18:04:46.684 468 468 I SystemServerTiming: startTracingServiceProxy
06-04 18:04:46.684 468 468 I SystemServiceManager: Starting com.android.server.tracing.TracingServiceProxy
06-04 18:04:46.686 468 468 D SystemServerTiming: startTracingServiceProxy took to complete: 2ms
06-04 18:04:46.687 468 468 I SystemServerTiming: startOranthService
06-04 18:04:46.687 468 468 I SystemServiceManager: Starting com.android.server.oranth.OranthManagerService$Lifecycle
06-04 18:04:46.687 468 468 I OranthManagerService: -------------- OranthManagerService --------------
06-04 18:04:46.687 184 184 E SELinux : avc: denied { add } for pid=468 uid=1000 name=oranth_manager scontext=u:r:system_server:s0 tcontext=u:object_r:default_android_service:s0 tclass=service_manager permissive=1
06-04 18:04:46.688 468 468 D SystemServerTiming: startOranthService took to complete: 1ms
06-04 18:04:46.688 468 468 I SystemServerTiming: MakeLockSettingsServiceReady
06-04 18:04:46.694 185 185 I hwservicemanager: getTransport: Cannot find entry android.hardware.weaver@1.0::IWeaver/default in either framework or device VINTF manifest.
06-04 18:04:46.694 468 468 I SyntheticPasswordManager: Device does not support weaver
06-04 18:04:46.694 185 185 I hwservicemanager: getTransport: Cannot find entry android.hardware.authsecret@1.0::IAuthSecret/default in either framework or device VINTF manifest.
06-04 18:04:46.695 468 468 I LockSettingsService: Device doesn't implement AuthSecret HAL
06-04 18:04:46.696 468 468 D SystemServerTiming: MakeLockSettingsServiceReady took to complete: 9ms
06-04 18:04:46.696 468 468 I SystemServerTiming: StartBootPhaseLockSettingsReady
06-04 18:04:46.696 468 468 I SystemServiceManager: Starting phase 480
06-04 18:04:46.696 468 468 I SystemServerTiming: OnBootPhase_480
06-04 18:04:46.697 468 468 D SoundTriggerService: onBootPhase: 480 : false
06-04 18:04:46.699 468 468 D SystemServerTiming: OnBootPhase_480 took to complete: 2ms
06-04 18:04:46.699 468 468 D SystemServerTiming: StartBootPhaseLockSettingsReady took to complete: 2ms
06-04 18:04:46.699 468 468 I SystemServerTiming: StartBootPhaseSystemServicesReady
06-04 18:04:46.699 468 468 I SystemServiceManager: Starting phase 500
06-04 18:04:46.699 468 468 I SystemServerTiming: OnBootPhase_500
06-04 18:04:46.699 468 468 E StatsPullAtomCallbackImpl: Failed to start PowerStatsService statsd pullers
06-04 18:04:46.703 468 468 D ConnectivityService: requestNetwork for uid/pid:1000/468 activeRequest: null callbackRequest: 9 [NetworkRequest [ REQUEST id=10, [ Capabilities: INTERNET&NOT_RESTRICTED&TRUSTED&NOT_VCN_MANAGED Uid: 1000 RequestorUid: 1000 RequestorPkg: android] ]] callback flags: 0 priority: 2147483647
06-04 18:04:46.703 468 468 E BatteryStatsService: Could not register PowerStatsInternal
06-04 18:04:46.703 468 619 D ConnectivityService: NetReassign [no changes]
06-04 18:04:46.706 468 468 D SLog : static_init took to complete: 0ms
06-04 18:04:46.706 468 468 V HintManagerService: Initializing HintManager service...
06-04 18:04:46.706 468 468 V HistoricalRegistry: Interaction before persistence initialized
06-04 18:04:46.708 468 468 D AppStandbyController: Setting app idle enabled state
06-04 18:04:46.711 468 468 V HistoricalRegistry: Interaction before persistence initialized
06-04 18:04:46.716 468 468 V VibratorManagerService: Initializing VibratorManager service...
06-04 18:04:46.717 468 468 V HistoricalRegistry: Interaction before persistence initialized
06-04 18:04:46.718 468 468 V VibratorManagerService: VibratorManager service initialized
06-04 18:04:46.723 468 619 D ConnectivityService: NetReassign [no changes]
06-04 18:04:46.726 468 468 I ActivityTaskManager: Config changes=200 {1.0 ?mcc?mnc [zh_CN] ldltr sw720dp w1280dp h696dp 240dpi xlrg long land television -touch qwerty/v/v dpad/v winConfig={ mBounds=Rect(0, 0 - 1920, 1080) mAppBounds=Rect(0, 0 - 1920, 1080) mMaxBounds=Rect(0, 0 - 1920, 1080) mWindowingMode=fullscreen mDisplayWindowingMode=fullscreen mActivityType=undefined mAlwaysOnTop=undefined mRotation=ROTATION_0} s.4 ?fontWeightAdjustment}
06-04 18:04:46.729 468 468 I WindowManager: Override config changes=200 {1.0 ?mcc?mnc [zh_CN] ldltr sw720dp w1280dp h696dp 240dpi xlrg long land television -touch qwerty/v/v dpad/v winConfig={ mBounds=Rect(0, 0 - 1920, 1080) mAppBounds=Rect(0, 0 - 1920, 1080) mMaxBounds=Rect(0, 0 - 1920, 1080) mWindowingMode=fullscreen mDisplayWindowingMode=fullscreen mActivityType=undefined mAlwaysOnTop=undefined mRotation=ROTATION_0} s.4 ?fontWeightAdjustment} for displayId=0
06-04 18:04:46.732 468 468 D TestHarnessModeService: Setting up test harness mode
06-04 18:04:46.732 468 468 D TestHarnessModeService: Getting PersistentDataBlockManagerInternal from LocalServices
06-04 18:04:46.740 324 324 I rainbow_flow: type=1400 audit(0.0:316): avc: denied { ioctl } for path="/dev/spidev1.0" dev="tmpfs" ino=3509 ioctlcmd=0x6b00 scontext=u:r:init:s0 tcontext=u:object_r:device:s0 tclass=chr_file permissive=1
06-04 18:04:46.746 468 468 V HistoricalRegistry: Interaction before persistence initialized
06-04 18:04:46.749 468 468 W NetworkPolicy: setRestrictBackgroundUL: already false
06-04 18:04:46.750 468 468 I WifiScanningService: Starting wifiscanner
06-04 18:04:46.753 246 299 I netd : registerUnsolicitedEventListener() <0.10ms>
06-04 18:04:46.754 468 468 I EthernetServiceImpl: Starting Ethernet service
06-04 18:04:46.757 468 468 D EthernetTracker: Interface match regexp set to 'eth\d'
06-04 18:04:46.759 468 468 D Ethernet: Registering NetworkFactory
06-04 18:04:46.760 468 619 D ConnectivityService: Got NetworkProvider Messenger for Ethernet
06-04 18:04:46.761 468 468 E IpConfigStore: Error opening configuration file: java.io.FileNotFoundException: /data/misc/ethernet/ipconfig.txt: open failed: ENOENT (No such file or directory)
06-04 18:04:46.761 468 468 I PppoeServiceImpl: Starting PPPOE service
06-04 18:04:46.763 246 299 I netd : interfaceGetList() -> {[ip6_vti0, eth0, gre0, ip6gre0, gretap0, erspan0, dummy0, lo, tunl0, sit0, ip6tnl0, ip_vti0]} <0.38ms>
06-04 18:04:46.763 468 612 W WifiXmlUtil: Ignoring unknown value name found: CarrierMerged
06-04 18:04:46.763 468 654 I EthernetTracker: maybeTrackInterface: eth0
06-04 18:04:46.764 468 612 W WifiXmlUtil: Ignoring unknown value name found: CaptivePortalNeverDetected
06-04 18:04:46.765 246 299 I netd : interfaceGetCfg(eth0) -> {InterfaceConfigurationParcel{ifName: eth0, hwAddr: 20:02:fe:19:c1:fd, ipv4Addr: 0.0.0.0, prefixLength: 0, flags: [down, broadcast, multicast]}} <0.63ms>
06-04 18:04:46.767 468 612 W WifiXmlUtil: Ignoring unknown value name found: CarrierMerged
06-04 18:04:46.767 318 320 D XM_HIDREAD: add@ add@/devices/platform/soc@3000000/5030000.eth/mdio_bus/5030000.eth-0
06-04 18:04:46.764 334 334 I xiriservice_All: type=1400 audit(0.0:317): avc: denied { read } for scontext=u:r:init:s0 tcontext=u:r:init:s0 tclass=netlink_kobject_uevent_socket permissive=1
06-04 18:04:46.768 468 612 W WifiXmlUtil: Ignoring unknown value name found: CaptivePortalNeverDetected
06-04 18:04:46.771 318 320 D XM_HIDREAD: add@ add@/devices/platform/soc@3000000/5030000.eth/mdio_bus/5030000.eth-0/5030000.eth-0:00
06-04 18:04:46.775 318 320 D XM_HIDREAD: add@ add@/devices/platform/soc@3000000/5030000.eth/mdio_bus/5030000.eth-0/5030000.eth-0:10
06-04 18:04:46.788 468 468 D PPPOE : Registering NetworkFactory
06-04 18:04:46.788 468 612 D WifiConfigStore: Reading from all stores completed in 38 ms.
06-04 18:04:46.789 468 619 D ConnectivityService: Got NetworkProvider Messenger for PPPOE
06-04 18:04:46.789 468 468 W PppoeServiceImpl: pppoe interface file not exist!
06-04 18:04:46.789 468 655 D PPPOE : got request NetworkRequest [ REQUEST id=5, [ Transports: PPPOE Capabilities: INTERNET&NOT_RESTRICTED&TRUSTED&NOT_VPN&NOT_VCN_MANAGED RequestorUid: 1000 RequestorPkg: android] ]
06-04 18:04:46.790 468 655 D PppoeNetworkFactory: onRequestNetwork
06-04 18:04:46.790 468 655 D PPPOE : got request NetworkRequest [ REQUEST id=1, [ Capabilities: INTERNET&NOT_RESTRICTED&TRUSTED&NOT_VPN&NOT_VCN_MANAGED RequestorUid: 1000 RequestorPkg: android] ]
06-04 18:04:46.790 468 655 D PPPOE : got request NetworkRequest [ REQUEST id=10, [ Capabilities: INTERNET&NOT_RESTRICTED&TRUSTED&NOT_VCN_MANAGED Uid: 1000 RequestorUid: 1000 RequestorPkg: android] ]
06-04 18:04:46.791 468 612 E WifiConfigManager: Cannot find network with networkId -1 or configKey "5G"WPA_PSK or upgradable security type check
06-04 18:04:46.793 468 612 E WifiConfigManager: Cannot find network with networkId -1 or configKey "DZNB"WPA_PSK or upgradable security type check
06-04 18:04:46.795 468 468 V HistoricalRegistry: Interaction before persistence initialized
06-04 18:04:46.802 468 612 I WifiInjector: enableVerboseLogging(0): false
06-04 18:04:46.802 468 612 E SupplicantStaIfaceHal: Can't call setDebugParams, ISupplicant is null
06-04 18:04:46.802 468 612 E HostapdHal: Can't call setDebugParams, IHostapd is null
06-04 18:04:46.802 468 612 I WifiService: WifiService starting up with Wi-Fi disabled
06-04 18:04:46.808 468 612 D WifiController: isAirplaneModeOn = false, isWifiEnabled = false, isScanningAvailable = false, isLocationModeActive = true
06-04 18:04:46.808 468 468 V HistoricalRegistry: Interaction before persistence initialized
06-04 18:04:46.809 468 612 E WifiActiveModeWarden: Something is wrong, no client mode toggles enabled
06-04 18:04:46.809 468 468 D SoundTriggerService: onBootPhase: 500 : false
06-04 18:04:46.810 468 612 I android_os_HwBinder: HwBinder: Starting thread pool for getting: android.hidl.manager@1.2::IServiceManager/default
06-04 18:04:46.813 185 185 I hwservicemanager: Since android.hardware.wifi@1.0::IWifi/default is not registered, trying to start it as a lazy HAL.
06-04 18:04:46.814 185 185 I hwservicemanager: Since android.hardware.wifi@1.0::IWifi/default is not registered, trying to start it as a lazy HAL.
06-04 18:04:46.817 468 468 D SystemServerTiming: OnBootPhase_500 took to complete: 119ms
06-04 18:04:46.817 468 468 D SystemServerTiming: StartBootPhaseSystemServicesReady took to complete: 119ms
06-04 18:04:46.817 468 468 I SystemServerTiming: MakeWindowManagerServiceReady
06-04 18:04:46.822 468 529 E KernelCpuThreadReader: Failed to initialize KernelCpuThreadReader
06-04 18:04:46.822 468 529 E KernelCpuThreadReader: java.nio.file.NoSuchFileException: /proc/self/time_in_state
06-04 18:04:46.822 468 529 E KernelCpuThreadReader: at sun.nio.fs.UnixFileSystemProvider.newByteChannel(UnixFileSystemProvider.java:214)
06-04 18:04:46.822 468 529 E KernelCpuThreadReader: at java.nio.file.Files.newByteChannel(Files.java:361)
06-04 18:04:46.822 468 529 E KernelCpuThreadReader: at java.nio.file.Files.newByteChannel(Files.java:407)
06-04 18:04:46.822 468 529 E KernelCpuThreadReader: at java.nio.file.Files.readAllBytes(Files.java:3152)
06-04 18:04:46.822 468 529 E KernelCpuThreadReader: at com.android.internal.os.ProcTimeInStateReader.initializeTimeInStateFormat(ProcTimeInStateReader.java:159)
06-04 18:04:46.822 468 529 E KernelCpuThreadReader: at com.android.internal.os.ProcTimeInStateReader.(ProcTimeInStateReader.java:106)
06-04 18:04:46.822 468 529 E KernelCpuThreadReader: at com.android.internal.os.KernelCpuThreadReader.(KernelCpuThreadReader.java:138)
06-04 18:04:46.822 468 529 E KernelCpuThreadReader: at com.android.internal.os.KernelCpuThreadReader.create(KernelCpuThreadReader.java:151)
06-04 18:04:46.822 468 529 E KernelCpuThreadReader: at com.android.internal.os.KernelCpuThreadReaderSettingsObserver.(KernelCpuThreadReaderSettingsObserver.java:95)
06-04 18:04:46.822 468 529 E KernelCpuThreadReader: at com.android.internal.os.KernelCpuThreadReaderSettingsObserver.getSettingsModifiedReader(KernelCpuThreadReaderSettingsObserver.java:80)
06-04 18:04:46.822 468 529 E KernelCpuThreadReader: at com.android.server.stats.pull.StatsPullAtomService.initializePullersState(StatsPullAtomService.java:798)
06-04 18:04:46.822 468 529 E KernelCpuThreadReader: at com.android.server.stats.pull.StatsPullAtomService.lambda$onBootPhase$0$StatsPullAtomService(StatsPullAtomService.java:757)
06-04 18:04:46.822 468 529 E KernelCpuThreadReader: at com.android.server.stats.pull.StatsPullAtomService$$ExternalSyntheticLambda14.run(Unknown Source:2)
06-04 18:04:46.822 468 529 E KernelCpuThreadReader: at android.os.Handler.handleCallback(Handler.java:938)
06-04 18:04:46.822 468 529 E KernelCpuThreadReader: at android.os.Handler.dispatchMessage(Handler.java:99)
06-04 18:04:46.822 468 529 E KernelCpuThreadReader: at android.os.Looper.loopOnce(Looper.java:201)
06-04 18:04:46.822 468 529 E KernelCpuThreadReader: at android.os.Looper.loop(Looper.java:288)
06-04 18:04:46.822 468 529 E KernelCpuThreadReader: at android.os.HandlerThread.run(HandlerThread.java:67)
06-04 18:04:46.822 185 185 I hwservicemanager: getTransport: Cannot find entry android.hardware.configstore@1.1::ISurfaceFlingerConfigs/default in either framework or device VINTF manifest.
06-04 18:04:46.824 185 185 I hwservicemanager: getTransport: Cannot find entry android.hardware.configstore@1.1::ISurfaceFlingerConfigs/default in either framework or device VINTF manifest.
06-04 18:04:46.825 468 612 I HidlServiceManagement: getService: Trying again for android.hardware.wifi@1.0::IWifi/default...
06-04 18:04:46.825 468 529 I android_os_HwBinder: HwBinder: Starting thread pool for getting: android.hardware.health@2.0::IHealth/default
06-04 18:04:46.825 185 185 I hwservicemanager: getTransport: Cannot find entry android.hardware.configstore@1.1::ISurfaceFlingerConfigs/default in either framework or device VINTF manifest.
06-04 18:04:46.993 1 1 I init : starting service 'vendor.wifi_hal_legacy'...
06-04 18:04:46.826 468 468 D SystemServerTiming: MakeWindowManagerServiceReady took to complete: 9ms
06-04 18:04:46.827 468 529 I android_os_HwBinder: HwBinder: Starting thread pool for getting: android.hidl.manager@1.0::IServiceManager/default
06-04 18:04:46.828 468 529 I HealthServiceWrapper: health: HealthServiceWrapper listening to instance default
06-04 18:04:46.828 468 468 I SystemServerTiming: MakePowerManagerServiceReady
06-04 18:04:46.829 468 468 I AttentionDetector: readValuesFromDeviceConfig():
06-04 18:04:46.829 468 468 I AttentionDetector: mMaximumExtensionMillis=900000
06-04 18:04:46.829 468 468 I AttentionDetector: mPreDimCheckDurationMillis=2000
06-04 18:04:46.829 468 468 I AttentionDetector: mRequestedPostDimTimeoutMillis=0
06-04 18:04:46.831 468 529 D StatsPullAtomService: Registering pullers with statsd
06-04 18:04:46.837 468 662 I android_os_HwBinder: HwBinder: Starting thread pool for getting: android.hardware.health@2.0::IHealth/default
06-04 18:04:46.839 468 529 I StatsPullAtomService: register thermal listener successfully
06-04 18:04:46.840 468 468 E DisplayPowerController[0]: failed to set up display white-balance: java.lang.IllegalStateException: cannot find light sensor
06-04 18:04:46.843 266 266 I AW_PowerHAL: isBoostSupported: 0
06-04 18:04:46.843 468 619 D ConnectivityService: NetReassign [no changes]
06-04 18:04:46.850 468 557 W KeyguardServiceDelegate: onScreenTurningOn(): no keyguard service!
06-04 18:04:46.851 468 557 V DisplayPowerController[0]: Brightness [0.39763778] reason changing to: 'override', previous reason: '0'.
06-04 18:04:46.852 266 266 I AW_PowerHAL: Power setMode: DISPLAY_INACTIVE to: 0
06-04 18:04:46.852 266 266 I AW_PowerHAL: not completed yet, ignore mode request other
06-04 18:04:46.853 468 520 I DisplayDeviceRepository: Display device changed state: "内置屏幕", ON
06-04 18:04:46.855 468 520 I InputManager-JNI: Viewport [0] to add: local:0, isActive: true
06-04 18:04:46.857 468 600 I InputReader: Reconfiguring input devices, changes=DISPLAY_INFO |
06-04 18:04:46.859 468 468 I FaceDownDetector: readValuesFromDeviceConfig():
06-04 18:04:46.859 468 468 I FaceDownDetector: mAccelerationThreshold=0.2
06-04 18:04:46.859 468 468 I FaceDownDetector: mZAccelerationThreshold=-9.5
06-04 18:04:46.859 468 468 I FaceDownDetector: mTimeThreshold=PT1S
06-04 18:04:46.859 468 468 I FaceDownDetector: mIsEnabled=false
06-04 18:04:46.859 468 537 W KernelCpuProcStringReader: File not found. It's normal if not implemented: /proc/uid_time_in_state
06-04 18:04:46.860 468 537 W KernelCpuProcStringReader: File not found. It's normal if not implemented: /proc/uid_concurrent_active_time
06-04 18:04:46.861 468 537 W KernelCpuProcStringReader: File not found. It's normal if not implemented: /proc/uid_concurrent_policy_time
06-04 18:04:46.863 468 537 E KernelCpuSpeedReader: Failed to read cpu-freq: /sys/devices/system/cpu/cpu0/cpufreq/stats/time_in_state: open failed: ENOENT (No such file or directory)
06-04 18:04:46.864 468 468 D SystemServerTiming: MakePowerManagerServiceReady took to complete: 35ms
06-04 18:04:46.864 468 468 I SystemServerTiming: StartPermissionPolicyService
06-04 18:04:46.864 468 468 I SystemServiceManager: Starting com.android.server.policy.PermissionPolicyService
06-04 18:04:46.864 468 537 E system_server: Cannot read thread CPU times for PID 468
06-04 18:04:47.009 1 1 I init : Control message: Processed ctl.interface_start for 'android.hardware.wifi@1.0::IWifi/default' from pid: 185 (/system/bin/hwservicemanager)
06-04 18:04:47.027 1 1 I init : Control message: Processed ctl.interface_start for 'android.hardware.wifi@1.0::IWifi/default' from pid: 185 (/system/bin/hwservicemanager)
06-04 18:04:46.870 468 468 D SystemServerTiming: StartPermissionPolicyService took to complete: 7ms
06-04 18:04:46.870 468 468 I SystemServerTiming: MakePackageManagerServiceReady
06-04 18:04:46.880 468 468 V UserDataPreparer: Found /data/user_de/0 with serial number 0
06-04 18:04:46.880 468 468 V UserDataPreparer: Found /data/user/0 with serial number 0
06-04 18:04:46.880 468 468 V UserDataPreparer: Found /data/system_de/0 with serial number 0
06-04 18:04:46.880 468 468 W UserDataPreparer: Invalid user directory /data/system_de/usagestats
06-04 18:04:46.880 468 468 V UserDataPreparer: Found /data/system_ce/0 with serial number 0
06-04 18:04:46.881 468 468 V UserDataPreparer: Found /data/misc_ce/0 with serial number 0
06-04 18:04:46.883 468 468 I PackageManager: Permission ownership changed. Updating all permissions.
06-04 18:04:46.891 279 279 D SurfaceFlinger: Setting power mode 2 on display 0
06-04 18:04:46.893 265 265 I android.hardware.lights-service: Lights setting state for id=0 to color ffffffff
