06-04 18:04:54.741 468 654 D Ethernet: got request NetworkRequest [ REQUEST id=27, [ Capabilities: INTERNET&NOT_RESTRICTED&TRUSTED&NOT_VCN_MANAGED Uid: 1000 RequestorUid: 1000 RequestorPkg: com.dangbei.leard.leradlauncher] ]
06-04 18:04:54.741 468 654 D EthernetNetworkFactory: acceptRequest, request: NetworkRequest [ REQUEST id=27, [ Capabilities: INTERNET&NOT_RESTRICTED&TRUSTED&NOT_VCN_MANAGED Uid: 1000 RequestorUid: 1000 RequestorPkg: com.dangbei.leard.leradlauncher] ]
06-04 18:04:54.742 816 917 D BufferPoolAccessor2.0: bufferpool2 0xe5f1d6d8 : 0(0 size) total buffers - 0(0 size) used buffers - 1/7 (recycle/alloc) - 6/96 (fetch/transfer)
06-04 18:04:54.742 468 654 I EthernetNetworkFactory: networkForRequest, request: NetworkRequest [ REQUEST id=27, [ Capabilities: INTERNET&NOT_RESTRICTED&TRUSTED&NOT_VCN_MANAGED Uid: 1000 RequestorUid: 1000 RequestorPkg: com.dangbei.leard.leradlauncher] ], network: null
06-04 18:04:54.742 816 917 D BufferPoolAccessor2.0: evictor expired: 1, evicted: 1
06-04 18:04:54.744 1022 1218 I MediaProvider: Scanned internal due to REASON_MOUNTED, found 0 items in 20ms, 0 inserts 0 updates 0 deletes
06-04 18:04:54.751 1074 1305 E hq : ErrorCoroutineExceptionHandler:::runTry error:java.net.UnknownHostException: Unable to resolve host "ottdbui-tyapiqun7.yysh.mgtv.com": No address associated with hostname from=requestAppBarData_loadData
06-04 18:04:54.756 468 612 E SupplicantStaIfaceHal: Can't call setupIface, ISupplicantStaIface is null for iface=wlan0
06-04 18:04:54.921 1 1 I init : Sending signal 9 to service 'idmap2d' (pid 349) process group...
06-04 18:04:54.765 468 749 W OverlayManager: service 'idmap' died
06-04 18:04:54.776 468 496 W WindowManager: Failed looking up window session=Session{83216a6 1074:1000} callers=com.android.server.wm.WindowManagerService.windowForClientLocked:5702 com.android.server.wm.Session.insetsModified:629 android.view.IWindowSession$Stub.onTransact:1151
06-04 18:04:54.777 1286 1286 D CompatibilityChangeReporter: Compat change id reported: 171979766; UID 1000; state: ENABLED
06-04 18:04:54.780 468 814 D CompatibilityChangeReporter: Compat change id reported: 168419799; UID 1000; state: DISABLED
06-04 18:04:54.787 468 521 D CompatibilityChangeReporter: Compat change id reported: 158002302; UID 1000; state: ENABLED
06-04 18:04:54.793 468 612 I android_os_HwBinder: HwBinder: Starting thread pool for getting: android.hardware.wifi.supplicant@1.0::ISupplicant/default
06-04 18:04:54.794 1074 1074 I Choreographer: Skipped 134 frames! The application may be doing too much work on its main thread.
06-04 18:04:54.949 1 1 I libprocessgroup: Successfully killed process cgroup uid 1000 pid 349 in 12ms
06-04 18:04:54.966 1 1 I init : Control message: Processed ctl.stop for 'idmap2d' from pid: 468 (system_server)
06-04 18:04:54.808 468 516 W Looper : Slow dispatch took 122ms android.fg h=android.os.Handler c=com.android.server.om.IdmapDaemon$Connection$$ExternalSyntheticLambda0@71f45ad m=0
06-04 18:04:54.987 1 1 I init : Service 'idmap2d' (pid 349) received signal 9
06-04 18:04:54.829 1284 1284 D wpa_supplicant: Override interface parameter: ctrl_interface ('(null)' -> '/data/vendor/wifi/wpa/sockets')
06-04 18:04:54.829 1284 1284 D wpa_supplicant: Initializing interface 'wlan0' conf '/data/vendor/wifi/wpa/wpa_supplicant.conf' driver 'nl80211' ctrl_interface '/data/vendor/wifi/wpa/sockets' bridge 'N/A'
06-04 18:04:54.829 1284 1284 D wpa_supplicant: Configuration file '/data/vendor/wifi/wpa/wpa_supplicant.conf' -> '/data/vendor/wifi/wpa/wpa_supplicant.conf'
06-04 18:04:54.829 1284 1284 D wpa_supplicant: Reading configuration file '/data/vendor/wifi/wpa/wpa_supplicant.conf'
06-04 18:04:54.829 1284 1284 D wpa_supplicant: update_config=1
06-04 18:04:54.829 1284 1284 D wpa_supplicant: eapol_version=1
06-04 18:04:54.829 1284 1284 D wpa_supplicant: ap_scan=1
06-04 18:04:54.829 1284 1284 D wpa_supplicant: fast_reauth=1
06-04 18:04:54.829 1284 1284 D wpa_supplicant: pmf=1
06-04 18:04:54.829 1284 1284 D wpa_supplicant: p2p_add_cli_chan=1
06-04 18:04:54.829 1284 1284 D wpa_supplicant: oce=1
06-04 18:04:54.829 1284 1284 D wpa_supplicant: sae_pwe=2
06-04 18:04:54.830 1284 1284 D wpa_supplicant: Reading configuration file '/vendor/etc/wifi/wpa_supplicant_overlay.conf'
06-04 18:04:54.831 1284 1284 D wpa_supplicant: disable_scan_offload=1
06-04 18:04:54.831 1284 1284 D wpa_supplicant: wowlan_triggers='any'
06-04 18:04:54.831 1284 1284 D wpa_supplicant: p2p_disabled=0
06-04 18:04:54.831 1284 1284 D wpa_supplicant: filter_rssi=-75
06-04 18:04:54.831 1284 1284 D wpa_supplicant: no_ctrl_interface -> ctrl_interface=NULL
06-04 18:04:54.844 1284 1284 D wpa_supplicant: nl80211: Supported cipher 00-0f-ac:1
06-04 18:04:54.846 682 682 D SystemUIService: running: com.android.systemui.privacy.television.TvOngoingPrivacyChip@fd29df5
06-04 18:04:54.846 1284 1284 D wpa_supplicant: nl80211: Supported cipher 00-0f-ac:5
06-04 18:04:54.846 1284 1284 D wpa_supplicant: nl80211: Supported cipher 00-0f-ac:2
06-04 18:04:54.846 1284 1284 D wpa_supplicant: nl80211: Supported cipher 00-0f-ac:4
06-04 18:04:54.847 1284 1284 D wpa_supplicant: nl80211: Supported cipher 00-14-72:1
06-04 18:04:54.847 1284 1284 D wpa_supplicant: nl80211: Supported cipher 00-0f-ac:6
06-04 18:04:54.847 1284 1284 D wpa_supplicant: nl80211: Supported cipher 00-0f-ac:255
06-04 18:04:54.847 1284 1284 D wpa_supplicant: nl80211: Supported vendor command: vendor_id=0x1374 subcmd=9
06-04 18:04:54.848 1284 1284 D wpa_supplicant: nl80211: Supported vendor command: vendor_id=0x1374 subcmd=12
06-04 18:04:54.848 1284 1284 D wpa_supplicant: nl80211: Supported vendor command: vendor_id=0x1374 subcmd=14
06-04 18:04:54.848 1284 1284 D wpa_supplicant: nl80211: Supported vendor command: vendor_id=0x1374 subcmd=15
06-04 18:04:54.848 1284 1284 D wpa_supplicant: nl80211: Supported vendor command: vendor_id=0x1374 subcmd=16
06-04 18:04:54.848 1284 1284 D wpa_supplicant: nl80211: Supported vendor command: vendor_id=0x1374 subcmd=20
06-04 18:04:54.848 1284 1284 D wpa_supplicant: nl80211: Supported vendor command: vendor_id=0x1a11 subcmd=6
06-04 18:04:54.848 1284 1284 D wpa_supplicant: nl80211: Supported vendor command: vendor_id=0x1374 subcmd=21
06-04 18:04:54.848 1284 1284 D wpa_supplicant: nl80211: Supported vendor command: vendor_id=0x1374 subcmd=22
06-04 18:04:54.848 1284 1284 D wpa_supplicant: nl80211: Supported vendor command: vendor_id=0x1374 subcmd=23
06-04 18:04:54.848 1284 1284 D wpa_supplicant: nl80211: Supported vendor command: vendor_id=0x1374 subcmd=24
06-04 18:04:54.848 1284 1284 D wpa_supplicant: nl80211: Supported vendor command: vendor_id=0x1374 subcmd=29
06-04 18:04:54.848 1284 1284 D wpa_supplicant: nl80211: Supported vendor command: vendor_id=0x1374 subcmd=30
06-04 18:04:54.848 1284 1284 D wpa_supplicant: nl80211: Supported vendor command: vendor_id=0x1374 subcmd=32
06-04 18:04:54.848 1284 1284 D wpa_supplicant: nl80211: Supported vendor command: vendor_id=0x1374 subcmd=33
06-04 18:04:54.848 1284 1284 D wpa_supplicant: nl80211: Supported vendor command: vendor_id=0x1374 subcmd=38
06-04 18:04:54.848 1284 1284 D wpa_supplicant: nl80211: Supported vendor command: vendor_id=0x1374 subcmd=39
06-04 18:04:54.848 1284 1284 D wpa_supplicant: nl80211: Supported vendor command: vendor_id=0x1374 subcmd=42
06-04 18:04:54.848 1284 1284 D wpa_supplicant: nl80211: Supported vendor command: vendor_id=0x1374 subcmd=55
06-04 18:04:54.848 1284 1284 D wpa_supplicant: nl80211: Supported vendor command: vendor_id=0x1374 subcmd=61
06-04 18:04:54.848 1284 1284 D wpa_supplicant: nl80211: Supported vendor command: vendor_id=0x1374 subcmd=62
06-04 18:04:54.848 1284 1284 D wpa_supplicant: nl80211: Supported vendor command: vendor_id=0x1374 subcmd=63
06-04 18:04:54.848 1284 1284 D wpa_supplicant: nl80211: Supported vendor command: vendor_id=0x1374 subcmd=64
06-04 18:04:54.848 1284 1284 D wpa_supplicant: nl80211: Supported vendor command: vendor_id=0x1374 subcmd=65
06-04 18:04:54.848 1284 1284 D wpa_supplicant: nl80211: Supported vendor command: vendor_id=0x1374 subcmd=66
06-04 18:04:54.848 1284 1284 D wpa_supplicant: nl80211: Supported vendor command: vendor_id=0x1374 subcmd=69
06-04 18:04:54.848 1284 1284 D wpa_supplicant: nl80211: Supported vendor command: vendor_id=0x1374 subcmd=70
06-04 18:04:54.848 1284 1284 D wpa_supplicant: nl80211: Supported vendor command: vendor_id=0x1374 subcmd=71
06-04 18:04:54.848 1284 1284 D wpa_supplicant: nl80211: Supported vendor command: vendor_id=0x1374 subcmd=76
06-04 18:04:54.848 1284 1284 D wpa_supplicant: nl80211: Supported vendor command: vendor_id=0x1374 subcmd=77
06-04 18:04:54.848 1284 1284 D wpa_supplicant: nl80211: Supported vendor command: vendor_id=0x1374 subcmd=79
06-04 18:04:54.848 1284 1284 D wpa_supplicant: nl80211: Supported vendor command: vendor_id=0x1374 subcmd=80
06-04 18:04:54.848 1284 1284 D wpa_supplicant: nl80211: Supported vendor command: vendor_id=0x1374 subcmd=82
06-04 18:04:54.848 1284 1284 D wpa_supplicant: nl80211: Supported vendor command: vendor_id=0x1374 subcmd=85
06-04 18:04:54.848 1284 1284 D wpa_supplicant: nl80211: Supported vendor command: vendor_id=0x1374 subcmd=146
06-04 18:04:54.848 1284 1284 D wpa_supplicant: nl80211: Supported vendor command: vendor_id=0x1374 subcmd=12
06-04 18:04:54.848 1284 1284 D wpa_supplicant: nl80211: Supported vendor command: vendor_id=0x1374 subcmd=128
06-04 18:04:54.848 1284 1284 D wpa_supplicant: nl80211: Supported vendor command: vendor_id=0x1374 subcmd=129
06-04 18:04:54.848 1284 1284 D wpa_supplicant: nl80211: Supported vendor command: vendor_id=0x1374 subcmd=130
06-04 18:04:54.848 1284 1284 D wpa_supplicant: nl80211: Supported vendor command: vendor_id=0x1374 subcmd=133
06-04 18:04:54.848 1284 1284 D wpa_supplicant: nl80211: Supported vendor command: vendor_id=0x1374 subcmd=176
06-04 18:04:54.848 1284 1284 D wpa_supplicant: nl80211: Supported vendor event: vendor_id=0x1374 subcmd=80
06-04 18:04:54.848 1284 1284 D wpa_supplicant: nl80211: Supported vendor event: vendor_id=0x1374 subcmd=1
06-04 18:04:54.848 1284 1284 D wpa_supplicant: nl80211: Supported vendor event: vendor_id=0x1374 subcmd=1
06-04 18:04:54.848 1284 1284 D wpa_supplicant: nl80211: Supported vendor event: vendor_id=0x1374 subcmd=1
06-04 18:04:54.848 668 1155 I bt_bta_dm: system/bt/bta/dm/bta_dm_act.cc:2579 bta_dm_disable_conn_down_timer_cback: Stack device manager shutdown completed
06-04 18:04:54.849 668 848 E BluetoothAdapterService: Repeated wake lock release; aborting release: bluetooth_timer
06-04 18:04:54.849 668 843 I bt_stack: [INFO:btif_bqr.cc(229)] EnableBtQualityReport: is_enable: false
06-04 18:04:54.848 1284 1284 D wpa_supplicant: nl80211: Supported vendor event: vendor_id=0x1374 subcmd=1
06-04 18:04:54.849 1284 1284 D wpa_supplicant: nl80211: Supported vendor event: vendor_id=0x1374 subcmd=1
06-04 18:04:54.849 1284 1284 D wpa_supplicant: nl80211: Supported vendor event: vendor_id=0x1374 subcmd=20
06-04 18:04:54.849 1284 1284 D wpa_supplicant: nl80211: Supported vendor event: vendor_id=0x1374 subcmd=21
06-04 18:04:54.849 1284 1284 D wpa_supplicant: nl80211: Supported vendor event: vendor_id=0x1374 subcmd=23
06-04 18:04:54.849 1284 1284 D wpa_supplicant: nl80211: Supported vendor event: vendor_id=0x1374 subcmd=24
06-04 18:04:54.849 668 843 W bt_stack: [WARNING:btif_bqr.cc(237)] EnableBtQualityReport: Bluetooth Quality Report is disabled. bqr_prop_evtmask: , bqr_prop_interval_ms:
06-04 18:04:54.849 1284 1284 D wpa_supplicant: nl80211: Supported vendor event: vendor_id=0x1374 subcmd=25
06-04 18:04:54.849 1284 1284 D wpa_supplicant: nl80211: Supported vendor event: vendor_id=0x1374 subcmd=26
06-04 18:04:54.849 1284 1284 D wpa_supplicant: nl80211: Supported vendor event: vendor_id=0x1374 subcmd=27
06-04 18:04:54.849 668 843 I bt_btif_dm: system/bt/btif/src/btif_dm.cc:1500 BTIF_dm_disable: Stack device manager shutdown finished
06-04 18:04:54.849 1284 1284 D wpa_supplicant: nl80211: Supported vendor event: vendor_id=0x1374 subcmd=28
06-04 18:04:54.849 1284 1284 D wpa_supplicant: nl80211: Supported vendor event: vendor_id=0x1374 subcmd=41
06-04 18:04:54.849 1284 1284 D wpa_supplicant: nl80211: Supported vendor event: vendor_id=0x1374 subcmd=29
06-04 18:04:54.849 1284 1284 D wpa_supplicant: nl80211: Supported vendor event: vendor_id=0x1374 subcmd=30
06-04 18:04:54.849 1284 1284 D wpa_supplicant: nl80211: Supported vendor event: vendor_id=0x1374 subcmd=31
06-04 18:04:54.849 1284 1284 D wpa_supplicant: nl80211: Supported vendor event: vendor_id=0x1374 subcmd=32
06-04 18:04:54.849 1284 1284 D wpa_supplicant: nl80211: Supported vendor event: vendor_id=0x1374 subcmd=33
06-04 18:04:54.849 1284 1284 D wpa_supplicant: nl80211: Supported vendor event: vendor_id=0x0 subcmd=0
06-04 18:04:54.849 1284 1284 D wpa_supplicant: nl80211: Supported vendor event: vendor_id=0x0 subcmd=0
06-04 18:04:54.849 1284 1284 D wpa_supplicant: nl80211: Supported vendor event: vendor_id=0x0 subcmd=0
06-04 18:04:54.849 1284 1284 D wpa_supplicant: nl80211: Supported vendor event: vendor_id=0x0 subcmd=0
06-04 18:04:54.849 1284 1284 D wpa_supplicant: nl80211: Supported vendor event: vendor_id=0x0 subcmd=0
06-04 18:04:54.849 1284 1284 D wpa_supplicant: nl80211: Supported vendor event: vendor_id=0x0 subcmd=0
06-04 18:04:54.849 1284 1284 D wpa_supplicant: nl80211: Supported vendor event: vendor_id=0x0 subcmd=0
06-04 18:04:54.849 1284 1284 D wpa_supplicant: nl80211: Supported vendor event: vendor_id=0x0 subcmd=0
06-04 18:04:54.849 1284 1284 D wpa_supplicant: nl80211: Supported vendor event: vendor_id=0x0 subcmd=0
06-04 18:04:54.849 1284 1284 D wpa_supplicant: nl80211: Supported vendor event: vendor_id=0x0 subcmd=0
06-04 18:04:54.849 1284 1284 D wpa_supplicant: nl80211: Supported vendor event: vendor_id=0x0 subcmd=0
06-04 18:04:54.849 1284 1284 D wpa_supplicant: nl80211: Supported vendor event: vendor_id=0x0 subcmd=0
06-04 18:04:54.849 1284 1284 D wpa_supplicant: nl80211: Supported vendor event: vendor_id=0x1374 subcmd=5120
06-04 18:04:54.849 1284 1284 D wpa_supplicant: nl80211: Supported vendor event: vendor_id=0x0 subcmd=0
06-04 18:04:54.849 1284 1284 D wpa_supplicant: nl80211: Supported vendor event: vendor_id=0x0 subcmd=0
06-04 18:04:54.849 1284 1284 D wpa_supplicant: nl80211: Supported vendor event: vendor_id=0x0 subcmd=0
06-04 18:04:54.849 1284 1284 D wpa_supplicant: nl80211: Supported vendor event: vendor_id=0x0 subcmd=0
06-04 18:04:54.849 1284 1284 D wpa_supplicant: nl80211: Supported vendor event: vendor_id=0x0 subcmd=0
06-04 18:04:54.849 1284 1284 D wpa_supplicant: nl80211: Supported vendor event: vendor_id=0x0 subcmd=0
06-04 18:04:54.849 1284 1284 D wpa_supplicant: nl80211: Supported vendor event: vendor_id=0x0 subcmd=0
06-04 18:04:54.849 1284 1284 D wpa_supplicant: nl80211: Supported vendor event: vendor_id=0x0 subcmd=0
06-04 18:04:54.849 1284 1284 D wpa_supplicant: nl80211: Supported vendor event: vendor_id=0x0 subcmd=0
06-04 18:04:54.849 1284 1284 D wpa_supplicant: nl80211: Supported vendor event: vendor_id=0x0 subcmd=0
06-04 18:04:54.849 1284 1284 D wpa_supplicant: nl80211: Supported vendor event: vendor_id=0x0 subcmd=0
06-04 18:04:54.849 1284 1284 D wpa_supplicant: nl80211: Supported vendor event: vendor_id=0x0 subcmd=0
06-04 18:04:54.849 1284 1284 D wpa_supplicant: nl80211: Supported vendor event: vendor_id=0x0 subcmd=0
06-04 18:04:54.849 1284 1284 D wpa_supplicant: nl80211: Supported vendor event: vendor_id=0x0 subcmd=0
06-04 18:04:54.849 1284 1284 D wpa_supplicant: nl80211: Supported vendor event: vendor_id=0x0 subcmd=0
06-04 18:04:54.849 1284 1284 D wpa_supplicant: nl80211: Supported vendor event: vendor_id=0x0 subcmd=0
06-04 18:04:54.849 1284 1284 D wpa_supplicant: nl80211: Supported vendor event: vendor_id=0x0 subcmd=0
06-04 18:04:54.849 1284 1284 D wpa_supplicant: nl80211: Supported vendor event: vendor_id=0x0 subcmd=0
06-04 18:04:54.849 1284 1284 D wpa_supplicant: nl80211: Supported vendor event: vendor_id=0x0 subcmd=0
06-04 18:04:54.849 1284 1284 D wpa_supplicant: nl80211: Supported vendor event: vendor_id=0x0 subcmd=0
06-04 18:04:54.849 1284 1284 D wpa_supplicant: nl80211: Supported vendor event: vendor_id=0x0 subcmd=0
06-04 18:04:54.849 1284 1284 D wpa_supplicant: nl80211: Supported vendor event: vendor_id=0x0 subcmd=0
06-04 18:04:54.849 1284 1284 D wpa_supplicant: nl80211: Supported vendor event: vendor_id=0x0 subcmd=0
06-04 18:04:54.849 1284 1284 D wpa_supplicant: nl80211: Supported vendor event: vendor_id=0x0 subcmd=0
06-04 18:04:54.850 1284 1284 D wpa_supplicant: nl80211: Supported vendor event: vendor_id=0x0 subcmd=0
06-04 18:04:54.850 1284 1284 D wpa_supplicant: nl80211: Supported vendor event: vendor_id=0x0 subcmd=0
06-04 18:04:54.850 1284 1284 D wpa_supplicant: nl80211: Supported vendor event: vendor_id=0x0 subcmd=0
06-04 18:04:54.850 1284 1284 D wpa_supplicant: nl80211: Supported vendor event: vendor_id=0x0 subcmd=0
06-04 18:04:54.850 1284 1284 D wpa_supplicant: nl80211: Supported vendor event: vendor_id=0x0 subcmd=0
06-04 18:04:54.850 1284 1284 D wpa_supplicant: nl80211: Supported vendor event: vendor_id=0x0 subcmd=0
06-04 18:04:54.850 1284 1284 D wpa_supplicant: nl80211: Supported vendor event: vendor_id=0x0 subcmd=0
06-04 18:04:54.850 1284 1284 D wpa_supplicant: nl80211: Supported vendor event: vendor_id=0x1374 subcmd=131
06-04 18:04:54.850 1284 1284 D wpa_supplicant: nl80211: Supported vendor event: vendor_id=0x1374 subcmd=132
06-04 18:04:54.850 1284 1284 D wpa_supplicant: nl80211: Supported vendor event: vendor_id=0x0 subcmd=0
06-04 18:04:54.850 1284 1284 D wpa_supplicant: nl80211: Supported vendor event: vendor_id=0x0 subcmd=0
06-04 18:04:54.850 1284 1284 D wpa_supplicant: nl80211: Supported vendor event: vendor_id=0x0 subcmd=0
06-04 18:04:54.850 1284 1284 D wpa_supplicant: nl80211: Supported vendor event: vendor_id=0x0 subcmd=0
06-04 18:04:54.850 1284 1284 D wpa_supplicant: nl80211: Supported vendor event: vendor_id=0x0 subcmd=0
06-04 18:04:54.850 1284 1284 D wpa_supplicant: nl80211: Supported vendor event: vendor_id=0x0 subcmd=0
06-04 18:04:54.850 1284 1284 D wpa_supplicant: nl80211: Supported vendor event: vendor_id=0x1374 subcmd=72
06-04 18:04:54.850 668 843 I bt_core_module: system/bt/btcore/src/module.cc:104 module_shut_down: module_shut_down Shutting down module "btif_config_module"
06-04 18:04:54.850 1284 1284 D wpa_supplicant: nl80211: Use separate P2P group interface (driver advertised support)
06-04 18:04:54.850 1284 1284 D wpa_supplicant: nl80211: Enable multi-channel concurrent (driver advertised support)
06-04 18:04:54.850 1284 1284 D wpa_supplicant: nl80211: use P2P_DEVICE support
06-04 18:04:54.850 1284 1284 D wpa_supplicant: nl80211: key_mgmt=0xd0f enc=0x10f auth=0x7 flags=0x100100007a007ac0 rrm_flags=0x0 probe_resp_offloads=0x0 max_stations=10 max_remain_on_chan=5000 max_scan_ssids=12
06-04 18:04:54.850 1284 1284 D wpa_supplicant: nl80211: interface wlan0 in phy phy0
06-04 18:04:54.851 1284 1284 D wpa_supplicant: nl80211: Set mode ifindex 14 iftype 2 (STATION)
06-04 18:04:54.851 1284 1284 D wpa_supplicant: nl80211: Subscribe to mgmt frames with non-AP handle 0xe85637a0
06-04 18:04:54.851 1284 1284 D wpa_supplicant: nl80211: Register frame type=0xb0 (WLAN_FC_STYPE_AUTH) nl_handle=0xe85637a0 match=0300 multicast=0
06-04 18:04:54.853 1284 1284 D wpa_supplicant: nl80211: Register frame command failed (type=176): ret=-22 (Invalid argument)
06-04 18:04:54.853 1284 1284 D wpa_supplicant: nl80211: Register frame match - hexdump(len=2): 03 00
06-04 18:04:54.853 1284 1284 D wpa_supplicant: nl80211: Register frame type=0xd0 (WLAN_FC_STYPE_ACTION) nl_handle=0xe85637a0 match=0104 multicast=0
06-04 18:04:54.854 1284 1284 D wpa_supplicant: nl80211: Register frame type=0xd0 (WLAN_FC_STYPE_ACTION) nl_handle=0xe85637a0 match=040a multicast=0
06-04 18:04:54.854 1284 1284 D wpa_supplicant: nl80211: Register frame type=0xd0 (WLAN_FC_STYPE_ACTION) nl_handle=0xe85637a0 match=040b multicast=0
06-04 18:04:54.854 1284 1284 D wpa_supplicant: nl80211: Register frame type=0xd0 (WLAN_FC_STYPE_ACTION) nl_handle=0xe85637a0 match=040c multicast=0
06-04 18:04:54.854 1284 1284 D wpa_supplicant: nl80211: Register frame type=0xd0 (WLAN_FC_STYPE_ACTION) nl_handle=0xe85637a0 match=040d multicast=0
06-04 18:04:54.854 1284 1284 D wpa_supplicant: nl80211: Register frame type=0xd0 (WLAN_FC_STYPE_ACTION) nl_handle=0xe85637a0 match=090a multicast=0
06-04 18:04:54.854 1284 1284 D wpa_supplicant: nl80211: Register frame type=0xd0 (WLAN_FC_STYPE_ACTION) nl_handle=0xe85637a0 match=090b multicast=0
06-04 18:04:54.854 1284 1284 D wpa_supplicant: nl80211: Register frame type=0xd0 (WLAN_FC_STYPE_ACTION) nl_handle=0xe85637a0 match=090c multicast=0
06-04 18:04:54.855 1284 1284 D wpa_supplicant: nl80211: Register frame type=0xd0 (WLAN_FC_STYPE_ACTION) nl_handle=0xe85637a0 match=090d multicast=0
06-04 18:04:54.855 1284 1284 D wpa_supplicant: nl80211: Register frame type=0xd0 (WLAN_FC_STYPE_ACTION) nl_handle=0xe85637a0 match=0409506f9a09 multicast=0
06-04 18:04:54.855 1284 1284 D wpa_supplicant: nl80211: Register frame type=0xd0 (WLAN_FC_STYPE_ACTION) nl_handle=0xe85637a0 match=7f506f9a09 multicast=0
06-04 18:04:54.855 1284 1284 D wpa_supplicant: nl80211: Register frame type=0xd0 (WLAN_FC_STYPE_ACTION) nl_handle=0xe85637a0 match=0409506f9a1a multicast=0
06-04 18:04:54.855 1284 1284 D wpa_supplicant: nl80211: Register frame type=0xd0 (WLAN_FC_STYPE_ACTION) nl_handle=0xe85637a0 match=0801 multicast=0
06-04 18:04:54.855 1284 1284 D wpa_supplicant: nl80211: Register frame type=0xd0 (WLAN_FC_STYPE_ACTION) nl_handle=0xe85637a0 match=06 multicast=0
06-04 18:04:54.855 1284 1284 D wpa_supplicant: nl80211: Register frame type=0xd0 (WLAN_FC_STYPE_ACTION) nl_handle=0xe85637a0 match=0a07 multicast=0
06-04 18:04:54.855 1284 1284 D wpa_supplicant: nl80211: Register frame type=0xd0 (WLAN_FC_STYPE_ACTION) nl_handle=0xe85637a0 match=0a11 multicast=0
06-04 18:04:54.855 1284 1284 D wpa_supplicant: nl80211: Register frame type=0xd0 (WLAN_FC_STYPE_ACTION) nl_handle=0xe85637a0 match=0a0b multicast=0
06-04 18:04:54.855 1284 1284 D wpa_supplicant: nl80211: Register frame type=0xd0 (WLAN_FC_STYPE_ACTION) nl_handle=0xe85637a0 match=0a1a multicast=0
06-04 18:04:54.856 1284 1284 D wpa_supplicant: nl80211: Register frame type=0xd0 (WLAN_FC_STYPE_ACTION) nl_handle=0xe85637a0 match=1101 multicast=0
06-04 18:04:54.856 1284 1284 D wpa_supplicant: nl80211: Register frame type=0xd0 (WLAN_FC_STYPE_ACTION) nl_handle=0xe85637a0 match=1102 multicast=0
06-04 18:04:54.856 1284 1284 D wpa_supplicant: nl80211: Register frame type=0xd0 (WLAN_FC_STYPE_ACTION) nl_handle=0xe85637a0 match=0505 multicast=0
06-04 18:04:54.856 1284 1284 D wpa_supplicant: nl80211: Register frame type=0xd0 (WLAN_FC_STYPE_ACTION) nl_handle=0xe85637a0 match=0500 multicast=0
06-04 18:04:54.856 1284 1284 D wpa_supplicant: nl80211: Register frame type=0xd0 (WLAN_FC_STYPE_ACTION) nl_handle=0xe85637a0 match=1305 multicast=0
06-04 18:04:54.856 1284 1284 I wpa_supplicant: rfkill: Cannot open RFKILL control device
06-04 18:04:54.856 1284 1284 D wpa_supplicant: nl80211: RFKILL status not available
06-04 18:04:54.857 1284 1284 D wpa_supplicant: netlink: Operstate: ifindex=14 linkmode=1 (userspace-control), operstate=5 (IF_OPER_DORMANT)
06-04 18:04:54.859 468 516 W PppoeNetworkFactory: interfaceLinkStateChanged
06-04 18:04:54.859 468 516 D PppoeNetworkFactory: updateInterface: mIface: mPhyIface:eth0 iface:wlan0 link:up
06-04 18:04:54.859 468 516 D PppoeNetworkFactory: not tracker interface
06-04 18:04:54.859 468 516 I EthernetTracker: interfaceLinkStateChanged, iface: wlan0, up: true
06-04 18:04:54.860 468 516 W PppoeNetworkFactory: interfaceLinkStateChanged
06-04 18:04:54.861 682 682 D SystemUIBootTiming: SystemUIService: bootcomplete com.android.systemui.privacy.television.TvOngoingPrivacyChip took 134 ms
06-04 18:04:54.861 682 682 D SystemUIService: loading: com.android.systemui.statusbar.tv.TvStatusBar
06-04 18:04:54.861 682 682 D SystemUIService: running: com.android.systemui.statusbar.tv.TvStatusBar@94c178a
06-04 18:04:54.866 468 516 D PppoeNetworkFactory: updateInterface: mIface: mPhyIface:eth0 iface:wlan0 link:up
06-04 18:04:54.866 468 516 D PppoeNetworkFactory: not tracker interface
06-04 18:04:54.866 468 516 I EthernetTracker: interfaceLinkStateChanged, iface: wlan0, up: true
06-04 18:04:55.030 1123 1123 W audit : audit_lost=46 audit_rate_limit=5 audit_backlog_limit=64
06-04 18:04:55.041 1123 1123 E audit : rate limit exceeded
06-04 18:04:54.872 1284 1284 D wpa_supplicant: Add interface wlan0 to a new radio phy0
06-04 18:04:54.875 468 581 I StatusBarManagerService: registerStatusBar bar=com.android.internal.statusbar.IStatusBar$Stub$Proxy@5990e2
06-04 18:04:55.073 1 1 I init : processing action (vendor.led_switch=*) from (/vendor/etc/init/hw/init.oranth.rc:133)
06-04 18:04:54.879 668 843 I bt_core_module: system/bt/btcore/src/module.cc:109 module_shut_down: module_shut_down Shutdown of module "btif_config_module" completed
06-04 18:04:54.887 668 1155 I bt_stack: [INFO:message_loop_thread.cc(245)] Run: message loop finished for thread bt_main_thread
06-04 18:04:54.887 1284 1284 D wpa_supplicant: nl80211: No channel number found for frequency 5920 MHz
06-04 18:04:54.887 1284 1284 D wpa_supplicant: nl80211: No channel number found for frequency 5940 MHz
06-04 18:04:54.888 668 843 I bt_core_module: system/bt/btcore/src/module.cc:122 module_clean_up: module_clean_up Cleaning up module "bte_logmsg_module"
06-04 18:04:54.888 668 843 I bt_core_module: system/bt/btcore/src/module.cc:127 module_clean_up: module_clean_up Cleanup of module "bte_logmsg_module" completed
06-04 18:04:54.889 668 843 E bt_l2cap: system/bt/main/bte_logmsg.cc:191 LogMsg: L2CA_FreeLePSM: Invalid PSM=39 value!
06-04 18:04:54.889 1284 1284 D wpa_supplicant: nl80211: Regulatory information - country=CN (DFS-FCC)
06-04 18:04:54.889 1284 1284 D wpa_supplicant: nl80211: 2400-2483 @ 40 MHz 20 mBm
06-04 18:04:54.889 1284 1284 D wpa_supplicant: nl80211: 5150-5350 @ 80 MHz 20 mBm (DFS)
06-04 18:04:54.889 1284 1284 D wpa_supplicant: nl80211: 5725-5850 @ 80 MHz 33 mBm
06-04 18:04:54.889 1284 1284 D wpa_supplicant: nl80211: 57240-59400 @ 2160 MHz 28 mBm
06-04 18:04:54.889 1284 1284 D wpa_supplicant: nl80211: 59400-63720 @ 2160 MHz 44 mBm
06-04 18:04:54.889 1284 1284 D wpa_supplicant: nl80211: 63720-65880 @ 2160 MHz 28 mBm
06-04 18:04:54.889 1284 1284 D wpa_supplicant: nl80211: Added 802.11b mode based on 802.11g information
06-04 18:04:54.889 1284 1284 D wpa_supplicant: nl80211: Mode IEEE 802.11g: 2412 2417 2422 2427 2432 2437 2442 2447 2452 2457 2462 2467 2472 2484[DISABLED]
06-04 18:04:54.889 1284 1284 D wpa_supplicant: nl80211: Mode IEEE 802.11a: 5170[DISABLED] 5180 5200 5220 5240 5260[RADAR] 5280[RADAR] 5300[RADAR] 5320[RADAR] 5500[DISABLED][RADAR] 5520[DISABLED][RADAR] 5540[DISABLED][RADAR] 5560[DISABLED][RADAR] 5580[DISABLED][RADAR]
06-04 18:04:54.889 1284 1284 D wpa_supplicant: nl80211: Mode IEEE 802.11b: 2412 2417 2422 2427 2432 2437 2442 2447 2452 2457 2462 2467 2472 2484[DISABLED]
06-04 18:04:54.889 668 843 I bt_core_module: system/bt/btcore/src/module.cc:104 module_shut_down: module_shut_down Shutting down module "hci_module"
06-04 18:04:54.889 668 843 I bt_hci : system/bt/hci/src/hci_layer.cc:266 hci_module_shut_down: hci_module_shut_down
06-04 18:04:54.890 668 969 I bt_stack: [INFO:message_loop_thread.cc(245)] Run: message loop finished for thread bt_hci_thread
06-04 18:04:54.893 253 1235 I android.hardware.bluetooth@1.0-impl: BluetoothHci::close()
06-04 18:04:54.893 253 1235 D android.hardware.bluetooth@1.0-impl: low_power_mode_cb result: 0
06-04 18:04:54.893 253 1235 D bt_hwcfg: hw_epilog_process
06-04 18:04:54.893 253 1235 I bt_chip_vendor: hw_core_enable
06-04 18:04:54.893 253 1235 I bt_chip_vendor: hw_core_enable : 0
06-04 18:04:54.893 253 1235 E bt_upio : upio_set : /proc/bluetooth/sleep/btwrite(-1) incorrent
06-04 18:04:54.906 1074 1270 W System.err: java.net.UnknownHostException: Unable to resolve host "utoken.umeng.com": No address associated with hostname
06-04 18:04:54.908 253 1145 I bt_chip_vendor: hw_core_cback hw_core_cback response: [0xFCA1, 0x0000, 0x00]
06-04 18:04:54.908 468 519 D BluetoothManagerService: MESSAGE_RESTART_BLUETOOTH_SERVICE: retry count=1
06-04 18:04:54.908 253 1145 D android.hardware.bluetooth@1.0-impl: epilog_cb result: 0
06-04 18:04:54.908 253 1145 D bt_vendor: bt_sprd_spec_cb result: 0
06-04 18:04:54.909 468 519 D BluetoothManagerService: binding Bluetooth service
06-04 18:04:54.909 185 185 I hwservicemanager: getTransport: Cannot find entry android.hardware.configstore@1.0::ISurfaceFlingerConfigs/default in either framework or device VINTF manifest.
06-04 18:04:54.910 253 1235 I bt_userial_vendor: device fd = 5 close
06-04 18:04:54.911 253 1235 I bt_userial_vendor: device fd = 5 CRTSCTS clear
06-04 18:04:54.931 253 1235 I bt_userial_vendor: device fd = 5 clear
06-04 18:04:54.931 253 1235 E bt_upio : upio_set : /proc/bluetooth/sleep/btwrite(-1) incorrent
06-04 18:04:54.935 253 1235 E bt_upio : init_rfkill: No rfkill control node found
06-04 18:04:54.935 253 1235 D bt_vendor: cleanup
06-04 18:04:54.935 253 971 E bt_vnd_hci: sock accept failed (Invalid argument)
06-04 18:04:54.935 253 971 D bt_vnd_hci: hci_server_thread got cmd from btools
06-04 18:04:54.935 253 971 D bt_vnd_hci: hci_server_thread accept socket: -1 shutdown error: Invalid argument(22)
06-04 18:04:54.935 253 971 D bt_vnd_hci: hci_server_thread exit
06-04 18:04:54.935 253 1235 D bt_vnd_hci: wait vnd sock thread exit
06-04 18:04:54.935 253 1235 D bt_vnd_hci: vnd sock thread exit complete
06-04 18:04:54.942 668 843 I bt_core_module: system/bt/btcore/src/module.cc:109 module_shut_down: module_shut_down Shutdown of module "hci_module" completed
06-04 18:04:54.943 1284 1284 D wpa_supplicant: wlan0: Own MAC address: b4:2f:03:16:18:c0
06-04 18:04:54.943 668 843 I bt_core_module: system/bt/btcore/src/module.cc:104 module_shut_down: module_shut_down Shutting down module "btsnoop_module"
06-04 18:04:54.943 1284 1284 D wpa_supplicant: wpa_driver_nl80211_set_key: ifindex=14 (wlan0) alg=0 addr=0x0 key_idx=0 set_tx=0 seq_len=0 key_len=0 key_flag=0x10
06-04 18:04:54.943 668 843 I bt_stack: [INFO:btsnoop.cc(356)] delete_btsnoop_files: Deleting snoop logs if they exist. filtered = 1
06-04 18:04:54.943 1284 1284 D wpa_supplicant: nl80211: DEL_KEY
06-04 18:04:54.943 1284 1284 D wpa_supplicant: broadcast key
06-04 18:04:54.944 1284 1284 D wpa_supplicant: wpa_driver_nl80211_set_key: ifindex=14 (wlan0) alg=0 addr=0x0 key_idx=1 set_tx=0 seq_len=0 key_len=0 key_flag=0x10
06-04 18:04:54.944 1284 1284 D wpa_supplicant: nl80211: DEL_KEY
06-04 18:04:54.944 1284 1284 D wpa_supplicant: broadcast key
06-04 18:04:54.944 1284 1284 D wpa_supplicant: wpa_driver_nl80211_set_key: ifindex=14 (wlan0) alg=0 addr=0x0 key_idx=2 set_tx=0 seq_len=0 key_len=0 key_flag=0x10
06-04 18:04:54.944 1284 1284 D wpa_supplicant: nl80211: DEL_KEY
06-04 18:04:54.944 1284 1284 D wpa_supplicant: broadcast key
06-04 18:04:54.944 1284 1284 D wpa_supplicant: wpa_driver_nl80211_set_key: ifindex=14 (wlan0) alg=0 addr=0x0 key_idx=3 set_tx=0 seq_len=0 key_len=0 key_flag=0x10
06-04 18:04:54.944 1284 1284 D wpa_supplicant: nl80211: DEL_KEY
06-04 18:04:54.944 1284 1284 D wpa_supplicant: broadcast key
06-04 18:04:54.944 668 843 I bt_core_module: system/bt/btcore/src/module.cc:109 module_shut_down: module_shut_down Shutdown of module "btsnoop_module" completed
06-04 18:04:54.944 1284 1284 D wpa_supplicant: wpa_driver_nl80211_set_key: ifindex=14 (wlan0) alg=0 addr=0x0 key_idx=4 set_tx=0 seq_len=0 key_len=0 key_flag=0x10
06-04 18:04:54.944 1284 1284 D wpa_supplicant: nl80211: DEL_KEY
06-04 18:04:54.944 1284 1284 D wpa_supplicant: broadcast key
06-04 18:04:54.944 1284 1284 D wpa_supplicant: wpa_driver_nl80211_set_key: ifindex=14 (wlan0) alg=0 addr=0x0 key_idx=5 set_tx=0 seq_len=0 key_len=0 key_flag=0x10
06-04 18:04:54.944 1284 1284 D wpa_supplicant: nl80211: DEL_KEY
06-04 18:04:54.944 668 843 I bt_core_module: system/bt/btcore/src/module.cc:104 module_shut_down: module_shut_down Shutting down module "controller_module"
06-04 18:04:54.944 1284 1284 D wpa_supplicant: broadcast key
06-04 18:04:54.944 668 843 I bt_core_module: system/bt/btcore/src/module.cc:109 module_shut_down: module_shut_down Shutdown of module "controller_module" completed
06-04 18:04:54.945 1284 1284 D wpa_supplicant: wlan0: RSN: flushing PMKID list in the driver
06-04 18:04:54.945 1284 1284 D wpa_supplicant: nl80211: Flush PMKIDs
06-04 18:04:54.945 668 843 I bt_stack_manager: system/bt/btif/src/stack_manager.cc:374 event_shut_down_stack: event_shut_down_stack finished
06-04 18:04:55.088 1235 1235 I : mtty_close device success _close!
06-04 18:04:55.121 1 1 I init : starting service 'exec 19 (/vendor/bin/led_switch.sh 5)'...
06-04 18:04:54.945 668 843 I bt_stack_manager: system/bt/btif/src/stack_manager.cc:394 event_clean_up_stack: event_clean_up_stack is cleaning up the stack
06-04 18:04:54.945 668 843 I bt_btif_core: system/bt/btif/src/btif_core.cc:326 btif_cleanup_bluetooth: btif_cleanup_bluetooth entered
06-04 18:04:54.945 668 848 D BluetoothAdapterService: stateChangeCallback: disableNative() completed
06-04 18:04:54.945 668 843 I bt_btif_queue: system/bt/btif/src/btif_profile_queue.cc:216 btif_queue_release: btif_queue_release
06-04 18:04:54.945 668 848 I bt_stack: [INFO:message_loop_thread.cc(245)] Run: message loop finished for thread bt_jni_thread
06-04 18:04:54.946 668 843 I bt_btif_core: system/bt/btif/src/btif_core.cc:334 btif_cleanup_bluetooth: btif_cleanup_bluetooth finished
06-04 18:04:54.946 668 843 I bt_core_module: system/bt/btcore/src/module.cc:122 module_clean_up: module_clean_up Cleaning up module "stack_config_module"
06-04 18:04:54.946 668 843 I bt_core_module: system/bt/btcore/src/module.cc:127 module_clean_up: module_clean_up Cleanup of module "stack_config_module" completed
06-04 18:04:54.946 682 682 D SystemUIBootTiming: SystemUIService: bootcomplete com.android.systemui.statusbar.tv.TvStatusBar took 85 ms
06-04 18:04:54.946 682 682 D SystemUIService: loading: com.android.systemui.statusbar.tv.notifications.TvNotificationPanel
06-04 18:04:54.946 668 843 I bt_core_module: system/bt/btcore/src/module.cc:122 module_clean_up: module_clean_up Cleaning up module "interop_module"
06-04 18:04:54.946 668 843 I bt_core_module: system/bt/btcore/src/module.cc:127 module_clean_up: module_clean_up Cleanup of module "interop_module" completed
06-04 18:04:54.947 682 682 D SystemUIService: running: com.android.systemui.statusbar.tv.notifications.TvNotificationPanel@34e41fb
06-04 18:04:54.947 682 682 D SystemUIBootTiming: SystemUIService: bootcomplete com.android.systemui.statusbar.tv.notifications.TvNotificationPanel took 1 ms
06-04 18:04:54.947 682 682 D SystemUIService: loading: com.android.systemui.statusbar.tv.notifications.TvNotificationHandler
06-04 18:04:54.953 468 519 D CompatibilityChangeReporter: Compat change id reported: 168419799; UID 1002; state: DISABLED
06-04 18:04:54.955 1074 1270 W System.err: at java.net.Inet6AddressImpl.lookupHostByName(Inet6AddressImpl.java:156)
06-04 18:04:54.955 1074 1270 W System.err: at java.net.Inet6AddressImpl.lookupAllHostAddr(Inet6AddressImpl.java:103)
06-04 18:04:54.955 1074 1270 W System.err: at java.net.InetAddress.getAllByName(InetAddress.java:1152)
06-04 18:04:54.955 1074 1270 W System.err: at com.android.okhttp.Dns$1.lookup(Dns.java:41)
06-04 18:04:54.955 1074 1270 W System.err: at com.android.okhttp.internal.http.RouteSelector.resetNextInetSocketAddress(RouteSelector.java:178)
06-04 18:04:54.955 1074 1270 W System.err: at com.android.okhttp.internal.http.RouteSelector.nextProxy(RouteSelector.java:144)
06-04 18:04:54.955 1074 1270 W System.err: at com.android.okhttp.internal.http.RouteSelector.next(RouteSelector.java:86)
06-04 18:04:54.955 1074 1270 W System.err: at com.android.okhttp.internal.http.StreamAllocation.findConnection(StreamAllocation.java:176)
06-04 18:04:54.955 1074 1270 W System.err: at com.android.okhttp.internal.http.StreamAllocation.findHealthyConnection(StreamAllocation.java:128)
06-04 18:04:54.955 1074 1270 W System.err: at com.android.okhttp.internal.http.StreamAllocation.newStream(StreamAllocation.java:97)
06-04 18:04:54.955 1284 1284 D wpa_supplicant: wlan0: State: DISCONNECTED -> INACTIVE
06-04 18:04:54.955 1074 1270 W System.err: at com.android.okhttp.internal.http.HttpEngine.connect(HttpEngine.java:289)
06-04 18:04:54.955 1074 1270 W System.err: at com.android.okhttp.internal.http.HttpEngine.sendRequest(HttpEngine.java:232)
06-04 18:04:54.955 1284 1284 D wpa_supplicant: Notifying state change event to hidl control: 2
06-04 18:04:54.955 1074 1270 W System.err: at com.android.okhttp.internal.huc.HttpURLConnectionImpl.execute(HttpURLConnectionImpl.java:465)
06-04 18:04:54.955 1074 1270 W System.err: at com.android.okhttp.internal.huc.HttpURLConnectionImpl.connect(HttpURLConnectionImpl.java:131)
06-04 18:04:54.955 1074 1270 W System.err: at com.android.okhttp.internal.huc.HttpURLConnectionImpl.getOutputStream(HttpURLConnectionImpl.java:262)
06-04 18:04:54.955 1074 1270 W System.err: at com.android.okhttp.internal.huc.DelegatingHttpsURLConnection.getOutputStream(DelegatingHttpsURLConnection.java:219)
06-04 18:04:54.955 1074 1270 W System.err: at com.android.okhttp.internal.huc.HttpsURLConnectionImpl.getOutputStream(HttpsURLConnectionImpl.java:30)
06-04 18:04:54.955 1074 1270 W System.err: at com.umeng.umzid.a.a(SourceFile:80)
06-04 18:04:54.955 1074 1270 W System.err: at com.umeng.umzid.ZIDManager.b(SourceFile:298)
06-04 18:04:54.955 1074 1270 W System.err: at com.umeng.umzid.ZIDManager$b.run(Unknown Source:4)
06-04 18:04:54.955 1074 1270 W System.err: at java.util.concurrent.Executors$RunnableAdapter.call(Executors.java:462)
06-04 18:04:54.955 1074 1270 W System.err: at java.util.concurrent.FutureTask.run(FutureTask.java:266)
06-04 18:04:54.955 1074 1270 W System.err: at java.util.concurrent.ScheduledThreadPoolExecutor$ScheduledFutureTask.run(ScheduledThreadPoolExecutor.java:301)
06-04 18:04:54.955 1074 1270 W System.err: at java.util.concurrent.ThreadPoolExecutor.runWorker(ThreadPoolExecutor.java:1167)
06-04 18:04:54.955 1074 1270 W System.err: at java.util.concurrent.ThreadPoolExecutor$Worker.run(ThreadPoolExecutor.java:641)
06-04 18:04:54.956 1074 1270 W System.err: at java.lang.Thread.run(Thread.java:920)
06-04 18:04:54.956 1074 1270 W System.err: Caused by: android.system.GaiException: android_getaddrinfo failed: EAI_NODATA (No address associated with hostname)
06-04 18:04:54.956 1074 1270 W System.err: at libcore.io.Linux.android_getaddrinfo(Native Method)
06-04 18:04:54.956 1074 1270 W System.err: at libcore.io.ForwardingOs.android_getaddrinfo(ForwardingOs.java:136)
06-04 18:04:54.956 1074 1270 W System.err: at libcore.io.BlockGuardOs.android_getaddrinfo(BlockGuardOs.java:221)
06-04 18:04:54.956 1074 1270 W System.err: at libcore.io.ForwardingOs.android_getaddrinfo(ForwardingOs.java:136)
06-04 18:04:54.956 1074 1270 W System.err: at java.net.Inet6AddressImpl.lookupHostByName(Inet6AddressImpl.java:135)
06-04 18:04:54.956 1074 1270 W System.err: ... 25 more
06-04 18:04:54.958 668 843 I bt_core_module: system/bt/btcore/src/module.cc:122 module_clean_up: module_clean_up Cleaning up module "btif_config_module"
06-04 18:04:54.966 682 682 D SystemUIService: running: com.android.systemui.statusbar.tv.notifications.TvNotificationHandler@38ec218
06-04 18:04:55.154 1 1 I init : SVC_EXEC service 'exec 19 (/vendor/bin/led_switch.sh 5)' pid 1339 (uid 0 gid 0+0 context default) started; waiting...
06-04 18:04:54.976 279 330 E HWComposer: getSupportedContentTypes: getSupportedContentTypes failed for display 0: Unsupported (8)
06-04 18:04:54.977 468 519 D BluetoothManagerService: MESSAGE_RESTART_BLUETOOTH_SERVICE: retry count=2
06-04 18:04:54.979 682 682 D SystemUIBootTiming: SystemUIService: bootcomplete com.android.systemui.statusbar.tv.notifications.TvNotificationHandler took 32 ms
06-04 18:04:54.979 682 682 D SystemUIService: loading: com.android.systemui.statusbar.tv.VpnStatusObserver
06-04 18:04:54.984 185 185 I hwservicemanager: getTransport: Cannot find entry android.hardware.graphics.mapper@4.0::IMapper/default in either framework or device VINTF manifest.
06-04 18:04:54.984 1074 1340 I Gralloc4: mapper 4.x is not supported
06-04 18:04:54.985 185 185 I hwservicemanager: getTransport: Cannot find entry android.hardware.graphics.mapper@3.0::IMapper/default in either framework or device VINTF manifest.
06-04 18:04:54.985 1074 1340 W Gralloc3: mapper 3.x is not supported
06-04 18:04:54.994 1284 1284 D wpa_supplicant: TDLS: TDLS operation not supported by driver
06-04 18:04:54.994 1284 1284 D wpa_supplicant: TDLS: Driver uses internal link setup
06-04 18:04:54.994 1284 1284 D wpa_supplicant: TDLS: Driver does not support TDLS channel switching
06-04 18:04:54.999 1284 1284 D wpa_supplicant: wlan0: WPS: UUID based on MAC address: 7f8bc6c4-f711-5c9d-b18e-69d5dabb2af9
06-04 18:04:55.002 668 843 I bt_core_module: system/bt/btcore/src/module.cc:127 module_clean_up: module_clean_up Cleanup of module "btif_config_module" completed
06-04 18:04:55.002 1284 1284 D wpa_supplicant: EAPOL: SUPP_PAE entering state DISCONNECTED
06-04 18:04:55.002 1284 1284 D wpa_supplicant: EAPOL: Supplicant port status: Unauthorized
06-04 18:04:55.002 1284 1284 D wpa_supplicant: nl80211: Skip set_supp_port(unauthorized) while not associated
06-04 18:04:55.002 1284 1284 D wpa_supplicant: EAPOL: KEY_RX entering state NO_KEY_RECEIVE
06-04 18:04:55.002 1284 1284 D wpa_supplicant: EAPOL: SUPP_BE entering state INITIALIZE
06-04 18:04:55.002 1284 1284 D wpa_supplicant: EAP: EAP entering state DISABLED
06-04 18:04:55.002 668 843 I bt_core_module: system/bt/btcore/src/module.cc:122 module_clean_up: module_clean_up Cleaning up module "bt_utils_module"
06-04 18:04:55.002 668 843 I bt_core_module: system/bt/btcore/src/module.cc:127 module_clean_up: module_clean_up Cleanup of module "bt_utils_module" completed
06-04 18:04:55.002 668 843 I bt_core_module: system/bt/btcore/src/module.cc:122 module_clean_up: module_clean_up Cleaning up module "osi_module"
06-04 18:04:55.003 668 847 I bt_osi_alarm: system/bt/osi/src/alarm.cc:662 callback_dispatch: callback_dispatch Callback thread exited
06-04 18:04:55.003 668 847 W bt_osi_thread: system/bt/osi/src/thread.cc:239 run_thread: run_thread: thread id 847, thread name alarm_dispatcher exited
06-04 18:04:55.003 1284 1284 D wpa_supplicant: Using existing control interface directory.
06-04 18:04:55.004 1284 1284 D wpa_supplicant: nl80211: Setting wowlan
06-04 18:04:55.005 668 846 W bt_osi_thread: system/bt/osi/src/thread.cc:239 run_thread: run_thread: thread id 846, thread name alarm_default_ca exited
06-04 18:04:55.006 1284 1284 D wpa_supplicant: MBO: Update non-preferred channels, non_pref_chan=N/A
06-04 18:04:55.006 1284 1284 D wpa_supplicant: Registering interface to hidl control: wlan0
06-04 18:04:55.006 1284 1284 D wpa_supplicant: wlan0: Added interface wlan0
06-04 18:04:55.007 1284 1284 D wpa_supplicant: wlan0: State: INACTIVE -> DISCONNECTED
06-04 18:04:55.007 1284 1284 D wpa_supplicant: nl80211: Set wlan0 operstate 0->0 (DORMANT)
06-04 18:04:55.007 1284 1284 D wpa_supplicant: netlink: Operstate: ifindex=14 linkmode=-1 (no change), operstate=5 (IF_OPER_DORMANT)
06-04 18:04:55.007 1284 1284 D wpa_supplicant: Notifying state change event to hidl control: 0
06-04 18:04:55.007 1284 1284 D wpa_supplicant: nl80211: Create interface iftype 10 (P2P_DEVICE)
06-04 18:04:55.007 668 843 I bt_core_module: system/bt/btcore/src/module.cc:127 module_clean_up: module_clean_up Cleanup of module "osi_module" completed
06-04 18:04:55.007 1284 1284 D wpa_supplicant: nl80211: New P2P Device interface p2p-dev-wlan0 (0x3) created
06-04 18:04:55.007 1284 1284 D wpa_supplicant: Override interface parameter: ctrl_interface ('/data/vendor/wifi/wpa/sockets' -> '/data/vendor/wifi/wpa/sockets')
06-04 18:04:55.007 1284 1284 D wpa_supplicant: Initializing interface 'p2p-dev-wlan0' conf '/data/vendor/wifi/wpa/wpa_supplicant.conf' driver 'nl80211' ctrl_interface '/data/vendor/wifi/wpa/sockets' bridge 'N/A'
06-04 18:04:55.007 1284 1284 D wpa_supplicant: Configuration file '/data/vendor/wifi/wpa/wpa_supplicant.conf' -> '/data/vendor/wifi/wpa/wpa_supplicant.conf'
06-04 18:04:55.007 1284 1284 D wpa_supplicant: Reading configuration file '/data/vendor/wifi/wpa/wpa_supplicant.conf'
06-04 18:04:55.008 1284 1284 D wpa_supplicant: update_config=1
06-04 18:04:55.008 1284 1284 D wpa_supplicant: eapol_version=1
06-04 18:04:55.008 1284 1284 D wpa_supplicant: ap_scan=1
06-04 18:04:55.008 1284 1284 D wpa_supplicant: fast_reauth=1
06-04 18:04:55.008 1284 1284 D wpa_supplicant: pmf=1
06-04 18:04:55.008 1284 1284 D wpa_supplicant: p2p_add_cli_chan=1
06-04 18:04:55.008 1284 1284 D wpa_supplicant: oce=1
06-04 18:04:55.008 1284 1284 D wpa_supplicant: sae_pwe=2
06-04 18:04:55.008 668 843 I bt_stack_manager: system/bt/btif/src/stack_manager.cc:407 event_clean_up_stack: event_clean_up_stack finished
06-04 18:04:55.008 668 843 I bt_stack: [INFO:message_loop_thread.cc(245)] Run: message loop finished for thread bt_stack_manager_thread
06-04 18:04:55.009 668 668 I BluetoothServiceJni: cleanupNative: return from cleanup
06-04 18:04:55.009 1284 1284 D wpa_supplicant: nl80211: Supported cipher 00-0f-ac:1
06-04 18:04:55.009 1284 1284 D wpa_supplicant: nl80211: Supported cipher 00-0f-ac:5
06-04 18:04:55.009 1284 1284 D wpa_supplicant: nl80211: Supported cipher 00-0f-ac:2
06-04 18:04:55.009 1284 1284 D wpa_supplicant: nl80211: Supported cipher 00-0f-ac:4
06-04 18:04:55.009 1284 1284 D wpa_supplicant: nl80211: Supported cipher 00-14-72:1
06-04 18:04:55.009 1284 1284 D wpa_supplicant: nl80211: Supported cipher 00-0f-ac:6
06-04 18:04:55.009 1284 1284 D wpa_supplicant: nl80211: Supported cipher 00-0f-ac:255
06-04 18:04:55.009 1284 1284 D wpa_supplicant: nl80211: Supported vendor command: vendor_id=0x1374 subcmd=9
06-04 18:04:55.009 1284 1284 D wpa_supplicant: nl80211: Supported vendor command: vendor_id=0x1374 subcmd=12
06-04 18:04:55.009 1284 1284 D wpa_supplicant: nl80211: Supported vendor command: vendor_id=0x1374 subcmd=14
06-04 18:04:55.009 1284 1284 D wpa_supplicant: nl80211: Supported vendor command: vendor_id=0x1374 subcmd=15
06-04 18:04:55.010 1284 1284 D wpa_supplicant: nl80211: Supported vendor command: vendor_id=0x1374 subcmd=16
06-04 18:04:55.010 1284 1284 D wpa_supplicant: nl80211: Supported vendor command: vendor_id=0x1374 subcmd=20
06-04 18:04:55.010 1284 1284 D wpa_supplicant: nl80211: Supported vendor command: vendor_id=0x1a11 subcmd=6
06-04 18:04:55.010 1284 1284 D wpa_supplicant: nl80211: Supported vendor command: vendor_id=0x1374 subcmd=21
06-04 18:04:55.010 1284 1284 D wpa_supplicant: nl80211: Supported vendor command: vendor_id=0x1374 subcmd=22
06-04 18:04:55.010 1284 1284 D wpa_supplicant: nl80211: Supported vendor command: vendor_id=0x1374 subcmd=23
06-04 18:04:55.010 1284 1284 D wpa_supplicant: nl80211: Supported vendor command: vendor_id=0x1374 subcmd=24
06-04 18:04:55.010 1284 1284 D wpa_supplicant: nl80211: Supported vendor command: vendor_id=0x1374 subcmd=29
06-04 18:04:55.010 1284 1284 D wpa_supplicant: nl80211: Supported vendor command: vendor_id=0x1374 subcmd=30
06-04 18:04:55.010 1284 1284 D wpa_supplicant: nl80211: Supported vendor command: vendor_id=0x1374 subcmd=32
06-04 18:04:55.010 1284 1284 D wpa_supplicant: nl80211: Supported vendor command: vendor_id=0x1374 subcmd=33
06-04 18:04:55.010 1284 1284 D wpa_supplicant: nl80211: Supported vendor command: vendor_id=0x1374 subcmd=38
06-04 18:04:55.010 1284 1284 D wpa_supplicant: nl80211: Supported vendor command: vendor_id=0x1374 subcmd=39
06-04 18:04:55.010 1284 1284 D wpa_supplicant: nl80211: Supported vendor command: vendor_id=0x1374 subcmd=42
06-04 18:04:55.010 1284 1284 D wpa_supplicant: nl80211: Supported vendor command: vendor_id=0x1374 subcmd=55
06-04 18:04:55.010 1284 1284 D wpa_supplicant: nl80211: Supported vendor command: vendor_id=0x1374 subcmd=61
06-04 18:04:55.010 1284 1284 D wpa_supplicant: nl80211: Supported vendor command: vendor_id=0x1374 subcmd=62
06-04 18:04:55.010 1284 1284 D wpa_supplicant: nl80211: Supported vendor command: vendor_id=0x1374 subcmd=63
06-04 18:04:55.010 1284 1284 D wpa_supplicant: nl80211: Supported vendor command: vendor_id=0x1374 subcmd=64
06-04 18:04:55.010 1284 1284 D wpa_supplicant: nl80211: Supported vendor command: vendor_id=0x1374 subcmd=65
06-04 18:04:55.010 1284 1284 D wpa_supplicant: nl80211: Supported vendor command: vendor_id=0x1374 subcmd=66
06-04 18:04:55.010 1284 1284 D wpa_supplicant: nl80211: Supported vendor command: vendor_id=0x1374 subcmd=69
06-04 18:04:55.010 1284 1284 D wpa_supplicant: nl80211: Supported vendor command: vendor_id=0x1374 subcmd=70
06-04 18:04:55.010 1284 1284 D wpa_supplicant: nl80211: Supported vendor command: vendor_id=0x1374 subcmd=71
06-04 18:04:55.010 1284 1284 D wpa_supplicant: nl80211: Supported vendor command: vendor_id=0x1374 subcmd=76
06-04 18:04:55.010 1284 1284 D wpa_supplicant: nl80211: Supported vendor command: vendor_id=0x1374 subcmd=77
06-04 18:04:55.010 1284 1284 D wpa_supplicant: nl80211: Supported vendor command: vendor_id=0x1374 subcmd=79
06-04 18:04:55.010 1284 1284 D wpa_supplicant: nl80211: Supported vendor command: vendor_id=0x1374 subcmd=80
06-04 18:04:55.010 1284 1284 D wpa_supplicant: nl80211: Supported vendor command: vendor_id=0x1374 subcmd=82
06-04 18:04:55.010 1284 1284 D wpa_supplicant: nl80211: Supported vendor command: vendor_id=0x1374 subcmd=85
06-04 18:04:55.010 1284 1284 D wpa_supplicant: nl80211: Supported vendor command: vendor_id=0x1374 subcmd=146
06-04 18:04:55.010 1284 1284 D wpa_supplicant: nl80211: Supported vendor command: vendor_id=0x1374 subcmd=12
06-04 18:04:55.010 1284 1284 D wpa_supplicant: nl80211: Supported vendor command: vendor_id=0x1374 subcmd=128
06-04 18:04:55.010 1284 1284 D wpa_supplicant: nl80211: Supported vendor command: vendor_id=0x1374 subcmd=129
