06-04 18:05:07.395 1411 2399 I ConnectAuthJNI: [HKS] hks_rkc_load_ksf load ksf success
06-04 18:05:07.395 1411 2399 I ConnectAuthJNI: [HKS] hks_rkc_init root key component init success
06-04 18:05:07.395 1411 2399 I ConnectAuthJNI: [HKS] hks_rkc_init RKC init:end,rc=0
06-04 18:05:07.395 1411 2399 I ConnectAuthJNI: [HKS] hks_service_key_info_init hks init : end
06-04 18:05:07.395 1411 2399 I ConnectAuthJNI: GetHiChainProtocolParamsCallback 371 GetHiChainProtocolParamsCallback operation_code= 99
06-04 18:05:07.395 1411 2399 I ConnectAuthJNI: paramLen is ,=0
06-04 18:05:07.395 1411 2399 I ConnectAuthJNI: paramLen is ,=0
06-04 18:05:07.395 1411 2399 I ConnectAuthJNI: GetHiChainProtocolParamsCallback 402 GetHiChainProtocolParamsCallback end
06-04 18:05:07.395 1411 2399 I ConnectAuthJNI: [HiChain] get_instance Get instance success
06-04 18:05:07.395 1411 2399 I ConnectAuthJNI: Java_com_huawei_hisight_security_ConnectAuthNative_nativeGetHiChainInstance 598 get instance success
06-04 18:05:07.395 1411 2399 D Hisight-HiChainAuthControl: destroyAuth
06-04 18:05:07.395 1411 2399 I ConnectAuthJNI: Java_com_huawei_hisight_security_ConnectAuthNative_nativeDestroy 603 destroy
06-04 18:05:07.395 1411 2399 D Hisight-HiChainAuthControl: setupAuthIfNeeded, HiChainInstance hasn't been initialized
06-04 18:05:07.395 1411 2399 I ConnectAuthJNI: Java_com_huawei_hisight_security_ConnectAuthNative_nativeSetup 795 call HiChainNativeSetup
06-04 18:05:07.395 1411 2399 I ConnectAuthJNI: HiChainNativeSetup 565 registe_log
06-04 18:05:07.395 1411 2399 I ConnectAuthJNI: HksStorageRegisterFileCallbacks 245 register hks file callback status =0
06-04 18:05:07.395 1411 2399 I ConnectAuthJNI: HksRegisterGetDeviceIdCallback 268 register hks get hardware udid callback status =0
06-04 18:05:07.396 1411 2399 D ConnectAuthJNI: [HiChain] get_instance Begin get instance
06-04 18:05:07.396 1411 2399 I ConnectAuthJNI: [HKS] hks_service_key_info_init hks init : begin
06-04 18:05:07.396 1411 2399 I ConnectAuthJNI: [HKS] hks_service_key_info_init hks init : end
06-04 18:05:07.396 1411 2399 I ConnectAuthJNI: GetHiChainProtocolParamsCallback 371 GetHiChainProtocolParamsCallback operation_code= 99
06-04 18:05:07.396 1411 2399 I ConnectAuthJNI: paramLen is ,=0
06-04 18:05:07.396 1411 2399 I ConnectAuthJNI: paramLen is ,=0
06-04 18:05:07.396 1411 2399 I ConnectAuthJNI: GetHiChainProtocolParamsCallback 402 GetHiChainProtocolParamsCallback end
06-04 18:05:07.396 1411 2399 I ConnectAuthJNI: [HiChain] get_instance Get instance success
06-04 18:05:07.396 1411 2399 I ConnectAuthJNI: Java_com_huawei_hisight_security_ConnectAuthNative_nativeGetHiChainInstance 598 get instance success
06-04 18:05:07.396 1411 2399 W ConnectAuthJNI: GetListTrustPeers 899 trustPeerSize=0
06-04 18:05:07.396 1411 2399 D Hisight-HiChainAuthControl: destroyAuth
06-04 18:05:07.396 1411 2399 I ConnectAuthJNI: Java_com_huawei_hisight_security_ConnectAuthNative_nativeDestroy 603 destroy
06-04 18:05:07.396 1411 2399 D Hisight-HiChainAuthControl: setupAuthIfNeeded, HiChainInstance hasn't been initialized
06-04 18:05:07.396 1411 2399 I ConnectAuthJNI: Java_com_huawei_hisight_security_ConnectAuthNative_nativeSetup 795 call HiChainNativeSetup
06-04 18:05:07.396 1411 2399 I ConnectAuthJNI: HiChainNativeSetup 565 registe_log
06-04 18:05:07.396 1411 2399 I ConnectAuthJNI: HksStorageRegisterFileCallbacks 245 register hks file callback status =0
06-04 18:05:07.396 1411 2399 I ConnectAuthJNI: HksRegisterGetDeviceIdCallback 268 register hks get hardware udid callback status =0
06-04 18:05:07.396 1411 2399 D ConnectAuthJNI: [HiChain] get_instance Begin get instance
06-04 18:05:07.396 1411 2399 I ConnectAuthJNI: [HKS] hks_service_key_info_init hks init : begin
06-04 18:05:07.396 1411 2399 I ConnectAuthJNI: [HKS] hks_service_key_info_init hks init : end
06-04 18:05:07.396 1411 2399 I ConnectAuthJNI: GetHiChainProtocolParamsCallback 371 GetHiChainProtocolParamsCallback operation_code= 99
06-04 18:05:07.396 1411 2399 I ConnectAuthJNI: paramLen is ,=0
06-04 18:05:07.396 1411 2399 I ConnectAuthJNI: paramLen is ,=0
06-04 18:05:07.396 1411 2399 I ConnectAuthJNI: GetHiChainProtocolParamsCallback 402 GetHiChainProtocolParamsCallback end
06-04 18:05:07.396 1411 2399 I ConnectAuthJNI: [HiChain] get_instance Get instance success
06-04 18:05:07.396 1411 2399 I ConnectAuthJNI: Java_com_huawei_hisight_security_ConnectAuthNative_nativeGetHiChainInstance 598 get instance success
06-04 18:05:07.396 1411 2399 W ConnectAuthJNI: GetListTrustPeers 899 trustPeerSize=0
06-04 18:05:07.397 1411 2399 D Hisight-DeviceListManager: init trusted list size: 0
06-04 18:05:07.397 1411 2399 D HiSight-ConnectionManager: setAuthInfo, authMode: 1
06-04 18:05:07.688 1411 1683 I efs.base: lt=event`ev_ct=efs_core`ev_ac=log_lag`tm=2025-06-04 18:05:68`dn=fd1f5943-1a79-4d2e-a8ad-2dbcd9a01f5b`ps=com.dangbei.screencast`um_os=android`stime=1749031497193`pid=1411`fr=android`pkg=com.dangbei.screencast`vcode=20830`dsp_w=1920`uid=fd1f5943-1a79-4d2e-a8ad-2dbcd9a01f5b`rom=12`wid=fd1f5943-1a79-4d2e-a8ad-2dbcd9a01f5b`um_app_carrier=`um_access=unknow`um_app_channel=os`um_crash_sdk_version=1.4.0`ctime=1749031507`model=dbbox-a2`lang=zh`net=wifi`brand=dangbei`dsp_h=1080`um_network_type=0`ver=v2.8.3`cnt=2`build_model=DBBOX-A2`w_tm=1749031507`appid=5fc60c21094d637f3130af19`um_umid_header=ai8fdb5175dd58f6e557dc840fd5072087`sdk=31`tzone=Asia/Shanghai`sdk_ver=1.3.6.umeng
06-04 18:05:07.735 468 519 W IorapForwardingService: No service published for: iorapd
06-04 18:05:07.778 1411 2193 E raop : JavaCallback init
06-04 18:05:07.911 468 888 D BufferPoolAccessor2.0: bufferpool2 0xe3a47ed8 : 0(0 size) total buffers - 0(0 size) used buffers - 1/7 (recycle/alloc) - 6/50 (fetch/transfer)
06-04 18:05:07.911 468 888 D BufferPoolAccessor2.0: evictor expired: 3, evicted: 1
06-04 18:05:07.921 389 759 D BufferPoolAccessor2.0: bufferpool2 0xf62a3198 : 0(0 size) total buffers - 0(0 size) used buffers - 20/23 (recycle/alloc) - 3/22 (fetch/transfer)
06-04 18:05:07.921 389 759 D BufferPoolAccessor2.0: evictor expired: 1, evicted: 1
06-04 18:05:07.951 1411 1683 I efs.base: wa upload succ, HttpResponse {succ=true, code=200, data='暂不支持该服务', extra={req_url=https://errlog.umeng.com/api/crashsdk/logcollect}}
06-04 18:05:07.958 1411 1687 I efs.base: wa upload succ, HttpResponse {succ=true, code=200, data='暂不支持该服务', extra={req_url=https://errlog.umeng.com/api/crashsdk/logcollect}}
06-04 18:05:08.420 1147 1147 E sprdwl : sprdwl_rx_rsp_process ctx_id 0 recv rsp[WIFI_CMD_TX_DATA] status[SPRDWL_CMD_STATUS_ERROR]
06-04 18:05:08.437 1147 1147 E sprdwl : sprdwl_rx_rsp_process ctx_id 0 recv rsp[WIFI_CMD_TX_DATA] status[SPRDWL_CMD_STATUS_ERROR]
06-04 18:05:08.451 1147 1147 E sprdwl : sprdwl_rx_rsp_process ctx_id 0 recv rsp[WIFI_CMD_TX_DATA] status[SPRDWL_CMD_STATUS_ERROR]
06-04 18:05:08.375 253 1755 E bt_upio : upio_set : /proc/bluetooth/sleep/btwrite(-1) incorrent
06-04 18:05:08.568 1411 2193 E raop : httpd_stop running 1 joined 0
06-04 18:05:08.568 1411 2193 E raop : httpd_stop connection->socket_fd=0
06-04 18:05:08.568 1411 2193 E raop : httpd_stop connection->socket_fd=0
06-04 18:05:08.568 1411 2193 E raop : httpd_stop connection->socket_fd=0
06-04 18:05:08.568 1411 2193 E raop : httpd_stop connection->socket_fd=0
06-04 18:05:08.568 1411 2193 E raop : httpd_stop connection->socket_fd=0
06-04 18:05:08.568 1411 2193 E raop : httpd_stop connection->socket_fd=0
06-04 18:05:08.568 1411 2193 E raop : httpd_stop connection->socket_fd=0
06-04 18:05:08.568 1411 2193 E raop : httpd_stop connection->socket_fd=0
06-04 18:05:08.568 1411 2193 E raop : httpd_stop connection->socket_fd=0
06-04 18:05:08.568 1411 2193 E raop : httpd_stop connection->socket_fd=0
06-04 18:05:08.569 1411 2472 W System.err: java.net.SocketException: Socket closed
06-04 18:05:08.575 1411 2472 W System.err: at java.net.PlainSocketImpl.socketAccept(PlainSocketImpl.java:213)
06-04 18:05:08.575 1411 2472 W System.err: at java.net.AbstractPlainSocketImpl.accept(AbstractPlainSocketImpl.java:451)
06-04 18:05:08.575 1411 2472 W System.err: at java.net.ServerSocket.implAccept(ServerSocket.java:547)
06-04 18:05:08.575 1411 2472 W System.err: at java.net.ServerSocket.accept(ServerSocket.java:515)
06-04 18:05:08.575 1411 2472 W System.err: at b.f.f.t.f.run(Unknown Source:40)
06-04 18:05:08.575 1411 2472 W System.err: at java.lang.Thread.run(Thread.java:920)
06-04 18:05:08.577 1411 1411 D HiSight-SinkService: setDiscoverable true
06-04 18:05:08.577 1411 1411 D HiSight-Discovery: set deviceInfo type:46
06-04 18:05:08.577 1411 1411 D HiSight-Discovery: startAdvertise 3
06-04 18:05:08.577 1074 1160 D wenhc : getScreenInfo uri = content://com.dangbei.screencast.parts.info/screen_cast
06-04 18:05:08.577 1411 1411 D HiSight-Discovery: stopAdvertise.
06-04 18:05:08.578 1411 1411 D NearFieldManager: StopListen moduleId: CastPlusDiscoveryModule
06-04 18:05:08.578 2400 2415 D NearFieldManagerImpl: stopListen: moduleId: CastPlusDiscoveryModule
06-04 18:05:08.578 2400 2415 D NearFieldManagerImpl: registerCapability() called with: capabilityBitmapNum = 1, capabilityBitmap = [0]
06-04 18:05:08.578 2400 2415 I HicomNf_java_to_c: registerCapability, capabilityBitmapNum: 1
06-04 18:05:08.578 2400 2415 I HicomNfMainCtrlManager: RegisterCapability: 1, 0
06-04 18:05:08.578 2400 2415 D NearFieldManagerImpl: Register capability succeed with capabilityBitmapNum = 1, capabilityBitmap = [0]
06-04 18:05:08.579 1411 1411 D HiSight-Discovery: nearFieldStartListen deviceType 46
06-04 18:05:08.579 2400 2415 D NearFieldManagerImpl: setServiceData, sServiceData=[32], serviceData=[32]
06-04 18:05:08.579 2400 2415 E NearFieldManagerImpl: setServiceData, serviceData exists
06-04 18:05:08.579 1411 1411 E NearFieldManager: setIdnNetworkPriority: networkPortPriority is empty
06-04 18:05:08.580 1411 1411 D NearFieldManager: StartListen moduleId: CastPlusDiscoveryModule
06-04 18:05:08.580 2400 2415 D NearFieldManagerImpl: startListen: moduleId: CastPlusDiscoveryModule
06-04 18:05:08.580 2400 2415 D NearFieldUtils: getPreferredIpAddress exec
06-04 18:05:08.580 2400 2415 D NearFieldUtils: getPreferredIpAddress by custom priority
06-04 18:05:08.580 2400 2415 D NearFieldUtils: getIpByInterfaceSetting customIdnNetworkPriority:[]
06-04 18:05:08.580 2400 2415 D NearFieldUtils: getPreferredIpAddress by default priority
06-04 18:05:08.596 2400 2415 D NearFieldUtils: to get wlan0 ip address
06-04 18:05:08.596 2400 2415 D NearFieldUtils: get wlan0 IP succeed.
06-04 18:05:08.596 2400 2415 D NearFieldManagerImpl: sDeviceType: 46
06-04 18:05:08.596 2400 2415 D NearFieldManagerImpl: registerDevice() is called.
06-04 18:05:08.596 2400 2415 I HicomNfMainCtrlManager: NSTACKX_RegisterDevice is called
06-04 18:05:08.596 2400 2461 I nStackXDFinder: UpdateLocalNetworkInterface:[472] :UpdateLocalNetworkInterface exec,initerfaceName:wlan0
06-04 18:05:08.597 2400 2461 E nStackXDFinder: GetLocalIp:[401] :GetLocalIp exec
06-04 18:05:08.597 2400 2461 I nStackXDFinder: UpdateLocalNetworkInterface:[498] :UpdateLocalNetworkInterface copy ip value in default process
06-04 18:05:08.597 2400 2461 E nStackXDFinder: GetLocalIp:[401] :GetLocalIp exec
06-04 18:05:08.597 2400 2461 I nStackXDFinder: UpdateLocalNetworkInterface:[505] :UpdateLocalNetworkInterface: ip not change
06-04 18:05:08.597 2400 2415 D NearFieldManagerImpl: Register device success.
06-04 18:05:08.597 2400 2415 I NearFieldManagerImpl: serviceName is castPlus
06-04 18:05:08.597 2400 2415 D NearFieldManagerImpl: registerCapability() called with: capabilityBitmapNum = 1, capabilityBitmap = [8]
06-04 18:05:08.597 2400 2415 I HicomNf_java_to_c: registerCapability, capabilityBitmapNum: 1
06-04 18:05:08.597 2400 2415 I HicomNfMainCtrlManager: RegisterCapability: 1, 8
06-04 18:05:08.597 2400 2415 D NearFieldManagerImpl: Register capability succeed with capabilityBitmapNum = 1, capabilityBitmap = [8]
06-04 18:05:08.597 2400 2415 D NearFieldManagerImpl: registerServiceData() called with: serviceData = 32
06-04 18:05:08.597 2400 2461 I nStackXDFinder: RegisterServiceData:[728] :RegisterServiceData, serviceData=[32]
06-04 18:05:08.597 2400 2415 D NearFieldManagerImpl: registerModule() called with: packageModuleName = com.huawei.connection+CastPlusDiscoveryModule
06-04 18:05:08.597 2400 2415 D NearFieldManagerImpl: registerModule, registered before
06-04 18:05:08.597 2400 2415 I HicomNf_java_to_c: registerModule, moduleName: com.huawei.connection+CastPlusDiscoveryModule
06-04 18:05:08.597 2400 2415 I HicomNfMainCtrlManager: Enter RegisterModule
06-04 18:05:08.597 2400 2415 I HicomNfRegManager: RegisterModule OK, already registered com.huawei.connection+CastPlusDiscoveryModule
06-04 18:05:08.616 1411 1411 D HiSight-SinkService: setDiscoverable true
06-04 18:05:08.616 1411 1411 D HiSight-Discovery: set deviceInfo type:46
06-04 18:05:08.616 1411 1411 D HiSight-Discovery: startAdvertise 3
06-04 18:05:08.616 1411 1411 D HiSight-Discovery: stopAdvertise.
06-04 18:05:08.616 1074 1160 D wenhc : getScreenInfo uri = content://com.dangbei.screencast.parts.info/screen_cast
06-04 18:05:08.616 1411 1411 D NearFieldManager: StopListen moduleId: CastPlusDiscoveryModule
06-04 18:05:08.616 2400 2415 D NearFieldManagerImpl: stopListen: moduleId: CastPlusDiscoveryModule
06-04 18:05:08.616 2400 2415 D NearFieldManagerImpl: registerCapability() called with: capabilityBitmapNum = 1, capabilityBitmap = [0]
06-04 18:05:08.616 2400 2415 I HicomNf_java_to_c: registerCapability, capabilityBitmapNum: 1
06-04 18:05:08.616 2400 2415 I HicomNfMainCtrlManager: RegisterCapability: 1, 0
06-04 18:05:08.617 2400 2415 D NearFieldManagerImpl: Register capability succeed with capabilityBitmapNum = 1, capabilityBitmap = [0]
06-04 18:05:08.617 1411 1411 D HiSight-Discovery: nearFieldStartListen deviceType 46
06-04 18:05:08.617 2400 2415 D NearFieldManagerImpl: setServiceData, sServiceData=[32], serviceData=[32]
06-04 18:05:08.617 2400 2415 E NearFieldManagerImpl: setServiceData, serviceData exists
06-04 18:05:08.617 1411 1411 E NearFieldManager: setIdnNetworkPriority: networkPortPriority is empty
06-04 18:05:08.617 1411 1411 D NearFieldManager: StartListen moduleId: CastPlusDiscoveryModule
06-04 18:05:08.617 2400 2415 D NearFieldManagerImpl: startListen: moduleId: CastPlusDiscoveryModule
06-04 18:05:08.618 2400 2415 D NearFieldUtils: getPreferredIpAddress exec
06-04 18:05:08.618 2400 2415 D NearFieldUtils: getPreferredIpAddress by custom priority
06-04 18:05:08.618 2400 2415 D NearFieldUtils: getIpByInterfaceSetting customIdnNetworkPriority:[]
06-04 18:05:08.618 2400 2415 D NearFieldUtils: getPreferredIpAddress by default priority
06-04 18:05:08.637 2400 2415 D NearFieldUtils: to get wlan0 ip address
06-04 18:05:08.637 2400 2415 D NearFieldUtils: get wlan0 IP succeed.
06-04 18:05:08.637 2400 2415 D NearFieldManagerImpl: sDeviceType: 46
06-04 18:05:08.637 2400 2415 D NearFieldManagerImpl: registerDevice() is called.
06-04 18:05:08.637 2400 2415 I HicomNfMainCtrlManager: NSTACKX_RegisterDevice is called
06-04 18:05:08.637 2400 2461 I nStackXDFinder: UpdateLocalNetworkInterface:[472] :UpdateLocalNetworkInterface exec,initerfaceName:wlan0
06-04 18:05:08.637 2400 2461 E nStackXDFinder: GetLocalIp:[401] :GetLocalIp exec
06-04 18:05:08.637 2400 2461 I nStackXDFinder: UpdateLocalNetworkInterface:[498] :UpdateLocalNetworkInterface copy ip value in default process
06-04 18:05:08.637 2400 2461 E nStackXDFinder: GetLocalIp:[401] :GetLocalIp exec
06-04 18:05:08.637 2400 2461 I nStackXDFinder: UpdateLocalNetworkInterface:[505] :UpdateLocalNetworkInterface: ip not change
06-04 18:05:08.637 2400 2415 D NearFieldManagerImpl: Register device success.
06-04 18:05:08.637 2400 2415 I NearFieldManagerImpl: serviceName is castPlus
06-04 18:05:08.637 2400 2415 D NearFieldManagerImpl: registerCapability() called with: capabilityBitmapNum = 1, capabilityBitmap = [8]
06-04 18:05:08.637 2400 2415 I HicomNf_java_to_c: registerCapability, capabilityBitmapNum: 1
06-04 18:05:08.637 2400 2415 I HicomNfMainCtrlManager: RegisterCapability: 1, 8
06-04 18:05:08.638 2400 2415 D NearFieldManagerImpl: Register capability succeed with capabilityBitmapNum = 1, capabilityBitmap = [8]
06-04 18:05:08.638 2400 2415 D NearFieldManagerImpl: registerServiceData() called with: serviceData = 32
06-04 18:05:08.638 2400 2461 I nStackXDFinder: RegisterServiceData:[728] :RegisterServiceData, serviceData=[32]
06-04 18:05:08.638 2400 2415 D NearFieldManagerImpl: registerModule() called with: packageModuleName = com.huawei.connection+CastPlusDiscoveryModule
06-04 18:05:08.638 2400 2415 D NearFieldManagerImpl: registerModule, registered before
06-04 18:05:08.638 2400 2415 I HicomNf_java_to_c: registerModule, moduleName: com.huawei.connection+CastPlusDiscoveryModule
06-04 18:05:08.638 2400 2415 I HicomNfMainCtrlManager: Enter RegisterModule
06-04 18:05:08.638 2400 2415 I HicomNfRegManager: RegisterModule OK, already registered com.huawei.connection+CastPlusDiscoveryModule
06-04 18:05:08.638 1411 1411 E HuaweiCastService: onStartCommand in 0
06-04 18:05:08.737 468 519 W IorapForwardingService: No service published for: iorapd
06-04 18:05:08.786 1411 2193 E raop : httpd_stop running 0 joined 1
06-04 18:05:08.849 267 300 D hdmi-cec: receive invalid cec message!
06-04 18:05:08.849 267 300 D hdmi-cec: receive poll message [04], skip!
06-04 18:05:08.844 267 267 I EventThread: type=1400 audit(0.0:1075): avc: denied { search } for name="extcon" dev="sysfs" ino=18109 scontext=u:r:hal_tv_cec_default:s0 tcontext=u:object_r:sysfs_extcon:s0 tclass=dir permissive=1
06-04 18:05:09.442 1147 1147 E sprdwl : sprdwl_rx_rsp_process ctx_id 0 recv rsp[WIFI_CMD_TX_DATA] status[SPRDWL_CMD_STATUS_ERROR]
06-04 18:05:09.424 663 663 E WifiHAL : wifi_get_link_stats: requestResponse Error:-5
06-04 18:05:09.425 468 612 E WifiVendorHal: getWifiLinkLayerStats_1_5_Internal(l.1191) failed {.code = ERROR_INVALID_ARGS, .description = }
06-04 18:05:09.696 381 381 W hdr10p_Configure: 56 callbacks suppressed
06-04 18:05:09.696 381 381 I : DVI mode selected: packets not configured
06-04 18:05:09.710 381 381 W set_vsif_config: 56 callbacks suppressed
06-04 18:05:09.710 381 381 I : Error: set vsif failed
06-04 18:05:09.721 381 381 I : DVI mode selected: packets not configured
06-04 18:05:09.727 381 381 I : Error: set vsif failed
06-04 18:05:09.744 381 381 I : DVI mode selected: packets not configured
06-04 18:05:09.751 381 381 I : Error: set vsif failed
06-04 18:05:09.756 381 381 I : DVI mode selected: packets not configured
06-04 18:05:09.762 381 381 I : Error: set vsif failed
06-04 18:05:09.609 1411 2193 E raop : JavaCallback init
06-04 18:05:09.778 381 381 I : DVI mode selected: packets not configured
06-04 18:05:09.784 381 381 I : Error: set vsif failed
06-04 18:05:09.789 381 381 I : DVI mode selected: packets not configured
06-04 18:05:09.796 381 381 I : Error: set vsif failed
06-04 18:05:09.811 381 381 I : DVI mode selected: packets not configured
06-04 18:05:09.817 381 381 I : Error: set vsif failed
06-04 18:05:09.822 381 381 I : DVI mode selected: packets not configured
06-04 18:05:09.828 381 381 I : Error: set vsif failed
06-04 18:05:09.844 381 381 I : DVI mode selected: packets not configured
06-04 18:05:09.850 381 381 I : Error: set vsif failed
06-04 18:05:09.855 381 381 I : DVI mode selected: packets not configured
06-04 18:05:09.861 381 381 I : Error: set vsif failed
06-04 18:05:09.739 468 519 W IorapForwardingService: No service published for: iorapd
06-04 18:05:09.984 1 1 I init : processing action (debug.launcher3.exit=1) from (/vendor/etc/init/init.scheduler.rc:1)
06-04 18:05:09.808 2252 2252 I rainbow_flow: type=1400 audit(0.0:1076): avc: denied { ioctl } for path="/dev/spidev1.0" dev="tmpfs" ino=3509 ioctlcmd=0x6b00 scontext=u:r:init:s0 tcontext=u:object_r:device:s0 tclass=chr_file permissive=1
06-04 18:05:10.225 468 468 W NotificationHistory: Attempted to add notif for locked/gone/disabled user 0
06-04 18:05:10.228 682 682 V TvNotificationHandler: Notification not added because it isn't relevant for tv
06-04 18:05:10.403 1994 2040 D UtilLog : 日志批量上报 进行正常循环 !!!!!!本次有0次请求,共0条数据
06-04 18:05:10.710 1994 2115 D UtilLog : 日志批量上报 进行正常循环 !!!!!!本次有0次请求,共0条数据
06-04 18:05:10.741 468 519 W IorapForwardingService: No service published for: iorapd
06-04 18:05:11.287 468 755 D SntpClient: request time failed: java.net.SocketTimeoutException: Poll timed out
06-04 18:05:11.562 468 468 W NotificationHistory: Attempted to add notif for locked/gone/disabled user 0
06-04 18:05:11.564 682 682 V TvNotificationHandler: Notification not added because it isn't relevant for tv
06-04 18:05:11.616 1411 1411 I MirrorHelper: type=1400 audit(0.0:1077): avc: denied { read } for name="address" dev="sysfs" ino=28343 scontext=u:r:platform_app:s0:c512,c768 tcontext=u:object_r:sysfs:s0 tclass=file permissive=1 app=com.dangbei.screencast
06-04 18:05:11.657 1411 2481 I PlatformDependent: Your platform does not provide complete low-level API for accessing direct buffers reliably. Unless explicitly requested, heap buffer will always be preferred to avoid potential system instability.
06-04 18:05:11.616 1411 1411 I MirrorHelper: type=1400 audit(0.0:1078): avc: denied { open } for path="/sys/devices/platform/unisoc_wifi/net/wlan1/address" dev="sysfs" ino=28343 scontext=u:r:platform_app:s0:c512,c768 tcontext=u:object_r:sysfs:s0 tclass=file permissive=1 app=com.dangbei.screencast
06-04 18:05:11.616 1411 1411 I MirrorHelper: type=1400 audit(0.0:1079): avc: denied { getattr } for path="/sys/devices/platform/unisoc_wifi/net/wlan1/address" dev="sysfs" ino=28343 scontext=u:r:platform_app:s0:c512,c768 tcontext=u:object_r:sysfs:s0 tclass=file permissive=1 app=com.dangbei.screencast
06-04 18:05:11.716 1411 2193 W VideoCapabilities: Unrecognized profile/level 0/3 for video/mpeg2
06-04 18:05:11.743 468 519 W IorapForwardingService: No service published for: iorapd
06-04 18:05:11.716 1411 1411 W Thread-17: type=1400 audit(0.0:1080): avc: granted { read } for name="somaxconn" dev="proc" ino=26824 scontext=u:r:platform_app:s0:c512,c768 tcontext=u:object_r:proc_net:s0 tclass=file app=com.dangbei.screencast
06-04 18:05:11.762 468 622 D NsdService: Register service
06-04 18:05:11.762 468 622 D NsdService: registerService: 3 name: 当贝投屏K3, type: _airplay._tcp, host: null, port: 42735, txtRecord: srcvers=220.68features=0x527FFFF7,0x1E'pi=2e388006-13ba-4041-9a67-25dd4a43d536Cpk=b07727d6f6cd6e08b58ede525ec3cdeaa252ad9f683feb212ef8a205246554e7vv=2 flags=0x4model=AppleTV2,1deviceid=b4:2f:03:16:18:c0
06-04 18:05:11.763 468 622 D NsdService: mdnssd [register, 3, 当贝投屏K3, _airplay._tcp, 42735, DnNyY3ZlcnM9MjIwLjY4GGZlYXR1cmVzPTB4NTI3RkZGRjcsMHgxRSdwaT0yZTM4ODAwNi0xM2JhLTQwNDEtOWE2Ny0yNWRkNGE0M2Q1MzZDcGs9YjA3NzI3ZDZmNmNkNmUwOGI1OGVkZTUyNWVjM2NkZWFhMjUyYWQ5ZjY4M2ZlYjIxMmVmOGEyMDUyNDY1NTRlNwR2dj0yCWZsYWdzPTB4NBBtb2RlbD1BcHBsZVRWMiwxGmRldmljZWlkPWI0OjJmOjAzOjE2OjE4OmMw]
06-04 18:05:11.764 246 295 D MDnsDS : serviceRegister(3, (null), 当贝投屏K3, _airplay._tcp, (null), (null), 42735, 207, )
06-04 18:05:11.765 246 295 D MDnsDS : startMonitoring 3
06-04 18:05:11.765 246 295 D MDnsDS : triggering rescan
06-04 18:05:11.765 246 295 D MDnsDS : serviceRegister successful
06-04 18:05:11.765 246 294 D MDnsDS : Monitor poll got data pollCount = 2, 1
06-04 18:05:11.765 246 294 D MDnsDS : controlSocket shows revent= 1
06-04 18:05:11.765 246 294 D MDnsDS : MDnsSdListener::Monitor got 1
06-04 18:05:11.765 246 294 D MDnsDS : MDnsSdListener::Monitor poll rescanning - size=10, live=2
06-04 18:05:11.765 246 294 D MDnsDS : Going to poll with pollCount 3
06-04 18:05:11.767 468 622 D NsdService: Register 2 3
06-04 18:05:11.716 1411 1411 W Thread-17: type=1400 audit(0.0:1081): avc: granted { read open } for path="/proc/sys/net/core/somaxconn" dev="proc" ino=26824 scontext=u:r:platform_app:s0:c512,c768 tcontext=u:object_r:proc_net:s0 tclass=file app=com.dangbei.screencast
06-04 18:05:11.773 468 622 D NsdService: Register service
06-04 18:05:11.774 468 622 D NsdService: registerService: 4 name: b42f031618c0@当贝投屏K3, type: _raop._tcp, host: null, port: 33775, txtRecord: txtvers=1 am=AppleTV2,1ch=2
06-04 18:05:11.774 468 622 D NsdService: cn=0,1,2,3da=trueet=0,3,5ft=0x527FFFF7,0x1Emd=0,1,2Cpk=b07727d6f6cd6e08b58ede525ec3cdeaa252ad9f683feb212ef8a205246554e7pw=falsesf=0x4sr=44100ss=16sv=falsetp=UDPvn=65537 vs=220.68vv=2 rhd=5.6.0.0
06-04 18:05:11.774 468 622 D NsdService: mdnssd [register, 4, b42f031618c0@当贝投屏K3, _raop._tcp, 33775, CXR4dHZlcnM9MQ1hbT1BcHBsZVRWMiwxBGNoPTIKY249MCwxLDIsMwdkYT10cnVlCGV0PTAsMyw1EmZ0PTB4NTI3RkZGRjcsMHgxRQhtZD0wLDEsMkNwaz1iMDc3MjdkNmY2Y2Q2ZTA4YjU4ZWRlNTI1ZWMzY2RlYWEyNTJhZDlmNjgzZmViMjEyZWY4YTIwNTI0NjU1NGU3CHB3PWZhbHNlBnNmPTB4NAhzcj00NDEwMAVzcz0xNghzdj1mYWxzZQZ0cD1VRFAIdm49NjU1MzcJdnM9MjIwLjY4BHZ2PTILcmhkPTUuNi4wLjA=]
06-04 18:05:11.775 246 295 D MDnsDS : serviceRegister(4, (null), b42f031618c0@当贝投屏K3, _raop._tcp, (null), (null), 33775, 236, )
06-04 18:05:11.775 246 295 D MDnsDS : startMonitoring 4
06-04 18:05:11.775 246 295 D MDnsDS : triggering rescan
06-04 18:05:11.775 246 295 D MDnsDS : serviceRegister successful
06-04 18:05:11.775 246 294 D MDnsDS : Monitor poll got data pollCount = 3, 1
06-04 18:05:11.775 246 294 D MDnsDS : controlSocket shows revent= 1
06-04 18:05:11.775 246 294 D MDnsDS : MDnsSdListener::Monitor got 1
06-04 18:05:11.775 246 294 D MDnsDS : MDnsSdListener::Monitor poll rescanning - size=10, live=3
06-04 18:05:11.775 246 294 D MDnsDS : Going to poll with pollCount 4
06-04 18:05:11.779 468 622 D NsdService: Register 3 4
06-04 18:05:11.716 1411 1411 W Thread-17: type=1400 audit(0.0:1082): avc: granted { getattr } for path="/proc/sys/net/core/somaxconn" dev="proc" ino=26824 scontext=u:r:platform_app:s0:c512,c768 tcontext=u:object_r:proc_net:s0 tclass=file app=com.dangbei.screencast
06-04 18:05:11.815 1411 1429 I gbei.screencas: Background concurrent copying GC freed 98788(7579KB) AllocSpace objects, 15(360KB) LOS objects, 49% free, 5605KB/10MB, paused 275us total 177.342ms
06-04 18:05:12.001 1169 1169 W audit : audit_lost=636 audit_rate_limit=5 audit_backlog_limit=64
06-04 18:05:11.716 1411 1411 W Thread-17: type=1400 audit(0.0:1083): avc: granted { getattr } for path="/proc/sys/net/core/somaxconn" dev="proc" ino=26824 scontext=u:r:platform_app:s0:c512,c768 tcontext=u:object_r:proc_net:s0 tclass=file app=com.dangbei.screencast
06-04 18:05:12.021 1169 1169 E audit : rate limit exceeded
06-04 18:05:11.820 1031 1031 I DefaultDispatch: type=1400 audit(0.0:1084): avc: denied { read } for name="devices" dev="proc" ino=4026532014 scontext=u:r:system_app:s0 tcontext=u:object_r:proc:s0 tclass=file permissive=1
06-04 18:05:11.872 1031 1169 E RCInfo : vid:000d
06-04 18:05:11.872 1031 1169 E RCInfo : pid:3838
06-04 18:05:11.874 1031 1169 E RCInfo : vid:000d
06-04 18:05:11.874 1031 1169 E RCInfo : pid:3838
06-04 18:05:11.882 1031 1169 D BluetoothGatt: connect() - device: E4:BB:D3:57:C0:7D, auto: true
06-04 18:05:11.882 1031 1169 D BluetoothGatt: registerApp()
06-04 18:05:11.883 1031 1169 D BluetoothGatt: registerApp() - UUID=ba10bb78-69de-495c-a3c8-c0b022f5f6fc
06-04 18:05:11.885 1490 1776 I bluetooth: system/bt/stack/gatt/gatt_api.cc:1019 GATT_Register: Allocated name:GattClient uuid:0118109c-e29c-9112-f8e3-9239bf92575b gatt_if:5 eatt_support:0
06-04 18:05:11.885 1490 1776 I bt_bta_gattc: system/bt/bta/gatt/bta_gattc_act.cc:1110 bta_gattc_conn_cback: Connected att_id:5 transport:le reason:GATT_CONN_OK
06-04 18:05:11.886 1031 1195 D BluetoothGatt: onClientRegistered() - status=0 clientIf=5
06-04 18:05:11.887 1490 1695 I bt_btif_config: system/bt/btif/src/btif_config.cc:137 btif_get_device_type: Device [e4:bb:d3:57:c0:7d] device type 2
06-04 18:05:11.888 1031 1195 D BluetoothGatt: onClientConnectionState() - status=0 clientIf=5 device=E4:BB:D3:57:C0:7D
06-04 18:05:11.888 1031 1195 D BluetoothGatt: discoverServices() - device: E4:BB:D3:57:C0:7D
06-04 18:05:11.890 1490 1695 I bt_bta_gattc: system/bt/bta/gatt/bta_gattc_cache.cc:902 bta_gattc_get_gatt_db: bta_gattc_get_gatt_db
06-04 18:05:11.894 1031 1195 D BluetoothGatt: onSearchComplete() = Device=E4:BB:D3:57:C0:7D Status=0
06-04 18:05:11.897 253 263 E bt_upio : upio_set : /proc/bluetooth/sleep/btwrite(-1) incorrent
06-04 18:05:12.138 468 622 D NsdService: Register service
06-04 18:05:12.138 468 622 D NsdService: registerService: 5 name: 当贝投屏K3, type: _db_cast_screen._tcp, host: null, port: 35377, txtRecord: au=1cV=20830mV=100h265=0maxR=4096-3152model=DBBOX-A2deviceid=20:02:FE:19:C1:FD
06-04 18:05:12.139 468 622 D NsdService: mdnssd [register, 5, 当贝投屏K3, _db_cast_screen._tcp, 35377, BGF1PTEIY1Y9MjA4MzAGbVY9MTAwBmgyNjU9MA5tYXhSPTQwOTYtMzE1Mg5tb2RlbD1EQkJPWC1BMhpkZXZpY2VpZD0yMDowMjpGRToxOTpDMTpGRA==]
06-04 18:05:12.139 246 295 D MDnsDS : serviceRegister(5, (null), 当贝投屏K3, _db_cast_screen._tcp, (null), (null), 35377, 85, )
06-04 18:05:12.140 246 295 D MDnsDS : startMonitoring 5
06-04 18:05:12.140 246 295 D MDnsDS : triggering rescan
06-04 18:05:12.140 246 295 D MDnsDS : serviceRegister successful
06-04 18:05:12.140 246 294 D MDnsDS : Monitor poll got data pollCount = 4, 1
06-04 18:05:12.140 246 294 D MDnsDS : controlSocket shows revent= 1
06-04 18:05:12.140 246 294 D MDnsDS : MDnsSdListener::Monitor got 1
06-04 18:05:12.140 246 294 D MDnsDS : MDnsSdListener::Monitor poll rescanning - size=10, live=4
06-04 18:05:12.140 246 294 D MDnsDS : Going to poll with pollCount 5
06-04 18:05:12.141 468 622 D NsdService: Register 4 5
06-04 18:05:12.178 468 1375 W TelephonyPermissions: reportAccessDeniedToReadIdentifiers:com.dangbei.screencast:getSerial:-1
06-04 18:05:12.242 2400 2456 V NFC : this device does not have NFC support
06-04 18:05:12.440 663 663 E WifiHAL : wifi_get_link_stats: requestResponse Error:-5
06-04 18:05:12.442 468 612 E WifiVendorHal: getWifiLinkLayerStats_1_5_Internal(l.1191) failed {.code = ERROR_INVALID_ARGS, .description = }
06-04 18:05:12.446 246 294 D MDnsDS : Monitor poll got data pollCount = 5, 2
06-04 18:05:12.446 246 294 D MDnsDS : Monitor found [2].revents = 1 - calling ProcessResults
06-04 18:05:12.446 246 294 D MDnsDS : register succeeded for 4 as b42f031618c0@当贝投屏K3
06-04 18:05:12.446 246 294 D MDnsDS : Monitor found [3].revents = 1 - calling ProcessResults
06-04 18:05:12.447 246 294 D MDnsDS : register succeeded for 3 as 当贝投屏K3
06-04 18:05:12.447 246 294 D MDnsDS : controlSocket shows revent= 0
06-04 18:05:12.447 246 294 D MDnsDS : Going to poll with pollCount 5
06-04 18:05:12.451 468 622 D NsdService: Native daemon message SERVICE_REGISTERED: 606 4 "b42f031618c0@当贝投屏K3"
06-04 18:05:12.451 468 622 D NsdService: Native daemon message SERVICE_REGISTERED: 606 3 "当贝投屏K3"
06-04 18:05:12.524 1411 1612 I crashsdk: crashsdk uploading logs
06-04 18:05:12.639 1411 2219 E accept : myIp:192.168.3.22
06-04 18:05:12.644 1411 2219 E accept : connect error
06-04 18:05:12.656 1411 2219 I UpnpServiceImpl: >>> Starting UPnP service...
06-04 18:05:12.657 1411 2219 I UpnpServiceImpl: Using configuration: org.fourthline.cling.android.AndroidUpnpServiceConfiguration
06-04 18:05:12.661 1411 2219 I Router : Creating Router: org.fourthline.cling.android.AndroidRouter
06-04 18:05:12.662 1411 2219 W Router : enable lock:org.fourthline.cling.android.AndroidRouter@c822d5f_java.util.concurrent.locks.ReentrantReadWriteLock$WriteLock@3ba73ac[Unlocked]
06-04 18:05:12.689 1411 2219 W tworkAddressFactoryImpl: Network interface may not be multicast capable: dummy0
06-04 18:05:12.693 1411 2219 I MulticastReceiver: Creating wildcard socket (for receiving multicast datagrams) on port: 1900
06-04 18:05:12.694 1411 2219 I MulticastReceiver: Joining multicast group: /239.255.255.250:1900 on network interface: wlan0
06-04 18:05:12.721 1411 2219 E accept : Adding connector try: 192.168.3.22/192.168.3.22:38963
06-04 18:05:12.726 1411 2219 E accept : Adding connector result: 192.168.3.22/192.168.3.22:38963
06-04 18:05:12.737 246 294 D MDnsDS : Monitor poll got data pollCount = 5, 1
06-04 18:05:12.737 246 294 D MDnsDS : Monitor found [1].revents = 1 - calling ProcessResults
06-04 18:05:12.737 246 294 D MDnsDS : register succeeded for 5 as 当贝投屏K3
06-04 18:05:12.737 246 294 D MDnsDS : controlSocket shows revent= 0
06-04 18:05:12.737 246 294 D MDnsDS : Going to poll with pollCount 5
06-04 18:05:12.739 468 622 D NsdService: Native daemon message SERVICE_REGISTERED: 606 5 "当贝投屏K3"
06-04 18:05:12.745 468 519 W IorapForwardingService: No service published for: iorapd
06-04 18:05:12.784 2499 2499 I Thread-2: type=1400 audit(0.0:1089): avc: denied { execute } for name="am" dev="dm-1" ino=1160 scontext=u:r:system_app:s0 tcontext=u:object_r:vendor_file:s0 tclass=file permissive=1
06-04 18:05:12.784 2499 2499 I Thread-2: type=1400 audit(0.0:1090): avc: denied { read open } for path="/vendor/xbin/am" dev="dm-1" ino=1160 scontext=u:r:system_app:s0 tcontext=u:object_r:vendor_file:s0 tclass=file permissive=1
06-04 18:05:12.788 2499 2499 I Thread-2: type=1400 audit(0.0:1091): avc: denied { execute_no_trans } for path="/vendor/xbin/am" dev="dm-1" ino=1160 scontext=u:r:system_app:s0 tcontext=u:object_r:vendor_file:s0 tclass=file permissive=1
06-04 18:05:12.857 1123 1123 D aaa : LedStatusService onStartCommand begin
06-04 18:05:12.908 1123 2506 D aaa : topPkg is -------------- :com.dangbei.leard.leradlauncher
06-04 18:05:12.918 1123 2506 D aaa : WiFi is connect
06-04 18:05:12.924 1174 1174 D bbb : onStartCommand begin !!!!!!! data分区剩余 24849MB
06-04 18:05:12.929 1411 2219 I JettyServletContainer: Registering UPnP servlet under context path: /upnp
06-04 18:05:12.940 1411 2219 I DatagramIO: Creating bound socket (for datagram input/output) on: 192.168.3.22/192.168.3.22
06-04 18:05:12.947 1411 2508 E JettyServletContainer: gogogo
06-04 18:05:12.947 1411 2508 I JettyServletContainer: Starting Jetty server...
06-04 18:05:12.952 1411 2508 W System.err: 2025-06-04 18:05:12.949:INFO:lcaf.p:jetty-8.y.z-SNAPSHOT
06-04 18:05:12.953 1411 2219 I Router : WiFi multicast lock acquired
06-04 18:05:12.958 468 1375 I WifiService: acquireMulticastLock uid=10030
06-04 18:05:12.963 1411 2219 I Router : WiFi lock acquired
06-04 18:05:12.965 468 1375 I WifiService: acquireWifiLock uid=10030 lockMode=3
06-04 18:05:12.979 1411 2219 W Router : enable unlock:org.fourthline.cling.android.AndroidRouter@c822d5f
06-04 18:05:12.987 1411 2219 I UpnpServiceImpl: <<< UPnP service started successfully
06-04 18:05:13.006 1411 1429 I gbei.screencas: Background young concurrent copying GC freed 30397(3418KB) AllocSpace objects, 13(956KB) LOS objects, 26% free, 8246KB/10MB, paused 408us total 176.018ms
06-04 18:05:13.034 1411 2508 W System.err: 2025-06-04 18:05:13.033:INFO:lcaf.a:Started @192.168.3.22:38963
06-04 18:05:13.092 1031 1195 E ccc : cccccc hhhhhhhhhh RC version is DB-15B-H5-R0111
06-04 18:05:13.093 1031 1195 E RCInfo : vid:000d
06-04 18:05:13.093 1031 1195 E RCInfo : pid:3838
06-04 18:05:13.094 1031 1195 E RCInfo : vid:000d
06-04 18:05:13.094 1031 1195 E RCInfo : pid:3838
06-04 18:05:13.094 1031 1195 E ccc : cccccc 请求remote实时 DB-15B-H5-R0111
06-04 18:05:13.094 1031 1195 E ccc : cccccc requestRemoteInfoInner factory XIMI version DB-15B-H5-R0111
06-04 18:05:13.105 1031 1031 W System.err: java.lang.StringIndexOutOfBoundsException
06-04 18:05:13.105 1031 1031 W System.err: at java.lang.AbstractStringBuilder.delete(AbstractStringBuilder.java:760)
06-04 18:05:13.105 1031 1031 W System.err: at java.lang.StringBuilder.delete(StringBuilder.java:245)
06-04 18:05:13.105 1031 1031 W System.err: at com.etna.haqu.model.net.interceptor.RequestSignAndEncryptInterceptor.intercept(RequestSignAndEncryptInterceptor.kt:41)
06-04 18:05:13.105 1031 1031 W System.err: at okhttp3.internal.http.RealInterceptorChain.proceed(RealInterceptorChain.kt:109)
06-04 18:05:13.105 1031 1031 W System.err: at com.etna.haqu.model.net.interceptor.CommonParamsInterceptor.intercept(CommonParamsInterceptor.kt:141)
06-04 18:05:13.105 1031 1031 W System.err: at okhttp3.internal.http.RealInterceptorChain.proceed(RealInterceptorChain.kt:109)
06-04 18:05:13.105 1031 1031 W System.err: at okhttp3.internal.connection.RealCall.getResponseWithInterceptorChain$okhttp(RealCall.kt:201)
06-04 18:05:13.105 1031 1031 W System.err: at okhttp3.internal.connection.RealCall.execute(RealCall.kt:154)
06-04 18:05:13.105 1031 1031 W System.err: at retrofit2.OkHttpCall.execute(OkHttpCall.java:204)
06-04 18:05:13.105 1031 1031 W System.err: at com.etna.haqu.support.network.call_adapter.flow.sync.BodyFlowCallAdapterKt$bodyFlow$1.invokeSuspend(BodyFlowCallAdapter.kt:26)
06-04 18:05:13.105 1031 1031 W System.err: at com.etna.haqu.support.network.call_adapter.flow.sync.BodyFlowCallAdapterKt$bodyFlow$1.invoke(Unknown Source:8)
06-04 18:05:13.105 1031 1031 W System.err: at com.etna.haqu.support.network.call_adapter.flow.sync.BodyFlowCallAdapterKt$bodyFlow$1.invoke(Unknown Source:4)
06-04 18:05:13.105 1031 1031 W System.err: at kotlinx.coroutines.flow.SafeFlow.collectSafely(Builders.kt:61)
06-04 18:05:13.105 1031 1031 W System.err: at kotlinx.coroutines.flow.AbstractFlow.collect(Flow.kt:230)
06-04 18:05:13.105 1031 1031 W System.err: at kotlinx.coroutines.flow.FlowKt__LimitKt$take$$inlined$unsafeFlow$1.collect(SafeCollector.common.kt:115)
06-04 18:05:13.105 1031 1031 W System.err: at kotlinx.coroutines.flow.internal.ChannelFlowOperatorImpl.flowCollect(ChannelFlow.kt:195)
06-04 18:05:13.105 1031 1031 W System.err: at kotlinx.coroutines.flow.internal.ChannelFlowOperator.collectTo$suspendImpl(ChannelFlow.kt:157)
06-04 18:05:13.105 1031 1031 W System.err: at kotlinx.coroutines.flow.internal.ChannelFlowOperator.collectTo(Unknown Source:0)
06-04 18:05:13.105 1031 1031 W System.err: at kotlinx.coroutines.flow.internal.ChannelFlow$collectToFun$1.invokeSuspend(ChannelFlow.kt:60)
06-04 18:05:13.105 1031 1031 W System.err: at kotlin.coroutines.jvm.internal.BaseContinuationImpl.resumeWith(ContinuationImpl.kt:33)
06-04 18:05:13.106 1031 1031 W System.err: at kotlinx.coroutines.DispatchedTask.run(DispatchedTask.kt:106)
06-04 18:05:13.106 1031 1031 W System.err: at kotlinx.coroutines.internal.LimitedDispatcher.run(LimitedDispatcher.kt:42)
06-04 18:05:13.106 1031 1031 W System.err: at kotlinx.coroutines.scheduling.TaskImpl.run(Tasks.kt:95)
06-04 18:05:13.106 1031 1031 W System.err: at kotlinx.coroutines.scheduling.CoroutineScheduler.runSafely(CoroutineScheduler.kt:570)
06-04 18:05:13.106 1031 1031 W System.err: at kotlinx.coroutines.scheduling.CoroutineScheduler$Worker.executeTask(CoroutineScheduler.kt:749)
06-04 18:05:13.106 1031 1031 W System.err: at kotlinx.coroutines.scheduling.CoroutineScheduler$Worker.runWorker(CoroutineScheduler.kt:677)
06-04 18:05:13.106 1031 1031 W System.err: at kotlinx.coroutines.scheduling.CoroutineScheduler$Worker.run(CoroutineScheduler.kt:664)
06-04 18:05:13.111 1031 1031 E ccc : cccccc com.dangbei.haqusetting not connect
06-04 18:05:13.111 1031 1031 E ccc : cccccc updateHelper 通知更新
06-04 18:05:13.119 1411 2219 E g : channel :os
06-04 18:05:13.746 468 519 W IorapForwardingService: No service published for: iorapd
06-04 18:05:13.999 1411 1429 I gbei.screencas: Background concurrent copying GC freed 72159(4492KB) AllocSpace objects, 16(1044KB) LOS objects, 49% free, 5731KB/11MB, paused 175us total 152.291ms
06-04 18:05:14.749 468 519 W IorapForwardingService: No service published for: iorapd
06-04 18:05:15.452 663 663 E WifiHAL : wifi_get_link_stats: requestResponse Error:-5
06-04 18:05:15.453 468 612 E WifiVendorHal: getWifiLinkLayerStats_1_5_Internal(l.1191) failed {.code = ERROR_INVALID_ARGS, .description = }
06-04 18:05:15.687 381 381 W hdr10p_Configure: 175 callbacks suppressed
06-04 18:05:15.687 381 381 I : DVI mode selected: packets not configured
06-04 18:05:15.701 381 381 W set_vsif_config: 175 callbacks suppressed
06-04 18:05:15.701 381 381 I : Error: set vsif failed
06-04 18:05:15.712 381 381 I : DVI mode selected: packets not configured
06-04 18:05:15.718 381 381 I : Error: set vsif failed
06-04 18:05:15.727 381 381 I : DVI mode selected: packets not configured
06-04 18:05:15.734 381 381 I : Error: set vsif failed
06-04 18:05:15.739 381 381 I : DVI mode selected: packets not configured
06-04 18:05:15.745 381 381 I : Error: set vsif failed
06-04 18:05:15.761 381 381 I : DVI mode selected: packets not configured
06-04 18:05:15.767 381 381 I : Error: set vsif failed
06-04 18:05:15.772 381 381 I : DVI mode selected: packets not configured
06-04 18:05:15.779 381 381 I : Error: set vsif failed
06-04 18:05:15.794 381 381 I : DVI mode selected: packets not configured
06-04 18:05:15.800 381 381 I : Error: set vsif failed
06-04 18:05:15.805 381 381 I : DVI mode selected: packets not configured
06-04 18:05:15.812 381 381 I : Error: set vsif failed
06-04 18:05:15.644 468 519 D CompatibilityChangeReporter: Compat change id reported: 168419799; UID 10075; state: DISABLED
06-04 18:05:15.828 381 381 I : DVI mode selected: packets not configured
06-04 18:05:15.835 381 381 I : Error: set vsif failed
06-04 18:05:15.840 381 381 I : DVI mode selected: packets not configured
06-04 18:05:15.846 381 381 I : Error: set vsif failed
06-04 18:05:15.751 468 519 W IorapForwardingService: No service published for: iorapd
06-04 18:05:16.450 0 0 I [ C0] nf_conntrack: default automatic helper assignment has been turned off for security reasons and CT-based firewall rule not found. Use the iptables CT target to attach helpers instead.
06-04 18:05:16.294 468 755 D SntpClient: request time failed: java.net.SocketTimeoutException: Poll timed out
06-04 18:05:16.407 1994 2121 I TDLog : [APP] New data found, Submitting...
06-04 18:05:16.463 1994 2121 I TDLog : [APP] Failed to submit data!
06-04 18:05:16.754 468 519 W IorapForwardingService: No service published for: iorapd
06-04 18:05:17.757 468 519 W IorapForwardingService: No service published for: iorapd
06-04 18:05:17.811 208 224 I keystore2: keystore2::watchdog: Watchdog thread idle -> terminating. Have a great day.
06-04 18:05:18.467 663 663 E WifiHAL : wifi_get_link_stats: requestResponse Error:-5
06-04 18:05:18.469 468 612 E WifiVendorHal: getWifiLinkLayerStats_1_5_Internal(l.1191) failed {.code = ERROR_INVALID_ARGS, .description = }
06-04 18:05:18.759 468 519 W IorapForwardingService: No service published for: iorapd
06-04 18:05:19.761 468 519 W IorapForwardingService: No service published for: iorapd
06-04 18:05:19.811 468 988 W ZramWriteback: Writeback device is not set
06-04 18:05:19.811 468 988 D ZramWriteback: wait to flush
06-04 18:05:20.715 1994 2115 D UtilLog : 日志批量上报 进行正常循环 !!!!!!本次有0次请求,共0条数据
06-04 18:05:20.741 253 1755 E bt_upio : upio_set : /proc/bluetooth/sleep/btwrite(-1) incorrent
06-04 18:05:20.764 468 519 W IorapForwardingService: No service published for: iorapd
06-04 18:05:20.927 1174 1174 D bbb : onStartCommand begin !!!!!!! data分区剩余 24849MB
06-04 18:05:20.928 1123 1123 D aaa : LedStatusService onStartCommand begin
06-04 18:05:20.929 1123 2534 D aaa : topPkg is -------------- :com.dangbei.leard.leradlauncher
06-04 18:05:20.937 1123 2534 D aaa : WiFi is connect
06-04 18:05:21.304 468 755 D SntpClient: request time failed: java.net.SocketTimeoutException: Poll timed out
06-04 18:05:21.304 468 755 D SntpClient: request time failed
06-04 18:05:21.480 381 381 W hdr10p_Configure: 130 callbacks suppressed
06-04 18:05:21.480 381 381 I : DVI mode selected: packets not configured
06-04 18:05:21.494 381 381 W set_vsif_config: 130 callbacks suppressed
06-04 18:05:21.494 381 381 I : Error: set vsif failed
06-04 18:05:21.506 381 381 I : DVI mode selected: packets not configured
06-04 18:05:21.513 381 381 I : Error: set vsif failed
06-04 18:05:21.530 381 381 I : DVI mode selected: packets not configured
06-04 18:05:21.537 381 381 I : Error: set vsif failed
06-04 18:05:21.541 381 381 I : DVI mode selected: packets not configured
06-04 18:05:21.548 381 381 I : Error: set vsif failed
06-04 18:05:21.563 381 381 I : DVI mode selected: packets not configured
06-04 18:05:21.569 381 381 I : Error: set vsif failed
06-04 18:05:21.574 381 381 I : DVI mode selected: packets not configured
06-04 18:05:21.581 381 381 I : Error: set vsif failed
06-04 18:05:21.628 381 381 I : DVI mode selected: packets not configured
06-04 18:05:21.635 381 381 I : Error: set vsif failed
06-04 18:05:21.640 381 381 I : DVI mode selected: packets not configured
06-04 18:05:21.646 381 381 I : Error: set vsif failed
06-04 18:05:21.481 663 663 E WifiHAL : wifi_get_link_stats: requestResponse Error:-5
06-04 18:05:21.488 468 612 E WifiVendorHal: getWifiLinkLayerStats_1_5_Internal(l.1191) failed {.code = ERROR_INVALID_ARGS, .description = }
06-04 18:05:21.664 381 381 I : DVI mode selected: packets not configured
06-04 18:05:21.671 381 381 I : Error: set vsif failed
06-04 18:05:21.676 381 381 I : DVI mode selected: packets not configured
06-04 18:05:21.683 381 381 I : Error: set vsif failed
06-04 18:05:21.563 468 755 D SntpClient: round trip: 234ms, clock offset: 55492832ms
06-04 18:05:21.577 468 516 D AlarmManagerService: Setting time of day to sec=1749087014
06-05 09:30:14.460 468 595 E LazyAlarmStore: Removed TIME_TICK alarm
06-05 09:30:14.470 468 530 I DropBoxManagerService: add tag=system_server_wtf isTagEnabled=true flags=0x2
06-05 09:30:14.485 468 468 W SyncManager: Clock is valid now.
06-05 09:30:14.497 468 468 D ConditionProviders.SCP: onReceive android.intent.action.TIME_SET
06-05 09:30:14.512 1174 1174 D bbb : onStartCommand begin !!!!!!! data分区剩余 24849MB
06-05 09:30:14.519 468 643 D CompatibilityChangeReporter: Compat change id reported: 171306433; UID 1000; state: ENABLED
06-05 09:30:14.526 468 468 D ConditionProviders.SCP: evaluateSubscriptionLocked cal=ScheduleCalendar[mDays={1, 2, 3, 4, 5, 6, 7}, mSchedule=ScheduleInfo{days=[1, 2, 3, 4, 5, 6, 7], startHour=22, startMinute=0, endHour=7, endMinute=0, exitAtAlarm=true, nextAlarm=Thu Jan 01 08:00:00 GMT+08:00 1970 (0)}], now=Thu Jun 05 09:30:14 GMT+08:00 2025 (1749087014497), nextUserAlarmTime=Thu Jan 01 08:00:00 GMT+08:00 1970 (0)
06-05 09:30:14.527 468 468 D ConditionProviders.SCP: notifyCondition condition://android/schedule?days=1.2.3.4.5.6.7&start=22.0&end=7.0&exitAtAlarm=true STATE_FALSE reason=!meetsSchedule
06-05 09:30:14.530 468 468 D ConditionProviders.SCP: Scheduling evaluate for Thu Jun 05 22:00:00 GMT+08:00 2025 (1749132000000), in +12h29m45s503ms, now=Thu Jun 05 09:30:14 GMT+08:00 2025 (1749087014497)
06-05 09:30:14.567 468 625 D CompatibilityChangeReporter: Compat change id reported: 143231523; UID 1000; state: DISABLED
06-05 09:30:14.591 468 519 W IorapForwardingService: No service published for: iorapd
06-05 09:30:14.803 468 529 I UsageStatsService: User[0] Time changed in by 55492 seconds
06-05 09:30:14.803 468 529 I UsageStatsService: User[0] Flushing usage stats to disk
06-05 09:30:14.832 468 529 I UsageStatsDatabase: Time changed by +15h24m52s823ms. files deleted: 0 files moved: 4
06-05 09:30:14.845 468 529 I UsageStatsService: User[0] Rollover scheduled @ 2025-06-06 09:12:24(1749172344262)
06-05 09:30:14.954 2539 2539 I sh : type=1400 audit(0.0:1092): avc: denied { getattr } for path="/system/xbin/su" dev="dm-0" ino=3480 scontext=u:r:platform_app:s0:c512,c768 tcontext=u:object_r:su_exec:s0 tclass=file permissive=1 app=com.dangbei.screencast
06-05 09:30:14.954 2539 2539 I sh : type=1400 audit(0.0:1093): avc: denied { execute } for name="su" dev="dm-0" ino=3480 scontext=u:r:platform_app:s0:c512,c768 tcontext=u:object_r:su_exec:s0 tclass=file permissive=1 app=com.dangbei.screencast
06-05 09:30:15.592 468 519 W IorapForwardingService: No service published for: iorapd
06-05 09:30:16.595 468 519 W IorapForwardingService: No service published for: iorapd
06-05 09:30:16.696 267 300 D hdmi-cec: receive invalid cec message!
06-05 09:30:16.696 267 300 D hdmi-cec: receive poll message [04], skip!
06-05 09:30:17.343 663 663 E WifiHAL : wifi_get_link_stats: requestResponse Error:-5
06-05 09:30:17.346 468 612 E WifiVendorHal: getWifiLinkLayerStats_1_5_Internal(l.1191) failed {.code = ERROR_INVALID_ARGS, .description = }
06-05 09:30:17.596 468 519 W IorapForwardingService: No service published for: iorapd
06-05 09:30:18.185 468 497 I ActivityStarter: ---START u0 {dat=haqu://setting:8080/home flg=0x10000000 pkg=com.dangbei.haqusetting cmp=com.dangbei.haqusetting/.ui.HomeActivity} from uid 1000
06-05 09:30:18.199 468 497 W ActivityTaskManager: Can't find TaskDisplayArea to determine support for multi window. Task id=76 attached=false
06-05 09:30:18.203 468 497 D CompatibilityChangeReporter: Compat change id reported: 174042980; UID 1000; state: DISABLED
06-05 09:30:18.209 266 266 I AW_PowerHAL: Power setMode: LAUNCH to: 1
06-05 09:30:18.220 468 520 I ActivityManager: com.dangbei.haqusetting is exempt from freezer
06-05 09:30:18.222 468 520 D CompatibilityChangeReporter: Compat change id reported: 135634846; UID 1000; state: DISABLED
06-05 09:30:18.233 266 266 I AW_PowerHAL: cur-mode:LAUNCH
06-05 09:30:18.244 247 247 D Zygote : Forked child process 2544
06-05 09:30:18.245 1074 1256 W SQLiteLog: (28) double-quoted string literal: "
06-05 09:30:18.245 1074 1256 W SQLiteLog: (28) double-quoted string literal: "0805A42137667BB0342FCA39449E6229"
06-05 09:30:18.247 468 531 I ActivityManager: app.processName = com.dangbei.haqusetting
06-05 09:30:18.247 468 531 I ActivityManager: Start proc 2544:com.dangbei.haqusetting/1000 for pre-top-activity {com.dangbei.haqusetting/com.dangbei.haqusetting.ui.HomeActivity}
06-05 09:30:18.257 2544 2544 I Zygote : seccomp disabled by setenforce 0
06-05 09:30:18.272 1411 1429 I gbei.screencas: Background concurrent copying GC freed 44520(5396KB) AllocSpace objects, 1(68KB) LOS objects, 49% free, 5941KB/11MB, paused 258us total 165.410ms
06-05 09:30:18.291 468 497 D AW_CODE : rotation =0
06-05 09:30:18.293 409 420 I adbd : jdwp connection from 2544
06-05 09:30:18.294 468 497 D CompatibilityChangeReporter: Compat change id reported: 181136395; UID 1000; state: DISABLED
06-05 09:30:18.295 468 497 D CompatibilityChangeReporter: Compat change id reported: 174042936; UID 1000; state: DISABLED
