06-05 09:31:00.057 1883 2205 E ServerInterface: at com.android.okhttp.internal.http.HttpEngine.sendRequest(HttpEngine.java:232)
06-05 09:31:00.057 1883 2205 E ServerInterface: at com.android.okhttp.internal.huc.HttpURLConnectionImpl.execute(HttpURLConnectionImpl.java:465)
06-05 09:31:00.057 1883 2205 E ServerInterface: at com.android.okhttp.internal.huc.HttpURLConnectionImpl.connect(HttpURLConnectionImpl.java:131)
06-05 09:31:00.057 1883 2205 E ServerInterface: at com.android.okhttp.internal.huc.HttpURLConnectionImpl.getOutputStream(HttpURLConnectionImpl.java:262)
06-05 09:31:00.057 1883 2205 E ServerInterface: at com.android.okhttp.internal.huc.DelegatingHttpsURLConnection.getOutputStream(DelegatingHttpsURLConnection.java:219)
06-05 09:31:00.057 1883 2205 E ServerInterface: at com.android.okhttp.internal.huc.HttpsURLConnectionImpl.getOutputStream(HttpsURLConnectionImpl.java:30)
06-05 09:31:00.057 1883 2205 E ServerInterface: at com.android.remoteprovisioner.ServerInterface.fetchGeek(ServerInterface.java:120)
06-05 09:31:00.057 1883 2205 E ServerInterface: at com.android.remoteprovisioner.PeriodicProvisioner$ProvisionerThread.run(PeriodicProvisioner.java:135)
06-05 09:31:00.057 1883 2205 E RemoteProvisioningService: Failed to get a response from the server.
06-05 09:31:00.071 682 682 V TvNotificationHandler: Notification not added because it isn't relevant for tv
06-05 09:31:00.078 682 682 V TvNotificationHandler: Notification not added because it isn't relevant for tv
06-05 09:31:00.018 2714 2714 I CrashSDKNormalH: type=1400 audit(0.0:1146): avc: denied { lock } for path="/data/user/0/com.dangbei.screencast/crashsdk/tags/cr.wa" dev="mmcblk0p25" ino=2176 scontext=u:r:platform_app:s0:c512,c768 tcontext=u:object_r:app_data_file:s0:c512,c768 tclass=file permissive=1 app=com.dangbei.screencast
06-05 09:31:00.128 2807 2840 I crashsdk: version unique build id: 6230cced
06-04 18:06:07.470 2829 2829 W audit : audit_lost=654 audit_rate_limit=5 audit_backlog_limit=64
06-04 18:06:07.480 2829 2829 E audit : rate limit exceeded
06-05 09:31:00.110 2807 2807 I Thread-4: type=1400 audit(0.0:1147): avc: denied { read } for name="logs" dev="mmcblk0p25" ino=2071 scontext=u:r:platform_app:s0:c512,c768 tcontext=u:object_r:app_data_file:s0:c512,c768 tclass=dir permissive=1 app=com.dangbei.screencast
06-05 09:31:00.193 2807 2844 D crashsdk: Native log stat thread 2844 setup, waiting
06-05 09:31:00.208 2807 2829 I crashsdk: begin hack android.os.Process
06-05 09:31:00.208 2807 2829 I crashsdk: end hack android.os.Process
06-05 09:31:00.285 2807 2847 W efs.send_log: tryFileLock start!
06-05 09:31:00.294 2807 2829 I Matrix.AnrTracer: anrTrace, final mAnrBeatTime:400, mAnrBeatRate:400
06-05 09:31:00.303 2807 2829 D LaunchConfigManager: check in allready
06-05 09:31:00.309 2807 2847 I efs.config: --->>> 删除旧的配置文件 false
06-05 09:31:00.315 2807 2857 I LaunchTrace: begin sendLaunchCache
06-05 09:31:00.316 2807 2847 I efs.config: current config version (-1) is older than another (1735614866)
06-05 09:31:00.316 2807 2847 I efs.config: load config from storage and notify observer
06-05 09:31:00.319 2807 2807 I TDLog : setReportUncaughtExceptions: true
06-05 09:31:00.320 2807 2856 I efs.base: lt=event`ev_ct=efs_core`ev_ac=pvuv`tm=2025-06-05 09:31:29`dn=fd1f5943-1a79-4d2e-a8ad-2dbcd9a01f5b`ps=com.dangbei.screencast`um_os=android`stime=1749087059973`pid=2807`fr=android`pkg=com.dangbei.screencast`vcode=20830`dsp_w=1920`uid=fd1f5943-1a79-4d2e-a8ad-2dbcd9a01f5b`rom=12`wid=fd1f5943-1a79-4d2e-a8ad-2dbcd9a01f5b`um_app_carrier=`um_access=wifi`um_app_channel=os`um_crash_sdk_version=1.4.0`ctime=1749087060`model=dbbox-a2`lang=zh`net=wifi`brand=dangbei`dsp_h=1080`um_network_type=0`ver=v2.8.3`build_model=DBBOX-A2`w_tm=1749087060`appid=5fc60c21094d637f3130af19`um_umid_header=ai8fdb5175dd58f6e557dc840fd5072087`sdk=31`tzone=Asia/Shanghai`sdk_ver=1.3.6.umeng
06-05 09:31:00.320 2807 2807 E Application: onCreate:Version:v2.8.3/20830/883432e
06-05 09:31:00.390 2807 2807 E HuaweiCastService: onCreate called().
06-05 09:31:00.415 2807 2832 I TDLog : TalkingData SDK init...
06-05 09:31:00.415 2807 2832 I TDLog : SDK_VERSION is: Android+TD+V5.0.7 gp Type:Native Build_Num:2141
06-05 09:31:00.415 2807 2832 I TDLog : App ID is: B9D7815EC975466AB1332111FCE62DF5
06-05 09:31:00.415 2807 2832 I TDLog : App Channel is: os
06-05 09:31:00.415 2807 2832 I TDLog : App Custom is:
06-05 09:31:00.415 2807 2832 I TDLog : SDK_OVC is: TDOVC+a3bb7754719798526508b6caad480dd7+SaaS
06-05 09:31:00.423 2807 2807 E PlayerClient: registerCallback com.dangbei.screencast.huaweicast.service.HuaweiCastService$a@652ee94
06-05 09:31:00.423 2807 2807 D PlayerClient: registerCallback true
06-05 09:31:00.423 2807 2807 D PlayerClient: init.
06-05 09:31:00.429 2807 2807 W KIT_FWK_a: KitFwk is not installed, pls do not use related interfaces.
06-05 09:31:00.431 2807 2807 W KIT_FWK_a: KitFwk is not installed, pls do not use related interfaces.
06-05 09:31:00.431 2807 2807 E PlayerClient: bind player service by aar.
06-05 09:31:00.444 468 814 I ActivityManager: Killing 1618:com.android.onetimeinitializer/u0a55 (adj 985): empty #17
06-05 09:31:00.448 2807 2807 D PlayerClient: bind player sink service true
06-05 09:31:00.495 247 247 I Zygote : Process 1618 exited due to signal 9 (Killed)
06-05 09:31:00.501 468 532 I libprocessgroup: Successfully killed process cgroup uid 10055 pid 1618 in 48ms
06-05 09:31:00.532 468 497 W ActivityManager: Foreground service started from background can not have location/camera/microphone access: service com.dangbei.screencast/.huaweicast.service.HuaweiCastService
06-05 09:31:00.533 2807 2807 E HuaweiCastService: startForeground!
06-05 09:31:00.569 468 2194 W ActivityManager: Foreground service started from background can not have location/camera/microphone access: service com.dangbei.screencast/.startup.StartupService
06-05 09:31:00.610 2807 2807 E raop : *********************AirplayBroadcastServer+++++++++
06-05 09:31:00.615 468 622 D NsdService: New client listening to asynchronous messages
06-05 09:31:00.615 468 622 D NsdService: New client, channel: com.android.internal.util.AsyncChannel@c848d0f messenger: android.os.Messenger@4d19c
06-05 09:31:00.616 2807 2807 D CompatibilityChangeReporter: Compat change id reported: 191844585; UID 10030; state: DISABLED
06-05 09:31:00.645 2807 2807 E H264FrameQueue: H264FrameQueue: mFullQueueCount:200
06-05 09:31:00.649 2807 2859 I MobclickAgent: module init:azioc
06-05 09:31:00.656 1074 1315 D wenhc : getScreenInfo uri = content://com.dangbei.screencast.parts.info/screen_cast
06-05 09:31:00.699 468 519 W IorapForwardingService: No service published for: iorapd
06-05 09:31:00.722 2807 2807 E StartupService: onConnected:
06-05 09:31:00.743 682 682 V TvNotificationHandler: Notification not added because it isn't relevant for tv
06-05 09:31:00.747 468 497 W TelephonyPermissions: reportAccessDeniedToReadIdentifiers:com.dangbei.screencast:getSerial:-1
06-05 09:31:00.787 682 682 V TvNotificationHandler: Notification not added because it isn't relevant for tv
06-05 09:31:00.900 2807 2807 I crashsdk: Catcher mask: 5000, 20480
06-05 09:31:00.902 2807 2807 I crashsdk: Catcher thread 2812
06-05 09:31:00.902 2807 2807 D crashsdk: Register ANR handler ...
06-05 09:31:00.903 2807 2856 W efs.info.manager: network change: wifi
06-05 09:31:00.907 2807 2807 D HiSight-SinkService: onCreate.
06-05 09:31:00.912 2807 2807 D HiSight-ConnectionManager: start ConnectionManager
06-05 09:31:00.914 2807 2807 D HiSight-SinkService: onBind.
06-05 09:31:00.923 2807 2807 E HuaweiCastService: onStartCommand in 0
06-05 09:31:00.928 2807 2807 D PlayerClient: service connected.
06-05 09:31:00.929 2807 2807 D HiSight-SinkService: ITaskBinder registerCallback: true
06-05 09:31:00.929 2807 2807 D HiSight-HiSightManager: ITaskBinder registerCallback.
06-05 09:31:00.929 2807 2807 D HiSight-CallbackManager: addNewCallback. com.dangbei.screencast.huaweicast.service.HuaweiCastService$a@652ee94
06-05 09:31:00.930 2807 2807 E HuaweiCastService: eventId: 4001
06-05 09:31:00.931 2807 2807 E HuaweiCastService: mPlayerClient is null.
06-05 09:31:00.931 468 2194 I WifiService: acquireMulticastLock uid=10030
06-05 09:31:00.931 468 497 I WifiService: acquireMulticastLock uid=10030
06-05 09:31:00.932 2807 2807 D HiSight-HiSightManager: check capability vbr range not setting, using default value
06-05 09:31:00.932 2807 2807 E HuaweiCastService: mPlayerClient is null.
06-05 09:31:00.933 2807 2807 D HiSight-SinkService: setAuthMode
06-05 09:31:00.933 2807 2807 W HiSight-ConnectionManager: mSinkId is empty
06-05 09:31:01.142 468 814 W TelephonyPermissions: reportAccessDeniedToReadIdentifiers:com.dangbei.screencast:getSerial:-1
06-05 09:31:01.173 2807 2914 V NFC : this device does not have NFC support
06-05 09:31:01.701 468 519 W IorapForwardingService: No service published for: iorapd
06-05 09:31:01.798 267 300 D hdmi-cec: receive invalid cec message!
06-05 09:31:01.798 267 300 D hdmi-cec: receive poll message [04], skip!
06-05 09:31:01.794 267 267 I EventThread: type=1400 audit(0.0:1167): avc: denied { search } for name="extcon" dev="sysfs" ino=18109 scontext=u:r:hal_tv_cec_default:s0 tcontext=u:object_r:sysfs_extcon:s0 tclass=dir permissive=1
06-05 09:31:01.966 2920 2920 I Thread-2: type=1400 audit(0.0:1168): avc: denied { execute } for name="am" dev="dm-1" ino=1160 scontext=u:r:system_app:s0 tcontext=u:object_r:vendor_file:s0 tclass=file permissive=1
06-05 09:31:02.020 1174 1174 D bbb : onStartCommand begin !!!!!!! data分区剩余 24849MB
06-05 09:31:01.966 2920 2920 I Thread-2: type=1400 audit(0.0:1169): avc: denied { read open } for path="/vendor/xbin/am" dev="dm-1" ino=1160 scontext=u:r:system_app:s0 tcontext=u:object_r:vendor_file:s0 tclass=file permissive=1
06-05 09:31:02.030 1123 1123 D aaa : LedStatusService onStartCommand begin
06-05 09:31:02.033 1123 2929 D aaa : topPkg is -------------- :com.dangbei.leard.leradlauncher
06-05 09:31:02.036 1123 2929 D aaa : WiFi is connect
06-05 09:31:01.966 2920 2920 I Thread-2: type=1400 audit(0.0:1170): avc: denied { execute_no_trans } for path="/vendor/xbin/am" dev="dm-1" ino=1160 scontext=u:r:system_app:s0 tcontext=u:object_r:vendor_file:s0 tclass=file permissive=1
06-05 09:31:01.986 2252 2252 I rainbow_flow: type=1400 audit(0.0:1171): avc: denied { ioctl } for path="/dev/spidev1.0" dev="tmpfs" ino=3509 ioctlcmd=0x6b00 scontext=u:r:init:s0 tcontext=u:object_r:device:s0 tclass=chr_file permissive=1
06-05 09:31:02.174 2714 2774 I efs.px.api: get config from server, url is https://errlog.umeng.com/apm_cc
06-05 09:31:02.451 2714 2786 I efs.base: lt=event`ev_ct=efs_core`ev_ac=config_coverage`tm=2025-06-05 09:31:43`dn=fd1f5943-1a79-4d2e-a8ad-2dbcd9a01f5b`ps=com.dangbei.screencast:bg_guard`um_os=android`stime=1749087056785`pid=2714`fr=android`pkg=com.dangbei.screencast`cver=1735614866`vcode=20830`dsp_w=1920`uid=fd1f5943-1a79-4d2e-a8ad-2dbcd9a01f5b`rom=12`wid=fd1f5943-1a79-4d2e-a8ad-2dbcd9a01f5b`um_app_carrier=`um_access=wifi`um_app_channel=os`um_crash_sdk_version=1.4.0`ctime=1749087062`model=dbbox-a2`lang=zh`net=wifi`brand=dangbei`dsp_h=1080`um_network_type=0`ver=v2.8.3`build_model=DBBOX-A2`w_tm=1749087062`appid=5fc60c21094d637f3130af19`um_umid_header=ai8fdb5175dd58f6e557dc840fd5072087`sdk=31`tzone=Asia/Shanghai`sdk_ver=1.3.6.umeng
06-05 09:31:02.454 2714 2774 I efs.config: config request succ, config is:
06-05 09:31:02.454 2714 2774 I efs.config: {"msg":"成功","code":0,"cip":"127.0.0.1","config":{"common":{"updateInteval":480,"gate_way_https":true},"sign":"f3NTUAxEcVZQbF8RDQ==","app_configs":[{"conditions":[{"val":"0.0.0.0","opc":">=","fld":"ver"}],"actions":[{"opt":"apm_netperf_state","set":100},{"opt":"apm_netperf_day_limit","set":100},{"opt":"apm_netperf_res_bd_state","set":100},{"opt":"apm_oom_state","set":0},{"opt":"apm_netperf_data_rate","set":10},{"opt":"apm_native_h5perf_sampling_rate","set":5},{"opt":"apm_netperf_req_hd_state","set":100},{"opt":"apm_netperf_sampling_rate","set":1},{"opt":"flutter_dart_exception_max_count","set":20},{"opt":"flutter_pv_sampling_rate","set":5},{"opt":"apm_netperf_res_hd_state","set":100},{"opt":"flutter_page_state","set":100},{"opt":"flutter_page_rate","set":5},{"opt":"apm_memperf_sampling_rate","set":0},{"opt":"apm_crash_user_upload_type","set":1},{"opt":"apm_memperf_collect_max_period_sec","set":600},{"opt":"apm_crash_user_max_count","set":20},{"opt":"apm_netperf_bd_state","set":100},{"opt":"apm_native_h5_state","set":0},{"opt":"apm_mem_state","set":0},{"opt":"flutter_dart_exception_state","set":100},{"opt":"flutter_pv_max_count","set":200},{"opt":"apm_memperf_collect_interval","set":5},{"opt":"apm_flutter_state","set":100},{"opt":"apm_patrace_switch_rate","set":5},{"opt":"record_accumulation_time","set":60},{"opt":"apm_net_state","set":0},{"opt":"apm_startperf_sampling_rate","set":5},{"opt":"apm_oom_sampling_rate","set":5}]}]},"stm":1749087062,"cver":1735614866}
06-05 09:31:02.454 2714 2774 I efs.config: efs config is {"msg":"成功","code":0,"cip":"127.0.0.1","config":{"common":{"updateInteval":480,"gate_way_https":true},"sign":"f3NTUAxEcVZQbF8RDQ==","app_configs":[{"conditions":[{"val":"0.0.0.0","opc":">=","fld":"ver"}],"actions":[{"opt":"apm_netperf_state","set":100},{"opt":"apm_netperf_day_limit","set":100},{"opt":"apm_netperf_res_bd_state","set":100},{"opt":"apm_oom_state","set":0},{"opt":"apm_netperf_data_rate","set":10},{"opt":"apm_native_h5perf_sampling_rate","set":5},{"opt":"apm_netperf_req_hd_state","set":100},{"opt":"apm_netperf_sampling_rate","set":1},{"opt":"flutter_dart_exception_max_count","set":20},{"opt":"flutter_pv_sampling_rate","set":5},{"opt":"apm_netperf_res_hd_state","set":100},{"opt":"flutter_page_state","set":100},{"opt":"flutter_page_rate","set":5},{"opt":"apm_memperf_sampling_rate","set":0},{"opt":"apm_crash_user_upload_type","set":1},{"opt":"apm_memperf_collect_max_period_sec","set":600},{"opt":"apm_crash_user_max_count","set":20},{"opt":"apm_netperf_bd_state","set":100},{"opt":"apm_native_h5_state","set":0},{"opt":"apm_mem_state","set":0},{"opt":"flutter_dart_exception_state","set":100},{"opt":"flutter_pv_max_count","set":200},{"opt":"apm_memperf_collect_interval","set":5},{"opt":"apm_flutter_state","set":100},{"opt":"apm_patrace_switch_rate","set":5},{"opt":"record_accumulation_time","set":60},{"opt":"apm_net_state","set":0},{"opt":"apm_startperf_sampling_rate","set":5},{"opt":"apm_oom_sampling_rate","set":5}]}]},"stm":1749087062,"cver":1735614866}
06-05 09:31:02.464 2714 2774 E efs.config: updateConfigCond error
06-05 09:31:02.464 2714 2774 E efs.config: java.lang.NumberFormatException: For input string: "v2"
06-05 09:31:02.464 2714 2774 E efs.config: at java.lang.Integer.parseInt(Integer.java:615)
06-05 09:31:02.464 2714 2774 E efs.config: at java.lang.Integer.parseInt(Integer.java:650)
06-05 09:31:02.464 2714 2774 E efs.config: at com.efs.sdk.base.core.config.a.d.a(Unknown Source:33)
06-05 09:31:02.464 2714 2774 E efs.config: at com.efs.sdk.base.core.config.a.d.a(Unknown Source:8)
06-05 09:31:02.464 2714 2774 E efs.config: at com.efs.sdk.base.core.config.a.d.a(Unknown Source:404)
06-05 09:31:02.464 2714 2774 E efs.config: at com.efs.sdk.base.core.config.a.d.a(Unknown Source:129)
06-05 09:31:02.464 2714 2774 E efs.config: at com.efs.sdk.base.core.config.a.c.a(Unknown Source:4)
06-05 09:31:02.464 2714 2774 E efs.config: at com.efs.sdk.base.core.config.a.c.e(Unknown Source:53)
06-05 09:31:02.464 2714 2774 E efs.config: at com.efs.sdk.base.core.config.a.c.handleMessage(Unknown Source:105)
06-05 09:31:02.464 2714 2774 E efs.config: at android.os.Handler.dispatchMessage(Handler.java:102)
06-05 09:31:02.464 2714 2774 E efs.config: at android.os.Looper.loopOnce(Looper.java:201)
06-05 09:31:02.464 2714 2774 E efs.config: at android.os.Looper.loop(Looper.java:288)
06-05 09:31:02.464 2714 2774 E efs.config: at android.os.HandlerThread.run(HandlerThread.java:67)
06-04 18:06:09.965 1147 1147 E sprdwl : sprdwl_rx_rsp_process ctx_id 0 recv rsp[WIFI_CMD_TX_DATA] status[SPRDWL_CMD_STATUS_ERROR]
06-05 09:31:02.670 663 663 E WifiHAL : wifi_get_link_stats: requestResponse Error:-5
06-05 09:31:02.674 468 612 E WifiVendorHal: getWifiLinkLayerStats_1_5_Internal(l.1191) failed {.code = ERROR_INVALID_ARGS, .description = }
06-05 09:31:02.708 468 519 W IorapForwardingService: No service published for: iorapd
06-05 09:31:03.291 468 2194 I ActivityStarter: ---START u0 {dat=haqu://setting:8080/home flg=0x10000000 pkg=com.dangbei.haqusetting cmp=com.dangbei.haqusetting/.ui.HomeActivity} from uid 1000
06-05 09:31:03.292 468 2194 W ActivityTaskManager: Can't find TaskDisplayArea to determine support for multi window. Task id=77 attached=false
06-05 09:31:03.297 266 266 I AW_PowerHAL: Power setMode: LAUNCH to: 1
06-05 09:31:03.317 468 497 W ActivityTaskManager: Tried to set launchTime (0) < mLastActivityLaunchTime (57297)
06-05 09:31:03.318 266 266 I AW_PowerHAL: cur-mode:LAUNCH
06-05 09:31:03.318 468 497 D AW_CODE : rotation =0
06-05 09:31:03.345 1074 1256 W SQLiteLog: (28) double-quoted string literal: "
06-05 09:31:03.345 1074 1256 W SQLiteLog: (28) double-quoted string literal: "0805A42137667BB0342FCA39449E6229"
06-05 09:31:03.376 1031 2592 E ccc : cccccc UpdateHelper onMessageReceived com.dangbei.haqusetting com.dangbei.etna.update {"action":"get","functionTag":"leaf_controller_function_controller_dangbei_update","value":0} com.dangbei.lerad.etna.aidl.IEtnaAidlCallback$Stub$Proxy@8312dcd
06-05 09:31:03.377 1031 1195 E ccc : cccccc 请求电量缓存 88
06-05 09:31:03.377 1031 2592 E ccc : cccccc 缓存获取遥控器版本 DB-15B-H5-R0111
06-05 09:31:03.404 260 285 I gralloc : alloc buffer:W:1920 H:1080 S:1920 PL[1920 1080] SZ:8294400 fmt:1 if:0 af:1 usg:20000b00 fg:00000004
06-05 09:31:03.408 260 285 I gralloc : alloc buffer:W:1920 H:1080 S:1920 PL[1920 1080] SZ:8294400 fmt:1 if:0 af:1 usg:20000b00 fg:00000004
06-05 09:31:03.410 260 285 I gralloc : alloc buffer:W:1920 H:1080 S:1920 PL[1920 1080] SZ:8294400 fmt:1 if:0 af:1 usg:20000b00 fg:00000004
06-05 09:31:03.424 2544 2544 W RecyclerView: No adapter attached; skipping layout
06-05 09:31:03.436 266 266 I AW_PowerHAL: Power setMode: LAUNCH to: 0
06-05 09:31:03.439 266 266 I AW_PowerHAL: cur-mode:SCHEDUTIL
06-05 09:31:03.449 2295 2295 I DefaultIMS: onStartInput attribute=android.view.inputmethod.EditorInfo@a413e5 restarting=false inputType: 0
06-05 09:31:03.451 682 682 D TvPipController: onTaskStackChanged()
06-05 09:31:03.462 468 516 I ActivityTaskManager: +++Displayed com.dangbei.haqusetting/.ui.HomeActivity: +128ms
06-05 09:31:03.577 1994 2115 D UtilLog : 日志批量上报 进行正常循环 !!!!!!本次有0次请求,共0条数据
06-04 18:06:10.983 1147 1147 E sprdwl : sprdwl_rx_rsp_process ctx_id 0 recv rsp[WIFI_CMD_TX_DATA] status[SPRDWL_CMD_STATUS_ERROR]
06-05 09:31:03.695 1031 1195 E ccc : cccccc UpdateHelper onMessageReceived com.dangbei.haqusetting com.dangbei.etna.update {"action":"get","functionTag":"leaf_controller_function_controller_dangbei_update","value":0} com.dangbei.lerad.etna.aidl.IEtnaAidlCallback$Stub$Proxy@2732682
06-05 09:31:03.696 1031 1195 E ccc : cccccc 缓存获取遥控器版本 DB-15B-H5-R0111
06-05 09:31:03.696 1031 2592 E ccc : cccccc 请求电量缓存 88
06-05 09:31:03.710 468 519 W IorapForwardingService: No service published for: iorapd
06-05 09:31:03.733 468 497 D ConnectivityService: requestNetwork for uid/pid:1000/2544 activeRequest: null callbackRequest: 37 [NetworkRequest [ REQUEST id=38, [ Capabilities: INTERNET&NOT_RESTRICTED&TRUSTED&NOT_VCN_MANAGED Uid: 1000 RequestorUid: 1000 RequestorPkg: com.dangbei.haqusetting] ]] callback flags: 0 priority: 2147483647
06-05 09:31:03.734 468 619 D ConnectivityService: NetReassign [38 : null → 100]
06-05 09:31:03.736 468 654 D Ethernet: got request NetworkRequest [ REQUEST id=38, [ Capabilities: INTERNET&NOT_RESTRICTED&TRUSTED&NOT_VCN_MANAGED Uid: 1000 RequestorUid: 1000 RequestorPkg: com.dangbei.haqusetting] ]
06-05 09:31:03.736 468 654 D EthernetNetworkFactory: acceptRequest, request: NetworkRequest [ REQUEST id=38, [ Capabilities: INTERNET&NOT_RESTRICTED&TRUSTED&NOT_VCN_MANAGED Uid: 1000 RequestorUid: 1000 RequestorPkg: com.dangbei.haqusetting] ]
06-05 09:31:03.737 468 654 I EthernetNetworkFactory: networkForRequest, request: NetworkRequest [ REQUEST id=38, [ Capabilities: INTERNET&NOT_RESTRICTED&TRUSTED&NOT_VCN_MANAGED Uid: 1000 RequestorUid: 1000 RequestorPkg: com.dangbei.haqusetting] ], network: null
06-05 09:31:03.739 468 612 D WifiNetworkFactory: got request NetworkRequest [ REQUEST id=38, [ Capabilities: INTERNET&NOT_RESTRICTED&TRUSTED&NOT_VCN_MANAGED Uid: 1000 RequestorUid: 1000 RequestorPkg: com.dangbei.haqusetting] ]
06-05 09:31:03.740 468 612 D UntrustedWifiNetworkFactory: got request NetworkRequest [ REQUEST id=38, [ Capabilities: INTERNET&NOT_RESTRICTED&TRUSTED&NOT_VCN_MANAGED Uid: 1000 RequestorUid: 1000 RequestorPkg: com.dangbei.haqusetting] ]
06-05 09:31:03.740 468 612 D OemPaidWifiNetworkFactory: got request NetworkRequest [ REQUEST id=38, [ Capabilities: INTERNET&NOT_RESTRICTED&TRUSTED&NOT_VCN_MANAGED Uid: 1000 RequestorUid: 1000 RequestorPkg: com.dangbei.haqusetting] ]
06-05 09:31:03.751 2295 2295 I DefaultIMS: onStartInput attribute=android.view.inputmethod.EditorInfo@c0a6eba restarting=false inputType: 0
06-05 09:31:03.921 261 261 D DisplayConfig: virtual Return vendor::display::config::V1_0::implementation::DisplayConfig::getSupportedModes(int32_t, vendor::display::config::V1_0::IDisplayConfig::getSupportedModes_cb): display[0] ret=0, supported modes count(9)
06-05 09:31:03.922 261 261 E displayd: xxxxxxx: property_get 'persist.sys.hdmistrategy' failed
06-05 09:31:03.922 261 261 W displayd: xxxxxxx: getHDMINativeMode: use perfect hdmi mode(10) as native mode
06-05 09:31:03.922 1031 1054 D DisplayOutputImpl: getDisplayOutputMode = 10 , 255 , true
06-05 09:31:03.922 1031 1054 E ccc : cccccc current is AUTO(1080p 60Hz)
06-05 09:31:03.923 1031 1054 D DisplayOutputImpl: updateSupportModes type = 4
06-05 09:31:03.923 261 261 D DisplayConfig: virtual Return vendor::display::config::V1_0::implementation::DisplayConfig::getSupportedModes(int32_t, vendor::display::config::V1_0::IDisplayConfig::getSupportedModes_cb): display[0] ret=0, supported modes count(9)
06-05 09:31:03.923 261 261 D DisplayConfig: virtual Return vendor::display::config::V1_0::implementation::DisplayConfig::getSupportedModes(int32_t, vendor::display::config::V1_0::IDisplayConfig::getSupportedModes_cb): display[0] ret=0, supported modes count(9)
06-05 09:31:03.924 261 261 E displayd: xxxxxxx: property_get 'persist.sys.hdmistrategy' failed
06-05 09:31:03.924 261 261 W displayd: xxxxxxx: getHDMINativeMode: use perfect hdmi mode(10) as native mode
06-05 09:31:03.925 1031 1054 D DisplayOutputImpl: updateSupportModes = 10 , 255 , true
06-05 09:31:03.926 1031 1054 E ccc : cccccc ColorHelper current get AUTO
06-05 09:31:03.928 261 261 D DisplayConfig: virtual Return vendor::display::config::V1_0::implementation::DisplayConfig::getSupportedModes(int32_t, vendor::display::config::V1_0::IDisplayConfig::getSupportedModes_cb): display[0] ret=0, supported modes count(9)
06-05 09:31:03.929 261 261 E displayd: xxxxxxx: property_get 'persist.sys.hdmistrategy' failed
06-05 09:31:03.929 261 261 W displayd: xxxxxxx: getHDMINativeMode: use perfect hdmi mode(10) as native mode
06-05 09:31:03.929 1031 1054 D DisplayOutputImpl: getDisplayOutputMode = 10 , 255 , true
06-05 09:31:03.929 1031 1054 E ccc : cccccc current is AUTO(1080p 60Hz)
06-05 09:31:03.929 1031 1054 D DisplayOutputImpl: updateSupportModes type = 4
06-05 09:31:03.930 261 261 D DisplayConfig: virtual Return vendor::display::config::V1_0::implementation::DisplayConfig::getSupportedModes(int32_t, vendor::display::config::V1_0::IDisplayConfig::getSupportedModes_cb): display[0] ret=0, supported modes count(9)
06-05 09:31:03.930 261 261 D DisplayConfig: virtual Return vendor::display::config::V1_0::implementation::DisplayConfig::getSupportedModes(int32_t, vendor::display::config::V1_0::IDisplayConfig::getSupportedModes_cb): display[0] ret=0, supported modes count(9)
06-05 09:31:03.931 261 261 E displayd: xxxxxxx: property_get 'persist.sys.hdmistrategy' failed
06-05 09:31:03.931 261 261 W displayd: xxxxxxx: getHDMINativeMode: use perfect hdmi mode(10) as native mode
06-05 09:31:03.931 1031 1054 D DisplayOutputImpl: updateSupportModes = 10 , 255 , true
06-05 09:31:03.932 1031 1054 E ccc : cccccc ColorHelper current get AUTO
06-04 18:06:11.295 381 381 W hdr10p_Configure: 393 callbacks suppressed
06-04 18:06:11.295 381 381 I : DVI mode selected: packets not configured
06-04 18:06:11.309 381 381 W set_vsif_config: 393 callbacks suppressed
06-04 18:06:11.309 381 381 I : Error: set vsif failed
06-04 18:06:11.320 381 381 I : DVI mode selected: packets not configured
06-04 18:06:11.326 381 381 I : Error: set vsif failed
06-04 18:06:11.331 381 381 I : DVI mode selected: packets not configured
06-04 18:06:11.337 381 381 I : Error: set vsif failed
06-04 18:06:11.363 381 381 I : DVI mode selected: packets not configured
06-04 18:06:11.370 381 381 I : Error: set vsif failed
06-04 18:06:11.375 381 381 I : DVI mode selected: packets not configured
06-04 18:06:11.381 381 381 I : Error: set vsif failed
06-04 18:06:11.386 381 381 I : DVI mode selected: packets not configured
06-04 18:06:11.392 381 381 I : Error: set vsif failed
06-04 18:06:11.413 381 381 I : DVI mode selected: packets not configured
06-04 18:06:11.419 381 381 I : Error: set vsif failed
06-04 18:06:11.424 381 381 I : DVI mode selected: packets not configured
06-04 18:06:11.430 381 381 I : Error: set vsif failed
06-04 18:06:11.435 381 381 I : DVI mode selected: packets not configured
06-04 18:06:11.442 381 381 I : Error: set vsif failed
06-05 09:31:04.104 2714 2714 E GuardService: startMainRunnable:
06-04 18:06:11.463 381 381 I : DVI mode selected: packets not configured
06-04 18:06:11.470 381 381 I : Error: set vsif failed
06-05 09:31:04.712 468 519 W IorapForwardingService: No service published for: iorapd
06-05 09:31:05.138 2295 2295 I DefaultIMS: onStartInput attribute=android.view.inputmethod.EditorInfo@c0a016b restarting=false inputType: 0
06-05 09:31:05.319 468 2240 D TvWindowManager: key event key = KEYCODE_DPAD_LEFT down = true
06-05 09:31:05.326 468 599 D GpioService: mFlickerEnable = true
06-05 09:31:05.355 2295 2295 I SogouIME: onKeyDown: keyoCode=21
06-05 09:31:05.356 2295 2295 I DefaultIMS: onKeyDown: keyoCode=21
06-05 09:31:05.369 468 2240 D TvWindowManager: key event key = KEYCODE_DPAD_LEFT down = false
06-05 09:31:05.373 2295 2295 I DefaultIMS: onStartInput attribute=android.view.inputmethod.EditorInfo@7364c8 restarting=false inputType: 0
06-05 09:31:05.375 2295 2295 I SogouIME: onKeyUp: keyoCode=21
06-05 09:31:05.375 2295 2295 I DefaultIMS: onKeyUp: keyoCode=21
06-05 09:31:05.628 468 2240 I WifiService: releaseMulticastLock uid=10030
06-05 09:31:05.631 468 2240 I WifiService: releaseMulticastLock uid=10030
06-05 09:31:05.669 2807 2807 D HiSight-SinkService: setDiscoverable true
06-05 09:31:05.669 1074 1161 D wenhc : getScreenInfo uri = content://com.dangbei.screencast.parts.info/screen_cast
06-05 09:31:05.681 2807 2807 D NearFieldManager: init.
06-05 09:31:05.681 2807 2807 D NearFieldManager: try check dmsdp
06-05 09:31:05.700 2807 2807 D NearFieldManager: package not exist
06-05 09:31:05.703 663 663 E WifiHAL : wifi_get_link_stats: requestResponse Error:-5
06-05 09:31:05.704 468 2240 D CompatibilityChangeReporter: Compat change id reported: 135634846; UID 10030; state: DISABLED
06-05 09:31:05.707 468 531 D CompatibilityChangeReporter: Compat change id reported: 143937733; UID 10030; state: DISABLED
06-05 09:31:05.710 468 612 E WifiVendorHal: getWifiLinkLayerStats_1_5_Internal(l.1191) failed {.code = ERROR_INVALID_ARGS, .description = }
06-05 09:31:05.713 2807 2807 D NearFieldManager: bind nearfield service true
06-05 09:31:05.718 468 519 W IorapForwardingService: No service published for: iorapd
06-05 09:31:05.719 2807 2807 D NearFieldManager: registerCallback true
06-05 09:31:05.719 2807 2807 D HiSight-Discovery: set deviceInfo type:46
06-05 09:31:05.719 2807 2807 D HiSight-Discovery: startAdvertise 1
06-05 09:31:05.732 247 247 D Zygote : Forked child process 2952
06-05 09:31:05.734 468 531 I ActivityManager: app.processName = com.huawei.connection
06-05 09:31:05.734 468 531 I ActivityManager: Start proc 2952:com.huawei.connection/u0a30 for service {com.dangbei.screencast/com.huawei.connection.service.NearFieldManagerService}
06-05 09:31:05.743 2952 2952 I Zygote : seccomp disabled by setenforce 0
06-05 09:31:05.766 409 420 I adbd : jdwp connection from 2952
06-05 09:31:05.796 2952 2952 D CompatibilityChangeReporter: Compat change id reported: 171979766; UID 10030; state: DISABLED
06-05 09:31:05.807 2952 2952 D ApplicationLoaders: Returning zygote-cached class loader: /system/framework/android.test.base.jar
06-05 09:31:05.808 2952 2952 D ApplicationLoaders: Returning zygote-cached class loader: /system/framework/android.hidl.manager-V1.0-java.jar
06-05 09:31:05.808 2952 2952 D ApplicationLoaders: Returning zygote-cached class loader: /system/framework/android.hidl.base-V1.0-java.jar
06-05 09:31:05.855 2952 2952 V GraphicsEnvironment: ANGLE Developer option for 'com.dangbei.screencast' set to: 'default'
06-05 09:31:05.856 2952 2952 V GraphicsEnvironment: Neither updatable production driver nor prerelease driver is supported.
06-05 09:31:05.857 2952 2952 D NetworkSecurityConfig: Using Network Security Config from resource network_security_config debugBuild: false
06-05 09:31:05.860 2952 2952 D NetworkSecurityConfig: Using Network Security Config from resource network_security_config debugBuild: false
06-05 09:31:05.860 2952 2952 I MultiDex: VM with version 2.1.0 has multidex support
06-05 09:31:05.861 2952 2952 I MultiDex: Installing application
06-05 09:31:05.861 2952 2952 I MultiDex: VM has multidex support, MultiDex support library is disabled.
06-05 09:31:05.834 2952 2952 I awei.connection: type=1400 audit(0.0:1172): avc: denied { getattr } for path="/data/user/0/com.dangbei.screencast" dev="mmcblk0p25" ino=892 scontext=u:r:platform_app:s0:c512,c768 tcontext=u:object_r:app_data_file:s0:c512,c768 tclass=dir permissive=1 app=com.dangbei.screencast
06-05 09:31:05.850 2952 2952 I awei.connection: type=1400 audit(0.0:1173): avc: denied { search } for name="com.dangbei.screencast" dev="mmcblk0p25" ino=892 scontext=u:r:platform_app:s0:c512,c768 tcontext=u:object_r:app_data_file:s0:c512,c768 tclass=dir permissive=1 app=com.dangbei.screencast
06-05 09:31:05.916 2807 2807 D HiSight-SinkService: setDiscoverable true
06-05 09:31:05.916 2807 2807 D HiSight-Discovery: set deviceInfo type:46
06-05 09:31:05.916 2807 2807 D HiSight-Discovery: startAdvertise 1
06-05 09:31:05.862 2952 2952 I SharedPreferenc: type=1400 audit(0.0:1174): avc: denied { open } for path="/data/user/0/com.dangbei.screencast/shared_prefs/DEVICE_ID.xml" dev="mmcblk0p25" ino=2385 scontext=u:r:platform_app:s0:c512,c768 tcontext=u:object_r:app_data_file:s0:c512,c768 tclass=file permissive=1 app=com.dangbei.screencast
06-05 09:31:05.874 2952 2952 I Thread-3: type=1400 audit(0.0:1175): avc: denied { lock } for path="/data/user/0/com.dangbei.screencast/files/.imprint" dev="mmcblk0p25" ino=2432 scontext=u:r:platform_app:s0:c512,c768 tcontext=u:object_r:app_data_file:s0:c512,c768 tclass=file permissive=1 app=com.dangbei.screencast
06-05 09:31:05.988 1074 1161 D wenhc : getScreenInfo uri = content://com.dangbei.screencast.parts.info/screen_cast
06-05 09:31:06.005 2807 2807 D HiSight-SinkService: setDiscoverable true
06-05 09:31:06.005 2807 2807 D HiSight-Discovery: set deviceInfo type:46
06-05 09:31:06.005 2807 2807 D HiSight-Discovery: startAdvertise 1
06-05 09:31:06.006 2807 2807 E HuaweiCastService: onStartCommand in 0
06-05 09:31:06.008 2952 2973 I crashsdk: version unique build id: 6230cced
06-05 09:31:06.034 1074 1161 D wenhc : getScreenInfo uri = content://com.dangbei.screencast.parts.info/screen_cast
06-05 09:31:06.006 2952 2952 I Thread-3: type=1400 audit(0.0:1176): avc: denied { read } for name="version" dev="proc" ino=4026532049 scontext=u:r:platform_app:s0:c512,c768 tcontext=u:object_r:proc_version:s0 tclass=file permissive=1 app=com.dangbei.screencast
06-04 18:06:13.368 2973 2973 W audit : audit_lost=673 audit_rate_limit=5 audit_backlog_limit=64
06-04 18:06:13.402 2973 2973 E audit : rate limit exceeded
06-05 09:31:06.058 2952 2952 I TDLog : setReportUncaughtExceptions: true
06-05 09:31:06.059 2952 2952 E Application: onCreate:Version:v2.8.3/20830/883432e
06-05 09:31:06.068 2952 2990 D crashsdk: Native log stat thread 2990 setup, waiting
06-05 09:31:06.069 2952 2973 I crashsdk: begin hack android.os.Process
06-05 09:31:06.070 2952 2973 I crashsdk: end hack android.os.Process
06-05 09:31:06.079 2952 2952 D NearFieldManagerService: NearFieldManagerService.
06-05 09:31:06.080 2952 2952 D NearFieldManagerService: onCreate, enter.
06-05 09:31:06.080 2952 2952 I NearFieldManagerService: onBind, enter.
06-05 09:31:06.080 2952 2952 D NearFieldManagerService: initService
06-05 09:31:06.080 2952 2952 D NearFieldManagerService: NearField starting...
06-05 09:31:06.080 2952 2952 D NearFieldUtils: checkSystemProperty in
06-05 09:31:06.080 2952 2952 D NearFieldUtils: checkSystemProperty: systemProperties:
06-05 09:31:06.081 2952 2952 E NearFieldUtils: validProperty: priority is null
06-05 09:31:06.084 2807 2807 D NearFieldManager: service connected.
06-05 09:31:06.086 2807 2807 D HiSight-Discovery: eventId: 4001
06-05 09:31:06.086 2807 2950 D HiSight-Discovery: msg 4001
06-05 09:31:06.088 2807 2950 D HiSight-Discovery: bind success, status Ready
06-05 09:31:06.088 2807 2950 D HiSight-Discovery: startAdvertise 2
06-05 09:31:06.089 2807 2950 D HiSight-Discovery: stopAdvertise.
06-05 09:31:06.089 2807 2950 D HiSight-Discovery: nearFieldStartListen deviceType 46
06-05 09:31:06.092 2952 2967 I NearFieldManagerImpl: setDeviceInfo, sDeviceId changes
06-05 09:31:06.092 2952 2967 I NearFieldManagerImpl: setDeviceInfo, sDeviceName changes
06-05 09:31:06.094 2952 2967 D NearFieldManagerImpl: setServiceData, sServiceData=[], serviceData=[32]
06-05 09:31:06.095 2807 2950 E NearFieldManager: setIdnNetworkPriority: networkPortPriority is empty
06-05 09:31:06.095 2807 2950 D NearFieldManager: StartListen moduleId: CastPlusDiscoveryModule
06-05 09:31:06.095 2952 2967 D NearFieldManagerImpl: startListen: moduleId: CastPlusDiscoveryModule
06-05 09:31:06.095 2952 2967 D NearFieldUtils: getPreferredIpAddress exec
06-05 09:31:06.095 2952 2967 D NearFieldUtils: getPreferredIpAddress by custom priority
06-05 09:31:06.096 2952 2967 D NearFieldUtils: getIpByInterfaceSetting customIdnNetworkPriority:[]
06-05 09:31:06.096 2952 2967 D NearFieldUtils: getPreferredIpAddress by default priority
06-05 09:31:06.099 2952 2952 I crashsdk: Catcher mask: 5000, 20480
06-05 09:31:06.099 2952 2952 I crashsdk: Catcher thread 2957
06-05 09:31:06.099 2952 2952 D crashsdk: Register ANR handler ...
06-05 09:31:06.099 2952 2952 D NearFieldManagerImpl: onReceive action get:android.net.conn.CONNECTIVITY_CHANGE
06-05 09:31:06.102 2952 2952 D NearFieldUtils: getPreferredIpAddress exec
06-05 09:31:06.102 2952 2952 D NearFieldUtils: getPreferredIpAddress by custom priority
06-05 09:31:06.102 2952 2952 D NearFieldUtils: getIpByInterfaceSetting customIdnNetworkPriority:[]
06-05 09:31:06.102 2952 2952 D NearFieldUtils: getPreferredIpAddress by default priority
06-05 09:31:06.110 468 2240 W ServiceManager: Permission failure: android.permission.HIGH_SAMPLING_RATE_SENSORS from uid=10030 pid=2952
06-05 09:31:06.115 2952 2974 I TDLog : TalkingData SDK init...
06-05 09:31:06.115 2952 2974 I TDLog : SDK_VERSION is: Android+TD+V5.0.7 gp Type:Native Build_Num:2141
06-05 09:31:06.115 2952 2974 I TDLog : App ID is: B9D7815EC975466AB1332111FCE62DF5
06-05 09:31:06.115 2952 2974 I TDLog : App Channel is: os
06-05 09:31:06.115 2952 2974 I TDLog : App Custom is:
06-05 09:31:06.115 2952 2974 I TDLog : SDK_OVC is: TDOVC+a3bb7754719798526508b6caad480dd7+SaaS
06-05 09:31:06.121 2952 2973 I Matrix.AnrTracer: anrTrace, final mAnrBeatTime:400, mAnrBeatRate:400
06-05 09:31:06.124 2952 2967 D NearFieldUtils: to get wlan0 ip address
06-05 09:31:06.124 2952 2967 D NearFieldUtils: get wlan0 IP succeed.
06-05 09:31:06.124 2952 2967 D NearFieldManagerImpl: sDeviceType: 46
06-05 09:31:06.124 2952 2967 D NearFieldManagerImpl: registerDevice() is called.
06-05 09:31:06.125 2952 2967 E NearFieldManagerUtilsNative: Begin System.loadLibrary()
06-05 09:31:06.129 2952 2973 E LaunchManager: Non main process !
06-05 09:31:06.130 2952 2952 D NearFieldUtils: to get wlan0 ip address
06-05 09:31:06.130 2952 2952 D NearFieldUtils: get wlan0 IP succeed.
06-05 09:31:06.130 2952 2952 E NearFieldManagerImpl: notifyByPriority: interfaceNameInUse is null
06-05 09:31:06.130 2952 2952 D NearFieldManagerImpl: handleConnectivityAction: notified by default
06-05 09:31:06.130 2952 2973 W System.err: java.lang.NullPointerException: Attempt to invoke virtual method 'boolean com.efs.sdk.launch.LaunchConfigManager.enableTracer()' on a null object reference
06-05 09:31:06.130 2952 2973 W System.err: at com.umeng.umcrash.UMCrash.init(Unknown Source:403)
06-05 09:31:06.130 2952 2973 W System.err: at java.lang.reflect.Method.invoke(Native Method)
06-05 09:31:06.130 2952 2973 W System.err: at com.umeng.commonsdk.UMConfigure.init(Unknown Source:811)
06-05 09:31:06.131 2952 2973 W System.err: at b.f.f.b.a(:4)
06-05 09:31:06.131 2952 2973 W System.err: at h.o.a.run(Unknown Source:2)
06-05 09:31:06.135 2952 2994 W efs.send_log: tryFileLock start!
06-04 18:06:13.500 1147 1147 E sprdwl : sprdwl_rx_rsp_process ctx_id 0 recv rsp[WIFI_CMD_TX_DATA] status[SPRDWL_CMD_STATUS_ERROR]
06-05 09:31:06.170 2952 2994 I efs.config: --->>> 删除旧的配置文件 false
06-05 09:31:06.180 2952 2994 I efs.config: current config version (-1) is older than another (1735614866)
06-05 09:31:06.180 2952 2994 I efs.config: load config from storage and notify observer
06-04 18:06:13.521 1147 1147 E sprdwl : sprdwl_rx_rsp_process ctx_id 0 recv rsp[WIFI_CMD_TX_DATA] status[SPRDWL_CMD_STATUS_ERROR]
06-05 09:31:06.187 2952 3004 I efs.base: lt=event`ev_ct=efs_core`ev_ac=pvuv`tm=2025-06-05 09:31:15`dn=fd1f5943-1a79-4d2e-a8ad-2dbcd9a01f5b`ps=com.huawei.connection`um_os=android`stime=1749087065773`pid=2952`fr=android`pkg=com.dangbei.screencast`vcode=20830`dsp_w=1920`uid=fd1f5943-1a79-4d2e-a8ad-2dbcd9a01f5b`rom=12`wid=fd1f5943-1a79-4d2e-a8ad-2dbcd9a01f5b`um_app_carrier=`um_access=wifi`um_app_channel=os`um_crash_sdk_version=1.4.0`ctime=1749087066`model=dbbox-a2`lang=zh`net=wifi`brand=dangbei`dsp_h=1080`um_network_type=0`ver=v2.8.3`build_model=DBBOX-A2`w_tm=1749087066`appid=5fc60c21094d637f3130af19`um_umid_header=ai8fdb5175dd58f6e557dc840fd5072087`sdk=31`tzone=Asia/Shanghai`sdk_ver=1.3.6.umeng
06-05 09:31:06.197 2952 2952 D NearFieldUtils: to get wlan0 ip address
06-05 09:31:06.197 2952 2967 I HicomNfTimerManager: epoll fd:113 create success
06-05 09:31:06.197 2952 2952 D NearFieldUtils: get wlan0 IP succeed.
06-05 09:31:06.197 2952 2967 I HicomNfTimerManager: epoll add fd:119--->113 success
06-05 09:31:06.197 2952 2967 I HicomNfTimerManager: time fd:119 add to epoll success
06-05 09:31:06.197 2952 2952 I NearFieldManagerImpl: wlan Connected
06-04 18:06:13.545 1147 1147 E sprdwl : sprdwl_rx_rsp_process ctx_id 0 recv rsp[WIFI_CMD_TX_DATA] status[SPRDWL_CMD_STATUS_ERROR]
06-04 18:06:13.566 1147 1147 E sprdwl : sprdwl_rx_rsp_process ctx_id 0 recv rsp[WIFI_CMD_TX_DATA] status[SPRDWL_CMD_STATUS_ERROR]
06-05 09:31:06.242 2952 2952 I HicomNf_java_to_c: notifyNetworkStateChanged with maskStr, networkType: 0, networkState: 0, mask:
06-05 09:31:06.242 2952 2952 I HicomNfMainCtrlManager: NotifyNetworkStateChanged is called with networkState: 0
06-05 09:31:06.242 2952 2952 I HicomNfMainCtrlManager: P2P and USB are both disconnected
06-05 09:31:06.242 2952 2952 I HicomNfSecureManager: stop listening
06-05 09:31:06.242 2952 2952 I HicomNfSecureManager: StopListening, m_sessionInfoLock out, before calling NSTACKX_DMsgClose 2
06-05 09:31:06.242 2952 2952 I HicomNfSecureManager: StopListening, after calling NSTACKX_DMsgClose 2
06-05 09:31:06.251 2952 2967 D nStackXDFinder: NSTACKX_Init:[146] :nstack ctrl creat epollfd 121
06-05 09:31:06.252 2952 2967 I nStackXDFinder: InitDefaultInterfaceName:[779] :InitDefaultInterfaceName exec
06-05 09:31:06.252 2952 2967 D nStackXCoAP: CoapServerInit:[174] :CoapServerInit is called
06-05 09:31:06.252 2952 2967 E nStackXDFinder: GetLocalIp:[401] :GetLocalIp exec
06-05 09:31:06.252 2952 2967 E nStackXDFinder: GetLocalIp:[407] :GetLocalIp, ifInfo is null
06-05 09:31:06.252 2952 2967 I HicomNfMainCtrlManager: NSTACKX_RegisterDevice is called
06-05 09:31:06.252 2952 2967 D NearFieldManagerImpl: Register device success.
06-05 09:31:06.252 2952 2967 I NearFieldManagerImpl: serviceName is castPlus
06-05 09:31:06.252 2952 2967 D NearFieldManagerImpl: registerCapability() called with: capabilityBitmapNum = 1, capabilityBitmap = [8]
06-05 09:31:06.253 2952 2967 I HicomNf_java_to_c: registerCapability, capabilityBitmapNum: 1
06-05 09:31:06.253 2952 2967 I HicomNfMainCtrlManager: RegisterCapability: 1, 8
06-05 09:31:06.253 2952 2967 D NearFieldManagerImpl: Register capability succeed with capabilityBitmapNum = 1, capabilityBitmap = [8]
06-05 09:31:06.259 2952 2967 D NearFieldManagerImpl: registerServiceData() called with: serviceData = 32
06-05 09:31:06.260 2952 3019 I nStackXDFinder: UpdateLocalNetworkInterface:[472] :UpdateLocalNetworkInterface exec,initerfaceName:wlan0
06-05 09:31:06.260 2952 3019 E nStackXDFinder: GetLocalIp:[401] :GetLocalIp exec
06-05 09:31:06.260 2952 3019 E nStackXDFinder: GetLocalIp:[407] :GetLocalIp, ifInfo is null
06-05 09:31:06.260 2952 3019 I nStackXDFinder: UpdateLocalNetworkInterface:[498] :UpdateLocalNetworkInterface copy ip value in default process
06-05 09:31:06.260 2952 3019 E nStackXDFinder: GetLocalIp:[401] :GetLocalIp exec
06-05 09:31:06.260 2952 3019 D nStackXCoAP: CoapServerInit:[174] :CoapServerInit is called
06-05 09:31:06.260 2952 3019 E nStackXDFinder: GetLocalIp:[401] :GetLocalIp exec
06-05 09:31:06.260 2952 2967 D NearFieldManagerImpl: registerModule() called with: packageModuleName = com.huawei.connection+CastPlusDiscoveryModule
06-05 09:31:06.260 2952 2967 I HicomNf_java_to_c: registerModule, moduleName: com.huawei.connection+CastPlusDiscoveryModule
06-05 09:31:06.260 2952 2967 I HicomNfMainCtrlManager: Enter RegisterModule
06-05 09:31:06.260 2952 2967 I HicomNfRegManager: RegisterModule OK, add module name com.huawei.connection+CastPlusDiscoveryModule
06-05 09:31:06.260 2952 3019 I nStackXUtil: BindToDevice:[352] :BindToDevice exec
06-05 09:31:06.260 2952 3019 I nStackXUtil: GetInterfaceByPriority:[279] :GetInterfaceByPriority exec
06-05 09:31:06.260 2952 3019 I nStackXUtil: GetInterfaceByDefault:[309] :GetInterfaceByDefault exec
06-05 09:31:06.260 2952 3019 I nStackXUtil: GetInterfaceByDefault:[316] :GetInterfaceByDefault, ndevice name: lo
06-05 09:31:06.260 2952 3019 I nStackXUtil: GetInterfaceByDefault:[316] :GetInterfaceByDefault, ndevice name: wlan0
06-05 09:31:06.260 2952 3019 I nStackXUtil: BindToDevice:[374] :BindToDevice, Bind localAddr name: wlan0
06-05 09:31:06.261 2952 3019 E nStackXUtil: BindToDeviceInner:[188] :setsockopt fail, errno = 1
06-05 09:31:06.261 2952 3019 E nStackXCoAP: CoapGetContext:[250] :bind to device fail
06-05 09:31:06.261 2952 3019 D nStackXCoAP: CoapInitResources:[744] :CoapInitResources g_wlanOrEthContext update
06-05 09:31:06.261 2952 3019 I nStackXDFinder: RegisterServiceData:[728] :RegisterServiceData, serviceData=[32]
06-05 09:31:06.263 2807 2950 I Hisight-DeviceListManager: init DeviceListManager.
06-05 09:31:06.271 2952 2952 I HicomNf_java_to_c: notifyNetworkStateChanged with maskStr, networkType: 0, networkState: 1, mask: 255.255.254.0
06-05 09:31:06.272 2952 2952 I HicomNfMainCtrlManager: NotifyNetworkStateChanged is called with networkState: 1
06-05 09:31:06.272 2952 2952 I HicomNfSecureManager: StartListening, before calling NSTACKX_DMsgServer
06-05 09:31:06.272 2952 2952 I nStackXDMsg: NSTACKX_DMsgServer:[1335] :msgReceiver is not NULL
06-05 09:31:06.272 2952 2952 D nStackXDMsg: StartDMsgMainThread:[1274] :pthread_create
06-05 09:31:06.272 2952 2952 I HicomNfSecureManager: StartListening, after calling NSTACKX_DMsgServer
06-05 09:31:06.272 2952 2952 I HicomNfSecureManager: OnehopSecureCtrlManager: succeeded to StartListening with type 0
06-05 09:31:06.276 2807 2950 D Hisight-DeviceListManager: get old secret key
06-05 09:31:06.279 2952 3004 W efs.info.manager: network change: wifi
06-05 09:31:06.292 2807 2950 E Hisight-ConnectAuthCallBack: readSecureFile failed, no such file
06-05 09:31:06.292 2807 2950 W Hisight-DeviceListManager: deviceRecords is empty
06-05 09:31:06.292 2807 2950 W Hisight-DeviceListManager: occur error, clear all the list
06-05 09:31:06.293 2807 2950 D Hisight-HiChainAuthControl: start HiChainAuthControl
06-05 09:31:06.297 2807 2950 I ConnectAuthJNI: JNI_OnLoad begin load
06-05 09:31:06.297 2807 2950 I ConnectAuthJNI: RegisterNativeMethod begin
06-05 09:31:06.297 2807 2950 I ConnectAuthJNI: RegisterNativeMethod end
06-05 09:31:06.297 2807 2950 I ConnectAuthJNI: RegisterNativeMethod 1004 methodLen=10
06-05 09:31:06.297 2807 2950 I ConnectAuthJNI: RegisterNativeMethod 1007 RegisterNatives=0
06-05 09:31:06.298 2807 2950 I ConnectAuthJNI: InitArraylist 1013
06-05 09:31:06.298 2807 2950 I ConnectAuthJNI: InitConnectAuthStaticJNIMethod 1114 methodRet=0
06-05 09:31:06.298 2807 2950 E ConnectAuthJNI: JNI_OnLoad finish....1138
06-05 09:31:06.298 2807 2950 D Hisight-HiChainAuthControl: setupAuthIfNeeded, HiChainInstance hasn't been initialized
06-05 09:31:06.298 2807 2950 I ConnectAuthJNI: Java_com_huawei_hisight_security_ConnectAuthNative_nativeSetup 795 call HiChainNativeSetup
06-05 09:31:06.298 2807 2950 I ConnectAuthJNI: HiChainNativeSetup 565 registe_log
06-05 09:31:06.298 2807 2950 I ConnectAuthJNI: HksStorageRegisterFileCallbacks 245 register hks file callback status =0
06-05 09:31:06.298 2807 2950 I ConnectAuthJNI: HksRegisterGetDeviceIdCallback 268 register hks get hardware udid callback status =0
06-05 09:31:06.298 2807 2950 D ConnectAuthJNI: [HiChain] get_instance Begin get instance
06-05 09:31:06.298 2807 2950 I ConnectAuthJNI: [HKS] hks_service_key_info_init hks init : begin
06-05 09:31:06.298 2807 2950 I ConnectAuthJNI: FileRead 113 FileRead
06-05 09:31:06.298 2807 2950 I ConnectAuthJNI: FileRead 122 FileRead call readSecureFile begin
06-05 09:31:06.299 2807 2950 E Hisight-ConnectAuthCallBack: readSecureFile failed, no such file
06-05 09:31:06.299 2807 2950 W ConnectAuthJNI: FileRead 132 FileRead call readSecureFile byteArray is null
06-05 09:31:06.299 2807 2950 I ConnectAuthJNI: [HKS] hks_rkc_init RKC init:begin, is_key_info_exist=0
06-05 09:31:06.299 2807 2950 I ConnectAuthJNI: [HKS] hks_rkc_init_entropy the entropy is empty
06-05 09:31:06.299 2807 2950 I ConnectAuthJNI: FileSize 214 FileSize
06-05 09:31:06.300 2807 2950 I ConnectAuthJNI: FileSize 230 fileSize=258
06-05 09:31:06.300 2807 2950 I ConnectAuthJNI: FileRead 113 FileRead
06-05 09:31:06.300 2807 2950 I ConnectAuthJNI: FileRead 122 FileRead call readSecureFile begin
06-05 09:31:06.300 2807 2950 I ConnectAuthJNI: FileRead 135 FileRead call readSecureFile end
06-05 09:31:06.300 2807 2950 I ConnectAuthJNI: FileRead 150 fileBuff size 258, buf len 258
06-05 09:31:06.300 2807 2950 I ConnectAuthJNI: FileSize 214 FileSize
06-05 09:31:06.300 2807 2950 I ConnectAuthJNI: FileSize 230 fileSize=258
06-05 09:31:06.300 2807 2950 I ConnectAuthJNI: FileRead 113 FileRead
06-05 09:31:06.300 2807 2950 I ConnectAuthJNI: FileRead 122 FileRead call readSecureFile begin
06-05 09:31:06.300 2807 2950 I ConnectAuthJNI: FileRead 135 FileRead call readSecureFile end
06-05 09:31:06.300 2807 2950 I ConnectAuthJNI: FileRead 150 fileBuff size 258, buf len 258
06-05 09:31:06.300 2807 2950 I ConnectAuthJNI: [HKS] hks_rkc_load_ksf load ksf success
06-05 09:31:06.300 2807 2950 I ConnectAuthJNI: [HKS] hks_rkc_init root key component init success
06-05 09:31:06.300 2807 2950 I ConnectAuthJNI: [HKS] hks_rkc_init RKC init:end,rc=0
06-05 09:31:06.300 2807 2950 I ConnectAuthJNI: [HKS] hks_service_key_info_init hks init : end
06-05 09:31:06.300 2807 2950 I ConnectAuthJNI: GetHiChainProtocolParamsCallback 371 GetHiChainProtocolParamsCallback operation_code= 99
06-05 09:31:06.301 2807 2950 I ConnectAuthJNI: paramLen is ,=0
06-05 09:31:06.301 2807 2950 I ConnectAuthJNI: paramLen is ,=0
06-05 09:31:06.301 2807 2950 I ConnectAuthJNI: GetHiChainProtocolParamsCallback 402 GetHiChainProtocolParamsCallback end
06-05 09:31:06.301 2807 2950 I ConnectAuthJNI: [HiChain] get_instance Get instance success
06-05 09:31:06.301 2807 2950 I ConnectAuthJNI: Java_com_huawei_hisight_security_ConnectAuthNative_nativeGetHiChainInstance 598 get instance success
06-05 09:31:06.301 2807 2950 D Hisight-HiChainAuthControl: destroyAuth
06-05 09:31:06.301 2807 2950 I ConnectAuthJNI: Java_com_huawei_hisight_security_ConnectAuthNative_nativeDestroy 603 destroy
06-05 09:31:06.301 2807 2950 D Hisight-HiChainAuthControl: setupAuthIfNeeded, HiChainInstance hasn't been initialized
06-05 09:31:06.301 2807 2950 I ConnectAuthJNI: Java_com_huawei_hisight_security_ConnectAuthNative_nativeSetup 795 call HiChainNativeSetup
06-05 09:31:06.301 2807 2950 I ConnectAuthJNI: HiChainNativeSetup 565 registe_log
06-05 09:31:06.301 2807 2950 I ConnectAuthJNI: HksStorageRegisterFileCallbacks 245 register hks file callback status =0
06-05 09:31:06.301 2807 2950 I ConnectAuthJNI: HksRegisterGetDeviceIdCallback 268 register hks get hardware udid callback status =0
06-05 09:31:06.301 2807 2950 D ConnectAuthJNI: [HiChain] get_instance Begin get instance
06-05 09:31:06.301 2807 2950 I ConnectAuthJNI: [HKS] hks_service_key_info_init hks init : begin
06-05 09:31:06.301 2807 2950 I ConnectAuthJNI: [HKS] hks_service_key_info_init hks init : end
