06-04 18:04:43.821 468 490 I system_server: Background young concurrent copying GC freed 185072(9745KB) AllocSpace objects, 107(2448KB) LOS objects, 79% free, 6473KB/30MB, paused 333us total 218.386ms
06-04 18:04:43.837 468 468 D CompatibilityChangeReporter: Compat change id reported: 168782947; UID -1; state: ENABLED
06-04 18:04:43.940 468 468 D PackageManager: No files in app dir /vendor/priv-app
06-04 18:04:43.940 468 468 D PackageManager: No files in app dir /vendor/app
06-04 18:04:43.940 468 468 D PackageManager: No files in app dir /odm/priv-app
06-04 18:04:43.940 468 468 D PackageManager: No files in app dir /odm/app
06-04 18:04:43.940 468 468 D PackageManager: No files in app dir /oem/priv-app
06-04 18:04:43.941 468 468 D PackageManager: No files in app dir /oem/app
06-04 18:04:44.017 468 468 D PackageManager: No files in app dir /apex/com.android.vndk.v31/priv-app
06-04 18:04:44.018 468 468 D PackageManager: No files in app dir /apex/com.android.vndk.v31/app
06-04 18:04:44.018 468 468 D PackageManager: No files in app dir /apex/com.android.tzdata/priv-app
06-04 18:04:44.018 468 468 D PackageManager: No files in app dir /apex/com.android.tzdata/app
06-04 18:04:44.025 468 468 D PackageManager: No files in app dir /apex/com.android.tethering/app
06-04 18:04:44.026 468 468 D PackageManager: No files in app dir /apex/com.android.sdkext/priv-app
06-04 18:04:44.026 468 468 D PackageManager: No files in app dir /apex/com.android.sdkext/app
06-04 18:04:44.026 468 468 D PackageManager: No files in app dir /apex/com.android.scheduling/priv-app
06-04 18:04:44.026 468 468 D PackageManager: No files in app dir /apex/com.android.scheduling/app
06-04 18:04:44.026 468 468 D PackageManager: No files in app dir /apex/com.android.runtime/priv-app
06-04 18:04:44.026 468 468 D PackageManager: No files in app dir /apex/com.android.runtime/app
06-04 18:04:44.026 468 468 D PackageManager: No files in app dir /apex/com.android.resolv/priv-app
06-04 18:04:44.026 468 468 D PackageManager: No files in app dir /apex/com.android.resolv/app
06-04 18:04:44.038 468 468 D PackageManager: No files in app dir /apex/com.android.permission/app
06-04 18:04:44.039 468 468 D PackageManager: No files in app dir /apex/com.android.os.statsd/priv-app
06-04 18:04:44.040 468 468 D PackageManager: No files in app dir /apex/com.android.os.statsd/app
06-04 18:04:44.040 468 468 D PackageManager: No files in app dir /apex/com.android.neuralnetworks/priv-app
06-04 18:04:44.040 468 468 D PackageManager: No files in app dir /apex/com.android.neuralnetworks/app
06-04 18:04:44.049 468 468 D PackageManager: No files in app dir /apex/com.android.mediaprovider/app
06-04 18:04:44.049 468 468 D PackageManager: No files in app dir /apex/com.android.media.swcodec/priv-app
06-04 18:04:44.049 468 468 D PackageManager: No files in app dir /apex/com.android.media.swcodec/app
06-04 18:04:44.049 468 468 D PackageManager: No files in app dir /apex/com.android.media/priv-app
06-04 18:04:44.049 468 468 D PackageManager: No files in app dir /apex/com.android.media/app
06-04 18:04:44.049 468 468 D PackageManager: No files in app dir /apex/com.android.ipsec/priv-app
06-04 18:04:44.049 468 468 D PackageManager: No files in app dir /apex/com.android.ipsec/app
06-04 18:04:44.049 468 468 D PackageManager: No files in app dir /apex/com.android.i18n/priv-app
06-04 18:04:44.050 468 468 D PackageManager: No files in app dir /apex/com.android.i18n/app
06-04 18:04:44.056 468 468 D PackageManager: No files in app dir /apex/com.android.extservices/app
06-04 18:04:44.056 468 468 D PackageManager: No files in app dir /apex/com.android.conscrypt/priv-app
06-04 18:04:44.056 468 468 D PackageManager: No files in app dir /apex/com.android.conscrypt/app
06-04 18:04:44.056 468 468 D PackageManager: No files in app dir /apex/com.android.art/priv-app
06-04 18:04:44.057 468 468 D PackageManager: No files in app dir /apex/com.android.art/app
06-04 18:04:44.057 468 468 D PackageManager: No files in app dir /apex/com.android.appsearch/priv-app
06-04 18:04:44.057 468 468 D PackageManager: No files in app dir /apex/com.android.appsearch/app
06-04 18:04:44.057 468 468 D PackageManager: No files in app dir /apex/com.android.adbd/priv-app
06-04 18:04:44.057 468 468 D PackageManager: No files in app dir /apex/com.android.adbd/app
06-04 18:04:44.065 468 468 I PackageManager: Finished scanning system apps. Time: 539 ms, packageCount: 112 , timePerPackage: 4 , cached: 112
06-04 18:04:44.065 468 468 D PackageManager: No files in app dir /data/app
06-04 18:04:44.066 468 468 I PackageManager: Finished scanning non-system apps. Time: 1 ms, packageCount: 0 , timePerPackage: 0 , cached: 0
06-04 18:04:44.069 468 468 W PackageManager: There should probably be exactly one storage manager; found 2: matches=[ResolveInfo{6165408 com.android.storagemanager/.deletionhelper.DeletionHelperActivity m=0x108000}, ResolveInfo{b4c67a1 com.android.tv.settings/.device.StorageResetActivity m=0x108000}]
06-04 18:04:44.069 468 468 E PackageManager: There should probably be exactly one setup wizard; found 2: matches=[ResolveInfo{ea15dc6 com.dangbei.hqguide/.main.MainActivity p=1000 m=0x108000}, ResolveInfo{26b7187 com.softwinner.provision/.DefaultActivity p=1 m=0x108000}]
06-04 18:04:44.079 468 468 I PackageManager: Time to scan packages: 0.553 seconds
06-04 18:04:44.116 468 468 I PackageManager: Permission ownership changed. Updating all permissions.
06-04 18:04:44.165 468 468 V PackageManager: reconcileAppsData for null u0 0x3 migrateAppData=true
06-04 18:04:44.190 351 364 I SELinux : SELinux: Loaded file_contexts
06-04 18:04:44.184 324 324 I rainbow_flow: type=1400 audit(0.0:290): avc: denied { ioctl } for path="/dev/spidev1.0" dev="tmpfs" ino=3509 ioctlcmd=0x6b00 scontext=u:r:init:s0 tcontext=u:object_r:device:s0 tclass=chr_file permissive=1
06-04 18:04:44.308 313 313 D XiriService: check file name: /data/data/android/lib
06-04 18:04:44.308 313 313 D XiriService: check file name: /data/data/android/lib
06-04 18:04:44.314 313 313 D XiriService: check file name: /data/data/android/lib
06-04 18:04:44.315 313 313 D XiriService: check file name: /data/data/com.android.providers.settings/lib
06-04 18:04:44.315 313 313 D XiriService: check file name: /data/data/com.android.providers.settings/lib
06-04 18:04:44.315 313 313 D XiriService: check file name: /data/data/com.android.providers.settings/lib
06-04 18:04:44.319 313 313 D XiriService: check file name: /data/data/com.android.providers.settings/lib
06-04 18:04:44.319 313 313 D XiriService: check file name: /data/data/com.android.providers.settings/lib
06-04 18:04:44.320 313 313 D XiriService: check file name: /data/data/com.android.providers.settings/lib
06-04 18:04:44.320 313 313 D XiriService: check file name: /data/data/com.android.providers.settings/lib
06-04 18:04:44.320 313 313 D XiriService: check file name: /data/data/com.android.inputdevices/lib
06-04 18:04:44.320 313 313 D XiriService: check file name: /data/data/com.android.inputdevices/lib
06-04 18:04:44.320 313 313 D XiriService: check file name: /data/data/com.android.inputdevices/lib
06-04 18:04:44.320 313 313 D XiriService: check file name: /data/data/com.android.inputdevices/lib
06-04 18:04:44.325 313 313 D XiriService: check file name: /data/data/com.android.inputdevices/lib
06-04 18:04:44.325 313 313 D XiriService: check file name: /data/data/com.android.inputdevices/lib
06-04 18:04:44.325 313 313 D XiriService: check file name: /data/data/com.android.inputdevices/lib
06-04 18:04:44.325 313 313 D XiriService: check file name: /data/data/com.android.inputdevices/lib
06-04 18:04:44.329 313 313 D XiriService: check file name: /data/data/android.ext.services/lib
06-04 18:04:44.330 313 313 D XiriService: check file name: /data/data/android.ext.services/lib
06-04 18:04:44.330 313 313 D XiriService: check file name: /data/data/android.ext.services/lib
06-04 18:04:44.330 313 313 D XiriService: check file name: /data/data/android.ext.services/lib
06-04 18:04:44.304 313 313 I xiriservice_All: type=1400 audit(0.0:291): avc: denied { search } for name="android" dev="mmcblk0p25" ino=507 scontext=u:r:init:s0 tcontext=u:object_r:system_app_data_file:s0 tclass=dir permissive=1
06-04 18:04:44.335 313 313 D XiriService: check file name: /data/data/android.ext.services/lib
06-04 18:04:44.335 313 313 D XiriService: check file name: /data/data/android.ext.services/lib
06-04 18:04:44.335 313 313 D XiriService: check file name: /data/data/android.ext.services/lib
06-04 18:04:44.336 313 313 D XiriService: check file name: /data/data/android.ext.services/lib
06-04 18:04:44.355 313 313 D XiriService: check file name: /data/data/com.android.location.fused/lib
06-04 18:04:44.355 313 313 D XiriService: check file name: /data/data/com.android.location.fused/lib
06-04 18:04:44.355 313 313 D XiriService: check file name: /data/data/com.android.location.fused/lib
06-04 18:04:44.355 313 313 D XiriService: check file name: /data/data/com.android.location.fused/lib
06-04 18:04:44.312 313 313 I xiriservice_All: type=1400 audit(0.0:292): avc: denied { read } for name="lib" dev="mmcblk0p25" ino=23731 scontext=u:r:init:s0 tcontext=u:object_r:system_app_data_file:s0 tclass=lnk_file permissive=1
06-04 18:04:44.362 313 313 D XiriService: check file name: /data/data/com.android.location.fused/lib
06-04 18:04:44.362 313 313 D XiriService: check file name: /data/data/com.android.location.fused/lib
06-04 18:04:44.363 313 313 D XiriService: check file name: /data/data/com.android.location.fused/lib
06-04 18:04:44.363 313 313 D XiriService: check file name: /data/data/com.android.location.fused/lib
06-04 18:04:44.373 468 468 V PackageManager: reconcileAppsData finished 14 packages
06-04 18:04:44.374 468 468 I PackageManagerTiming: write settings
06-04 18:04:44.378 468 571 I SystemServerTimingAsync: InitThreadPoolExec:prepareAppData
06-04 18:04:44.378 468 571 D SystemServerInitThreadPool: Started executing prepareAppData
06-04 18:04:44.379 351 364 E cutils-trace: Error opening trace file: No such file or directory (2)
06-04 18:04:44.324 313 313 I xiriservice_All: type=1400 audit(0.0:293): avc: denied { search } for name="android.ext.services" dev="mmcblk0p25" ino=438 scontext=u:r:init:s0 tcontext=u:object_r:app_data_file:s0:c512,c768 tclass=dir permissive=1
06-04 18:04:44.385 351 364 W installd: Ignoring /data/data/android/lib with unexpected GID 0 instead of 1000
06-04 18:04:44.386 351 364 W installd: Ignoring /data/data/com.android.providers.settings/lib with unexpected GID 0 instead of 1000
06-04 18:04:44.386 351 364 W installd: Ignoring /data/data/com.android.inputdevices/lib with unexpected GID 0 instead of 1000
06-04 18:04:44.387 351 364 W installd: Ignoring /data/data/android.ext.services/lib with unexpected GID 0 instead of 10075
06-04 18:04:44.388 351 364 W installd: Ignoring /data/data/com.android.location.fused/lib with unexpected GID 0 instead of 1000
06-04 18:04:44.391 351 364 W installd: Ignoring /data/data/com.android.cts.priv.ctsshim/lib with unexpected GID 0 instead of 10031
06-04 18:04:44.393 351 364 W installd: Ignoring /data/data/com.android.dynsystem/lib with unexpected GID 0 instead of 1000
06-04 18:04:44.393 351 364 W installd: Ignoring /data/data/com.dangbei.lerad.rocky/lib with unexpected GID 0 instead of 1000
06-04 18:04:44.395 351 364 W installd: Ignoring /data/data/com.android.tv.settings/lib with unexpected GID 0 instead of 1000
06-04 18:04:44.396 351 364 W installd: Ignoring /data/data/com.oranth.factory/lib with unexpected GID 0 instead of 1000
06-04 18:04:44.397 351 364 W installd: Ignoring /data/data/com.dangbei.zhushou.os/lib with unexpected GID 0 instead of 1000
06-04 18:04:44.400 351 364 W installd: Ignoring /data/data/com.sohu.inputmethod.sogou.tv/lib with unexpected GID 0 instead of 10047
06-04 18:04:44.405 351 364 W installd: Ignoring /data/data/com.oranth.ledstatus/lib with unexpected GID 0 instead of 1000
06-04 18:04:44.406 351 364 W installd: Ignoring /data/data/com.dangbei.lerad.videoposter/lib with unexpected GID 0 instead of 10049
06-04 18:04:44.407 351 364 W installd: Ignoring /data/data/com.android.networkstack/lib with unexpected GID 0 instead of 1073
06-04 18:04:44.328 313 313 I xiriservice_All: type=1400 audit(0.0:294): avc: denied { read } for name="lib" dev="mmcblk0p25" ino=23736 scontext=u:r:init:s0 tcontext=u:object_r:app_data_file:s0:c512,c768 tclass=lnk_file permissive=1
06-04 18:04:44.414 351 364 W installd: Ignoring /data/data/com.dangbei.screencast/lib with unexpected GID 0 instead of 10030
06-04 18:04:44.418 351 364 W installd: Ignoring /data/data/com.dangbei.leard.leradlauncher/lib with unexpected GID 0 instead of 1000
06-04 18:04:44.420 351 364 W installd: Ignoring /data/data/com.android.printspooler/lib with unexpected GID 0 instead of 10034
06-04 18:04:44.422 351 364 W installd: Ignoring /data/data/com.android.webview/lib with unexpected GID 0 instead of 10060
06-04 18:04:44.424 351 364 W installd: Ignoring /data/data/com.android.bips/lib with unexpected GID 0 instead of 10024
06-04 18:04:44.425 351 364 W installd: Ignoring /data/data/com.oranth.inputmacsn/lib with unexpected GID 0 instead of 1000
06-04 18:04:44.425 468 468 I SELinux : SELinux: Loaded file_contexts
06-04 18:04:44.427 351 364 W installd: Ignoring /data/data/com.android.keychain/lib with unexpected GID 0 instead of 1000
06-04 18:04:44.429 351 364 W installd: Ignoring /data/data/com.android.localtransport/lib with unexpected GID 0 instead of 1000
06-04 18:04:44.429 351 364 W installd: Ignoring /data/data/com.android.packageinstaller/lib with unexpected GID 0 instead of 1000
06-04 18:04:44.431 351 364 W installd: Ignoring /data/data/com.oranth.usbopenft/lib with unexpected GID 0 instead of 1000
06-04 18:04:44.431 351 364 W installd: Ignoring /data/data/com.android.networkstack.tethering/lib with unexpected GID 0 instead of 1073
06-04 18:04:44.433 351 364 W installd: Ignoring /data/data/com.dangbei.lerad.etna.haqu/lib with unexpected GID 0 instead of 1000
06-04 18:04:44.436 351 364 W installd: Ignoring /data/data/com.oranth.powerwindow/lib with unexpected GID 0 instead of 1000
06-04 18:04:44.437 351 364 W installd: Ignoring /data/data/com.android.networkstack.permissionconfig/lib with unexpected GID 0 instead of 1073
06-04 18:04:44.439 351 364 W installd: Ignoring /data/data/com.dangbei.lerad.screensaver/lib with unexpected GID 0 instead of 10054
06-04 18:04:44.441 468 468 D PackageManagerTiming: write settings took to complete: 67ms
06-04 18:04:44.442 351 364 W installd: Ignoring /data/data/com.android.wallpaperbackup/lib with unexpected GID 0 instead of 1000
06-04 18:04:44.442 468 468 W PackageManager: There should probably be a verifier, but, none were found
06-04 18:04:44.444 351 364 W installd: Ignoring /data/data/com.android.providers.media.module/lib with unexpected GID 0 instead of 10074
06-04 18:04:44.444 468 468 W PackageManager: Domain verification agent not found
06-04 18:04:44.445 351 364 W installd: Ignoring /data/data/com.oranth.storage/lib with unexpected GID 0 instead of 1000
06-04 18:04:44.446 351 364 W installd: Ignoring /data/data/com.dangbei.haqusetting/lib with unexpected GID 0 instead of 1000
06-04 18:04:44.448 468 468 D PackageManager: Ephemeral resolver NOT found; no matching intent filters
06-04 18:04:44.448 351 364 W installd: Ignoring /data/data/com.softwinner.miracastReceiver/lib with unexpected GID 0 instead of 1000
06-04 18:04:44.448 468 468 D PackageManager: Instant App installer not found with android.intent.action.INSTALL_INSTANT_APP_PACKAGE
06-04 18:04:44.448 468 468 D PackageManager: Clear ephemeral installer activity
06-04 18:04:44.450 351 364 W installd: Ignoring /data/data/com.android.bluetooth/lib with unexpected GID 0 instead of 1002
06-04 18:04:44.459 351 364 W installd: Ignoring /data/user_de/0/android/lib with unexpected GID 0 instead of 1000
06-04 18:04:44.460 351 364 W installd: Ignoring /data/user_de/0/com.android.providers.settings/lib with unexpected GID 0 instead of 1000
06-04 18:04:44.462 351 364 W installd: Ignoring /data/user_de/0/com.android.inputdevices/lib with unexpected GID 0 instead of 1000
06-04 18:04:44.463 468 468 I PackageManagerTiming: GC
06-04 18:04:44.463 468 468 D PackageManagerTiming: GC took to complete: 0ms
06-04 18:04:44.464 468 468 I PackageManager: Fix for b/169414761 is applied
06-04 18:04:44.464 468 468 D PackageManagerTiming: create package manager took to complete: 1296ms
06-04 18:04:44.467 351 364 W installd: Ignoring /data/user_de/0/com.android.location.fused/lib with unexpected GID 0 instead of 1000
06-04 18:04:44.471 351 364 W installd: Ignoring /data/user_de/0/com.android.tv.settings/lib with unexpected GID 0 instead of 1000
06-04 18:04:44.475 351 364 W installd: Ignoring /data/user_de/0/com.sohu.inputmethod.sogou.tv/lib with unexpected GID 0 instead of 10047
06-04 18:04:44.480 351 364 W installd: Ignoring /data/user_de/0/com.android.networkstack/lib with unexpected GID 0 instead of 1073
06-04 18:04:44.496 351 364 W installd: Ignoring /data/user_de/0/com.android.packageinstaller/lib with unexpected GID 0 instead of 1000
06-04 18:04:44.497 351 364 W installd: Ignoring /data/user_de/0/com.android.networkstack.tethering/lib with unexpected GID 0 instead of 1073
06-04 18:04:44.502 393 393 I update_engine: [INFO:cleanup_previous_update_action.cc(112)] Executing task 3
06-04 18:04:44.504 393 393 I update_engine: [INFO:cleanup_previous_update_action.cc(124)] CleanupPreviousUpdateAction scheduled task ID 4 for WaitBootCompleted
06-04 18:04:44.509 468 468 V UserManagerService: Checking that all system packages are whitelisted.
06-04 18:04:44.516 468 468 W UserManagerService: checkWhitelistedSystemPackages(mode=ENFORCE|IMPLICIT_WHITELIST|IMPLICIT_WHITELIST_SYSTEM) has 55 warnings:
06-04 18:04:44.516 468 468 W UserManagerService: com.android.internal.display.cutout.emulation.corner is allowlisted but not present.
06-04 18:04:44.516 468 468 W UserManagerService: com.android.internal.display.cutout.emulation.double is allowlisted but not present.
06-04 18:04:44.516 468 468 W UserManagerService: com.android.theme.color.amethyst is allowlisted but not present.
06-04 18:04:44.516 468 468 W UserManagerService: com.android.theme.icon.pebble is allowlisted but not present.
06-04 18:04:44.516 468 468 W UserManagerService: com.android.theme.color.sand is allowlisted but not present.
06-04 18:04:44.516 468 468 W UserManagerService: com.android.theme.icon.vessel is allowlisted but not present.
06-04 18:04:44.516 468 468 W UserManagerService: com.android.theme.color.cinnamon is allowlisted but not present.
06-04 18:04:44.516 468 468 W UserManagerService: com.android.theme.icon_pack.victor.settings is allowlisted but not present.
06-04 18:04:44.516 468 468 W UserManagerService: com.android.theme.icon_pack.rounded.systemui is allowlisted but not present.
06-04 18:04:44.516 468 468 W UserManagerService: com.android.theme.icon.taperedrect is allowlisted but not present.
06-04 18:04:44.516 468 468 W UserManagerService: com.android.theme.icon_pack.rounded.android is allowlisted but not present.
06-04 18:04:44.516 468 468 W UserManagerService: com.android.theme.icon_pack.victor.systemui is allowlisted but not present.
06-04 18:04:44.516 468 468 W UserManagerService: com.android.theme.icon_pack.circular.themepicker is allowlisted but not present.
06-04 18:04:44.516 468 468 W UserManagerService: com.android.theme.color.tangerine is allowlisted but not present.
06-04 18:04:44.516 468 468 W UserManagerService: com.android.theme.color.aquamarine is allowlisted but not present.
06-04 18:04:44.516 468 468 W UserManagerService: com.android.internal.display.cutout.emulation.hole is allowlisted but not present.
06-04 18:04:44.516 468 468 W UserManagerService: com.android.internal.display.cutout.emulation.tall is allowlisted but not present.
06-04 18:04:44.516 468 468 W UserManagerService: com.android.theme.color.black is allowlisted but not present.
06-04 18:04:44.516 468 468 W UserManagerService: com.android.theme.color.green is allowlisted but not present.
06-04 18:04:44.516 468 468 W UserManagerService: com.android.theme.color.ocean is allowlisted but not present.
06-04 18:04:44.516 468 468 W UserManagerService: com.android.theme.color.space is allowlisted but not present.
06-04 18:04:44.516 468 468 W UserManagerService: com.android.theme.icon_pack.rounded.launcher is allowlisted but not present.
06-04 18:04:44.516 468 468 W UserManagerService: com.android.theme.icon_pack.kai.settings is allowlisted but not present.
06-04 18:04:44.516 468 468 W UserManagerService: com.android.internal.systemui.navbar.twobutton is allowlisted but not present.
06-04 18:04:44.516 468 468 W UserManagerService: com.android.theme.icon_pack.sam.settings is allowlisted but not present.
06-04 18:04:44.516 468 468 W UserManagerService: com.android.theme.icon_pack.kai.themepicker is allowlisted but not present.
06-04 18:04:44.516 468 468 W UserManagerService: com.android.theme.icon_pack.victor.launcher is allowlisted but not present.
06-04 18:04:44.516 468 468 W UserManagerService: com.android.theme.icon_pack.filled.settings is allowlisted but not present.
06-04 18:04:44.516 468 468 W UserManagerService: com.android.theme.icon_pack.kai.systemui is allowlisted but not present.
06-04 18:04:44.516 468 468 W UserManagerService: com.android.theme.icon_pack.circular.settings is allowlisted but not present.
06-04 18:04:44.516 468 468 W UserManagerService: com.android.theme.icon_pack.sam.systemui is allowlisted but not present.
06-04 18:04:44.516 468 468 W UserManagerService: com.android.theme.icon.teardrop is allowlisted but not present.
06-04 18:04:44.516 468 468 W UserManagerService: com.android.theme.icon_pack.rounded.themepicker is allowlisted but not present.
06-04 18:04:44.516 468 468 W UserManagerService: com.android.theme.icon_pack.filled.systemui is allowlisted but not present.
06-04 18:04:44.516 468 468 W UserManagerService: com.android.theme.icon_pack.sam.android is allowlisted but not present.
06-04 18:04:44.516 468 468 W UserManagerService: com.android.theme.icon_pack.filled.android is allowlisted but not present.
06-04 18:04:44.516 468 468 W UserManagerService: com.android.internal.display.cutout.emulation.waterfall is allowlisted but not present.
06-04 18:04:44.516 468 468 W UserManagerService: com.android.theme.icon_pack.circular.systemui is allowlisted but not present.
06-04 18:04:44.516 468 468 W UserManagerService: com.android.theme.icon_pack.kai.android is allowlisted but not present.
06-04 18:04:44.516 468 468 W UserManagerService: com.android.theme.icon_pack.kai.launcher is allowlisted but not present.
06-04 18:04:44.516 468 468 W UserManagerService: com.android.theme.icon_pack.sam.launcher is allowlisted but not present.
06-04 18:04:44.516 468 468 W UserManagerService: com.android.theme.icon.squircle is allowlisted but not present.
06-04 18:04:44.516 468 468 W UserManagerService: com.android.theme.icon_pack.victor.android is allowlisted but not present.
06-04 18:04:44.516 468 468 W UserManagerService: com.android.theme.color.palette is allowlisted but not present.
06-04 18:04:44.516 468 468 W UserManagerService: com.android.theme.icon_pack.filled.launcher is allowlisted but not present.
06-04 18:04:44.516 468 468 W UserManagerService: com.android.theme.color.carbon is allowlisted but not present.
06-04 18:04:44.516 468 468 W UserManagerService: com.android.theme.icon_pack.circular.launcher is allowlisted but not present.
06-04 18:04:44.516 468 468 W UserManagerService: com.android.theme.icon_pack.filled.themepicker is allowlisted but not present.
06-04 18:04:44.516 468 468 W UserManagerService: com.android.theme.icon_pack.victor.themepicker is allowlisted but not present.
06-04 18:04:44.516 468 468 W UserManagerService: com.android.theme.color.orchid is allowlisted but not present.
06-04 18:04:44.516 468 468 W UserManagerService: com.android.theme.color.purple is allowlisted but not present.
06-04 18:04:44.517 468 468 W UserManagerService: com.android.theme.icon_pack.sam.themepicker is allowlisted but not present.
06-04 18:04:44.517 468 468 W UserManagerService: com.android.theme.icon.roundedrect is allowlisted but not present.
06-04 18:04:44.517 468 468 W UserManagerService: com.android.theme.icon_pack.rounded.settings is allowlisted but not present.
06-04 18:04:44.517 468 468 W UserManagerService: com.android.theme.icon_pack.circular.android is allowlisted but not present.
06-04 18:04:44.518 351 364 W installd: Ignoring /data/user_de/0/com.android.bluetooth/lib with unexpected GID 0 instead of 1002
06-04 18:04:44.519 468 468 I Watchdog: Resuming HandlerChecker: main thread for reason: packagemanagermain. Pause count: 0
06-04 18:04:44.519 468 468 I SystemServerDexLoadReporter: Configuring system server dex reporter
06-04 18:04:44.523 468 571 D SystemServerTimingAsync: AppDataFixup took to complete: 145ms
06-04 18:04:44.543 354 397 I ServiceManager: Waiting for service 'package_native' on '/dev/binder' successful after waiting 4374ms
06-04 18:04:44.544 468 468 D SystemServerTiming: StartPackageManagerService took to complete: 1385ms
06-04 18:04:44.545 468 468 I SystemServerTiming: StartOtaDexOptService
06-04 18:04:44.546 468 468 I Watchdog: Pausing HandlerChecker: main thread for reason: moveab. Pause count: 1
06-04 18:04:44.547 354 397 W AudioAnalytics: (key=audio.flinger) Audioflinger constructor event detected
06-04 18:04:44.551 366 366 I ServiceManager: Waiting for service 'package_native' on '/dev/binder' successful after waiting 3860ms
06-04 18:04:44.556 468 468 D OTADexopt: No upgrade, skipping A/B artifacts check.
06-04 18:04:44.557 468 468 I Watchdog: Resuming HandlerChecker: main thread for reason: moveab. Pause count: 0
06-04 18:04:44.557 468 468 D SystemServerTiming: StartOtaDexOptService took to complete: 12ms
06-04 18:04:44.557 468 468 I SystemServerTiming: StartUserManagerService
06-04 18:04:44.558 468 468 I SystemServiceManager: Starting com.android.server.pm.UserManagerService$LifeCycle
06-04 18:04:44.559 468 468 D SystemServerTiming: StartUserManagerService took to complete: 2ms
06-04 18:04:44.560 468 468 I SystemServerTiming: InitAttributerCache
06-04 18:04:44.560 468 468 D SystemServerTiming: InitAttributerCache took to complete: 1ms
06-04 18:04:44.561 468 468 I SystemServerTiming: SetSystemProcess
06-04 18:04:44.568 468 497 V HistoricalRegistry: Interaction before persistence initialized
06-04 18:04:44.571 273 273 I audioserver: Waiting for sensor privacy service
06-04 18:04:44.581 468 532 I ActivityManager: Connection with lmkd established
06-04 18:04:44.581 183 183 I lowmemorykiller: lmkd data connection established
06-04 18:04:44.582 366 575 I storaged: storaged: Start
06-04 18:04:44.585 468 497 V HistoricalRegistry: Interaction before persistence initialized
06-04 18:04:44.599 347 347 I cameraserver: Waiting for sensor privacy service
06-04 18:04:44.600 468 468 D SystemServerTiming: SetSystemProcess took to complete: 39ms
06-04 18:04:44.603 468 468 I SystemServerTiming: InitWatchdog
06-04 18:04:44.603 468 468 D SystemServerTiming: InitWatchdog took to complete: 0ms
06-04 18:04:44.604 468 468 I SystemServerTiming: StartOverlayManagerService
06-04 18:04:44.800 1 1 I init : Control message: Processed ctl.start for 'idmap2d' from pid: 468 (system_server)
06-04 18:04:44.638 349 362 E cutils-trace: Error opening trace file: No such file or directory (2)
06-04 18:04:44.683 349 349 W idmap2d : active ffro iterator was not previously released
06-04 18:04:44.698 468 468 D SystemServerTiming: StartOverlayManagerService took to complete: 93ms
06-04 18:04:44.698 468 468 I SystemServerTiming: StartSensorPrivacyService
06-04 18:04:44.708 468 468 D SystemServerTiming: StartSensorPrivacyService took to complete: 10ms
06-04 18:04:44.708 468 468 I SystemServerTiming: StartSensorService
06-04 18:04:44.708 468 468 I SystemServiceManager: Starting com.android.server.sensors.SensorService
06-04 18:04:44.709 468 468 D SystemServerTiming: StartSensorService took to complete: 1ms
06-04 18:04:44.709 468 468 D SystemServerTiming: startBootstrapServices took to complete: 2408ms
06-04 18:04:44.709 468 468 I SystemServerTiming: startCoreServices
06-04 18:04:44.709 468 468 I SystemServerTiming: StartSystemConfigService
06-04 18:04:44.709 468 468 I SystemServiceManager: Starting com.android.server.SystemConfigService
06-04 18:04:44.711 468 468 D SystemServerTiming: StartSystemConfigService took to complete: 1ms
06-04 18:04:44.711 468 468 I SystemServerTiming: StartBatteryService
06-04 18:04:44.711 468 468 I SystemServiceManager: Starting com.android.server.BatteryService
06-04 18:04:44.712 468 579 I SystemServerTimingAsync: InitThreadPoolExec:StartNativeSensorService
06-04 18:04:44.712 468 579 D SystemServerInitThreadPool: Started executing StartNativeSensorService
06-04 18:04:44.712 468 579 I SystemServerTimingAsync: StartNativeSensorService
06-04 18:04:44.712 468 579 D SensorService: nuSensorService starting...
06-04 18:04:44.717 185 185 I hwservicemanager: getTransport: Cannot find entry android.hardware.sensors@2.1::ISensors/default in either framework or device VINTF manifest.
06-04 18:04:44.719 185 185 I hwservicemanager: getTransport: Cannot find entry android.hardware.sensors@2.0::ISensors/default in either framework or device VINTF manifest.
06-04 18:04:44.723 185 185 I hwservicemanager: getTransport: Cannot find entry android.hardware.sensors@1.0::ISensors/default in either framework or device VINTF manifest.
06-04 18:04:44.729 468 579 D SystemServerTimingAsync: StartNativeSensorService took to complete: 17ms
06-04 18:04:44.730 468 579 D SystemServerInitThreadPool: Finished executing StartNativeSensorService
06-04 18:04:44.730 468 579 D SystemServerTimingAsync: InitThreadPoolExec:StartNativeSensorService took to complete: 17ms
06-04 18:04:44.735 468 468 I android_os_HwBinder: HwBinder: Starting thread pool for getting: android.hardware.health@2.0::IHealth/default
06-04 18:04:44.916 262 262 W healthd : battery none chg=
06-04 18:04:44.745 347 347 I HidlServiceManagement: Registered android.frameworks.cameraservice.service@2.2::ICameraService/default
06-04 18:04:44.747 347 347 I CameraService: CameraService pinged cameraservice proxy
06-04 18:04:44.748 347 347 I cameraserver: ServiceManager: 0xea502960 done instantiate
06-04 18:04:44.751 468 468 I android_os_HwBinder: HwBinder: Starting thread pool for getting: android.hidl.manager@1.0::IServiceManager/default
06-04 18:04:44.754 468 468 I HealthServiceWrapper: health: HealthServiceWrapper listening to instance default
06-04 18:04:44.754 468 468 I BatteryService: health: Waited 0ms and received the update.
06-04 18:04:44.757 468 582 I android_os_HwBinder: HwBinder: Starting thread pool for getting: android.hardware.health@2.0::IHealth/default
06-04 18:04:44.758 468 468 D SystemServerTiming: StartBatteryService took to complete: 46ms
06-04 18:04:44.758 468 468 I SystemServerTiming: StartUsageService
06-04 18:04:44.758 468 468 I SystemServiceManager: Starting com.android.server.usage.UsageStatsService
06-04 18:04:44.772 468 468 D SystemServerTiming: StartUsageService took to complete: 14ms
06-04 18:04:44.773 468 468 I SystemServerTiming: StartWebViewUpdateService
06-04 18:04:44.773 468 468 I SystemServiceManager: Starting com.android.server.webkit.WebViewUpdateService
06-04 18:04:44.777 468 468 D SystemServerTiming: StartWebViewUpdateService took to complete: 5ms
06-04 18:04:44.778 468 468 I SystemServerTiming: StartCachedDeviceStateService
06-04 18:04:44.778 468 468 I SystemServiceManager: Starting com.android.server.CachedDeviceStateService
06-04 18:04:44.778 468 468 D SystemServerTiming: StartCachedDeviceStateService took to complete: 1ms
06-04 18:04:44.778 468 468 I SystemServerTiming: StartBinderCallsStatsService
06-04 18:04:44.779 468 468 I SystemServiceManager: Starting com.android.server.BinderCallsStatsService$LifeCycle
06-04 18:04:44.782 468 468 D SystemServerTiming: StartBinderCallsStatsService took to complete: 3ms
06-04 18:04:44.782 468 468 I SystemServerTiming: StartLooperStatsService
06-04 18:04:44.782 468 468 I SystemServiceManager: Starting com.android.server.LooperStatsService$Lifecycle
06-04 18:04:44.791 468 468 D SystemServerTiming: StartLooperStatsService took to complete: 8ms
06-04 18:04:44.792 468 468 I SystemServerTiming: StartRollbackManagerService
06-04 18:04:44.792 468 468 I SystemServiceManager: Starting com.android.server.rollback.RollbackManagerService
06-04 18:04:44.800 351 351 D installd: Found quota mount /dev/block/by-name/userdata at /data
06-04 18:04:44.800 351 351 D installd: Found quota mount /dev/block/by-name/userdata at /data/user/0
06-04 18:04:44.805 468 468 I PackageWatchdog: Syncing state, reason: added new observer
06-04 18:04:44.805 468 468 I PackageWatchdog: Not pruning observers, elapsed time: 0ms
06-04 18:04:44.805 468 468 I PackageWatchdog: Cancelling state sync, nothing to sync
06-04 18:04:44.806 468 529 I PackageWatchdog: Saving observer state to file
06-04 18:04:44.809 468 468 D SystemServerTiming: StartRollbackManagerService took to complete: 17ms
06-04 18:04:44.809 468 468 I SystemServerTiming: StartNativeTombstoneManagerService
06-04 18:04:44.809 468 468 I SystemServiceManager: Starting com.android.server.os.NativeTombstoneManagerService
06-04 18:04:44.810 468 468 D SystemServerTiming: StartNativeTombstoneManagerService took to complete: 1ms
06-04 18:04:44.811 468 468 I SystemServerTiming: StartBugreportManagerService
06-04 18:04:44.811 468 468 I SystemServiceManager: Starting com.android.server.os.BugreportManagerService
06-04 18:04:44.812 468 468 D SystemServerTiming: StartBugreportManagerService took to complete: 1ms
06-04 18:04:44.812 468 468 I SystemServerTiming: GpuService
06-04 18:04:44.812 468 468 I SystemServiceManager: Starting com.android.server.gpu.GpuService
06-04 18:04:44.812 468 468 D SystemServerTiming: GpuService took to complete: 0ms
06-04 18:04:44.812 468 468 D SystemServerTiming: startCoreServices took to complete: 103ms
06-04 18:04:44.812 468 468 I SystemServerTiming: startOtherServices
06-04 18:04:44.813 468 468 I SystemServerTiming: StartKeyAttestationApplicationIdProviderService
06-04 18:04:44.814 468 525 I SystemServerTimingAsync: InitThreadPoolExec:SecondaryZygotePreload
06-04 18:04:44.814 468 525 D SystemServerInitThreadPool: Started executing SecondaryZygotePreload
06-04 18:04:44.815 468 525 I SystemServer: SecondaryZygotePreload
06-04 18:04:44.815 468 525 I SystemServerTimingAsync: SecondaryZygotePreload
06-04 18:04:44.815 468 468 D SystemServerTiming: StartKeyAttestationApplicationIdProviderService took to complete: 1ms
06-04 18:04:44.815 468 468 I SystemServerTiming: StartKeyChainSystemService
06-04 18:04:44.815 468 468 I SystemServiceManager: Starting com.android.server.security.KeyChainSystemService
06-04 18:04:44.815 468 468 D SystemServerTiming: StartKeyChainSystemService took to complete: 1ms
06-04 18:04:44.816 468 468 I SystemServerTiming: StartSchedulingPolicyService
06-04 18:04:44.816 468 515 I SystemServerTimingAsync: InitThreadPoolExec:SchedulingPolicyService.
06-04 18:04:44.816 468 515 D SystemServerInitThreadPool: Started executing SchedulingPolicyService.
06-04 18:04:44.818 468 490 I system_server: Background concurrent copying GC freed 102770(4547KB) AllocSpace objects, 23(764KB) LOS objects, 49% free, 6795KB/13MB, paused 183us total 350.230ms
06-04 18:04:44.820 468 468 D SystemServerTiming: StartSchedulingPolicyService took to complete: 4ms
06-04 18:04:44.820 468 468 I SystemServerTiming: StartTelecomLoaderService
06-04 18:04:44.820 468 468 I SystemServiceManager: Starting com.android.server.telecom.TelecomLoaderService
06-04 18:04:44.822 468 468 D SystemServerTiming: StartTelecomLoaderService took to complete: 2ms
06-04 18:04:44.822 468 468 I SystemServerTiming: StartTelephonyRegistry
06-04 18:04:44.822 247 247 I Zygote : Lazily preloading resources.
06-04 18:04:44.822 247 247 D Zygote : begin preload
06-04 18:04:44.822 247 247 I Zygote : Calling ZygoteHooks.beginPreload()
06-04 18:04:44.827 468 468 D SystemServerTiming: StartTelephonyRegistry took to complete: 5ms
06-04 18:04:44.827 468 468 I SystemServerTiming: StartEntropyMixer
06-04 18:04:44.857 468 515 I SchedulingPolicyService: Moving 389 back to group default
06-04 18:04:44.859 468 468 I EntropyMixer: Writing entropy...
06-04 18:04:44.859 468 515 D SystemServerInitThreadPool: Finished executing SchedulingPolicyService.
06-04 18:04:44.859 468 515 D SystemServerTimingAsync: InitThreadPoolExec:SchedulingPolicyService. took to complete: 43ms
06-04 18:04:44.867 468 468 D SystemServerTiming: StartEntropyMixer took to complete: 39ms
06-04 18:04:44.868 468 468 I SystemServerTiming: StartAccountManagerService
06-04 18:04:44.869 468 468 I SystemServiceManager: Starting com.android.server.accounts.AccountManagerService$Lifecycle
06-04 18:04:44.877 468 468 D CompatibilityChangeReporter: Compat change id reported: 148180766; UID 1000; state: ENABLED
06-04 18:04:44.880 468 468 D SystemServerTiming: StartAccountManagerService took to complete: 11ms
06-04 18:04:44.880 468 468 I SystemServerTiming: StartContentService
06-04 18:04:44.881 468 468 I SystemServiceManager: Starting com.android.server.content.ContentService$Lifecycle
06-04 18:04:44.887 468 468 D SystemServerTiming: StartContentService took to complete: 7ms
06-04 18:04:44.888 468 468 I SystemServerTiming: InstallSystemProviders
06-04 18:04:44.907 281 303 D Sunxi_PQ: has no clients connectted, close the socket.
06-04 18:04:44.968 247 247 D ZygoteInitTiming_lazy: BeginPreload took to complete: 145ms
06-04 18:04:44.969 247 247 I Zygote : Preloading classes...
06-04 18:04:44.974 468 468 W SettingsState: No settings state /data/system/users/0/settings_config.xml
06-04 18:04:44.979 468 468 I SettingsState: directory info for directory/file /data/system/users/0/settings_config.xml with stacktrace
06-04 18:04:44.979 468 468 I SettingsState: java.lang.Exception
06-04 18:04:44.979 468 468 I SettingsState: at com.android.providers.settings.SettingsState.logSettingsDirectoryInformation(SettingsState.java:877)
06-04 18:04:44.979 468 468 I SettingsState: at com.android.providers.settings.SettingsState.readStateSyncLocked(SettingsState.java:1008)
06-04 18:04:44.979 468 468 I SettingsState: at com.android.providers.settings.SettingsState.(SettingsState.java:283)
06-04 18:04:44.979 468 468 I SettingsState: at com.android.providers.settings.SettingsProvider$SettingsRegistry.ensureSettingsStateLocked(SettingsProvider.java:2884)
06-04 18:04:44.979 468 468 I SettingsState: at com.android.providers.settings.SettingsProvider$SettingsRegistry.ensureSettingsForUserLocked(SettingsProvider.java:2849)
06-04 18:04:44.979 468 468 I SettingsState: at com.android.providers.settings.SettingsProvider$SettingsRegistry.peekSettingsStateLocked(SettingsProvider.java:3201)
06-04 18:04:44.979 468 468 I SettingsState: at com.android.providers.settings.SettingsProvider$SettingsRegistry.getSettingsNamesLocked(SettingsProvider.java:2814)
06-04 18:04:44.979 468 468 I SettingsState: at com.android.providers.settings.SettingsProvider$SettingsRegistry.syncSsaidTableOnStartLocked(SettingsProvider.java:2797)
06-04 18:04:44.979 468 468 I SettingsState: at com.android.providers.settings.SettingsProvider$SettingsRegistry.access$100(SettingsProvider.java:2667)
06-04 18:04:44.979 468 468 I SettingsState: at com.android.providers.settings.SettingsProvider.onCreate(SettingsProvider.java:397)
06-04 18:04:44.979 468 468 I SettingsState: at android.content.ContentProvider.attachInfo(ContentProvider.java:2404)
06-04 18:04:44.979 468 468 I SettingsState: at android.content.ContentProvider.attachInfo(ContentProvider.java:2374)
06-04 18:04:44.979 468 468 I SettingsState: at android.app.ActivityThread.installProvider(ActivityThread.java:7437)
06-04 18:04:44.979 468 468 I SettingsState: at android.app.ActivityThread.installContentProviders(ActivityThread.java:6954)
06-04 18:04:44.979 468 468 I SettingsState: at android.app.ActivityThread.installSystemProviders(ActivityThread.java:7624)
06-04 18:04:44.979 468 468 I SettingsState: at com.android.server.am.ContentProviderHelper.installSystemProviders(ContentProviderHelper.java:1247)
06-04 18:04:44.979 468 468 I SettingsState: at com.android.server.SystemServer.startOtherServices(SystemServer.java:1507)
06-04 18:04:44.979 468 468 I SettingsState: at com.android.server.SystemServer.run(SystemServer.java:928)
06-04 18:04:44.979 468 468 I SettingsState: at com.android.server.SystemServer.main(SystemServer.java:628)
06-04 18:04:44.979 468 468 I SettingsState: at java.lang.reflect.Method.invoke(Native Method)
06-04 18:04:44.979 468 468 I SettingsState: at com.android.internal.os.RuntimeInit$MethodAndArgsCaller.run(RuntimeInit.java:548)
06-04 18:04:44.979 468 468 I SettingsState: at com.android.internal.os.ZygoteInit.main(ZygoteInit.java:1160)
06-04 18:04:44.979 468 468 I SettingsState: ancestor directory /data/system/users/0 exists
06-04 18:04:44.980 468 468 I SettingsState: ancestor directory /data/system/users/0 permissions: r: true w: true x: true
06-04 18:04:44.980 468 468 I SettingsState: ancestor's parent directory /data/system/users permissions: r: true w: true x: true
06-04 18:04:45.045 468 530 D ActivityManager: Freezer enabled
06-04 18:04:45.045 468 530 D ActivityManager: freezer override set to false
06-04 18:04:45.047 468 468 D SystemServerTiming: InstallSystemProviders took to complete: 158ms
06-04 18:04:45.047 468 468 I SystemServerTiming: StartDropBoxManager
06-04 18:04:45.047 468 468 I SystemServiceManager: Starting com.android.server.DropBoxManagerService
06-04 18:04:45.049 468 468 D SystemServerTiming: StartDropBoxManager took to complete: 3ms
06-04 18:04:45.051 468 468 I SystemServerTiming: StartRoleManagerService
06-04 18:04:45.052 247 247 I Typeface: Preloading /system/fonts/Roboto-Regular.ttf
06-04 18:04:45.052 468 468 I SystemServiceManager: Starting com.android.role.RoleService
06-04 18:04:45.053 247 247 I Typeface: Preloading /system/fonts/RobotoStatic-Regular.ttf
06-04 18:04:45.067 468 468 D SystemServerTiming: StartRoleManagerService took to complete: 15ms
06-04 18:04:45.067 468 468 I SystemServerTiming: StartVibratorManagerService
06-04 18:04:45.067 468 468 I SystemServiceManager: Starting com.android.server.vibrator.VibratorManagerService$Lifecycle
06-04 18:04:45.071 184 184 E servicemanager: Could not find android.hardware.vibrator.IVibratorManager/default in the VINTF manifest.
06-04 18:04:45.072 184 184 E servicemanager: Could not find android.hardware.vibrator.IVibrator/default in the VINTF manifest.
06-04 18:04:45.079 185 185 I hwservicemanager: getTransport: Cannot find entry android.hardware.vibrator@1.0::IVibrator/default in either framework or device VINTF manifest.
06-04 18:04:45.088 468 468 D SystemServerTiming: StartVibratorManagerService took to complete: 22ms
06-04 18:04:45.088 468 468 I SystemServerTiming: StartDynamicSystemService
06-04 18:04:45.090 468 468 D SystemServerTiming: StartDynamicSystemService took to complete: 2ms
06-04 18:04:45.090 468 468 I SystemServerTiming: StartConsumerIrService
06-04 18:04:45.091 185 185 I hwservicemanager: getTransport: Cannot find entry android.hardware.ir@1.0::IConsumerIr/default in either framework or device VINTF manifest.
06-04 18:04:45.097 468 468 D SystemServerTiming: StartConsumerIrService took to complete: 7ms
06-04 18:04:45.097 468 468 I SystemServerTiming: StartAlarmManagerService
06-04 18:04:45.099 468 468 I SystemServiceManager: Starting com.android.server.alarm.AlarmManagerService
06-04 18:04:45.129 318 320 D XM_HIDREAD: add@ add@/devices/virtual/wakeup/wakeup13
06-04 18:04:45.134 318 320 D XM_HIDREAD: add@ add@/devices/virtual/wakeup/wakeup14
06-04 18:04:45.137 318 320 D XM_HIDREAD: add@ add@/devices/virtual/wakeup/wakeup15
06-04 18:04:45.104 334 334 I xiriservice_All: type=1400 audit(0.0:295): avc: denied { read } for scontext=u:r:init:s0 tcontext=u:r:init:s0 tclass=netlink_kobject_uevent_socket permissive=1
06-04 18:04:45.140 318 320 D XM_HIDREAD: add@ add@/devices/virtual/wakeup/wakeup16
06-04 18:04:45.140 318 320 D XM_HIDREAD: add@ add@/devices/virtual/wakeup/wakeup17
06-04 18:04:45.143 318 320 D XM_HIDREAD: add@ add@/devices/virtual/wakeup/wakeup18
06-04 18:04:45.143 318 320 D XM_HIDREAD: add@ add@/devices/virtual/wakeup/wakeup19
06-04 18:04:45.144 468 468 D AlarmManagerService: Kernel timezone updated to -480 minutes west of GMT
06-04 18:04:45.145 468 468 D CompatibilityChangeReporter: Compat change id reported: 160794467; UID 1000; state: ENABLED
06-04 18:04:45.158 468 468 W SystemServiceManager: Service com.android.server.alarm.AlarmManagerService took 58 ms in onStart
06-04 18:04:45.158 468 468 D SystemServerTiming: StartAlarmManagerService took to complete: 61ms
06-04 18:04:45.158 468 468 I SystemServerTiming: StartInputManagerService
06-04 18:04:45.159 468 468 I InputManager: Initializing input manager, mUseDevInputEventForAudioJack=true
06-04 18:04:45.163 318 320 D XM_HIDREAD: add@ add@/devices/virtual/wakeup/wakeup20
06-04 18:04:45.163 318 320 D XM_HIDREAD: add@ add@/devices/virtual/wakeup/wakeup21
06-04 18:04:45.163 318 320 D XM_HIDREAD: add@ add@/devices/virtual/wakeup/wakeup22
06-04 18:04:45.171 468 468 D SystemServerTiming: StartInputManagerService took to complete: 13ms
06-04 18:04:45.171 468 468 I SystemServerTiming: DeviceStateManagerService
06-04 18:04:45.172 468 468 I SystemServiceManager: Starting com.android.server.devicestate.DeviceStateManagerService
06-04 18:04:45.174 245 249 I ServiceManager: Waiting for service 'statscompanion' on '/dev/binder'...
06-04 18:04:45.179 468 468 D SystemServerTiming: DeviceStateManagerService took to complete: 8ms
06-04 18:04:45.180 468 468 I SystemServerTiming: StartCameraServiceProxy
06-04 18:04:45.180 468 468 I SystemServiceManager: Starting com.android.server.camera.CameraServiceProxy
06-04 18:04:45.184 468 468 D SystemServerTiming: StartCameraServiceProxy took to complete: 4ms
06-04 18:04:45.184 468 468 I SystemServerTiming: StartWindowManagerService
06-04 18:04:45.184 468 468 I SystemServiceManager: Starting phase 200
06-04 18:04:45.184 468 468 I SystemServerTiming: OnBootPhase_200
06-04 18:04:45.184 468 468 D SystemServerTiming: OnBootPhase_200 took to complete: 0ms
06-04 18:04:45.187 468 468 I WindowManager: No existing display settings, starting empty
06-04 18:04:45.189 468 468 I WindowManager: No existing display settings, starting empty
06-04 18:04:45.202 468 520 I WindowTracing: Setting window tracing log level to 1
06-04 18:04:45.203 468 520 I WindowTracing: Setting window tracing buffer capacity to 2097152bytes
06-04 18:04:45.226 468 468 D SystemServerTiming: StartWindowManagerService took to complete: 43ms
06-04 18:04:45.226 468 468 I SystemServerTiming: SetWindowManagerService
06-04 18:04:45.236 468 468 I InputDispatcher: Created monitor PointerEventDispatcher0 for display 0, gesture=false, pid=468
06-04 18:04:45.242 247 247 I Typeface: Preloading /system/fonts/NotoSansCJK-Regular.ttc
06-04 18:04:45.245 247 247 I Typeface: Preloading /system/fonts/NotoSerifCJK-Regular.ttc
06-04 18:04:45.335 468 468 I ActivityTaskManager: Loaded persisted task ids for user 0
06-04 18:04:45.338 247 247 E ActivityRecognitionHardware: activity_recognition HAL is deprecated. class_init is effectively a no-op
06-04 18:04:45.343 468 468 D SystemServerTiming: SetWindowManagerService took to complete: 117ms
06-04 18:04:45.344 468 468 I SystemServerTiming: WindowManagerServiceOnInitReady
06-04 18:04:45.370 468 518 D ExtconUEventObserver: FilenameExtconByName: /sys/class/extcon/extcon0
06-04 18:04:45.373 468 518 W WindowManager: /sys/class/extcon/hdmi/state not found while attempting to determine initial state
06-04 18:04:45.373 468 518 W WindowManager: java.io.FileNotFoundException: /sys/class/extcon/hdmi/state: open failed: ENOENT (No such file or directory)
06-04 18:04:45.373 468 518 W WindowManager: at libcore.io.IoBridge.open(IoBridge.java:575)
06-04 18:04:45.373 468 518 W WindowManager: at java.io.FileInputStream.(FileInputStream.java:160)
06-04 18:04:45.373 468 518 W WindowManager: at android.os.FileUtils.readTextFile(FileUtils.java:637)
06-04 18:04:45.373 468 518 W WindowManager: at com.android.server.ExtconStateObserver.parseStateFromFile(ExtconStateObserver.java:49)
06-04 18:04:45.373 468 518 W WindowManager: at com.android.server.policy.PhoneWindowManager$HdmiVideoExtconUEventObserver.init(PhoneWindowManager.java:5666)
06-04 18:04:45.373 468 518 W WindowManager: at com.android.server.policy.PhoneWindowManager$HdmiVideoExtconUEventObserver.access$5200(PhoneWindowManager.java:5658)
06-04 18:04:45.373 468 518 W WindowManager: at com.android.server.policy.PhoneWindowManager.initializeHdmiStateInternal(PhoneWindowManager.java:3425)
06-04 18:04:45.373 468 518 W WindowManager: at com.android.server.policy.PhoneWindowManager.initializeHdmiState(PhoneWindowManager.java:3389)
06-04 18:04:45.373 468 518 W WindowManager: at com.android.server.policy.PhoneWindowManager.init(PhoneWindowManager.java:1821)
06-04 18:04:45.373 468 518 W WindowManager: at com.android.server.policy.TvWindowManager.init(TvWindowManager.java:259)
06-04 18:04:45.373 468 518 W WindowManager: at com.android.server.wm.WindowManagerService$5.run(WindowManagerService.java:1199)
06-04 18:04:45.373 468 518 W WindowManager: at android.os.Handler$BlockingRunnable.run(Handler.java:961)
06-04 18:04:45.373 468 518 W WindowManager: at android.os.Handler.handleCallback(Handler.java:938)
06-04 18:04:45.373 468 518 W WindowManager: at android.os.Handler.dispatchMessage(Handler.java:99)
06-04 18:04:45.373 468 518 W WindowManager: at android.os.Looper.loopOnce(Looper.java:201)
06-04 18:04:45.373 468 518 W WindowManager: at android.os.Looper.loop(Looper.java:288)
06-04 18:04:45.373 468 518 W WindowManager: at android.os.HandlerThread.run(HandlerThread.java:67)
06-04 18:04:45.373 468 518 W WindowManager: at com.android.server.ServiceThread.run(ServiceThread.java:44)
