06-05 09:34:47.303 2952 3019 D nStackXCoAP: ParseServiceDiscover:[330] :new device join
06-05 09:34:47.303 2952 3019 E nStackXDFinder: GetLocalIp:[401] :GetLocalIp exec
06-05 09:34:47.819 2952 3019 D nStackXCoAP: IsInSameNetwork:[276] :IsInSameNetwork exec
06-05 09:34:47.819 2952 3019 I nStackXDFinder: GetLocalInterfaceDetail:[461] :GetLocalInterfaceDetail in
06-05 09:34:47.819 2952 3019 E nStackXCoAP: IsInSameNetwork:[281] :IsInSameNetwork: not priority process
06-05 09:34:47.819 2952 3019 D nStackXCoAP: ParseServiceDiscover:[330] :new device join
06-05 09:34:47.820 2952 3019 E nStackXDFinder: GetLocalIp:[401] :GetLocalIp exec
06-04 18:09:55.171 381 381 W hdr10p_Configure: 246 callbacks suppressed
06-04 18:09:55.171 381 381 I : DVI mode selected: packets not configured
06-04 18:09:55.184 381 381 W set_vsif_config: 246 callbacks suppressed
06-04 18:09:55.184 381 381 I : Error: set vsif failed
06-04 18:09:55.195 381 381 I : DVI mode selected: packets not configured
06-04 18:09:55.202 381 381 I : Error: set vsif failed
06-04 18:09:55.224 381 381 I : DVI mode selected: packets not configured
06-04 18:09:55.231 381 381 I : Error: set vsif failed
06-04 18:09:55.235 381 381 I : DVI mode selected: packets not configured
06-04 18:09:55.242 381 381 I : Error: set vsif failed
06-04 18:09:55.261 381 381 I : DVI mode selected: packets not configured
06-04 18:09:55.267 381 381 I : Error: set vsif failed
06-04 18:09:55.272 381 381 I : DVI mode selected: packets not configured
06-04 18:09:55.279 381 381 I : Error: set vsif failed
06-04 18:09:55.294 381 381 I : DVI mode selected: packets not configured
06-04 18:09:55.301 381 381 I : Error: set vsif failed
06-04 18:09:55.306 381 381 I : DVI mode selected: packets not configured
06-04 18:09:55.312 381 381 I : Error: set vsif failed
06-04 18:09:55.327 381 381 I : DVI mode selected: packets not configured
06-04 18:09:55.334 381 381 I : Error: set vsif failed
06-04 18:09:55.338 381 381 I : DVI mode selected: packets not configured
06-04 18:09:55.345 381 381 I : Error: set vsif failed
06-05 09:34:48.263 468 519 W IorapForwardingService: No service published for: iorapd
06-05 09:34:49.051 663 663 E WifiHAL : wifi_get_link_stats: requestResponse Error:-5
06-05 09:34:49.053 468 612 E WifiVendorHal: getWifiLinkLayerStats_1_5_Internal(l.1191) failed {.code = ERROR_INVALID_ARGS, .description = }
06-05 09:34:49.265 468 519 W IorapForwardingService: No service published for: iorapd
06-05 09:34:49.321 1994 2121 I TDLog : [APP] New data found, Submitting...
06-05 09:34:49.345 1994 2121 I TDLog : [APP] Failed to submit data!
06-05 09:34:50.268 468 519 W IorapForwardingService: No service published for: iorapd
06-05 09:34:51.270 468 519 W IorapForwardingService: No service published for: iorapd
06-05 09:34:52.064 663 663 E WifiHAL : wifi_get_link_stats: requestResponse Error:-5
06-05 09:34:52.066 468 612 E WifiVendorHal: getWifiLinkLayerStats_1_5_Internal(l.1191) failed {.code = ERROR_INVALID_ARGS, .description = }
06-05 09:34:52.272 468 519 W IorapForwardingService: No service published for: iorapd
06-05 09:34:53.274 468 519 W IorapForwardingService: No service published for: iorapd
06-05 09:34:53.578 1994 2115 D UtilLog : 日志批量上报 进行正常循环 !!!!!!本次有0次请求,共0条数据
06-04 18:10:01.179 381 381 W hdr10p_Configure: 130 callbacks suppressed
06-04 18:10:01.179 381 381 I : DVI mode selected: packets not configured
06-04 18:10:01.193 381 381 W set_vsif_config: 130 callbacks suppressed
06-04 18:10:01.193 381 381 I : Error: set vsif failed
06-04 18:10:01.204 381 381 I : DVI mode selected: packets not configured
06-04 18:10:01.211 381 381 I : Error: set vsif failed
06-04 18:10:01.228 381 381 I : DVI mode selected: packets not configured
06-04 18:10:01.235 381 381 I : Error: set vsif failed
06-04 18:10:01.239 381 381 I : DVI mode selected: packets not configured
06-04 18:10:01.246 381 381 I : Error: set vsif failed
06-04 18:10:01.262 381 381 I : DVI mode selected: packets not configured
06-04 18:10:01.268 381 381 I : Error: set vsif failed
06-04 18:10:01.273 381 381 I : DVI mode selected: packets not configured
06-04 18:10:01.279 381 381 I : Error: set vsif failed
06-04 18:10:01.295 381 381 I : DVI mode selected: packets not configured
06-04 18:10:01.302 381 381 I : Error: set vsif failed
06-04 18:10:01.306 381 381 I : DVI mode selected: packets not configured
06-04 18:10:01.313 381 381 I : Error: set vsif failed
06-04 18:10:01.328 381 381 I : DVI mode selected: packets not configured
06-04 18:10:01.335 381 381 I : Error: set vsif failed
06-04 18:10:01.340 381 381 I : DVI mode selected: packets not configured
06-04 18:10:01.346 381 381 I : Error: set vsif failed
06-05 09:34:54.276 468 519 W IorapForwardingService: No service published for: iorapd
06-05 09:34:55.085 663 663 E WifiHAL : wifi_get_link_stats: requestResponse Error:-5
06-05 09:34:55.087 468 612 E WifiVendorHal: getWifiLinkLayerStats_1_5_Internal(l.1191) failed {.code = ERROR_INVALID_ARGS, .description = }
06-05 09:34:55.214 1123 1123 D aaa : LedStatusService onStartCommand begin
06-05 09:34:55.215 1123 3485 D aaa : topPkg is -------------- :com.dangbei.leard.leradlauncher
06-05 09:34:55.217 1174 1174 D bbb : onStartCommand begin !!!!!!! data分区剩余 24849MB
06-05 09:34:55.222 1123 3485 D aaa : WiFi is connect
06-05 09:34:55.278 468 519 W IorapForwardingService: No service published for: iorapd
06-05 09:34:56.281 468 519 W IorapForwardingService: No service published for: iorapd
06-05 09:34:57.282 468 519 W IorapForwardingService: No service published for: iorapd
06-05 09:34:58.102 663 663 E WifiHAL : wifi_get_link_stats: requestResponse Error:-5
06-05 09:34:58.104 468 612 E WifiVendorHal: getWifiLinkLayerStats_1_5_Internal(l.1191) failed {.code = ERROR_INVALID_ARGS, .description = }
06-05 09:34:58.285 468 519 W IorapForwardingService: No service published for: iorapd
06-05 09:34:59.287 468 519 W IorapForwardingService: No service published for: iorapd
06-04 18:10:07.197 381 381 W hdr10p_Configure: 145 callbacks suppressed
06-04 18:10:07.197 381 381 I : DVI mode selected: packets not configured
06-04 18:10:07.210 381 381 W set_vsif_config: 145 callbacks suppressed
06-04 18:10:07.210 381 381 I : Error: set vsif failed
06-04 18:10:07.228 381 381 I : DVI mode selected: packets not configured
06-04 18:10:07.235 381 381 I : Error: set vsif failed
06-04 18:10:07.247 381 381 I : DVI mode selected: packets not configured
06-04 18:10:07.253 381 381 I : Error: set vsif failed
06-04 18:10:07.278 381 381 I : DVI mode selected: packets not configured
06-04 18:10:07.284 381 381 I : Error: set vsif failed
06-04 18:10:07.308 381 381 I : DVI mode selected: packets not configured
06-04 18:10:07.314 381 381 I : Error: set vsif failed
06-04 18:10:07.329 381 381 I : DVI mode selected: packets not configured
06-04 18:10:07.335 381 381 I : Error: set vsif failed
06-04 18:10:07.344 381 381 I : DVI mode selected: packets not configured
06-04 18:10:07.351 381 381 I : Error: set vsif failed
06-04 18:10:07.362 381 381 I : DVI mode selected: packets not configured
06-04 18:10:07.368 381 381 I : Error: set vsif failed
06-04 18:10:07.378 381 381 I : DVI mode selected: packets not configured
06-04 18:10:07.385 381 381 I : Error: set vsif failed
06-04 18:10:07.395 381 381 I : DVI mode selected: packets not configured
06-04 18:10:07.402 381 381 I : Error: set vsif failed
06-05 09:35:00.290 468 519 W IorapForwardingService: No service published for: iorapd
06-05 09:35:01.113 663 663 E WifiHAL : wifi_get_link_stats: requestResponse Error:-5
06-05 09:35:01.115 468 612 E WifiVendorHal: getWifiLinkLayerStats_1_5_Internal(l.1191) failed {.code = ERROR_INVALID_ARGS, .description = }
06-05 09:35:01.293 468 519 W IorapForwardingService: No service published for: iorapd
06-05 09:35:01.756 267 300 D hdmi-cec: receive invalid cec message!
06-05 09:35:01.756 267 300 D hdmi-cec: receive poll message [04], skip!
06-05 09:35:01.924 2807 2816 I gbei.screencas: Background concurrent copying GC freed 67429(5782KB) AllocSpace objects, 0(0B) LOS objects, 49% free, 6123KB/11MB, paused 207us total 156.095ms
06-05 09:35:02.295 468 519 W IorapForwardingService: No service published for: iorapd
06-05 09:35:03.255 1123 1123 D aaa : LedStatusService onStartCommand begin
06-05 09:35:03.258 1123 3498 D aaa : topPkg is -------------- :com.dangbei.leard.leradlauncher
06-05 09:35:03.262 1123 3498 D aaa : WiFi is connect
06-05 09:35:03.265 1174 1174 D bbb : onStartCommand begin !!!!!!! data分区剩余 24849MB
06-05 09:35:03.298 468 519 W IorapForwardingService: No service published for: iorapd
06-05 09:35:03.555 1994 2115 D UtilLog : 日志批量上报 进行正常循环 !!!!!!本次有0次请求,共0条数据
06-05 09:35:04.135 663 663 E WifiHAL : wifi_get_link_stats: requestResponse Error:-5
06-05 09:35:04.139 468 612 E WifiVendorHal: getWifiLinkLayerStats_1_5_Internal(l.1191) failed {.code = ERROR_INVALID_ARGS, .description = }
06-05 09:35:04.299 468 519 W IorapForwardingService: No service published for: iorapd
06-05 09:35:05.302 468 519 W IorapForwardingService: No service published for: iorapd
06-04 18:10:13.201 381 381 W hdr10p_Configure: 62 callbacks suppressed
06-04 18:10:13.201 381 381 I : DVI mode selected: packets not configured
06-04 18:10:13.215 381 381 W set_vsif_config: 62 callbacks suppressed
06-04 18:10:13.215 381 381 I : Error: set vsif failed
06-04 18:10:13.246 381 381 I : DVI mode selected: packets not configured
06-04 18:10:13.253 381 381 I : Error: set vsif failed
06-04 18:10:13.278 381 381 I : DVI mode selected: packets not configured
06-04 18:10:13.285 381 381 I : Error: set vsif failed
06-04 18:10:13.296 381 381 I : DVI mode selected: packets not configured
06-04 18:10:13.303 381 381 I : Error: set vsif failed
06-04 18:10:13.327 381 381 I : DVI mode selected: packets not configured
06-04 18:10:13.334 381 381 I : Error: set vsif failed
06-04 18:10:13.345 381 381 I : DVI mode selected: packets not configured
06-04 18:10:13.351 381 381 I : Error: set vsif failed
06-04 18:10:13.361 381 381 I : DVI mode selected: packets not configured
06-04 18:10:13.368 381 381 I : Error: set vsif failed
06-04 18:10:13.378 381 381 I : DVI mode selected: packets not configured
06-04 18:10:13.384 381 381 I : Error: set vsif failed
06-04 18:10:13.396 381 381 I : DVI mode selected: packets not configured
06-04 18:10:13.402 381 381 I : Error: set vsif failed
06-04 18:10:13.410 381 381 I : DVI mode selected: packets not configured
06-04 18:10:13.417 381 381 I : Error: set vsif failed
06-05 09:35:06.304 468 519 W IorapForwardingService: No service published for: iorapd
06-05 09:35:07.156 663 663 E WifiHAL : wifi_get_link_stats: requestResponse Error:-5
06-05 09:35:07.158 468 612 E WifiVendorHal: getWifiLinkLayerStats_1_5_Internal(l.1191) failed {.code = ERROR_INVALID_ARGS, .description = }
06-05 09:35:07.306 468 519 W IorapForwardingService: No service published for: iorapd
06-05 09:35:08.308 468 519 W IorapForwardingService: No service published for: iorapd
06-05 09:35:09.311 468 519 W IorapForwardingService: No service published for: iorapd
06-05 09:35:10.172 663 663 E WifiHAL : wifi_get_link_stats: requestResponse Error:-5
06-05 09:35:10.175 468 612 E WifiVendorHal: getWifiLinkLayerStats_1_5_Internal(l.1191) failed {.code = ERROR_INVALID_ARGS, .description = }
06-05 09:35:10.313 468 519 W IorapForwardingService: No service published for: iorapd
06-05 09:35:11.293 1123 1123 D aaa : LedStatusService onStartCommand begin
06-05 09:35:11.296 1174 1174 D bbb : onStartCommand begin !!!!!!! data分区剩余 24849MB
06-05 09:35:11.299 1123 3510 D aaa : topPkg is -------------- :com.dangbei.leard.leradlauncher
06-05 09:35:11.306 1123 3510 D aaa : WiFi is connect
06-05 09:35:11.315 468 519 W IorapForwardingService: No service published for: iorapd
06-04 18:10:19.205 381 381 W hdr10p_Configure: 60 callbacks suppressed
06-04 18:10:19.205 381 381 I : DVI mode selected: packets not configured
06-04 18:10:19.219 381 381 W set_vsif_config: 60 callbacks suppressed
06-04 18:10:19.219 381 381 I : Error: set vsif failed
06-04 18:10:19.245 381 381 I : DVI mode selected: packets not configured
06-04 18:10:19.252 381 381 I : Error: set vsif failed
06-04 18:10:19.267 381 381 I : DVI mode selected: packets not configured
06-04 18:10:19.274 381 381 I : Error: set vsif failed
06-04 18:10:19.295 381 381 I : DVI mode selected: packets not configured
06-04 18:10:19.301 381 381 I : Error: set vsif failed
06-04 18:10:19.311 381 381 I : DVI mode selected: packets not configured
06-04 18:10:19.318 381 381 I : Error: set vsif failed
06-04 18:10:19.340 381 381 I : DVI mode selected: packets not configured
06-04 18:10:19.347 381 381 I : Error: set vsif failed
06-04 18:10:19.361 381 381 I : DVI mode selected: packets not configured
06-04 18:10:19.368 381 381 I : Error: set vsif failed
06-04 18:10:19.384 381 381 I : DVI mode selected: packets not configured
06-04 18:10:19.391 381 381 I : Error: set vsif failed
06-04 18:10:19.411 381 381 I : DVI mode selected: packets not configured
06-04 18:10:19.417 381 381 I : Error: set vsif failed
06-04 18:10:19.428 381 381 I : DVI mode selected: packets not configured
06-04 18:10:19.435 381 381 I : Error: set vsif failed
06-05 09:35:12.318 468 519 W IorapForwardingService: No service published for: iorapd
06-05 09:35:12.654 468 988 W ZramWriteback: Writeback device is not set
06-05 09:35:12.654 468 988 D ZramWriteback: wait to flush
06-05 09:35:13.188 663 663 E WifiHAL : wifi_get_link_stats: requestResponse Error:-5
06-05 09:35:13.191 468 612 E WifiVendorHal: getWifiLinkLayerStats_1_5_Internal(l.1191) failed {.code = ERROR_INVALID_ARGS, .description = }
06-05 09:35:13.320 468 519 W IorapForwardingService: No service published for: iorapd
06-05 09:35:13.581 1994 2115 D UtilLog : 日志批量上报 进行正常循环 !!!!!!本次有0次请求,共0条数据
06-05 09:35:14.322 468 519 W IorapForwardingService: No service published for: iorapd
06-05 09:35:15.325 468 519 W IorapForwardingService: No service published for: iorapd
06-05 09:35:16.203 663 663 E WifiHAL : wifi_get_link_stats: requestResponse Error:-5
06-05 09:35:16.204 468 612 E WifiVendorHal: getWifiLinkLayerStats_1_5_Internal(l.1191) failed {.code = ERROR_INVALID_ARGS, .description = }
06-05 09:35:16.243 2807 2816 I gbei.screencas: Background concurrent copying GC freed 52651(6769KB) AllocSpace objects, 0(0B) LOS objects, 49% free, 6200KB/12MB, paused 252us total 154.785ms
06-05 09:35:16.328 468 519 W IorapForwardingService: No service published for: iorapd
06-05 09:35:16.783 267 300 D hdmi-cec: receive invalid cec message!
06-05 09:35:16.783 267 300 D hdmi-cec: receive poll message [04], skip!
06-05 09:35:17.330 468 519 W IorapForwardingService: No service published for: iorapd
06-04 18:10:25.218 381 381 W hdr10p_Configure: 60 callbacks suppressed
06-04 18:10:25.218 381 381 I : DVI mode selected: packets not configured
06-04 18:10:25.232 381 381 W set_vsif_config: 60 callbacks suppressed
06-04 18:10:25.232 381 381 I : Error: set vsif failed
06-04 18:10:25.262 381 381 I : DVI mode selected: packets not configured
06-04 18:10:25.269 381 381 I : Error: set vsif failed
06-04 18:10:25.280 381 381 I : DVI mode selected: packets not configured
06-04 18:10:25.286 381 381 I : Error: set vsif failed
06-04 18:10:25.312 381 381 I : DVI mode selected: packets not configured
06-04 18:10:25.319 381 381 I : Error: set vsif failed
06-04 18:10:25.328 381 381 I : DVI mode selected: packets not configured
06-04 18:10:25.334 381 381 I : Error: set vsif failed
06-04 18:10:25.344 381 381 I : DVI mode selected: packets not configured
06-04 18:10:25.351 381 381 I : Error: set vsif failed
06-04 18:10:25.361 381 381 I : DVI mode selected: packets not configured
06-04 18:10:25.368 381 381 I : Error: set vsif failed
06-04 18:10:25.379 381 381 I : DVI mode selected: packets not configured
06-04 18:10:25.385 381 381 I : Error: set vsif failed
06-04 18:10:25.411 381 381 I : DVI mode selected: packets not configured
06-04 18:10:25.418 381 381 I : Error: set vsif failed
06-04 18:10:25.427 381 381 I : DVI mode selected: packets not configured
06-04 18:10:25.434 381 381 I : Error: set vsif failed
06-05 09:35:18.331 468 519 W IorapForwardingService: No service published for: iorapd
06-05 09:35:19.216 663 663 E WifiHAL : wifi_get_link_stats: requestResponse Error:-5
06-05 09:35:19.218 468 612 E WifiVendorHal: getWifiLinkLayerStats_1_5_Internal(l.1191) failed {.code = ERROR_INVALID_ARGS, .description = }
06-05 09:35:19.324 1123 1123 D aaa : LedStatusService onStartCommand begin
06-05 09:35:19.326 1174 1174 D bbb : onStartCommand begin !!!!!!! data分区剩余 24849MB
06-05 09:35:19.330 1123 3526 D aaa : topPkg is -------------- :com.dangbei.leard.leradlauncher
06-05 09:35:19.334 1123 3526 D aaa : WiFi is connect
06-05 09:35:19.334 468 519 W IorapForwardingService: No service published for: iorapd
06-05 09:35:20.336 468 519 W IorapForwardingService: No service published for: iorapd
06-05 09:35:21.094 2952 3019 D nStackXCoAP: IsInSameNetwork:[276] :IsInSameNetwork exec
06-05 09:35:21.094 2952 3019 I nStackXDFinder: GetLocalInterfaceDetail:[461] :GetLocalInterfaceDetail in
06-05 09:35:21.094 2952 3019 E nStackXCoAP: IsInSameNetwork:[281] :IsInSameNetwork: not priority process
06-05 09:35:21.094 2952 3019 D nStackXCoAP: ParseServiceDiscover:[330] :new device join
06-05 09:35:21.094 2952 3019 E nStackXDFinder: GetLocalIp:[401] :GetLocalIp exec
06-05 09:35:21.104 2952 3019 D nStackXCoAP: IsInSameNetwork:[276] :IsInSameNetwork exec
06-05 09:35:21.104 2952 3019 I nStackXDFinder: GetLocalInterfaceDetail:[461] :GetLocalInterfaceDetail in
06-05 09:35:21.106 2952 3019 E nStackXCoAP: IsInSameNetwork:[281] :IsInSameNetwork: not priority process
06-05 09:35:21.106 2952 3019 D nStackXCoAP: ParseServiceDiscover:[330] :new device join
06-05 09:35:21.107 2952 3019 E nStackXDFinder: GetLocalIp:[401] :GetLocalIp exec
06-05 09:35:21.315 2952 3019 D nStackXCoAP: IsInSameNetwork:[276] :IsInSameNetwork exec
06-05 09:35:21.315 2952 3019 I nStackXDFinder: GetLocalInterfaceDetail:[461] :GetLocalInterfaceDetail in
06-05 09:35:21.315 2952 3019 E nStackXCoAP: IsInSameNetwork:[281] :IsInSameNetwork: not priority process
06-05 09:35:21.316 2952 3019 D nStackXCoAP: ParseServiceDiscover:[330] :new device join
06-05 09:35:21.316 2952 3019 E nStackXDFinder: GetLocalIp:[401] :GetLocalIp exec
06-05 09:35:21.339 468 519 W IorapForwardingService: No service published for: iorapd
06-05 09:35:21.505 2952 3019 D nStackXCoAP: IsInSameNetwork:[276] :IsInSameNetwork exec
06-05 09:35:21.505 2952 3019 I nStackXDFinder: GetLocalInterfaceDetail:[461] :GetLocalInterfaceDetail in
06-05 09:35:21.505 2952 3019 E nStackXCoAP: IsInSameNetwork:[281] :IsInSameNetwork: not priority process
06-05 09:35:21.505 2952 3019 D nStackXCoAP: ParseServiceDiscover:[330] :new device join
06-05 09:35:21.505 2952 3019 E nStackXDFinder: GetLocalIp:[401] :GetLocalIp exec
06-05 09:35:22.014 2952 3019 D nStackXCoAP: IsInSameNetwork:[276] :IsInSameNetwork exec
06-05 09:35:22.014 2952 3019 I nStackXDFinder: GetLocalInterfaceDetail:[461] :GetLocalInterfaceDetail in
06-05 09:35:22.014 2952 3019 E nStackXCoAP: IsInSameNetwork:[281] :IsInSameNetwork: not priority process
06-05 09:35:22.014 2952 3019 D nStackXCoAP: ParseServiceDiscover:[330] :new device join
06-05 09:35:22.014 2952 3019 E nStackXDFinder: GetLocalIp:[401] :GetLocalIp exec
06-05 09:35:22.231 663 663 E WifiHAL : wifi_get_link_stats: requestResponse Error:-5
06-05 09:35:22.232 468 612 E WifiVendorHal: getWifiLinkLayerStats_1_5_Internal(l.1191) failed {.code = ERROR_INVALID_ARGS, .description = }
06-05 09:35:22.342 468 519 W IorapForwardingService: No service published for: iorapd
06-05 09:35:22.637 2952 3019 D nStackXCoAP: IsInSameNetwork:[276] :IsInSameNetwork exec
06-05 09:35:22.637 2952 3019 I nStackXDFinder: GetLocalInterfaceDetail:[461] :GetLocalInterfaceDetail in
06-05 09:35:22.638 2952 3019 E nStackXCoAP: IsInSameNetwork:[281] :IsInSameNetwork: not priority process
06-05 09:35:22.638 2952 3019 D nStackXCoAP: ParseServiceDiscover:[330] :new device join
06-05 09:35:22.638 2952 3019 E nStackXDFinder: GetLocalIp:[401] :GetLocalIp exec
06-05 09:35:23.047 2952 3019 D nStackXCoAP: IsInSameNetwork:[276] :IsInSameNetwork exec
06-05 09:35:23.047 2952 3019 I nStackXDFinder: GetLocalInterfaceDetail:[461] :GetLocalInterfaceDetail in
06-05 09:35:23.047 2952 3019 E nStackXCoAP: IsInSameNetwork:[281] :IsInSameNetwork: not priority process
06-05 09:35:23.047 2952 3019 D nStackXCoAP: ParseServiceDiscover:[330] :new device join
06-05 09:35:23.048 2952 3019 E nStackXDFinder: GetLocalIp:[401] :GetLocalIp exec
06-05 09:35:23.345 468 519 W IorapForwardingService: No service published for: iorapd
06-05 09:35:23.553 2952 3019 D nStackXCoAP: IsInSameNetwork:[276] :IsInSameNetwork exec
06-05 09:35:23.553 2952 3019 I nStackXDFinder: GetLocalInterfaceDetail:[461] :GetLocalInterfaceDetail in
06-05 09:35:23.553 2952 3019 E nStackXCoAP: IsInSameNetwork:[281] :IsInSameNetwork: not priority process
06-05 09:35:23.553 2952 3019 D nStackXCoAP: ParseServiceDiscover:[330] :new device join
06-05 09:35:23.553 2952 3019 E nStackXDFinder: GetLocalIp:[401] :GetLocalIp exec
06-05 09:35:23.577 1994 2115 D UtilLog : 日志批量上报 进行正常循环 !!!!!!本次有0次请求,共0条数据
06-04 18:10:31.213 381 381 W hdr10p_Configure: 62 callbacks suppressed
06-04 18:10:31.213 381 381 I : DVI mode selected: packets not configured
06-04 18:10:31.226 381 381 W set_vsif_config: 62 callbacks suppressed
06-04 18:10:31.226 381 381 I : Error: set vsif failed
06-04 18:10:31.246 381 381 I : DVI mode selected: packets not configured
06-04 18:10:31.253 381 381 I : Error: set vsif failed
06-04 18:10:31.278 381 381 I : DVI mode selected: packets not configured
06-04 18:10:31.285 381 381 I : Error: set vsif failed
06-04 18:10:31.296 381 381 I : DVI mode selected: packets not configured
06-04 18:10:31.302 381 381 I : Error: set vsif failed
06-04 18:10:31.327 381 381 I : DVI mode selected: packets not configured
06-04 18:10:31.334 381 381 I : Error: set vsif failed
06-04 18:10:31.345 381 381 I : DVI mode selected: packets not configured
06-04 18:10:31.351 381 381 I : Error: set vsif failed
06-04 18:10:31.362 381 381 I : DVI mode selected: packets not configured
06-04 18:10:31.369 381 381 I : Error: set vsif failed
06-04 18:10:31.378 381 381 I : DVI mode selected: packets not configured
06-04 18:10:31.384 381 381 I : Error: set vsif failed
06-04 18:10:31.395 381 381 I : DVI mode selected: packets not configured
06-04 18:10:31.401 381 381 I : Error: set vsif failed
06-04 18:10:31.411 381 381 I : DVI mode selected: packets not configured
06-04 18:10:31.418 381 381 I : Error: set vsif failed
06-05 09:35:24.070 2952 3019 D nStackXCoAP: IsInSameNetwork:[276] :IsInSameNetwork exec
06-05 09:35:24.070 2952 3019 I nStackXDFinder: GetLocalInterfaceDetail:[461] :GetLocalInterfaceDetail in
06-05 09:35:24.070 2952 3019 E nStackXCoAP: IsInSameNetwork:[281] :IsInSameNetwork: not priority process
06-05 09:35:24.070 2952 3019 D nStackXCoAP: ParseServiceDiscover:[330] :new device join
06-05 09:35:24.070 2952 3019 E nStackXDFinder: GetLocalIp:[401] :GetLocalIp exec
06-05 09:35:24.347 468 519 W IorapForwardingService: No service published for: iorapd
06-05 09:35:24.494 2952 3019 D nStackXCoAP: IsInSameNetwork:[276] :IsInSameNetwork exec
06-05 09:35:24.494 2952 3019 I nStackXDFinder: GetLocalInterfaceDetail:[461] :GetLocalInterfaceDetail in
06-05 09:35:24.494 2952 3019 E nStackXCoAP: IsInSameNetwork:[281] :IsInSameNetwork: not priority process
06-05 09:35:24.494 2952 3019 D nStackXCoAP: ParseServiceDiscover:[330] :new device join
06-05 09:35:24.494 2952 3019 E nStackXDFinder: GetLocalIp:[401] :GetLocalIp exec
06-05 09:35:25.008 2952 3019 D nStackXCoAP: IsInSameNetwork:[276] :IsInSameNetwork exec
06-05 09:35:25.008 2952 3019 I nStackXDFinder: GetLocalInterfaceDetail:[461] :GetLocalInterfaceDetail in
06-05 09:35:25.009 2952 3019 E nStackXCoAP: IsInSameNetwork:[281] :IsInSameNetwork: not priority process
06-05 09:35:25.009 2952 3019 D nStackXCoAP: ParseServiceDiscover:[330] :new device join
06-05 09:35:25.009 2952 3019 E nStackXDFinder: GetLocalIp:[401] :GetLocalIp exec
06-05 09:35:25.243 663 663 E WifiHAL : wifi_get_link_stats: requestResponse Error:-5
06-05 09:35:25.246 468 612 E WifiVendorHal: getWifiLinkLayerStats_1_5_Internal(l.1191) failed {.code = ERROR_INVALID_ARGS, .description = }
06-05 09:35:25.349 468 519 W IorapForwardingService: No service published for: iorapd
06-05 09:35:25.719 2952 3019 D nStackXCoAP: IsInSameNetwork:[276] :IsInSameNetwork exec
06-05 09:35:25.719 2952 3019 I nStackXDFinder: GetLocalInterfaceDetail:[461] :GetLocalInterfaceDetail in
06-05 09:35:25.719 2952 3019 E nStackXCoAP: IsInSameNetwork:[281] :IsInSameNetwork: not priority process
06-05 09:35:25.719 2952 3019 D nStackXCoAP: ParseServiceDiscover:[330] :new device join
06-05 09:35:25.719 2952 3019 E nStackXDFinder: GetLocalIp:[401] :GetLocalIp exec
06-05 09:35:26.352 468 519 W IorapForwardingService: No service published for: iorapd
06-05 09:35:27.355 468 519 W IorapForwardingService: No service published for: iorapd
06-05 09:35:27.369 1174 1174 D bbb : onStartCommand begin !!!!!!! data分区剩余 24849MB
06-05 09:35:27.371 1123 1123 D aaa : LedStatusService onStartCommand begin
06-05 09:35:27.379 1123 3539 D aaa : topPkg is -------------- :com.dangbei.leard.leradlauncher
06-05 09:35:27.384 1123 3539 D aaa : WiFi is connect
06-05 09:35:28.262 663 663 E WifiHAL : wifi_get_link_stats: requestResponse Error:-5
06-05 09:35:28.264 468 612 E WifiVendorHal: getWifiLinkLayerStats_1_5_Internal(l.1191) failed {.code = ERROR_INVALID_ARGS, .description = }
06-05 09:35:28.357 468 519 W IorapForwardingService: No service published for: iorapd
06-05 09:35:29.360 468 519 W IorapForwardingService: No service published for: iorapd
06-04 18:10:37.229 381 381 W hdr10p_Configure: 63 callbacks suppressed
06-04 18:10:37.229 381 381 I : DVI mode selected: packets not configured
06-04 18:10:37.242 381 381 W set_vsif_config: 63 callbacks suppressed
06-04 18:10:37.242 381 381 I : Error: set vsif failed
06-04 18:10:37.262 381 381 I : DVI mode selected: packets not configured
06-04 18:10:37.269 381 381 I : Error: set vsif failed
06-04 18:10:37.284 381 381 I : DVI mode selected: packets not configured
06-04 18:10:37.291 381 381 I : Error: set vsif failed
06-04 18:10:37.312 381 381 I : DVI mode selected: packets not configured
06-04 18:10:37.318 381 381 I : Error: set vsif failed
06-04 18:10:37.328 381 381 I : DVI mode selected: packets not configured
06-04 18:10:37.334 381 381 I : Error: set vsif failed
06-04 18:10:37.344 381 381 I : DVI mode selected: packets not configured
06-04 18:10:37.351 381 381 I : Error: set vsif failed
06-04 18:10:37.361 381 381 I : DVI mode selected: packets not configured
06-04 18:10:37.368 381 381 I : Error: set vsif failed
06-04 18:10:37.390 381 381 I : DVI mode selected: packets not configured
06-04 18:10:37.397 381 381 I : Error: set vsif failed
06-04 18:10:37.411 381 381 I : DVI mode selected: packets not configured
06-04 18:10:37.418 381 381 I : Error: set vsif failed
06-04 18:10:37.428 381 381 I : DVI mode selected: packets not configured
06-04 18:10:37.434 381 381 I : Error: set vsif failed
06-05 09:35:30.362 468 519 W IorapForwardingService: No service published for: iorapd
06-05 09:35:31.280 663 663 E WifiHAL : wifi_get_link_stats: requestResponse Error:-5
06-05 09:35:31.282 468 612 E WifiVendorHal: getWifiLinkLayerStats_1_5_Internal(l.1191) failed {.code = ERROR_INVALID_ARGS, .description = }
06-05 09:35:31.365 468 519 W IorapForwardingService: No service published for: iorapd
06-05 09:35:31.808 267 300 D hdmi-cec: receive invalid cec message!
06-05 09:35:31.808 267 300 D hdmi-cec: receive poll message [04], skip!
06-05 09:35:32.366 468 519 W IorapForwardingService: No service published for: iorapd
06-05 09:35:33.368 468 519 W IorapForwardingService: No service published for: iorapd
06-05 09:35:33.581 1994 2115 D UtilLog : 日志批量上报 进行正常循环 !!!!!!本次有0次请求,共0条数据
06-05 09:35:34.295 663 663 E WifiHAL : wifi_get_link_stats: requestResponse Error:-5
06-05 09:35:34.296 468 612 E WifiVendorHal: getWifiLinkLayerStats_1_5_Internal(l.1191) failed {.code = ERROR_INVALID_ARGS, .description = }
06-05 09:35:34.370 468 519 W IorapForwardingService: No service published for: iorapd
06-05 09:35:35.372 468 519 W IorapForwardingService: No service published for: iorapd
06-05 09:35:35.381 1123 1123 D aaa : LedStatusService onStartCommand begin
06-05 09:35:35.383 1123 3551 D aaa : topPkg is -------------- :com.dangbei.leard.leradlauncher
06-05 09:35:35.383 1174 1174 D bbb : onStartCommand begin !!!!!!! data分区剩余 24849MB
06-05 09:35:35.391 1123 3551 D aaa : WiFi is connect
06-04 18:10:43.221 381 381 W hdr10p_Configure: 61 callbacks suppressed
06-04 18:10:43.221 381 381 I : DVI mode selected: packets not configured
06-04 18:10:43.235 381 381 W set_vsif_config: 61 callbacks suppressed
06-04 18:10:43.235 381 381 I : Error: set vsif failed
06-04 18:10:43.264 381 381 I : DVI mode selected: packets not configured
06-04 18:10:43.271 381 381 I : Error: set vsif failed
06-04 18:10:43.294 381 381 I : DVI mode selected: packets not configured
06-04 18:10:43.301 381 381 I : Error: set vsif failed
06-04 18:10:43.311 381 381 I : DVI mode selected: packets not configured
06-04 18:10:43.317 381 381 I : Error: set vsif failed
06-04 18:10:43.328 381 381 I : DVI mode selected: packets not configured
06-04 18:10:43.334 381 381 I : Error: set vsif failed
06-04 18:10:43.344 381 381 I : DVI mode selected: packets not configured
06-04 18:10:43.351 381 381 I : Error: set vsif failed
06-04 18:10:43.361 381 381 I : DVI mode selected: packets not configured
06-04 18:10:43.368 381 381 I : Error: set vsif failed
06-04 18:10:43.378 381 381 I : DVI mode selected: packets not configured
06-04 18:10:43.385 381 381 I : Error: set vsif failed
06-04 18:10:43.395 381 381 I : DVI mode selected: packets not configured
06-04 18:10:43.402 381 381 I : Error: set vsif failed
06-04 18:10:43.427 381 381 I : DVI mode selected: packets not configured
06-04 18:10:43.434 381 381 I : Error: set vsif failed
06-05 09:35:36.261 2952 3019 D nStackXCoAP: IsInSameNetwork:[276] :IsInSameNetwork exec
06-05 09:35:36.261 2952 3019 I nStackXDFinder: GetLocalInterfaceDetail:[461] :GetLocalInterfaceDetail in
06-05 09:35:36.261 2952 3019 E nStackXCoAP: IsInSameNetwork:[281] :IsInSameNetwork: not priority process
06-05 09:35:36.261 2952 3019 D nStackXCoAP: ParseServiceDiscover:[330] :new device join
06-05 09:35:36.261 2952 3019 E nStackXDFinder: GetLocalIp:[401] :GetLocalIp exec
06-05 09:35:36.276 2952 3019 D nStackXCoAP: CoapMessageHandler:[133] :2.01
06-05 09:35:36.349 2952 3019 D nStackXCoAP: IsInSameNetwork:[276] :IsInSameNetwork exec
06-05 09:35:36.349 2952 3019 I nStackXDFinder: GetLocalInterfaceDetail:[461] :GetLocalInterfaceDetail in
06-05 09:35:36.349 2952 3019 E nStackXCoAP: IsInSameNetwork:[281] :IsInSameNetwork: not priority process
06-05 09:35:36.349 2952 3019 D nStackXCoAP: ParseServiceDiscover:[330] :new device join
06-05 09:35:36.349 2952 3019 E nStackXDFinder: GetLocalIp:[401] :GetLocalIp exec
06-05 09:35:36.374 468 519 W IorapForwardingService: No service published for: iorapd
06-05 09:35:36.422 2952 3019 D nStackXCoAP: CoapMessageHandler:[133] :2.01
06-05 09:35:36.554 2952 3019 D nStackXCoAP: IsInSameNetwork:[276] :IsInSameNetwork exec
06-05 09:35:36.554 2952 3019 I nStackXDFinder: GetLocalInterfaceDetail:[461] :GetLocalInterfaceDetail in
06-05 09:35:36.554 2952 3019 E nStackXCoAP: IsInSameNetwork:[281] :IsInSameNetwork: not priority process
06-05 09:35:36.554 2952 3019 D nStackXCoAP: ParseServiceDiscover:[330] :new device join
06-05 09:35:36.555 2952 3019 E nStackXDFinder: GetLocalIp:[401] :GetLocalIp exec
06-05 09:35:36.657 2952 3019 D nStackXCoAP: IsInSameNetwork:[276] :IsInSameNetwork exec
06-05 09:35:36.657 2952 3019 I nStackXDFinder: GetLocalInterfaceDetail:[461] :GetLocalInterfaceDetail in
06-05 09:35:36.657 2952 3019 E nStackXCoAP: IsInSameNetwork:[281] :IsInSameNetwork: not priority process
06-05 09:35:36.657 2952 3019 D nStackXCoAP: ParseServiceDiscover:[330] :new device join
06-05 09:35:36.657 2952 3019 E nStackXDFinder: GetLocalIp:[401] :GetLocalIp exec
06-05 09:35:36.698 2952 3019 D nStackXCoAP: CoapMessageHandler:[133] :2.01
06-05 09:35:36.718 2952 3019 D nStackXCoAP: CoapMessageHandler:[133] :2.01
06-05 09:35:36.790 2952 3019 D nStackXCoAP: IsInSameNetwork:[276] :IsInSameNetwork exec
06-05 09:35:36.790 2952 3019 I nStackXDFinder: GetLocalInterfaceDetail:[461] :GetLocalInterfaceDetail in
06-05 09:35:36.790 2952 3019 E nStackXCoAP: IsInSameNetwork:[281] :IsInSameNetwork: not priority process
06-05 09:35:36.790 2952 3019 D nStackXCoAP: ParseServiceDiscover:[330] :new device join
06-05 09:35:36.790 2952 3019 E nStackXDFinder: GetLocalIp:[401] :GetLocalIp exec
06-05 09:35:36.802 2952 3019 D nStackXCoAP: CoapMessageHandler:[133] :2.01
06-05 09:35:36.891 2952 3019 D nStackXCoAP: IsInSameNetwork:[276] :IsInSameNetwork exec
06-05 09:35:36.891 2952 3019 I nStackXDFinder: GetLocalInterfaceDetail:[461] :GetLocalInterfaceDetail in
06-05 09:35:36.891 2952 3019 E nStackXCoAP: IsInSameNetwork:[281] :IsInSameNetwork: not priority process
06-05 09:35:36.891 2952 3019 D nStackXCoAP: ParseServiceDiscover:[330] :new device join
06-05 09:35:36.891 2952 3019 E nStackXDFinder: GetLocalIp:[401] :GetLocalIp exec
06-05 09:35:36.902 2952 3019 D nStackXCoAP: CoapMessageHandler:[133] :2.01
06-05 09:35:37.075 2952 3019 D nStackXCoAP: IsInSameNetwork:[276] :IsInSameNetwork exec
06-05 09:35:37.075 2952 3019 I nStackXDFinder: GetLocalInterfaceDetail:[461] :GetLocalInterfaceDetail in
06-05 09:35:37.075 2952 3019 E nStackXCoAP: IsInSameNetwork:[281] :IsInSameNetwork: not priority process
06-05 09:35:37.075 2952 3019 D nStackXCoAP: ParseServiceDiscover:[330] :new device join
06-05 09:35:37.076 2952 3019 E nStackXDFinder: GetLocalIp:[401] :GetLocalIp exec
06-05 09:35:37.128 2952 3019 D nStackXCoAP: CoapMessageHandler:[133] :2.01
06-05 09:35:37.278 2952 3019 D nStackXCoAP: IsInSameNetwork:[276] :IsInSameNetwork exec
06-05 09:35:37.279 2952 3019 I nStackXDFinder: GetLocalInterfaceDetail:[461] :GetLocalInterfaceDetail in
06-05 09:35:37.279 2952 3019 E nStackXCoAP: IsInSameNetwork:[281] :IsInSameNetwork: not priority process
06-05 09:35:37.279 2952 3019 D nStackXCoAP: ParseServiceDiscover:[330] :new device join
06-05 09:35:37.279 2952 3019 E nStackXDFinder: GetLocalIp:[401] :GetLocalIp exec
06-05 09:35:37.303 663 663 E WifiHAL : wifi_get_link_stats: requestResponse Error:-5
06-05 09:35:37.304 468 612 E WifiVendorHal: getWifiLinkLayerStats_1_5_Internal(l.1191) failed {.code = ERROR_INVALID_ARGS, .description = }
06-05 09:35:37.374 2952 3019 D nStackXCoAP: IsInSameNetwork:[276] :IsInSameNetwork exec
06-05 09:35:37.374 2952 3019 I nStackXDFinder: GetLocalInterfaceDetail:[461] :GetLocalInterfaceDetail in
06-05 09:35:37.374 2952 3019 E nStackXCoAP: IsInSameNetwork:[281] :IsInSameNetwork: not priority process
06-05 09:35:37.374 2952 3019 D nStackXCoAP: ParseServiceDiscover:[330] :new device join
06-05 09:35:37.374 2952 3019 E nStackXDFinder: GetLocalIp:[401] :GetLocalIp exec
06-05 09:35:37.376 468 519 W IorapForwardingService: No service published for: iorapd
06-05 09:35:37.389 2952 3019 D nStackXCoAP: CoapMessageHandler:[133] :2.01
06-05 09:35:37.429 2952 3019 D nStackXCoAP: CoapMessageHandler:[133] :2.01
06-05 09:35:37.478 2952 3019 D nStackXCoAP: IsInSameNetwork:[276] :IsInSameNetwork exec
06-05 09:35:37.478 2952 3019 I nStackXDFinder: GetLocalInterfaceDetail:[461] :GetLocalInterfaceDetail in
06-05 09:35:37.478 2952 3019 E nStackXCoAP: IsInSameNetwork:[281] :IsInSameNetwork: not priority process
06-05 09:35:37.478 2952 3019 D nStackXCoAP: ParseServiceDiscover:[330] :new device join
06-05 09:35:37.478 2952 3019 E nStackXDFinder: GetLocalIp:[401] :GetLocalIp exec
06-05 09:35:37.518 2952 3019 D nStackXCoAP: CoapMessageHandler:[133] :2.01
06-05 09:35:37.593 2952 3019 D nStackXCoAP: IsInSameNetwork:[276] :IsInSameNetwork exec
06-05 09:35:37.593 2952 3019 I nStackXDFinder: GetLocalInterfaceDetail:[461] :GetLocalInterfaceDetail in
06-05 09:35:37.593 2952 3019 E nStackXCoAP: IsInSameNetwork:[281] :IsInSameNetwork: not priority process
06-05 09:35:37.593 2952 3019 D nStackXCoAP: ParseServiceDiscover:[330] :new device join
06-05 09:35:37.593 2952 3019 E nStackXDFinder: GetLocalIp:[401] :GetLocalIp exec
06-05 09:35:37.784 2952 3019 D nStackXCoAP: IsInSameNetwork:[276] :IsInSameNetwork exec
06-05 09:35:37.784 2952 3019 I nStackXDFinder: GetLocalInterfaceDetail:[461] :GetLocalInterfaceDetail in
06-05 09:35:37.784 2952 3019 E nStackXCoAP: IsInSameNetwork:[281] :IsInSameNetwork: not priority process
06-05 09:35:37.784 2952 3019 D nStackXCoAP: ParseServiceDiscover:[330] :new device join
06-05 09:35:37.784 2952 3019 E nStackXDFinder: GetLocalIp:[401] :GetLocalIp exec
06-05 09:35:37.904 2952 3019 D nStackXCoAP: IsInSameNetwork:[276] :IsInSameNetwork exec
06-05 09:35:37.904 2952 3019 I nStackXDFinder: GetLocalInterfaceDetail:[461] :GetLocalInterfaceDetail in
06-05 09:35:37.904 2952 3019 E nStackXCoAP: IsInSameNetwork:[281] :IsInSameNetwork: not priority process
06-05 09:35:37.904 2952 3019 D nStackXCoAP: ParseServiceDiscover:[330] :new device join
06-05 09:35:37.905 2952 3019 E nStackXDFinder: GetLocalIp:[401] :GetLocalIp exec
06-05 09:35:37.930 2952 3019 D nStackXCoAP: CoapMessageHandler:[133] :2.01
06-05 09:35:38.089 2952 3019 D nStackXCoAP: IsInSameNetwork:[276] :IsInSameNetwork exec
06-05 09:35:38.090 2952 3019 I nStackXDFinder: GetLocalInterfaceDetail:[461] :GetLocalInterfaceDetail in
06-05 09:35:38.090 2952 3019 E nStackXCoAP: IsInSameNetwork:[281] :IsInSameNetwork: not priority process
06-05 09:35:38.090 2952 3019 D nStackXCoAP: ParseServiceDiscover:[330] :new device join
06-05 09:35:38.090 2952 3019 E nStackXDFinder: GetLocalIp:[401] :GetLocalIp exec
06-05 09:35:38.112 2952 3019 D nStackXCoAP: CoapMessageHandler:[133] :2.01
06-05 09:35:38.203 2952 3019 D nStackXCoAP: IsInSameNetwork:[276] :IsInSameNetwork exec
06-05 09:35:38.203 2952 3019 I nStackXDFinder: GetLocalInterfaceDetail:[461] :GetLocalInterfaceDetail in
06-05 09:35:38.203 2952 3019 E nStackXCoAP: IsInSameNetwork:[281] :IsInSameNetwork: not priority process
06-05 09:35:38.203 2952 3019 D nStackXCoAP: ParseServiceDiscover:[330] :new device join
06-05 09:35:38.203 2952 3019 E nStackXDFinder: GetLocalIp:[401] :GetLocalIp exec
06-05 09:35:38.260 2952 3019 D nStackXCoAP: CoapMessageHandler:[133] :2.01
06-05 09:35:38.303 2952 3019 D nStackXCoAP: IsInSameNetwork:[276] :IsInSameNetwork exec
06-05 09:35:38.304 2952 3019 I nStackXDFinder: GetLocalInterfaceDetail:[461] :GetLocalInterfaceDetail in
06-05 09:35:38.304 2952 3019 E nStackXCoAP: IsInSameNetwork:[281] :IsInSameNetwork: not priority process
06-05 09:35:38.304 2952 3019 D nStackXCoAP: ParseServiceDiscover:[330] :new device join
06-05 09:35:38.304 2952 3019 E nStackXDFinder: GetLocalIp:[401] :GetLocalIp exec
06-05 09:35:38.329 2952 3019 D nStackXCoAP: CoapMessageHandler:[133] :2.01
06-05 09:35:38.378 468 519 W IorapForwardingService: No service published for: iorapd
06-05 09:35:38.502 2952 3019 D nStackXCoAP: IsInSameNetwork:[276] :IsInSameNetwork exec
06-05 09:35:38.502 2952 3019 I nStackXDFinder: GetLocalInterfaceDetail:[461] :GetLocalInterfaceDetail in
06-05 09:35:38.502 2952 3019 E nStackXCoAP: IsInSameNetwork:[281] :IsInSameNetwork: not priority process
06-05 09:35:38.502 2952 3019 D nStackXCoAP: ParseServiceDiscover:[330] :new device join
06-05 09:35:38.502 2952 3019 E nStackXDFinder: GetLocalIp:[401] :GetLocalIp exec
06-05 09:35:38.610 2952 3019 D nStackXCoAP: IsInSameNetwork:[276] :IsInSameNetwork exec
06-05 09:35:38.611 2952 3019 I nStackXDFinder: GetLocalInterfaceDetail:[461] :GetLocalInterfaceDetail in
06-05 09:35:38.611 2952 3019 E nStackXCoAP: IsInSameNetwork:[281] :IsInSameNetwork: not priority process
06-05 09:35:38.611 2952 3019 D nStackXCoAP: ParseServiceDiscover:[330] :new device join
06-05 09:35:38.611 2952 3019 E nStackXDFinder: GetLocalIp:[401] :GetLocalIp exec
06-05 09:35:38.715 2952 3019 D nStackXCoAP: IsInSameNetwork:[276] :IsInSameNetwork exec
06-05 09:35:38.715 2952 3019 I nStackXDFinder: GetLocalInterfaceDetail:[461] :GetLocalInterfaceDetail in
06-05 09:35:38.715 2952 3019 E nStackXCoAP: IsInSameNetwork:[281] :IsInSameNetwork: not priority process
06-05 09:35:38.715 2952 3019 D nStackXCoAP: ParseServiceDiscover:[330] :new device join
06-05 09:35:38.715 2952 3019 E nStackXDFinder: GetLocalIp:[401] :GetLocalIp exec
06-05 09:35:38.910 2952 3019 D nStackXCoAP: IsInSameNetwork:[276] :IsInSameNetwork exec
06-05 09:35:38.910 2952 3019 I nStackXDFinder: GetLocalInterfaceDetail:[461] :GetLocalInterfaceDetail in
06-05 09:35:38.910 2952 3019 E nStackXCoAP: IsInSameNetwork:[281] :IsInSameNetwork: not priority process
06-05 09:35:38.910 2952 3019 D nStackXCoAP: ParseServiceDiscover:[330] :new device join
06-05 09:35:38.910 2952 3019 E nStackXDFinder: GetLocalIp:[401] :GetLocalIp exec
06-05 09:35:39.174 2952 3019 D nStackXCoAP: CoapMessageHandler:[133] :2.01
06-05 09:35:39.218 2952 3019 D nStackXCoAP: IsInSameNetwork:[276] :IsInSameNetwork exec
06-05 09:35:39.218 2952 3019 I nStackXDFinder: GetLocalInterfaceDetail:[461] :GetLocalInterfaceDetail in
06-05 09:35:39.218 2952 3019 E nStackXCoAP: IsInSameNetwork:[281] :IsInSameNetwork: not priority process
06-05 09:35:39.218 2952 3019 D nStackXCoAP: ParseServiceDiscover:[330] :new device join
06-05 09:35:39.218 2952 3019 E nStackXDFinder: GetLocalIp:[401] :GetLocalIp exec
06-05 09:35:39.381 468 519 W IorapForwardingService: No service published for: iorapd
06-05 09:35:39.475 2952 3019 D nStackXCoAP: CoapMessageHandler:[133] :2.01
06-05 09:35:39.526 2952 3019 D nStackXCoAP: IsInSameNetwork:[276] :IsInSameNetwork exec
06-05 09:35:39.526 2952 3019 I nStackXDFinder: GetLocalInterfaceDetail:[461] :GetLocalInterfaceDetail in
06-05 09:35:39.526 2952 3019 E nStackXCoAP: IsInSameNetwork:[281] :IsInSameNetwork: not priority process
06-05 09:35:39.526 2952 3019 D nStackXCoAP: ParseServiceDiscover:[330] :new device join
06-05 09:35:39.526 2952 3019 E nStackXDFinder: GetLocalIp:[401] :GetLocalIp exec
06-05 09:35:39.529 2952 3019 D nStackXCoAP: IsInSameNetwork:[276] :IsInSameNetwork exec
06-05 09:35:39.529 2952 3019 I nStackXDFinder: GetLocalInterfaceDetail:[461] :GetLocalInterfaceDetail in
06-05 09:35:39.529 2952 3019 E nStackXCoAP: IsInSameNetwork:[281] :IsInSameNetwork: not priority process
06-05 09:35:39.529 2952 3019 D nStackXCoAP: ParseServiceDiscover:[330] :new device join
06-05 09:35:39.529 2952 3019 E nStackXDFinder: GetLocalIp:[401] :GetLocalIp exec
06-05 09:35:39.537 2952 3019 D nStackXCoAP: CoapMessageHandler:[133] :2.01
06-05 09:35:39.541 2952 3019 D nStackXCoAP: CoapMessageHandler:[133] :2.01
06-05 09:35:39.633 2952 3019 D nStackXCoAP: IsInSameNetwork:[276] :IsInSameNetwork exec
06-05 09:35:39.633 2952 3019 I nStackXDFinder: GetLocalInterfaceDetail:[461] :GetLocalInterfaceDetail in
06-05 09:35:39.633 2952 3019 E nStackXCoAP: IsInSameNetwork:[281] :IsInSameNetwork: not priority process
06-05 09:35:39.633 2952 3019 D nStackXCoAP: ParseServiceDiscover:[330] :new device join
06-05 09:35:39.633 2952 3019 E nStackXDFinder: GetLocalIp:[401] :GetLocalIp exec
06-05 09:35:39.732 2952 3019 D nStackXCoAP: IsInSameNetwork:[276] :IsInSameNetwork exec
06-05 09:35:39.733 2952 3019 I nStackXDFinder: GetLocalInterfaceDetail:[461] :GetLocalInterfaceDetail in
06-05 09:35:39.733 2952 3019 E nStackXCoAP: IsInSameNetwork:[281] :IsInSameNetwork: not priority process
06-05 09:35:39.733 2952 3019 D nStackXCoAP: ParseServiceDiscover:[330] :new device join
06-05 09:35:39.733 2952 3019 E nStackXDFinder: GetLocalIp:[401] :GetLocalIp exec
06-05 09:35:39.841 2952 3019 D nStackXCoAP: IsInSameNetwork:[276] :IsInSameNetwork exec
06-05 09:35:39.841 2952 3019 I nStackXDFinder: GetLocalInterfaceDetail:[461] :GetLocalInterfaceDetail in
06-05 09:35:39.841 2952 3019 E nStackXCoAP: IsInSameNetwork:[281] :IsInSameNetwork: not priority process
06-05 09:35:39.841 2952 3019 D nStackXCoAP: ParseServiceDiscover:[330] :new device join
06-05 09:35:39.841 2952 3019 E nStackXDFinder: GetLocalIp:[401] :GetLocalIp exec
06-05 09:35:40.040 2952 3019 D nStackXCoAP: IsInSameNetwork:[276] :IsInSameNetwork exec
06-05 09:35:40.040 2952 3019 I nStackXDFinder: GetLocalInterfaceDetail:[461] :GetLocalInterfaceDetail in
06-05 09:35:40.040 2952 3019 E nStackXCoAP: IsInSameNetwork:[281] :IsInSameNetwork: not priority process
06-05 09:35:40.040 2952 3019 D nStackXCoAP: ParseServiceDiscover:[330] :new device join
06-05 09:35:40.040 2952 3019 E nStackXDFinder: GetLocalIp:[401] :GetLocalIp exec
06-05 09:35:40.054 2952 3019 D nStackXCoAP: CoapMessageHandler:[133] :2.01
06-05 09:35:40.162 2952 3019 D nStackXCoAP: IsInSameNetwork:[276] :IsInSameNetwork exec
06-05 09:35:40.162 2952 3019 I nStackXDFinder: GetLocalInterfaceDetail:[461] :GetLocalInterfaceDetail in
06-05 09:35:40.163 2952 3019 E nStackXCoAP: IsInSameNetwork:[281] :IsInSameNetwork: not priority process
06-05 09:35:40.163 2952 3019 D nStackXCoAP: ParseServiceDiscover:[330] :new device join
06-05 09:35:40.163 2952 3019 E nStackXDFinder: GetLocalIp:[401] :GetLocalIp exec
06-05 09:35:40.175 2952 3019 D nStackXCoAP: CoapMessageHandler:[133] :2.01
06-05 09:35:40.311 663 663 E WifiHAL : wifi_get_link_stats: requestResponse Error:-5
06-05 09:35:40.312 468 612 E WifiVendorHal: getWifiLinkLayerStats_1_5_Internal(l.1191) failed {.code = ERROR_INVALID_ARGS, .description = }
06-05 09:35:40.342 2952 3019 D nStackXCoAP: IsInSameNetwork:[276] :IsInSameNetwork exec
06-05 09:35:40.342 2952 3019 I nStackXDFinder: GetLocalInterfaceDetail:[461] :GetLocalInterfaceDetail in
06-05 09:35:40.342 2952 3019 E nStackXCoAP: IsInSameNetwork:[281] :IsInSameNetwork: not priority process
06-05 09:35:40.342 2952 3019 D nStackXCoAP: ParseServiceDiscover:[330] :new device join
06-05 09:35:40.342 2952 3019 E nStackXDFinder: GetLocalIp:[401] :GetLocalIp exec
06-05 09:35:40.360 2952 3019 D nStackXCoAP: CoapMessageHandler:[133] :2.01
06-05 09:35:40.382 468 519 W IorapForwardingService: No service published for: iorapd
06-05 09:35:40.458 2952 3019 D nStackXCoAP: IsInSameNetwork:[276] :IsInSameNetwork exec
06-05 09:35:40.458 2952 3019 I nStackXDFinder: GetLocalInterfaceDetail:[461] :GetLocalInterfaceDetail in
06-05 09:35:40.458 2952 3019 E nStackXCoAP: IsInSameNetwork:[281] :IsInSameNetwork: not priority process
06-05 09:35:40.458 2952 3019 D nStackXCoAP: ParseServiceDiscover:[330] :new device join
06-05 09:35:40.458 2952 3019 E nStackXDFinder: GetLocalIp:[401] :GetLocalIp exec
06-05 09:35:40.551 2952 3019 D nStackXCoAP: IsInSameNetwork:[276] :IsInSameNetwork exec
06-05 09:35:40.551 2952 3019 I nStackXDFinder: GetLocalInterfaceDetail:[461] :GetLocalInterfaceDetail in
06-05 09:35:40.551 2952 3019 E nStackXCoAP: IsInSameNetwork:[281] :IsInSameNetwork: not priority process
06-05 09:35:40.551 2952 3019 D nStackXCoAP: ParseServiceDiscover:[330] :new device join
06-05 09:35:40.551 2952 3019 E nStackXDFinder: GetLocalIp:[401] :GetLocalIp exec
06-05 09:35:40.764 2952 3019 D nStackXCoAP: IsInSameNetwork:[276] :IsInSameNetwork exec
06-05 09:35:40.764 2952 3019 I nStackXDFinder: GetLocalInterfaceDetail:[461] :GetLocalInterfaceDetail in
06-05 09:35:40.764 2952 3019 E nStackXCoAP: IsInSameNetwork:[281] :IsInSameNetwork: not priority process
06-05 09:35:40.764 2952 3019 D nStackXCoAP: ParseServiceDiscover:[330] :new device join
06-05 09:35:40.764 2952 3019 E nStackXDFinder: GetLocalIp:[401] :GetLocalIp exec
06-05 09:35:40.869 2952 3019 D nStackXCoAP: IsInSameNetwork:[276] :IsInSameNetwork exec
06-05 09:35:40.869 2952 3019 I nStackXDFinder: GetLocalInterfaceDetail:[461] :GetLocalInterfaceDetail in
06-05 09:35:40.869 2952 3019 E nStackXCoAP: IsInSameNetwork:[281] :IsInSameNetwork: not priority process
06-05 09:35:40.869 2952 3019 D nStackXCoAP: ParseServiceDiscover:[330] :new device join
06-05 09:35:40.869 2952 3019 E nStackXDFinder: GetLocalIp:[401] :GetLocalIp exec
06-04 18:10:48.227 381 381 W hdr10p_Configure: 275 callbacks suppressed
06-04 18:10:48.227 381 381 I : DVI mode selected: packets not configured
06-04 18:10:48.240 381 381 W set_vsif_config: 275 callbacks suppressed
06-04 18:10:48.240 381 381 I : Error: set vsif failed
06-05 09:35:40.893 2952 3019 D nStackXCoAP: CoapMessageHandler:[133] :2.01
06-04 18:10:48.252 381 381 I : DVI mode selected: packets not configured
06-04 18:10:48.258 381 381 I : Error: set vsif failed
06-04 18:10:48.277 381 381 I : DVI mode selected: packets not configured
06-04 18:10:48.284 381 381 I : Error: set vsif failed
06-04 18:10:48.288 381 381 I : DVI mode selected: packets not configured
06-04 18:10:48.295 381 381 I : Error: set vsif failed
06-04 18:10:48.366 381 381 I : DVI mode selected: packets not configured
06-04 18:10:48.372 381 381 I : Error: set vsif failed
06-04 18:10:48.377 381 381 I : DVI mode selected: packets not configured
06-04 18:10:48.383 381 381 I : Error: set vsif failed
06-05 09:35:41.059 2952 3019 D nStackXCoAP: IsInSameNetwork:[276] :IsInSameNetwork exec
06-05 09:35:41.059 2952 3019 I nStackXDFinder: GetLocalInterfaceDetail:[461] :GetLocalInterfaceDetail in
06-05 09:35:41.059 2952 3019 E nStackXCoAP: IsInSameNetwork:[281] :IsInSameNetwork: not priority process
06-05 09:35:41.059 2952 3019 D nStackXCoAP: ParseServiceDiscover:[330] :new device join
06-05 09:35:41.059 2952 3019 E nStackXDFinder: GetLocalIp:[401] :GetLocalIp exec
06-05 09:35:41.162 2952 3019 D nStackXCoAP: IsInSameNetwork:[276] :IsInSameNetwork exec
06-05 09:35:41.164 2952 3019 I nStackXDFinder: GetLocalInterfaceDetail:[461] :GetLocalInterfaceDetail in
06-05 09:35:41.164 2952 3019 E nStackXCoAP: IsInSameNetwork:[281] :IsInSameNetwork: not priority process
06-05 09:35:41.164 2952 3019 D nStackXCoAP: ParseServiceDiscover:[330] :new device join
06-05 09:35:41.164 2952 3019 E nStackXDFinder: GetLocalIp:[401] :GetLocalIp exec
06-05 09:35:41.182 2952 3019 D nStackXCoAP: CoapMessageHandler:[133] :2.01
06-05 09:35:41.182 2952 3019 D nStackXCoAP: CoapMessageHandler:[133] :2.01
06-04 18:10:48.557 381 381 I : DVI mode selected: packets not configured
