06-04 18:04:42.587 468 525 I SystemConfig: Reading permissions from /vendor/etc/permissions/android.hardware.hardware_keystore.xml
06-04 18:04:42.589 468 525 I SystemConfig: Reading permissions from /vendor/etc/permissions/android.hardware.wifi.passpoint.xml
06-04 18:04:42.590 468 525 I SystemConfig: Reading permissions from /vendor/etc/permissions/android.hardware.usb.accessory.xml
06-04 18:04:42.592 468 525 I SystemConfig: Reading permissions from /vendor/etc/permissions/android.hardware.touchscreen.multitouch.xml
06-04 18:04:42.593 468 525 I SystemConfig: Reading permissions from /vendor/etc/permissions/android.hardware.bluetooth.xml
06-04 18:04:42.595 468 468 D SystemServerTiming: StartFileIntegrityService took to complete: 21ms
06-04 18:04:42.595 468 468 I SystemServerTiming: StartInstaller
06-04 18:04:42.595 468 468 I SystemServiceManager: Starting com.android.server.pm.Installer
06-04 18:04:42.598 468 525 I SystemConfig: Reading permissions from /vendor/etc/permissions/android.hardware.camera.front.xml
06-04 18:04:42.600 351 364 D installd: Found quota mount /dev/block/by-name/userdata at /data
06-04 18:04:42.600 351 364 D installd: Found quota mount /dev/block/by-name/userdata at /data/user/0
06-04 18:04:42.602 468 525 I SystemConfig: Reading permissions from /vendor/etc/permissions/id.hardware.camera.xml
06-04 18:04:42.603 468 468 D SystemServerTiming: StartInstaller took to complete: 7ms
06-04 18:04:42.603 468 468 I SystemServerTiming: DeviceIdentifiersPolicyService
06-04 18:04:42.603 468 468 I SystemServiceManager: Starting com.android.server.os.DeviceIdentifiersPolicyService
06-04 18:04:42.605 468 468 D SystemServerTiming: DeviceIdentifiersPolicyService took to complete: 1ms
06-04 18:04:42.605 468 468 I SystemServerTiming: UriGrantsManagerService
06-04 18:04:42.605 468 468 I SystemServiceManager: Starting com.android.server.uri.UriGrantsManagerService$Lifecycle
06-04 18:04:42.607 468 525 I SystemConfig: Reading permissions from /vendor/etc/permissions/android.hardware.vulkan.version.xml
06-04 18:04:42.609 468 525 I SystemConfig: Reading permissions from /vendor/etc/permissions/android.software.backup.xml
06-04 18:04:42.611 468 468 D SystemServerTiming: UriGrantsManagerService took to complete: 5ms
06-04 18:04:42.611 468 468 I SystemServerTiming: StartPowerStatsService
06-04 18:04:42.611 468 468 I SystemServiceManager: Starting com.android.server.powerstats.PowerStatsService
06-04 18:04:42.612 468 525 I SystemConfig: Reading permissions from /vendor/etc/permissions/android.hardware.reboot_escrow.xml
06-04 18:04:42.613 468 525 I SystemConfig: Reading permissions from /vendor/etc/permissions/android.hardware.ethernet.xml
06-04 18:04:42.614 468 525 I SystemConfig: Reading permissions from /vendor/etc/permissions/android.hardware.wifi.xml
06-04 18:04:42.616 468 525 I SystemConfig: Reading permissions from /vendor/etc/permissions/android.hardware.wifi.direct.xml
06-04 18:04:42.617 468 525 I SystemConfig: Reading permissions from /vendor/etc/permissions/android.hardware.camera.flash-autofocus.xml
06-04 18:04:42.619 468 525 I SystemConfig: Reading permissions from /vendor/etc/permissions/android.hardware.opengles.aep.xml
06-04 18:04:42.619 184 184 E servicemanager: Could not find android.hardware.power.stats.IPowerStats/default in the VINTF manifest.
06-04 18:04:42.620 468 525 I SystemConfig: Reading permissions from /vendor/etc/permissions/android.software.vulkan.deqp.level.xml
06-04 18:04:42.622 185 185 I hwservicemanager: getTransport: Cannot find entry android.hardware.power.stats@1.0::IPowerStats/default in either framework or device VINTF manifest.
06-04 18:04:42.623 468 468 E PowerStatsService: Unable to get power.stats HAL service.
06-04 18:04:42.623 468 468 E PowerStatsService: nativeInit failed to connect to power.stats HAL
06-04 18:04:42.623 468 525 I SystemConfig: Reading permissions from /vendor/etc/permissions/tv_core_hardware.xml
06-04 18:04:42.625 468 468 D SystemServerTiming: StartPowerStatsService took to complete: 14ms
06-04 18:04:42.625 468 468 I SystemServerTiming: StartIStatsService
06-04 18:04:42.626 185 185 I hwservicemanager: getTransport: Cannot find entry android.frameworks.stats@1.0::IStats/default in either framework or device VINTF manifest.
06-04 18:04:42.626 468 468 E HidlServiceManagement: Service android.frameworks.stats@1.0::IStats/default must be in VINTF manifest in order to register/get.
06-04 18:04:42.626 468 468 W system_server: Cannot register HIDL android.frameworks.stats@1.0::IStats: -2147483648
06-04 18:04:42.627 184 184 I servicemanager: Found android.frameworks.stats.IStats/default in framework VINTF manifest.
06-04 18:04:42.628 468 468 D SystemServerTiming: StartIStatsService took to complete: 2ms
06-04 18:04:42.628 468 468 I SystemServerTiming: MemtrackProxyService
06-04 18:04:42.629 185 185 I hwservicemanager: getTransport: Cannot find entry android.hardware.memtrack@1.0::IMemtrack/default in either framework or device VINTF manifest.
06-04 18:04:42.630 468 525 I SystemConfig: Reading permissions from /product/etc/sysconfig/preinstalled-packages-platform-overlays.xml
06-04 18:04:42.630 184 184 E servicemanager: Could not find android.hardware.memtrack.IMemtrack/default in the VINTF manifest.
06-04 18:04:42.630 468 468 I Stability: Interface set with vintf stability wire protocol version 1 downgraded to system stability wire protocol version 1 stability
06-04 18:04:42.631 468 468 D SystemServerTiming: MemtrackProxyService took to complete: 3ms
06-04 18:04:42.631 468 468 I SystemServerTiming: StartActivityManager
06-04 18:04:42.631 468 468 I SystemServiceManager: Starting com.android.server.wm.ActivityTaskManagerService$Lifecycle
06-04 18:04:42.633 468 525 I SystemConfig: Reading permissions from /product/etc/sysconfig/preinstalled-packages-platform-handheld-product.xml
06-04 18:04:42.636 468 525 I SystemConfig: Reading permissions from /product/etc/permissions/com.android.tv.xml
06-04 18:04:42.638 468 525 I SystemConfig: Reading permissions from /product/etc/permissions/com.android.settings.intelligence.xml
06-04 18:04:42.640 468 525 W SystemConfig: No directory /system_ext/etc/sysconfig, skipping
06-04 18:04:42.641 468 525 I SystemConfig: Reading permissions from /system_ext/etc/permissions/com.android.systemui.xml
06-04 18:04:42.644 468 525 I SystemConfig: Reading permissions from /system_ext/etc/permissions/com.android.carrierconfig.xml
06-04 18:04:42.649 468 525 I SystemConfig: Reading permissions from /system_ext/etc/permissions/com.android.storagemanager.xml
06-04 18:04:42.649 468 468 I SystemServiceManager: Starting com.android.server.am.ActivityManagerService$Lifecycle
06-04 18:04:42.652 468 525 I SystemConfig: Reading permissions from /system_ext/etc/permissions/com.android.provision.xml
06-04 18:04:42.654 468 525 I SystemConfig: Reading permissions from /system_ext/etc/permissions/privapp-settingssetup.xml
06-04 18:04:42.658 468 525 I SystemConfig: Reading permissions from /system_ext/etc/permissions/com.android.tv.settings.xml
06-04 18:04:42.660 468 525 I SystemConfig: Reading permissions from /system_ext/etc/permissions/com.softwinner.screenshot.xml
06-04 18:04:42.663 468 525 I SystemConfig: Reading permissions from /system_ext/etc/permissions/provision-permissions.xml
06-04 18:04:42.667 468 468 I ActivityManager: Memory class: 256
06-04 18:04:42.670 468 525 I SystemConfig: Reading permissions from /apex/com.android.ipsec/etc/permissions/android.net.ipsec.ike.xml
06-04 18:04:42.674 468 530 I Binder : Setting heavy hitter watcher config: false, 0, 0.0
06-04 18:04:42.680 468 525 W SystemConfig: Failed to read public libraries file /vendor/etc/public.libraries.txt
06-04 18:04:42.680 468 525 W SystemConfig: java.io.FileNotFoundException: /vendor/etc/public.libraries.txt: open failed: ENOENT (No such file or directory)
06-04 18:04:42.680 468 525 W SystemConfig: at libcore.io.IoBridge.open(IoBridge.java:575)
06-04 18:04:42.680 468 525 W SystemConfig: at java.io.FileInputStream.(FileInputStream.java:160)
06-04 18:04:42.680 468 525 W SystemConfig: at java.io.FileReader.(FileReader.java:72)
06-04 18:04:42.680 468 525 W SystemConfig: at com.android.server.SystemConfig.readPublicLibrariesListFile(SystemConfig.java:1601)
06-04 18:04:42.680 468 525 W SystemConfig: at com.android.server.SystemConfig.readPublicNativeLibrariesList(SystemConfig.java:1583)
06-04 18:04:42.680 468 525 W SystemConfig: at com.android.server.SystemConfig.(SystemConfig.java:484)
06-04 18:04:42.680 468 525 W SystemConfig: at com.android.server.SystemConfig.getInstance(SystemConfig.java:272)
06-04 18:04:42.680 468 525 W SystemConfig: at com.android.server.SystemServer$$ExternalSyntheticLambda7.run(Unknown Source:0)
06-04 18:04:42.680 468 525 W SystemConfig: at com.android.server.SystemServerInitThreadPool.lambda$submitTask$0$SystemServerInitThreadPool(SystemServerInitThreadPool.java:105)
06-04 18:04:42.680 468 525 W SystemConfig: at com.android.server.SystemServerInitThreadPool$$ExternalSyntheticLambda0.run(Unknown Source:6)
06-04 18:04:42.680 468 525 W SystemConfig: at java.util.concurrent.Executors$RunnableAdapter.call(Executors.java:462)
06-04 18:04:42.680 468 525 W SystemConfig: at java.util.concurrent.FutureTask.run(FutureTask.java:266)
06-04 18:04:42.680 468 525 W SystemConfig: at java.util.concurrent.ThreadPoolExecutor.runWorker(ThreadPoolExecutor.java:1167)
06-04 18:04:42.680 468 525 W SystemConfig: at java.util.concurrent.ThreadPoolExecutor$Worker.run(ThreadPoolExecutor.java:641)
06-04 18:04:42.680 468 525 W SystemConfig: at com.android.internal.util.ConcurrentUtils$1$1.run(ConcurrentUtils.java:65)
06-04 18:04:42.680 468 525 W SystemConfig: Caused by: android.system.ErrnoException: open failed: ENOENT (No such file or directory)
06-04 18:04:42.680 468 525 W SystemConfig: at libcore.io.Linux.open(Native Method)
06-04 18:04:42.680 468 525 W SystemConfig: at libcore.io.ForwardingOs.open(ForwardingOs.java:567)
06-04 18:04:42.680 468 525 W SystemConfig: at libcore.io.BlockGuardOs.open(BlockGuardOs.java:273)
06-04 18:04:42.680 468 525 W SystemConfig: at libcore.io.IoBridge.open(IoBridge.java:561)
06-04 18:04:42.680 468 525 W SystemConfig: ... 14 more
06-04 18:04:42.681 468 525 D SystemConfig: readAllPermissions took to complete: 306ms
06-04 18:04:42.681 468 525 D SystemServerInitThreadPool: Finished executing ReadingSystemConfig
06-04 18:04:42.681 468 525 D SystemServerTimingAsync: InitThreadPoolExec:ReadingSystemConfig took to complete: 307ms
06-04 18:04:42.699 468 504 W Zygote : Class not found for preloading: android.view.SurfaceView$2
06-04 18:04:42.727 468 468 D BatteryStatsImpl: Reading daily items from /data/system/batterystats-daily.xml
06-04 18:04:42.750 185 185 I hwservicemanager: getTransport: Cannot find entry android.hardware.power.stats@1.0::IPowerStats/default in either framework or device VINTF manifest.
06-04 18:04:42.751 468 537 E BatteryStatsService: Unable to load Power.Stats.HAL. Setting rail availability to false
06-04 18:04:42.753 468 537 E BluetoothAdapter: Bluetooth binder is null
06-04 18:04:42.753 468 537 I KernelCpuUidFreqTimeReader: mPerClusterTimesAvailable=false
06-04 18:04:42.761 468 537 W KernelCpuUidFreqTimeBpfMapReader: Failed to start tracking
06-04 18:04:42.763 468 537 W KernelCpuProcStringReader: File not found. It's normal if not implemented: /proc/uid_time_in_state
06-04 18:04:42.766 468 537 W KernelCpuUidActiveTimeBpfMapReader: Failed to start tracking
06-04 18:04:42.767 468 537 W KernelCpuProcStringReader: File not found. It's normal if not implemented: /proc/uid_concurrent_active_time
06-04 18:04:42.767 468 537 W KernelCpuUidClusterTimeBpfMapReader: Failed to start tracking
06-04 18:04:42.770 468 537 W KernelCpuProcStringReader: File not found. It's normal if not implemented: /proc/uid_concurrent_policy_time
06-04 18:04:42.770 468 537 E KernelCpuSpeedReader: Failed to read cpu-freq: /sys/devices/system/cpu/cpu0/cpufreq/stats/time_in_state: open failed: ENOENT (No such file or directory)
06-04 18:04:42.771 468 537 E system_server: Cannot read thread CPU times for PID 468
06-04 18:04:42.772 207 207 I Binder:207_2: type=1400 audit(0.0:285): avc: denied { read } for name="event_count" dev="sysfs" ino=22158 scontext=u:r:system_suspend:s0 tcontext=u:object_r:sysfs:s0 tclass=file permissive=1
06-04 18:04:42.772 207 207 I Binder:207_2: type=1400 audit(0.0:286): avc: denied { open } for path="/sys/devices/platform/soc@3000000/7040000.s_cir/wakeup/wakeup4/event_count" dev="sysfs" ino=22158 scontext=u:r:system_suspend:s0 tcontext=u:object_r:sysfs:s0 tclass=file permissive=1
06-04 18:04:42.772 207 207 I Binder:207_2: type=1400 audit(0.0:287): avc: denied { getattr } for path="/sys/devices/platform/soc@3000000/7040000.s_cir/wakeup/wakeup4/event_count" dev="sysfs" ino=22158 scontext=u:r:system_suspend:s0 tcontext=u:object_r:sysfs:s0 tclass=file permissive=1
06-04 18:04:42.790 468 537 W KernelMemoryBandwidthStats: No kernel memory bandwidth stats available
06-04 18:04:42.828 528 528 D BootAnimation: BootAnimationPreloadTiming start time: 14653ms
06-04 18:04:42.847 528 528 E BootAnimation: no audio.wav could be found!
06-04 18:04:42.847 528 528 D BootAnimation: BootAnimationPreloadStopTiming start time: 14673ms
06-04 18:04:42.849 279 331 E HWComposer: getSupportedContentTypes: getSupportedContentTypes failed for display 0: Unsupported (8)
06-04 18:04:42.852 528 540 E cutils-trace: Error opening trace file: No such file or directory (2)
06-04 18:04:42.872 528 540 D libEGL : loaded /vendor/lib/egl/libGLES_mali.so
06-04 18:04:42.907 468 504 I Zygote : ...preloaded 7337 classes in 999ms.
06-04 18:04:42.910 468 503 I Zygote : Called ZygoteHooks.endPreload()
06-04 18:04:42.911 468 503 I Zygote : Installed AndroidKeyStoreProvider in 1ms.
06-04 18:04:42.928 468 503 I Zygote : Warmed up JCA providers in 17ms.
06-04 18:04:42.929 468 503 D Zygote : Zygote:ThreadPreadloadClass took 1022ms.
06-04 18:04:42.952 528 528 I BootAnimation: type=1400 audit(0.0:288): avc: denied { search } for name="data" dev="mmcblk0p25" ino=85 scontext=u:r:bootanim:s0 tcontext=u:object_r:system_data_file:s0:c512,c768 tclass=dir permissive=1
06-04 18:04:42.961 185 185 I hwservicemanager: getTransport: Cannot find entry android.hardware.configstore@1.0::ISurfaceFlingerConfigs/default in either framework or device VINTF manifest.
06-04 18:04:42.984 468 468 I IntentFirewall: Read new rules (A:0 B:0 S:0)
06-04 18:04:42.994 528 540 D BootAnimation: BootAnimationShownTiming start time: 14819ms
06-04 18:04:43.004 468 468 E libprocessgroup: Failed to open /dev/memcg/apps: Permission denied
06-04 18:04:43.007 468 468 D AppOps : AppOpsService published
06-04 18:04:43.009 468 468 D SystemServerTiming: StartActivityManager took to complete: 377ms
06-04 18:04:43.009 468 468 I SystemServerTiming: StartDataLoaderManagerService
06-04 18:04:43.009 468 468 I SystemServiceManager: Starting com.android.server.pm.DataLoaderManagerService
06-04 18:04:43.013 468 468 D SystemServerTiming: StartDataLoaderManagerService took to complete: 4ms
06-04 18:04:43.013 468 468 I SystemServerTiming: StartIncrementalService
06-04 18:04:43.018 468 468 I incfs-mounts: [incfs] Loaded incremental-fs mount info: 0 instances, 0 mount points
06-04 18:04:43.020 468 468 D SystemServerTiming: StartIncrementalService took to complete: 6ms
06-04 18:04:43.020 468 468 I SystemServerTiming: StartPowerManager
06-04 18:04:43.020 468 468 I SystemServiceManager: Starting com.android.server.power.PowerManagerService
06-04 18:04:43.034 184 184 I servicemanager: Found android.hardware.power.IPower/default in device VINTF manifest.
06-04 18:04:43.038 185 185 I hw-BpHwBinder: onLastStrongRef automatically unlinking death recipients
06-04 18:04:43.040 266 266 I AW_PowerHAL: Power setMode: INTERACTIVE to: 1
06-04 18:04:43.040 266 266 I AW_PowerHAL: not completed yet, ignore mode request other
06-04 18:04:43.041 266 266 I AW_PowerHAL: check: Mode 0 not Supported ,do nothing
06-04 18:04:43.044 468 468 D SystemServerTiming: StartPowerManager took to complete: 25ms
06-04 18:04:43.045 468 468 I SystemServerTiming: StartThermalManager
06-04 18:04:43.045 468 468 I SystemServiceManager: Starting com.android.server.power.ThermalManagerService
06-04 18:04:43.047 468 468 D SystemServerTiming: StartThermalManager took to complete: 2ms
06-04 18:04:43.048 468 468 I SystemServerTiming: StartHintManager
06-04 18:04:43.048 468 468 I SystemServiceManager: Starting com.android.server.power.hint.HintManagerService
06-04 18:04:43.053 468 468 E PowerHalController: getHintSessionPreferredRate failed: Status(-129, EX_TRANSACTION_FAILED): 'UNKNOWN_TRANSACTION: '
06-04 18:04:43.056 468 468 D SystemServerTiming: StartHintManager took to complete: 7ms
06-04 18:04:43.057 468 468 I SystemServerTiming: InitPowerManagement
06-04 18:04:43.062 468 468 D SystemServerTiming: InitPowerManagement took to complete: 5ms
06-04 18:04:43.063 468 468 I SystemServerTiming: StartRecoverySystemService
06-04 18:04:43.063 468 468 I SystemServiceManager: Starting com.android.server.recoverysystem.RecoverySystemService$Lifecycle
06-04 18:04:43.067 468 468 D SystemServerTiming: StartRecoverySystemService took to complete: 3ms
06-04 18:04:43.068 468 468 I PackageWatchdog: Syncing state, reason: added new observer
06-04 18:04:43.068 468 468 I PackageWatchdog: Not pruning observers, elapsed time: 0ms
06-04 18:04:43.069 185 185 I hwservicemanager: getTransport: Cannot find entry android.hardware.graphics.mapper@4.0::IMapper/default in either framework or device VINTF manifest.
06-04 18:04:43.069 468 529 I PackageWatchdog: Saving observer state to file
06-04 18:04:43.069 528 540 I Gralloc4: mapper 4.x is not supported
06-04 18:04:43.070 185 185 I hwservicemanager: getTransport: Cannot find entry android.hardware.graphics.mapper@3.0::IMapper/default in either framework or device VINTF manifest.
06-04 18:04:43.070 528 540 W Gralloc3: mapper 3.x is not supported
06-04 18:04:43.074 468 468 I PackageWatchdog: Cancelling state sync, nothing to sync
06-04 18:04:43.076 468 468 I SystemServerTiming: StartLightsService
06-04 18:04:43.077 468 468 I SystemServiceManager: Starting com.android.server.lights.LightsService
06-04 18:04:43.078 528 540 E gralloc : Arm Module v1.0
06-04 18:04:43.080 184 184 I servicemanager: Found android.hardware.light.ILights/default in device VINTF manifest.
06-04 18:04:43.080 185 185 I hwservicemanager: getTransport: Cannot find entry android.hardware.graphics.allocator@4.0::IAllocator/default in either framework or device VINTF manifest.
06-04 18:04:43.081 265 265 I android.hardware.lights-service: Lights reporting supported lights size=1
06-04 18:04:43.081 528 540 W Gralloc4: allocator 4.x is not supported
06-04 18:04:43.081 185 185 I hwservicemanager: getTransport: Cannot find entry android.hardware.graphics.allocator@3.0::IAllocator/default in either framework or device VINTF manifest.
06-04 18:04:43.082 528 540 W Gralloc3: allocator 3.x is not supported
06-04 18:04:43.082 468 468 D SystemServerTiming: StartLightsService took to complete: 6ms
06-04 18:04:43.082 468 468 I SystemServerTiming: StartSidekickService
06-04 18:04:43.083 468 468 D SystemServerTiming: StartSidekickService took to complete: 0ms
06-04 18:04:43.083 468 468 I SystemServerTiming: StartDisplayManager
06-04 18:04:43.083 468 468 I SystemServiceManager: Starting com.android.server.display.DisplayManagerService
06-04 18:04:43.087 260 285 I gralloc : alloc buffer:W:1920 H:1080 S:1920 PL[1920 1080] SZ:8294400 fmt:43 if:0 af:43 usg:20000b00 fg:00000004
06-04 18:04:43.088 528 540 E ion : ioctl c0044901 failed with code -1: Inappropriate ioctl for device
06-04 18:04:43.099 468 468 D SystemServerTiming: StartDisplayManager took to complete: 16ms
06-04 18:04:43.099 468 468 I SystemServerTiming: WaitForDisplay
06-04 18:04:43.099 468 468 I SystemServiceManager: Starting phase 100
06-04 18:04:43.099 468 468 I SystemServerTiming: OnBootPhase_100
06-04 18:04:43.100 279 542 E HWComposer: getSupportedContentTypes: getSupportedContentTypes failed for display 0: Unsupported (8)
06-04 18:04:43.116 279 279 I SurfaceFlinger: Enter boot animation
06-04 18:04:43.116 468 520 I DisplayDeviceRepository: Display device added: DisplayDeviceInfo{"内置屏幕": uniqueId="local:0", 1920 x 1080, modeId 1, defaultModeId 1, supportedModes [{id=1, width=1920, height=1080, fps=60.000004, alternativeRefreshRates=[]}], colorMode 0, supportedColorModes [0], hdrCapabilities HdrCapabilities{mSupportedHdrTypes=[2, 3], mMaxLuminance=500.0, mMaxAverageLuminance=500.0, mMinLuminance=0.0}, allmSupported false, gameContentTypeSupported false, density 240, 0.16 x 0.16 dpi, appVsyncOff 1000000, presDeadline 16666666, touch INTERNAL, rotation 0, type INTERNAL, address {port=0}, deviceProductInfo null, state UNKNOWN, frameRateOverride , brightnessMinimum 0.0, brightnessMaximum 1.0, brightnessDefault 0.39763778, FLAG_DEFAULT_DISPLAY, FLAG_ROTATES_WITH_CONTENT, FLAG_SECURE, FLAG_SUPPORTS_PROTECTED_BUFFERS}
06-04 18:04:43.118 261 261 E ion : ioctl c0044901 failed with code -1: Inappropriate ioctl for device
06-04 18:04:43.128 468 520 I LogicalDisplayMapper: Applying layout: [{addr: {port=0}, dispId: 0(ON)}], Previous layout: null
06-04 18:04:43.132 468 520 I LogicalDisplayMapper: Adding new display: 0: DisplayInfo{"内置屏幕", displayId 0", displayGroupId -1, FLAG_SECURE, FLAG_SUPPORTS_PROTECTED_BUFFERS, FLAG_TRUSTED, real 1920 x 1080, largest app 1920 x 1080, smallest app 1920 x 1080, appVsyncOff 1000000, presDeadline 16666666, mode 1, defaultMode 1, modes [{id=1, width=1920, height=1080, fps=60.000004, alternativeRefreshRates=[]}], hdrCapabilities HdrCapabilities{mSupportedHdrTypes=[2, 3], mMaxLuminance=500.0, mMaxAverageLuminance=500.0, mMinLuminance=0.0}, userDisabledHdrTypes [], minimalPostProcessingSupported false, rotation 0, state UNKNOWN, type INTERNAL, uniqueId "local:0", app 1920 x 1080, density 240 (0.16 x 0.16) dpi, layerStack 0, colorMode 0, supportedColorModes [0], address {port=0}, deviceProductInfo null, removeMode 0, refreshRateOverride 0.0, brightnessMinimum 0.0, brightnessMaximum 1.0, brightnessDefault 0.39763778}
06-04 18:04:43.298 381 381 I : DVI mode selected: packets not configured
06-04 18:04:43.305 381 381 I : Error: set vsif failed
06-04 18:04:43.135 468 520 I LogicalDisplayMapper: Setting new display group 0 for display 0, from previous group: null
06-04 18:04:43.137 468 468 D SystemServerTiming: OnBootPhase_100 took to complete: 38ms
06-04 18:04:43.137 468 468 D SystemServerTiming: WaitForDisplay took to complete: 38ms
06-04 18:04:43.137 468 468 I SystemServerTiming: StartDomainVerificationService
06-04 18:04:43.157 468 468 D SystemServerTiming: StartDomainVerificationService took to complete: 20ms
06-04 18:04:43.157 468 468 I SystemServerTiming: StartPackageManagerService
06-04 18:04:43.158 468 468 I Watchdog: Pausing HandlerChecker: main thread for reason: packagemanagermain. Pause count: 1
06-04 18:04:43.167 468 468 I PackageManagerTiming: create package manager
06-04 18:04:43.178 468 468 E PackageManager: /oem/delete.txt not exist
06-04 18:04:43.178 468 468 I PackageManagerTiming: createSubComponents
06-04 18:04:43.179 260 285 I gralloc : alloc buffer:W:1920 H:1080 S:1920 PL[1920 1080] SZ:8294400 fmt:43 if:0 af:43 usg:20000b00 fg:00000004
06-04 18:04:43.378 381 381 I : DVI mode selected: packets not configured
06-04 18:04:43.384 381 381 I : Error: set vsif failed
06-04 18:04:43.233 468 468 D PackageManagerTiming: createSubComponents took to complete: 54ms
06-04 18:04:43.233 468 468 I PackageManagerTiming: addSharedUsers
06-04 18:04:43.233 468 468 D PackageManagerTiming: addSharedUsers took to complete: 1ms
06-04 18:04:43.236 468 468 I PackageManagerTiming: get system config
06-04 18:04:43.236 468 468 D PackageManagerTiming: get system config took to complete: 0ms
06-04 18:04:43.240 468 468 D PackageManager: Directories scanned as system partitions: [/system:0, /vendor:524288, /odm:4194304, /oem:262144, /product:1048576, /system/system_ext:2097152, /apex/com.android.wifi:8388608, /apex/com.android.vndk.v31:8388608, /apex/com.android.tzdata:8388608, /apex/com.android.tethering:8388608, /apex/com.android.sdkext:8388608, /apex/com.android.scheduling:8388608, /apex/com.android.runtime:8388608, /apex/com.android.resolv:8388608, /apex/com.android.permission:8388608, /apex/com.android.os.statsd:8388608, /apex/com.android.neuralnetworks:8388608, /apex/com.android.mediaprovider:8388608, /apex/com.android.media.swcodec:8388608, /apex/com.android.media:8388608, /apex/com.android.ipsec:8388608, /apex/com.android.i18n:8388608, /apex/com.android.extservices:8388608, /apex/com.android.conscrypt:8388608, /apex/com.android.art:8388608, /apex/com.android.appsearch:8388608, /apex/com.android.adbd:8388608]
06-04 18:04:43.247 468 468 D SELinuxMMAC: Using policy file /system/etc/selinux/plat_mac_permissions.xml
06-04 18:04:43.260 468 515 D SystemServerTimingAsync: loadPreinstalledSystemFontMap took to complete: 960ms
06-04 18:04:43.260 468 515 D SystemServerInitThreadPool: Finished executing loadPreinstalledSystemFontMap
06-04 18:04:43.260 468 515 D SystemServerTimingAsync: InitThreadPoolExec:loadPreinstalledSystemFontMap took to complete: 960ms
06-04 18:04:43.428 381 381 I : DVI mode selected: packets not configured
06-04 18:04:43.434 381 381 I : Error: set vsif failed
06-04 18:04:43.263 468 468 D SELinuxMMAC: Using policy file /system_ext/etc/selinux/system_ext_mac_permissions.xml
06-04 18:04:43.265 468 468 D SELinuxMMAC: Using policy file /vendor/etc/selinux/vendor_mac_permissions.xml
06-04 18:04:43.267 468 468 I PackageManagerTiming: loadFallbacks
06-04 18:04:43.269 468 468 D FallbackCategoryProvider: Found 1 fallback categories
06-04 18:04:43.270 468 468 D PackageManagerTiming: loadFallbacks took to complete: 3ms
06-04 18:04:43.270 468 468 I PackageManagerTiming: read user settings
06-04 18:04:43.477 381 381 I : DVI mode selected: packets not configured
06-04 18:04:43.484 381 381 I : Error: set vsif failed
06-04 18:04:43.356 267 267 I EventThread: type=1400 audit(0.0:289): avc: denied { search } for name="extcon" dev="sysfs" ino=18109 scontext=u:r:hal_tv_cec_default:s0 tcontext=u:object_r:sysfs_extcon:s0 tclass=dir permissive=1
06-04 18:04:43.528 381 381 I : DVI mode selected: packets not configured
06-04 18:04:43.534 381 381 I : Error: set vsif failed
06-04 18:04:43.578 381 381 I : DVI mode selected: packets not configured
06-04 18:04:43.584 381 381 I : Error: set vsif failed
06-04 18:04:43.461 468 468 W android.permission.PermissionManager: Missing ActivityManager; assuming 1000 holds android.permission.SET_PREFERRED_APPLICATIONS
06-04 18:04:43.462 468 468 W android.permission.PermissionManager: Missing ActivityManager; assuming 1000 holds android.permission.SET_PREFERRED_APPLICATIONS
06-04 18:04:43.463 468 468 W android.permission.PermissionManager: Missing ActivityManager; assuming 1000 holds android.permission.SET_PREFERRED_APPLICATIONS
06-04 18:04:43.463 468 468 W android.permission.PermissionManager: Missing ActivityManager; assuming 1000 holds android.permission.SET_PREFERRED_APPLICATIONS
06-04 18:04:43.463 468 468 W android.permission.PermissionManager: Missing ActivityManager; assuming 1000 holds android.permission.SET_PREFERRED_APPLICATIONS
06-04 18:04:43.464 468 468 W android.permission.PermissionManager: Missing ActivityManager; assuming 1000 holds android.permission.SET_PREFERRED_APPLICATIONS
06-04 18:04:43.630 381 381 I : DVI mode selected: packets not configured
06-04 18:04:43.636 381 381 I : Error: set vsif failed
06-04 18:04:43.464 468 468 W android.permission.PermissionManager: Missing ActivityManager; assuming 1000 holds android.permission.SET_PREFERRED_APPLICATIONS
06-04 18:04:43.465 468 468 W android.permission.PermissionManager: Missing ActivityManager; assuming 1000 holds android.permission.SET_PREFERRED_APPLICATIONS
06-04 18:04:43.465 468 468 W android.permission.PermissionManager: Missing ActivityManager; assuming 1000 holds android.permission.SET_PREFERRED_APPLICATIONS
06-04 18:04:43.465 468 468 W android.permission.PermissionManager: Missing ActivityManager; assuming 1000 holds android.permission.SET_PREFERRED_APPLICATIONS
06-04 18:04:43.465 468 468 W android.permission.PermissionManager: Missing ActivityManager; assuming 1000 holds android.permission.SET_PREFERRED_APPLICATIONS
06-04 18:04:43.466 468 468 W android.permission.PermissionManager: Missing ActivityManager; assuming 1000 holds android.permission.SET_PREFERRED_APPLICATIONS
06-04 18:04:43.466 468 468 W android.permission.PermissionManager: Missing ActivityManager; assuming 1000 holds android.permission.SET_PREFERRED_APPLICATIONS
06-04 18:04:43.466 468 468 W android.permission.PermissionManager: Missing ActivityManager; assuming 1000 holds android.permission.SET_PREFERRED_APPLICATIONS
06-04 18:04:43.466 468 468 W android.permission.PermissionManager: Missing ActivityManager; assuming 1000 holds android.permission.SET_PREFERRED_APPLICATIONS
06-04 18:04:43.467 468 468 W android.permission.PermissionManager: Missing ActivityManager; assuming 1000 holds android.permission.SET_PREFERRED_APPLICATIONS
06-04 18:04:43.467 468 468 W android.permission.PermissionManager: Missing ActivityManager; assuming 1000 holds android.permission.SET_PREFERRED_APPLICATIONS
06-04 18:04:43.467 468 468 W android.permission.PermissionManager: Missing ActivityManager; assuming 1000 holds android.permission.SET_PREFERRED_APPLICATIONS
06-04 18:04:43.468 468 468 W android.permission.PermissionManager: Missing ActivityManager; assuming 1000 holds android.permission.SET_PREFERRED_APPLICATIONS
06-04 18:04:43.468 468 468 W android.permission.PermissionManager: Missing ActivityManager; assuming 1000 holds android.permission.SET_PREFERRED_APPLICATIONS
06-04 18:04:43.468 468 468 W android.permission.PermissionManager: Missing ActivityManager; assuming 1000 holds android.permission.SET_PREFERRED_APPLICATIONS
06-04 18:04:43.468 468 468 W android.permission.PermissionManager: Missing ActivityManager; assuming 1000 holds android.permission.SET_PREFERRED_APPLICATIONS
06-04 18:04:43.469 468 468 W android.permission.PermissionManager: Missing ActivityManager; assuming 1000 holds android.permission.SET_PREFERRED_APPLICATIONS
06-04 18:04:43.469 468 468 W android.permission.PermissionManager: Missing ActivityManager; assuming 1000 holds android.permission.SET_PREFERRED_APPLICATIONS
06-04 18:04:43.469 468 468 W android.permission.PermissionManager: Missing ActivityManager; assuming 1000 holds android.permission.SET_PREFERRED_APPLICATIONS
06-04 18:04:43.469 468 468 W android.permission.PermissionManager: Missing ActivityManager; assuming 1000 holds android.permission.SET_PREFERRED_APPLICATIONS
06-04 18:04:43.470 468 468 W android.permission.PermissionManager: Missing ActivityManager; assuming 1000 holds android.permission.SET_PREFERRED_APPLICATIONS
06-04 18:04:43.470 468 468 W android.permission.PermissionManager: Missing ActivityManager; assuming 1000 holds android.permission.SET_PREFERRED_APPLICATIONS
06-04 18:04:43.470 468 468 W android.permission.PermissionManager: Missing ActivityManager; assuming 1000 holds android.permission.SET_PREFERRED_APPLICATIONS
06-04 18:04:43.470 468 468 W android.permission.PermissionManager: Missing ActivityManager; assuming 1000 holds android.permission.SET_PREFERRED_APPLICATIONS
06-04 18:04:43.471 468 468 W android.permission.PermissionManager: Missing ActivityManager; assuming 1000 holds android.permission.SET_PREFERRED_APPLICATIONS
06-04 18:04:43.471 468 468 W android.permission.PermissionManager: Missing ActivityManager; assuming 1000 holds android.permission.SET_PREFERRED_APPLICATIONS
06-04 18:04:43.471 468 468 W android.permission.PermissionManager: Missing ActivityManager; assuming 1000 holds android.permission.SET_PREFERRED_APPLICATIONS
06-04 18:04:43.471 468 468 W android.permission.PermissionManager: Missing ActivityManager; assuming 1000 holds android.permission.SET_PREFERRED_APPLICATIONS
06-04 18:04:43.472 468 468 W android.permission.PermissionManager: Missing ActivityManager; assuming 1000 holds android.permission.SET_PREFERRED_APPLICATIONS
06-04 18:04:43.472 468 468 W android.permission.PermissionManager: Missing ActivityManager; assuming 1000 holds android.permission.SET_PREFERRED_APPLICATIONS
06-04 18:04:43.472 468 468 W android.permission.PermissionManager: Missing ActivityManager; assuming 1000 holds android.permission.SET_PREFERRED_APPLICATIONS
06-04 18:04:43.472 468 468 W android.permission.PermissionManager: Missing ActivityManager; assuming 1000 holds android.permission.SET_PREFERRED_APPLICATIONS
06-04 18:04:43.473 468 468 W android.permission.PermissionManager: Missing ActivityManager; assuming 1000 holds android.permission.SET_PREFERRED_APPLICATIONS
06-04 18:04:43.473 468 468 W android.permission.PermissionManager: Missing ActivityManager; assuming 1000 holds android.permission.SET_PREFERRED_APPLICATIONS
06-04 18:04:43.473 468 468 W android.permission.PermissionManager: Missing ActivityManager; assuming 1000 holds android.permission.SET_PREFERRED_APPLICATIONS
06-04 18:04:43.473 468 468 W android.permission.PermissionManager: Missing ActivityManager; assuming 1000 holds android.permission.SET_PREFERRED_APPLICATIONS
06-04 18:04:43.474 468 468 W android.permission.PermissionManager: Missing ActivityManager; assuming 1000 holds android.permission.SET_PREFERRED_APPLICATIONS
06-04 18:04:43.474 468 468 W android.permission.PermissionManager: Missing ActivityManager; assuming 1000 holds android.permission.SET_PREFERRED_APPLICATIONS
06-04 18:04:43.474 468 468 W android.permission.PermissionManager: Missing ActivityManager; assuming 1000 holds android.permission.SET_PREFERRED_APPLICATIONS
06-04 18:04:43.475 468 468 W android.permission.PermissionManager: Missing ActivityManager; assuming 1000 holds android.permission.SET_PREFERRED_APPLICATIONS
06-04 18:04:43.475 468 468 W android.permission.PermissionManager: Missing ActivityManager; assuming 1000 holds android.permission.SET_PREFERRED_APPLICATIONS
06-04 18:04:43.475 468 468 W android.permission.PermissionManager: Missing ActivityManager; assuming 1000 holds android.permission.SET_PREFERRED_APPLICATIONS
06-04 18:04:43.475 468 468 W android.permission.PermissionManager: Missing ActivityManager; assuming 1000 holds android.permission.SET_PREFERRED_APPLICATIONS
06-04 18:04:43.475 468 468 W android.permission.PermissionManager: Missing ActivityManager; assuming 1000 holds android.permission.SET_PREFERRED_APPLICATIONS
06-04 18:04:43.476 468 468 W android.permission.PermissionManager: Missing ActivityManager; assuming 1000 holds android.permission.SET_PREFERRED_APPLICATIONS
06-04 18:04:43.476 468 468 W android.permission.PermissionManager: Missing ActivityManager; assuming 1000 holds android.permission.SET_PREFERRED_APPLICATIONS
06-04 18:04:43.476 468 468 W android.permission.PermissionManager: Missing ActivityManager; assuming 1000 holds android.permission.SET_PREFERRED_APPLICATIONS
06-04 18:04:43.476 468 468 W android.permission.PermissionManager: Missing ActivityManager; assuming 1000 holds android.permission.SET_PREFERRED_APPLICATIONS
06-04 18:04:43.477 468 468 W android.permission.PermissionManager: Missing ActivityManager; assuming 1000 holds android.permission.SET_PREFERRED_APPLICATIONS
06-04 18:04:43.477 468 468 W android.permission.PermissionManager: Missing ActivityManager; assuming 1000 holds android.permission.SET_PREFERRED_APPLICATIONS
06-04 18:04:43.477 468 468 W android.permission.PermissionManager: Missing ActivityManager; assuming 1000 holds android.permission.SET_PREFERRED_APPLICATIONS
06-04 18:04:43.478 468 468 W android.permission.PermissionManager: Missing ActivityManager; assuming 1000 holds android.permission.SET_PREFERRED_APPLICATIONS
06-04 18:04:43.478 468 468 W android.permission.PermissionManager: Missing ActivityManager; assuming 1000 holds android.permission.SET_PREFERRED_APPLICATIONS
06-04 18:04:43.478 468 468 W android.permission.PermissionManager: Missing ActivityManager; assuming 1000 holds android.permission.SET_PREFERRED_APPLICATIONS
06-04 18:04:43.479 468 468 W android.permission.PermissionManager: Missing ActivityManager; assuming 1000 holds android.permission.SET_PREFERRED_APPLICATIONS
06-04 18:04:43.479 468 468 W android.permission.PermissionManager: Missing ActivityManager; assuming 1000 holds android.permission.SET_PREFERRED_APPLICATIONS
06-04 18:04:43.479 468 468 W android.permission.PermissionManager: Missing ActivityManager; assuming 1000 holds android.permission.SET_PREFERRED_APPLICATIONS
06-04 18:04:43.479 468 468 W android.permission.PermissionManager: Missing ActivityManager; assuming 1000 holds android.permission.SET_PREFERRED_APPLICATIONS
06-04 18:04:43.480 468 468 W android.permission.PermissionManager: Missing ActivityManager; assuming 1000 holds android.permission.SET_PREFERRED_APPLICATIONS
06-04 18:04:43.480 468 468 W android.permission.PermissionManager: Missing ActivityManager; assuming 1000 holds android.permission.SET_PREFERRED_APPLICATIONS
06-04 18:04:43.480 468 468 W android.permission.PermissionManager: Missing ActivityManager; assuming 1000 holds android.permission.SET_PREFERRED_APPLICATIONS
06-04 18:04:43.480 468 468 W android.permission.PermissionManager: Missing ActivityManager; assuming 1000 holds android.permission.SET_PREFERRED_APPLICATIONS
06-04 18:04:43.481 468 468 W android.permission.PermissionManager: Missing ActivityManager; assuming 1000 holds android.permission.SET_PREFERRED_APPLICATIONS
06-04 18:04:43.481 468 468 W android.permission.PermissionManager: Missing ActivityManager; assuming 1000 holds android.permission.SET_PREFERRED_APPLICATIONS
06-04 18:04:43.481 468 468 W android.permission.PermissionManager: Missing ActivityManager; assuming 1000 holds android.permission.SET_PREFERRED_APPLICATIONS
06-04 18:04:43.481 468 468 W android.permission.PermissionManager: Missing ActivityManager; assuming 1000 holds android.permission.SET_PREFERRED_APPLICATIONS
06-04 18:04:43.482 468 468 W android.permission.PermissionManager: Missing ActivityManager; assuming 1000 holds android.permission.SET_PREFERRED_APPLICATIONS
06-04 18:04:43.482 468 468 W android.permission.PermissionManager: Missing ActivityManager; assuming 1000 holds android.permission.SET_PREFERRED_APPLICATIONS
06-04 18:04:43.482 468 468 W android.permission.PermissionManager: Missing ActivityManager; assuming 1000 holds android.permission.SET_PREFERRED_APPLICATIONS
06-04 18:04:43.482 468 468 W android.permission.PermissionManager: Missing ActivityManager; assuming 1000 holds android.permission.SET_PREFERRED_APPLICATIONS
06-04 18:04:43.483 468 468 W android.permission.PermissionManager: Missing ActivityManager; assuming 1000 holds android.permission.SET_PREFERRED_APPLICATIONS
06-04 18:04:43.483 468 468 W android.permission.PermissionManager: Missing ActivityManager; assuming 1000 holds android.permission.SET_PREFERRED_APPLICATIONS
06-04 18:04:43.483 468 468 W android.permission.PermissionManager: Missing ActivityManager; assuming 1000 holds android.permission.SET_PREFERRED_APPLICATIONS
06-04 18:04:43.483 468 468 W android.permission.PermissionManager: Missing ActivityManager; assuming 1000 holds android.permission.SET_PREFERRED_APPLICATIONS
06-04 18:04:43.484 468 468 W android.permission.PermissionManager: Missing ActivityManager; assuming 1000 holds android.permission.SET_PREFERRED_APPLICATIONS
06-04 18:04:43.484 468 468 W android.permission.PermissionManager: Missing ActivityManager; assuming 1000 holds android.permission.SET_PREFERRED_APPLICATIONS
06-04 18:04:43.484 468 468 W android.permission.PermissionManager: Missing ActivityManager; assuming 1000 holds android.permission.SET_PREFERRED_APPLICATIONS
06-04 18:04:43.484 468 468 W android.permission.PermissionManager: Missing ActivityManager; assuming 1000 holds android.permission.SET_PREFERRED_APPLICATIONS
06-04 18:04:43.485 468 468 W android.permission.PermissionManager: Missing ActivityManager; assuming 1000 holds android.permission.SET_PREFERRED_APPLICATIONS
06-04 18:04:43.485 468 468 W android.permission.PermissionManager: Missing ActivityManager; assuming 1000 holds android.permission.SET_PREFERRED_APPLICATIONS
06-04 18:04:43.485 468 468 W android.permission.PermissionManager: Missing ActivityManager; assuming 1000 holds android.permission.SET_PREFERRED_APPLICATIONS
06-04 18:04:43.485 468 468 W android.permission.PermissionManager: Missing ActivityManager; assuming 1000 holds android.permission.SET_PREFERRED_APPLICATIONS
06-04 18:04:43.486 468 468 W android.permission.PermissionManager: Missing ActivityManager; assuming 1000 holds android.permission.SET_PREFERRED_APPLICATIONS
06-04 18:04:43.486 468 468 W android.permission.PermissionManager: Missing ActivityManager; assuming 1000 holds android.permission.SET_PREFERRED_APPLICATIONS
06-04 18:04:43.487 468 468 W android.permission.PermissionManager: Missing ActivityManager; assuming 1000 holds android.permission.SET_PREFERRED_APPLICATIONS
06-04 18:04:43.487 468 468 W android.permission.PermissionManager: Missing ActivityManager; assuming 1000 holds android.permission.SET_PREFERRED_APPLICATIONS
06-04 18:04:43.487 468 468 W android.permission.PermissionManager: Missing ActivityManager; assuming 1000 holds android.permission.SET_PREFERRED_APPLICATIONS
06-04 18:04:43.488 468 468 W android.permission.PermissionManager: Missing ActivityManager; assuming 1000 holds android.permission.SET_PREFERRED_APPLICATIONS
06-04 18:04:43.488 468 468 W android.permission.PermissionManager: Missing ActivityManager; assuming 1000 holds android.permission.SET_PREFERRED_APPLICATIONS
06-04 18:04:43.489 468 468 W android.permission.PermissionManager: Missing ActivityManager; assuming 1000 holds android.permission.SET_PREFERRED_APPLICATIONS
06-04 18:04:43.489 468 468 W android.permission.PermissionManager: Missing ActivityManager; assuming 1000 holds android.permission.SET_PREFERRED_APPLICATIONS
06-04 18:04:43.489 468 468 W android.permission.PermissionManager: Missing ActivityManager; assuming 1000 holds android.permission.SET_PREFERRED_APPLICATIONS
06-04 18:04:43.490 468 468 W android.permission.PermissionManager: Missing ActivityManager; assuming 1000 holds android.permission.SET_PREFERRED_APPLICATIONS
06-04 18:04:43.490 468 468 W android.permission.PermissionManager: Missing ActivityManager; assuming 1000 holds android.permission.SET_PREFERRED_APPLICATIONS
06-04 18:04:43.491 468 468 W android.permission.PermissionManager: Missing ActivityManager; assuming 1000 holds android.permission.SET_PREFERRED_APPLICATIONS
06-04 18:04:43.491 468 468 W android.permission.PermissionManager: Missing ActivityManager; assuming 1000 holds android.permission.SET_PREFERRED_APPLICATIONS
06-04 18:04:43.491 468 468 W android.permission.PermissionManager: Missing ActivityManager; assuming 1000 holds android.permission.SET_PREFERRED_APPLICATIONS
06-04 18:04:43.492 468 468 W android.permission.PermissionManager: Missing ActivityManager; assuming 1000 holds android.permission.SET_PREFERRED_APPLICATIONS
06-04 18:04:43.492 468 468 W android.permission.PermissionManager: Missing ActivityManager; assuming 1000 holds android.permission.SET_PREFERRED_APPLICATIONS
06-04 18:04:43.492 468 468 W android.permission.PermissionManager: Missing ActivityManager; assuming 1000 holds android.permission.SET_PREFERRED_APPLICATIONS
06-04 18:04:43.493 468 468 W android.permission.PermissionManager: Missing ActivityManager; assuming 1000 holds android.permission.SET_PREFERRED_APPLICATIONS
06-04 18:04:43.493 468 468 W android.permission.PermissionManager: Missing ActivityManager; assuming 1000 holds android.permission.SET_PREFERRED_APPLICATIONS
06-04 18:04:43.493 468 468 W android.permission.PermissionManager: Missing ActivityManager; assuming 1000 holds android.permission.SET_PREFERRED_APPLICATIONS
06-04 18:04:43.493 468 468 W android.permission.PermissionManager: Missing ActivityManager; assuming 1000 holds android.permission.SET_PREFERRED_APPLICATIONS
06-04 18:04:43.494 468 468 W android.permission.PermissionManager: Missing ActivityManager; assuming 1000 holds android.permission.SET_PREFERRED_APPLICATIONS
06-04 18:04:43.494 468 468 W android.permission.PermissionManager: Missing ActivityManager; assuming 1000 holds android.permission.SET_PREFERRED_APPLICATIONS
06-04 18:04:43.515 468 468 W PackageSettings: Missing permission state for package: com.android.cts.priv.ctsshim
06-04 18:04:43.515 468 468 W PackageSettings: Missing permission state for package: com.android.internal.systemui.navbar.gestural_wide_back
06-04 18:04:43.515 468 468 W PackageSettings: Missing permission state for package: com.softwinner.awlogsettings
06-04 18:04:43.694 381 381 I : DVI mode selected: packets not configured
06-04 18:04:43.700 381 381 I : Error: set vsif failed
06-04 18:04:43.516 468 468 W PackageSettings: Missing permission state for package: com.android.htmlviewer
06-04 18:04:43.516 468 468 W PackageSettings: Missing permission state for package: com.android.internal.systemui.onehanded.gestural
06-04 18:04:43.517 468 468 W PackageSettings: Missing permission state for package: com.android.simappdialog
06-04 18:04:43.517 468 468 W PackageSettings: Missing permission state for package: com.android.connectivity.resources
06-04 18:04:43.517 468 468 W PackageSettings: Missing permission state for package: com.android.modulemetadata
06-04 18:04:43.517 468 468 W PackageSettings: Missing permission state for package: com.google.android.apps.searchlite.overlay
06-04 18:04:43.517 468 468 W PackageSettings: Missing permission state for package: com.android.internal.systemui.navbar.threebutton
06-04 18:04:43.517 468 468 W PackageSettings: Missing permission state for package: com.google.android.networkstackconfig
06-04 18:04:43.517 468 468 W PackageSettings: Missing permission state for package: com.android.internal.systemui.navbar.gestural_extra_wide_back
06-04 18:04:43.517 468 468 W PackageSettings: Missing permission state for package: com.android.dreams.basic
06-04 18:04:43.518 468 468 W PackageSettings: Missing permission state for package: android.ext.shared
06-04 18:04:43.518 468 468 W PackageSettings: Missing permission state for package: com.google.android.networkstack.tetheringconfig
06-04 18:04:43.518 468 468 W PackageSettings: Missing permission state for package: com.android.wifi.resources
06-04 18:04:43.518 468 468 W PackageSettings: Missing permission state for package: com.android.theme.font.notoserifsource
06-04 18:04:43.518 468 468 W PackageSettings: Missing permission state for package: com.allwinnertech.packageoverride
06-04 18:04:43.518 468 468 W PackageSettings: Missing permission state for package: com.android.bookmarkprovider
06-04 18:04:43.518 468 468 W PackageSettings: Missing permission state for package: com.android.cts.ctsshim
06-04 18:04:43.518 468 468 W PackageSettings: Missing permission state for package: com.softwinner.theme.icon
06-04 18:04:43.518 468 468 W PackageSettings: Missing permission state for package: com.softwinner.theme.color
06-04 18:04:43.519 468 468 W PackageSettings: Missing permission state for package: com.android.internal.systemui.navbar.gestural
06-04 18:04:43.519 468 468 W PackageSettings: Missing permission state for package: com.android.internal.systemui.navbar.gestural_narrow_back
06-04 18:04:43.519 468 468 W PackageSettings: Missing permission state for package: android.auto_generated_rro_vendor__
06-04 18:04:43.520 468 468 W PackageSettings: Missing permission state for shared user: android.uid.log
06-04 18:04:43.520 468 468 W PackageSettings: Missing permission state for shared user: android.uid.nfc
06-04 18:04:43.520 468 468 W PackageSettings: Missing permission state for shared user: android.uid.uwb
06-04 18:04:43.524 468 468 D PackageManagerTiming: read user settings took to complete: 254ms
06-04 18:04:43.528 468 468 D PackageManager: Keeping known cache 95b18be4faae1ebde4b6a8267fda7ecd5218f828
06-04 18:04:43.532 468 468 D PackageManager: No files in app dir /system/system_ext/overlay
06-04 18:04:43.540 468 468 I PackageBackwardCompatibility: Loaded android.content.pm.AndroidTestBaseUpdater
06-04 18:04:43.546 468 468 D CompatibilityChangeReporter: Compat change id reported: 143539591; UID -1; state: ENABLED
06-04 18:04:43.547 245 245 W ServiceManager: Service statscompanion didn't start. Returning NULL
06-04 18:04:43.550 245 245 I statsd : Statsd starts to listen to socket.
06-04 18:04:43.564 468 468 D PackageManager: No files in app dir /oem/overlay
06-04 18:04:43.565 468 468 D PackageManager: No files in app dir /odm/overlay
06-04 18:04:43.744 381 381 I : DVI mode selected: packets not configured
06-04 18:04:43.750 381 381 I : Error: set vsif failed
06-04 18:04:43.586 468 468 W PackageManager: Failed to parse /system/framework/oat: Missing base APK in /system/framework/oat/arm
06-04 18:04:43.586 468 468 W PackageManager: Failed to parse /system/framework/arm: Missing base APK in /system/framework/arm
06-04 18:04:43.794 381 381 I : DVI mode selected: packets not configured
06-04 18:04:43.800 381 381 I : Error: set vsif failed
06-04 18:04:43.712 468 569 D PackageParsing: homlet: force set orientation: 0
06-04 18:04:43.722 468 569 D CompatibilityChangeReporter: Compat change id reported: 150232615; UID -1; state: ENABLED
06-04 18:04:43.724 468 468 D CompatibilityChangeReporter: Compat change id reported: 143539591; UID -1; state: DISABLED
06-04 18:04:43.724 468 468 D CompatibilityChangeReporter: Compat change id reported: 168782947; UID -1; state: DISABLED
06-04 18:04:43.770 468 468 W PackageManager: Provider ComponentInfo{com.dangbei.leard.leradlauncher/androidx.core.content.FileProvider} already defined; ignoring
06-04 18:04:43.816 468 468 W PackageManager: Failed to parse /system/priv-app/SettingsAssist: /system/priv-app/SettingsAssist/SettingsAssist.apk (at Binary XML file line #34): com.softwinner.settingsassist.Recovery: Targeting S+ (version 31 and above) requires that an explicit value for android:exported be defined when intent filters are present
