06-04 18:04:45.373 468 518 W WindowManager: at com.android.server.UiThread.run(UiThread.java:45)
06-04 18:04:45.373 468 518 W WindowManager: Caused by: android.system.ErrnoException: open failed: ENOENT (No such file or directory)
06-04 18:04:45.373 468 518 W WindowManager: at libcore.io.Linux.open(Native Method)
06-04 18:04:45.373 468 518 W WindowManager: at libcore.io.ForwardingOs.open(ForwardingOs.java:567)
06-04 18:04:45.373 468 518 W WindowManager: at libcore.io.BlockGuardOs.open(BlockGuardOs.java:273)
06-04 18:04:45.373 468 518 W WindowManager: at libcore.io.IoBridge.open(IoBridge.java:561)
06-04 18:04:45.373 468 518 W WindowManager: ... 18 more
06-04 18:04:45.388 313 313 D XiriService: check file name: /data/data/com.android.cts.priv.ctsshim/lib
06-04 18:04:45.388 313 313 D XiriService: check file name: /data/data/com.android.cts.priv.ctsshim/lib
06-04 18:04:45.388 468 518 D com_softwinner_gpio: Gpio JNI_OnLoad()
06-04 18:04:45.390 468 518 D com_softwinner_gpio: init
06-04 18:04:45.391 184 184 E SELinux : avc: denied { find } for pid=468 uid=1000 name=softwinner.gpio scontext=u:r:system_server:s0 tcontext=u:object_r:default_android_service:s0 tclass=service_manager permissive=1
06-04 18:04:45.392 468 468 D SystemServerTiming: WindowManagerServiceOnInitReady took to complete: 47ms
06-04 18:04:45.392 468 579 I SystemServerTimingAsync: InitThreadPoolExec:StartHidlServices
06-04 18:04:45.392 468 579 D SystemServerInitThreadPool: Started executing StartHidlServices
06-04 18:04:45.392 468 579 I SystemServerTimingAsync: StartHidlServices
06-04 18:04:45.393 468 468 I SystemServerTiming: StartInputManager
06-04 18:04:45.393 468 468 I InputManager: Starting input manager
06-04 18:04:45.399 468 579 I HidlServiceManagement: Registered android.frameworks.sensorservice@1.0::ISensorManager/default
06-04 18:04:45.402 468 600 D EventHub: No input device configuration file found for device 'sunxi-ir-uinput'.
06-04 18:04:45.407 185 185 I hwservicemanager: getTransport: Cannot find entry android.frameworks.schedulerservice@1.0::ISchedulingPolicyService/default in either framework or device VINTF manifest.
06-04 18:04:45.408 468 579 W system_server: android.frameworks.schedulerservice@1.0::ISchedulingPolicyService is deprecated. Skipping registration.
06-04 18:04:45.408 468 579 D SystemServerTimingAsync: StartHidlServices took to complete: 15ms
06-04 18:04:45.408 468 579 D SystemServerInitThreadPool: Finished executing StartHidlServices
06-04 18:04:45.408 468 579 D SystemServerTimingAsync: InitThreadPoolExec:StartHidlServices took to complete: 16ms
06-04 18:04:45.415 468 468 I InputManager: Enabling motion classifier because just booted: feature enabled, long press timeout = 400
06-04 18:04:45.415 468 468 I InputClassifier: Enabling motion classifier
06-04 18:04:45.415 313 313 D XiriService: check file name: /data/data/com.android.cts.priv.ctsshim/lib
06-04 18:04:45.415 313 313 D XiriService: check file name: /data/data/com.android.dynsystem/lib
06-04 18:04:45.416 468 600 I EventHub: usingClockIoctl=true
06-04 18:04:45.416 468 600 I EventHub: New device: id=1, fd=164, path='/dev/input/event1', name='sunxi-ir-uinput', classes=KEYBOARD | ALPHAKEY | CURSOR | DPAD, configuration='', keyLayout='/system/usr/keylayout/sunxi-ir-uinput.kl', keyCharacterMap='/system/usr/keychars/Generic.kcm', builtinKeyboard=false,
06-04 18:04:45.417 468 600 D EventHub: No input device configuration file found for device 'sunxi-ir'.
06-04 18:04:45.384 313 313 I xiriservice_All: type=1400 audit(0.0:296): avc: denied { search } for name="com.android.cts.priv.ctsshim" dev="mmcblk0p25" ino=569 scontext=u:r:init:s0 tcontext=u:object_r:privapp_data_file:s0:c512,c768 tclass=dir permissive=1
06-04 18:04:45.418 185 185 I hwservicemanager: getTransport: Cannot find entry android.hardware.input.classifier@1.0::IInputClassifier/default in either framework or device VINTF manifest.
06-04 18:04:45.419 468 601 I InputClassifier: Could not obtain InputClassifier HAL
06-04 18:04:45.420 318 320 D XM_HIDREAD: add@ add@/devices/virtual/wakeup/wakeup23
06-04 18:04:45.422 468 468 D SystemServerTiming: StartInputManager took to complete: 28ms
06-04 18:04:45.424 468 468 I SystemServerTiming: DisplayManagerWindowManagerAndInputReady
06-04 18:04:45.425 318 320 D XM_HIDREAD: add@ add@/devices/virtual/wakeup/wakeup24
06-04 18:04:45.425 468 600 I EventHub: usingClockIoctl=true
06-04 18:04:45.425 468 600 I EventHub: New device: id=2, fd=165, path='/dev/input/event0', name='sunxi-ir', classes=KEYBOARD, configuration='', keyLayout='/system/usr/keylayout/sunxi-ir.kl', keyCharacterMap='/system/usr/keychars/Generic.kcm', builtinKeyboard=false,
06-04 18:04:45.442 313 313 D XiriService: check file name: /data/data/com.android.dynsystem/lib
06-04 18:04:45.442 313 313 D XiriService: check file name: /data/data/com.dangbei.lerad.rocky/lib
06-04 18:04:45.442 313 313 D XiriService: check file name: /data/data/com.android.tv.settings/lib
06-04 18:04:45.412 313 313 I xiriservice_All: type=1400 audit(0.0:297): avc: denied { read } for name="lib" dev="mmcblk0p25" ino=23747 scontext=u:r:init:s0 tcontext=u:object_r:privapp_data_file:s0:c512,c768 tclass=lnk_file permissive=1
06-04 18:04:45.455 468 520 I LogicalDisplayMapper: Requesting Transition to state: 0
06-04 18:04:45.456 468 520 I LogicalDisplayMapper: Applying layout: [{addr: {port=0}, dispId: 0(ON)}], Previous layout: [{addr: {port=0}, dispId: 0(ON)}]
06-04 18:04:45.456 468 468 D SystemServerTiming: DisplayManagerWindowManagerAndInputReady took to complete: 33ms
06-04 18:04:45.457 468 468 I SystemServerTiming: StartBluetoothService
06-04 18:04:45.457 468 468 I SystemServiceManager: Starting com.android.server.BluetoothService
06-04 18:04:45.463 468 468 D BluetoothManagerService: Loading stored name and address
06-04 18:04:45.463 468 468 D BluetoothManagerService: Stored bluetooth Name=DBBOX-A2,Address=B4:2F:03:15:A3:36
06-04 18:04:45.463 468 468 D BluetoothManagerService: Bluetooth persisted state: 1
06-04 18:04:45.463 468 468 D BluetoothManagerService: Startup: Bluetooth persisted state is ON.
06-04 18:04:45.463 468 468 D BluetoothManagerService: Detected SystemUiUid: 10061
06-04 18:04:45.464 468 468 D SystemServerTiming: StartBluetoothService took to complete: 7ms
06-04 18:04:45.464 468 468 I SystemServerTiming: IpConnectivityMetrics
06-04 18:04:45.464 468 468 I SystemServiceManager: Starting com.android.server.connectivity.IpConnectivityMetrics
06-04 18:04:45.464 468 468 D SystemServerTiming: IpConnectivityMetrics took to complete: 1ms
06-04 18:04:45.465 468 468 I SystemServerTiming: NetworkWatchlistService
06-04 18:04:45.465 468 468 I SystemServiceManager: Starting com.android.server.net.watchlist.NetworkWatchlistService$Lifecycle
06-04 18:04:45.465 468 600 I InputReader: Device added: id=-1, eventHubId=-1, name='Virtual', descriptor='a718a782d34bc767f4689c232d64d527998ea7fd',sources=0x00000301
06-04 18:04:45.466 468 600 I InputReader: Device added: id=2, eventHubId=2, name='sunxi-ir', descriptor='485d69228e24f5e46da1598745890b214130dbc4',sources=0x00000101
06-04 18:04:45.412 313 313 I xiriservice_All: type=1400 audit(0.0:298): avc: denied { search } for name="com.android.dynsystem" dev="mmcblk0p25" ino=577 scontext=u:r:init:s0 tcontext=u:object_r:system_app_data_file:s0 tclass=dir permissive=1
06-04 18:04:45.470 313 313 D XiriService: check file name: /data/data/com.android.tv.settings/lib
06-04 18:04:45.470 313 313 D XiriService: check file name: /data/data/com.oranth.factory/lib
06-04 18:04:45.470 313 313 D XiriService: check file name: /data/data/com.dangbei.zhushou.os/lib
06-04 18:04:45.482 468 600 W InputReader: Can't find the designated viewport with ID 0 to update cursor input mapper. Fall back to default display
06-04 18:04:45.482 468 600 E InputReader: Still can't find a viable viewport to update cursor input mapper. Skip setting it to PointerController.
06-04 18:04:45.483 468 600 I InputReader: Device added: id=3, eventHubId=1, name='sunxi-ir-uinput', descriptor='0a253e777d1b2169367be63d7c9054e7991953a6',sources=0x00002303
06-04 18:04:45.496 313 313 D XiriService: check file name: /data/data/com.dangbei.zhushou.os/lib
06-04 18:04:45.412 313 313 I xiriservice_All: type=1400 audit(0.0:299): avc: denied { read } for name="lib" dev="mmcblk0p25" ino=23748 scontext=u:r:init:s0 tcontext=u:object_r:system_app_data_file:s0 tclass=lnk_file permissive=1
06-04 18:04:45.511 260 285 I gralloc : alloc buffer:W:1920 H:1080 S:1920 PL[1920 1080] SZ:8294400 fmt:43 if:0 af:43 usg:20000b00 fg:00000004
06-04 18:04:45.528 468 468 I WatchlistSettings: Reload watchlist settings done
06-04 18:04:45.530 313 313 D XiriService: check file name: /data/data/com.sohu.inputmethod.sogou.tv/lib
06-04 18:04:45.528 313 313 I xiriservice_All: type=1400 audit(0.0:300): avc: denied { search } for name="com.sohu.inputmethod.sogou.tv" dev="mmcblk0p25" ino=1409 scontext=u:r:init:s0 tcontext=u:object_r:app_data_file:s0:c47,c256,c512,c768 tclass=dir permissive=1
06-04 18:04:45.528 313 313 I xiriservice_All: type=1400 audit(0.0:301): avc: denied { read } for name="lib" dev="mmcblk0p25" ino=23758 scontext=u:r:init:s0 tcontext=u:object_r:app_data_file:s0 tclass=lnk_file permissive=1
06-04 18:04:45.532 313 313 D XiriService: check file name: /data/data/com.sohu.inputmethod.sogou.tv/lib
06-04 18:04:45.532 247 247 D MtpDeviceJNI: register_android_mtp_MtpDevice
06-04 18:04:45.528 313 313 I xiriservice_All: type=1400 audit(0.0:302): avc: denied { read } for name="lib" dev="mmcblk0p25" ino=23758 scontext=u:r:init:s0 tcontext=u:object_r:app_data_file:s0:c47,c256,c512,c768 tclass=lnk_file permissive=1
06-04 18:04:45.536 468 602 I WatchlistLoggingHandler: No need to aggregate record yet.
06-04 18:04:45.536 468 602 I WatchlistLoggingHandler: Milliseconds spent on tryAggregateRecords(): 1
06-04 18:04:45.536 468 468 W SystemServiceManager: Service com.android.server.net.watchlist.NetworkWatchlistService$Lifecycle took 71 ms in onStart
06-04 18:04:45.536 468 468 D SystemServerTiming: NetworkWatchlistService took to complete: 71ms
06-04 18:04:45.536 468 468 I SystemServerTiming: PinnerService
06-04 18:04:45.536 468 468 I SystemServiceManager: Starting com.android.server.PinnerService
06-04 18:04:45.538 468 468 V HistoricalRegistry: Interaction before persistence initialized
06-04 18:04:45.540 468 468 D SystemServerTiming: PinnerService took to complete: 4ms
06-04 18:04:45.541 468 468 I SystemServerTiming: IorapForwardingService
06-04 18:04:45.541 468 468 I SystemServiceManager: Starting com.google.android.startop.iorap.IorapForwardingService
06-04 18:04:45.542 313 313 D XiriService: check file name: /data/data/com.sohu.inputmethod.sogou.tv/lib
06-04 18:04:45.542 313 313 D XiriService: check file name: /data/data/com.sohu.inputmethod.sogou.tv/lib
06-04 18:04:45.543 313 313 D XiriService: check file name: /data/data/com.sohu.inputmethod.sogou.tv/lib
06-04 18:04:45.543 468 468 W IorapForwardingService: No service published for: iorapd
06-04 18:04:45.544 468 468 D SystemServerTiming: IorapForwardingService took to complete: 3ms
06-04 18:04:45.544 313 313 D XiriService: check file name: /data/data/com.sohu.inputmethod.sogou.tv/lib
06-04 18:04:45.546 468 468 I SystemServerTiming: SignedConfigService
06-04 18:04:45.546 468 468 D SystemServerTiming: SignedConfigService took to complete: 1ms
06-04 18:04:45.546 468 468 I SystemServerTiming: AppIntegrityService
06-04 18:04:45.546 468 468 I SystemServiceManager: Starting com.android.server.integrity.AppIntegrityManagerService
06-04 18:04:45.549 468 468 E IntegrityFileManager: Error creating staging and rules directory
06-04 18:04:45.554 468 468 D SystemServerTiming: AppIntegrityService took to complete: 7ms
06-04 18:04:45.555 468 468 I WindowManager: SAFE MODE not enabled
06-04 18:04:45.556 468 468 I SystemServerTiming: StartInputMethodManagerLifecycle
06-04 18:04:45.556 468 468 I SystemServiceManager: Starting com.android.server.inputmethod.InputMethodManagerService$Lifecycle
06-04 18:04:45.567 468 468 D SystemServerTiming: StartInputMethodManagerLifecycle took to complete: 11ms
06-04 18:04:45.567 468 468 I SystemServerTiming: StartAccessibilityManagerService
06-04 18:04:45.567 468 468 I SystemServiceManager: Starting com.android.server.accessibility.AccessibilityManagerService$Lifecycle
06-04 18:04:45.573 468 468 D SystemServerTiming: StartAccessibilityManagerService took to complete: 6ms
06-04 18:04:45.573 468 468 I SystemServerTiming: MakeDisplayReady
06-04 18:04:45.575 468 468 W InputReader: Device sunxi-ir-uinput is associated with display ADISPLAY_ID_NONE.
06-04 18:04:45.576 468 468 W InputReader: Device sunxi-ir-uinput is associated with display ADISPLAY_ID_NONE.
06-04 18:04:45.577 468 468 I ActivityTaskManager: Config changes=20005df8 {1.0 ?mcc?mnc [zh_CN] ldltr sw720dp w1280dp h696dp 240dpi xlrg long land ?uimode ?night -touch qwerty/v/v dpad/v winConfig={ mBounds=Rect(0, 0 - 1920, 1080) mAppBounds=Rect(0, 0 - 1920, 1080) mMaxBounds=Rect(0, 0 - 1920, 1080) mWindowingMode=fullscreen mDisplayWindowingMode=fullscreen mActivityType=undefined mAlwaysOnTop=undefined mRotation=ROTATION_0} s.2 ?fontWeightAdjustment}
06-04 18:04:45.580 468 468 I WindowManager: Override config changes=60007dfc {1.0 ?mcc?mnc [zh_CN] ldltr sw720dp w1280dp h696dp 240dpi xlrg long land ?uimode ?night -touch qwerty/v/v dpad/v winConfig={ mBounds=Rect(0, 0 - 1920, 1080) mAppBounds=Rect(0, 0 - 1920, 1080) mMaxBounds=Rect(0, 0 - 1920, 1080) mWindowingMode=fullscreen mDisplayWindowingMode=fullscreen mActivityType=undefined mAlwaysOnTop=undefined mRotation=ROTATION_0} s.2 ?fontWeightAdjustment} for displayId=0
06-04 18:04:45.590 468 468 W InputReader: Device sunxi-ir-uinput is associated with display ADISPLAY_ID_NONE.
06-04 18:04:45.595 468 520 I InputManager-JNI: Viewport [0] to add: local:0, isActive: false
06-04 18:04:45.595 468 468 D SystemServerTiming: MakeDisplayReady took to complete: 23ms
06-04 18:04:45.595 468 468 I SystemServerTiming: StartStorageManagerService
06-04 18:04:45.595 468 468 I SystemServiceManager: Starting com.android.server.StorageManagerService$Lifecycle
06-04 18:04:45.600 351 364 D installd: Found quota mount /dev/block/by-name/userdata at /data
06-04 18:04:45.601 351 364 D installd: Found quota mount /dev/block/by-name/userdata at /data/user/0
06-04 18:04:45.605 313 313 D XiriService: check file name: /data/data/com.oranth.ledstatus/lib
06-04 18:04:45.605 313 313 D XiriService: check file name: /data/data/com.oranth.ledstatus/lib
06-04 18:04:45.605 313 313 D XiriService: check file name: /data/data/com.oranth.ledstatus/lib
06-04 18:04:45.605 313 313 D XiriService: check file name: /data/data/com.oranth.ledstatus/lib
06-04 18:04:45.606 468 600 I InputReader: Reconfiguring input devices, changes=DISPLAY_INFO |
06-04 18:04:45.613 468 605 D StorageManagerService: Thinking about init, mBootCompleted=false, mDaemonConnected=true
06-04 18:04:45.614 313 313 D XiriService: check file name: /data/data/com.oranth.ledstatus/lib
06-04 18:04:45.769 1 1 I init : processing action (sys.sysctl.extra_free_kbytes=*) from (/system/etc/init/hw/init.rc:1139)
06-04 18:04:45.615 313 313 D XiriService: check file name: /data/data/com.oranth.ledstatus/lib
06-04 18:04:45.615 313 313 D XiriService: check file name: /data/data/com.oranth.ledstatus/lib
06-04 18:04:45.616 468 468 D SystemServerTiming: StartStorageManagerService took to complete: 20ms
06-04 18:04:45.616 468 468 I SystemServerTiming: StartStorageStatsService
06-04 18:04:45.616 468 468 I SystemServiceManager: Starting com.android.server.usage.StorageStatsService$Lifecycle
06-04 18:04:45.617 313 313 D XiriService: check file name: /data/data/com.dangbei.lerad.videoposter/lib
06-04 18:04:45.617 313 313 D XiriService: check file name: /data/data/com.dangbei.lerad.videoposter/lib
06-04 18:04:45.617 313 313 D XiriService: check file name: /data/data/com.dangbei.lerad.videoposter/lib
06-04 18:04:45.618 313 313 D XiriService: check file name: /data/data/com.dangbei.lerad.videoposter/lib
06-04 18:04:45.612 313 313 I xiriservice_All: type=1400 audit(0.0:303): avc: denied { search } for name="com.dangbei.lerad.videoposter" dev="mmcblk0p25" ino=749 scontext=u:r:init:s0 tcontext=u:object_r:app_data_file:s0:c512,c768 tclass=dir permissive=1
06-04 18:04:45.612 313 313 I xiriservice_All: type=1400 audit(0.0:304): avc: denied { read } for name="lib" dev="mmcblk0p25" ino=23762 scontext=u:r:init:s0 tcontext=u:object_r:app_data_file:s0:c512,c768 tclass=lnk_file permissive=1
06-04 18:04:45.619 468 605 D StorageManagerService: Thinking about reset, mBootCompleted=false, mDaemonConnected=true
06-04 18:04:45.619 468 605 D StorageManagerService: Thinking about init, mBootCompleted=false, mDaemonConnected=true
06-04 18:04:45.619 468 605 D StorageManagerService: Thinking about reset, mBootCompleted=false, mDaemonConnected=true
06-04 18:04:45.621 351 364 D installd: Found quota mount /dev/block/by-name/userdata at /data
06-04 18:04:45.621 351 364 D installd: Found quota mount /dev/block/by-name/userdata at /data/user/0
06-04 18:04:45.624 351 364 D installd: Found quota mount /dev/block/by-name/userdata at /data
06-04 18:04:45.624 351 364 D installd: Found quota mount /dev/block/by-name/userdata at /data/user/0
06-04 18:04:45.627 313 313 D XiriService: check file name: /data/data/com.dangbei.lerad.videoposter/lib
06-04 18:04:45.638 468 468 D SystemServerTiming: StartStorageStatsService took to complete: 21ms
06-04 18:04:45.638 468 468 I SystemServerTiming: StartUiModeManager
06-04 18:04:45.639 468 468 I SystemServiceManager: Starting com.android.server.UiModeManagerService
06-04 18:04:45.640 468 515 I SystemServerTimingAsync: InitThreadPoolExec:UiModeManager.onStart
06-04 18:04:45.640 468 515 D SystemServerInitThreadPool: Started executing UiModeManager.onStart
06-04 18:04:45.640 468 468 D SystemServerTiming: StartUiModeManager took to complete: 2ms
06-04 18:04:45.640 468 468 I SystemServerTiming: UpdatePackagesIfNeeded
06-04 18:04:45.640 468 468 I Watchdog: Pausing HandlerChecker: main thread for reason: dexopt. Pause count: 1
06-04 18:04:45.640 468 468 I Watchdog: Resuming HandlerChecker: main thread for reason: dexopt. Pause count: 0
06-04 18:04:45.640 468 468 D SystemServerTiming: UpdatePackagesIfNeeded took to complete: 0ms
06-04 18:04:45.640 468 468 I SystemServerTiming: PerformFstrimIfNeeded
06-04 18:04:45.641 468 468 D SystemServerTiming: PerformFstrimIfNeeded took to complete: 1ms
06-04 18:04:45.641 468 468 I SystemServerTiming: StartLockSettingsService
06-04 18:04:45.641 468 468 I SystemServiceManager: Starting com.android.server.locksettings.LockSettingsService$Lifecycle
06-04 18:04:45.650 468 515 D SystemServerInitThreadPool: Finished executing UiModeManager.onStart
06-04 18:04:45.650 468 515 D SystemServerTimingAsync: InitThreadPoolExec:UiModeManager.onStart took to complete: 10ms
06-04 18:04:45.657 313 313 D XiriService: check file name: /data/data/com.android.networkstack/lib
06-04 18:04:45.652 313 313 I xiriservice_All: type=1400 audit(0.0:305): avc: denied { read } for name="lib" dev="mmcblk0p25" ino=23354 scontext=u:r:init:s0 tcontext=u:object_r:radio_data_file:s0 tclass=lnk_file permissive=1
06-04 18:04:45.657 313 313 D XiriService: check file name: /data/data/com.android.networkstack/lib
06-04 18:04:45.658 313 313 D XiriService: check file name: /data/data/com.android.networkstack/lib
06-04 18:04:45.659 313 313 D XiriService: check file name: /data/data/com.android.networkstack/lib
06-04 18:04:45.666 313 313 D XiriService: check file name: /data/data/com.android.networkstack/lib
06-04 18:04:45.666 313 313 D XiriService: check file name: /data/data/com.android.networkstack/lib
06-04 18:04:45.666 313 313 D XiriService: check file name: /data/data/com.android.networkstack/lib
06-04 18:04:45.666 313 313 D XiriService: check file name: /data/data/com.android.networkstack/lib
06-04 18:04:45.672 468 468 D SystemServerTiming: StartLockSettingsService took to complete: 30ms
06-04 18:04:45.672 468 468 I SystemServerTiming: StartPersistentDataBlock
06-04 18:04:45.672 468 468 I SystemServiceManager: Starting com.android.server.PersistentDataBlockService
06-04 18:04:45.673 468 579 I SystemServerTimingAsync: InitThreadPoolExec:PersistentDataBlockService.onStart
06-04 18:04:45.673 468 579 D SystemServerInitThreadPool: Started executing PersistentDataBlockService.onStart
06-04 18:04:45.686 468 468 D SystemServerTiming: StartPersistentDataBlock took to complete: 3ms
06-04 18:04:45.686 468 468 I SystemServerTiming: StartTestHarnessMode
06-04 18:04:45.686 468 468 I SystemServiceManager: Starting com.android.server.testharness.TestHarnessModeService
06-04 18:04:45.687 468 468 D SystemServerTiming: StartTestHarnessMode took to complete: 2ms
06-04 18:04:45.687 468 468 I SystemServerTiming: StartOemLockService
06-04 18:04:45.688 468 468 I SystemServiceManager: Starting com.android.server.oemlock.OemLockService
06-04 18:04:45.690 468 579 D SystemServerInitThreadPool: Finished executing PersistentDataBlockService.onStart
06-04 18:04:45.690 468 579 D SystemServerTimingAsync: InitThreadPoolExec:PersistentDataBlockService.onStart took to complete: 18ms
06-04 18:04:45.690 185 185 I hwservicemanager: getTransport: Cannot find entry android.hardware.oemlock@1.0::IOemLock/default in either framework or device VINTF manifest.
06-04 18:04:45.691 468 468 I OemLock : OemLock HAL not present on device
06-04 18:04:45.691 468 468 I OemLock : Using persistent data block based lock
06-04 18:04:45.692 468 468 D SystemServerTiming: StartOemLockService took to complete: 4ms
06-04 18:04:45.692 468 468 I SystemServerTiming: StartDeviceIdleController
06-04 18:04:45.692 468 468 I SystemServiceManager: Starting com.android.server.DeviceIdleController
06-04 18:04:45.697 468 468 D SystemServerTiming: StartDeviceIdleController took to complete: 6ms
06-04 18:04:45.698 468 468 I SystemServerTiming: StartDevicePolicyManager
06-04 18:04:45.698 468 468 I SystemServiceManager: Starting com.android.server.devicepolicy.DevicePolicyManagerService$Lifecycle
06-04 18:04:45.709 468 468 D SystemServerTiming: StartDevicePolicyManager took to complete: 12ms
06-04 18:04:45.709 468 468 I SystemServerTiming: StartStatusBarManagerService
06-04 18:04:45.711 468 468 D SystemServerTiming: StartStatusBarManagerService took to complete: 1ms
06-04 18:04:45.711 468 468 D SystemServer: MusicRecognitionManagerService not defined by OEM or disabled by flag
06-04 18:04:45.712 468 468 D SystemServer: ContentCaptureService disabled because resource is not overlaid
06-04 18:04:45.712 468 468 D SystemServer: AttentionService is not configured on this device
06-04 18:04:45.713 468 468 D SystemServer: RotationResolverService is not configured on this device
06-04 18:04:45.713 468 468 D SystemServer: SystemCaptionsManagerService disabled because resource is not overlaid
06-04 18:04:45.713 468 468 I SystemServerTiming: StartTextToSpeechManagerService
06-04 18:04:45.713 468 468 I SystemServiceManager: Starting com.android.server.texttospeech.TextToSpeechManagerService
06-04 18:04:45.716 468 468 D SystemServerTiming: StartTextToSpeechManagerService took to complete: 4ms
06-04 18:04:45.716 468 468 I SystemServerTiming: StartSpeechRecognitionManagerService
06-04 18:04:45.717 468 468 I SystemServiceManager: Starting com.android.server.speech.SpeechRecognitionManagerService
06-04 18:04:45.720 468 468 D SystemServerTiming: StartSpeechRecognitionManagerService took to complete: 3ms
06-04 18:04:45.720 468 468 D SystemServer: AppPredictionService not defined by OEM
06-04 18:04:45.720 468 468 D SystemServer: ContentSuggestionsService not defined by OEM
06-04 18:04:45.720 468 468 I SystemServerTiming: StartSearchUiService
06-04 18:04:45.720 468 468 I SystemServiceManager: Starting com.android.server.searchui.SearchUiManagerService
06-04 18:04:45.722 468 468 D SystemServerTiming: StartSearchUiService took to complete: 2ms
06-04 18:04:45.722 468 468 I SystemServerTiming: StartSmartspaceService
06-04 18:04:45.723 468 468 I SystemServiceManager: Starting com.android.server.smartspace.SmartspaceManagerService
06-04 18:04:45.725 468 468 D SystemServerTiming: StartSmartspaceService took to complete: 2ms
06-04 18:04:45.725 468 468 I SystemServerTiming: InitConnectivityModuleConnector
06-04 18:04:45.725 468 468 D ConnectivityModuleConnector: Network stack init
06-04 18:04:45.729 468 468 D SystemServerTiming: InitConnectivityModuleConnector took to complete: 5ms
06-04 18:04:45.730 468 468 I SystemServerTiming: InitNetworkStackClient
06-04 18:04:45.731 468 468 D SystemServerTiming: InitNetworkStackClient took to complete: 2ms
06-04 18:04:45.731 468 468 I SystemServerTiming: StartNetworkManagementService
06-04 18:04:45.737 246 299 I netd : registerUnsolicitedEventListener() <0.09ms>
06-04 18:04:45.738 468 468 D SystemServerTiming: StartNetworkManagementService took to complete: 6ms
06-04 18:04:45.738 468 468 I SystemServerTiming: StartIpSecService
06-04 18:04:45.744 468 468 D SystemServerTiming: StartIpSecService took to complete: 6ms
06-04 18:04:45.744 468 468 I SystemServerTiming: StartTextServicesManager
06-04 18:04:45.744 468 515 I SystemServerTimingAsync: InitThreadPoolExec:START_FONT_MANAGER_SERVICE
06-04 18:04:45.744 468 515 D SystemServerInitThreadPool: Started executing START_FONT_MANAGER_SERVICE
06-04 18:04:45.744 468 515 I SystemServerTimingAsync: START_FONT_MANAGER_SERVICE
06-04 18:04:45.744 468 468 I SystemServiceManager: Starting com.android.server.textservices.TextServicesManagerService$Lifecycle
06-04 18:04:45.746 468 468 D SystemServerTiming: StartTextServicesManager took to complete: 2ms
06-04 18:04:45.747 468 468 I SystemServerTiming: StartTextClassificationManagerService
06-04 18:04:45.747 468 468 I SystemServiceManager: Starting com.android.server.textclassifier.TextClassificationManagerService$Lifecycle
06-04 18:04:45.752 468 468 D SystemServerTiming: StartTextClassificationManagerService took to complete: 5ms
06-04 18:04:45.753 468 468 I SystemServerTiming: StartNetworkScoreService
06-04 18:04:45.753 468 468 I SystemServiceManager: Starting com.android.server.NetworkScoreService$Lifecycle
06-04 18:04:45.754 468 468 I NetworkScoreService: Registering network_score
06-04 18:04:45.755 313 313 D XiriService: check file name: /data/data/com.dangbei.screencast/lib
06-04 18:04:45.756 468 468 D SystemServerTiming: StartNetworkScoreService took to complete: 3ms
06-04 18:04:45.756 468 468 I SystemServerTiming: StartNetworkStatsService
06-04 18:04:45.760 468 468 D SystemServerTiming: StartNetworkStatsService took to complete: 3ms
06-04 18:04:45.760 468 468 I SystemServerTiming: StartNetworkPolicyManagerService
06-04 18:04:45.762 313 313 D XiriService: check file name: /data/data/com.dangbei.screencast/lib
06-04 18:04:45.762 313 313 D XiriService: check file name: /data/data/com.dangbei.screencast/lib
06-04 18:04:45.763 313 313 D XiriService: check file name: /data/data/com.dangbei.screencast/lib
06-04 18:04:45.763 313 313 D XiriService: check file name: /data/data/com.dangbei.screencast/lib
06-04 18:04:45.773 468 468 D SystemServerTiming: StartNetworkPolicyManagerService took to complete: 13ms
06-04 18:04:45.773 468 468 I SystemServerTiming: StartWifi
06-04 18:04:45.780 313 313 D XiriService: check file name: /data/data/com.dangbei.leard.leradlauncher/lib
06-04 18:04:45.780 313 313 D XiriService: check file name: /data/data/com.dangbei.leard.leradlauncher/lib
06-04 18:04:45.780 313 313 D XiriService: check file name: /data/data/com.dangbei.leard.leradlauncher/lib
06-04 18:04:45.789 313 313 D XiriService: check file name: /data/data/com.dangbei.leard.leradlauncher/lib
06-04 18:04:45.790 313 313 D XiriService: check file name: /data/data/com.dangbei.leard.leradlauncher/lib
06-04 18:04:45.791 313 313 D XiriService: check file name: /data/data/com.dangbei.leard.leradlauncher/lib
06-04 18:04:45.792 313 313 D XiriService: check file name: /data/data/com.dangbei.leard.leradlauncher/lib
06-04 18:04:45.804 313 313 D XiriService: check file name: /data/data/com.android.printspooler/lib
06-04 18:04:45.800 313 313 I xiriservice_All: type=1400 audit(0.0:306): avc: denied { search } for name="com.android.printspooler" dev="mmcblk0p25" ino=937 scontext=u:r:init:s0 tcontext=u:object_r:app_data_file:s0:c34,c256,c512,c768 tclass=dir permissive=1
06-04 18:04:45.805 247 247 W Zygote : Class not found for preloading: android.view.SurfaceView$2
06-04 18:04:45.800 313 313 I xiriservice_All: type=1400 audit(0.0:307): avc: denied { read } for name="lib" dev="mmcblk0p25" ino=23773 scontext=u:r:init:s0 tcontext=u:object_r:app_data_file:s0:c34,c256,c512,c768 tclass=lnk_file permissive=1
06-04 18:04:45.804 313 313 D XiriService: check file name: /data/data/com.android.printspooler/lib
06-04 18:04:45.806 313 313 D XiriService: check file name: /data/data/com.android.printspooler/lib
06-04 18:04:45.812 468 468 I SystemServiceManager: Starting com.android.server.wifi.WifiService
06-04 18:04:45.812 313 313 D XiriService: check file name: /data/data/com.android.printspooler/lib
06-04 18:04:45.813 313 313 D XiriService: check file name: /data/data/com.android.printspooler/lib
06-04 18:04:45.813 313 313 D XiriService: check file name: /data/data/com.android.printspooler/lib
06-04 18:04:45.820 313 313 D XiriService: check file name: /data/data/com.android.webview/lib
06-04 18:04:45.821 313 313 D XiriService: check file name: /data/data/com.android.webview/lib
06-04 18:04:45.816 313 313 I xiriservice_All: type=1400 audit(0.0:308): avc: denied { search } for name="com.android.webview" dev="mmcblk0p25" ino=953 scontext=u:r:init:s0 tcontext=u:object_r:app_data_file:s0:c60,c256,c512,c768 tclass=dir permissive=1
06-04 18:04:45.820 313 313 I xiriservice_All: type=1400 audit(0.0:309): avc: denied { read } for name="lib" dev="mmcblk0p25" ino=23775 scontext=u:r:init:s0 tcontext=u:object_r:app_data_file:s0:c60,c256,c512,c768 tclass=lnk_file permissive=1
06-04 18:04:45.822 313 313 D XiriService: check file name: /data/data/com.android.webview/lib
06-04 18:04:45.829 313 313 D XiriService: check file name: /data/data/com.android.webview/lib
06-04 18:04:45.829 313 313 D XiriService: check file name: /data/data/com.android.webview/lib
06-04 18:04:45.830 313 313 D XiriService: check file name: /data/data/com.android.webview/lib
06-04 18:04:45.830 313 313 D XiriService: check file name: /data/data/com.android.webview/lib
06-04 18:04:45.841 468 468 I WifiContext: Found Wifi Resources APK at: com.android.wifi.resources
06-04 18:04:45.846 313 313 D XiriService: check file name: /data/data/com.android.bips/lib
06-04 18:04:45.846 313 313 D XiriService: check file name: /data/data/com.android.bips/lib
06-04 18:04:45.847 313 313 D XiriService: check file name: /data/data/com.android.bips/lib
06-04 18:04:45.848 313 313 D XiriService: check file name: /data/data/com.android.bips/lib
06-04 18:04:45.856 313 313 D XiriService: check file name: /data/data/com.android.bips/lib
06-04 18:04:45.857 313 313 D XiriService: check file name: /data/data/com.android.bips/lib
06-04 18:04:45.857 313 313 D XiriService: check file name: /data/data/com.android.bips/lib
06-04 18:04:45.857 313 313 D XiriService: check file name: /data/data/com.oranth.inputmacsn/lib
06-04 18:04:45.857 313 313 D XiriService: check file name: /data/data/com.oranth.inputmacsn/lib
06-04 18:04:45.858 313 313 D XiriService: check file name: /data/data/com.oranth.inputmacsn/lib
06-04 18:04:45.858 313 313 D XiriService: check file name: /data/data/com.oranth.inputmacsn/lib
06-04 18:04:45.859 468 468 V NetworkScoreManager: registerNetworkScoreCallback: callback=com.android.server.wifi.WifiNetworkScoreCache@4f0325c, executor=com.android.wifi.x.android.os.HandlerExecutor@ee4163a
06-04 18:04:45.867 313 313 D XiriService: check file name: /data/data/com.oranth.inputmacsn/lib
06-04 18:04:45.867 313 313 D XiriService: check file name: /data/data/com.oranth.inputmacsn/lib
06-04 18:04:45.887 468 468 D ScanMetrics: Settings package: com.android.tv.settings
06-04 18:04:45.887 468 468 E ScanMetrics: Can't get GMS uid
06-04 18:04:45.896 313 313 D XiriService: check file name: /data/data/com.android.keychain/lib
06-04 18:04:45.896 313 313 D XiriService: check file name: /data/data/com.android.keychain/lib
06-04 18:04:45.897 313 313 D XiriService: check file name: /data/data/com.android.keychain/lib
06-04 18:04:45.905 313 313 D XiriService: check file name: /data/data/com.android.keychain/lib
06-04 18:04:45.905 313 313 D XiriService: check file name: /data/data/com.android.keychain/lib
06-04 18:04:45.905 313 313 D XiriService: check file name: /data/data/com.android.keychain/lib
06-04 18:04:45.908 468 468 I WifiCoexManager: Default coex algorithm is disabled.
06-04 18:04:45.926 313 313 D XiriService: check file name: /data/data/com.android.localtransport/lib
06-04 18:04:45.926 313 313 D XiriService: check file name: /data/data/com.android.localtransport/lib
06-04 18:04:45.927 313 313 D XiriService: check file name: /data/data/com.android.localtransport/lib
06-04 18:04:45.927 313 313 D XiriService: check file name: /data/data/com.android.localtransport/lib
06-04 18:04:45.935 313 313 D XiriService: check file name: /data/data/com.android.localtransport/lib
06-04 18:04:45.935 313 313 D XiriService: check file name: /data/data/com.android.localtransport/lib
06-04 18:04:45.935 313 313 D XiriService: check file name: /data/data/com.android.localtransport/lib
06-04 18:04:45.936 313 313 D XiriService: check file name: /data/data/com.android.packageinstaller/lib
06-04 18:04:45.936 313 313 D XiriService: check file name: /data/data/com.android.packageinstaller/lib
06-04 18:04:45.937 313 313 D XiriService: check file name: /data/data/com.android.packageinstaller/lib
06-04 18:04:45.937 313 313 D XiriService: check file name: /data/data/com.android.packageinstaller/lib
06-04 18:04:45.945 313 313 D XiriService: check file name: /data/data/com.android.packageinstaller/lib
06-04 18:04:45.945 313 313 D XiriService: check file name: /data/data/com.android.packageinstaller/lib
06-04 18:04:45.946 313 313 D XiriService: check file name: /data/data/com.android.packageinstaller/lib
06-04 18:04:45.947 313 313 D XiriService: check file name: /data/data/com.android.packageinstaller/lib
06-04 18:04:45.967 313 313 D XiriService: check file name: /data/data/com.oranth.usbopenft/lib
06-04 18:04:45.967 313 313 D XiriService: check file name: /data/data/com.oranth.usbopenft/lib
06-04 18:04:45.968 313 313 D XiriService: check file name: /data/data/com.oranth.usbopenft/lib
06-04 18:04:45.976 313 313 D XiriService: check file name: /data/data/com.oranth.usbopenft/lib
06-04 18:04:45.976 313 313 D XiriService: check file name: /data/data/com.oranth.usbopenft/lib
06-04 18:04:45.976 313 313 D XiriService: check file name: /data/data/com.oranth.usbopenft/lib
06-04 18:04:45.977 313 313 D XiriService: check file name: /data/data/com.android.networkstack.tethering/lib
06-04 18:04:45.977 313 313 D XiriService: check file name: /data/data/com.android.networkstack.tethering/lib
06-04 18:04:45.977 313 313 D XiriService: check file name: /data/data/com.android.networkstack.tethering/lib
06-04 18:04:45.977 313 313 D XiriService: check file name: /data/data/com.android.networkstack.tethering/lib
06-04 18:04:45.985 468 468 D WifiOpenNetworkNotifier: Settings toggle enabled=true
06-04 18:04:45.986 313 313 D XiriService: check file name: /data/data/com.android.networkstack.tethering/lib
06-04 18:04:45.986 313 313 D XiriService: check file name: /data/data/com.android.networkstack.tethering/lib
06-04 18:04:45.986 313 313 D XiriService: check file name: /data/data/com.android.networkstack.tethering/lib
06-04 18:04:45.994 468 468 D WifiNl80211Manager: registerCountryCodeEventListener called
06-04 18:04:45.995 370 370 I wificond: New wificond event callback registered
06-04 18:04:45.995 468 468 D WifiCountryCode: Default country code from system property ro.boot.wificountrycode is CN
06-04 18:04:45.997 313 313 D XiriService: check file name: /data/data/com.dangbei.lerad.etna.haqu/lib
06-04 18:04:45.997 313 313 D XiriService: check file name: /data/data/com.dangbei.lerad.etna.haqu/lib
06-04 18:04:45.997 313 313 D XiriService: check file name: /data/data/com.dangbei.lerad.etna.haqu/lib
06-04 18:04:45.997 313 313 D XiriService: check file name: /data/data/com.dangbei.lerad.etna.haqu/lib
06-04 18:04:46.006 313 313 D XiriService: check file name: /data/data/com.dangbei.lerad.etna.haqu/lib
06-04 18:04:46.006 313 313 D XiriService: check file name: /data/data/com.dangbei.lerad.etna.haqu/lib
06-04 18:04:46.006 313 313 D XiriService: check file name: /data/data/com.dangbei.lerad.etna.haqu/lib
06-04 18:04:46.008 468 468 D WakeupController: WifiWake enabled
06-04 18:04:46.011 468 468 V HistoricalRegistry: Interaction before persistence initialized
06-04 18:04:46.019 468 468 I WifiService: Registering wifi
06-04 18:04:46.021 468 468 D SystemServerTiming: StartWifi took to complete: 247ms
06-04 18:04:46.021 468 468 I SystemServerTiming: StartWifiScanning
06-04 18:04:46.021 468 468 I SystemServiceManager: Starting com.android.server.wifi.scanner.WifiScanningService
06-04 18:04:46.021 468 468 I WifiScanningService: Creating wifiscanner
06-04 18:04:46.032 313 313 D XiriService: check file name: /data/data/com.oranth.powerwindow/lib
06-04 18:04:46.040 313 313 D XiriService: check file name: /data/data/com.oranth.powerwindow/lib
06-04 18:04:46.040 313 313 D XiriService: check file name: /data/data/com.oranth.powerwindow/lib
06-04 18:04:46.040 313 313 D XiriService: check file name: /data/data/com.oranth.powerwindow/lib
06-04 18:04:46.040 468 468 I WifiScanningService: Publishing wifiscanner
06-04 18:04:46.041 468 468 D SystemServerTiming: StartWifiScanning took to complete: 21ms
06-04 18:04:46.041 468 468 I SystemServerTiming: StartWifiP2P
06-04 18:04:46.042 468 468 I SystemServiceManager: Starting com.android.server.wifi.p2p.WifiP2pService
06-04 18:04:46.043 247 247 I Zygote : ...preloaded 7337 classes in 1074ms.
06-04 18:04:46.043 247 247 D ZygoteInitTiming_lazy: PreloadClasses took to complete: 1075ms
06-04 18:04:46.049 247 247 D ApplicationLoaders: Created zygote-cached class loader: /system/framework/android.hidl.base-V1.0-java.jar
06-04 18:04:46.053 468 468 I WifiP2pService: Registering wifip2p
06-04 18:04:46.054 468 468 D SystemServerTiming: StartWifiP2P took to complete: 13ms
06-04 18:04:46.054 468 468 I SystemServerTiming: StartEthernet
06-04 18:04:46.055 247 247 D ApplicationLoaders: Created zygote-cached class loader: /system/framework/android.hidl.manager-V1.0-java.jar
06-04 18:04:46.055 468 468 I SystemServiceManager: Starting com.android.server.ethernet.EthernetService
06-04 18:04:46.056 468 468 I EthernetService: Registering service ethernet
06-04 18:04:46.057 468 468 D SystemServerTiming: StartEthernet took to complete: 3ms
06-04 18:04:46.058 468 468 I SystemServerTiming: StartPacProxyService
06-04 18:04:46.058 313 313 D XiriService: check file name: /data/data/com.android.networkstack.permissionconfig/lib
06-04 18:04:46.059 313 313 D XiriService: check file name: /data/data/com.android.networkstack.permissionconfig/lib
06-04 18:04:46.059 468 515 D SystemServerTimingAsync: START_FONT_MANAGER_SERVICE took to complete: 314ms
06-04 18:04:46.059 313 313 D XiriService: check file name: /data/data/com.android.networkstack.permissionconfig/lib
06-04 18:04:46.059 313 313 D XiriService: check file name: /data/data/com.android.networkstack.permissionconfig/lib
06-04 18:04:46.059 468 515 D SystemServerInitThreadPool: Finished executing START_FONT_MANAGER_SERVICE
06-04 18:04:46.059 468 515 D SystemServerTimingAsync: InitThreadPoolExec:START_FONT_MANAGER_SERVICE took to complete: 315ms
06-04 18:04:46.060 247 247 D ApplicationLoaders: Created zygote-cached class loader: /system/framework/android.test.base.jar
06-04 18:04:46.060 247 247 D ZygoteInitTiming_lazy: CacheNonBootClasspathClassLoaders took to complete: 16ms
06-04 18:04:46.060 247 247 I Zygote : Preloading resources...
06-04 18:04:46.062 468 468 D SystemServerTiming: StartPacProxyService took to complete: 4ms
06-04 18:04:46.062 468 468 I SystemServerTiming: StartPppoe
06-04 18:04:46.063 468 468 I SystemServiceManager: Starting com.android.server.pppoe.PppoeService
06-04 18:04:46.064 468 468 I PppoeServiceImpl: Creating PppoeServiceImpl
06-04 18:04:46.067 313 313 D XiriService: check file name: /data/data/com.android.networkstack.permissionconfig/lib
06-04 18:04:46.067 313 313 D XiriService: check file name: /data/data/com.android.networkstack.permissionconfig/lib
06-04 18:04:46.068 313 313 D XiriService: check file name: /data/data/com.android.networkstack.permissionconfig/lib
06-04 18:04:46.068 313 313 D XiriService: check file name: /data/data/com.android.networkstack.permissionconfig/lib
06-04 18:04:46.076 313 313 D XiriService: check file name: /data/data/com.dangbei.lerad.screensaver/lib
06-04 18:04:46.077 313 313 D XiriService: check file name: /data/data/com.dangbei.lerad.screensaver/lib
06-04 18:04:46.072 313 313 I xiriservice_All: type=1400 audit(0.0:310): avc: denied { search } for name="com.dangbei.lerad.screensaver" dev="mmcblk0p25" ino=1187 scontext=u:r:init:s0 tcontext=u:object_r:app_data_file:s0:c54,c256,c512,c768 tclass=dir permissive=1
06-04 18:04:46.077 247 247 W Resources: Preloaded drawable resource #0x1080286 (android:drawable/dialog_background_material) that varies with configuration!!
06-04 18:04:46.078 313 313 D XiriService: check file name: /data/data/com.dangbei.lerad.screensaver/lib
06-04 18:04:46.072 313 313 I xiriservice_All: type=1400 audit(0.0:311): avc: denied { read } for name="lib" dev="mmcblk0p25" ino=23797 scontext=u:r:init:s0 tcontext=u:object_r:app_data_file:s0:c54,c256,c512,c768 tclass=lnk_file permissive=1
06-04 18:04:46.080 468 468 I PppoeService: Registering service pppoe
06-04 18:04:46.081 468 468 D SystemServerTiming: StartPppoe took to complete: 18ms
06-04 18:04:46.081 468 468 I SystemServerTiming: StartConnectivityService
06-04 18:04:46.087 313 313 D XiriService: check file name: /data/data/com.dangbei.lerad.screensaver/lib
06-04 18:04:46.088 313 313 D XiriService: check file name: /data/data/com.dangbei.lerad.screensaver/lib
06-04 18:04:46.088 313 313 D XiriService: check file name: /data/data/com.dangbei.lerad.screensaver/lib
06-04 18:04:46.089 313 313 D XiriService: check file name: /data/data/com.dangbei.lerad.screensaver/lib
06-04 18:04:46.100 468 468 I SystemServiceManager: Starting com.android.server.ConnectivityServiceInitializer
06-04 18:04:46.125 468 468 D ConnectivityService: ConnectivityService starting up
06-04 18:04:46.126 247 247 I Zygote : ...preloaded 64 resources in 66ms.
06-04 18:04:46.128 313 313 D XiriService: check file name: /data/data/com.android.wallpaperbackup/lib
06-04 18:04:46.129 468 468 D pppoeNRI:: uid/pid:1000/468 activeRequest: null callbackRequest: 5 [NetworkRequest [ REQUEST id=5, [ Transports: PPPOE Capabilities: INTERNET&NOT_RESTRICTED&TRUSTED&NOT_VPN&NOT_VCN_MANAGED RequestorUid: 1000 RequestorPkg: android] ]] callback flags: 1 priority: 2147483647
06-04 18:04:46.135 468 468 E TAG : Exception = android.content.pm.PackageManager$NameNotFoundException: android.telephony.cts
06-04 18:04:46.135 468 468 E TAG : Exception = android.content.pm.PackageManager$NameNotFoundException: android.net.cts
06-04 18:04:46.138 247 247 I Zygote : ...preloaded 41 resources in 11ms.
06-04 18:04:46.138 313 313 D XiriService: check file name: /data/data/com.android.wallpaperbackup/lib
06-04 18:04:46.139 247 247 D ZygoteInitTiming_lazy: PreloadResources took to complete: 79ms
06-04 18:04:46.139 313 313 D XiriService: check file name: /data/data/com.android.wallpaperbackup/lib
06-04 18:04:46.140 313 313 D XiriService: check file name: /data/data/com.android.wallpaperbackup/lib
06-04 18:04:46.140 313 313 D XiriService: check file name: /data/data/com.android.wallpaperbackup/lib
06-04 18:04:46.147 246 299 I netd : registerUnsolicitedEventListener() <0.05ms>
06-04 18:04:46.157 313 313 D XiriService: check file name: /data/data/com.android.providers.media.module/lib
06-04 18:04:46.152 313 313 I xiriservice_All: type=1400 audit(0.0:312): avc: denied { search } for name="com.android.providers.media.module" dev="mmcblk0p25" ino=1259 scontext=u:r:init:s0 tcontext=u:object_r:privapp_data_file:s0:c74,c256,c512,c768 tclass=dir permissive=1
06-04 18:04:46.158 313 313 D XiriService: check file name: /data/data/com.android.providers.media.module/lib
06-04 18:04:46.152 313 313 I xiriservice_All: type=1400 audit(0.0:313): avc: denied { read } for name="lib" dev="mmcblk0p25" ino=23416 scontext=u:r:init:s0 tcontext=u:object_r:privapp_data_file:s0:c74,c256,c512,c768 tclass=lnk_file permissive=1
06-04 18:04:46.159 313 313 D XiriService: check file name: /data/data/com.android.providers.media.module/lib
06-04 18:04:46.159 313 313 D XiriService: check file name: /data/data/com.android.providers.media.module/lib
06-04 18:04:46.168 313 313 D XiriService: check file name: /data/data/com.android.providers.media.module/lib
06-04 18:04:46.168 313 313 D XiriService: check file name: /data/data/com.android.providers.media.module/lib
06-04 18:04:46.168 247 247 D libEGL : loaded /vendor/lib/egl/libGLES_mali.so
06-04 18:04:46.169 313 313 D XiriService: check file name: /data/data/com.android.providers.media.module/lib
06-04 18:04:46.173 468 468 D CompatibilityChangeReporter: Compat change id reported: 182478738; UID 1000; state: ENABLED
06-04 18:04:46.176 313 313 D XiriService: check file name: /data/data/com.oranth.storage/lib
06-04 18:04:46.176 313 313 D XiriService: check file name: /data/data/com.oranth.storage/lib
06-04 18:04:46.177 313 313 D XiriService: check file name: /data/data/com.oranth.storage/lib
06-04 18:04:46.182 468 468 I ConnectivityServiceInitializer: Registering connectivity
06-04 18:04:46.183 468 468 D SystemServerTiming: StartConnectivityService took to complete: 103ms
06-04 18:04:46.183 468 468 I SystemServerTiming: StartVpnManagerService
06-04 18:04:46.185 313 313 D XiriService: check file name: /data/data/com.oranth.storage/lib
06-04 18:04:46.185 313 313 D XiriService: check file name: /data/data/com.oranth.storage/lib
06-04 18:04:46.186 313 313 D XiriService: check file name: /data/data/com.oranth.storage/lib
06-04 18:04:46.186 313 313 D XiriService: check file name: /data/data/com.oranth.storage/lib
06-04 18:04:46.187 468 468 D VpnManagerService: VpnManagerService starting up
06-04 18:04:46.188 468 468 D SystemServerTiming: StartVpnManagerService took to complete: 4ms
06-04 18:04:46.188 468 468 I SystemServerTiming: StartVcnManagementService
06-04 18:04:46.193 468 468 D SystemServerTiming: StartVcnManagementService took to complete: 6ms
06-04 18:04:46.194 468 468 I SystemServerTiming: StartNsdService
06-04 18:04:46.195 468 468 D NsdService: Network service discovery is enabled
06-04 18:04:46.200 468 468 D SystemServerTiming: StartNsdService took to complete: 6ms
06-04 18:04:46.200 468 468 I SystemServerTiming: StartSystemUpdateManagerService
06-04 18:04:46.201 468 468 I SystemUpdateManagerService: No existing info file /data/system/system-update-info.xml
06-04 18:04:46.202 468 468 D SystemServerTiming: StartSystemUpdateManagerService took to complete: 2ms
06-04 18:04:46.202 468 468 I SystemServerTiming: StartUpdateLockService
06-04 18:04:46.202 313 313 D XiriService: check file name: /data/data/com.dangbei.haqusetting/lib
06-04 18:04:46.202 313 313 D XiriService: check file name: /data/data/com.dangbei.haqusetting/lib
06-04 18:04:46.203 313 313 D XiriService: check file name: /data/data/com.dangbei.haqusetting/lib
06-04 18:04:46.203 313 313 D XiriService: check file name: /data/data/com.dangbei.haqusetting/lib
06-04 18:04:46.203 468 468 D SystemServerTiming: StartUpdateLockService took to complete: 2ms
06-04 18:04:46.204 468 468 I SystemServerTiming: StartNotificationManager
06-04 18:04:46.204 468 468 I SystemServiceManager: Starting com.android.server.notification.NotificationManagerService
06-04 18:04:46.209 313 313 D XiriService: check file name: /data/data/com.dangbei.haqusetting/lib
06-04 18:04:46.210 313 313 D XiriService: check file name: /data/data/com.dangbei.haqusetting/lib
06-04 18:04:46.218 468 468 D ConditionProviders.SCP: new ScheduleConditionProvider()
06-04 18:04:46.225 313 313 D XiriService: check file name: /data/data/com.softwinner.miracastReceiver/lib
06-04 18:04:46.225 313 313 D XiriService: check file name: /data/data/com.softwinner.miracastReceiver/lib
06-04 18:04:46.226 313 313 D XiriService: check file name: /data/data/com.softwinner.miracastReceiver/lib
06-04 18:04:46.226 313 313 D XiriService: check file name: /data/data/com.softwinner.miracastReceiver/lib
06-04 18:04:46.233 313 313 D XiriService: check file name: /data/data/com.softwinner.miracastReceiver/lib
06-04 18:04:46.233 313 313 D XiriService: check file name: /data/data/com.softwinner.miracastReceiver/lib
06-04 18:04:46.237 468 468 I NotificationAssistants: Read notification assistant permissions from xml
06-04 18:04:46.238 468 468 I ConditionProviders: Read condition provider permissions from xml
06-04 18:04:46.238 468 468 I ConditionProviders: Read condition provider permissions from xml
06-04 18:04:46.239 468 468 D NotificationAssistants: Approving default notification assistant for user 0
06-04 18:04:46.239 468 468 I ConditionProviders: Allowing condition provider android.ext.services/android.ext.services.notification.Assistant (userSet: true)
06-04 18:04:46.242 313 313 D XiriService: check file name: /data/data/com.android.bluetooth/lib
06-04 18:04:46.242 313 313 D XiriService: check file name: /data/data/com.android.bluetooth/lib
06-04 18:04:46.242 468 468 D CompatibilityChangeReporter: Compat change id reported: 147600208; UID 1000; state: ENABLED
06-04 18:04:46.240 313 313 I xiriservice_All: type=1400 audit(0.0:314): avc: denied { read } for name="lib" dev="mmcblk0p25" ino=23809 scontext=u:r:init:s0 tcontext=u:object_r:bluetooth_data_file:s0 tclass=lnk_file permissive=1
