06-04 18:04:47.519 389 389 V C2Store : in init
06-04 18:04:47.520 389 389 V C2Store : loading dll
06-04 18:04:47.516 324 324 I rainbow_flow: type=1400 audit(0.0:322): avc: denied { ioctl } for path="/dev/spidev1.0" dev="tmpfs" ino=3509 ioctlcmd=0x6b00 scontext=u:r:init:s0 tcontext=u:object_r:device:s0 tclass=chr_file permissive=1
06-04 18:04:47.523 468 529 W BestClock: java.time.DateTimeException: Missing NTP fix
06-04 18:04:47.525 468 610 W BestClock: java.time.DateTimeException: Missing NTP fix
06-04 18:04:47.526 468 600 I InputReader: Reconfiguring input devices, changes=DEVICE_ALIAS |
06-04 18:04:47.529 468 610 W BestClock: java.time.DateTimeException: Missing NTP fix
06-04 18:04:47.535 468 468 D SystemServerTiming: MakeInputManagerServiceReady took to complete: 33ms
06-04 18:04:47.537 468 600 I InputReader: Reconfiguring input devices, changes=KEYBOARD_LAYOUTS |
06-04 18:04:47.537 468 468 I SystemServerTiming: MakeTelephonyRegistryReady
06-04 18:04:47.538 409 420 I adbd : jdwp connection from 756
06-04 18:04:47.539 468 468 D SystemServerTiming: MakeTelephonyRegistryReady took to complete: 0ms
06-04 18:04:47.539 468 468 I SystemServerTiming: MakeMediaRouterServiceReady
06-04 18:04:47.540 468 468 D SystemServerTiming: MakeMediaRouterServiceReady took to complete: 0ms
06-04 18:04:47.540 468 468 I SystemServerTiming: MakeMmsServiceReady
06-04 18:04:47.540 468 468 I MmsServiceBroker: Delay connecting to MmsService until an API is called
06-04 18:04:47.540 468 468 D SystemServerTiming: MakeMmsServiceReady took to complete: 0ms
06-04 18:04:47.540 468 468 I SystemServerTiming: IncidentDaemonReady
06-04 18:04:47.541 468 468 D SystemServerTiming: IncidentDaemonReady took to complete: 2ms
06-04 18:04:47.541 468 468 I SystemServerTiming: MakeIncrementalServiceReady
06-04 18:04:47.541 468 468 D SystemServerTiming: MakeIncrementalServiceReady took to complete: 0ms
06-04 18:04:47.542 468 468 I SystemServerTiming: getCurrentUser
06-04 18:04:47.542 468 468 I ActivityManager: Current user:0
06-04 18:04:47.542 468 468 D SystemServerTiming: getCurrentUser took to complete: 0ms
06-04 18:04:47.542 468 468 I SystemServerTiming: ActivityManagerStartApps
06-04 18:04:47.542 468 468 I SystemServerTiming: ssm.StartUser-0
06-04 18:04:47.542 468 468 I SystemServiceManager: Calling onStartUser 0
06-04 18:04:47.545 668 668 V AdapterServiceConfig: Adding HeadsetService
06-04 18:04:47.546 468 519 W IorapForwardingService: No service published for: iorapd
06-04 18:04:47.547 668 668 V AdapterServiceConfig: Adding A2dpService
06-04 18:04:47.547 668 668 V AdapterServiceConfig: Adding HidHostService
06-04 18:04:47.548 668 668 V AdapterServiceConfig: Adding PanService
06-04 18:04:47.548 668 668 V AdapterServiceConfig: Adding GattService
06-04 18:04:47.549 668 668 V AdapterServiceConfig: Adding BluetoothMapService
06-04 18:04:47.549 668 668 V AdapterServiceConfig: Adding AvrcpTargetService
06-04 18:04:47.549 668 668 V AdapterServiceConfig: Adding HidDeviceService
06-04 18:04:47.549 668 668 V AdapterServiceConfig: Adding BluetoothOppService
06-04 18:04:47.549 668 668 V AdapterServiceConfig: Adding BluetoothPbapService
06-04 18:04:47.554 389 389 V C2Store : in ~ComponentModule
06-04 18:04:47.555 389 389 V C2Store : unloading dll
06-04 18:04:47.555 389 389 V C2Store : in init
06-04 18:04:47.555 389 389 V C2Store : loading dll
06-04 18:04:47.556 468 468 V StorageManagerService: Package com.dangbei.lerad.leradwatcher has legacy storage
06-04 18:04:47.557 468 468 V StorageManagerService: Package com.android.cts.priv.ctsshim does not have legacy storage
06-04 18:04:47.557 468 468 V StorageManagerService: Package com.android.dynsystem does not have legacy storage
06-04 18:04:47.558 468 468 V StorageManagerService: Package com.dangbei.lerad.rocky does not have legacy storage
06-04 18:04:47.558 246 246 I netd : trafficSwapActiveStatsMap() <34.71ms>
06-04 18:04:47.559 468 468 V StorageManagerService: Package com.android.providers.calendar does not have legacy storage
06-04 18:04:47.559 468 468 V StorageManagerService: Package com.android.tv.settings does not have legacy storage
06-04 18:04:47.559 468 468 V StorageManagerService: Package com.android.providers.media does not have legacy storage
06-04 18:04:47.559 468 468 V StorageManagerService: Package com.oranth.factory does not have legacy storage
06-04 18:04:47.559 468 496 D CompatibilityChangeReporter: Compat change id reported: 168419799; UID 1073; state: DISABLED
06-04 18:04:47.559 468 468 V StorageManagerService: Package com.android.internal.systemui.navbar.gestural_wide_back does not have legacy storage
06-04 18:04:47.559 468 468 V StorageManagerService: Package com.dangbei.zhushou.os does not have legacy storage
06-04 18:04:47.559 468 468 V StorageManagerService: Package com.android.wallpapercropper does not have legacy storage
06-04 18:04:47.559 468 468 V StorageManagerService: Package com.softwinner.provision does not have legacy storage
06-04 18:04:47.559 468 468 V StorageManagerService: Package com.softwinner.awlogsettings does not have legacy storage
06-04 18:04:47.559 468 468 V StorageManagerService: Package com.android.documentsui does not have legacy storage
06-04 18:04:47.559 468 468 V StorageManagerService: Package com.sohu.inputmethod.sogou.tv has legacy storage
06-04 18:04:47.559 468 468 V StorageManagerService: Package com.android.externalstorage does not have legacy storage
06-04 18:04:47.559 468 468 V StorageManagerService: Package com.android.htmlviewer does not have legacy storage
06-04 18:04:47.560 468 468 V StorageManagerService: Package com.android.companiondevicemanager does not have legacy storage
06-04 18:04:47.560 468 468 V StorageManagerService: Package com.android.mms.service does not have legacy storage
06-04 18:04:47.560 468 468 V StorageManagerService: Package com.android.providers.downloads does not have legacy storage
06-04 18:04:47.560 468 468 V StorageManagerService: Package com.android.providers.tv does not have legacy storage
06-04 18:04:47.560 468 468 V StorageManagerService: Package com.android.internal.systemui.onehanded.gestural does not have legacy storage
06-04 18:04:47.560 468 468 V StorageManagerService: Package com.oranth.ledstatus does not have legacy storage
06-04 18:04:47.560 468 468 V StorageManagerService: Package com.dangbei.lerad.videoposter has legacy storage
06-04 18:04:47.560 468 468 V StorageManagerService: Package com.android.providers.downloads.ui does not have legacy storage
06-04 18:04:47.560 468 468 V StorageManagerService: Package com.android.pacprocessor does not have legacy storage
06-04 18:04:47.560 468 468 V StorageManagerService: Package com.android.simappdialog does not have legacy storage
06-04 18:04:47.560 468 468 V StorageManagerService: Package com.android.networkstack does not have legacy storage
06-04 18:04:47.560 468 468 V StorageManagerService: Package com.android.connectivity.resources does not have legacy storage
06-04 18:04:47.560 468 468 V StorageManagerService: Package com.android.modulemetadata does not have legacy storage
06-04 18:04:47.560 468 468 V StorageManagerService: Package com.android.certinstaller does not have legacy storage
06-04 18:04:47.560 468 468 V StorageManagerService: Package com.android.carrierconfig does not have legacy storage
06-04 18:04:47.561 468 468 V StorageManagerService: Package com.google.android.apps.searchlite.overlay does not have legacy storage
06-04 18:04:47.561 468 468 V StorageManagerService: Package com.android.internal.systemui.navbar.threebutton does not have legacy storage
06-04 18:04:47.561 468 468 V StorageManagerService: Package android does not have legacy storage
06-04 18:04:47.561 468 468 V StorageManagerService: Package com.google.android.networkstackconfig does not have legacy storage
06-04 18:04:47.561 468 468 V StorageManagerService: Package com.softwinner.settingssetup does not have legacy storage
06-04 18:04:47.561 468 468 V StorageManagerService: Package com.android.egg does not have legacy storage
06-04 18:04:47.561 468 468 V StorageManagerService: Package com.android.mtp does not have legacy storage
06-04 18:04:47.561 468 468 V StorageManagerService: Package com.android.backupconfirm does not have legacy storage
06-04 18:04:47.561 468 468 V StorageManagerService: Package com.softwinner.timerswitch does not have legacy storage
06-04 18:04:47.561 468 468 V StorageManagerService: Package com.android.statementservice does not have legacy storage
06-04 18:04:47.561 468 468 V StorageManagerService: Package com.dangbei.screencast has legacy storage
06-04 18:04:47.561 468 468 V StorageManagerService: Package com.android.settings.intelligence does not have legacy storage
06-04 18:04:47.561 468 468 V StorageManagerService: Package com.android.internal.systemui.navbar.gestural_extra_wide_back does not have legacy storage
06-04 18:04:47.561 468 468 V StorageManagerService: Package com.dangbei.leard.leradlauncher does not have legacy storage
06-04 18:04:47.561 468 468 V StorageManagerService: Package com.android.providers.settings does not have legacy storage
06-04 18:04:47.562 468 468 V StorageManagerService: Package com.android.sharedstoragebackup does not have legacy storage
06-04 18:04:47.562 468 468 V StorageManagerService: Package com.android.printspooler does not have legacy storage
06-04 18:04:47.562 468 468 V StorageManagerService: Package com.android.dreams.basic does not have legacy storage
06-04 18:04:47.562 468 468 V StorageManagerService: Package com.android.webview does not have legacy storage
06-04 18:04:47.562 468 468 V StorageManagerService: Package com.android.se does not have legacy storage
06-04 18:04:47.562 468 468 V StorageManagerService: Package com.android.tv does not have legacy storage
06-04 18:04:47.562 468 468 V StorageManagerService: Package com.android.inputdevices does not have legacy storage
06-04 18:04:47.562 468 468 V StorageManagerService: Package com.android.bips does not have legacy storage
06-04 18:04:47.562 468 468 V StorageManagerService: Package com.oranth.inputmacsn does not have legacy storage
06-04 18:04:47.562 468 468 V StorageManagerService: Package com.android.musicfx does not have legacy storage
06-04 18:04:47.562 468 468 V StorageManagerService: Package com.dangbei.hqguide does not have legacy storage
06-04 18:04:47.562 468 468 V StorageManagerService: Package android.ext.shared does not have legacy storage
06-04 18:04:47.562 468 468 V StorageManagerService: Package com.android.onetimeinitializer does not have legacy storage
06-04 18:04:47.563 468 468 V StorageManagerService: Package com.android.keychain does not have legacy storage
06-04 18:04:47.563 468 468 V StorageManagerService: Package com.android.printservice.recommendation does not have legacy storage
06-04 18:04:47.563 468 468 V StorageManagerService: Package com.google.android.networkstack.tetheringconfig does not have legacy storage
06-04 18:04:47.563 468 468 V StorageManagerService: Package android.ext.services does not have legacy storage
06-04 18:04:47.563 468 468 V StorageManagerService: Package com.android.wifi.resources does not have legacy storage
06-04 18:04:47.563 468 468 V StorageManagerService: Package com.android.localtransport does not have legacy storage
06-04 18:04:47.563 468 468 V StorageManagerService: Package com.android.packageinstaller does not have legacy storage
06-04 18:04:47.563 468 468 V StorageManagerService: Package com.android.theme.font.notoserifsource does not have legacy storage
06-04 18:04:47.563 468 468 V StorageManagerService: Package com.android.proxyhandler does not have legacy storage
06-04 18:04:47.563 468 468 V StorageManagerService: Package com.softwinner.screenshot does not have legacy storage
06-04 18:04:47.563 468 468 V StorageManagerService: Package com.android.managedprovisioning does not have legacy storage
06-04 18:04:47.563 468 468 V StorageManagerService: Package com.oranth.usbopenft does not have legacy storage
06-04 18:04:47.563 468 468 V StorageManagerService: Package com.android.networkstack.tethering does not have legacy storage
06-04 18:04:47.563 468 468 V StorageManagerService: Package com.android.soundpicker does not have legacy storage
06-04 18:04:47.563 468 468 V StorageManagerService: Package com.dangbei.lerad.etna.haqu does not have legacy storage
06-04 18:04:47.564 468 468 V StorageManagerService: Package com.allwinnertech.packageoverride does not have legacy storage
06-04 18:04:47.564 468 468 V StorageManagerService: Package com.android.smspush does not have legacy storage
06-04 18:04:47.564 468 468 V StorageManagerService: Package com.android.wallpaper.livepicker does not have legacy storage
06-04 18:04:47.564 246 246 I netd : tetherGetStats() -> {[]} <3.07ms>
06-04 18:04:47.564 468 468 V StorageManagerService: Package com.tv.filemanager.os has legacy storage
06-04 18:04:47.564 468 468 V StorageManagerService: Package com.oranth.powerwindow does not have legacy storage
06-04 18:04:47.564 468 468 V StorageManagerService: Package com.android.storagemanager does not have legacy storage
06-04 18:04:47.564 468 468 V StorageManagerService: Package com.android.bookmarkprovider does not have legacy storage
06-04 18:04:47.564 468 468 V StorageManagerService: Package com.android.networkstack.permissionconfig does not have legacy storage
06-04 18:04:47.564 468 468 V StorageManagerService: Package com.android.cts.ctsshim does not have legacy storage
06-04 18:04:47.564 468 468 V StorageManagerService: Package com.dangbei.lerad.screensaver does not have legacy storage
06-04 18:04:47.564 468 468 V StorageManagerService: Package com.android.remoteprovisioner does not have legacy storage
06-04 18:04:47.565 468 468 V StorageManagerService: Package com.softwinner.theme.icon does not have legacy storage
06-04 18:04:47.565 468 468 V StorageManagerService: Package com.android.wallpaper does not have legacy storage
06-04 18:04:47.565 468 468 V StorageManagerService: Package com.android.vpndialogs does not have legacy storage
06-04 18:04:47.565 468 468 V StorageManagerService: Package com.android.music does not have legacy storage
06-04 18:04:47.565 468 468 V StorageManagerService: Package com.android.shell does not have legacy storage
06-04 18:04:47.565 468 468 V StorageManagerService: Package com.android.wallpaperbackup does not have legacy storage
06-04 18:04:47.565 468 468 V StorageManagerService: Package com.android.providers.blockednumber does not have legacy storage
06-04 18:04:47.565 468 468 V StorageManagerService: Package com.android.providers.userdictionary does not have legacy storage
06-04 18:04:47.565 468 468 V StorageManagerService: Package com.android.providers.media.module does not have legacy storage
06-04 18:04:47.565 468 468 V StorageManagerService: Package com.softwinner.theme.color does not have legacy storage
06-04 18:04:47.565 468 468 V StorageManagerService: Package com.oranth.storage does not have legacy storage
06-04 18:04:47.565 468 468 V StorageManagerService: Package com.android.hotspot2.osulogin does not have legacy storage
06-04 18:04:47.566 468 529 W BestClock: java.time.DateTimeException: Missing NTP fix
06-04 18:04:47.569 468 468 V StorageManagerService: Package com.android.internal.systemui.navbar.gestural does not have legacy storage
06-04 18:04:47.569 468 468 V StorageManagerService: Package com.android.location.fused does not have legacy storage
06-04 18:04:47.569 468 468 V StorageManagerService: Package com.android.systemui does not have legacy storage
06-04 18:04:47.569 468 468 V StorageManagerService: Package com.dangbei.haqusetting does not have legacy storage
06-04 18:04:47.569 468 468 V StorageManagerService: Package com.android.bluetoothmidiservice does not have legacy storage
06-04 18:04:47.569 468 468 V StorageManagerService: Package com.softwinner.awmanager does not have legacy storage
06-04 18:04:47.569 468 468 V StorageManagerService: Package com.android.permissioncontroller does not have legacy storage
06-04 18:04:47.569 468 468 V StorageManagerService: Package com.softwinner.miracastReceiver does not have legacy storage
06-04 18:04:47.569 468 468 V StorageManagerService: Package com.android.traceur does not have legacy storage
06-04 18:04:47.570 468 468 V StorageManagerService: Package com.android.bluetooth does not have legacy storage
06-04 18:04:47.570 468 468 V StorageManagerService: Package com.android.providers.contacts does not have legacy storage
06-04 18:04:47.570 468 468 V StorageManagerService: Package com.android.captiveportallogin does not have legacy storage
06-04 18:04:47.570 468 468 V StorageManagerService: Package com.android.internal.systemui.navbar.gestural_narrow_back does not have legacy storage
06-04 18:04:47.570 468 468 V StorageManagerService: Package android.auto_generated_rro_vendor__ does not have legacy storage
06-04 18:04:47.571 468 529 W BestClock: java.time.DateTimeException: Missing NTP fix
06-04 18:04:47.583 389 389 V C2Store : in ~ComponentModule
06-04 18:04:47.583 389 389 V C2Store : unloading dll
06-04 18:04:47.583 389 389 V C2Store : in init
06-04 18:04:47.583 389 389 V C2Store : loading dll
06-04 18:04:47.587 247 247 W Zygote : forkRepeatedly terminated due to non-simple command
06-04 18:04:47.587 247 247 D Zygote : mbuffer starts with 14, nice name is webview_zygote, mEnd = 401, mNext = 159, mLinesLeft = 6, mFd = 4
06-04 18:04:47.589 704 704 I WebViewLoader-: System.exit called, status: 0
06-04 18:04:47.589 468 496 D CompatibilityChangeReporter: Compat change id reported: 168419799; UID 1073; state: DISABLED
06-04 18:04:47.590 704 704 I AndroidRuntime: VM exiting with result code 0, cleanup skipped.
06-04 18:04:47.590 246 246 I netd : trafficSwapActiveStatsMap() <19.33ms>
06-04 18:04:47.594 468 610 W BestClock: java.time.DateTimeException: Missing NTP fix
06-04 18:04:47.595 246 246 I netd : tetherGetStats() -> {[]} <3.21ms>
06-04 18:04:47.597 389 389 V C2Store : in ~ComponentModule
06-04 18:04:47.600 389 389 V C2Store : unloading dll
06-04 18:04:47.600 389 389 V C2Store : in init
06-04 18:04:47.601 389 389 V C2Store : loading dll
06-04 18:04:47.603 756 756 D CompatibilityChangeReporter: Compat change id reported: 171979766; UID 1073; state: ENABLED
06-04 18:04:47.608 389 389 V C2Store : in ~ComponentModule
06-04 18:04:47.608 389 389 V C2Store : unloading dll
06-04 18:04:47.608 389 389 V C2Store : in init
06-04 18:04:47.609 389 389 V C2Store : loading dll
06-04 18:04:47.604 682 682 I ndroid.systemui: type=1400 audit(0.0:323): avc: denied { search } for name="com.android.systemui" dev="mmcblk0p25" ino=486 scontext=u:r:platform_app:s0:c512,c768 tcontext=u:object_r:app_data_file:s0:c512,c768 tclass=dir permissive=1 app=com.softwinner.screenshot
06-04 18:04:47.611 682 682 V GraphicsEnvironment: ANGLE Developer option for 'com.android.systemui' set to: 'default'
06-04 18:04:47.612 682 682 V GraphicsEnvironment: Neither updatable production driver nor prerelease driver is supported.
06-04 18:04:47.614 682 682 D NetworkSecurityConfig: No Network Security Config specified, using platform default
06-04 18:04:47.615 389 389 V C2Store : in ~ComponentModule
06-04 18:04:47.615 389 389 V C2Store : unloading dll
06-04 18:04:47.615 389 389 V C2Store : in init
06-04 18:04:47.615 389 389 V C2Store : loading dll
06-04 18:04:47.617 682 682 D NetworkSecurityConfig: No Network Security Config specified, using platform default
06-04 18:04:47.624 468 529 W BestClock: java.time.DateTimeException: Missing NTP fix
06-04 18:04:47.624 389 389 V C2Store : in ~ComponentModule
06-04 18:04:47.624 389 389 V C2Store : unloading dll
06-04 18:04:47.624 389 389 V C2Store : in init
06-04 18:04:47.624 389 389 V C2Store : loading dll
06-04 18:04:47.626 468 610 W BestClock: java.time.DateTimeException: Missing NTP fix
06-04 18:04:47.626 468 468 W VoiceInteractionManager: no available voice recognition services found for user 0
06-04 18:04:47.627 468 468 W AppBindingService: [Default SMS app] u0 Target package not found
06-04 18:04:47.628 468 529 W BestClock: java.time.DateTimeException: Missing NTP fix
06-04 18:04:47.630 468 468 V GameManagerService: Settings file doesn't exists, skip reading
06-04 18:04:47.630 468 468 D SystemServerTiming: ssm.StartUser-0 took to complete: 88ms
06-04 18:04:47.630 468 468 I SystemServerTiming: startPersistentApps
06-04 18:04:47.632 468 468 D CompatibilityChangeReporter: Compat change id reported: 135634846; UID 1068; state: DISABLED
06-04 18:04:47.632 247 247 D Zygote : Forked child process 782
06-04 18:04:47.634 468 468 D SystemServerTiming: startPersistentApps took to complete: 3ms
06-04 18:04:47.634 468 468 I SystemServerTiming: startHomeOnAllDisplays
06-04 18:04:47.636 389 389 V C2Store : in ~ComponentModule
06-04 18:04:47.636 389 389 V C2Store : unloading dll
06-04 18:04:47.637 389 389 V C2Store : in init
06-04 18:04:47.637 389 389 V C2Store : loading dll
06-04 18:04:47.639 468 701 W ZygoteProcess: Got error connecting to zygote, retrying. msg= Connection refused
06-04 18:04:47.643 468 468 I ActivityStarter: ---START u0 {act=android.intent.action.MAIN cat=[android.intent.category.HOME] flg=0x10000100 cmp=com.android.tv.settings/.system.FallbackHome (has extras)} from uid 0
06-04 18:04:47.652 782 782 I Zygote : seccomp disabled by setenforce 0
06-04 18:04:47.654 246 246 I netd : trafficSwapActiveStatsMap() <26.02ms>
06-04 18:04:47.659 246 246 I netd : tetherGetStats() -> {[]} <2.55ms>
06-04 18:04:47.662 468 529 W BestClock: java.time.DateTimeException: Missing NTP fix
06-04 18:04:47.662 247 247 D Zygote : Forked child process 788
06-04 18:04:47.663 247 247 I Zygote : Process 704 exited cleanly (0)
06-04 18:04:47.667 468 529 W BestClock: java.time.DateTimeException: Missing NTP fix
06-04 18:04:47.667 468 610 W BestClock: java.time.DateTimeException: Missing NTP fix
06-04 18:04:47.668 468 610 W BestClock: java.time.DateTimeException: Missing NTP fix
06-04 18:04:47.672 788 788 I Zygote : seccomp disabled by setenforce 0
06-04 18:04:47.674 682 682 V SystemUIService: SystemUIApplication constructed.
06-04 18:04:47.675 389 389 V C2Store : in ~ComponentModule
06-04 18:04:47.675 389 389 V C2Store : unloading dll
06-04 18:04:47.675 389 389 V C2Store : in init
06-04 18:04:47.677 389 389 V C2Store : loading dll
06-04 18:04:47.677 782 782 I WebViewZygoteInit: Starting WebViewZygoteInit
06-04 18:04:47.681 782 782 I Zygote : seccomp disabled by setenforce 0
06-04 18:04:47.680 324 324 I rainbow_flow: type=1400 audit(0.0:324): avc: denied { ioctl } for path="/dev/spidev1.0" dev="tmpfs" ino=3509 ioctlcmd=0x6b00 scontext=u:r:init:s0 tcontext=u:object_r:device:s0 tclass=chr_file permissive=1
06-04 18:04:47.690 246 246 I netd : trafficSwapActiveStatsMap() <23.10ms>
06-04 18:04:47.693 389 389 I mediaswcodec: missing struct descriptor #Param::CoreIndex(--004) for field values of struct #Param::CoreIndex(F-12004)
06-04 18:04:47.695 409 420 I adbd : jdwp connection from 788
06-04 18:04:47.695 246 246 I netd : tetherGetStats() -> {[]} <3.16ms>
06-04 18:04:47.698 468 529 W BestClock: java.time.DateTimeException: Missing NTP fix
06-04 18:04:47.698 389 389 I mediaswcodec: missing struct descriptor #Param::CoreIndex(--1812) for field values of struct #Param::CoreIndex(F-11812)
06-04 18:04:47.700 389 389 V C2Store : in ~ComponentModule
06-04 18:04:47.704 468 529 W BestClock: java.time.DateTimeException: Missing NTP fix
06-04 18:04:47.704 389 389 V C2Store : unloading dll
06-04 18:04:47.705 389 389 V C2Store : in init
06-04 18:04:47.705 389 389 V C2Store : loading dll
06-04 18:04:47.706 782 782 I WebViewZygoteInit: Beginning application preload for com.android.webview
06-04 18:04:47.713 389 389 V C2Store : in ~ComponentModule
06-04 18:04:47.713 389 389 V C2Store : unloading dll
06-04 18:04:47.714 389 389 V C2Store : in init
06-04 18:04:47.714 389 389 V C2Store : loading dll
06-04 18:04:47.720 782 782 D nativeloader: classloader namespace configured for unbundled product apk. library_path=/product/app/webview/lib/arm:/product/app/webview/webview.apk!/lib/armeabi-v7a:/product/lib:/system/product/lib
06-04 18:04:47.716 682 682 I ndroid.systemui: type=1400 audit(0.0:325): avc: denied { getattr } for path="/data/user_de/0/com.android.systemui/cache" dev="mmcblk0p25" ino=487 scontext=u:r:platform_app:s0:c512,c768 tcontext=u:object_r:app_data_file:s0:c512,c768 tclass=dir permissive=1 app=com.softwinner.screenshot
06-04 18:04:47.722 246 246 I netd : trafficSwapActiveStatsMap() <17.88ms>
06-04 18:04:47.723 468 748 W StorageManagerService: No primary storage defined yet; hacking together a stub
06-04 18:04:47.723 756 756 V GraphicsEnvironment: ANGLE Developer option for 'com.android.networkstack' set to: 'default'
06-04 18:04:47.727 756 756 V GraphicsEnvironment: Neither updatable production driver nor prerelease driver is supported.
06-04 18:04:47.727 246 246 I netd : tetherGetStats() -> {[]} <2.84ms>
06-04 18:04:47.729 468 529 W BestClock: java.time.DateTimeException: Missing NTP fix
06-04 18:04:47.729 756 756 D NetworkSecurityConfig: No Network Security Config specified, using platform default
06-04 18:04:47.730 389 389 V C2Store : in ~ComponentModule
06-04 18:04:47.730 389 389 V C2Store : unloading dll
06-04 18:04:47.730 389 389 V C2Store : in init
06-04 18:04:47.730 389 389 V C2Store : loading dll
06-04 18:04:47.731 756 756 D NetworkSecurityConfig: No Network Security Config specified, using platform default
06-04 18:04:47.733 468 529 W BestClock: java.time.DateTimeException: Missing NTP fix
06-04 18:04:47.735 668 668 E droid.bluetoot: [0604/180447.734135:ERROR:hal_version_manager.h(125)] HalVersionManager No supported HAL version
06-04 18:04:47.739 389 389 V C2Store : in ~ComponentModule
06-04 18:04:47.739 389 389 V C2Store : unloading dll
06-04 18:04:47.739 389 389 V C2Store : in init
06-04 18:04:47.739 389 389 V C2Store : loading dll
06-04 18:04:47.742 668 668 I droid.bluetoot: [0604/180447.741758:INFO:btif_config_cache.cc(61)] BtifConfigCache, capacity: 10000
06-04 18:04:47.747 389 389 V C2Store : in ~ComponentModule
06-04 18:04:47.747 389 389 V C2Store : unloading dll
06-04 18:04:47.747 389 389 V C2Store : in init
06-04 18:04:47.747 389 389 V C2Store : loading dll
06-04 18:04:47.755 389 389 V C2Store : in ~ComponentModule
06-04 18:04:47.755 389 389 V C2Store : unloading dll
06-04 18:04:47.756 389 389 V C2Store : in init
06-04 18:04:47.756 389 389 V C2Store : loading dll
06-04 18:04:47.759 246 246 I netd : trafficSwapActiveStatsMap() <25.25ms>
06-04 18:04:47.765 246 246 I netd : tetherGetStats() -> {[]} <4.05ms>
06-04 18:04:47.770 468 529 W BestClock: java.time.DateTimeException: Missing NTP fix
06-04 18:04:47.772 468 468 D CompatibilityChangeReporter: Compat change id reported: 174042980; UID 1000; state: DISABLED
06-04 18:04:47.773 389 389 V C2Store : in ~ComponentModule
06-04 18:04:47.773 389 389 V C2Store : unloading dll
06-04 18:04:47.774 468 529 W BestClock: java.time.DateTimeException: Missing NTP fix
06-04 18:04:47.774 389 389 V C2Store : in init
06-04 18:04:47.774 389 389 V C2Store : loading dll
06-04 18:04:47.781 468 468 D libcheckfile: checkfile_init
06-04 18:04:47.783 468 468 D ActivityTaskManager: isHomeLauncher info= ActivityInfo{b6d7a4a com.android.tv.settings.system.FallbackHome}
06-04 18:04:47.785 389 389 V C2Store : in ~ComponentModule
06-04 18:04:47.785 389 389 V C2Store : unloading dll
06-04 18:04:47.785 389 389 V C2Store : in init
06-04 18:04:47.785 389 389 V C2Store : loading dll
06-04 18:04:47.784 318 318 I xm_hidread: type=1400 audit(0.0:326): avc: denied { read } for scontext=u:r:init:s0 tcontext=u:r:init:s0 tclass=netlink_kobject_uevent_socket permissive=1
06-04 18:04:47.793 246 246 I netd : trafficSwapActiveStatsMap() <18.60ms>
06-04 18:04:47.788 808 808 I system_server: type=1400 audit(0.0:327): avc: denied { execute } for name="su" dev="dm-0" ino=3480 scontext=u:r:system_server:s0 tcontext=u:object_r:su_exec:s0 tclass=file permissive=1
06-04 18:04:47.788 808 808 I system_server: type=1400 audit(0.0:328): avc: denied { read open } for path="/system/xbin/su" dev="dm-0" ino=3480 scontext=u:r:system_server:s0 tcontext=u:object_r:su_exec:s0 tclass=file permissive=1
06-04 18:04:47.788 808 808 I system_server: type=1400 audit(0.0:329): avc: denied { execute_no_trans } for path="/system/xbin/su" dev="dm-0" ino=3480 scontext=u:r:system_server:s0 tcontext=u:object_r:su_exec:s0 tclass=file permissive=1
06-04 18:04:47.797 246 246 I netd : tetherGetStats() -> {[]} <2.38ms>
06-04 18:04:47.792 808 808 I su : type=1400 audit(0.0:330): avc: denied { map } for path="/system/xbin/su" dev="dm-0" ino=3480 scontext=u:r:system_server:s0 tcontext=u:object_r:su_exec:s0 tclass=file permissive=1
06-04 18:04:47.799 468 529 W BestClock: java.time.DateTimeException: Missing NTP fix
06-04 18:04:47.800 266 266 I AW_PowerHAL: Power setMode: SUSTAINED_PERFORMANCE to: 1
06-04 18:04:47.801 266 266 W AW_PowerHAL: Could not open nsi-bw: No such file or directory
06-04 18:04:47.965 299 299 I libphy : 5030000.eth: probed
06-04 18:04:47.801 266 266 I AW_PowerHAL: cur-mode:PERFORMANCE
06-04 18:04:47.802 468 529 W BestClock: java.time.DateTimeException: Missing NTP fix
06-04 18:04:47.971 299 299 E : get_key_map_info()187 - Failed to find "oe" in dts.
06-04 18:04:47.804 808 808 I su : type=1400 audit(0.0:331): avc: denied { getattr } for path="/system/xbin/su" dev="dm-0" ino=3480 scontext=u:r:system_server:s0 tcontext=u:object_r:su_exec:s0 tclass=file permissive=1
06-04 18:04:47.812 468 468 D SystemServerTiming: startHomeOnAllDisplays took to complete: 177ms
06-04 18:04:47.812 468 468 I SystemServerTiming: showSystemReadyErrorDialogs
06-04 18:04:47.813 468 468 I system_server: getFrameworkHalManifest: Reading VINTF information.
06-04 18:04:47.982 299 299 I : sunxi-gmac 5030000.eth eth0: eth0: Type(7) PHY ID 00441400 at 0 IRQ poll (5030000.eth-0:00)
06-04 18:04:47.818 668 668 I BluetoothServiceJni: hal_util_load_bt_library: loaded Bluetooth library successfully
06-04 18:04:47.819 389 389 V C2Store : in ~ComponentModule
06-04 18:04:47.819 468 468 I system_server: getDeviceHalManifest: Reading VINTF information.
06-04 18:04:47.825 468 468 I system_server: getDeviceHalManifest: Successfully processed VINTF information
06-04 18:04:47.826 468 468 I system_server: getFrameworkHalManifest: Successfully processed VINTF information
06-04 18:04:47.826 468 468 I system_server: getFrameworkCompatibilityMatrix: Reading VINTF information.
06-04 18:04:47.827 668 668 D BluetoothAdapterService: onCreate()
06-04 18:04:47.824 808 808 I su : type=1400 audit(0.0:332): avc: denied { read } for name="u:object_r:vendor_default_prop:s0" dev="tmpfs" ino=3332 scontext=u:r:system_server:s0 tcontext=u:object_r:vendor_default_prop:s0 tclass=file permissive=1
06-04 18:04:47.824 808 808 I su : type=1400 audit(0.0:333): avc: denied { open } for path="/dev/__properties__/u:object_r:vendor_default_prop:s0" dev="tmpfs" ino=3332 scontext=u:r:system_server:s0 tcontext=u:object_r:vendor_default_prop:s0 tclass=file permissive=1
06-04 18:04:47.824 808 808 I su : type=1400 audit(0.0:334): avc: denied { getattr } for path="/dev/__properties__/u:object_r:vendor_default_prop:s0" dev="tmpfs" ino=3332 scontext=u:r:system_server:s0 tcontext=u:object_r:vendor_default_prop:s0 tclass=file permissive=1
06-04 18:04:47.824 808 808 I su : type=1400 audit(0.0:335): avc: denied { map } for path="/dev/__properties__/u:object_r:vendor_default_prop:s0" dev="tmpfs" ino=3332 scontext=u:r:system_server:s0 tcontext=u:object_r:vendor_default_prop:s0 tclass=file permissive=1
06-04 18:04:47.829 389 389 V C2Store : unloading dll
06-04 18:04:47.829 389 389 V C2Store : in init
06-04 18:04:47.829 389 389 V C2Store : loading dll
06-04 18:04:47.831 468 516 W PppoeNetworkFactory: interfaceLinkStateChanged
06-04 18:04:47.831 468 516 D PppoeNetworkFactory: updateInterface: mIface: mPhyIface:eth0 iface:eth0 link:down
06-04 18:04:47.832 468 516 I EthernetTracker: interfaceLinkStateChanged, iface: eth0, up: false
06-04 18:04:47.837 468 516 W PppoeNetworkFactory: interfaceLinkStateChanged
06-04 18:04:47.837 468 516 D PppoeNetworkFactory: updateInterface: mIface: mPhyIface:eth0 iface:eth0 link:down
06-04 18:04:47.837 468 516 I EthernetTracker: interfaceLinkStateChanged, iface: eth0, up: false
06-04 18:04:47.838 246 246 I netd : trafficSwapActiveStatsMap() <35.68ms>
06-04 18:04:47.838 246 299 I netd : interfaceSetCfg(InterfaceConfigurationParcel{ifName: eth0, hwAddr: 20:02:fe:19:c1:fd, ipv4Addr: 0.0.0.0, prefixLength: 0, flags: [broadcast, multicast, up]}) <1072.46ms>
06-04 18:04:47.840 246 246 I netd : interfaceGetCfg(eth0) -> {InterfaceConfigurationParcel{ifName: eth0, hwAddr: 20:02:fe:19:c1:fd, ipv4Addr: 0.0.0.0, prefixLength: 0, flags: [up, broadcast, multicast]}} <0.32ms>
06-04 18:04:47.842 246 299 I netd : tetherGetStats() -> {[]} <2.46ms>
06-04 18:04:47.843 468 654 D EthernetTracker: Tracking interface in client mode: eth0
06-04 18:04:47.843 468 654 D EthernetNetworkFactory: addInterface, iface: eth0, capabilities: [ Transports: ETHERNET Capabilities: NOT_METERED&INTERNET&NOT_RESTRICTED&TRUSTED&NOT_VPN&NOT_ROAMING&NOT_CONGESTED&NOT_SUSPENDED&NOT_VCN_MANAGED LinkUpBandwidth>=100000Kbps LinkDnBandwidth>=100000Kbps]
06-04 18:04:47.844 468 654 D EthernetNetworkFactory: updateCapabilityFilter: [ Transports: ETHERNET Capabilities: NOT_METERED&INTERNET&NOT_RESTRICTED&TRUSTED&NOT_VPN&NOT_ROAMING&NOT_CONGESTED&NOT_SUSPENDED&NOT_VCN_MANAGED]
06-04 18:04:47.845 468 529 W BestClock: java.time.DateTimeException: Missing NTP fix
06-04 18:04:47.845 468 654 D EthernetNetworkFactory: updateInterfaceLinkState, iface: eth0, up: false
06-04 18:04:47.845 468 654 D EthernetNetworkFactory: updateInterfaceLinkState, iface: eth0, up: false
06-04 18:04:47.847 389 389 I mediaswcodec: missing struct descriptor #Param::CoreIndex(--004) for field values of struct #Param::CoreIndex(F-12004)
06-04 18:04:47.847 782 782 I WebViewZygoteInit: Application preload done
06-04 18:04:47.848 468 654 D Ethernet: got request NetworkRequest [ REQUEST id=17, [ Capabilities: INTERNET&NOT_RESTRICTED&TRUSTED&NOT_VCN_MANAGED Uid: 1000 RequestorUid: 1000 RequestorPkg: android] ]
06-04 18:04:47.849 468 654 D EthernetNetworkFactory: acceptRequest, request: NetworkRequest [ REQUEST id=17, [ Capabilities: INTERNET&NOT_RESTRICTED&TRUSTED&NOT_VCN_MANAGED Uid: 1000 RequestorUid: 1000 RequestorPkg: android] ]
06-04 18:04:47.849 468 654 I EthernetNetworkFactory: networkForRequest, request: NetworkRequest [ REQUEST id=17, [ Capabilities: INTERNET&NOT_RESTRICTED&TRUSTED&NOT_VCN_MANAGED Uid: 1000 RequestorUid: 1000 RequestorPkg: android] ], network: null
06-04 18:04:47.850 468 529 W BestClock: java.time.DateTimeException: Missing NTP fix
06-04 18:04:47.850 468 654 D Ethernet: got request NetworkRequest [ REQUEST id=1, [ Capabilities: INTERNET&NOT_RESTRICTED&TRUSTED&NOT_VPN&NOT_VCN_MANAGED RequestorUid: 1000 RequestorPkg: android] ]
06-04 18:04:47.850 468 654 D EthernetNetworkFactory: acceptRequest, request: NetworkRequest [ REQUEST id=1, [ Capabilities: INTERNET&NOT_RESTRICTED&TRUSTED&NOT_VPN&NOT_VCN_MANAGED RequestorUid: 1000 RequestorPkg: android] ]
06-04 18:04:47.850 468 654 I EthernetNetworkFactory: networkForRequest, request: NetworkRequest [ REQUEST id=1, [ Capabilities: INTERNET&NOT_RESTRICTED&TRUSTED&NOT_VPN&NOT_VCN_MANAGED RequestorUid: 1000 RequestorPkg: android] ], network: null
06-04 18:04:47.850 468 654 D Ethernet: got request NetworkRequest [ REQUEST id=10, [ Capabilities: INTERNET&NOT_RESTRICTED&TRUSTED&NOT_VCN_MANAGED Uid: 1000 RequestorUid: 1000 RequestorPkg: android] ]
06-04 18:04:47.850 468 654 D EthernetNetworkFactory: acceptRequest, request: NetworkRequest [ REQUEST id=10, [ Capabilities: INTERNET&NOT_RESTRICTED&TRUSTED&NOT_VCN_MANAGED Uid: 1000 RequestorUid: 1000 RequestorPkg: android] ]
06-04 18:04:47.850 468 654 I EthernetNetworkFactory: networkForRequest, request: NetworkRequest [ REQUEST id=10, [ Capabilities: INTERNET&NOT_RESTRICTED&TRUSTED&NOT_VCN_MANAGED Uid: 1000 RequestorUid: 1000 RequestorPkg: android] ], network: null
06-04 18:04:47.851 468 654 D Ethernet: got request NetworkRequest [ REQUEST id=4, [ Transports: ETHERNET Capabilities: INTERNET&NOT_RESTRICTED&TRUSTED&NOT_VPN&NOT_VCN_MANAGED RequestorUid: 1000 RequestorPkg: android] ]
06-04 18:04:47.851 468 654 D EthernetNetworkFactory: acceptRequest, request: NetworkRequest [ REQUEST id=4, [ Transports: ETHERNET Capabilities: INTERNET&NOT_RESTRICTED&TRUSTED&NOT_VPN&NOT_VCN_MANAGED RequestorUid: 1000 RequestorPkg: android] ]
06-04 18:04:47.851 468 654 I EthernetNetworkFactory: networkForRequest, request: NetworkRequest [ REQUEST id=4, [ Transports: ETHERNET Capabilities: INTERNET&NOT_RESTRICTED&TRUSTED&NOT_VPN&NOT_VCN_MANAGED RequestorUid: 1000 RequestorPkg: android] ], network: null
06-04 18:04:47.855 389 389 D C2SoftHevcEnc: Given level 6000 does not cover current configuration: adjusting to 6001
06-04 18:04:47.856 389 389 V C2Store : in ~ComponentModule
06-04 18:04:47.856 389 389 V C2Store : unloading dll
06-04 18:04:47.856 389 389 V C2Store : in init
06-04 18:04:47.857 389 389 V C2Store : loading dll
06-04 18:04:47.861 389 389 V C2Store : in ~ComponentModule
06-04 18:04:47.862 389 389 V C2Store : unloading dll
06-04 18:04:47.862 389 389 V C2Store : in init
06-04 18:04:47.862 389 389 V C2Store : loading dll
06-04 18:04:47.867 389 389 V C2Store : in ~ComponentModule
06-04 18:04:47.867 389 389 V C2Store : unloading dll
06-04 18:04:47.867 389 389 V C2Store : in init
06-04 18:04:47.867 389 389 V C2Store : loading dll
06-04 18:04:47.864 267 267 I EventThread: type=1400 audit(0.0:336): avc: denied { search } for name="extcon" dev="sysfs" ino=18109 scontext=u:r:hal_tv_cec_default:s0 tcontext=u:object_r:sysfs_extcon:s0 tclass=dir permissive=1
06-04 18:04:47.870 246 299 I netd : trafficSwapActiveStatsMap() <19.76ms>
06-04 18:04:47.872 389 389 V C2Store : in ~ComponentModule
06-04 18:04:47.872 389 389 V C2Store : unloading dll
06-04 18:04:47.872 389 389 V C2Store : in init
06-04 18:04:47.872 389 389 V C2Store : loading dll
06-04 18:04:47.874 246 299 I netd : tetherGetStats() -> {[]} <2.36ms>
06-04 18:04:47.876 468 529 W BestClock: java.time.DateTimeException: Missing NTP fix
06-04 18:04:47.879 389 389 V C2Store : in ~ComponentModule
06-04 18:04:47.879 389 389 V C2Store : unloading dll
06-04 18:04:47.879 468 529 W BestClock: java.time.DateTimeException: Missing NTP fix
06-04 18:04:47.879 389 389 V C2Store : in init
06-04 18:04:47.879 389 389 V C2Store : loading dll
06-04 18:04:47.887 389 389 V C2Store : in ~ComponentModule
06-04 18:04:47.887 389 389 V C2Store : unloading dll
06-04 18:04:47.887 389 389 V C2Store : in init
06-04 18:04:47.887 389 389 V C2Store : loading dll
06-04 18:04:47.891 389 389 V C2Store : in ~ComponentModule
06-04 18:04:47.891 389 389 V C2Store : unloading dll
06-04 18:04:47.891 389 389 V C2Store : in init
06-04 18:04:47.891 389 389 V C2Store : loading dll
06-04 18:04:47.895 389 389 V C2Store : in ~ComponentModule
06-04 18:04:47.895 389 389 V C2Store : unloading dll
06-04 18:04:47.895 389 389 V C2Store : in init
06-04 18:04:47.895 389 389 V C2Store : loading dll
06-04 18:04:47.900 389 389 V C2Store : in ~ComponentModule
06-04 18:04:47.900 389 389 V C2Store : unloading dll
06-04 18:04:47.900 389 389 V C2Store : in init
06-04 18:04:47.900 389 389 V C2Store : loading dll
06-04 18:04:47.907 389 389 V C2Store : in ~ComponentModule
06-04 18:04:47.907 389 389 V C2Store : unloading dll
06-04 18:04:47.907 389 389 V C2Store : in init
06-04 18:04:47.908 389 389 V C2Store : loading dll
06-04 18:04:47.912 389 389 I C2SoftVp8Enc: setting temporal layering 0 + 0
06-04 18:04:47.913 389 389 V C2Store : in ~ComponentModule
06-04 18:04:47.913 389 389 V C2Store : unloading dll
06-04 18:04:47.914 389 389 V C2Store : in init
06-04 18:04:47.914 389 389 V C2Store : loading dll
06-04 18:04:47.914 246 299 I netd : trafficSwapActiveStatsMap() <34.80ms>
06-04 18:04:47.918 246 299 I netd : tetherGetStats() -> {[]} <2.27ms>
06-04 18:04:47.919 389 389 V C2Store : in ~ComponentModule
06-04 18:04:47.919 389 389 V C2Store : unloading dll
06-04 18:04:47.919 389 389 V C2Store : in init
06-04 18:04:47.919 389 389 V C2Store : loading dll
06-04 18:04:47.920 468 529 W BestClock: java.time.DateTimeException: Missing NTP fix
06-04 18:04:47.923 468 529 W BestClock: java.time.DateTimeException: Missing NTP fix
06-04 18:04:47.924 389 389 I C2SoftVp9Enc: setting temporal layering 0 + 0
06-04 18:04:47.926 389 389 V C2Store : in ~ComponentModule
06-04 18:04:47.926 389 389 V C2Store : unloading dll
06-04 18:04:47.927 363 485 D MediaCodecsXmlParser: parsing /apex/com.android.media.swcodec/etc/media_codecs.xml...
06-04 18:04:47.929 363 485 D MediaCodecsXmlParser: disabling c2.android.gsm.decoder
06-04 18:04:47.930 363 485 D MediaCodecsXmlParser: disabling c2.android.mpeg2.decoder
06-04 18:04:47.931 468 468 I system_server: getFrameworkCompatibilityMatrix: Successfully processed VINTF information
06-04 18:04:47.931 468 468 I system_server: getDeviceCompatibilityMatrix: Reading VINTF information.
06-04 18:04:47.932 363 485 I MediaCodecsXmlParser: Did not find media_codecs_performance.xml in search path
06-04 18:04:47.932 363 485 I MediaCodecsXmlParser: Did not find media_codecs_c2.xml in search path
06-04 18:04:47.932 468 468 I system_server: getDeviceCompatibilityMatrix: Successfully processed VINTF information
06-04 18:04:47.932 363 485 I MediaCodecsXmlParser: Did not find media_codecs_performance_c2.xml in search path
06-04 18:04:47.932 363 485 D MediaCodecsXmlParser: parsing /vendor/etc/media_codecs.xml...
06-04 18:04:47.933 363 485 D MediaCodecsXmlParser: parsing /vendor/etc/media_codecs_google_audio.xml...
06-04 18:04:47.933 363 485 D MediaCodecsXmlParser: unable to open media codecs configuration xml file: /vendor/etc/media_codecs_google_audio.xml
06-04 18:04:47.933 363 485 D MediaCodecsXmlParser: Setting: updating existing setting at line 97 of /vendor/etc/media_codecs.xml
06-04 18:04:47.935 363 485 D MediaCodecsXmlParser: parsing /vendor/etc/media_codecs_google_video.xml...
06-04 18:04:47.935 363 485 D MediaCodecsXmlParser: unable to open media codecs configuration xml file: /vendor/etc/media_codecs_google_video.xml
06-04 18:04:47.936 363 485 D MediaCodecsXmlParser: parsing /vendor/etc/media_codecs_performance.xml...
06-04 18:04:47.936 363 485 D MediaCodecsXmlParser: MediaCodec: cannot update non-existing codec: OMX.google.h264.encoder at line 25 of /vendor/etc/media_codecs_performance.xml
06-04 18:04:47.936 363 485 D MediaCodecsXmlParser: MediaCodec: cannot update non-existing codec: OMX.google.h263.encoder at line 31 of /vendor/etc/media_codecs_performance.xml
06-04 18:04:47.936 363 485 D MediaCodecsXmlParser: MediaCodec: cannot update non-existing codec: OMX.google.mpeg4.encoder at line 34 of /vendor/etc/media_codecs_performance.xml
06-04 18:04:47.936 363 485 D MediaCodecsXmlParser: MediaCodec: cannot update non-existing codec: OMX.google.vp8.encoder at line 37 of /vendor/etc/media_codecs_performance.xml
06-04 18:04:47.936 363 485 D MediaCodecsXmlParser: MediaCodec: cannot update non-existing codec: OMX.allwinner.video.decoder.h263 at line 59 of /vendor/etc/media_codecs_performance.xml
06-04 18:04:47.936 363 485 D MediaCodecsXmlParser: MediaCodec: cannot update non-existing codec: OMX.google.mpeg4.decoder at line 80 of /vendor/etc/media_codecs_performance.xml
06-04 18:04:47.937 363 485 D MediaCodecsXmlParser: MediaCodec: cannot update non-existing codec: OMX.google.h264.decoder at line 83 of /vendor/etc/media_codecs_performance.xml
06-04 18:04:47.937 363 485 D MediaCodecsXmlParser: MediaCodec: cannot update non-existing codec: OMX.google.h263.decoder at line 89 of /vendor/etc/media_codecs_performance.xml
06-04 18:04:47.937 363 485 D MediaCodecsXmlParser: MediaCodec: cannot update non-existing codec: OMX.google.hevc.decoder at line 93 of /vendor/etc/media_codecs_performance.xml
06-04 18:04:47.937 363 485 D MediaCodecsXmlParser: MediaCodec: cannot update non-existing codec: OMX.google.vp8.decoder at line 101 of /vendor/etc/media_codecs_performance.xml
06-04 18:04:47.937 363 485 D MediaCodecsXmlParser: MediaCodec: cannot update non-existing codec: OMX.google.vp9.decoder at line 107 of /vendor/etc/media_codecs_performance.xml
06-04 18:04:47.937 363 485 I MediaCodecsXmlParser: Did not find media_codecs_shaping.xml in search path
06-04 18:04:47.937 363 485 I MediaCodecsXmlParser: Did not find media_codecs_shaping.xml in search path
06-04 18:04:47.938 389 389 V C2Store : in init
06-04 18:04:47.938 389 389 V C2Store : loading dll
06-04 18:04:47.943 468 468 D SystemServerTiming: showSystemReadyErrorDialogs took to complete: 131ms
06-04 18:04:47.943 468 468 I SystemServerTiming: sendUserStartBroadcast
06-04 18:04:47.943 363 485 I Codec2InfoBuilder: adding type 'audio/mp4a-latm'
06-04 18:04:47.944 468 468 D SystemServerTiming: sendUserStartBroadcast took to complete: 0ms
06-04 18:04:47.944 468 468 I SystemServerTiming: resumeTopActivities
06-04 18:04:47.946 468 468 D SystemServerTiming: resumeTopActivities took to complete: 2ms
06-04 18:04:47.946 468 468 I SystemServerTiming: sendUserSwitchBroadcasts
06-04 18:04:47.947 468 468 D SystemServerTiming: sendUserSwitchBroadcasts took to complete: 0ms
06-04 18:04:47.947 468 468 I SystemServerTiming: setBinderProxies
06-04 18:04:47.947 468 468 D SystemServerTiming: setBinderProxies took to complete: 1ms
06-04 18:04:47.947 468 468 D SystemServerTiming: ActivityManagerStartApps took to complete: 406ms
06-04 18:04:47.947 468 468 D SystemServerTiming: PhaseActivityManagerReady took to complete: 987ms
06-04 18:04:47.948 468 496 I ActivityManager: Process WebViewLoader-armeabi-v7a (pid 704) has died: psvc PER
06-04 18:04:47.948 468 468 I SystemServerTiming: StartSystemUI
06-04 18:04:47.948 468 532 I libprocessgroup: Successfully killed process cgroup uid 1037 pid 704 in 0ms
06-04 18:04:47.951 246 299 I netd : trafficSwapActiveStatsMap() <28.05ms>
06-04 18:04:47.955 468 537 W KernelCpuProcStringReader: File not found. It's normal if not implemented: /proc/uid_time_in_state
06-04 18:04:47.955 389 432 V C2Store : in init
06-04 18:04:47.956 389 432 V C2Store : loading dll
06-04 18:04:47.956 246 299 I netd : tetherGetStats() -> {[]} <2.66ms>
06-04 18:04:47.957 468 531 W ActivityManager: Slow operation: 325ms so far, now at startProcess: done updating battery stats
06-04 18:04:47.957 468 531 W ActivityManager: Slow operation: 325ms so far, now at startProcess: building log message
06-04 18:04:47.957 468 531 I ActivityManager: app.processName = com.android.se
06-04 18:04:47.957 468 531 I ActivityManager: Start proc 788:com.android.se/1068 for added application com.android.se
06-04 18:04:47.957 468 531 W ActivityManager: Slow operation: 325ms so far, now at startProcess: starting to update pids map
06-04 18:04:47.957 468 531 W ActivityManager: Slow operation: 325ms so far, now at startProcess: done updating pids map
06-04 18:04:47.958 468 537 W KernelCpuProcStringReader: File not found. It's normal if not implemented: /proc/uid_concurrent_active_time
06-04 18:04:47.958 468 537 W KernelCpuProcStringReader: File not found. It's normal if not implemented: /proc/uid_concurrent_policy_time
06-04 18:04:47.958 468 529 W BestClock: java.time.DateTimeException: Missing NTP fix
06-04 18:04:47.959 468 537 E KernelCpuSpeedReader: Failed to read cpu-freq: /sys/devices/system/cpu/cpu0/cpufreq/stats/time_in_state: open failed: ENOENT (No such file or directory)
06-04 18:04:47.959 468 537 E system_server: Cannot read thread CPU times for PID 468
06-04 18:04:47.959 468 748 D CompatibilityChangeReporter: Compat change id reported: 168419799; UID 1068; state: DISABLED
06-04 18:04:47.960 389 433 V C2Store : in ~ComponentModule
06-04 18:04:47.961 389 433 V C2Store : unloading dll
06-04 18:04:47.964 468 529 W BestClock: java.time.DateTimeException: Missing NTP fix
06-04 18:04:47.967 363 485 I Codec2InfoBuilder: adding type 'audio/mp4a-latm'
06-04 18:04:47.973 788 788 D CompatibilityChangeReporter: Compat change id reported: 171979766; UID 1068; state: ENABLED
06-04 18:04:47.977 468 520 I ActivityManager: com.android.tv.settings is exempt from freezer
06-04 18:04:47.978 468 520 D CompatibilityChangeReporter: Compat change id reported: 135634846; UID 1000; state: DISABLED
06-04 18:04:47.981 468 619 D ConnectivityService: Got NetworkProvider Messenger for VpnNetworkProvider:0
06-04 18:04:47.986 246 299 I netd : trafficSwapActiveStatsMap() <20.83ms>
06-04 18:04:47.992 246 299 I netd : tetherGetStats() -> {[]} <2.69ms>
06-04 18:04:47.993 468 610 W BestClock: java.time.DateTimeException: Missing NTP fix
06-04 18:04:47.995 468 529 W BestClock: java.time.DateTimeException: Missing NTP fix
06-04 18:04:47.995 247 247 D Zygote : Forked child process 816
06-04 18:04:47.998 468 529 W BestClock: java.time.DateTimeException: Missing NTP fix
06-04 18:04:47.999 468 610 W BestClock: java.time.DateTimeException: Missing NTP fix
06-04 18:04:48.003 816 816 I Zygote : seccomp disabled by setenforce 0
06-04 18:04:48.005 468 520 I InputManager: Enabling motion classifier because user switched: feature enabled, long press timeout = 400
06-04 18:04:48.005 468 520 I InputClassifier: Enabling motion classifier
06-04 18:04:48.007 185 185 I hwservicemanager: getTransport: Cannot find entry android.hardware.input.classifier@1.0::IInputClassifier/default in either framework or device VINTF manifest.
06-04 18:04:48.009 668 668 D AdapterState: make() - Creating AdapterState
06-04 18:04:48.012 468 817 I InputClassifier: Could not obtain InputClassifier HAL
06-04 18:04:48.012 468 610 W BestClock: java.time.DateTimeException: Missing NTP fix
06-04 18:04:48.013 468 610 W BestClock: java.time.DateTimeException: Missing NTP fix
06-04 18:04:48.014 468 610 W BestClock: java.time.DateTimeException: Missing NTP fix
06-04 18:04:48.014 389 389 V C2Store : in init
06-04 18:04:48.014 389 432 V C2Store : in ~ComponentModule
06-04 18:04:48.014 389 389 V C2Store : loading dll
06-04 18:04:48.014 389 432 V C2Store : unloading dll
06-04 18:04:48.017 468 531 I ActivityManager: app.processName = com.android.tv.settings
