06-04 18:10:48.563 381 381 I : Error: set vsif failed
06-04 18:10:48.568 381 381 I : DVI mode selected: packets not configured
06-04 18:10:48.574 381 381 I : Error: set vsif failed
06-05 09:35:41.383 468 519 W IorapForwardingService: No service published for: iorapd
06-04 18:10:49.225 381 381 I : DVI mode selected: packets not configured
06-04 18:10:49.232 381 381 I : Error: set vsif failed
06-04 18:10:49.237 381 381 I : DVI mode selected: packets not configured
06-04 18:10:49.244 381 381 I : Error: set vsif failed
06-05 09:35:42.385 468 519 W IorapForwardingService: No service published for: iorapd
06-05 09:35:42.655 468 988 W ZramWriteback: Writeback device is not set
06-05 09:35:42.655 468 988 D ZramWriteback: wait to flush
06-05 09:35:43.323 663 663 E WifiHAL : wifi_get_link_stats: requestResponse Error:-5
06-05 09:35:43.324 468 612 E WifiVendorHal: getWifiLinkLayerStats_1_5_Internal(l.1191) failed {.code = ERROR_INVALID_ARGS, .description = }
06-05 09:35:43.387 468 519 W IorapForwardingService: No service published for: iorapd
06-05 09:35:43.423 1123 1123 D aaa : LedStatusService onStartCommand begin
06-05 09:35:43.424 1123 3563 D aaa : topPkg is -------------- :com.dangbei.leard.leradlauncher
06-05 09:35:43.426 1123 3563 D aaa : WiFi is connect
06-05 09:35:43.427 1174 1174 D bbb : onStartCommand begin !!!!!!! data分区剩余 24849MB
06-05 09:35:43.581 1994 2115 D UtilLog : 日志批量上报 进行正常循环 !!!!!!本次有0次请求,共0条数据
06-05 09:35:43.729 2952 3019 D nStackXCoAP: IsInSameNetwork:[276] :IsInSameNetwork exec
06-05 09:35:43.729 2952 3019 I nStackXDFinder: GetLocalInterfaceDetail:[461] :GetLocalInterfaceDetail in
06-05 09:35:43.729 2952 3019 E nStackXCoAP: IsInSameNetwork:[281] :IsInSameNetwork: not priority process
06-05 09:35:43.729 2952 3019 D nStackXCoAP: ParseServiceDiscover:[330] :new device join
06-05 09:35:43.730 2952 3019 I nStackXDFinder: NotifyDeviceListChanged:[540] :notify callback: device list changed callback is null
06-05 09:35:43.730 2952 3019 E nStackXDFinder: GetLocalIp:[401] :GetLocalIp exec
06-05 09:35:43.824 2952 3019 D nStackXCoAP: IsInSameNetwork:[276] :IsInSameNetwork exec
06-05 09:35:43.824 2952 3019 I nStackXDFinder: GetLocalInterfaceDetail:[461] :GetLocalInterfaceDetail in
06-05 09:35:43.824 2952 3019 E nStackXCoAP: IsInSameNetwork:[281] :IsInSameNetwork: not priority process
06-05 09:35:43.824 2952 3019 D nStackXCoAP: ParseServiceDiscover:[330] :new device join
06-05 09:35:43.825 2952 3019 E nStackXDFinder: GetLocalIp:[401] :GetLocalIp exec
06-05 09:35:44.030 2952 3019 D nStackXCoAP: IsInSameNetwork:[276] :IsInSameNetwork exec
06-05 09:35:44.030 2952 3019 I nStackXDFinder: GetLocalInterfaceDetail:[461] :GetLocalInterfaceDetail in
06-05 09:35:44.030 2952 3019 E nStackXCoAP: IsInSameNetwork:[281] :IsInSameNetwork: not priority process
06-05 09:35:44.030 2952 3019 D nStackXCoAP: ParseServiceDiscover:[330] :new device join
06-05 09:35:44.030 2952 3019 E nStackXDFinder: GetLocalIp:[401] :GetLocalIp exec
06-05 09:35:44.338 2952 3019 D nStackXCoAP: IsInSameNetwork:[276] :IsInSameNetwork exec
06-05 09:35:44.338 2952 3019 I nStackXDFinder: GetLocalInterfaceDetail:[461] :GetLocalInterfaceDetail in
06-05 09:35:44.338 2952 3019 E nStackXCoAP: IsInSameNetwork:[281] :IsInSameNetwork: not priority process
06-05 09:35:44.338 2952 3019 D nStackXCoAP: ParseServiceDiscover:[330] :new device join
06-05 09:35:44.338 2952 3019 E nStackXDFinder: GetLocalIp:[401] :GetLocalIp exec
06-05 09:35:44.389 468 519 W IorapForwardingService: No service published for: iorapd
06-05 09:35:45.187 2952 3019 D nStackXCoAP: IsInSameNetwork:[276] :IsInSameNetwork exec
06-05 09:35:45.187 2952 3019 I nStackXDFinder: GetLocalInterfaceDetail:[461] :GetLocalInterfaceDetail in
06-05 09:35:45.187 2952 3019 E nStackXCoAP: IsInSameNetwork:[281] :IsInSameNetwork: not priority process
06-05 09:35:45.187 2952 3019 D nStackXCoAP: ParseServiceDiscover:[330] :new device join
06-05 09:35:45.189 2952 3019 E nStackXDFinder: GetLocalIp:[401] :GetLocalIp exec
06-05 09:35:45.391 468 519 W IorapForwardingService: No service published for: iorapd
06-05 09:35:45.512 1994 2121 I TDLog : [APP] New data found, Submitting...
06-05 09:35:45.539 1994 2121 I TDLog : [APP] Failed to submit data!
06-05 09:35:45.772 2952 3019 D nStackXCoAP: IsInSameNetwork:[276] :IsInSameNetwork exec
06-05 09:35:45.777 2952 3019 I nStackXDFinder: GetLocalInterfaceDetail:[461] :GetLocalInterfaceDetail in
06-05 09:35:45.778 2952 3019 E nStackXCoAP: IsInSameNetwork:[281] :IsInSameNetwork: not priority process
06-05 09:35:45.778 2952 3019 D nStackXCoAP: ParseServiceDiscover:[330] :new device join
06-05 09:35:45.779 2952 3019 E nStackXDFinder: GetLocalIp:[401] :GetLocalIp exec
06-04 18:10:53.247 381 381 W hdr10p_Configure: 182 callbacks suppressed
06-04 18:10:53.247 381 381 I : DVI mode selected: packets not configured
06-04 18:10:53.260 381 381 W set_vsif_config: 182 callbacks suppressed
06-04 18:10:53.260 381 381 I : Error: set vsif failed
06-04 18:10:53.272 381 381 I : DVI mode selected: packets not configured
06-04 18:10:53.279 381 381 I : Error: set vsif failed
06-04 18:10:53.296 381 381 I : DVI mode selected: packets not configured
06-04 18:10:53.302 381 381 I : Error: set vsif failed
06-04 18:10:53.307 381 381 I : DVI mode selected: packets not configured
06-04 18:10:53.314 381 381 I : Error: set vsif failed
06-04 18:10:53.330 381 381 I : DVI mode selected: packets not configured
06-04 18:10:53.336 381 381 I : Error: set vsif failed
06-04 18:10:53.341 381 381 I : DVI mode selected: packets not configured
06-04 18:10:53.348 381 381 I : Error: set vsif failed
06-04 18:10:53.362 381 381 I : DVI mode selected: packets not configured
06-04 18:10:53.368 381 381 I : Error: set vsif failed
06-04 18:10:53.373 381 381 I : DVI mode selected: packets not configured
06-04 18:10:53.380 381 381 I : Error: set vsif failed
06-04 18:10:53.395 381 381 I : DVI mode selected: packets not configured
06-04 18:10:53.401 381 381 I : Error: set vsif failed
06-04 18:10:53.406 381 381 I : DVI mode selected: packets not configured
06-04 18:10:53.413 381 381 I : Error: set vsif failed
06-05 09:35:46.069 1031 1204 E ccc : cccccc sendCycleCheckBroadcast
06-05 09:35:46.069 1031 1204 W ContextImpl: Calling a method in the system process without a qualified user: android.app.ContextImpl.sendBroadcast:1173 android.content.ContextWrapper.sendBroadcast:479 com.dangbei.etna.setting.core.SettingHelper.sendCycleToProjector:250 com.dangbei.etna.setting.core.SettingHelper.sendCycleCheckBroadcast:219 com.dangbei.etna.setting.core.SettingHelper.startLoop$lambda-0:177
06-05 09:35:46.072 1031 1204 W ContextImpl: Calling a method in the system process without a qualified user: android.app.ContextImpl.sendBroadcast:1173 android.content.ContextWrapper.sendBroadcast:479 com.dangbei.etna.setting.core.SettingHelper.sendCycleToVoice:235 com.dangbei.etna.setting.core.SettingHelper.sendCycleCheckBroadcast:220 com.dangbei.etna.setting.core.SettingHelper.startLoop$lambda-0:177
06-05 09:35:46.076 468 814 E ActivityManager: Sending non-protected broadcast com.dangbei.etna.setting.action_cycle_check_broadcast from system 1031:com.dangbei.lerad.etna.haqu/1000 pkg com.dangbei.lerad.etna.haqu
06-05 09:35:46.076 468 814 E ActivityManager: java.lang.Throwable
06-05 09:35:46.076 468 814 E ActivityManager: at com.android.server.am.ActivityManagerService.checkBroadcastFromSystem(ActivityManagerService.java:12816)
06-05 09:35:46.076 468 814 E ActivityManager: at com.android.server.am.ActivityManagerService.broadcastIntentLocked(ActivityManagerService.java:13513)
06-05 09:35:46.076 468 814 E ActivityManager: at com.android.server.am.ActivityManagerService.broadcastIntentLocked(ActivityManagerService.java:12833)
06-05 09:35:46.076 468 814 E ActivityManager: at com.android.server.am.ActivityManagerService.broadcastIntentWithFeature(ActivityManagerService.java:13670)
06-05 09:35:46.076 468 814 E ActivityManager: at android.app.IActivityManager$Stub.onTransact(IActivityManager.java:2326)
06-05 09:35:46.076 468 814 E ActivityManager: at com.android.server.am.ActivityManagerService.onTransact(ActivityManagerService.java:2509)
06-05 09:35:46.076 468 814 E ActivityManager: at android.os.Binder.execTransactInternal(Binder.java:1179)
06-05 09:35:46.076 468 814 E ActivityManager: at android.os.Binder.execTransact(Binder.java:1143)
06-05 09:35:46.082 468 530 I DropBoxManagerService: add tag=system_server_wtf isTagEnabled=true flags=0x2
06-05 09:35:46.086 1197 1197 D RockyVoice: RestartReceiver onReceive
06-05 09:35:46.179 2952 3019 D nStackXCoAP: IsInSameNetwork:[276] :IsInSameNetwork exec
06-05 09:35:46.179 2952 3019 I nStackXDFinder: GetLocalInterfaceDetail:[461] :GetLocalInterfaceDetail in
06-05 09:35:46.179 2952 3019 E nStackXCoAP: IsInSameNetwork:[281] :IsInSameNetwork: not priority process
06-05 09:35:46.179 2952 3019 D nStackXCoAP: ParseServiceDiscover:[330] :new device join
06-05 09:35:46.179 2952 3019 E nStackXDFinder: GetLocalIp:[401] :GetLocalIp exec
06-05 09:35:46.335 663 663 E WifiHAL : wifi_get_link_stats: requestResponse Error:-5
06-05 09:35:46.337 468 612 E WifiVendorHal: getWifiLinkLayerStats_1_5_Internal(l.1191) failed {.code = ERROR_INVALID_ARGS, .description = }
06-05 09:35:46.394 468 519 W IorapForwardingService: No service published for: iorapd
06-05 09:35:46.775 1031 1190 E dangbei111: cccccc 检查遥控器是否连接: Dangbei E4:BB:D3:57:C0:7D
06-05 09:35:46.777 1031 1190 E dangbei111: cccccc 检查遥控器是否连接: 蓝牙的结果 Dangbei E4:BB:D3:57:C0:7D true
06-05 09:35:46.777 1031 1190 E dangbei111: cccccc 确实有遥控器 存在 取消check任务
06-05 09:35:46.777 1031 1190 E dangbei111: cccccc rc is connected, stop scan =E4:BB:D3:57:C0:7D
06-05 09:35:46.799 2952 3019 D nStackXCoAP: IsInSameNetwork:[276] :IsInSameNetwork exec
06-05 09:35:46.799 2952 3019 I nStackXDFinder: GetLocalInterfaceDetail:[461] :GetLocalInterfaceDetail in
06-05 09:35:46.799 2952 3019 E nStackXCoAP: IsInSameNetwork:[281] :IsInSameNetwork: not priority process
06-05 09:35:46.799 2952 3019 D nStackXCoAP: ParseServiceDiscover:[330] :new device join
06-05 09:35:46.799 2952 3019 E nStackXDFinder: GetLocalIp:[401] :GetLocalIp exec
06-05 09:35:46.830 267 300 D hdmi-cec: receive invalid cec message!
06-05 09:35:46.830 267 300 D hdmi-cec: receive poll message [04], skip!
06-05 09:35:46.891 468 814 I ActivityStarter: ---START u0 {dat=haqu://setting:8080/home flg=0x10000000 pkg=com.dangbei.haqusetting cmp=com.dangbei.haqusetting/.ui.HomeActivity} from uid 1000
06-05 09:35:46.893 468 814 W ActivityTaskManager: Can't find TaskDisplayArea to determine support for multi window. Task id=78 attached=false
06-05 09:35:46.905 266 266 I AW_PowerHAL: Power setMode: LAUNCH to: 1
06-05 09:35:46.927 468 2196 W ActivityTaskManager: Tried to set launchTime (0) < mLastActivityLaunchTime (102325)
06-05 09:35:46.927 468 2196 D AW_CODE : rotation =0
06-05 09:35:46.935 266 266 I AW_PowerHAL: cur-mode:LAUNCH
06-05 09:35:46.943 1074 1256 W SQLiteLog: (28) double-quoted string literal: "
06-05 09:35:46.943 1074 1256 W SQLiteLog: (28) double-quoted string literal: "4C89C7CB6388A82B4D67057A099CB892"
06-05 09:35:46.967 1031 1195 E ccc : cccccc UpdateHelper onMessageReceived com.dangbei.haqusetting com.dangbei.etna.update {"action":"get","functionTag":"leaf_controller_function_controller_dangbei_update","value":0} com.dangbei.lerad.etna.aidl.IEtnaAidlCallback$Stub$Proxy@33128ce
06-05 09:35:46.967 1031 1195 E ccc : cccccc 缓存获取遥控器版本 DB-15B-H5-R0111
06-05 09:35:46.972 1490 1695 I bt_btif_config: system/bt/btif/src/btif_config.cc:137 btif_get_device_type: Device [e4:bb:d3:57:c0:7d] device type 2
06-05 09:35:46.972 1031 1054 D BluetoothGatt: discoverServices() - device: E4:BB:D3:57:C0:7D
06-05 09:35:46.973 1490 1776 I bt_stack: [INFO:connection_manager.cc(104)] App id=0x06already doing background connection to e4:bb:d3:57:c0:7d
06-05 09:35:46.974 1031 1054 E ccc : cccccc 请求电量实时 88
06-05 09:35:46.975 1490 1695 I bt_bta_gattc: system/bt/bta/gatt/bta_gattc_cache.cc:902 bta_gattc_get_gatt_db: bta_gattc_get_gatt_db
06-05 09:35:46.978 1031 1054 D BluetoothGatt: onSearchComplete() = Device=E4:BB:D3:57:C0:7D Status=0
06-05 09:35:46.980 253 263 E bt_upio : upio_set : /proc/bluetooth/sleep/btwrite(-1) incorrent
06-05 09:35:46.987 260 285 I gralloc : alloc buffer:W:1920 H:1080 S:1920 PL[1920 1080] SZ:8294400 fmt:1 if:0 af:1 usg:20000b00 fg:00000004
06-05 09:35:46.990 260 260 I gralloc : alloc buffer:W:1920 H:1080 S:1920 PL[1920 1080] SZ:8294400 fmt:1 if:0 af:1 usg:20000b00 fg:00000004
06-05 09:35:46.992 260 260 I gralloc : alloc buffer:W:1920 H:1080 S:1920 PL[1920 1080] SZ:8294400 fmt:1 if:0 af:1 usg:20000b00 fg:00000004
06-05 09:35:47.007 2544 2544 W RecyclerView: No adapter attached; skipping layout
06-05 09:35:47.013 266 266 I AW_PowerHAL: Power setMode: LAUNCH to: 0
06-05 09:35:47.018 266 266 I AW_PowerHAL: cur-mode:SCHEDUTIL
06-05 09:35:47.034 468 516 I ActivityTaskManager: +++Displayed com.dangbei.haqusetting/.ui.HomeActivity: +111ms
06-05 09:35:47.036 2295 2295 I DefaultIMS: onStartInput attribute=android.view.inputmethod.EditorInfo@e2d8ff8 restarting=false inputType: 0
06-05 09:35:47.053 682 682 D TvPipController: onTaskStackChanged()
06-05 09:35:47.207 468 490 I system_server: Background young concurrent copying GC freed 233569(9151KB) AllocSpace objects, 94(1912KB) LOS objects, 46% free, 12MB/23MB, paused 861us total 170.589ms
06-05 09:35:47.215 468 492 W System : A resource failed to call release.
06-05 09:35:47.215 468 492 W System : A resource failed to call close.
06-05 09:35:47.220 2952 3019 D nStackXCoAP: IsInSameNetwork:[276] :IsInSameNetwork exec
06-05 09:35:47.220 2952 3019 I nStackXDFinder: GetLocalInterfaceDetail:[461] :GetLocalInterfaceDetail in
06-05 09:35:47.220 2952 3019 E nStackXCoAP: IsInSameNetwork:[281] :IsInSameNetwork: not priority process
06-05 09:35:47.220 2952 3019 D nStackXCoAP: ParseServiceDiscover:[330] :new device join
06-05 09:35:47.220 2952 3019 E nStackXDFinder: GetLocalIp:[401] :GetLocalIp exec
06-05 09:35:47.278 1031 1054 E ccc : cccccc UpdateHelper onMessageReceived com.dangbei.haqusetting com.dangbei.etna.update {"action":"get","functionTag":"leaf_controller_function_controller_dangbei_update","value":0} com.dangbei.lerad.etna.aidl.IEtnaAidlCallback$Stub$Proxy@3edbefc
06-05 09:35:47.279 1031 1054 E ccc : cccccc 缓存获取遥控器版本 DB-15B-H5-R0111
06-05 09:35:47.279 1031 1195 E ccc : cccccc 请求电量缓存 88
06-05 09:35:47.333 468 2196 D ConnectivityService: requestNetwork for uid/pid:1000/2544 activeRequest: null callbackRequest: 39 [NetworkRequest [ REQUEST id=40, [ Capabilities: INTERNET&NOT_RESTRICTED&TRUSTED&NOT_VCN_MANAGED Uid: 1000 RequestorUid: 1000 RequestorPkg: com.dangbei.haqusetting] ]] callback flags: 0 priority: 2147483647
06-05 09:35:47.335 468 619 D ConnectivityService: NetReassign [40 : null → 100]
06-05 09:35:47.340 2295 2295 I DefaultIMS: onStartInput attribute=android.view.inputmethod.EditorInfo@d140cd1 restarting=false inputType: 0
06-05 09:35:47.344 468 654 D Ethernet: got request NetworkRequest [ REQUEST id=40, [ Capabilities: INTERNET&NOT_RESTRICTED&TRUSTED&NOT_VCN_MANAGED Uid: 1000 RequestorUid: 1000 RequestorPkg: com.dangbei.haqusetting] ]
06-05 09:35:47.344 468 654 D EthernetNetworkFactory: acceptRequest, request: NetworkRequest [ REQUEST id=40, [ Capabilities: INTERNET&NOT_RESTRICTED&TRUSTED&NOT_VCN_MANAGED Uid: 1000 RequestorUid: 1000 RequestorPkg: com.dangbei.haqusetting] ]
06-05 09:35:47.345 468 654 I EthernetNetworkFactory: networkForRequest, request: NetworkRequest [ REQUEST id=40, [ Capabilities: INTERNET&NOT_RESTRICTED&TRUSTED&NOT_VCN_MANAGED Uid: 1000 RequestorUid: 1000 RequestorPkg: com.dangbei.haqusetting] ], network: null
06-05 09:35:47.345 468 612 D WifiNetworkFactory: got request NetworkRequest [ REQUEST id=40, [ Capabilities: INTERNET&NOT_RESTRICTED&TRUSTED&NOT_VCN_MANAGED Uid: 1000 RequestorUid: 1000 RequestorPkg: com.dangbei.haqusetting] ]
06-05 09:35:47.345 468 612 D UntrustedWifiNetworkFactory: got request NetworkRequest [ REQUEST id=40, [ Capabilities: INTERNET&NOT_RESTRICTED&TRUSTED&NOT_VCN_MANAGED Uid: 1000 RequestorUid: 1000 RequestorPkg: com.dangbei.haqusetting] ]
06-05 09:35:47.346 468 612 D OemPaidWifiNetworkFactory: got request NetworkRequest [ REQUEST id=40, [ Capabilities: INTERNET&NOT_RESTRICTED&TRUSTED&NOT_VCN_MANAGED Uid: 1000 RequestorUid: 1000 RequestorPkg: com.dangbei.haqusetting] ]
06-05 09:35:47.394 468 519 W IorapForwardingService: No service published for: iorapd
06-05 09:35:47.507 261 298 D DisplayConfig: virtual Return vendor::display::config::V1_0::implementation::DisplayConfig::getSupportedModes(int32_t, vendor::display::config::V1_0::IDisplayConfig::getSupportedModes_cb): display[0] ret=0, supported modes count(9)
06-05 09:35:47.508 261 298 E displayd: xxxxxxx: property_get 'persist.sys.hdmistrategy' failed
06-05 09:35:47.508 261 298 W displayd: xxxxxxx: getHDMINativeMode: use perfect hdmi mode(10) as native mode
06-05 09:35:47.509 1031 2592 D DisplayOutputImpl: getDisplayOutputMode = 10 , 255 , true
06-05 09:35:47.509 1031 2592 E ccc : cccccc current is AUTO(1080p 60Hz)
06-05 09:35:47.509 1031 2592 D DisplayOutputImpl: updateSupportModes type = 4
06-05 09:35:47.510 261 298 D DisplayConfig: virtual Return vendor::display::config::V1_0::implementation::DisplayConfig::getSupportedModes(int32_t, vendor::display::config::V1_0::IDisplayConfig::getSupportedModes_cb): display[0] ret=0, supported modes count(9)
06-05 09:35:47.510 261 298 D DisplayConfig: virtual Return vendor::display::config::V1_0::implementation::DisplayConfig::getSupportedModes(int32_t, vendor::display::config::V1_0::IDisplayConfig::getSupportedModes_cb): display[0] ret=0, supported modes count(9)
06-05 09:35:47.511 261 298 E displayd: xxxxxxx: property_get 'persist.sys.hdmistrategy' failed
06-05 09:35:47.512 261 298 W displayd: xxxxxxx: getHDMINativeMode: use perfect hdmi mode(10) as native mode
06-05 09:35:47.512 1031 2592 D DisplayOutputImpl: updateSupportModes = 10 , 255 , true
06-05 09:35:47.514 1031 2592 E ccc : cccccc ColorHelper current get AUTO
06-05 09:35:47.517 261 298 D DisplayConfig: virtual Return vendor::display::config::V1_0::implementation::DisplayConfig::getSupportedModes(int32_t, vendor::display::config::V1_0::IDisplayConfig::getSupportedModes_cb): display[0] ret=0, supported modes count(9)
06-05 09:35:47.518 261 298 E displayd: xxxxxxx: property_get 'persist.sys.hdmistrategy' failed
06-05 09:35:47.519 261 298 W displayd: xxxxxxx: getHDMINativeMode: use perfect hdmi mode(10) as native mode
06-05 09:35:47.519 1031 2592 D DisplayOutputImpl: getDisplayOutputMode = 10 , 255 , true
06-05 09:35:47.519 1031 2592 E ccc : cccccc current is AUTO(1080p 60Hz)
06-05 09:35:47.519 1031 2592 D DisplayOutputImpl: updateSupportModes type = 4
06-05 09:35:47.520 261 298 D DisplayConfig: virtual Return vendor::display::config::V1_0::implementation::DisplayConfig::getSupportedModes(int32_t, vendor::display::config::V1_0::IDisplayConfig::getSupportedModes_cb): display[0] ret=0, supported modes count(9)
06-05 09:35:47.521 261 298 D DisplayConfig: virtual Return vendor::display::config::V1_0::implementation::DisplayConfig::getSupportedModes(int32_t, vendor::display::config::V1_0::IDisplayConfig::getSupportedModes_cb): display[0] ret=0, supported modes count(9)
06-05 09:35:47.522 261 298 E displayd: xxxxxxx: property_get 'persist.sys.hdmistrategy' failed
06-05 09:35:47.523 261 298 W displayd: xxxxxxx: getHDMINativeMode: use perfect hdmi mode(10) as native mode
06-05 09:35:47.523 1031 2592 D DisplayOutputImpl: updateSupportModes = 10 , 255 , true
06-05 09:35:47.525 1031 2592 E ccc : cccccc ColorHelper current get AUTO
06-05 09:35:47.716 2952 3019 D nStackXCoAP: IsInSameNetwork:[276] :IsInSameNetwork exec
06-05 09:35:47.717 2952 3019 I nStackXDFinder: GetLocalInterfaceDetail:[461] :GetLocalInterfaceDetail in
06-05 09:35:47.717 2952 3019 E nStackXCoAP: IsInSameNetwork:[281] :IsInSameNetwork: not priority process
06-05 09:35:47.717 2952 3019 D nStackXCoAP: ParseServiceDiscover:[330] :new device join
06-05 09:35:47.717 2952 3019 E nStackXDFinder: GetLocalIp:[401] :GetLocalIp exec
06-05 09:35:48.039 2807 2816 I gbei.screencas: Background young concurrent copying GC freed 39151(5636KB) AllocSpace objects, 0(0B) LOS objects, 44% free, 6833KB/12MB, paused 649us total 101.904ms
06-05 09:35:48.233 2952 3019 D nStackXCoAP: IsInSameNetwork:[276] :IsInSameNetwork exec
06-05 09:35:48.234 2952 3019 I nStackXDFinder: GetLocalInterfaceDetail:[461] :GetLocalInterfaceDetail in
06-05 09:35:48.234 2952 3019 E nStackXCoAP: IsInSameNetwork:[281] :IsInSameNetwork: not priority process
06-05 09:35:48.234 2952 3019 D nStackXCoAP: ParseServiceDiscover:[330] :new device join
06-05 09:35:48.234 2952 3019 E nStackXDFinder: GetLocalIp:[401] :GetLocalIp exec
06-05 09:35:48.396 468 519 W IorapForwardingService: No service published for: iorapd
06-05 09:35:49.357 663 663 E WifiHAL : wifi_get_link_stats: requestResponse Error:-5
06-05 09:35:49.360 468 612 E WifiVendorHal: getWifiLinkLayerStats_1_5_Internal(l.1191) failed {.code = ERROR_INVALID_ARGS, .description = }
06-05 09:35:49.399 468 519 W IorapForwardingService: No service published for: iorapd
06-05 09:35:50.401 468 519 W IorapForwardingService: No service published for: iorapd
06-05 09:35:50.590 253 1755 E bt_upio : upio_set : /proc/bluetooth/sleep/btwrite(-1) incorrent
06-04 18:10:58.253 381 381 W hdr10p_Configure: 239 callbacks suppressed
06-04 18:10:58.253 381 381 I : DVI mode selected: packets not configured
06-04 18:10:58.266 381 381 W set_vsif_config: 239 callbacks suppressed
06-04 18:10:58.266 381 381 I : Error: set vsif failed
06-04 18:10:58.278 381 381 I : DVI mode selected: packets not configured
06-04 18:10:58.285 381 381 I : Error: set vsif failed
06-04 18:10:58.289 381 381 I : DVI mode selected: packets not configured
06-04 18:10:58.296 381 381 I : Error: set vsif failed
06-04 18:10:58.312 381 381 I : DVI mode selected: packets not configured
06-04 18:10:58.319 381 381 I : Error: set vsif failed
06-04 18:10:58.324 381 381 I : DVI mode selected: packets not configured
06-04 18:10:58.331 381 381 I : Error: set vsif failed
06-04 18:10:58.335 381 381 I : DVI mode selected: packets not configured
06-04 18:10:58.342 381 381 I : Error: set vsif failed
06-05 09:35:51.011 468 1024 E TaskPersister: File error accessing recents directory (directory doesn't exist?).
06-04 18:10:58.364 381 381 I : DVI mode selected: packets not configured
06-04 18:10:58.370 381 381 I : Error: set vsif failed
06-04 18:10:58.375 381 381 I : DVI mode selected: packets not configured
06-04 18:10:58.382 381 381 I : Error: set vsif failed
06-04 18:10:58.387 381 381 I : DVI mode selected: packets not configured
06-04 18:10:58.394 381 381 I : Error: set vsif failed
06-04 18:10:58.412 381 381 I : DVI mode selected: packets not configured
06-04 18:10:58.419 381 381 I : Error: set vsif failed
06-05 09:35:51.403 468 519 W IorapForwardingService: No service published for: iorapd
06-05 09:35:51.496 1123 1123 D aaa : LedStatusService onStartCommand begin
06-05 09:35:51.499 1123 3587 D aaa : topPkg is -------------- :com.dangbei.haqusetting
06-05 09:35:51.500 1174 1174 D bbb : onStartCommand begin !!!!!!! data分区剩余 24849MB
06-05 09:35:52.376 663 663 E WifiHAL : wifi_get_link_stats: requestResponse Error:-5
06-05 09:35:52.378 468 612 E WifiVendorHal: getWifiLinkLayerStats_1_5_Internal(l.1191) failed {.code = ERROR_INVALID_ARGS, .description = }
06-05 09:35:52.406 468 519 W IorapForwardingService: No service published for: iorapd
06-05 09:35:53.409 468 519 W IorapForwardingService: No service published for: iorapd
06-05 09:35:53.554 1994 2115 D UtilLog : 日志批量上报 进行正常循环 !!!!!!本次有0次请求,共0条数据
06-05 09:35:54.410 468 519 W IorapForwardingService: No service published for: iorapd
06-05 09:35:55.392 663 663 E WifiHAL : wifi_get_link_stats: requestResponse Error:-5
06-05 09:35:55.395 468 612 E WifiVendorHal: getWifiLinkLayerStats_1_5_Internal(l.1191) failed {.code = ERROR_INVALID_ARGS, .description = }
06-05 09:35:55.412 468 519 W IorapForwardingService: No service published for: iorapd
06-05 09:35:56.088 2807 2816 I gbei.screencas: Background concurrent copying GC freed 72255(6340KB) AllocSpace objects, 0(0B) LOS objects, 49% free, 6141KB/11MB, paused 138us total 161.026ms
06-05 09:35:56.415 468 519 W IorapForwardingService: No service published for: iorapd
06-04 18:11:04.256 381 381 W hdr10p_Configure: 194 callbacks suppressed
06-04 18:11:04.256 381 381 I : DVI mode selected: packets not configured
06-04 18:11:04.270 381 381 W set_vsif_config: 194 callbacks suppressed
06-04 18:11:04.270 381 381 I : Error: set vsif failed
06-04 18:11:04.282 381 381 I : DVI mode selected: packets not configured
06-04 18:11:04.288 381 381 I : Error: set vsif failed
06-04 18:11:04.293 381 381 I : DVI mode selected: packets not configured
06-04 18:11:04.300 381 381 I : Error: set vsif failed
06-04 18:11:04.312 381 381 I : DVI mode selected: packets not configured
06-04 18:11:04.319 381 381 I : Error: set vsif failed
06-04 18:11:04.324 381 381 I : DVI mode selected: packets not configured
06-04 18:11:04.330 381 381 I : Error: set vsif failed
06-04 18:11:04.335 381 381 I : DVI mode selected: packets not configured
06-04 18:11:04.342 381 381 I : Error: set vsif failed
06-04 18:11:04.363 381 381 I : DVI mode selected: packets not configured
06-04 18:11:04.370 381 381 I : Error: set vsif failed
06-04 18:11:04.375 381 381 I : DVI mode selected: packets not configured
06-04 18:11:04.381 381 381 I : Error: set vsif failed
06-04 18:11:04.386 381 381 I : DVI mode selected: packets not configured
06-04 18:11:04.393 381 381 I : Error: set vsif failed
06-04 18:11:04.412 381 381 I : DVI mode selected: packets not configured
06-04 18:11:04.419 381 381 I : Error: set vsif failed
06-05 09:35:57.417 468 519 W IorapForwardingService: No service published for: iorapd
06-05 09:35:58.412 663 663 E WifiHAL : wifi_get_link_stats: requestResponse Error:-5
06-05 09:35:58.414 468 612 E WifiVendorHal: getWifiLinkLayerStats_1_5_Internal(l.1191) failed {.code = ERROR_INVALID_ARGS, .description = }
06-05 09:35:58.419 468 519 W IorapForwardingService: No service published for: iorapd
06-05 09:35:59.422 468 519 W IorapForwardingService: No service published for: iorapd
06-05 09:35:59.537 1123 1123 D aaa : LedStatusService onStartCommand begin
06-05 09:35:59.541 1123 3599 D aaa : topPkg is -------------- :com.dangbei.haqusetting
06-05 09:35:59.543 1174 1174 D bbb : onStartCommand begin !!!!!!! data分区剩余 24849MB
06-05 09:36:00.109 2295 2295 I DefaultIMS: onStartInput attribute=android.view.inputmethod.EditorInfo@8175336 restarting=false inputType: 0
06-05 09:36:00.307 468 2240 D TvWindowManager: key event key = KEYCODE_DPAD_LEFT down = true
06-05 09:36:00.313 468 599 D GpioService: mFlickerEnable = true
06-05 09:36:00.384 2295 2295 I SogouIME: onKeyDown: keyoCode=21
06-05 09:36:00.385 2295 2295 I DefaultIMS: onKeyDown: keyoCode=21
06-05 09:36:00.405 2295 2295 I DefaultIMS: onStartInput attribute=android.view.inputmethod.EditorInfo@f0d1237 restarting=false inputType: 0
06-05 09:36:00.405 468 2240 D TvWindowManager: key event key = KEYCODE_DPAD_LEFT down = false
06-05 09:36:00.410 2295 2295 I SogouIME: onKeyUp: keyoCode=21
06-05 09:36:00.410 2295 2295 I DefaultIMS: onKeyUp: keyoCode=21
06-05 09:36:00.427 468 519 W IorapForwardingService: No service published for: iorapd
06-05 09:36:01.401 2295 2295 I DefaultIMS: onStartInput attribute=android.view.inputmethod.EditorInfo@1a7b3a4 restarting=false inputType: 0
06-05 09:36:01.428 663 663 E WifiHAL : wifi_get_link_stats: requestResponse Error:-5
06-05 09:36:01.430 468 519 W IorapForwardingService: No service published for: iorapd
06-05 09:36:01.431 468 612 E WifiVendorHal: getWifiLinkLayerStats_1_5_Internal(l.1191) failed {.code = ERROR_INVALID_ARGS, .description = }
06-05 09:36:01.560 2544 3432 E xxxxxxxxxxxxx: ====>DZOH58251929088
06-05 09:36:01.565 2295 2295 I DefaultIMS: onStartInput attribute=android.view.inputmethod.EditorInfo@1fba50d restarting=false inputType: 0
06-05 09:36:01.581 2544 3432 D getEthernetMacAddr: getEthernetMacAddr use eth0
06-05 09:36:01.566 2544 2544 I RxCachedThreadS: type=1400 audit(0.0:1638): avc: denied { read } for name="address" dev="sysfs" ino=28343 scontext=u:r:system_app:s0 tcontext=u:object_r:sysfs:s0 tclass=file permissive=1
06-05 09:36:01.566 2544 2544 I RxCachedThreadS: type=1400 audit(0.0:1639): avc: denied { open } for path="/sys/devices/platform/unisoc_wifi/net/wlan1/address" dev="sysfs" ino=28343 scontext=u:r:system_app:s0 tcontext=u:object_r:sysfs:s0 tclass=file permissive=1
06-05 09:36:01.566 2544 2544 I RxCachedThreadS: type=1400 audit(0.0:1640): avc: denied { getattr } for path="/sys/devices/platform/unisoc_wifi/net/wlan1/address" dev="sysfs" ino=28343 scontext=u:r:system_app:s0 tcontext=u:object_r:sysfs:s0 tclass=file permissive=1
06-05 09:36:01.602 2807 2807 I cling--ap-8: type=1400 audit(0.0:1641): avc: denied { search } for name="net" dev="sysfs" ino=10442 scontext=u:r:platform_app:s0:c512,c768 tcontext=u:object_r:sysfs_net:s0 tclass=dir permissive=1 app=com.dangbei.screencast
06-05 09:36:01.857 267 300 D hdmi-cec: receive invalid cec message!
06-05 09:36:01.857 267 300 D hdmi-cec: receive poll message [04], skip!
06-04 18:11:09.736 2847 2847 W audit : audit_lost=1076 audit_rate_limit=5 audit_backlog_limit=64
06-05 09:36:02.374 2807 2807 I efs-base: type=1400 audit(0.0:1642): avc: denied { search } for name="com.dangbei.screencast" dev="mmcblk0p25" ino=892 scontext=u:r:platform_app:s0:c512,c768 tcontext=u:object_r:app_data_file:s0:c512,c768 tclass=dir permissive=1 app=com.dangbei.screencast
06-04 18:11:09.744 2847 2847 E audit : rate limit exceeded
06-05 09:36:02.432 468 519 W IorapForwardingService: No service published for: iorapd
06-04 18:11:09.796 381 381 W hdr10p_Configure: 512 callbacks suppressed
06-04 18:11:09.796 381 381 I : DVI mode selected: packets not configured
06-05 09:36:02.378 2807 2807 I efs-base: type=1400 audit(0.0:1643): avc: denied { getattr } for path="/data/user/0/com.dangbei.screencast/app_UApm/5fc60c21094d637f3130af19/ready" dev="mmcblk0p25" ino=2091 scontext=u:r:platform_app:s0:c512,c768 tcontext=u:object_r:app_data_file:s0:c512,c768 tclass=dir permissive=1 app=com.dangbei.screencast
06-04 18:11:09.820 381 381 W set_vsif_config: 512 callbacks suppressed
06-05 09:36:02.378 2807 2807 I efs-base: type=1400 audit(0.0:1644): avc: denied { read } for name="ready" dev="mmcblk0p25" ino=2091 scontext=u:r:platform_app:s0:c512,c768 tcontext=u:object_r:app_data_file:s0:c512,c768 tclass=dir permissive=1 app=com.dangbei.screencast
06-04 18:11:09.820 381 381 I : Error: set vsif failed
06-04 18:11:09.865 381 381 I : DVI mode selected: packets not configured
06-04 18:11:09.871 381 381 I : Error: set vsif failed
06-04 18:11:09.876 381 381 I : DVI mode selected: packets not configured
06-04 18:11:09.882 381 381 I : Error: set vsif failed
06-05 09:36:02.536 261 381 D sunxihwc: checkPerformance: PerfMonitor total[w]: 95 acquire: 0 submit: 92 release: 3
06-04 18:11:10.270 381 381 I : DVI mode selected: packets not configured
06-04 18:11:10.277 381 381 I : Error: set vsif failed
06-04 18:11:10.282 381 381 I : DVI mode selected: packets not configured
06-04 18:11:10.288 381 381 I : Error: set vsif failed
06-04 18:11:10.293 381 381 I : DVI mode selected: packets not configured
06-04 18:11:10.300 381 381 I : Error: set vsif failed
06-04 18:11:10.312 381 381 I : DVI mode selected: packets not configured
06-04 18:11:10.319 381 381 I : Error: set vsif failed
06-04 18:11:10.324 381 381 I : DVI mode selected: packets not configured
06-04 18:11:10.330 381 381 I : Error: set vsif failed
06-04 18:11:10.335 381 381 I : DVI mode selected: packets not configured
06-04 18:11:10.342 381 381 I : Error: set vsif failed
06-04 18:11:10.363 381 381 I : DVI mode selected: packets not configured
06-04 18:11:10.369 381 381 I : Error: set vsif failed
06-05 09:36:03.434 468 519 W IorapForwardingService: No service published for: iorapd
06-05 09:36:03.581 1994 2115 D UtilLog : 日志批量上报 进行正常循环 !!!!!!本次有0次请求,共0条数据
06-05 09:36:04.436 468 519 W IorapForwardingService: No service published for: iorapd
06-05 09:36:04.448 663 663 E WifiHAL : wifi_get_link_stats: requestResponse Error:-5
06-05 09:36:04.450 468 612 E WifiVendorHal: getWifiLinkLayerStats_1_5_Internal(l.1191) failed {.code = ERROR_INVALID_ARGS, .description = }
06-05 09:36:05.439 468 519 W IorapForwardingService: No service published for: iorapd
06-05 09:36:06.402 3603 3603 I dmesg : type=1400 audit(0.0:1646): avc: denied { syslog_read } for scontext=u:r:shell:s0 tcontext=u:r:kernel:s0 tclass=system permissive=1
06-05 09:36:06.442 468 519 W IorapForwardingService: No service published for: iorapd
06-05 09:36:07.445 468 519 W IorapForwardingService: No service published for: iorapd
06-05 09:36:07.466 663 663 E WifiHAL : wifi_get_link_stats: requestResponse Error:-5
06-05 09:36:07.468 468 612 E WifiVendorHal: getWifiLinkLayerStats_1_5_Internal(l.1191) failed {.code = ERROR_INVALID_ARGS, .description = }
06-05 09:36:07.585 1174 1174 D bbb : onStartCommand begin !!!!!!! data分区剩余 24849MB
06-05 09:36:07.592 1123 1123 D aaa : LedStatusService onStartCommand begin
06-05 09:36:07.595 1123 3613 D aaa : topPkg is -------------- :com.dangbei.haqusetting
06-05 09:36:08.446 468 519 W IorapForwardingService: No service published for: iorapd
06-04 18:11:16.281 381 381 W hdr10p_Configure: 200 callbacks suppressed
06-04 18:11:16.281 381 381 I : DVI mode selected: packets not configured
06-04 18:11:16.294 381 381 W set_vsif_config: 200 callbacks suppressed
06-04 18:11:16.294 381 381 I : Error: set vsif failed
06-04 18:11:16.306 381 381 I : DVI mode selected: packets not configured
06-04 18:11:16.312 381 381 I : Error: set vsif failed
06-04 18:11:16.317 381 381 I : DVI mode selected: packets not configured
06-04 18:11:16.324 381 381 I : Error: set vsif failed
06-04 18:11:16.345 381 381 I : DVI mode selected: packets not configured
06-04 18:11:16.351 381 381 I : Error: set vsif failed
06-04 18:11:16.356 381 381 I : DVI mode selected: packets not configured
06-04 18:11:16.363 381 381 I : Error: set vsif failed
06-04 18:11:16.368 381 381 I : DVI mode selected: packets not configured
06-04 18:11:16.374 381 381 I : Error: set vsif failed
06-04 18:11:16.396 381 381 I : DVI mode selected: packets not configured
06-04 18:11:16.402 381 381 I : Error: set vsif failed
06-04 18:11:16.407 381 381 I : DVI mode selected: packets not configured
06-04 18:11:16.414 381 381 I : Error: set vsif failed
06-04 18:11:16.418 381 381 I : DVI mode selected: packets not configured
06-04 18:11:16.425 381 381 I : Error: set vsif failed
06-04 18:11:16.445 381 381 I : DVI mode selected: packets not configured
06-04 18:11:16.452 381 381 I : Error: set vsif failed
06-05 09:36:09.449 468 519 W IorapForwardingService: No service published for: iorapd
06-05 09:36:10.453 468 519 W IorapForwardingService: No service published for: iorapd
06-05 09:36:10.485 663 663 E WifiHAL : wifi_get_link_stats: requestResponse Error:-5
06-05 09:36:10.488 468 612 E WifiVendorHal: getWifiLinkLayerStats_1_5_Internal(l.1191) failed {.code = ERROR_INVALID_ARGS, .description = }
06-05 09:36:11.454 468 519 W IorapForwardingService: No service published for: iorapd
06-05 09:36:12.457 468 519 W IorapForwardingService: No service published for: iorapd
06-05 09:36:12.657 468 988 W ZramWriteback: Writeback device is not set
06-05 09:36:12.657 468 988 D ZramWriteback: wait to flush
06-05 09:36:13.459 468 519 W IorapForwardingService: No service published for: iorapd
06-05 09:36:13.506 663 663 E WifiHAL : wifi_get_link_stats: requestResponse Error:-5
06-05 09:36:13.508 468 612 E WifiVendorHal: getWifiLinkLayerStats_1_5_Internal(l.1191) failed {.code = ERROR_INVALID_ARGS, .description = }
06-05 09:36:13.569 1994 2115 D UtilLog : 日志批量上报 进行正常循环 !!!!!!本次有0次请求,共0条数据
06-05 09:36:14.098 2807 2816 I gbei.screencas: Background concurrent copying GC freed 55490(6590KB) AllocSpace objects, 0(0B) LOS objects, 49% free, 6179KB/12MB, paused 226us total 135.431ms
06-05 09:36:14.461 468 519 W IorapForwardingService: No service published for: iorapd
06-04 18:11:22.285 381 381 W hdr10p_Configure: 191 callbacks suppressed
06-04 18:11:22.285 381 381 I : DVI mode selected: packets not configured
06-04 18:11:22.298 381 381 W set_vsif_config: 191 callbacks suppressed
06-04 18:11:22.298 381 381 I : Error: set vsif failed
06-04 18:11:22.310 381 381 I : DVI mode selected: packets not configured
06-04 18:11:22.317 381 381 I : Error: set vsif failed
06-04 18:11:22.322 381 381 I : DVI mode selected: packets not configured
06-04 18:11:22.328 381 381 I : Error: set vsif failed
06-04 18:11:22.346 381 381 I : DVI mode selected: packets not configured
06-04 18:11:22.353 381 381 I : Error: set vsif failed
06-04 18:11:22.358 381 381 I : DVI mode selected: packets not configured
06-04 18:11:22.364 381 381 I : Error: set vsif failed
06-04 18:11:22.369 381 381 I : DVI mode selected: packets not configured
06-04 18:11:22.376 381 381 I : Error: set vsif failed
06-04 18:11:22.396 381 381 I : DVI mode selected: packets not configured
06-04 18:11:22.402 381 381 I : Error: set vsif failed
06-04 18:11:22.407 381 381 I : DVI mode selected: packets not configured
06-04 18:11:22.414 381 381 I : Error: set vsif failed
06-04 18:11:22.419 381 381 I : DVI mode selected: packets not configured
06-04 18:11:22.425 381 381 I : Error: set vsif failed
06-04 18:11:22.445 381 381 I : DVI mode selected: packets not configured
06-04 18:11:22.452 381 381 I : Error: set vsif failed
06-05 09:36:15.464 468 519 W IorapForwardingService: No service published for: iorapd
06-05 09:36:15.624 1123 1123 D aaa : LedStatusService onStartCommand begin
06-05 09:36:15.626 1123 3631 D aaa : topPkg is -------------- :com.dangbei.haqusetting
06-05 09:36:15.629 1174 1174 D bbb : onStartCommand begin !!!!!!! data分区剩余 24849MB
06-05 09:36:16.466 468 519 W IorapForwardingService: No service published for: iorapd
06-05 09:36:16.522 663 663 E WifiHAL : wifi_get_link_stats: requestResponse Error:-5
06-05 09:36:16.525 468 612 E WifiVendorHal: getWifiLinkLayerStats_1_5_Internal(l.1191) failed {.code = ERROR_INVALID_ARGS, .description = }
06-05 09:36:16.886 267 300 D hdmi-cec: receive invalid cec message!
06-05 09:36:16.886 267 300 D hdmi-cec: receive poll message [04], skip!
06-05 09:36:17.468 468 519 W IorapForwardingService: No service published for: iorapd
06-05 09:36:18.470 468 519 W IorapForwardingService: No service published for: iorapd
06-05 09:36:19.473 468 519 W IorapForwardingService: No service published for: iorapd
06-05 09:36:19.540 663 663 E WifiHAL : wifi_get_link_stats: requestResponse Error:-5
06-05 09:36:19.543 468 612 E WifiVendorHal: getWifiLinkLayerStats_1_5_Internal(l.1191) failed {.code = ERROR_INVALID_ARGS, .description = }
06-05 09:36:20.474 468 519 W IorapForwardingService: No service published for: iorapd
06-04 18:11:28.300 381 381 W hdr10p_Configure: 244 callbacks suppressed
06-04 18:11:28.300 381 381 I : DVI mode selected: packets not configured
06-04 18:11:28.314 381 381 W set_vsif_config: 244 callbacks suppressed
06-04 18:11:28.314 381 381 I : Error: set vsif failed
06-04 18:11:28.325 381 381 I : DVI mode selected: packets not configured
06-04 18:11:28.332 381 381 I : Error: set vsif failed
06-04 18:11:28.345 381 381 I : DVI mode selected: packets not configured
06-04 18:11:28.352 381 381 I : Error: set vsif failed
06-04 18:11:28.357 381 381 I : DVI mode selected: packets not configured
06-04 18:11:28.364 381 381 I : Error: set vsif failed
06-04 18:11:28.379 381 381 I : DVI mode selected: packets not configured
06-04 18:11:28.386 381 381 I : Error: set vsif failed
06-04 18:11:28.391 381 381 I : DVI mode selected: packets not configured
06-04 18:11:28.397 381 381 I : Error: set vsif failed
06-04 18:11:28.415 381 381 I : DVI mode selected: packets not configured
06-04 18:11:28.421 381 381 I : Error: set vsif failed
06-04 18:11:28.426 381 381 I : DVI mode selected: packets not configured
06-04 18:11:28.433 381 381 I : Error: set vsif failed
06-04 18:11:28.445 381 381 I : DVI mode selected: packets not configured
06-04 18:11:28.452 381 381 I : Error: set vsif failed
06-04 18:11:28.457 381 381 I : DVI mode selected: packets not configured
06-04 18:11:28.463 381 381 I : Error: set vsif failed
06-05 09:36:21.477 468 519 W IorapForwardingService: No service published for: iorapd
06-05 09:36:22.480 468 519 W IorapForwardingService: No service published for: iorapd
06-05 09:36:22.559 663 663 E WifiHAL : wifi_get_link_stats: requestResponse Error:-5
06-05 09:36:22.561 468 612 E WifiVendorHal: getWifiLinkLayerStats_1_5_Internal(l.1191) failed {.code = ERROR_INVALID_ARGS, .description = }
06-05 09:36:23.482 468 519 W IorapForwardingService: No service published for: iorapd
06-05 09:36:23.551 1994 2115 D UtilLog : 日志批量上报 进行正常循环 !!!!!!本次有0次请求,共0条数据
06-05 09:36:23.657 1123 1123 D aaa : LedStatusService onStartCommand begin
06-05 09:36:23.662 1123 3646 D aaa : topPkg is -------------- :com.dangbei.haqusetting
06-05 09:36:23.664 1174 1174 D bbb : onStartCommand begin !!!!!!! data分区剩余 24849MB
06-05 09:36:24.485 468 519 W IorapForwardingService: No service published for: iorapd
06-05 09:36:25.487 468 519 W IorapForwardingService: No service published for: iorapd
06-05 09:36:25.576 663 663 E WifiHAL : wifi_get_link_stats: requestResponse Error:-5
06-05 09:36:25.579 468 612 E WifiVendorHal: getWifiLinkLayerStats_1_5_Internal(l.1191) failed {.code = ERROR_INVALID_ARGS, .description = }
06-05 09:36:26.490 468 519 W IorapForwardingService: No service published for: iorapd
06-05 09:36:26.768 2807 2816 I gbei.screencas: Background concurrent copying GC freed 56121(6217KB) AllocSpace objects, 8(160KB) LOS objects, 49% free, 6029KB/11MB, paused 258us total 146.605ms
06-04 18:11:34.301 381 381 W hdr10p_Configure: 126 callbacks suppressed
06-04 18:11:34.301 381 381 I : DVI mode selected: packets not configured
06-04 18:11:34.315 381 381 W set_vsif_config: 126 callbacks suppressed
06-04 18:11:34.315 381 381 I : Error: set vsif failed
06-04 18:11:34.326 381 381 I : DVI mode selected: packets not configured
06-04 18:11:34.333 381 381 I : Error: set vsif failed
06-04 18:11:34.345 381 381 I : DVI mode selected: packets not configured
06-04 18:11:34.352 381 381 I : Error: set vsif failed
06-04 18:11:34.357 381 381 I : DVI mode selected: packets not configured
06-04 18:11:34.363 381 381 I : Error: set vsif failed
06-04 18:11:34.380 381 381 I : DVI mode selected: packets not configured
06-04 18:11:34.386 381 381 I : Error: set vsif failed
06-04 18:11:34.391 381 381 I : DVI mode selected: packets not configured
06-04 18:11:34.398 381 381 I : Error: set vsif failed
06-04 18:11:34.412 381 381 I : DVI mode selected: packets not configured
06-04 18:11:34.419 381 381 I : Error: set vsif failed
06-04 18:11:34.423 381 381 I : DVI mode selected: packets not configured
06-04 18:11:34.430 381 381 I : Error: set vsif failed
06-04 18:11:34.445 381 381 I : DVI mode selected: packets not configured
06-04 18:11:34.452 381 381 I : Error: set vsif failed
06-04 18:11:34.457 381 381 I : DVI mode selected: packets not configured
06-04 18:11:34.463 381 381 I : Error: set vsif failed
06-05 09:36:27.492 468 519 W IorapForwardingService: No service published for: iorapd
06-05 09:36:28.495 468 519 W IorapForwardingService: No service published for: iorapd
06-05 09:36:28.593 663 663 E WifiHAL : wifi_get_link_stats: requestResponse Error:-5
06-05 09:36:28.594 468 612 E WifiVendorHal: getWifiLinkLayerStats_1_5_Internal(l.1191) failed {.code = ERROR_INVALID_ARGS, .description = }
06-05 09:36:29.498 468 519 W IorapForwardingService: No service published for: iorapd
06-05 09:36:30.501 468 519 W IorapForwardingService: No service published for: iorapd
06-05 09:36:31.502 468 519 W IorapForwardingService: No service published for: iorapd
06-05 09:36:31.610 663 663 E WifiHAL : wifi_get_link_stats: requestResponse Error:-5
06-05 09:36:31.612 468 612 E WifiVendorHal: getWifiLinkLayerStats_1_5_Internal(l.1191) failed {.code = ERROR_INVALID_ARGS, .description = }
06-05 09:36:31.717 1174 1174 D bbb : onStartCommand begin !!!!!!! data分区剩余 24849MB
06-05 09:36:31.720 1123 1123 D aaa : LedStatusService onStartCommand begin
06-05 09:36:31.724 1123 3662 D aaa : topPkg is -------------- :com.dangbei.haqusetting
06-05 09:36:31.913 267 300 D hdmi-cec: receive invalid cec message!
06-05 09:36:31.913 267 300 D hdmi-cec: receive poll message [04], skip!
06-05 09:36:32.505 468 519 W IorapForwardingService: No service published for: iorapd
06-04 18:11:40.308 381 381 W hdr10p_Configure: 126 callbacks suppressed
06-04 18:11:40.308 381 381 I : DVI mode selected: packets not configured
06-04 18:11:40.321 381 381 W set_vsif_config: 126 callbacks suppressed
06-04 18:11:40.321 381 381 I : Error: set vsif failed
06-04 18:11:40.333 381 381 I : DVI mode selected: packets not configured
06-04 18:11:40.340 381 381 I : Error: set vsif failed
06-04 18:11:40.363 381 381 I : DVI mode selected: packets not configured
06-04 18:11:40.370 381 381 I : Error: set vsif failed
06-04 18:11:40.375 381 381 I : DVI mode selected: packets not configured
06-04 18:11:40.381 381 381 I : Error: set vsif failed
06-04 18:11:40.395 381 381 I : DVI mode selected: packets not configured
06-04 18:11:40.402 381 381 I : Error: set vsif failed
06-04 18:11:40.407 381 381 I : DVI mode selected: packets not configured
06-04 18:11:40.414 381 381 I : Error: set vsif failed
06-04 18:11:40.428 381 381 I : DVI mode selected: packets not configured
06-04 18:11:40.435 381 381 I : Error: set vsif failed
06-04 18:11:40.440 381 381 I : DVI mode selected: packets not configured
06-04 18:11:40.446 381 381 I : Error: set vsif failed
06-04 18:11:40.462 381 381 I : DVI mode selected: packets not configured
06-04 18:11:40.469 381 381 I : Error: set vsif failed
06-04 18:11:40.474 381 381 I : DVI mode selected: packets not configured
06-04 18:11:40.481 381 381 I : Error: set vsif failed
06-05 09:36:33.507 468 519 W IorapForwardingService: No service published for: iorapd
06-05 09:36:33.580 1994 2115 D UtilLog : 日志批量上报 进行正常循环 !!!!!!本次有0次请求,共0条数据
06-05 09:36:34.083 409 3665 I adbd : host-42: write thread spawning
06-05 09:36:34.083 409 3664 I adbd : host-42: read thread spawning
06-05 09:36:34.083 409 409 I adbd : host-42: already offline
06-05 09:36:34.084 409 409 I adbd : authentication not required
06-05 09:36:34.094 2807 2807 I cling--ap-8: type=1400 audit(0.0:1647): avc: denied { read } for name="address" dev="sysfs" ino=16906 scontext=u:r:platform_app:s0:c512,c768 tcontext=u:object_r:sysfs_net:s0 tclass=file permissive=1 app=com.dangbei.screencast
06-05 09:36:34.098 2807 2807 I cling--ap-8: type=1400 audit(0.0:1648): avc: denied { open } for path="/sys/devices/virtual/net/dummy0/address" dev="sysfs" ino=16906 scontext=u:r:platform_app:s0:c512,c768 tcontext=u:object_r:sysfs_net:s0 tclass=file permissive=1 app=com.dangbei.screencast
06-05 09:36:34.098 2807 2807 I cling--ap-8: type=1400 audit(0.0:1649): avc: denied { getattr } for path="/sys/devices/virtual/net/dummy0/address" dev="sysfs" ino=16906 scontext=u:r:platform_app:s0:c512,c768 tcontext=u:object_r:sysfs_net:s0 tclass=file permissive=1 app=com.dangbei.screencast
06-05 09:36:34.510 468 519 W IorapForwardingService: No service published for: iorapd
06-05 09:36:34.626 663 663 E WifiHAL : wifi_get_link_stats: requestResponse Error:-5
06-05 09:36:34.627 468 612 E WifiVendorHal: getWifiLinkLayerStats_1_5_Internal(l.1191) failed {.code = ERROR_INVALID_ARGS, .description = }
06-05 09:36:35.513 468 519 W IorapForwardingService: No service published for: iorapd
06-05 09:36:36.283 2807 2816 I gbei.screencas: Background concurrent copying GC freed 47315(5981KB) AllocSpace objects, 0(0B) LOS objects, 49% free, 6038KB/11MB, paused 185us total 164.720ms
06-05 09:36:36.515 468 519 W IorapForwardingService: No service published for: iorapd
06-05 09:36:37.334 2807 2807 I ModuleDataForwa: type=1400 audit(0.0:1650): avc: denied { lock } for path="/data/user/0/com.dangbei.screencast/files/TD__Env_Synchronous_Lock__" dev="mmcblk0p25" ino=2714 scontext=u:r:platform_app:s0:c512,c768 tcontext=u:object_r:app_data_file:s0:c512,c768 tclass=file permissive=1 app=com.dangbei.screencast
06-05 09:36:37.518 468 519 W IorapForwardingService: No service published for: iorapd
06-05 09:36:37.640 663 663 E WifiHAL : wifi_get_link_stats: requestResponse Error:-5
06-05 09:36:37.643 468 612 E WifiVendorHal: getWifiLinkLayerStats_1_5_Internal(l.1191) failed {.code = ERROR_INVALID_ARGS, .description = }
06-05 09:36:38.520 468 519 W IorapForwardingService: No service published for: iorapd
06-04 18:11:46.314 381 381 W hdr10p_Configure: 128 callbacks suppressed
06-04 18:11:46.314 381 381 I : DVI mode selected: packets not configured
06-04 18:11:46.327 381 381 W set_vsif_config: 128 callbacks suppressed
06-04 18:11:46.327 381 381 I : Error: set vsif failed
06-04 18:11:46.339 381 381 I : DVI mode selected: packets not configured
06-04 18:11:46.345 381 381 I : Error: set vsif failed
06-04 18:11:46.364 381 381 I : DVI mode selected: packets not configured
06-04 18:11:46.370 381 381 I : Error: set vsif failed
06-04 18:11:46.375 381 381 I : DVI mode selected: packets not configured
06-04 18:11:46.382 381 381 I : Error: set vsif failed
06-04 18:11:46.395 381 381 I : DVI mode selected: packets not configured
06-04 18:11:46.402 381 381 I : Error: set vsif failed
06-04 18:11:46.407 381 381 I : DVI mode selected: packets not configured
06-04 18:11:46.413 381 381 I : Error: set vsif failed
06-04 18:11:46.428 381 381 I : DVI mode selected: packets not configured
06-04 18:11:46.435 381 381 I : Error: set vsif failed
06-04 18:11:46.440 381 381 I : DVI mode selected: packets not configured
06-04 18:11:46.446 381 381 I : Error: set vsif failed
06-04 18:11:46.461 381 381 I : DVI mode selected: packets not configured
06-04 18:11:46.468 381 381 I : Error: set vsif failed
06-04 18:11:46.473 381 381 I : DVI mode selected: packets not configured
06-04 18:11:46.479 381 381 I : Error: set vsif failed
