06-04 18:04:40.050 375 375 D WifiHWInfo: Entry [29], BUS: SDIO, ID: 0x007A6011, Name: atbm613x_wifi_sdio.
06-04 18:04:40.050 375 375 D WifiHWInfo: Entry [30], BUS: SDIO, ID: 0x024CC822, Name: 88x2cs.
06-04 18:04:40.050 375 375 D WifiHWInfo: Entry [31], BUS: SDIO, ID: 0x000018F0, Name: dummy.
06-04 18:04:40.051 375 375 D HWINFO : ********** Wireless information **********
06-04 18:04:40.051 375 375 D HWINFO : module vendor: sprd
06-04 18:04:40.051 375 375 D HWINFO : module name : uwe5621
06-04 18:04:40.051 375 375 D HWINFO : wifi hal name: libwifi-hal-sprd.so
06-04 18:04:40.051 375 375 D HWINFO : libbt-vendor : libbt-sprd.so
06-04 18:04:40.051 375 375 D HWINFO : is bt support: 1
06-04 18:04:40.051 375 375 D HWINFO : ******************************************
06-04 18:04:40.059 279 391 W SurfaceFlinger: Failed to set thread name on dispatch thread
06-04 18:04:40.060 354 354 V MediaUtils: requested limit: 134217728
06-04 18:04:40.060 370 370 I HidlServiceManagement: Registered android.system.wifi.keystore@1.0::IKeystore/default
06-04 18:04:40.060 354 354 I libc : malloc_limit: Allocation limit enabled, max size 134217728 bytes
06-04 18:04:40.067 354 354 D AudioPowerUsage: AudioPowerUsage
06-04 18:04:40.070 354 354 D AudioAnalytics: AudioAnalytics
06-04 18:04:40.071 354 354 D MediaMetricsService: MediaMetricsService
06-04 18:04:40.085 247 247 D zygote : Time zone APEX ICU file found: /apex/com.android.tzdata/etc/icu/icu_tzdata.dat
06-04 18:04:40.087 247 247 D zygote : I18n APEX ICU file found: /apex/com.android.i18n/etc/icu/icudt68l.dat
06-04 18:04:40.108 183 183 I lowmemorykiller: lmkd data connection established
06-04 18:04:40.131 273 273 I ServiceManager: Waiting for service 'media.metrics' on '/dev/binder' successful after waiting 557ms
06-04 18:04:40.131 273 273 I AudioFlinger: Using default 3000 mSec as standby time.
06-04 18:04:40.132 324 324 I rainbow_flow: type=1400 audit(0.0:276): avc: denied { ioctl } for path="/dev/spidev1.0" dev="tmpfs" ino=3509 ioctlcmd=0x6b00 scontext=u:r:init:s0 tcontext=u:object_r:device:s0 tclass=chr_file permissive=1
06-04 18:04:40.169 354 397 I ServiceManager: Waiting for service 'package_native' on '/dev/binder'...
06-04 18:04:40.201 396 396 E cutils-trace: Error opening trace file: No such file or directory (2)
06-04 18:04:40.207 247 247 I zygote : Using memfd for future sealing
06-04 18:04:40.367 167 167 I sunxi-rfkill soc@3000000: rfkill: set block: 1
06-04 18:04:40.383 167 167 I sunxi-rfkill soc@3000000: rfkill: bt power off success
06-04 18:04:40.222 396 396 I usbd : Usb HAL found.
06-04 18:04:40.222 396 396 I usbd : peristent prop is adb
06-04 18:04:40.227 390 390 I gatekeeperd: Starting gatekeeperd...
06-04 18:04:40.229 399 399 W kmsgd : logRotateSizeKBytes is 8192
06-04 18:04:40.230 399 399 W kmsgd : maxRotatedLogs is 8
06-04 18:04:40.230 399 399 W kmsgd : outputFileName is /data/media/awlog/kernel/kmsg
06-04 18:04:40.228 334 334 I xiriservice_All: type=1400 audit(0.0:277): avc: denied { read } for scontext=u:r:init:s0 tcontext=u:r:init:s0 tclass=netlink_kobject_uevent_socket permissive=1
06-04 18:04:40.240 390 390 E cutils-trace: Error opening trace file: No such file or directory (2)
06-04 18:04:40.247 269 269 I android.hardware.usb.gadget@1.1-service.aw: setCurrentUsbFunctions None
06-04 18:04:40.248 269 269 I android.hardware.usb.gadget@1.1-service.aw: Gadget cannot be pulled down
06-04 18:04:40.248 269 269 I android.hardware.usb.gadget@1.1-service.aw: mMonitor not running
06-04 18:04:40.248 269 269 I android.hardware.usb.gadget@1.1-service.aw: Returned from tearDown gadget
06-04 18:04:40.254 399 399 I kmsgd : openLogFile append
06-04 18:04:40.284 353 353 I main_extractorservice: enable media.extractor memory limits
06-04 18:04:40.284 353 353 V MediaUtils: physMem: 2055442432
06-04 18:04:40.284 353 353 V MediaUtils: requested limit: 411088480
06-04 18:04:40.284 353 353 I libc : malloc_limit: Allocation limit enabled, max size 411088480 bytes
06-04 18:04:40.293 373 373 I android.hardware.media.omx@1.0-service: mediacodecservice starting
06-04 18:04:40.311 373 373 W android.hardware.media.omx@1.0-service: Could not read additional policy file '/vendor/etc/seccomp_policy/mediacodec.policy'
06-04 18:04:40.312 373 373 W android.hardware.media.omx@1.0-service: libminijail[373]: failed to get path of fd 4: No such file or directory
06-04 18:04:40.312 373 373 W android.hardware.media.omx@1.0-service: libminijail[373]: allowing syscall: clock_gettime
06-04 18:04:40.312 373 373 W android.hardware.media.omx@1.0-service: libminijail[373]: allowing syscall: connect
06-04 18:04:40.312 373 373 W android.hardware.media.omx@1.0-service: libminijail[373]: allowing syscall: fcntl64
06-04 18:04:40.312 373 373 W android.hardware.media.omx@1.0-service: libminijail[373]: allowing syscall: socket
06-04 18:04:40.312 373 373 W android.hardware.media.omx@1.0-service: libminijail[373]: allowing syscall: writev
06-04 18:04:40.313 373 373 W android.hardware.media.omx@1.0-service: libminijail[373]: compile_file: (59): syscall getrandom redefined here
06-04 18:04:40.313 373 373 W android.hardware.media.omx@1.0-service: libminijail[373]: compile_file: (15): previous definition here
06-04 18:04:40.320 373 373 W android.hardware.media.omx@1.0-service: libminijail[373]: compile_file: /system/etc/seccomp_policy/crash_dump.arm.policy(1): syscall read redefined here
06-04 18:04:40.320 373 373 W android.hardware.media.omx@1.0-service: libminijail[373]: compile_file: (9): previous definition here
06-04 18:04:40.320 373 373 W android.hardware.media.omx@1.0-service: libminijail[373]: compile_file: /system/etc/seccomp_policy/crash_dump.arm.policy(2): syscall write redefined here
06-04 18:04:40.320 373 373 W android.hardware.media.omx@1.0-service: libminijail[373]: compile_file: (5): previous definition here
06-04 18:04:40.320 373 373 W android.hardware.media.omx@1.0-service: libminijail[373]: compile_file: /system/etc/seccomp_policy/crash_dump.arm.policy(3): syscall exit redefined here
06-04 18:04:40.320 373 373 W android.hardware.media.omx@1.0-service: libminijail[373]: compile_file: (40): previous definition here
06-04 18:04:40.320 373 373 W android.hardware.media.omx@1.0-service: libminijail[373]: compile_file: /system/etc/seccomp_policy/crash_dump.arm.policy(4): syscall rt_sigreturn redefined here
06-04 18:04:40.320 373 373 W android.hardware.media.omx@1.0-service: libminijail[373]: compile_file: (45): previous definition here
06-04 18:04:40.320 373 373 W android.hardware.media.omx@1.0-service: libminijail[373]: compile_file: /system/etc/seccomp_policy/crash_dump.arm.policy(6): syscall exit_group redefined here
06-04 18:04:40.320 373 373 W android.hardware.media.omx@1.0-service: libminijail[373]: compile_file: (44): previous definition here
06-04 18:04:40.321 373 373 W android.hardware.media.omx@1.0-service: libminijail[373]: compile_file: /system/etc/seccomp_policy/crash_dump.arm.policy(7): syscall clock_gettime redefined here
06-04 18:04:40.321 373 373 W android.hardware.media.omx@1.0-service: libminijail[373]: compile_file: (7): previous definition here
06-04 18:04:40.321 373 373 W android.hardware.media.omx@1.0-service: libminijail[373]: compile_file: /system/etc/seccomp_policy/crash_dump.arm.policy(8): syscall gettimeofday redefined here
06-04 18:04:40.321 373 373 W android.hardware.media.omx@1.0-service: libminijail[373]: compile_file: (47): previous definition here
06-04 18:04:40.321 373 373 W android.hardware.media.omx@1.0-service: libminijail[373]: compile_file: /system/etc/seccomp_policy/crash_dump.arm.policy(9): syscall futex redefined here
06-04 18:04:40.321 373 373 W android.hardware.media.omx@1.0-service: libminijail[373]: compile_file: (3): previous definition here
06-04 18:04:40.321 373 373 W android.hardware.media.omx@1.0-service: libminijail[373]: compile_file: /system/etc/seccomp_policy/crash_dump.arm.policy(10): syscall getrandom redefined here
06-04 18:04:40.321 373 373 W android.hardware.media.omx@1.0-service: libminijail[373]: compile_file: (15): previous definition here
06-04 18:04:40.321 373 373 W android.hardware.media.omx@1.0-service: libminijail[373]: compile_file: /system/etc/seccomp_policy/crash_dump.arm.policy(13): syscall ppoll redefined here
06-04 18:04:40.321 373 373 W android.hardware.media.omx@1.0-service: libminijail[373]: compile_file: (13): previous definition here
06-04 18:04:40.321 373 373 W android.hardware.media.omx@1.0-service: libminijail[373]: compile_file: /system/etc/seccomp_policy/crash_dump.arm.policy(14): syscall pipe2 redefined here
06-04 18:04:40.321 373 373 W android.hardware.media.omx@1.0-service: libminijail[373]: compile_file: (46): previous definition here
06-04 18:04:40.321 373 373 W android.hardware.media.omx@1.0-service: libminijail[373]: compile_file: /system/etc/seccomp_policy/crash_dump.arm.policy(15): syscall openat redefined here
06-04 18:04:40.322 373 373 W android.hardware.media.omx@1.0-service: libminijail[373]: compile_file: (30): previous definition here
06-04 18:04:40.322 373 373 W android.hardware.media.omx@1.0-service: libminijail[373]: compile_file: /system/etc/seccomp_policy/crash_dump.arm.policy(16): syscall dup redefined here
06-04 18:04:40.322 373 373 W android.hardware.media.omx@1.0-service: libminijail[373]: compile_file: (12): previous definition here
06-04 18:04:40.322 373 373 W android.hardware.media.omx@1.0-service: libminijail[373]: compile_file: /system/etc/seccomp_policy/crash_dump.arm.policy(17): syscall close redefined here
06-04 18:04:40.322 373 373 W android.hardware.media.omx@1.0-service: libminijail[373]: compile_file: (10): previous definition here
06-04 18:04:40.322 373 373 W android.hardware.media.omx@1.0-service: libminijail[373]: compile_file: /system/etc/seccomp_policy/crash_dump.arm.policy(18): syscall lseek redefined here
06-04 18:04:40.322 373 373 W android.hardware.media.omx@1.0-service: libminijail[373]: compile_file: (50): previous definition here
06-04 18:04:40.322 373 373 W android.hardware.media.omx@1.0-service: libminijail[373]: compile_file: /system/etc/seccomp_policy/crash_dump.arm.policy(19): syscall getdents64 redefined here
06-04 18:04:40.322 373 373 W android.hardware.media.omx@1.0-service: libminijail[373]: compile_file: (58): previous definition here
06-04 18:04:40.322 373 373 W android.hardware.media.omx@1.0-service: libminijail[373]: compile_file: /system/etc/seccomp_policy/crash_dump.arm.policy(20): syscall faccessat redefined here
06-04 18:04:40.322 373 373 W android.hardware.media.omx@1.0-service: libminijail[373]: compile_file: (38): previous definition here
06-04 18:04:40.322 373 373 W android.hardware.media.omx@1.0-service: libminijail[373]: compile_file: /system/etc/seccomp_policy/crash_dump.arm.policy(25): syscall rt_sigprocmask redefined here
06-04 18:04:40.322 373 373 W android.hardware.media.omx@1.0-service: libminijail[373]: compile_file: (41): previous definition here
06-04 18:04:40.322 373 373 W android.hardware.media.omx@1.0-service: libminijail[373]: compile_file: /system/etc/seccomp_policy/crash_dump.arm.policy(28): syscall prctl redefined here
06-04 18:04:40.322 373 373 W android.hardware.media.omx@1.0-service: libminijail[373]: compile_file: (6): previous definition here
06-04 18:04:40.323 373 373 W android.hardware.media.omx@1.0-service: libminijail[373]: compile_file: /system/etc/seccomp_policy/crash_dump.arm.policy(29): syscall madvise redefined here
06-04 18:04:40.323 373 373 W android.hardware.media.omx@1.0-service: libminijail[373]: compile_file: (29): previous definition here
06-04 18:04:40.323 373 373 W android.hardware.media.omx@1.0-service: libminijail[373]: compile_file: /system/etc/seccomp_policy/crash_dump.arm.policy(30): syscall mprotect redefined here
06-04 18:04:40.323 373 373 W android.hardware.media.omx@1.0-service: libminijail[373]: compile_file: (28): previous definition here
06-04 18:04:40.323 373 373 W android.hardware.media.omx@1.0-service: libminijail[373]: compile_file: /system/etc/seccomp_policy/crash_dump.arm.policy(31): syscall munmap redefined here
06-04 18:04:40.323 373 373 W android.hardware.media.omx@1.0-service: libminijail[373]: compile_file: (27): previous definition here
06-04 18:04:40.323 373 373 W android.hardware.media.omx@1.0-service: libminijail[373]: compile_file: /system/etc/seccomp_policy/crash_dump.arm.policy(32): syscall getuid32 redefined here
06-04 18:04:40.323 373 373 W android.hardware.media.omx@1.0-service: libminijail[373]: compile_file: (34): previous definition here
06-04 18:04:40.323 373 373 W android.hardware.media.omx@1.0-service: libminijail[373]: compile_file: /system/etc/seccomp_policy/crash_dump.arm.policy(33): syscall fstat64 redefined here
06-04 18:04:40.323 373 373 W android.hardware.media.omx@1.0-service: libminijail[373]: compile_file: (35): previous definition here
06-04 18:04:40.323 373 373 W android.hardware.media.omx@1.0-service: libminijail[373]: compile_file: /system/etc/seccomp_policy/crash_dump.arm.policy(34): syscall mmap2 redefined here
06-04 18:04:40.323 373 373 W android.hardware.media.omx@1.0-service: libminijail[373]: compile_file: (14): previous definition here
06-04 18:04:40.328 373 373 W android.hardware.media.omx@1.0-service: libminijail[373]: logging seccomp filter failures
06-04 18:04:40.343 353 353 W mediaextractor: Could not read additional policy file '/vendor/etc/seccomp_policy/mediaextractor.policy'
06-04 18:04:40.343 353 353 W mediaextractor: libminijail[353]: failed to get path of fd 4: No such file or directory
06-04 18:04:40.343 353 353 W mediaextractor: libminijail[353]: allowing syscall: clock_gettime
06-04 18:04:40.344 353 353 W mediaextractor: libminijail[353]: allowing syscall: connect
06-04 18:04:40.344 353 353 W mediaextractor: libminijail[353]: allowing syscall: fcntl64
06-04 18:04:40.344 353 353 W mediaextractor: libminijail[353]: allowing syscall: socket
06-04 18:04:40.344 353 353 W mediaextractor: libminijail[353]: allowing syscall: writev
06-04 18:04:40.346 353 353 W mediaextractor: libminijail[353]: compile_file: /apex/com.android.media/etc/seccomp_policy/crash_dump.arm.policy(1): syscall read redefined here
06-04 18:04:40.346 353 353 W mediaextractor: libminijail[353]: compile_file: (19): previous definition here
06-04 18:04:40.346 353 353 W mediaextractor: libminijail[353]: compile_file: /apex/com.android.media/etc/seccomp_policy/crash_dump.arm.policy(2): syscall write redefined here
06-04 18:04:40.346 353 353 W mediaextractor: libminijail[353]: compile_file: (6): previous definition here
06-04 18:04:40.347 353 353 W mediaextractor: libminijail[353]: compile_file: /apex/com.android.media/etc/seccomp_policy/crash_dump.arm.policy(3): syscall exit redefined here
06-04 18:04:40.347 353 353 W mediaextractor: libminijail[353]: compile_file: (27): previous definition here
06-04 18:04:40.347 353 353 W mediaextractor: libminijail[353]: compile_file: /apex/com.android.media/etc/seccomp_policy/crash_dump.arm.policy(4): syscall rt_sigreturn redefined here
06-04 18:04:40.347 353 353 W mediaextractor: libminijail[353]: compile_file: (29): previous definition here
06-04 18:04:40.347 353 353 W mediaextractor: libminijail[353]: compile_file: /apex/com.android.media/etc/seccomp_policy/crash_dump.arm.policy(6): syscall exit_group redefined here
06-04 18:04:40.347 353 353 W mediaextractor: libminijail[353]: compile_file: (28): previous definition here
06-04 18:04:40.347 353 353 W mediaextractor: libminijail[353]: compile_file: /apex/com.android.media/etc/seccomp_policy/crash_dump.arm.policy(7): syscall clock_gettime redefined here
06-04 18:04:40.347 353 353 W mediaextractor: libminijail[353]: compile_file: (20): previous definition here
06-04 18:04:40.347 353 353 W mediaextractor: libminijail[353]: compile_file: /apex/com.android.media/etc/seccomp_policy/crash_dump.arm.policy(9): syscall futex redefined here
06-04 18:04:40.347 353 353 W mediaextractor: libminijail[353]: compile_file: (4): previous definition here
06-04 18:04:40.347 353 353 W mediaextractor: libminijail[353]: compile_file: /apex/com.android.media/etc/seccomp_policy/crash_dump.arm.policy(10): syscall getrandom redefined here
06-04 18:04:40.347 353 353 W mediaextractor: libminijail[353]: compile_file: (43): previous definition here
06-04 18:04:40.347 353 353 W mediaextractor: libminijail[353]: compile_file: /apex/com.android.media/etc/seccomp_policy/crash_dump.arm.policy(12): syscall gettid redefined here
06-04 18:04:40.347 353 353 W mediaextractor: libminijail[353]: compile_file: (34): previous definition here
06-04 18:04:40.348 353 353 W mediaextractor: libminijail[353]: compile_file: /apex/com.android.media/etc/seccomp_policy/crash_dump.arm.policy(15): syscall openat redefined here
06-04 18:04:40.348 353 353 W mediaextractor: libminijail[353]: compile_file: (16): previous definition here
06-04 18:04:40.348 353 353 W mediaextractor: libminijail[353]: compile_file: /apex/com.android.media/etc/seccomp_policy/crash_dump.arm.policy(16): syscall dup redefined here
06-04 18:04:40.348 353 353 W mediaextractor: libminijail[353]: compile_file: (11): previous definition here
06-04 18:04:40.348 353 353 W mediaextractor: libminijail[353]: compile_file: /apex/com.android.media/etc/seccomp_policy/crash_dump.arm.policy(17): syscall close redefined here
06-04 18:04:40.348 353 353 W mediaextractor: libminijail[353]: compile_file: (9): previous definition here
06-04 18:04:40.348 353 353 W mediaextractor: libminijail[353]: compile_file: /apex/com.android.media/etc/seccomp_policy/crash_dump.arm.policy(18): syscall lseek redefined here
06-04 18:04:40.348 353 353 W mediaextractor: libminijail[353]: compile_file: (21): previous definition here
06-04 18:04:40.348 353 353 W mediaextractor: libminijail[353]: compile_file: /apex/com.android.media/etc/seccomp_policy/crash_dump.arm.policy(20): syscall faccessat redefined here
06-04 18:04:40.348 353 353 W mediaextractor: libminijail[353]: compile_file: (30): previous definition here
06-04 18:04:40.348 353 353 W mediaextractor: libminijail[353]: compile_file: /apex/com.android.media/etc/seccomp_policy/crash_dump.arm.policy(25): syscall rt_sigprocmask redefined here
06-04 18:04:40.348 353 353 W mediaextractor: libminijail[353]: compile_file: (35): previous definition here
06-04 18:04:40.348 353 353 W mediaextractor: libminijail[353]: compile_file: /apex/com.android.media/etc/seccomp_policy/crash_dump.arm.policy(28): syscall prctl redefined here
06-04 18:04:40.348 353 353 W mediaextractor: libminijail[353]: compile_file: (5): previous definition here
06-04 18:04:40.349 353 353 W mediaextractor: libminijail[353]: compile_file: /apex/com.android.media/etc/seccomp_policy/crash_dump.arm.policy(29): syscall madvise redefined here
06-04 18:04:40.349 353 353 W mediaextractor: libminijail[353]: compile_file: (31): previous definition here
06-04 18:04:40.349 353 353 W mediaextractor: libminijail[353]: compile_file: /apex/com.android.media/etc/seccomp_policy/crash_dump.arm.policy(30): syscall mprotect redefined here
06-04 18:04:40.349 353 353 W mediaextractor: libminijail[353]: compile_file: (12): previous definition here
06-04 18:04:40.349 269 269 I android.hardware.usb.gadget@1.1-service.aw: setCurrentUsbFunctions Adb
06-04 18:04:40.349 353 353 W mediaextractor: libminijail[353]: compile_file: /apex/com.android.media/etc/seccomp_policy/crash_dump.arm.policy(31): syscall munmap redefined here
06-04 18:04:40.349 353 353 W mediaextractor: libminijail[353]: compile_file: (10): previous definition here
06-04 18:04:40.349 269 269 I android.hardware.usb.gadget@1.1-service.aw: Service started
06-04 18:04:40.349 353 353 W mediaextractor: libminijail[353]: compile_file: /apex/com.android.media/etc/seccomp_policy/crash_dump.arm.policy(32): syscall getuid32 redefined here
06-04 18:04:40.349 353 353 W mediaextractor: libminijail[353]: compile_file: (13): previous definition here
06-04 18:04:40.349 353 353 W mediaextractor: libminijail[353]: compile_file: /apex/com.android.media/etc/seccomp_policy/crash_dump.arm.policy(33): syscall fstat64 redefined here
06-04 18:04:40.349 353 353 W mediaextractor: libminijail[353]: compile_file: (25): previous definition here
06-04 18:04:40.349 353 353 W mediaextractor: libminijail[353]: compile_file: /apex/com.android.media/etc/seccomp_policy/crash_dump.arm.policy(34): syscall mmap2 redefined here
06-04 18:04:40.349 353 353 W mediaextractor: libminijail[353]: compile_file: (8): previous definition here
06-04 18:04:40.349 269 269 I android.hardware.usb.gadget@1.1-service.aw: Usb Gadget setcurrent functions called successfully
06-04 18:04:40.349 353 353 W mediaextractor: libminijail[353]: compile_file: /apex/com.android.media/etc/seccomp_policy/crash_dump.arm.policy(35): syscall geteuid32 redefined here
06-04 18:04:40.350 353 353 W mediaextractor: libminijail[353]: compile_file: (38): previous definition here
06-04 18:04:40.350 353 353 W mediaextractor: libminijail[353]: compile_file: /apex/com.android.media/etc/seccomp_policy/crash_dump.arm.policy(36): syscall getgid32 redefined here
06-04 18:04:40.350 353 353 W mediaextractor: libminijail[353]: compile_file: (39): previous definition here
06-04 18:04:40.350 353 353 W mediaextractor: libminijail[353]: compile_file: /apex/com.android.media/etc/seccomp_policy/crash_dump.arm.policy(37): syscall getegid32 redefined here
06-04 18:04:40.350 353 353 W mediaextractor: libminijail[353]: compile_file: (40): previous definition here
06-04 18:04:40.350 353 353 W mediaextractor: libminijail[353]: compile_file: /apex/com.android.media/etc/seccomp_policy/crash_dump.arm.policy(38): syscall getgroups32 redefined here
06-04 18:04:40.350 353 353 W mediaextractor: libminijail[353]: compile_file: (41): previous definition here
06-04 18:04:40.352 267 267 I EventThread: type=1400 audit(0.0:278): avc: denied { search } for name="extcon" dev="sysfs" ino=18109 scontext=u:r:hal_tv_cec_default:s0 tcontext=u:object_r:sysfs_extcon:s0 tclass=dir permissive=1
06-04 18:04:40.361 393 393 I update_engine: [INFO:main.cc(55)] A/B Update Engine starting
06-04 18:04:40.362 373 373 I cedarc : : register h265 decoder success!
06-04 18:04:40.363 373 373 E cedarc : : dlopen 'libawh265soft.so' fail: dlopen failed: library "libawh265soft.so" not found
06-04 18:04:40.363 353 353 W mediaextractor: libminijail[353]: logging seccomp filter failures
06-04 18:04:40.364 373 373 I cedarc : : register h264 decoder success!
06-04 18:04:40.367 373 373 I cedarc : : register mjpeg decoder success!
06-04 18:04:40.368 373 373 I cedarc : : register mjpegplus decoder success!
06-04 18:04:40.372 373 373 I cedarc : : register mpeg2 decoder success!
06-04 18:04:40.375 373 373 W cedarc : : Invalid plugin, CedarPluginVDInit not found, lib:libawmpeg4base.so.
06-04 18:04:40.378 373 373 I cedarc : : register mpeg4Normal decoder success!
06-04 18:04:40.379 373 373 I cedarc : : register Mpeg4Vp6 decoder success!
06-04 18:04:40.379 409 409 I adbd : persist.adb.watchdog set to ''
06-04 18:04:40.380 409 409 I adbd : persist.sys.test_harness set to ''
06-04 18:04:40.381 409 409 I adbd : adb watchdog timeout set to 600 seconds
06-04 18:04:40.382 373 373 I cedarc : : register mpeg4dx decoder success!
06-04 18:04:40.382 409 409 I adbd : Setup mdns on port= 5555
06-04 18:04:40.383 409 409 I adbd : adbd listening on tcp:5555
06-04 18:04:40.383 409 409 I adbd : adbd listening on vsock:5555
06-04 18:04:40.383 409 409 I adbd : adbd started
06-04 18:04:40.383 373 373 I cedarc : : register mpeg4H263 decoder success!
06-04 18:04:40.384 373 373 I cedarc : : register vp8 decoder success!
06-04 18:04:40.388 373 373 I cedarc : : register vc1 decoder success!
06-04 18:04:40.394 409 414 I adbd : Waiting for persist.adb.tls_server.enable=1
06-04 18:04:40.394 409 414 I adbd : persist.adb.tls_server.enable changed to 1
06-04 18:04:40.394 409 416 I adbd : opening control endpoint /dev/usb-ffs/adb/ep0
06-04 18:04:40.397 393 393 E cutils-trace: Error opening trace file: No such file or directory (2)
06-04 18:04:40.401 373 373 I SoftOMXPlugin: createOMXPlugin
06-04 18:04:40.402 373 373 D MediaCodecsXmlParser: parsing /vendor/etc/media_codecs.xml...
06-04 18:04:40.403 373 373 D MediaCodecsXmlParser: parsing /vendor/etc/media_codecs_google_audio.xml...
06-04 18:04:40.403 373 373 D MediaCodecsXmlParser: unable to open media codecs configuration xml file: /vendor/etc/media_codecs_google_audio.xml
06-04 18:04:40.410 373 373 D MediaCodecsXmlParser: parsing /vendor/etc/media_codecs_google_video.xml...
06-04 18:04:40.410 373 373 D MediaCodecsXmlParser: unable to open media codecs configuration xml file: /vendor/etc/media_codecs_google_video.xml
06-04 18:04:40.411 373 373 D MediaCodecsXmlParser: parsing /vendor/etc/media_codecs_performance.xml...
06-04 18:04:40.414 393 393 I update_engine: [INFO:boot_control_android.cc(69)] Loaded boot control hidl hal.
06-04 18:04:40.415 373 373 D MediaCodecsXmlParser: MediaCodec: cannot update non-existing codec: OMX.google.h264.encoder at line 25 of /vendor/etc/media_codecs_performance.xml
06-04 18:04:40.415 373 373 D MediaCodecsXmlParser: MediaCodec: cannot update non-existing codec: OMX.google.h263.encoder at line 31 of /vendor/etc/media_codecs_performance.xml
06-04 18:04:40.415 373 373 D MediaCodecsXmlParser: MediaCodec: cannot update non-existing codec: OMX.google.mpeg4.encoder at line 34 of /vendor/etc/media_codecs_performance.xml
06-04 18:04:40.415 373 373 D MediaCodecsXmlParser: MediaCodec: cannot update non-existing codec: OMX.google.vp8.encoder at line 37 of /vendor/etc/media_codecs_performance.xml
06-04 18:04:40.572 416 416 I : read descriptors
06-04 18:04:40.589 416 416 I : read strings
06-04 18:04:40.415 373 373 D MediaCodecsXmlParser: MediaCodec: cannot update non-existing codec: OMX.allwinner.video.decoder.h263 at line 59 of /vendor/etc/media_codecs_performance.xml
06-04 18:04:40.415 373 373 D MediaCodecsXmlParser: MediaCodec: cannot update non-existing codec: OMX.google.mpeg4.decoder at line 80 of /vendor/etc/media_codecs_performance.xml
06-04 18:04:40.415 373 373 D MediaCodecsXmlParser: MediaCodec: cannot update non-existing codec: OMX.google.h264.decoder at line 83 of /vendor/etc/media_codecs_performance.xml
06-04 18:04:40.416 373 373 D MediaCodecsXmlParser: MediaCodec: cannot update non-existing codec: OMX.google.h263.decoder at line 89 of /vendor/etc/media_codecs_performance.xml
06-04 18:04:40.416 373 373 D MediaCodecsXmlParser: MediaCodec: cannot update non-existing codec: OMX.google.hevc.decoder at line 93 of /vendor/etc/media_codecs_performance.xml
06-04 18:04:40.416 373 373 D MediaCodecsXmlParser: MediaCodec: cannot update non-existing codec: OMX.google.vp8.decoder at line 101 of /vendor/etc/media_codecs_performance.xml
06-04 18:04:40.416 373 373 D MediaCodecsXmlParser: MediaCodec: cannot update non-existing codec: OMX.google.vp9.decoder at line 107 of /vendor/etc/media_codecs_performance.xml
06-04 18:04:40.416 269 411 I android.hardware.usb.gadget@1.1-service.aw: GADGET pulled up
06-04 18:04:40.417 373 373 I MediaCodecsXmlParser: Did not find media_codecs_shaping.xml in search path
06-04 18:04:40.417 373 373 E cutils-trace: Error opening trace file: No such file or directory (2)
06-04 18:04:40.420 409 414 I adbd : adbwifi started on port 46595
06-04 18:04:40.420 409 414 I adbd : TlsServer running on port 46595
06-04 18:04:40.421 409 414 I adbd : adb wifi started on port 46595
06-04 18:04:40.421 409 423 I adbd : Registering secure_connect service (adb-DZOH58251929088-H1HeqN)
06-04 18:04:40.422 409 416 I adbd : UsbFfsConnection constructed
06-04 18:04:40.422 409 414 I adbd : Waiting for persist.adb.tls_server.enable=0
06-04 18:04:40.424 409 424 I adbd : UsbFfs-monitor thread spawned
06-04 18:04:40.425 409 424 I adbd : USB event: FUNCTIONFS_BIND
06-04 18:04:40.438 373 373 I HidlServiceManagement: Registered android.hardware.media.omx@1.0::IOmx/default
06-04 18:04:40.438 373 373 I HidlServiceManagement: Removing namespace from process name android.hardware.media.omx@1.0-service to omx@1.0-service.
06-04 18:04:40.439 373 373 I android.hardware.media.omx@1.0-service: IOmx HAL service created.
06-04 18:04:40.441 373 373 I OmxStore: omx common prefix: 'OMX.'
06-04 18:04:40.443 373 373 D MediaCodecsXmlParser: parsing /vendor/etc/media_codecs.xml...
06-04 18:04:40.444 373 373 D MediaCodecsXmlParser: parsing /vendor/etc/media_codecs_google_audio.xml...
06-04 18:04:40.444 373 373 D MediaCodecsXmlParser: unable to open media codecs configuration xml file: /vendor/etc/media_codecs_google_audio.xml
06-04 18:04:40.446 389 389 I mediaswcodec: media swcodec service starting
06-04 18:04:40.449 393 393 I update_engine: [INFO:daemon_state_android.cc(44)] Booted in dev mode.
06-04 18:04:40.454 366 366 E cutils-trace: Error opening trace file: No such file or directory (2)
06-04 18:04:40.462 389 389 W mediaswcodec: Could not read additional policy file '/vendor/etc/seccomp_policy/mediaswcodec.policy'
06-04 18:04:40.463 389 389 W mediaswcodec: libminijail[389]: failed to get path of fd 4: No such file or directory
06-04 18:04:40.463 389 389 W mediaswcodec: libminijail[389]: allowing syscall: clock_gettime
06-04 18:04:40.463 389 389 W mediaswcodec: libminijail[389]: allowing syscall: connect
06-04 18:04:40.463 389 389 W mediaswcodec: libminijail[389]: allowing syscall: fcntl64
06-04 18:04:40.463 389 389 W mediaswcodec: libminijail[389]: allowing syscall: socket
06-04 18:04:40.463 389 389 W mediaswcodec: libminijail[389]: allowing syscall: writev
06-04 18:04:40.463 377 377 E cutils-trace: Error opening trace file: No such file or directory (2)
06-04 18:04:40.464 389 389 W mediaswcodec: libminijail[389]: compile_file: (71): syscall futex redefined here
06-04 18:04:40.464 389 389 W mediaswcodec: libminijail[389]: compile_file: (15): previous definition here
06-04 18:04:40.466 389 389 W mediaswcodec: libminijail[389]: logging seccomp filter failures
06-04 18:04:40.468 389 389 I CodecServiceRegistrant: Creating software Codec2 service...
06-04 18:04:40.470 373 373 D MediaCodecsXmlParser: parsing /vendor/etc/media_codecs_google_video.xml...
06-04 18:04:40.471 373 373 D MediaCodecsXmlParser: unable to open media codecs configuration xml file: /vendor/etc/media_codecs_google_video.xml
06-04 18:04:40.471 373 373 D MediaCodecsXmlParser: parsing /vendor/etc/media_codecs_performance.xml...
06-04 18:04:40.471 373 373 D MediaCodecsXmlParser: MediaCodec: cannot update non-existing codec: OMX.google.h264.encoder at line 25 of /vendor/etc/media_codecs_performance.xml
06-04 18:04:40.471 389 389 E cutils-trace: Error opening trace file: No such file or directory (2)
06-04 18:04:40.471 373 373 D MediaCodecsXmlParser: MediaCodec: cannot update non-existing codec: OMX.google.h263.encoder at line 31 of /vendor/etc/media_codecs_performance.xml
06-04 18:04:40.471 373 373 D MediaCodecsXmlParser: MediaCodec: cannot update non-existing codec: OMX.google.mpeg4.encoder at line 34 of /vendor/etc/media_codecs_performance.xml
06-04 18:04:40.471 373 373 D MediaCodecsXmlParser: MediaCodec: cannot update non-existing codec: OMX.google.vp8.encoder at line 37 of /vendor/etc/media_codecs_performance.xml
06-04 18:04:40.472 373 373 D MediaCodecsXmlParser: MediaCodec: cannot update non-existing codec: OMX.allwinner.video.decoder.h263 at line 59 of /vendor/etc/media_codecs_performance.xml
06-04 18:04:40.472 373 373 D MediaCodecsXmlParser: MediaCodec: cannot update non-existing codec: OMX.google.mpeg4.decoder at line 80 of /vendor/etc/media_codecs_performance.xml
06-04 18:04:40.472 373 373 D MediaCodecsXmlParser: MediaCodec: cannot update non-existing codec: OMX.google.h264.decoder at line 83 of /vendor/etc/media_codecs_performance.xml
06-04 18:04:40.472 373 373 D MediaCodecsXmlParser: MediaCodec: cannot update non-existing codec: OMX.google.h263.decoder at line 89 of /vendor/etc/media_codecs_performance.xml
06-04 18:04:40.472 373 373 D MediaCodecsXmlParser: MediaCodec: cannot update non-existing codec: OMX.google.hevc.decoder at line 93 of /vendor/etc/media_codecs_performance.xml
06-04 18:04:40.472 373 373 D MediaCodecsXmlParser: MediaCodec: cannot update non-existing codec: OMX.google.vp8.decoder at line 101 of /vendor/etc/media_codecs_performance.xml
06-04 18:04:40.472 373 373 D MediaCodecsXmlParser: MediaCodec: cannot update non-existing codec: OMX.google.vp9.decoder at line 107 of /vendor/etc/media_codecs_performance.xml
06-04 18:04:40.472 373 373 I MediaCodecsXmlParser: Did not find media_codecs_shaping.xml in search path
06-04 18:04:40.472 393 393 I update_engine: [INFO:update_attempter_android.cc(1082)] Scheduling CleanupPreviousUpdateAction.
06-04 18:04:40.473 373 373 E MediaCodecsXmlParser: Cannot find the role for a decoder of type video/divx
06-04 18:04:40.473 373 373 E MediaCodecsXmlParser: Cannot find the role for a decoder of type video/jpeg
06-04 18:04:40.473 373 373 E MediaCodecsXmlParser: Cannot find the role for a decoder of type video/mpeg1
06-04 18:04:40.473 373 373 E MediaCodecsXmlParser: Cannot find the role for a decoder of type video/x-ms-mpeg4v1
06-04 18:04:40.473 373 373 E MediaCodecsXmlParser: Cannot find the role for a decoder of type video/x-ms-mpeg4v2
06-04 18:04:40.473 373 373 E MediaCodecsXmlParser: Cannot find the role for a decoder of type video/rvg2
06-04 18:04:40.473 373 373 E MediaCodecsXmlParser: Cannot find the role for a decoder of type video/flv1
06-04 18:04:40.473 373 373 E MediaCodecsXmlParser: Cannot find the role for a decoder of type video/wvc1
06-04 18:04:40.473 373 373 E MediaCodecsXmlParser: Cannot find the role for a decoder of type video/x-vnd.on2.vp6
06-04 18:04:40.473 373 373 E MediaCodecsXmlParser: Cannot find the role for a decoder of type video/wmv1
06-04 18:04:40.473 373 373 E MediaCodecsXmlParser: Cannot find the role for a decoder of type video/wmv2
06-04 18:04:40.473 373 373 E MediaCodecsXmlParser: Cannot find the role for a decoder of type video/xvid
06-04 18:04:40.481 393 393 I update_engine: [INFO:action_processor.cc(51)] ActionProcessor: starting CleanupPreviousUpdateAction
06-04 18:04:40.491 393 393 I update_engine: [INFO:cleanup_previous_update_action.cc(149)] Starting/resuming CleanupPreviousUpdateAction
06-04 18:04:40.492 347 347 I cameraserver: ServiceManager: 0xea502960
06-04 18:04:40.493 347 347 I CameraService: CameraService started (pid=347)
06-04 18:04:40.493 347 347 I CameraService: CameraService process starting
06-04 18:04:40.493 347 347 W BatteryNotifier: batterystats service unavailable!
06-04 18:04:40.497 393 393 I update_engine: [INFO:cleanup_previous_update_action.cc(124)] CleanupPreviousUpdateAction scheduled task ID 1 for WaitBootCompleted
06-04 18:04:40.498 347 347 W BatteryNotifier: batterystats service unavailable!
06-04 18:04:40.499 347 347 E cutils-trace: Error opening trace file: No such file or directory (2)
06-04 18:04:40.496 324 324 I rainbow_flow: type=1400 audit(0.0:279): avc: denied { ioctl } for path="/dev/spidev1.0" dev="tmpfs" ino=3509 ioctlcmd=0x6b00 scontext=u:r:init:s0 tcontext=u:object_r:device:s0 tclass=chr_file permissive=1
06-04 18:04:40.548 353 353 I MediaExtractorFactory: plugin directory not present (/system/lib/extractors)
06-04 18:04:40.548 353 353 I MediaExtractorFactory: plugin directory not present (/system_ext/lib/extractors)
06-04 18:04:40.489 247 404 W zygote : Verification of android.app.appsearch.AppSearchBatchResult$Builder android.app.appsearch.AppSearchBatchResult$Builder.setResult(java.lang.Object, android.app.appsearch.AppSearchResult) took 125.943ms (365.24 bytecodes/s) (1176B approximate peak alloc)
06-04 18:04:40.595 377 377 I HidlServiceManagement: Registered android.hardware.radio@1.6::IRadio/slot1
06-04 18:04:40.616 247 247 D Zygote : VMRuntime.setVerifierEnabled(false)
06-04 18:04:40.674 352 352 D isomountservice: main isomount service is running.
06-04 18:04:40.676 368 368 D systemmixservice: main SystemMix service is running.
06-04 18:04:40.677 352 352 I isomountservice: ServiceManager: 0xf6cbacc0
06-04 18:04:40.678 368 368 I systemmixservice: ServiceManager: 0xefb18cb0
06-04 18:04:40.678 368 368 D SystemMixService: SystemMixService created
06-04 18:04:40.679 184 184 E SELinux : avc: denied { add } for pid=368 uid=0 name=softwinner.systemmix scontext=u:r:systemmix:s0 tcontext=u:object_r:default_android_service:s0 tclass=service_manager permissive=1
06-04 18:04:40.684 348 348 D gpioservice: main gpio service is running.
06-04 18:04:40.684 389 389 I HidlServiceManagement: Registered android.hardware.media.c2@1.2::IComponentStore/software
06-04 18:04:40.684 373 373 I HidlServiceManagement: Registered android.hardware.media.omx@1.0::IOmxStore/default
06-04 18:04:40.685 373 373 I HidlServiceManagement: Removing namespace from process name android.hardware.media.omx@1.0-service to omx@1.0-service.
06-04 18:04:40.685 366 366 W storaged: health: invalid battery status
06-04 18:04:40.688 348 348 I gpioservice: ServiceManager: 0xf5151cc0
06-04 18:04:40.688 348 348 D GpioService: GpioService created
06-04 18:04:40.689 184 184 E SELinux : avc: denied { add } for pid=348 uid=0 name=softwinner.gpio scontext=u:r:gpioservice:s0 tcontext=u:object_r:default_android_service:s0 tclass=service_manager permissive=1
06-04 18:04:40.691 366 366 I ServiceManager: Waiting for service 'package_native' on '/dev/binder'...
06-04 18:04:40.693 365 365 D multiir : multi_ir open uinput dev
06-04 18:04:40.695 318 320 D XM_HIDREAD: add@ add@/devices/virtual/input/input1
06-04 18:04:40.692 334 334 I xiriservice_All: type=1400 audit(0.0:280): avc: denied { read } for scontext=u:r:init:s0 tcontext=u:r:init:s0 tclass=netlink_kobject_uevent_socket permissive=1
06-04 18:04:40.703 185 185 I hwservicemanager: getTransport: Cannot find entry android.hardware.media.c2@1.0::IComponentStore/default in either framework or device VINTF manifest.
06-04 18:04:40.703 389 389 I CodecServiceRegistrant: Preferred Codec2 store is defaulted to "software".
06-04 18:04:40.703 389 389 I CodecServiceRegistrant: Software Codec2 service created and registered.
06-04 18:04:40.705 377 377 I HidlServiceManagement: Registered android.hardware.radio.config@1.3::IRadioConfig/default
06-04 18:04:40.707 318 320 D XM_HIDREAD: add@ add@/devices/virtual/input/input1/event1
06-04 18:04:40.709 377 377 I HidlServiceManagement: Registered android.hardware.radio@1.2::ISap/slot1
06-04 18:04:40.875 365 365 I input : sunxi-ir-uinput as /devices/virtual/input/input1
06-04 18:04:40.711 347 347 I CameraProviderManager: Connecting to new camera provider: external/0, isRemote? 1
06-04 18:04:40.711 365 365 D multiir : uinputfd=4
06-04 18:04:40.713 247 404 W zygote : Verification of java.lang.String android.app.appsearch.AppSearchManager.getPackageName() took 124.755ms (56.11 bytecodes/s) (864B approximate peak alloc)
06-04 18:04:40.713 347 347 I CameraProviderManager: Camera provider external/0 ready with 0 camera devices
06-04 18:04:40.714 347 430 W CameraProviderManager: addProviderLocked: Camera provider HAL with name 'external/0' already registered
06-04 18:04:40.715 347 347 I cameraserver: Waiting for activity service
06-04 18:04:40.722 273 273 E APM::HwModule: refreshSupportedDevices: invalid source devices for primary input
06-04 18:04:40.724 273 273 E APM::HwModule: refreshSupportedDevices: invalid source devices for fast input
06-04 18:04:40.731 273 273 D APM_EngineLoader: Loaded engine from libaudiopolicyenginedefault.so
06-04 18:04:40.731 273 273 D APM::AudioPolicyEngine/Base: loadAudioPolicyEngineConfig: No configuration found, using default matching phone experience.
06-04 18:04:40.744 365 365 D multiir : uevent listen start
06-04 18:04:40.761 273 273 W APM::AudioPolicyEngine/Base: loadAudioPolicyEngineConfig: No configuration of AUDIO_STREAM_ASSISTANT found, using default volume configuration
06-04 18:04:40.762 273 273 W APM::AudioPolicyEngine/Base: loadAudioPolicyEngineConfig: No configuration of AUDIO_STREAM_CALL_ASSISTANT found, using default volume configuration
06-04 18:04:40.785 252 252 V audio_hw_primary: init_audio_devices, line: 611
06-04 18:04:40.786 252 252 D audio_hw_primary: read card /sys/class/sound/card0/id
06-04 18:04:40.788 252 252 D audio_hw_primary: /sys/class/sound/card0/id, audiocodec, len: 11
06-04 18:04:40.788 252 252 D audio_hw_primary: linux name = audiocodec, android name = AUDIO_CODEC
06-04 18:04:40.788 252 252 D audio_hw_primary: find name map, card_id = audiocodec, card_name = AUDIO_CODEC
06-04 18:04:40.788 252 252 V audio_hw_primary: card: 0, name: AUDIO_CODEC, capture: 0, playback: 1
06-04 18:04:40.788 252 252 D audio_hw_primary: read card /sys/class/sound/card1/id
06-04 18:04:40.789 252 252 D audio_hw_primary: /sys/class/sound/card1/id, sndspdif, len: 9
06-04 18:04:40.789 252 252 D audio_hw_primary: linux name = sndspdif, android name = AUDIO_SPDIF
06-04 18:04:40.789 252 252 D audio_hw_primary: find name map, card_id = sndspdif, card_name = AUDIO_SPDIF
06-04 18:04:40.789 252 252 V audio_hw_primary: card: 1, name: AUDIO_SPDIF, capture: 1, playback: 1
06-04 18:04:40.790 252 252 D audio_hw_primary: read card /sys/class/sound/card2/id
06-04 18:04:40.790 252 252 D audio_hw_primary: /sys/class/sound/card2/id, ahubdam, len: 8
06-04 18:04:40.791 252 252 D audio_hw_primary: linux name = ahubdam, android name = AUDIO_DAM
06-04 18:04:40.791 252 252 D audio_hw_primary: find name map, card_id = ahubdam, card_name = AUDIO_DAM
06-04 18:04:40.792 252 252 V audio_hw_primary: card: 2, name: AUDIO_DAM, capture: 0, playback: 0
06-04 18:04:40.792 252 252 D audio_hw_primary: read card /sys/class/sound/card3/id
06-04 18:04:40.793 252 252 D audio_hw_primary: /sys/class/sound/card3/id, ahubhdmi, len: 9
06-04 18:04:40.793 252 252 D audio_hw_primary: linux name = ahubhdmi, android name = AUDIO_HDMI
06-04 18:04:40.793 252 252 D audio_hw_primary: find name map, card_id = ahubhdmi, card_name = AUDIO_HDMI
06-04 18:04:40.793 252 252 V audio_hw_primary: card: 3, name: AUDIO_HDMI, capture: 1, playback: 1
06-04 18:04:40.794 252 252 D audio_hw_primary: read card /sys/class/sound/card4/id
06-04 18:04:40.795 252 252 D audio_hw_primary: /sys/class/sound/card4/id, ahubi2s2, len: 9
06-04 18:04:40.795 252 252 D audio_hw_primary: linux name = ahubi2s2, android name = AUDIO_I2S2
06-04 18:04:40.795 252 252 D audio_hw_primary: find name map, card_id = ahubi2s2, card_name = AUDIO_I2S2
06-04 18:04:40.795 252 252 V audio_hw_primary: card: 4, name: AUDIO_I2S2, capture: 1, playback: 1
06-04 18:04:40.795 252 252 D audio_hw_primary: getCardNumbyName: name = AUDIO_CODEC , card = 0
06-04 18:04:40.796 252 252 D audio_hw_primary: getCardNumbyName: name = AUDIO_DAM , card = 2
06-04 18:04:40.796 252 252 D audio_hw_primary: getCardNumbyName: name = AUDIO_HDMI , card = 3
06-04 18:04:40.796 252 252 D audio_hw_primary: getCardNumbyName: name = AUDIO_I2S2 , card = 4
06-04 18:04:40.796 252 252 D audio_hw_primary: getCardNumbyName: name = AUDIO_SPDIF , card = 1
06-04 18:04:40.796 252 252 E audio_hw_primary: AUDIO_BT card does not exist
06-04 18:04:40.796 252 252 E audio_hw_primary: AUDIO_MIX card does not exist
06-04 18:04:40.796 252 252 V audio_hw_primary: init_audio_devices_active, line: 635
06-04 18:04:40.796 252 252 V audio_hw_primary: init_audio_devices_active: get property persist.vendor.audio.input.active: AUDIO_CODEC
06-04 18:04:40.796 1 1 I /system/bin/init: type=1107 audit(0.0:281): uid=0 auid=4294967295 ses=4294967295 subj=u:r:init:s0 msg='avc: denied { set } for property=persist.vendor.audio.input.active pid=252 uid=1041 gid=1005 scontext=u:r:hal_audio_default:s0 tcontext=u:object_r:vendor_default_prop:s0 tclass=property_service permissive=1'
06-04 18:04:40.809 252 252 V audio_hw_primary: set property persist.vendor.audio.input.active: AUDIO_CODEC ok
06-04 18:04:40.810 252 252 V audio_hw_primary: init_audio_devices_active: get property persist.vendor.audio.output.active: AUDIO_HDMI
06-04 18:04:40.818 252 252 V audio_hw_primary: set property persist.vendor.audio.output.active: AUDIO_HDMI ok
06-04 18:04:40.818 252 252 V audio_hw_primary: AUDIO_HDMI output device will be active
06-04 18:04:40.818 252 252 D audio_hw_primary: XX 2 0 2 0
06-04 18:04:40.821 252 252 W audio_route: Control 'External Speaker Switch' doesn't exist - skipping
06-04 18:04:40.821 252 252 W audio_route: Control 'Headphone Switch' doesn't exist - skipping
06-04 18:04:40.821 252 252 W audio_route: Control 'Earpiece Switch' doesn't exist - skipping
06-04 18:04:40.822 252 252 W audio_route: Control 'AIF1IN0R Mux' doesn't exist - skipping
06-04 18:04:40.822 252 252 W audio_route: Control 'AIF1IN0L Mux' doesn't exist - skipping
06-04 18:04:40.822 252 252 W audio_route: Control 'DACR Mixer AIF1DA0R Switch' doesn't exist - skipping
06-04 18:04:40.822 252 252 W audio_route: Control 'DACL Mixer AIF1DA0L Switch' doesn't exist - skipping
06-04 18:04:40.822 252 252 W audio_route: Control 'AIF1OUT0L Mux' doesn't exist - skipping
06-04 18:04:40.822 252 252 W audio_route: Control 'AIF1OUT0R Mux' doesn't exist - skipping
06-04 18:04:40.822 252 252 W audio_route: Control 'AIF1 AD0L Mixer ADCL Switch' doesn't exist - skipping
06-04 18:04:40.822 252 252 W audio_route: Control 'AIF1 AD0R Mixer ADCR Switch' doesn't exist - skipping
06-04 18:04:40.822 252 252 W audio_route: Control 'ADCR Mux' doesn't exist - skipping
06-04 18:04:40.822 252 252 W audio_route: Control 'ADCL Mux' doesn't exist - skipping
06-04 18:04:40.822 252 252 W audio_route: Control 'HP_R Mux' doesn't exist - skipping
06-04 18:04:40.822 252 252 W audio_route: Control 'HP_L Mux' doesn't exist - skipping
06-04 18:04:40.822 252 252 W audio_route: Control 'HP_R Mux' doesn't exist - skipping
06-04 18:04:40.822 252 252 W audio_route: Control 'HP_L Mux' doesn't exist - skipping
06-04 18:04:40.822 252 252 W audio_route: Control 'Right Output Mixer DACR Switch' doesn't exist - skipping
06-04 18:04:40.823 252 252 W audio_route: Control 'Left Output Mixer DACL Switch' doesn't exist - skipping
06-04 18:04:40.823 252 252 W audio_route: Control 'SPK_L Mux' doesn't exist - skipping
06-04 18:04:40.823 252 252 W audio_route: Control 'SPK_R Mux' doesn't exist - skipping
06-04 18:04:40.823 252 252 W audio_route: Control 'External Speaker Switch' doesn't exist - skipping
06-04 18:04:40.823 252 252 W audio_route: Control 'Headphone Switch' doesn't exist - skipping
06-04 18:04:40.823 252 252 W audio_route: Control 'AIF1IN0R Mux' doesn't exist - skipping
06-04 18:04:40.823 252 252 W audio_route: Control 'AIF1IN0L Mux' doesn't exist - skipping
06-04 18:04:40.823 252 252 W audio_route: Control 'DACR Mixer AIF1DA0R Switch' doesn't exist - skipping
06-04 18:04:40.824 252 252 W audio_route: Control 'DACL Mixer AIF1DA0L Switch' doesn't exist - skipping
06-04 18:04:40.824 252 252 W audio_route: Control 'Left Output Mixer DACR Switch' doesn't exist - skipping
06-04 18:04:40.824 252 252 W audio_route: Control 'Left Output Mixer DACL Switch' doesn't exist - skipping
06-04 18:04:40.824 252 252 W audio_route: Control 'SPK_L Mux' doesn't exist - skipping
06-04 18:04:40.824 252 252 W audio_route: Control 'External Speaker Switch' doesn't exist - skipping
06-04 18:04:40.824 252 252 W audio_route: unknown enum value string 0 for ctl LINEOUTL src LR
06-04 18:04:40.824 252 252 W audio_route: unknown enum value string 0 for ctl LINEOUTR src LR
06-04 18:04:40.824 252 252 W audio_route: Control 'DACR Mixer AIF1DA0R Switch' doesn't exist - skipping
06-04 18:04:40.824 252 252 W audio_route: Control 'DACL Mixer AIF1DA0L Switch' doesn't exist - skipping
06-04 18:04:40.824 252 252 W audio_route: Control 'AIF1 AD0L Mixer ADCL Switch' doesn't exist - skipping
06-04 18:04:40.824 252 252 W audio_route: Control 'AIF1 AD0R Mixer ADCR Switch' doesn't exist - skipping
06-04 18:04:40.824 252 252 W audio_route: Control 'Left Output Mixer DACL Switch' doesn't exist - skipping
06-04 18:04:40.824 252 252 W audio_route: Control 'Left Output Mixer DACR Switch' doesn't exist - skipping
06-04 18:04:40.824 252 252 W audio_route: Control 'Right Output Mixer DACL Switch' doesn't exist - skipping
06-04 18:04:40.824 252 252 W audio_route: Control 'Right Output Mixer DACR Switch' doesn't exist - skipping
06-04 18:04:40.824 252 252 W audio_route: Control 'Headphone Switch' doesn't exist - skipping
06-04 18:04:40.824 252 252 W audio_route: Control 'External Speaker Switch' doesn't exist - skipping
06-04 18:04:40.825 252 252 W audio_route: Control 'AIF1OUT0R Mux' doesn't exist - skipping
06-04 18:04:40.825 252 252 W audio_route: Control 'AIF1OUT0L Mux' doesn't exist - skipping
06-04 18:04:40.825 252 252 W audio_route: Control 'AIF1 AD0R Mixer ADCR Switch' doesn't exist - skipping
06-04 18:04:40.825 252 252 W audio_route: Control 'AIF1 AD0L Mixer ADCL Switch' doesn't exist - skipping
06-04 18:04:40.825 252 252 W audio_route: Control 'ADCR Mux' doesn't exist - skipping
06-04 18:04:40.825 252 252 W audio_route: Control 'ADCL Mux' doesn't exist - skipping
06-04 18:04:40.825 252 252 W audio_route: Control 'LADC input Mixer MIC1 boost Switch' doesn't exist - skipping
06-04 18:04:40.825 252 252 W audio_route: Control 'RADC input Mixer MIC1 boost Switch' doesn't exist - skipping
06-04 18:04:40.825 252 252 W audio_route: Control 'AIF1OUT0R Mux' doesn't exist - skipping
06-04 18:04:40.825 252 252 W audio_route: Control 'AIF1OUT0L Mux' doesn't exist - skipping
06-04 18:04:40.825 252 252 W audio_route: Control 'AIF1 AD0R Mixer ADCR Switch' doesn't exist - skipping
06-04 18:04:40.825 252 252 W audio_route: Control 'AIF1 AD0L Mixer ADCL Switch' doesn't exist - skipping
06-04 18:04:40.825 252 252 W audio_route: Control 'ADCR Mux' doesn't exist - skipping
06-04 18:04:40.825 252 252 W audio_route: Control 'ADCL Mux' doesn't exist - skipping
06-04 18:04:40.825 252 252 W audio_route: Control 'MIC2 SRC' doesn't exist - skipping
06-04 18:04:40.826 252 252 W audio_route: Control 'LADC input Mixer MIC2 boost Switch' doesn't exist - skipping
06-04 18:04:40.826 252 252 W audio_route: Control 'RADC input Mixer MIC2 boost Switch' doesn't exist - skipping
06-04 18:04:40.826 252 252 W audio_route: Control 'ADCL Mux' doesn't exist - skipping
