06-06 14:41:05.010 479 536 W BestClock: java.time.DateTimeException: Missing NTP fix
06-06 14:41:05.011 479 604 W BestClock: java.time.DateTimeException: Missing NTP fix
06-06 14:41:05.012 479 604 W BestClock: java.time.DateTimeException: Missing NTP fix
06-06 14:41:05.022 479 479 I SystemServerTiming: getCurrentUser
06-06 14:41:05.022 479 479 I ActivityManager: Current user:0
06-06 14:41:05.022 479 479 D SystemServerTiming: getCurrentUser took to complete: 0ms
06-06 14:41:05.022 479 479 I SystemServerTiming: ActivityManagerStartApps
06-06 14:41:05.023 479 479 I SystemServerTiming: ssm.StartUser-0
06-06 14:41:05.024 479 479 I SystemServiceManager: Calling onStartUser 0
06-06 14:41:05.027 479 529 W IorapForwardingService: No service published for: iorapd
06-06 14:41:05.027 388 388 V C2Store : in ~ComponentModule
06-06 14:41:05.027 388 388 V C2Store : unloading dll
06-06 14:41:05.028 388 388 V C2Store : in init
06-06 14:41:05.028 388 388 V C2Store : loading dll
06-06 14:41:05.030 479 754 D CompatibilityChangeReporter: Compat change id reported: 168419799; UID 1073; state: DISABLED
06-06 14:41:05.205 356 356 I : DVI mode selected: packets not configured
06-06 14:41:05.212 356 356 I : Error: set vsif failed
06-06 14:41:05.037 240 240 I netd : trafficSwapActiveStatsMap() <25.90ms>
06-06 14:41:05.037 479 479 V StorageManagerService: Package com.dangbei.lerad.leradwatcher has legacy storage
06-06 14:41:05.040 479 754 D CompatibilityChangeReporter: Compat change id reported: 168419799; UID 1073; state: DISABLED
06-06 14:41:05.042 479 479 V StorageManagerService: Package com.android.cts.priv.ctsshim does not have legacy storage
06-06 14:41:05.043 479 479 V StorageManagerService: Package com.android.dynsystem does not have legacy storage
06-06 14:41:05.043 479 479 V StorageManagerService: Package com.dangbei.lerad.rocky does not have legacy storage
06-06 14:41:05.043 479 479 V StorageManagerService: Package com.android.providers.calendar does not have legacy storage
06-06 14:41:05.044 240 240 I netd : tetherGetStats() -> {[]} <3.77ms>
06-06 14:41:05.044 479 479 V StorageManagerService: Package com.android.tv.settings does not have legacy storage
06-06 14:41:05.044 479 479 V StorageManagerService: Package com.android.providers.media does not have legacy storage
06-06 14:41:05.044 479 479 V StorageManagerService: Package com.oranth.factory does not have legacy storage
06-06 14:41:05.044 755 755 D CompatibilityChangeReporter: Compat change id reported: 171979766; UID 1073; state: ENABLED
06-06 14:41:05.045 479 479 V StorageManagerService: Package com.android.internal.systemui.navbar.gestural_wide_back does not have legacy storage
06-06 14:41:05.045 479 479 V StorageManagerService: Package com.dangbei.zhushou.os does not have legacy storage
06-06 14:41:05.045 479 479 V StorageManagerService: Package com.android.wallpapercropper does not have legacy storage
06-06 14:41:05.045 479 479 V StorageManagerService: Package com.softwinner.provision does not have legacy storage
06-06 14:41:05.046 479 479 V StorageManagerService: Package com.softwinner.awlogsettings does not have legacy storage
06-06 14:41:05.046 479 536 W BestClock: java.time.DateTimeException: Missing NTP fix
06-06 14:41:05.046 479 479 V StorageManagerService: Package com.android.documentsui does not have legacy storage
06-06 14:41:05.047 479 479 V StorageManagerService: Package com.sohu.inputmethod.sogou.tv has legacy storage
06-06 14:41:05.047 479 479 V StorageManagerService: Package com.android.externalstorage does not have legacy storage
06-06 14:41:05.047 479 479 V StorageManagerService: Package com.android.htmlviewer does not have legacy storage
06-06 14:41:05.047 479 479 V StorageManagerService: Package com.android.companiondevicemanager does not have legacy storage
06-06 14:41:05.050 479 536 W BestClock: java.time.DateTimeException: Missing NTP fix
06-06 14:41:05.050 479 604 W BestClock: java.time.DateTimeException: Missing NTP fix
06-06 14:41:05.051 479 604 W BestClock: java.time.DateTimeException: Missing NTP fix
06-06 14:41:05.052 479 479 V StorageManagerService: Package com.android.mms.service does not have legacy storage
06-06 14:41:05.052 388 388 V C2Store : in ~ComponentModule
06-06 14:41:05.052 388 388 V C2Store : unloading dll
06-06 14:41:05.052 388 388 V C2Store : in init
06-06 14:41:05.052 388 388 V C2Store : loading dll
06-06 14:41:05.053 479 479 V StorageManagerService: Package com.android.providers.downloads does not have legacy storage
06-06 14:41:05.053 479 479 V StorageManagerService: Package com.android.providers.tv does not have legacy storage
06-06 14:41:05.055 479 479 V StorageManagerService: Package com.android.internal.systemui.onehanded.gestural does not have legacy storage
06-06 14:41:05.056 479 479 V StorageManagerService: Package com.oranth.ledstatus does not have legacy storage
06-06 14:41:05.057 479 479 V StorageManagerService: Package com.dangbei.lerad.videoposter has legacy storage
06-06 14:41:05.058 479 479 V StorageManagerService: Package com.android.providers.downloads.ui does not have legacy storage
06-06 14:41:05.058 479 479 V StorageManagerService: Package com.android.pacprocessor does not have legacy storage
06-06 14:41:05.058 479 479 V StorageManagerService: Package com.android.simappdialog does not have legacy storage
06-06 14:41:05.058 479 479 V StorageManagerService: Package com.android.networkstack does not have legacy storage
06-06 14:41:05.059 479 479 V StorageManagerService: Package com.android.connectivity.resources does not have legacy storage
06-06 14:41:05.059 479 479 V StorageManagerService: Package com.android.modulemetadata does not have legacy storage
06-06 14:41:05.059 479 479 V StorageManagerService: Package com.android.certinstaller does not have legacy storage
06-06 14:41:05.059 479 479 V StorageManagerService: Package com.android.carrierconfig does not have legacy storage
06-06 14:41:05.060 479 479 V StorageManagerService: Package com.google.android.apps.searchlite.overlay does not have legacy storage
06-06 14:41:05.060 479 479 V StorageManagerService: Package com.android.internal.systemui.navbar.threebutton does not have legacy storage
06-06 14:41:05.060 479 479 V StorageManagerService: Package android does not have legacy storage
06-06 14:41:05.060 479 479 V StorageManagerService: Package com.google.android.networkstackconfig does not have legacy storage
06-06 14:41:05.060 479 479 V StorageManagerService: Package com.softwinner.settingssetup does not have legacy storage
06-06 14:41:05.061 479 479 V StorageManagerService: Package com.android.egg does not have legacy storage
06-06 14:41:05.061 479 479 V StorageManagerService: Package com.android.mtp does not have legacy storage
06-06 14:41:05.061 479 479 V StorageManagerService: Package com.android.backupconfirm does not have legacy storage
06-06 14:41:05.061 479 479 V StorageManagerService: Package com.softwinner.timerswitch does not have legacy storage
06-06 14:41:05.061 479 479 V StorageManagerService: Package com.android.statementservice does not have legacy storage
06-06 14:41:05.061 479 479 V StorageManagerService: Package com.dangbei.screencast has legacy storage
06-06 14:41:05.062 479 479 V StorageManagerService: Package com.android.settings.intelligence does not have legacy storage
06-06 14:41:05.062 479 479 V StorageManagerService: Package com.android.internal.systemui.navbar.gestural_extra_wide_back does not have legacy storage
06-06 14:41:05.062 479 479 V StorageManagerService: Package com.dangbei.leard.leradlauncher does not have legacy storage
06-06 14:41:05.063 479 496 I system_server: Background concurrent copying GC freed 108680(5564KB) AllocSpace objects, 17(548KB) LOS objects, 49% free, 10029KB/19MB, paused 257us total 520.058ms
06-06 14:41:05.063 479 479 V StorageManagerService: Package com.android.providers.settings does not have legacy storage
06-06 14:41:05.064 479 479 V StorageManagerService: Package com.android.sharedstoragebackup does not have legacy storage
06-06 14:41:05.064 479 479 V StorageManagerService: Package com.android.printspooler does not have legacy storage
06-06 14:41:05.064 479 479 V StorageManagerService: Package com.android.dreams.basic does not have legacy storage
06-06 14:41:05.064 479 479 V StorageManagerService: Package com.android.webview does not have legacy storage
06-06 14:41:05.065 479 479 V StorageManagerService: Package com.android.se does not have legacy storage
06-06 14:41:05.065 479 479 V StorageManagerService: Package com.android.tv does not have legacy storage
06-06 14:41:05.065 479 479 V StorageManagerService: Package com.android.inputdevices does not have legacy storage
06-06 14:41:05.065 479 479 V StorageManagerService: Package com.android.bips does not have legacy storage
06-06 14:41:05.065 479 479 V StorageManagerService: Package com.oranth.inputmacsn does not have legacy storage
06-06 14:41:05.065 479 479 V StorageManagerService: Package com.android.musicfx does not have legacy storage
06-06 14:41:05.065 479 479 V StorageManagerService: Package com.dangbei.hqguide does not have legacy storage
06-06 14:41:05.065 479 479 V StorageManagerService: Package com.dangbei.hqmedia does not have legacy storage
06-06 14:41:05.065 479 497 W JHwRemoteBinder: BinderProxy is being destroyed but the application did not call unlinkToDeath to unlink all of its death recipients beforehand. Releasing leaked death recipient: com.android.server.usb.UsbDeviceManager$UsbHandlerHal$UsbGadgetDeathRecipient
06-06 14:41:05.066 479 479 V StorageManagerService: Package android.ext.shared does not have legacy storage
06-06 14:41:05.066 479 479 V StorageManagerService: Package com.android.onetimeinitializer does not have legacy storage
06-06 14:41:05.066 479 479 V StorageManagerService: Package com.android.keychain does not have legacy storage
06-06 14:41:05.066 479 479 V StorageManagerService: Package com.android.printservice.recommendation does not have legacy storage
06-06 14:41:05.066 479 479 V StorageManagerService: Package com.google.android.networkstack.tetheringconfig does not have legacy storage
06-06 14:41:05.066 479 479 V StorageManagerService: Package android.ext.services does not have legacy storage
06-06 14:41:05.066 479 479 V StorageManagerService: Package com.android.wifi.resources does not have legacy storage
06-06 14:41:05.066 479 479 V StorageManagerService: Package com.android.localtransport does not have legacy storage
06-06 14:41:05.066 479 479 V StorageManagerService: Package com.android.packageinstaller does not have legacy storage
06-06 14:41:05.066 479 479 V StorageManagerService: Package com.android.theme.font.notoserifsource does not have legacy storage
06-06 14:41:05.066 479 479 V StorageManagerService: Package com.android.proxyhandler does not have legacy storage
06-06 14:41:05.067 479 479 V StorageManagerService: Package com.softwinner.screenshot does not have legacy storage
06-06 14:41:05.067 479 479 V StorageManagerService: Package com.android.managedprovisioning does not have legacy storage
06-06 14:41:05.067 479 479 V StorageManagerService: Package com.oranth.usbopenft does not have legacy storage
06-06 14:41:05.067 479 479 V StorageManagerService: Package com.android.networkstack.tethering does not have legacy storage
06-06 14:41:05.067 479 479 V StorageManagerService: Package com.android.soundpicker does not have legacy storage
06-06 14:41:05.067 479 479 V StorageManagerService: Package com.dangbei.lerad.etna.haqu does not have legacy storage
06-06 14:41:05.067 479 479 V StorageManagerService: Package com.allwinnertech.packageoverride does not have legacy storage
06-06 14:41:05.067 479 479 V StorageManagerService: Package com.android.smspush does not have legacy storage
06-06 14:41:05.067 479 479 V StorageManagerService: Package com.android.wallpaper.livepicker does not have legacy storage
06-06 14:41:05.067 479 479 V StorageManagerService: Package com.tv.filemanager.os has legacy storage
06-06 14:41:05.067 479 479 V StorageManagerService: Package com.oranth.powerwindow does not have legacy storage
06-06 14:41:05.067 479 479 V StorageManagerService: Package com.android.storagemanager does not have legacy storage
06-06 14:41:05.067 479 479 V StorageManagerService: Package com.android.bookmarkprovider does not have legacy storage
06-06 14:41:05.067 479 479 V StorageManagerService: Package com.android.networkstack.permissionconfig does not have legacy storage
06-06 14:41:05.067 479 479 V StorageManagerService: Package com.android.cts.ctsshim does not have legacy storage
06-06 14:41:05.068 479 479 V StorageManagerService: Package com.dangbei.lerad.screensaver does not have legacy storage
06-06 14:41:05.068 479 479 V StorageManagerService: Package com.android.remoteprovisioner does not have legacy storage
06-06 14:41:05.068 479 479 V StorageManagerService: Package com.softwinner.theme.icon does not have legacy storage
06-06 14:41:05.068 479 479 V StorageManagerService: Package com.android.wallpaper does not have legacy storage
06-06 14:41:05.068 479 479 V StorageManagerService: Package com.android.vpndialogs does not have legacy storage
06-06 14:41:05.068 479 479 V StorageManagerService: Package com.android.music does not have legacy storage
06-06 14:41:05.068 479 479 V StorageManagerService: Package com.android.shell does not have legacy storage
06-06 14:41:05.068 479 479 V StorageManagerService: Package com.android.wallpaperbackup does not have legacy storage
06-06 14:41:05.068 479 479 V StorageManagerService: Package com.android.providers.blockednumber does not have legacy storage
06-06 14:41:05.068 479 479 V StorageManagerService: Package com.android.providers.userdictionary does not have legacy storage
06-06 14:41:05.068 479 479 V StorageManagerService: Package com.android.providers.media.module does not have legacy storage
06-06 14:41:05.068 479 479 V StorageManagerService: Package com.softwinner.theme.color does not have legacy storage
06-06 14:41:05.068 479 479 V StorageManagerService: Package com.oranth.storage does not have legacy storage
06-06 14:41:05.068 479 479 V StorageManagerService: Package com.android.hotspot2.osulogin does not have legacy storage
06-06 14:41:05.068 479 479 V StorageManagerService: Package com.android.internal.systemui.navbar.gestural does not have legacy storage
06-06 14:41:05.068 479 479 V StorageManagerService: Package com.android.location.fused does not have legacy storage
06-06 14:41:05.069 479 479 V StorageManagerService: Package com.android.systemui does not have legacy storage
06-06 14:41:05.069 479 479 V StorageManagerService: Package com.dangbei.haqusetting does not have legacy storage
06-06 14:41:05.069 479 479 V StorageManagerService: Package com.android.bluetoothmidiservice does not have legacy storage
06-06 14:41:05.069 479 479 V StorageManagerService: Package com.softwinner.awmanager does not have legacy storage
06-06 14:41:05.069 479 479 V StorageManagerService: Package com.android.permissioncontroller does not have legacy storage
06-06 14:41:05.069 479 479 V StorageManagerService: Package com.softwinner.miracastReceiver does not have legacy storage
06-06 14:41:05.069 479 479 V StorageManagerService: Package com.android.traceur does not have legacy storage
06-06 14:41:05.069 479 479 V StorageManagerService: Package com.android.bluetooth does not have legacy storage
06-06 14:41:05.069 479 479 V StorageManagerService: Package com.android.providers.contacts does not have legacy storage
06-06 14:41:05.069 479 479 V StorageManagerService: Package com.android.captiveportallogin does not have legacy storage
06-06 14:41:05.069 479 479 V StorageManagerService: Package com.android.internal.systemui.navbar.gestural_narrow_back does not have legacy storage
06-06 14:41:05.069 388 388 V C2Store : in ~ComponentModule
06-06 14:41:05.069 388 388 V C2Store : unloading dll
06-06 14:41:05.069 479 479 V StorageManagerService: Package android.auto_generated_rro_vendor__ does not have legacy storage
06-06 14:41:05.069 388 388 V C2Store : in init
06-06 14:41:05.069 388 388 V C2Store : loading dll
06-06 14:41:05.073 240 240 I netd : trafficSwapActiveStatsMap() <23.00ms>
06-06 14:41:05.074 479 479 W VoiceInteractionManager: no available voice recognition services found for user 0
06-06 14:41:05.075 479 479 W AppBindingService: [Default SMS app] u0 Target package not found
06-06 14:41:05.245 356 356 I : DVI mode selected: packets not configured
06-06 14:41:05.252 356 356 I : Error: set vsif failed
06-06 14:41:05.077 666 666 V AdapterServiceConfig: Adding HeadsetService
06-06 14:41:05.077 666 666 V AdapterServiceConfig: Adding A2dpService
06-06 14:41:05.077 666 666 V AdapterServiceConfig: Adding HidHostService
06-06 14:41:05.077 240 240 I netd : tetherGetStats() -> {[]} <2.53ms>
06-06 14:41:05.077 666 666 V AdapterServiceConfig: Adding PanService
06-06 14:41:05.077 666 666 V AdapterServiceConfig: Adding GattService
06-06 14:41:05.078 666 666 V AdapterServiceConfig: Adding BluetoothMapService
06-06 14:41:05.078 666 666 V AdapterServiceConfig: Adding AvrcpTargetService
06-06 14:41:05.078 666 666 V AdapterServiceConfig: Adding HidDeviceService
06-06 14:41:05.078 666 666 V AdapterServiceConfig: Adding BluetoothOppService
06-06 14:41:05.078 666 666 V AdapterServiceConfig: Adding BluetoothPbapService
06-06 14:41:05.079 479 536 W BestClock: java.time.DateTimeException: Missing NTP fix
06-06 14:41:05.080 479 479 V GameManagerService: Settings file doesn't exists, skip reading
06-06 14:41:05.080 479 479 D SystemServerTiming: ssm.StartUser-0 took to complete: 56ms
06-06 14:41:05.081 479 479 I SystemServerTiming: startPersistentApps
06-06 14:41:05.084 479 479 D CompatibilityChangeReporter: Compat change id reported: 135634846; UID 1068; state: DISABLED
06-06 14:41:05.084 479 536 W BestClock: java.time.DateTimeException: Missing NTP fix
06-06 14:41:05.085 479 479 D SystemServerTiming: startPersistentApps took to complete: 4ms
06-06 14:41:05.085 479 479 I SystemServerTiming: startHomeOnAllDisplays
06-06 14:41:05.089 479 479 I ActivityStarter: ---START u0 {act=android.intent.action.MAIN cat=[android.intent.category.HOME] flg=0x10000100 cmp=com.android.tv.settings/.system.FallbackHome (has extras)} from uid 0
06-06 14:41:05.102 240 240 I netd : trafficSwapActiveStatsMap() <17.60ms>
06-06 14:41:05.102 241 241 D Zygote : Forked child process 772
06-06 14:41:05.106 388 388 I mediaswcodec: missing struct descriptor #Param::CoreIndex(--004) for field values of struct #Param::CoreIndex(F-12004)
06-06 14:41:05.107 388 388 I mediaswcodec: missing struct descriptor #Param::CoreIndex(--1812) for field values of struct #Param::CoreIndex(F-11812)
06-06 14:41:05.110 240 240 I netd : tetherGetStats() -> {[]} <3.14ms>
06-06 14:41:05.112 772 772 I Zygote : seccomp disabled by setenforce 0
06-06 14:41:05.112 479 536 W BestClock: java.time.DateTimeException: Missing NTP fix
06-06 14:41:05.115 388 388 V C2Store : in ~ComponentModule
06-06 14:41:05.115 388 388 V C2Store : unloading dll
06-06 14:41:05.115 388 388 V C2Store : in init
06-06 14:41:05.115 388 388 V C2Store : loading dll
06-06 14:41:05.285 356 356 I : DVI mode selected: packets not configured
06-06 14:41:05.292 356 356 I : Error: set vsif failed
06-06 14:41:05.118 241 241 W Zygote : forkRepeatedly terminated due to non-simple command
06-06 14:41:05.118 241 241 D Zygote : mbuffer starts with 14, nice name is webview_zygote, mEnd = 401, mNext = 159, mLinesLeft = 6, mFd = 4
06-06 14:41:05.118 719 719 I WebViewLoader-: System.exit called, status: 0
06-06 14:41:05.118 719 719 I AndroidRuntime: VM exiting with result code 0, cleanup skipped.
06-06 14:41:05.119 479 536 W BestClock: java.time.DateTimeException: Missing NTP fix
06-06 14:41:05.128 388 388 V C2Store : in ~ComponentModule
06-06 14:41:05.128 388 388 V C2Store : unloading dll
06-06 14:41:05.128 388 388 V C2Store : in init
06-06 14:41:05.128 388 388 V C2Store : loading dll
06-06 14:41:05.134 400 419 I adbd : jdwp connection from 772
06-06 14:41:05.140 241 241 D Zygote : Forked child process 793
06-06 14:41:05.140 388 388 V C2Store : in ~ComponentModule
06-06 14:41:05.140 388 388 V C2Store : unloading dll
06-06 14:41:05.140 388 388 V C2Store : in init
06-06 14:41:05.140 388 388 V C2Store : loading dll
06-06 14:41:05.142 240 240 I netd : trafficSwapActiveStatsMap() <22.26ms>
06-06 14:41:05.145 479 716 W ZygoteProcess: Got error connecting to zygote, retrying. msg= Connection refused
06-06 14:41:05.149 240 240 I netd : tetherGetStats() -> {[]} <3.01ms>
06-06 14:41:05.153 479 536 W BestClock: java.time.DateTimeException: Missing NTP fix
06-06 14:41:05.155 793 793 I Zygote : seccomp disabled by setenforce 0
06-06 14:41:05.158 479 536 W BestClock: java.time.DateTimeException: Missing NTP fix
06-06 14:41:05.156 674 674 I ndroid.systemui: type=1400 audit(0.0:320): avc: denied { search } for name="com.android.systemui" dev="mmcblk0p25" ino=505 scontext=u:r:platform_app:s0:c512,c768 tcontext=u:object_r:app_data_file:s0:c512,c768 tclass=dir permissive=1 app=com.softwinner.screenshot
06-06 14:41:05.164 674 674 V GraphicsEnvironment: ANGLE Developer option for 'com.android.systemui' set to: 'default'
06-06 14:41:05.165 674 674 V GraphicsEnvironment: Neither updatable production driver nor prerelease driver is supported.
06-06 14:41:05.167 674 674 D NetworkSecurityConfig: No Network Security Config specified, using platform default
06-06 14:41:05.168 388 388 V C2Store : in ~ComponentModule
06-06 14:41:05.168 388 388 V C2Store : unloading dll
06-06 14:41:05.168 388 388 V C2Store : in init
06-06 14:41:05.168 388 388 V C2Store : loading dll
06-06 14:41:05.169 674 674 D NetworkSecurityConfig: No Network Security Config specified, using platform default
06-06 14:41:05.171 793 793 I WebViewZygoteInit: Starting WebViewZygoteInit
06-06 14:41:05.172 326 326 I rainbow_flow: type=1400 audit(0.0:321): avc: denied { ioctl } for path="/dev/spidev1.0" dev="tmpfs" ino=1879 ioctlcmd=0x6b00 scontext=u:r:init:s0 tcontext=u:object_r:device:s0 tclass=chr_file permissive=1
06-06 14:41:05.343 356 356 I : DVI mode selected: packets not configured
06-06 14:41:05.350 356 356 I : Error: set vsif failed
06-06 14:41:05.175 793 793 I Zygote : seccomp disabled by setenforce 0
06-06 14:41:05.179 388 388 V C2Store : in ~ComponentModule
06-06 14:41:05.179 388 388 V C2Store : unloading dll
06-06 14:41:05.179 388 388 V C2Store : in init
06-06 14:41:05.179 388 388 V C2Store : loading dll
06-06 14:41:05.182 240 240 I netd : trafficSwapActiveStatsMap() <23.28ms>
06-06 14:41:05.185 388 388 V C2Store : in ~ComponentModule
06-06 14:41:05.186 755 755 V GraphicsEnvironment: ANGLE Developer option for 'com.android.networkstack' set to: 'default'
06-06 14:41:05.186 388 388 V C2Store : unloading dll
06-06 14:41:05.186 388 388 V C2Store : in init
06-06 14:41:05.186 388 388 V C2Store : loading dll
06-06 14:41:05.186 755 755 V GraphicsEnvironment: Neither updatable production driver nor prerelease driver is supported.
06-06 14:41:05.189 755 755 D NetworkSecurityConfig: No Network Security Config specified, using platform default
06-06 14:41:05.189 240 240 I netd : tetherGetStats() -> {[]} <4.72ms>
06-06 14:41:05.190 755 755 D NetworkSecurityConfig: No Network Security Config specified, using platform default
06-06 14:41:05.193 479 536 W BestClock: java.time.DateTimeException: Missing NTP fix
06-06 14:41:05.196 241 241 I Zygote : Process 719 exited cleanly (0)
06-06 14:41:05.197 479 536 W BestClock: java.time.DateTimeException: Missing NTP fix
06-06 14:41:05.197 674 674 V SystemUIService: SystemUIApplication constructed.
06-06 14:41:05.200 388 388 V C2Store : in ~ComponentModule
06-06 14:41:05.200 388 388 V C2Store : unloading dll
06-06 14:41:05.200 388 388 V C2Store : in init
06-06 14:41:05.200 388 388 V C2Store : loading dll
06-06 14:41:05.203 793 793 I WebViewZygoteInit: Beginning application preload for com.android.webview
06-06 14:41:05.214 793 793 D nativeloader: classloader namespace configured for unbundled product apk. library_path=/product/app/webview/lib/arm:/product/app/webview/webview.apk!/lib/armeabi-v7a:/product/lib:/system/product/lib
06-06 14:41:05.383 356 356 I : DVI mode selected: packets not configured
06-06 14:41:05.390 356 356 I : Error: set vsif failed
06-06 14:41:05.219 388 388 V C2Store : in ~ComponentModule
06-06 14:41:05.219 388 388 V C2Store : unloading dll
06-06 14:41:05.219 388 388 V C2Store : in init
06-06 14:41:05.219 388 388 V C2Store : loading dll
06-06 14:41:05.222 240 240 I netd : trafficSwapActiveStatsMap() <25.07ms>
06-06 14:41:05.227 479 479 D CompatibilityChangeReporter: Compat change id reported: 174042980; UID 1000; state: DISABLED
06-06 14:41:05.227 240 240 I netd : tetherGetStats() -> {[]} <3.48ms>
06-06 14:41:05.230 479 536 W BestClock: java.time.DateTimeException: Missing NTP fix
06-06 14:41:05.234 479 536 W BestClock: java.time.DateTimeException: Missing NTP fix
06-06 14:41:05.232 674 674 I ndroid.systemui: type=1400 audit(0.0:322): avc: denied { getattr } for path="/data/user_de/0/com.android.systemui/cache" dev="mmcblk0p25" ino=506 scontext=u:r:platform_app:s0:c512,c768 tcontext=u:object_r:app_data_file:s0:c512,c768 tclass=dir permissive=1 app=com.softwinner.screenshot
06-06 14:41:05.236 479 574 W StorageManagerService: No primary storage defined yet; hacking together a stub
06-06 14:41:05.237 479 479 D libcheckfile: checkfile_init
06-06 14:41:05.238 479 479 D ActivityTaskManager: isHomeLauncher info= ActivityInfo{7140ded com.android.tv.settings.system.FallbackHome}
06-06 14:41:05.239 388 388 V C2Store : in ~ComponentModule
06-06 14:41:05.239 388 388 V C2Store : unloading dll
06-06 14:41:05.239 388 388 V C2Store : in init
06-06 14:41:05.239 388 388 V C2Store : loading dll
06-06 14:41:05.240 315 315 I xm_hidread: type=1400 audit(0.0:323): avc: denied { read } for scontext=u:r:init:s0 tcontext=u:r:init:s0 tclass=netlink_kobject_uevent_socket permissive=1
06-06 14:41:05.244 805 805 I system_server: type=1400 audit(0.0:324): avc: denied { execute } for name="su" dev="dm-0" ino=3480 scontext=u:r:system_server:s0 tcontext=u:object_r:su_exec:s0 tclass=file permissive=1
06-06 14:41:05.244 805 805 I system_server: type=1400 audit(0.0:325): avc: denied { read open } for path="/system/xbin/su" dev="dm-0" ino=3480 scontext=u:r:system_server:s0 tcontext=u:object_r:su_exec:s0 tclass=file permissive=1
06-06 14:41:05.251 388 388 I mediaswcodec: missing struct descriptor #Param::CoreIndex(--004) for field values of struct #Param::CoreIndex(F-12004)
06-06 14:41:05.248 805 805 I system_server: type=1400 audit(0.0:326): avc: denied { execute_no_trans } for path="/system/xbin/su" dev="dm-0" ino=3480 scontext=u:r:system_server:s0 tcontext=u:object_r:su_exec:s0 tclass=file permissive=1
06-06 14:41:05.254 388 388 D C2SoftHevcEnc: Given level 6000 does not cover current configuration: adjusting to 6001
06-06 14:41:05.252 805 805 I su : type=1400 audit(0.0:327): avc: denied { map } for path="/system/xbin/su" dev="dm-0" ino=3480 scontext=u:r:system_server:s0 tcontext=u:object_r:su_exec:s0 tclass=file permissive=1
06-06 14:41:05.425 279 279 I libphy : 5030000.eth: probed
06-06 14:41:05.430 279 279 E : get_key_map_info()187 - Failed to find "oe" in dts.
06-06 14:41:05.259 263 263 I AW_PowerHAL: Power setMode: SUSTAINED_PERFORMANCE to: 1
06-06 14:41:05.256 805 805 I su : type=1400 audit(0.0:328): avc: denied { getattr } for path="/system/xbin/su" dev="dm-0" ino=3480 scontext=u:r:system_server:s0 tcontext=u:object_r:su_exec:s0 tclass=file permissive=1
06-06 14:41:05.260 263 263 W AW_PowerHAL: Could not open nsi-bw: No such file or directory
06-06 14:41:05.260 263 263 I AW_PowerHAL: cur-mode:PERFORMANCE
06-06 14:41:05.441 279 279 I : sunxi-gmac 5030000.eth eth0: eth0: Type(7) PHY ID 00441400 at 0 IRQ poll (5030000.eth-0:00)
06-06 14:41:05.274 240 240 I netd : trafficSwapActiveStatsMap() <39.89ms>
06-06 14:41:05.275 479 479 D SystemServerTiming: startHomeOnAllDisplays took to complete: 190ms
06-06 14:41:05.275 479 479 I SystemServerTiming: showSystemReadyErrorDialogs
06-06 14:41:05.277 388 388 V C2Store : in ~ComponentModule
06-06 14:41:05.277 666 666 E droid.bluetoot: [0606/144105.276292:ERROR:hal_version_manager.h(125)] HalVersionManager No supported HAL version
06-06 14:41:05.277 479 479 I system_server: getFrameworkHalManifest: Reading VINTF information.
06-06 14:41:05.278 388 388 V C2Store : unloading dll
06-06 14:41:05.278 388 388 V C2Store : in init
06-06 14:41:05.278 388 388 V C2Store : loading dll
06-06 14:41:05.280 240 240 I netd : tetherGetStats() -> {[]} <3.66ms>
06-06 14:41:05.280 479 479 I system_server: getDeviceHalManifest: Reading VINTF information.
06-06 14:41:05.283 479 536 W BestClock: java.time.DateTimeException: Missing NTP fix
06-06 14:41:05.280 264 264 I EventThread: type=1400 audit(0.0:329): avc: denied { search } for name="extcon" dev="sysfs" ino=18109 scontext=u:r:hal_tv_cec_default:s0 tcontext=u:object_r:sysfs_extcon:s0 tclass=dir permissive=1
06-06 14:41:05.286 479 536 W BestClock: java.time.DateTimeException: Missing NTP fix
06-06 14:41:05.287 240 279 I netd : interfaceSetCfg(InterfaceConfigurationParcel{ifName: eth0, hwAddr: 20:02:fe:19:c2:27, ipv4Addr: 0.0.0.0, prefixLength: 0, flags: [broadcast, multicast, up]}) <1061.42ms>
06-06 14:41:05.288 240 279 I netd : interfaceGetCfg(eth0) -> {InterfaceConfigurationParcel{ifName: eth0, hwAddr: 20:02:fe:19:c2:27, ipv4Addr: 0.0.0.0, prefixLength: 0, flags: [up, broadcast, multicast]}} <0.28ms>
06-06 14:41:05.288 479 479 I system_server: getDeviceHalManifest: Successfully processed VINTF information
06-06 14:41:05.289 479 479 I system_server: getFrameworkHalManifest: Successfully processed VINTF information
06-06 14:41:05.289 479 479 I system_server: getFrameworkCompatibilityMatrix: Reading VINTF information.
06-06 14:41:05.290 479 527 W PppoeNetworkFactory: interfaceLinkStateChanged
06-06 14:41:05.290 479 649 D EthernetTracker: Tracking interface in client mode: eth0
06-06 14:41:05.291 479 649 D EthernetNetworkFactory: addInterface, iface: eth0, capabilities: [ Transports: ETHERNET Capabilities: NOT_METERED&INTERNET&NOT_RESTRICTED&TRUSTED&NOT_VPN&NOT_ROAMING&NOT_CONGESTED&NOT_SUSPENDED&NOT_VCN_MANAGED LinkUpBandwidth>=100000Kbps LinkDnBandwidth>=100000Kbps]
06-06 14:41:05.291 479 527 D PppoeNetworkFactory: updateInterface: mIface: mPhyIface:eth0 iface:eth0 link:down
06-06 14:41:05.291 479 527 I EthernetTracker: interfaceLinkStateChanged, iface: eth0, up: false
06-06 14:41:05.291 479 527 W PppoeNetworkFactory: interfaceLinkStateChanged
06-06 14:41:05.291 479 527 D PppoeNetworkFactory: updateInterface: mIface: mPhyIface:eth0 iface:eth0 link:down
06-06 14:41:05.292 479 527 I EthernetTracker: interfaceLinkStateChanged, iface: eth0, up: false
06-06 14:41:05.292 479 649 D EthernetNetworkFactory: updateCapabilityFilter: [ Transports: ETHERNET Capabilities: NOT_METERED&INTERNET&NOT_RESTRICTED&TRUSTED&NOT_VPN&NOT_ROAMING&NOT_CONGESTED&NOT_SUSPENDED&NOT_VCN_MANAGED]
06-06 14:41:05.293 479 649 D EthernetNetworkFactory: updateInterfaceLinkState, iface: eth0, up: false
06-06 14:41:05.293 479 649 D EthernetNetworkFactory: updateInterfaceLinkState, iface: eth0, up: false
06-06 14:41:05.293 666 666 I droid.bluetoot: [0606/144105.293436:INFO:btif_config_cache.cc(61)] BtifConfigCache, capacity: 10000
06-06 14:41:05.295 479 649 D Ethernet: got request NetworkRequest [ REQUEST id=4, [ Transports: ETHERNET Capabilities: INTERNET&NOT_RESTRICTED&TRUSTED&NOT_VPN&NOT_VCN_MANAGED RequestorUid: 1000 RequestorPkg: android] ]
06-06 14:41:05.295 479 649 D EthernetNetworkFactory: acceptRequest, request: NetworkRequest [ REQUEST id=4, [ Transports: ETHERNET Capabilities: INTERNET&NOT_RESTRICTED&TRUSTED&NOT_VPN&NOT_VCN_MANAGED RequestorUid: 1000 RequestorPkg: android] ]
06-06 14:41:05.295 479 649 I EthernetNetworkFactory: networkForRequest, request: NetworkRequest [ REQUEST id=4, [ Transports: ETHERNET Capabilities: INTERNET&NOT_RESTRICTED&TRUSTED&NOT_VPN&NOT_VCN_MANAGED RequestorUid: 1000 RequestorPkg: android] ], network: null
06-06 14:41:05.295 479 649 D Ethernet: got request NetworkRequest [ REQUEST id=10, [ Capabilities: INTERNET&NOT_RESTRICTED&TRUSTED&NOT_VCN_MANAGED Uid: 1000 RequestorUid: 1000 RequestorPkg: android] ]
06-06 14:41:05.295 479 649 D EthernetNetworkFactory: acceptRequest, request: NetworkRequest [ REQUEST id=10, [ Capabilities: INTERNET&NOT_RESTRICTED&TRUSTED&NOT_VCN_MANAGED Uid: 1000 RequestorUid: 1000 RequestorPkg: android] ]
06-06 14:41:05.296 479 649 I EthernetNetworkFactory: networkForRequest, request: NetworkRequest [ REQUEST id=10, [ Capabilities: INTERNET&NOT_RESTRICTED&TRUSTED&NOT_VCN_MANAGED Uid: 1000 RequestorUid: 1000 RequestorPkg: android] ], network: null
06-06 14:41:05.296 479 649 D Ethernet: got request NetworkRequest [ REQUEST id=17, [ Capabilities: INTERNET&NOT_RESTRICTED&TRUSTED&NOT_VCN_MANAGED Uid: 1000 RequestorUid: 1000 RequestorPkg: android] ]
06-06 14:41:05.296 479 649 D EthernetNetworkFactory: acceptRequest, request: NetworkRequest [ REQUEST id=17, [ Capabilities: INTERNET&NOT_RESTRICTED&TRUSTED&NOT_VCN_MANAGED Uid: 1000 RequestorUid: 1000 RequestorPkg: android] ]
06-06 14:41:05.296 479 649 I EthernetNetworkFactory: networkForRequest, request: NetworkRequest [ REQUEST id=17, [ Capabilities: INTERNET&NOT_RESTRICTED&TRUSTED&NOT_VCN_MANAGED Uid: 1000 RequestorUid: 1000 RequestorPkg: android] ], network: null
06-06 14:41:05.296 479 649 D Ethernet: got request NetworkRequest [ REQUEST id=1, [ Capabilities: INTERNET&NOT_RESTRICTED&TRUSTED&NOT_VPN&NOT_VCN_MANAGED RequestorUid: 1000 RequestorPkg: android] ]
06-06 14:41:05.296 479 649 D EthernetNetworkFactory: acceptRequest, request: NetworkRequest [ REQUEST id=1, [ Capabilities: INTERNET&NOT_RESTRICTED&TRUSTED&NOT_VPN&NOT_VCN_MANAGED RequestorUid: 1000 RequestorPkg: android] ]
06-06 14:41:05.296 479 649 I EthernetNetworkFactory: networkForRequest, request: NetworkRequest [ REQUEST id=1, [ Capabilities: INTERNET&NOT_RESTRICTED&TRUSTED&NOT_VPN&NOT_VCN_MANAGED RequestorUid: 1000 RequestorPkg: android] ], network: null
06-06 14:41:05.299 388 388 V C2Store : in ~ComponentModule
06-06 14:41:05.299 388 388 V C2Store : unloading dll
06-06 14:41:05.300 388 388 V C2Store : in init
06-06 14:41:05.301 388 388 V C2Store : loading dll
06-06 14:41:05.300 805 805 I su : type=1400 audit(0.0:330): avc: denied { read } for name="u:object_r:vendor_default_prop:s0" dev="tmpfs" ino=6521 scontext=u:r:system_server:s0 tcontext=u:object_r:vendor_default_prop:s0 tclass=file permissive=1
06-06 14:41:05.300 805 805 I su : type=1400 audit(0.0:331): avc: denied { open } for path="/dev/__properties__/u:object_r:vendor_default_prop:s0" dev="tmpfs" ino=6521 scontext=u:r:system_server:s0 tcontext=u:object_r:vendor_default_prop:s0 tclass=file permissive=1
06-06 14:41:05.300 805 805 I su : type=1400 audit(0.0:332): avc: denied { getattr } for path="/dev/__properties__/u:object_r:vendor_default_prop:s0" dev="tmpfs" ino=6521 scontext=u:r:system_server:s0 tcontext=u:object_r:vendor_default_prop:s0 tclass=file permissive=1
06-06 14:41:05.300 805 805 I su : type=1400 audit(0.0:333): avc: denied { map } for path="/dev/__properties__/u:object_r:vendor_default_prop:s0" dev="tmpfs" ino=6521 scontext=u:r:system_server:s0 tcontext=u:object_r:vendor_default_prop:s0 tclass=file permissive=1
06-06 14:41:05.314 388 388 V C2Store : in ~ComponentModule
06-06 14:41:05.314 388 388 V C2Store : unloading dll
06-06 14:41:05.314 388 388 V C2Store : in init
06-06 14:41:05.314 388 388 V C2Store : loading dll
06-06 14:41:05.323 240 240 I netd : trafficSwapActiveStatsMap() <36.02ms>
06-06 14:41:05.326 388 388 V C2Store : in ~ComponentModule
06-06 14:41:05.326 388 388 V C2Store : unloading dll
06-06 14:41:05.327 388 388 V C2Store : in init
06-06 14:41:05.327 240 240 I netd : tetherGetStats() -> {[]} <2.40ms>
06-06 14:41:05.327 388 388 V C2Store : loading dll
06-06 14:41:05.329 479 536 W BestClock: java.time.DateTimeException: Missing NTP fix
06-06 14:41:05.332 479 536 W BestClock: java.time.DateTimeException: Missing NTP fix
06-06 14:41:05.334 388 388 V C2Store : in ~ComponentModule
06-06 14:41:05.335 388 388 V C2Store : unloading dll
06-06 14:41:05.335 388 388 V C2Store : in init
06-06 14:41:05.335 388 388 V C2Store : loading dll
06-06 14:41:05.345 666 666 I BluetoothServiceJni: hal_util_load_bt_library: loaded Bluetooth library successfully
06-06 14:41:05.346 666 666 D BluetoothAdapterService: onCreate()
06-06 14:41:05.348 388 388 V C2Store : in ~ComponentModule
06-06 14:41:05.348 388 388 V C2Store : unloading dll
06-06 14:41:05.348 388 388 V C2Store : in init
06-06 14:41:05.348 388 388 V C2Store : loading dll
06-06 14:41:05.350 240 240 I netd : trafficSwapActiveStatsMap() <17.38ms>
06-06 14:41:05.352 793 793 I WebViewZygoteInit: Application preload done
06-06 14:41:05.354 240 240 I netd : tetherGetStats() -> {[]} <2.62ms>
06-06 14:41:05.356 479 536 W BestClock: java.time.DateTimeException: Missing NTP fix
06-06 14:41:05.359 388 388 V C2Store : in ~ComponentModule
06-06 14:41:05.359 388 388 V C2Store : unloading dll
06-06 14:41:05.359 388 388 V C2Store : in init
06-06 14:41:05.359 479 536 W BestClock: java.time.DateTimeException: Missing NTP fix
06-06 14:41:05.359 388 388 V C2Store : loading dll
06-06 14:41:05.364 388 388 V C2Store : in ~ComponentModule
06-06 14:41:05.364 388 388 V C2Store : unloading dll
06-06 14:41:05.364 388 388 V C2Store : in init
06-06 14:41:05.364 388 388 V C2Store : loading dll
06-06 14:41:05.368 388 388 V C2Store : in ~ComponentModule
06-06 14:41:05.368 388 388 V C2Store : unloading dll
06-06 14:41:05.368 388 388 V C2Store : in init
06-06 14:41:05.368 388 388 V C2Store : loading dll
06-06 14:41:05.375 388 388 V C2Store : in ~ComponentModule
06-06 14:41:05.375 388 388 V C2Store : unloading dll
06-06 14:41:05.375 388 388 V C2Store : in init
06-06 14:41:05.375 388 388 V C2Store : loading dll
06-06 14:41:05.379 388 388 I C2SoftVp8Enc: setting temporal layering 0 + 0
06-06 14:41:05.381 388 388 V C2Store : in ~ComponentModule
06-06 14:41:05.381 388 388 V C2Store : unloading dll
06-06 14:41:05.381 388 388 V C2Store : in init
06-06 14:41:05.381 388 388 V C2Store : loading dll
06-06 14:41:05.386 240 240 I netd : trafficSwapActiveStatsMap() <26.91ms>
06-06 14:41:05.387 388 388 V C2Store : in ~ComponentModule
06-06 14:41:05.387 388 388 V C2Store : unloading dll
06-06 14:41:05.387 388 388 V C2Store : in init
06-06 14:41:05.387 388 388 V C2Store : loading dll
06-06 14:41:05.390 240 240 I netd : tetherGetStats() -> {[]} <2.24ms>
06-06 14:41:05.392 479 536 W BestClock: java.time.DateTimeException: Missing NTP fix
06-06 14:41:05.393 388 388 I C2SoftVp9Enc: setting temporal layering 0 + 0
06-06 14:41:05.395 479 536 W BestClock: java.time.DateTimeException: Missing NTP fix
06-06 14:41:05.395 388 388 V C2Store : in ~ComponentModule
06-06 14:41:05.396 388 388 V C2Store : unloading dll
06-06 14:41:05.397 371 478 D MediaCodecsXmlParser: parsing /apex/com.android.media.swcodec/etc/media_codecs.xml...
06-06 14:41:05.398 371 478 D MediaCodecsXmlParser: disabling c2.android.gsm.decoder
06-06 14:41:05.399 371 478 D MediaCodecsXmlParser: disabling c2.android.mpeg2.decoder
06-06 14:41:05.400 479 479 I system_server: getFrameworkCompatibilityMatrix: Successfully processed VINTF information
06-06 14:41:05.400 479 479 I system_server: getDeviceCompatibilityMatrix: Reading VINTF information.
06-06 14:41:05.401 371 478 I MediaCodecsXmlParser: Did not find media_codecs_performance.xml in search path
06-06 14:41:05.401 371 478 I MediaCodecsXmlParser: Did not find media_codecs_c2.xml in search path
06-06 14:41:05.401 371 478 I MediaCodecsXmlParser: Did not find media_codecs_performance_c2.xml in search path
06-06 14:41:05.401 371 478 D MediaCodecsXmlParser: parsing /vendor/etc/media_codecs.xml...
06-06 14:41:05.401 479 479 I system_server: getDeviceCompatibilityMatrix: Successfully processed VINTF information
06-06 14:41:05.401 371 478 D MediaCodecsXmlParser: parsing /vendor/etc/media_codecs_google_audio.xml...
06-06 14:41:05.401 371 478 D MediaCodecsXmlParser: unable to open media codecs configuration xml file: /vendor/etc/media_codecs_google_audio.xml
06-06 14:41:05.402 371 478 D MediaCodecsXmlParser: Setting: updating existing setting at line 97 of /vendor/etc/media_codecs.xml
06-06 14:41:05.405 371 478 D MediaCodecsXmlParser: parsing /vendor/etc/media_codecs_google_video.xml...
06-06 14:41:05.405 371 478 D MediaCodecsXmlParser: unable to open media codecs configuration xml file: /vendor/etc/media_codecs_google_video.xml
06-06 14:41:05.405 371 478 D MediaCodecsXmlParser: parsing /vendor/etc/media_codecs_performance.xml...
06-06 14:41:05.405 371 478 D MediaCodecsXmlParser: MediaCodec: cannot update non-existing codec: OMX.google.h264.encoder at line 25 of /vendor/etc/media_codecs_performance.xml
06-06 14:41:05.405 371 478 D MediaCodecsXmlParser: MediaCodec: cannot update non-existing codec: OMX.google.h263.encoder at line 31 of /vendor/etc/media_codecs_performance.xml
06-06 14:41:05.405 371 478 D MediaCodecsXmlParser: MediaCodec: cannot update non-existing codec: OMX.google.mpeg4.encoder at line 34 of /vendor/etc/media_codecs_performance.xml
06-06 14:41:05.406 371 478 D MediaCodecsXmlParser: MediaCodec: cannot update non-existing codec: OMX.google.vp8.encoder at line 37 of /vendor/etc/media_codecs_performance.xml
06-06 14:41:05.406 371 478 D MediaCodecsXmlParser: MediaCodec: cannot update non-existing codec: OMX.allwinner.video.decoder.h263 at line 59 of /vendor/etc/media_codecs_performance.xml
06-06 14:41:05.406 371 478 D MediaCodecsXmlParser: MediaCodec: cannot update non-existing codec: OMX.google.mpeg4.decoder at line 80 of /vendor/etc/media_codecs_performance.xml
06-06 14:41:05.406 371 478 D MediaCodecsXmlParser: MediaCodec: cannot update non-existing codec: OMX.google.h264.decoder at line 83 of /vendor/etc/media_codecs_performance.xml
06-06 14:41:05.406 371 478 D MediaCodecsXmlParser: MediaCodec: cannot update non-existing codec: OMX.google.h263.decoder at line 89 of /vendor/etc/media_codecs_performance.xml
06-06 14:41:05.406 371 478 D MediaCodecsXmlParser: MediaCodec: cannot update non-existing codec: OMX.google.hevc.decoder at line 93 of /vendor/etc/media_codecs_performance.xml
06-06 14:41:05.406 371 478 D MediaCodecsXmlParser: MediaCodec: cannot update non-existing codec: OMX.google.vp8.decoder at line 101 of /vendor/etc/media_codecs_performance.xml
06-06 14:41:05.406 371 478 D MediaCodecsXmlParser: MediaCodec: cannot update non-existing codec: OMX.google.vp9.decoder at line 107 of /vendor/etc/media_codecs_performance.xml
06-06 14:41:05.407 371 478 I MediaCodecsXmlParser: Did not find media_codecs_shaping.xml in search path
06-06 14:41:05.407 371 478 I MediaCodecsXmlParser: Did not find media_codecs_shaping.xml in search path
06-06 14:41:05.407 388 388 V C2Store : in init
06-06 14:41:05.407 388 388 V C2Store : loading dll
06-06 14:41:05.412 479 479 D SystemServerTiming: showSystemReadyErrorDialogs took to complete: 137ms
06-06 14:41:05.412 479 479 I SystemServerTiming: sendUserStartBroadcast
06-06 14:41:05.413 479 479 D SystemServerTiming: sendUserStartBroadcast took to complete: 0ms
06-06 14:41:05.413 479 479 I SystemServerTiming: resumeTopActivities
06-06 14:41:05.413 371 478 I Codec2InfoBuilder: adding type 'audio/mp4a-latm'
06-06 14:41:05.415 479 479 D SystemServerTiming: resumeTopActivities took to complete: 3ms
06-06 14:41:05.415 479 479 I SystemServerTiming: sendUserSwitchBroadcasts
06-06 14:41:05.416 479 479 D SystemServerTiming: sendUserSwitchBroadcasts took to complete: 0ms
06-06 14:41:05.416 479 479 I SystemServerTiming: setBinderProxies
06-06 14:41:05.416 479 479 D SystemServerTiming: setBinderProxies took to complete: 1ms
06-06 14:41:05.416 479 479 D SystemServerTiming: ActivityManagerStartApps took to complete: 394ms
06-06 14:41:05.416 479 479 D SystemServerTiming: PhaseActivityManagerReady took to complete: 1013ms
06-06 14:41:05.416 479 479 I SystemServerTiming: StartSystemUI
06-06 14:41:05.416 479 537 W system_server: Long monitor contention with owner main (479) at int com.android.server.am.UserController$Injector.broadcastIntent(android.content.Intent, java.lang.String, android.content.IIntentReceiver, int, java.lang.String, android.os.Bundle, java.lang.String[], int, android.os.Bundle, boolean, boolean, int, int, int, int, int)(UserController.java:2934) waiters=0 in void com.android.server.am.BroadcastQueue.processNextBroadcast(boolean) for 334ms
06-06 14:41:05.418 479 604 W BestClock: java.time.DateTimeException: Missing NTP fix
06-06 14:41:05.418 479 604 W BestClock: java.time.DateTimeException: Missing NTP fix
06-06 14:41:05.419 479 538 W ActivityManager: Slow operation: 336ms so far, now at startProcess: done updating battery stats
06-06 14:41:05.419 479 538 W ActivityManager: Slow operation: 336ms so far, now at startProcess: building log message
06-06 14:41:05.419 479 538 I ActivityManager: app.processName = com.android.se
06-06 14:41:05.419 479 538 I ActivityManager: Start proc 772:com.android.se/1068 for added application com.android.se
06-06 14:41:05.419 479 538 W ActivityManager: Slow operation: 336ms so far, now at startProcess: starting to update pids map
06-06 14:41:05.420 479 538 W ActivityManager: Slow operation: 336ms so far, now at startProcess: done updating pids map
06-06 14:41:05.422 240 240 I netd : trafficSwapActiveStatsMap() <27.02ms>
06-06 14:41:05.428 240 240 I netd : tetherGetStats() -> {[]} <4.82ms>
06-06 14:41:05.430 479 539 I libprocessgroup: Successfully killed process cgroup uid 1037 pid 719 in 0ms
06-06 14:41:05.431 479 536 W BestClock: java.time.DateTimeException: Missing NTP fix
06-06 14:41:05.431 479 754 I ActivityManager: Process WebViewLoader-armeabi-v7a (pid 719) has died: psvc PER
06-06 14:41:05.433 479 613 D ConnectivityService: Got NetworkProvider Messenger for VpnNetworkProvider:0
06-06 14:41:05.435 479 604 W BestClock: java.time.DateTimeException: Missing NTP fix
06-06 14:41:05.437 479 604 W BestClock: java.time.DateTimeException: Missing NTP fix
06-06 14:41:05.438 479 536 W BestClock: java.time.DateTimeException: Missing NTP fix
06-06 14:41:05.438 479 604 W BestClock: java.time.DateTimeException: Missing NTP fix
06-06 14:41:05.439 666 666 D AdapterState: make() - Creating AdapterState
06-06 14:41:05.440 479 604 W BestClock: java.time.DateTimeException: Missing NTP fix
06-06 14:41:05.443 479 503 D CompatibilityChangeReporter: Compat change id reported: 168419799; UID 1068; state: DISABLED
06-06 14:41:05.444 479 544 W KernelCpuProcStringReader: File not found. It's normal if not implemented: /proc/uid_time_in_state
06-06 14:41:05.444 479 544 W KernelCpuProcStringReader: File not found. It's normal if not implemented: /proc/uid_concurrent_active_time
06-06 14:41:05.445 479 544 W KernelCpuProcStringReader: File not found. It's normal if not implemented: /proc/uid_concurrent_policy_time
06-06 14:41:05.445 479 544 E KernelCpuSpeedReader: Failed to read cpu-freq: /sys/devices/system/cpu/cpu0/cpufreq/stats/time_in_state: open failed: ENOENT (No such file or directory)
06-06 14:41:05.446 479 544 E system_server: Cannot read thread CPU times for PID 479
06-06 14:41:05.450 388 408 V C2Store : in init
06-06 14:41:05.451 388 408 V C2Store : loading dll
06-06 14:41:05.451 388 409 V C2Store : in ~ComponentModule
06-06 14:41:05.451 388 409 V C2Store : unloading dll
06-06 14:41:05.454 666 810 I AdapterState: OFF : entered
06-06 14:41:05.454 666 810 D AdapterProperties: Setting state to OFF
06-06 14:41:05.456 666 666 D BluetoothKeystoreService: new BluetoothKeystoreService isCommonCriteriaMode: false
06-06 14:41:05.458 666 666 D BluetoothKeystoreService: start
06-06 14:41:05.459 479 530 I ActivityManager: com.android.tv.settings is exempt from freezer
06-06 14:41:05.459 479 530 D CompatibilityChangeReporter: Compat change id reported: 135634846; UID 1000; state: DISABLED
06-06 14:41:05.463 666 666 I droid.bluetoot: [0606/144105.462775:INFO:com_android_bluetooth_btservice_BluetoothKeystore.cpp(97)] classInitNative: succeeds
06-06 14:41:05.464 666 666 D BluetoothKeystoreService: setBluetoothKeystoreService(): set to: com.android.bluetooth.btservice.bluetoothkeystore.BluetoothKeystoreService@dc3da2c
06-06 14:41:05.464 772 772 D CompatibilityChangeReporter: Compat change id reported: 171979766; UID 1068; state: ENABLED
06-06 14:41:05.466 240 240 I netd : trafficSwapActiveStatsMap() <27.90ms>
06-06 14:41:05.471 240 240 I netd : tetherGetStats() -> {[]} <3.44ms>
06-06 14:41:05.474 479 536 W BestClock: java.time.DateTimeException: Missing NTP fix
06-06 14:41:05.477 479 530 I InputManager: Enabling motion classifier because user switched: feature enabled, long press timeout = 400
06-06 14:41:05.477 479 530 I InputClassifier: Enabling motion classifier
06-06 14:41:05.477 666 666 D BluetoothKeystoreService: loadConfigData
06-06 14:41:05.478 180 180 I hwservicemanager: getTransport: Cannot find entry android.hardware.input.classifier@1.0::IInputClassifier/default in either framework or device VINTF manifest.
06-06 14:41:05.479 479 604 W BestClock: java.time.DateTimeException: Missing NTP fix
06-06 14:41:05.479 479 536 W BestClock: java.time.DateTimeException: Missing NTP fix
06-06 14:41:05.479 479 814 I InputClassifier: Could not obtain InputClassifier HAL
06-06 14:41:05.480 371 478 I Codec2InfoBuilder: adding type 'audio/mp4a-latm'
06-06 14:41:05.485 388 811 V C2Store : in init
06-06 14:41:05.486 388 811 V C2Store : loading dll
06-06 14:41:05.487 388 408 V C2Store : in ~ComponentModule
06-06 14:41:05.487 388 408 V C2Store : unloading dll
06-06 14:41:05.489 479 479 D JNIMultiir: Multiir JNI_OnLoad()
06-06 14:41:05.489 479 479 D JNIMultiir: init
06-06 14:41:05.491 371 478 I Codec2InfoBuilder: adding type 'audio/3gpp'
06-06 14:41:05.492 479 479 D SystemServerTiming: StartSystemUI took to complete: 76ms
06-06 14:41:05.492 479 479 D SystemServerTiming: startOtherServices took to complete: 2924ms
06-06 14:41:05.492 479 479 D SystemServer: VMRuntime.setVerifierEnabled(true)
