06-06 14:41:16.496 1427 1427 I a2dp_codec: system/bt/stack/a2dp/a2dp_codec_config.cc:113 createCodec: createCodec: codec LDAC SINK
06-06 14:41:16.497 1427 1427 E a2dp_vendor_ldac_decoder: system/bt/stack/a2dp/a2dp_vendor_ldac_decoder.cc:134 A2DP_VendorLoadDecoderLdac: A2DP_VendorLoadDecoderLdac: cannot open LDAC decoder library libldacBT_bco.so: dlopen failed: library "libldacBT_bco.so" not found
06-06 14:41:16.497 1427 1427 E a2dp_vendor_ldac: system/bt/stack/a2dp/a2dp_vendor_ldac.cc:1418 init: init: cannot load the decoder
06-06 14:41:16.497 1427 1427 I a2dp_codec: system/bt/stack/a2dp/a2dp_codec_config.cc:658 init: init: initialized Source codec LDAC
06-06 14:41:16.497 1427 1427 I a2dp_codec: system/bt/stack/a2dp/a2dp_codec_config.cc:658 init: init: initialized Source codec AAC
06-06 14:41:16.497 1427 1427 I a2dp_codec: system/bt/stack/a2dp/a2dp_codec_config.cc:658 init: init: initialized Source codec SBC
06-06 14:41:16.497 1427 1427 I a2dp_codec: system/bt/stack/a2dp/a2dp_codec_config.cc:665 init: init: initialized Sink codec AAC SINK
06-06 14:41:16.497 1427 1427 I a2dp_codec: system/bt/stack/a2dp/a2dp_codec_config.cc:665 init: init: initialized Sink codec SBC SINK
06-06 14:41:16.497 1427 1427 I a2dp_codec: system/bt/stack/a2dp/a2dp_codec_config.cc:569 init: init
06-06 14:41:16.497 1427 1427 I a2dp_codec: system/bt/stack/a2dp/a2dp_codec_config.cc:113 createCodec: createCodec: codec SBC
06-06 14:41:16.497 1427 1427 I a2dp_codec: system/bt/stack/a2dp/a2dp_codec_config.cc:633 init: init: updated SBC codec priority to 1001
06-06 14:41:16.497 1427 1427 I a2dp_codec: system/bt/stack/a2dp/a2dp_codec_config.cc:113 createCodec: createCodec: codec AAC
06-06 14:41:16.497 1427 1427 I a2dp_codec: system/bt/stack/a2dp/a2dp_codec_config.cc:633 init: init: updated AAC codec priority to 2001
06-06 14:41:16.497 1427 1427 I a2dp_codec: system/bt/stack/a2dp/a2dp_codec_config.cc:113 createCodec: createCodec: codec aptX
06-06 14:41:16.500 1427 1427 E a2dp_vendor_aptx_encoder: system/bt/stack/a2dp/a2dp_vendor_aptx_encoder.cc:123 A2DP_VendorLoadEncoderAptx: A2DP_VendorLoadEncoderAptx: cannot open aptX encoder library libaptX_encoder.so: dlopen failed: library "libaptX_encoder.so" not found
06-06 14:41:16.500 1427 1427 E a2dp_vendor_aptx: system/bt/stack/a2dp/a2dp_vendor_aptx.cc:465 init: init: cannot load the encoder
06-06 14:41:16.500 659 659 E WifiHAL : wifi_get_link_stats: requestResponse Error:-5
06-06 14:41:16.500 1427 1427 I a2dp_codec: system/bt/stack/a2dp/a2dp_codec_config.cc:113 createCodec: createCodec: codec aptX-HD
06-06 14:41:16.502 479 606 E WifiVendorHal: getWifiLinkLayerStats_1_5_Internal(l.1191) failed {.code = ERROR_INVALID_ARGS, .description = }
06-06 14:41:16.502 1927 1927 D CompatibilityChangeReporter: Compat change id reported: 171979766; UID 1000; state: DISABLED
06-06 14:41:16.504 1427 1427 E a2dp_vendor_aptx_hd_encoder: system/bt/stack/a2dp/a2dp_vendor_aptx_hd_encoder.cc:123 A2DP_VendorLoadEncoderAptxHd: A2DP_VendorLoadEncoderAptxHd: cannot open aptX-HD encoder library libaptXHD_encoder.so: dlopen failed: library "libaptXHD_encoder.so" not found
06-06 14:41:16.504 1427 1427 E a2dp_vendor_aptx_hd: system/bt/stack/a2dp/a2dp_vendor_aptx_hd.cc:483 init: init: cannot load the encoder
06-06 14:41:16.504 1427 1427 I a2dp_codec: system/bt/stack/a2dp/a2dp_codec_config.cc:113 createCodec: createCodec: codec LDAC
06-06 14:41:16.504 1427 1427 I a2dp_codec: system/bt/stack/a2dp/a2dp_codec_config.cc:633 init: init: updated LDAC codec priority to 5001
06-06 14:41:16.504 1427 1427 I a2dp_codec: system/bt/stack/a2dp/a2dp_codec_config.cc:113 createCodec: createCodec: codec SBC SINK
06-06 14:41:16.504 1427 1427 I a2dp_codec: system/bt/stack/a2dp/a2dp_codec_config.cc:113 createCodec: createCodec: codec AAC SINK
06-06 14:41:16.504 1427 1427 I a2dp_codec: system/bt/stack/a2dp/a2dp_codec_config.cc:113 createCodec: createCodec: codec LDAC SINK
06-06 14:41:16.505 1427 1427 E a2dp_vendor_ldac_decoder: system/bt/stack/a2dp/a2dp_vendor_ldac_decoder.cc:134 A2DP_VendorLoadDecoderLdac: A2DP_VendorLoadDecoderLdac: cannot open LDAC decoder library libldacBT_bco.so: dlopen failed: library "libldacBT_bco.so" not found
06-06 14:41:16.505 1427 1427 E a2dp_vendor_ldac: system/bt/stack/a2dp/a2dp_vendor_ldac.cc:1418 init: init: cannot load the decoder
06-06 14:41:16.505 1427 1427 I a2dp_codec: system/bt/stack/a2dp/a2dp_codec_config.cc:658 init: init: initialized Source codec LDAC
06-06 14:41:16.505 1427 1427 I a2dp_codec: system/bt/stack/a2dp/a2dp_codec_config.cc:658 init: init: initialized Source codec AAC
06-06 14:41:16.505 1427 1427 I a2dp_codec: system/bt/stack/a2dp/a2dp_codec_config.cc:658 init: init: initialized Source codec SBC
06-06 14:41:16.505 1427 1427 I a2dp_codec: system/bt/stack/a2dp/a2dp_codec_config.cc:665 init: init: initialized Sink codec AAC SINK
06-06 14:41:16.505 1427 1427 I a2dp_codec: system/bt/stack/a2dp/a2dp_codec_config.cc:665 init: init: initialized Sink codec SBC SINK
06-06 14:41:16.505 1427 1427 I bt_btif_a2dp_source: system/bt/btif/src/btif_a2dp_source.cc:325 btif_a2dp_source_init: btif_a2dp_source_init
06-06 14:41:16.507 1427 1944 I bt_stack: [INFO:message_loop_thread.cc(224)] Run: message loop starting for thread bt_a2dp_source_worker_thread
06-06 14:41:16.510 1427 1624 I bt_bta_av: system/bt/bta/av/bta_av_main.cc:418 bta_av_api_register: bta_av_api_register: AVRCP version used for sdp: "avrcp15"
06-06 14:41:16.510 1427 1624 I bt_l2cap: system/bt/stack/l2cap/l2c_api.cc:134 L2CA_Register: L2CAP Registered service classic PSM: 0x0019
06-06 14:41:16.510 1427 1624 I bt_l2cap: system/bt/stack/l2cap/l2c_api.cc:134 L2CA_Register: L2CAP Registered service classic PSM: 0x0017
06-06 14:41:16.510 1427 1624 I bt_l2cap: system/bt/stack/l2cap/l2c_api.cc:134 L2CA_Register: L2CAP Registered service classic PSM: 0x001b
06-06 14:41:16.510 1427 1624 I bt_bta_dm: system/bt/bta/dm/bta_dm_act.cc:3191 bta_dm_eir_update_uuid: EIR Adding UUID=0x110A into extended inquiry response
06-06 14:41:16.510 1427 1624 I bt_bta_dm: system/bt/bta/dm/bta_dm_act.cc:2890 bta_dm_set_eir: Generating extended inquiry response packet EIR
06-06 14:41:16.511 1427 1624 I bt_bta_av: system/bt/bta/av/bta_av_act.cc:304 bta_av_rc_create: Skipping RC creation for the old AVRCP profile
06-06 14:41:16.511 1427 1624 I bt_bta_dm: system/bt/bta/dm/bta_dm_act.cc:3191 bta_dm_eir_update_uuid: EIR Adding UUID=0x110E into extended inquiry response
06-06 14:41:16.511 1427 1624 I bt_bta_dm: system/bt/bta/dm/bta_dm_act.cc:2890 bta_dm_set_eir: Generating extended inquiry response packet EIR
06-06 14:41:16.511 1427 1624 I bt_bta_av: system/bt/bta/av/bta_av_main.cc:418 bta_av_api_register: bta_av_api_register: AVRCP version used for sdp: "avrcp15"
06-06 14:41:16.511 1427 1624 I bt_bta_av: system/bt/bta/av/bta_av_main.cc:418 bta_av_api_register: bta_av_api_register: AVRCP version used for sdp: "avrcp15"
06-06 14:41:16.511 1427 1624 I bt_bta_av: system/bt/bta/av/bta_av_main.cc:418 bta_av_api_register: bta_av_api_register: AVRCP version used for sdp: "avrcp15"
06-06 14:41:16.511 1427 1624 I bt_bta_av: system/bt/bta/av/bta_av_main.cc:418 bta_av_api_register: bta_av_api_register: AVRCP version used for sdp: "avrcp15"
06-06 14:41:16.512 479 579 D CompatibilityChangeReporter: Compat change id reported: 171306433; UID 1073; state: ENABLED
06-06 14:41:16.512 1427 1624 I bt_bta_av: system/bt/bta/av/bta_av_main.cc:418 bta_av_api_register: bta_av_api_register: AVRCP version used for sdp: "avrcp15"
06-06 14:41:16.512 1427 1427 I bt_btif_storage: system/bt/btif/src/btif_storage.cc:661 btif_storage_get_adapter_property: btif_storage_get_adapter_property service_mask:0x20000048
06-06 14:41:16.512 1427 1427 D A2dpService: A2DP offload flag set to false
06-06 14:41:16.513 1427 1944 I bt_btif_a2dp_source: system/bt/btif/src/btif_a2dp_source.cc:335 btif_a2dp_source_init_delayed: btif_a2dp_source_init_delayed
06-06 14:41:16.517 1427 1427 D A2dpService: setA2dpService(): set to: com.android.bluetooth.a2dp.A2dpService@b74a245
06-06 14:41:16.518 1427 1427 I BluetoothHidHostServiceJni: classInitNative: succeeds
06-06 14:41:16.520 674 674 D BluetoothHidHost: Proxy object connected
06-06 14:41:16.526 1927 1927 D ApplicationLoaders: Returning zygote-cached class loader: /system/framework/android.test.base.jar
06-06 14:41:16.526 240 240 I netd : interfaceGetCfg(wlan0) -> {InterfaceConfigurationParcel{ifName: wlan0, hwAddr: b4:2f:03:15:e9:08, ipv4Addr: 0.0.0.0, prefixLength: 0, flags: [up, broadcast, running, multicast]}} <0.75ms>
06-06 14:41:16.526 1927 1927 D ApplicationLoaders: Returning zygote-cached class loader: /system/framework/android.hidl.manager-V1.0-java.jar
06-06 14:41:16.526 1927 1927 D ApplicationLoaders: Returning zygote-cached class loader: /system/framework/android.hidl.base-V1.0-java.jar
06-06 14:41:16.532 659 659 E WifiHAL : wifi_get_link_stats: requestResponse Error:-5
06-06 14:41:16.534 479 606 E WifiVendorHal: getWifiLinkLayerStats_1_5_Internal(l.1191) failed {.code = ERROR_INVALID_ARGS, .description = }
06-06 14:41:16.535 1427 1427 I bt_btif : system/bt/btif/src/bluetooth.cc:417 get_profile_interface: get_profile_interface: id = hidhost
06-06 14:41:16.536 1427 1624 I bt_l2cap: system/bt/stack/l2cap/l2c_api.cc:134 L2CA_Register: L2CAP Registered service classic PSM: 0x0011
06-06 14:41:16.536 1427 1427 I bt_btif_storage: system/bt/btif/src/btif_storage.cc:661 btif_storage_get_adapter_property: btif_storage_get_adapter_property service_mask:0x20100048
06-06 14:41:16.536 1427 1624 I bt_l2cap: system/bt/stack/l2cap/l2c_api.cc:134 L2CA_Register: L2CAP Registered service classic PSM: 0x0013
06-06 14:41:16.537 1427 1624 I bluetooth: system/bt/stack/gatt/gatt_api.cc:1019 GATT_Register: Allocated name:GattClient uuid:c934573e-c3d7-b1a5-dd11-bd180723050f gatt_if:4 eatt_support:0
06-06 14:41:16.538 1427 1557 W bt_stack: [WARNING:btif_hh.cc(403)] Added device e4:bb:d3:57:c0:22
06-06 14:41:16.538 1427 1427 I BluetoothPanServiceJni: classInitNative(L110): succeeds
06-06 14:41:16.539 1427 1557 W bt_btif : system/bt/main/bte_logmsg.cc:194 LogMsg: BTA_HH_ADD_DEV_EVT: status = 0, handle = 16
06-06 14:41:16.539 479 613 D ConnectivityService: [100 WIFI] EVENT_NETWORK_INFO_CHANGED, going from CONNECTING to CONNECTING
06-06 14:41:16.541 674 674 D BluetoothPan: Proxy object connected
06-06 14:41:16.547 1427 1427 D BluetoothPanServiceJni: initializeNative(L115): pan
06-06 14:41:16.547 1427 1427 I bt_btif : system/bt/btif/src/bluetooth.cc:417 get_profile_interface: get_profile_interface: id = pan
06-06 14:41:16.547 1427 1624 I bt_l2cap: system/bt/stack/l2cap/l2c_api.cc:134 L2CA_Register: L2CAP Registered service classic PSM: 0x000f
06-06 14:41:16.548 1427 1624 I bt_bta_dm: system/bt/bta/dm/bta_dm_act.cc:3191 bta_dm_eir_update_uuid: EIR Adding UUID=0x1116 into extended inquiry response
06-06 14:41:16.548 1427 1624 I bt_bta_dm: system/bt/bta/dm/bta_dm_act.cc:2890 bta_dm_set_eir: Generating extended inquiry response packet EIR
06-06 14:41:16.548 1427 1624 I bt_bta_dm: system/bt/bta/dm/bta_dm_act.cc:3191 bta_dm_eir_update_uuid: EIR Adding UUID=0x1115 into extended inquiry response
06-06 14:41:16.548 1427 1624 I bt_bta_dm: system/bt/bta/dm/bta_dm_act.cc:2890 bta_dm_set_eir: Generating extended inquiry response packet EIR
06-06 14:41:16.548 1427 1624 I bt_bta_dm: system/bt/bta/dm/bta_dm_act.cc:3191 bta_dm_eir_update_uuid: EIR Adding UUID=0x1116 into extended inquiry response
06-06 14:41:16.548 1427 1624 I bt_bta_dm: system/bt/bta/dm/bta_dm_act.cc:2890 bta_dm_set_eir: Generating extended inquiry response packet EIR
06-06 14:41:16.548 1427 1624 I bt_bta_dm: system/bt/bta/dm/bta_dm_act.cc:3191 bta_dm_eir_update_uuid: EIR Adding UUID=0x1115 into extended inquiry response
06-06 14:41:16.548 1427 1624 I bt_bta_dm: system/bt/bta/dm/bta_dm_act.cc:2890 bta_dm_set_eir: Generating extended inquiry response packet EIR
06-06 14:41:16.548 1427 1557 D BluetoothPanServiceJni: control_state_callback(L62): state:0, local_role:3, ifname:bt-pan
06-06 14:41:16.553 674 674 D BluetoothMap: Proxy object connected
06-06 14:41:16.553 674 674 D BluetoothMap: getConnectedDevices()
06-06 14:41:16.584 1896 1896 I TvApplication: Starting TV app 1.24-asop
06-06 14:41:16.584 1896 1896 I TvApplication: Started TV app 1.24-asop
06-06 14:41:16.586 479 613 D ConnectivityService: NetReassign [no changes]
06-06 14:41:16.593 479 613 D ConnectivityService: NetReassign [no changes]
06-06 14:41:16.596 479 606 E WifiVendorHal: configureNeighborDiscoveryOffload(l.2704) failed {.code = ERROR_INVALID_ARGS, .description = }
06-06 14:41:16.602 240 240 I netd : interfaceSetIPv6PrivacyExtensions(wlan0, true) <0.53ms>
06-06 14:41:16.604 240 240 I netd : setIPv6AddrGenMode(wlan0, 2) <0.50ms>
06-06 14:41:16.605 240 240 I netd : interfaceSetEnableIPv6(wlan0, true) <0.50ms>
06-06 14:41:16.620 479 613 D ConnectivityService: Adding iface wlan0 to network 100
06-06 14:41:16.621 240 240 E Netd : no such netId 100
06-06 14:41:16.621 240 240 I netd : networkAddInterface(100, wlan0) -> ServiceSpecificException(64, "Machine is not on the network") <0.09ms>
06-06 14:41:16.621 479 613 W ConnectivityService: Exception adding interface: android.os.ServiceSpecificException: Machine is not on the network (code 64)
06-06 14:41:16.624 240 240 E Netd : no such netId 100
06-06 14:41:16.624 240 240 I netd : networkAddRouteParcel(100, RouteInfoParcel{destination: fe80::/64, ifName: wlan0, nextHop: , mtu: 0}) -> ServiceSpecificException(64, "Machine is not on the network") <0.14ms>
06-06 14:41:16.627 1427 1427 I AvrcpTargetService: User unlocked, initializing the service
06-06 14:41:16.627 1427 1427 I AvrcpTargetService: Starting the AVRCP Target Service
06-06 14:41:16.629 1427 1427 V MediaPlayerList: Creating MediaPlayerList
06-06 14:41:16.630 479 613 W BestClock: java.time.DateTimeException: Missing NTP fix
06-06 14:41:16.637 479 808 D MediaSessionService: The MediaKeyEventSessionChangedListener (android.os.BinderProxy@b70a82b) is added by com.android.bluetooth
06-06 14:41:16.639 1427 1427 I AvrcpTargetJni: classInitNative: AvrcpTargetJni initialized!
06-06 14:41:16.639 1427 1427 D AvrcpNativeInterface: Init AvrcpNativeInterface
06-06 14:41:16.639 1427 1427 D AvrcpTargetJni: initNative
06-06 14:41:16.639 1427 1624 I bt_stack: [INFO:avrcp_service.cc(287)] AVRCP Target Service started
06-06 14:41:16.640 1427 1624 I bt_bta_dm: system/bt/bta/dm/bta_dm_act.cc:3191 bta_dm_eir_update_uuid: EIR Adding UUID=0x110C into extended inquiry response
06-06 14:41:16.640 1427 1624 I bt_bta_dm: system/bt/bta/dm/bta_dm_act.cc:2890 bta_dm_set_eir: Generating extended inquiry response packet EIR
06-06 14:41:16.640 1427 1624 I bt_stack: [INFO:connection_handler.cc(197)] Connect to device ff:ff:ff:ff:ff:ff
06-06 14:41:16.640 1427 1624 I bt_stack: [INFO:connection_handler.cc(219)] virtual bool bluetooth::avrcp::ConnectionHandler::AvrcpConnect(bool, const RawAddress &): handle=0000 status= 000000
06-06 14:41:16.644 1427 1427 V MediaPlayerList: Initializing MediaPlayerList
06-06 14:41:16.646 1427 1427 I AvrcpBrowsedPlayerWrapper: Wrapping Media Browser com.android.music
06-06 14:41:16.647 1427 1427 E AvrcpTargetService: Please use AVRCP version 1.6 to enable cover art
06-06 14:41:16.650 240 240 I netd : trafficSwapActiveStatsMap() <18.82ms>
06-06 14:41:16.654 674 674 D BluetoothHidDevice: Proxy object connected
06-06 14:41:16.656 1427 1928 W BluetoothUtils: BluetoothHidDeviceBinder - Not available
06-06 14:41:16.656 240 240 I netd : tetherGetStats() -> {[]} <3.33ms>
06-06 14:41:16.661 1427 1427 V BluetoothHidDeviceServiceJni: classInitNative: done
06-06 14:41:16.661 1427 1427 V BluetoothHidDeviceServiceJni: initNative enter
06-06 14:41:16.661 1427 1427 I bt_btif : system/bt/btif/src/bluetooth.cc:417 get_profile_interface: get_profile_interface: id = hiddev
06-06 14:41:16.661 1427 1427 I bt_btif_storage: system/bt/btif/src/btif_storage.cc:661 btif_storage_get_adapter_property: btif_storage_get_adapter_property service_mask:0x60100048
06-06 14:41:16.663 1427 1427 V BluetoothHidDeviceServiceJni: initNative done
06-06 14:41:16.665 659 659 E WifiHAL : wifi_get_link_stats: requestResponse Error:-5
06-06 14:41:16.667 479 606 E WifiVendorHal: getWifiLinkLayerStats_1_5_Internal(l.1191) failed {.code = ERROR_INVALID_ARGS, .description = }
06-06 14:41:16.670 479 613 W BestClock: java.time.DateTimeException: Missing NTP fix
06-06 14:41:16.673 479 604 W BestClock: java.time.DateTimeException: Missing NTP fix
06-06 14:41:16.676 1427 1427 D BtOppService: setBluetoothOppService(): set to: com.android.bluetooth.opp.BluetoothOppService@3be23f0
06-06 14:41:16.675 479 604 W BestClock: java.time.DateTimeException: Missing NTP fix
06-06 14:41:16.681 1427 1427 I BluetoothPbapService: setCurrentUser(0)
06-06 14:41:16.681 1427 1427 I BluetoothPbapService: setUserUnlocked(0)
06-06 14:41:16.681 1427 1427 I BluetoothPbapService: setUserUnlocked(0)
06-06 14:41:16.688 1427 1427 D BluetoothPbapService: setBluetoothPbapService(): set to: com.android.bluetooth.pbap.BluetoothPbapService@c7d90a1
06-06 14:41:16.689 1427 1427 D AvrcpVolumeManager: onAudioDevicesAdded: Not expecting device changed
06-06 14:41:16.695 479 1371 D CompatibilityChangeReporter: Compat change id reported: 135634846; UID 10042; state: DISABLED
06-06 14:41:16.695 479 1371 D CompatibilityChangeReporter: Compat change id reported: 177438394; UID 10042; state: DISABLED
06-06 14:41:16.695 479 1371 D CompatibilityChangeReporter: Compat change id reported: 135772972; UID 10042; state: DISABLED
06-06 14:41:16.695 479 1371 D CompatibilityChangeReporter: Compat change id reported: 135754954; UID 10042; state: DISABLED
06-06 14:41:16.696 479 538 D CompatibilityChangeReporter: Compat change id reported: 143937733; UID 10042; state: DISABLED
06-06 14:41:16.696 1427 1928 D CompatibilityChangeReporter: Compat change id reported: 150939131; UID 1002; state: ENABLED
06-06 14:41:16.697 1427 1427 D AdapterProperties: onBluetoothReady, state=TURNING_ON, ScanMode=20
06-06 14:41:16.700 1427 1427 D BluetoothAdapterService: updateUuids() - Updating UUIDs for bonded devices
06-06 14:41:16.701 1427 1427 I BluetoothAdapterService: initProfileServices: Initializing all bluetooth profile services
06-06 14:41:16.701 755 1344 D DhcpClient: Broadcasting DHCPDISCOVER
06-06 14:41:16.701 1427 1427 I BluetoothA2dpSinkServiceJni: classInitNative: succeeds
06-06 14:41:16.701 1427 1557 D AdapterProperties: Scan Mode:21
06-06 14:41:16.701 1427 1427 W HeadsetClientService: getHeadsetClientService(): service is null
06-06 14:41:16.701 1427 1427 W MapClientService: getMapClientService(): service is null
06-06 14:41:16.701 1427 1427 W PbapClientService: getPbapClientService(): service is null
06-06 14:41:16.701 1427 1427 W HearingAidService: getHearingAidService(): service is NULL
06-06 14:41:16.702 1427 1427 W SapService: getSapService(): service is null
06-06 14:41:16.702 1427 1557 D AdapterProperties: Discoverable Timeout:120
06-06 14:41:16.703 1427 1557 D AdapterProperties: mLocalIOCapability set to 1
06-06 14:41:16.703 1427 1557 D AdapterProperties: mLocalIOCapabilityBLE set to 4
06-06 14:41:16.705 1427 1538 I AdapterState: ON : entered
06-06 14:41:16.705 1427 1538 D AdapterProperties: Setting state to ON
06-06 14:41:16.706 1427 1972 D ObexServerSockets: create(rfcomm = -2, l2capPsm = -2)
06-06 14:41:16.707 1427 1538 D BluetoothAdapterService: updateAdapterState() - Broadcasting state ON to 1 receivers.
06-06 14:41:16.708 479 529 D BluetoothManagerService: MESSAGE_BLUETOOTH_STATE_CHANGE: TURNING_ON > ON
06-06 14:41:16.709 479 754 D CompatibilityChangeReporter: Compat change id reported: 135634846; UID 10017; state: DISABLED
06-06 14:41:16.709 479 754 D CompatibilityChangeReporter: Compat change id reported: 177438394; UID 10017; state: DISABLED
06-06 14:41:16.710 479 754 D CompatibilityChangeReporter: Compat change id reported: 135772972; UID 10017; state: DISABLED
06-06 14:41:16.710 479 754 D CompatibilityChangeReporter: Compat change id reported: 135754954; UID 10017; state: ENABLED
06-06 14:41:16.711 479 529 D BluetoothManagerService: Broadcasting onBluetoothStateChange(true) to 11 receivers.
06-06 14:41:16.712 674 1017 D BluetoothHeadset: onBluetoothStateChange: up=true
06-06 14:41:16.712 479 529 D BluetoothHeadset: onBluetoothStateChange: up=true
06-06 14:41:16.712 479 529 D BluetoothManagerService: Creating new ProfileServiceConnections object for profile: 1
06-06 14:41:16.717 1427 1972 I bt_btif_sock_rfcomm: system/bt/btif/src/btif_sock_rfc.cc:303 btsock_rfc_listen: Adding listening socket service_name: (null) - channel: -2
06-06 14:41:16.717 1427 1427 I BluetoothPhonePolicy: Received ACTION_UUID for device E4:BB:D3:57:C0:22
06-06 14:41:16.717 1427 1427 I BluetoothPhonePolicy: index=0uuid=00001812-0000-1000-8000-00805f9b34fb
06-06 14:41:16.718 1427 1427 I BluetoothPhonePolicy: processInitProfilePriorities() - device E4:BB:D3:57:C0:22
06-06 14:41:16.718 1427 1427 W HearingAidService: getHearingAidService(): service is NULL
06-06 14:41:16.718 1427 1427 V BluetoothDatabase: getProfileConnectionPolicy: E4:BB:D3:57:C0:22, profile=4, connectionPolicy = 100
06-06 14:41:16.723 1427 1624 I bt_stack: [INFO:port_api.cc(234)] RFCOMM_CreateConnection: bd_addr=ff:ff:ff:ff:ff:ff, scn=4, is_server=1, mtu=990, uuid=000000, dlci=8, signal_state=0x0b, p_port=0xc8b52164
06-06 14:41:16.725 241 241 D Zygote : Forked child process 1976
06-06 14:41:16.727 479 538 I ActivityManager: app.processName = com.android.music
06-06 14:41:16.727 479 538 I ActivityManager: Start proc 1976:com.android.music/u0a42 for service {com.android.music/com.android.music.MediaPlaybackService}
06-06 14:41:16.727 479 529 D BluetoothManagerService: Sending BLE State Change: TURNING_ON > ON
06-06 14:41:16.728 479 538 D CompatibilityChangeReporter: Compat change id reported: 143937733; UID 10017; state: ENABLED
06-06 14:41:16.728 479 529 D BluetoothManagerService: Sending State Change: TURNING_ON > ON
06-06 14:41:16.734 1976 1976 I Zygote : seccomp disabled by setenforce 0
06-06 14:41:16.737 1927 1927 V GraphicsEnvironment: ANGLE Developer option for 'com.dangbei.zhushou.os' set to: 'default'
06-06 14:41:16.737 1927 1927 V GraphicsEnvironment: Neither updatable production driver nor prerelease driver is supported.
06-06 14:41:16.739 1927 1927 D NetworkSecurityConfig: No Network Security Config specified, using platform default
06-06 14:41:16.740 1927 1927 D NetworkSecurityConfig: No Network Security Config specified, using platform default
06-06 14:41:16.741 1927 1927 I MultiDex: VM with version 2.1.0 has multidex support
06-06 14:41:16.741 1927 1927 I MultiDex: Installing application
06-06 14:41:16.741 1927 1927 I MultiDex: VM has multidex support, MultiDex support library is disabled.
06-06 14:41:16.746 241 241 D Zygote : Forked child process 1979
06-06 14:41:16.749 479 538 I ActivityManager: app.processName = android.process.acore
06-06 14:41:16.749 479 538 I ActivityManager: Start proc 1979:android.process.acore/u0a17 for content provider {com.android.providers.contacts/com.android.providers.contacts.ContactsProvider2}
06-06 14:41:16.751 1427 1972 I bluetooth: system/bt/btif/src/btif_sock_l2cap.cc:316 btsock_l2cap_alloc_l: Allocated l2cap socket structure socket_id:1
06-06 14:41:16.752 1427 1563 D BluetoothActiveDeviceManager: handleMessage(MESSAGE_ADAPTER_ACTION_STATE_CHANGED): newState=12
06-06 14:41:16.752 1427 1624 I bt_l2cap: system/bt/stack/l2cap/l2c_api.cc:134 L2CA_Register: L2CAP Registered service classic PSM: 0x1001
06-06 14:41:16.752 1427 1624 I bluetooth: system/bt/btif/src/btif_sock_l2cap.cc:341 send_app_psm_or_chan_l: Sending l2cap socket socket_id:1 channel:4097
06-06 14:41:16.753 1427 1972 D BluetoothAdapter: listenUsingL2capOn: set assigned channel to 4097
06-06 14:41:16.753 1427 1972 D ObexServerSockets: Succeed to create listening sockets
06-06 14:41:16.753 1427 1972 D ObexServerSockets0: startAccept()
06-06 14:41:16.754 1427 1972 D BluetoothSdpJni: sdpCreatePbapPseRecordNative
06-06 14:41:16.754 1427 1972 D BluetoothSdpJni: SDP Create record success - handle: 0
06-06 14:41:16.754 1427 1972 D BluetoothPbapService: created Sdp record, mSdpHandle=0
06-06 14:41:16.754 1427 1624 I bt_bta_dm: system/bt/bta/dm/bta_dm_act.cc:3191 bta_dm_eir_update_uuid: EIR Adding UUID=0x112F into extended inquiry response
06-06 14:41:16.754 1427 1624 I bt_bta_dm: system/bt/bta/dm/bta_dm_act.cc:2890 bta_dm_set_eir: Generating extended inquiry response packet EIR
06-06 14:41:16.756 479 579 W ActivityManager: Receiver with filter android.content.IntentFilter@febc5e2 already registered for pid 674, callerPackage is com.android.systemui
06-06 14:41:16.758 1095 1990 D ProfileInstaller: Skipping profile installation for com.dangbei.leard.leradlauncher
06-06 14:41:16.761 1427 1988 D ObexServerSockets0: Accepting socket connection...
06-06 14:41:16.761 1427 1427 D BluetoothAdapterService: isQuetModeEnabled() - Enabled = false
06-06 14:41:16.761 1427 1989 D ObexServerSockets0: Accepting socket connection...
06-06 14:41:16.761 1427 1427 I BluetoothPhonePolicy: autoConnect: Initiate auto connection on BT on...
06-06 14:41:16.761 1427 1427 D BluetoothDatabase: getMostRecentlyConnectedA2dpDevice: Invalid address for device LocalStorage
06-06 14:41:16.761 1427 1427 E BluetoothPhonePolicy: autoConnect: most recently active a2dp device is null
06-06 14:41:16.761 1427 1427 D BtOppService: start Socket Listeners
06-06 14:41:16.761 1427 1427 D BtOppService: stopListeners: mServerSocket is null
06-06 14:41:16.761 1427 1427 D ObexServerSockets: create(rfcomm = -2, l2capPsm = -2)
06-06 14:41:16.764 1427 1427 I bt_btif_sock_rfcomm: system/bt/btif/src/btif_sock_rfc.cc:303 btsock_rfc_listen: Adding listening socket service_name: (null) - channel: -2
06-06 14:41:16.764 1427 1427 D BluetoothAdapter: listenUsingInsecureL2capOn: port=-2
06-06 14:41:16.765 1427 1624 I bt_stack: [INFO:port_api.cc(234)] RFCOMM_CreateConnection: bd_addr=ff:ff:ff:ff:ff:ff, scn=5, is_server=1, mtu=990, uuid=000000, dlci=10, signal_state=0x0b, p_port=0xc8b521ec
06-06 14:41:16.770 1427 1427 I bluetooth: system/bt/btif/src/btif_sock_l2cap.cc:316 btsock_l2cap_alloc_l: Allocated l2cap socket structure socket_id:2
06-06 14:41:16.772 1979 1979 I Zygote : seccomp disabled by setenforce 0
06-06 14:41:16.772 400 419 I adbd : jdwp connection from 1976
06-06 14:41:16.773 1427 1624 I bt_l2cap: system/bt/stack/l2cap/l2c_api.cc:134 L2CA_Register: L2CAP Registered service classic PSM: 0x1003
06-06 14:41:16.773 1427 1624 I bluetooth: system/bt/btif/src/btif_sock_l2cap.cc:341 send_app_psm_or_chan_l: Sending l2cap socket socket_id:2 channel:4099
06-06 14:41:16.774 1427 1427 D BluetoothAdapter: listenUsingInsecureL2capOn: set assigned channel to 4099
06-06 14:41:16.774 1427 1427 D ObexServerSockets: Succeed to create listening sockets
06-06 14:41:16.774 1427 1427 D ObexServerSockets1: startAccept()
06-06 14:41:16.775 1427 1427 D BluetoothSdpJni: sdpCreateOppOpsRecordNative
06-06 14:41:16.775 1427 1427 D BluetoothSdpJni: SDP Create record success - handle: 1
06-06 14:41:16.775 1427 1624 I bt_bta_dm: system/bt/bta/dm/bta_dm_act.cc:3191 bta_dm_eir_update_uuid: EIR Adding UUID=0x1105 into extended inquiry response
06-06 14:41:16.775 1427 1624 I bt_bta_dm: system/bt/bta/dm/bta_dm_act.cc:2890 bta_dm_set_eir: Generating extended inquiry response packet EIR
06-06 14:41:16.776 1427 1427 D BtOppService: mOppSdpHandle :1
06-06 14:41:16.776 1427 1996 D ObexServerSockets1: Accepting socket connection...
06-06 14:41:16.776 1427 1997 D ObexServerSockets1: Accepting socket connection...
06-06 14:41:16.802 400 419 I adbd : jdwp connection from 1979
06-06 14:41:16.815 755 1344 D DhcpClient: Received packet: b4:2f:03:15:e9:08 OFFER, ip /192.168.3.115, mask /255.255.254.0, DNS servers: /202.96.134.133 /202.96.128.166 , gateways [/192.168.3.1], lease time 3600, domain null
06-06 14:41:16.821 479 754 D CompatibilityChangeReporter: Compat change id reported: 168419799; UID 10042; state: DISABLED
06-06 14:41:16.824 755 1344 D DhcpClient: Got pending lease: android.net.networkstack.DhcpResults@4fbcc03 DHCP server /192.168.3.1 Vendor info null lease 3600 seconds Servername
06-06 14:41:16.828 479 529 D BluetoothHeadset: Proxy object connected
06-06 14:41:16.832 674 1017 D BluetoothHeadset: Proxy object connected
06-06 14:41:16.834 1927 1927 I b : -----------> Auto switch user, userId: -3377459
06-06 14:41:16.834 1927 1927 I b : -----------> doSwitchUserInternal, userId: -3377459
06-06 14:41:16.835 1927 1927 D yl : com.wangjie.rapidorm.c.b.a-------------------the tables are {class com.dangbei.setting.provider.dal.db.model.User=com.dangbei.setting.provider.dal.db.model.c@e31b8fb, class com.dangbei.setting.provider.dal.db.model.UserPreference=com.dangbei.setting.provider.dal.db.model.b@eaa6d18}
06-06 14:41:16.836 674 890 D LocalBluetoothProfileManager: Current Profiles[]
06-06 14:41:16.837 1976 1976 D CompatibilityChangeReporter: Compat change id reported: 171979766; UID 10042; state: DISABLED
06-06 14:41:16.837 479 624 I AS.BtHelper: setBtScoActiveDevice: (null) -> (null)
06-06 14:41:16.841 755 1344 D DhcpClient: Broadcasting DHCPREQUEST ciaddr=0.0.0.0 request=192.168.3.115 serverid=192.168.3.1
06-06 14:41:16.843 479 1284 D CompatibilityChangeReporter: Compat change id reported: 168419799; UID 10017; state: DISABLED
06-06 14:41:16.851 1976 1976 D ApplicationLoaders: Returning zygote-cached class loader: /system/framework/android.test.base.jar
06-06 14:41:16.854 674 890 D BluetoothMap: getConnectionState(E4:BB:D3:57:C0:22)
06-06 14:41:16.862 1979 1979 D CompatibilityChangeReporter: Compat change id reported: 171979766; UID 10017; state: ENABLED
06-06 14:41:16.869 1427 1928 D BluetoothPbapService: getConnectionState: E4:BB:D3:57:C0:22
06-06 14:41:16.869 755 1344 D DhcpClient: Received packet: b4:2f:03:15:e9:08 ACK: your new IP /192.168.3.115, netmask /255.255.254.0, gateways [/192.168.3.1] DNS servers: /202.96.134.133 /202.96.128.166 , lease time 3600
06-06 14:41:16.871 755 1344 D DhcpClient: Confirmed lease: android.net.networkstack.DhcpResults@7c291b9 DHCP server /192.168.3.1 Vendor info null lease 3600 seconds Servername
06-06 14:41:16.880 674 890 D LocalBluetoothProfileManager: New Profiles[HID]
06-06 14:41:16.890 674 890 D CachedBluetoothDevice: updating profiles for Dangbei
06-06 14:41:16.893 674 890 V CachedBluetoothDevice: Class: 1f00
06-06 14:41:16.893 674 890 V CachedBluetoothDevice: UUID:
06-06 14:41:16.893 674 890 V CachedBluetoothDevice: 00001812-0000-1000-8000-00805f9b34fb
06-06 14:41:16.897 1976 1976 V GraphicsEnvironment: ANGLE Developer option for 'com.android.music' set to: 'default'
06-06 14:41:16.898 1976 1976 V GraphicsEnvironment: Neither updatable production driver nor prerelease driver is supported.
06-06 14:41:16.899 240 240 I netd : interfaceSetCfg(InterfaceConfigurationParcel{ifName: wlan0, hwAddr: , ipv4Addr: 192.168.3.115, prefixLength: 23, flags: []}) <1.48ms>
06-06 14:41:16.901 1215 1215 D RockyReceiver: action: android.net.wifi.STATE_CHANGE
06-06 14:41:16.903 479 1371 E ConnectivityService: Exception = android.content.pm.PackageManager$NameNotFoundException: android.net.cts
06-06 14:41:16.904 1976 1976 D NetworkSecurityConfig: No Network Security Config specified, using platform default
06-06 14:41:16.905 1976 1976 D NetworkSecurityConfig: No Network Security Config specified, using platform default
06-06 14:41:16.907 240 240 E Netd : no such netId 100
06-06 14:41:16.907 240 240 I netd : networkAddRouteParcel(100, RouteInfoParcel{destination: 192.168.2.0/23, ifName: wlan0, nextHop: , mtu: 0}) -> ServiceSpecificException(64, "Machine is not on the network") <0.12ms>
06-06 14:41:16.908 479 613 E ConnectivityService: Exception in networkAddRouteParcel for non-gateway: android.os.ServiceSpecificException: Machine is not on the network (code 64)
06-06 14:41:16.909 240 240 E Netd : no such netId 100
06-06 14:41:16.909 240 240 I netd : networkAddRouteParcel(100, RouteInfoParcel{destination: 0.0.0.0/0, ifName: wlan0, nextHop: 192.168.3.1, mtu: 0}) -> ServiceSpecificException(64, "Machine is not on the network") <0.07ms>
06-06 14:41:16.909 479 613 E ConnectivityService: Exception in networkAddRouteParcel for gateway: android.os.ServiceSpecificException: Machine is not on the network (code 64)
06-06 14:41:16.912 479 613 W BestClock: java.time.DateTimeException: Missing NTP fix
06-06 14:41:16.914 755 1344 D DhcpClient: Scheduling renewal in 1799s
06-06 14:41:16.914 755 1344 D DhcpClient: Scheduling rebind in 3149s
06-06 14:41:16.914 755 1344 D DhcpClient: Scheduling expiry in 3599s
06-06 14:41:16.915 1976 1976 D music_MediaPlaybackSer: onCreate()
06-06 14:41:16.915 1976 1976 D music_MediaPlaybackSer: Create MusicProvider
06-06 14:41:16.916 1976 1976 D music_MediaPlaybackSer: Create MediaSession
06-06 14:41:16.921 1427 1427 V MediaPlayerList: onActiveSessionsChanged: number of controllers: 0
06-06 14:41:16.926 1215 1215 D RockyReceiver: action: android.net.wifi.STATE_CHANGE
06-06 14:41:16.927 479 754 E ConnectivityService: Exception = android.content.pm.PackageManager$NameNotFoundException: android.net.cts
06-06 14:41:16.931 1927 1927 D CompatibilityChangeReporter: Compat change id reported: 147600208; UID 1000; state: DISABLED
06-06 14:41:16.937 1976 1976 D CompatibilityChangeReporter: Compat change id reported: 160794467; UID 10042; state: DISABLED
06-06 14:41:16.939 1976 1976 D music_MediaPlaybackSer: updatePlaybackState, playback state=0
06-06 14:41:16.945 1976 1976 D music_MusicApp: add mount callback: com.android.music.MediaPlaybackService@3ccd891
06-06 14:41:17.115 294 294 W audit : audit_lost=192 audit_rate_limit=5 audit_backlog_limit=64
06-06 14:41:17.125 294 294 E audit : rate limit exceeded
06-06 14:41:16.950 240 240 I netd : trafficSwapActiveStatsMap() <37.78ms>
06-06 14:41:16.955 240 240 I netd : tetherGetStats() -> {[]} <3.16ms>
06-06 14:41:16.955 479 606 W WifiScoreReport: Cannot start external scoring netId=100 currentNetId=100 currentNetCapabilities=[ Transports: WIFI Capabilities: NOT_METERED&INTERNET&NOT_RESTRICTED&TRUSTED&NOT_VPN&NOT_ROAMING&NOT_CONGESTED&NOT_SUSPENDED&NOT_VCN_MANAGED LinkUpBandwidth>=12000Kbps LinkDnBandwidth>=60000Kbps Specifier: TransportInfo: SignalStrength: -45 OwnerUid: 1000 AdminUids: [1000] SSID: "DZNB"] sessionId=1008
06-06 14:41:16.958 479 613 W BestClock: java.time.DateTimeException: Missing NTP fix
06-06 14:41:16.960 479 604 W BestClock: java.time.DateTimeException: Missing NTP fix
06-06 14:41:16.961 479 604 W BestClock: java.time.DateTimeException: Missing NTP fix
06-06 14:41:16.962 479 613 D ConnectivityService: Setting DNS servers for network 100 to [/202.96.134.133, /202.96.128.166]
06-06 14:41:16.966 1976 1976 D music_MediaPlaybackSer: OnGetRoot: clientPackageName=com.android.bluetooth; clientUid=1002 ; rootHints=null
06-06 14:41:16.967 1427 1427 I AvrcpBrowsedPlayerWrapper: onConnected: com.android.music is connected
06-06 14:41:16.968 1427 1427 D AvrcpBrowsablePlayerConnector: Browse player callback called: package=com.android.music : status=0
06-06 14:41:16.968 1427 1427 D AvrcpBrowsablePlayerConnector: Received a message: msg.what=1
06-06 14:41:16.969 1427 1427 I AvrcpBrowsablePlayerConnector: Checking root contents for com.android.music
06-06 14:41:16.971 479 613 W BestClock: java.time.DateTimeException: Missing NTP fix
06-06 14:41:16.973 1976 1976 D music_MediaPlaybackSer: onDestroy
06-06 14:41:16.973 1976 1976 D music_MusicApp: remove mount callback: com.android.music.MediaPlaybackService@3ccd891
06-06 14:41:16.973 1976 1976 D music_MediaPlaybackSer: handleStopRequest: mState=0 error=destroy
06-06 14:41:16.973 1976 1976 D music_MediaPlaybackSer: updatePlaybackState, playback state=1
06-06 14:41:16.975 1976 1976 D Playback: giveUpAudioFocus
06-06 14:41:16.975 1976 1976 D Playback: relaxResources. releaseMediaPlayer=true
06-06 14:41:16.976 1976 1976 D music_MediaPlaybackSer: updatePlaybackState, playback state=1
06-06 14:41:16.980 1979 1979 V GraphicsEnvironment: ANGLE Developer option for 'com.android.providers.contacts' set to: 'default'
06-06 14:41:16.980 1979 1979 V GraphicsEnvironment: Neither updatable production driver nor prerelease driver is supported.
06-06 14:41:16.982 1979 1979 D NetworkSecurityConfig: No Network Security Config specified, using platform default
06-06 14:41:16.983 1979 1979 D NetworkSecurityConfig: No Network Security Config specified, using platform default
06-06 14:41:16.985 1427 1427 V MediaPlayerList: onActiveSessionsChanged: number of controllers: 0
06-06 14:41:16.988 1976 1976 D music_MediaPlaybackSer: onCreate()
06-06 14:41:16.988 1976 1976 D music_MediaPlaybackSer: Create MusicProvider
06-06 14:41:16.988 1976 1976 D music_MediaPlaybackSer: Create MediaSession
06-06 14:41:16.991 1427 1427 V MediaPlayerList: onActiveSessionsChanged: number of controllers: 0
06-06 14:41:16.995 1976 1976 D music_MediaPlaybackSer: updatePlaybackState, playback state=0
06-06 14:41:16.994 1927 1927 I TDLog : setReportUncaughtExceptions: true
06-06 14:41:16.999 479 754 D WifiMemoryStoreImpl: Set cluster Gd99bc831b4138b8f for W55ef77921452fb84: SUCCESS
06-06 14:41:17.002 240 240 I netd : trafficSwapActiveStatsMap() <30.39ms>
06-06 14:41:17.006 240 240 I netd : tetherGetStats() -> {[]} <3.05ms>
06-06 14:41:17.009 479 613 W BestClock: java.time.DateTimeException: Missing NTP fix
06-06 14:41:17.013 479 613 D ConnectivityService: [100 WIFI] EVENT_NETWORK_INFO_CHANGED, going from CONNECTING to CONNECTED
06-06 14:41:17.013 240 240 D TcpSocketMonitor: resuming tcpinfo polling (interval=30000ms)
06-06 14:41:17.014 240 240 I netd : networkCreate(NativeNetworkConfig{netId: 100, networkType: PHYSICAL, permission: 0, secure: false, vpnType: -1}) <0.12ms>
06-06 14:41:17.015 240 240 I netd : createNetworkCache(100) <0.28ms>
06-06 14:41:17.008 1927 1927 I ThreadPoolUtils: type=1400 audit(0.0:626): avc: denied { read } for name="/" dev="dm-0" ino=2 scontext=u:r:system_app:s0 tcontext=u:object_r:rootfs:s0 tclass=dir permissive=1
06-06 14:41:17.017 479 613 D DnsManager: sendDnsConfigurationForNetwork(100, [202.96.134.133, 202.96.128.166], [], 1800, 25, 8, 64, 0, 0, , [])
06-06 14:41:17.018 479 806 D CompatibilityChangeReporter: Compat change id reported: 135634846; UID 10040; state: DISABLED
06-06 14:41:17.008 1927 1927 I ThreadPoolUtils: type=1400 audit(0.0:627): avc: denied { open } for path="/" dev="dm-0" ino=2 scontext=u:r:system_app:s0 tcontext=u:object_r:rootfs:s0 tclass=dir permissive=1
06-06 14:41:17.019 240 240 I netd : DnsResolverService::setResolverConfiguration(100, [202.96.134.133, 202.96.128.166], [], 1800, 25, 8, 64, 0, 0, "", []) -> (0) (0.7ms)
06-06 14:41:17.019 240 240 I netd : setResolverConfiguration(ResolverParamsParcel{netId: 100, sampleValiditySeconds: 1800, successThreshold: 25, minSamples: 8, maxSamples: 64, baseTimeoutMsec: 0, retryCount: 0, servers: [202.96.134.133, 202.96.128.166], domains: [], tlsName: , tlsServers: [], tlsFingerprints: [], caCertificate: , tlsConnectTimeoutMs: 0, resolverOptions: (null), transportTypes: [1]}) <1.09ms>
06-06 14:41:17.020 479 806 D CompatibilityChangeReporter: Compat change id reported: 177438394; UID 10040; state: DISABLED
06-06 14:41:17.023 479 806 D CompatibilityChangeReporter: Compat change id reported: 135772972; UID 10040; state: DISABLED
06-06 14:41:17.024 479 806 D CompatibilityChangeReporter: Compat change id reported: 135754954; UID 10040; state: ENABLED
06-06 14:41:17.025 479 538 D CompatibilityChangeReporter: Compat change id reported: 143937733; UID 10040; state: ENABLED
06-06 14:41:17.020 1927 1927 I ThreadPoolUtils: type=1400 audit(0.0:628): avc: denied { getattr } for path="/init.recovery.sun50iw9p1.rc" dev="dm-0" ino=27 scontext=u:r:system_app:s0 tcontext=u:object_r:rootfs:s0 tclass=file permissive=1
06-06 14:41:17.020 1927 1927 I ThreadPoolUtils: type=1400 audit(0.0:629): avc: denied { read } for name="/" dev="configfs" ino=3614 scontext=u:r:system_app:s0 tcontext=u:object_r:configfs:s0 tclass=dir permissive=1
06-06 14:41:17.020 1927 1927 I ThreadPoolUtils: type=1400 audit(0.0:630): avc: denied { open } for path="/config" dev="configfs" ino=3614 scontext=u:r:system_app:s0 tcontext=u:object_r:configfs:s0 tclass=dir permissive=1
06-06 14:41:17.043 241 241 D Zygote : Forked child process 2061
06-06 14:41:17.045 479 538 I ActivityManager: app.processName = com.softwinner.timerswitch
06-06 14:41:17.045 479 538 I ActivityManager: Start proc 2061:com.softwinner.timerswitch/u0a40 for broadcast {com.softwinner.timerswitch/com.softwinner.timerswitch.AlarmReceiver}
06-06 14:41:17.045 1976 1976 D music_MusicApp: add mount callback: com.android.music.MediaPlaybackService@4b0c264
06-06 14:41:17.050 479 754 D WifiMemoryStoreImpl: Set cluster Gd99bc831b4138b8f for We9f9433420817c72: SUCCESS
06-06 14:41:17.050 479 613 W DnsManager: updatePrivateDns(100, PrivateDnsConfig{true:/[]})
06-06 14:41:17.050 479 613 D ConnectivityService: Setting DNS servers for network 100 to [/202.96.134.133, /202.96.128.166]
06-06 14:41:17.051 479 604 W BestClock: java.time.DateTimeException: Missing NTP fix
06-06 14:41:17.052 479 613 D DnsManager: sendDnsConfigurationForNetwork(100, [202.96.134.133, 202.96.128.166], [], 1800, 25, 8, 64, 0, 0, , [202.96.134.133, 202.96.128.166])
06-06 14:41:17.054 240 240 I netd : DnsResolverService::setResolverConfiguration(100, [202.96.134.133, 202.96.128.166], [], 1800, 25, 8, 64, 0, 0, "", [202.96.134.133, 202.96.128.166]) -> (0) (0.7ms)
06-06 14:41:17.054 240 240 I netd : setResolverConfiguration(ResolverParamsParcel{netId: 100, sampleValiditySeconds: 1800, successThreshold: 25, minSamples: 8, maxSamples: 64, baseTimeoutMsec: 0, retryCount: 0, servers: [202.96.134.133, 202.96.128.166], domains: [], tlsName: , tlsServers: [202.96.134.133, 202.96.128.166], tlsFingerprints: [], caCertificate: , tlsConnectTimeoutMs: 0, resolverOptions: (null), transportTypes: [1]}) <1.00ms>
06-06 14:41:17.054 479 604 W BestClock: java.time.DateTimeException: Missing NTP fix
06-06 14:41:17.053 240 2062 W resolv : Validating DnsTlsServer 202.96.128.166 with mark 0xf0064
06-06 14:41:17.055 240 2063 W resolv : Validating DnsTlsServer 202.96.134.133 with mark 0xf0064
06-06 14:41:17.056 240 2063 W resolv : Socket failed to connect: Network is unreachable
06-06 14:41:17.056 240 2063 W resolv : TCP Handshake failed: 101
06-06 14:41:17.056 240 2063 W resolv : query failed
06-06 14:41:17.056 240 2063 W resolv : validateDnsTlsServer returned 0 for 202.96.134.133
06-06 14:41:17.057 240 2063 W resolv : Validation failed
06-06 14:41:17.061 2061 2061 I Zygote : seccomp disabled by setenforce 0
06-06 14:41:17.067 240 2062 W resolv : Socket failed to connect: Network is unreachable
06-06 14:41:17.068 240 2062 W resolv : TCP Handshake failed: 101
06-06 14:41:17.068 240 2062 W resolv : query failed
06-06 14:41:17.068 240 2062 W resolv : validateDnsTlsServer returned 0 for 202.96.128.166
06-06 14:41:17.069 240 2062 W resolv : Validation failed
06-06 14:41:17.081 479 613 D ConnectivityService: Adding iface wlan0 to network 100
06-06 14:41:17.091 240 240 I netd : networkAddInterface(100, wlan0) <9.41ms>
06-06 14:41:17.093 240 240 I netd : networkAddRouteParcel(100, RouteInfoParcel{destination: fe80::/64, ifName: wlan0, nextHop: , mtu: 0}) <0.38ms>
06-06 14:41:17.093 400 419 I adbd : jdwp connection from 2061
06-06 14:41:17.098 479 529 W IorapForwardingService: No service published for: iorapd
06-06 14:41:17.099 240 240 I netd : networkAddRouteParcel(100, RouteInfoParcel{destination: 192.168.2.0/23, ifName: wlan0, nextHop: , mtu: 0}) <0.46ms>
06-06 14:41:17.101 240 240 I netd : networkAddRouteParcel(100, RouteInfoParcel{destination: 0.0.0.0/0, ifName: wlan0, nextHop: 192.168.3.1, mtu: 0}) <0.45ms>
06-06 14:41:17.101 1976 1976 D music_MediaPlaybackSer: OnGetRoot: clientPackageName=com.android.bluetooth; clientUid=1002 ; rootHints=null
06-06 14:41:17.106 479 613 D ConnectivityService: Setting DNS servers for network 100 to [/202.96.134.133, /202.96.128.166]
06-06 14:41:17.107 1427 1427 I AvrcpBrowsedPlayerWrapper: onConnected: com.android.music is connected
06-06 14:41:17.108 1427 1427 I AvrcpBrowsedPlayerWrapper: getFolderItems: Connected to browsable player: com.android.music
06-06 14:41:17.109 479 754 D CompatibilityChangeReporter: Compat change id reported: 168419799; UID 10040; state: DISABLED
06-06 14:41:17.109 479 613 D DnsManager: sendDnsConfigurationForNetwork(100, [202.96.134.133, 202.96.128.166], [], 1800, 25, 8, 64, 0, 0, , [202.96.134.133, 202.96.128.166])
06-06 14:41:17.111 240 240 I netd : DnsResolverService::setResolverConfiguration(100, [202.96.134.133, 202.96.128.166], [], 1800, 25, 8, 64, 0, 0, "", [202.96.134.133, 202.96.128.166]) -> (0) (0.8ms)
06-06 14:41:17.111 240 240 I netd : setResolverConfiguration(ResolverParamsParcel{netId: 100, sampleValiditySeconds: 1800, successThreshold: 25, minSamples: 8, maxSamples: 64, baseTimeoutMsec: 0, retryCount: 0, servers: [202.96.134.133, 202.96.128.166], domains: [], tlsName: , tlsServers: [202.96.134.133, 202.96.128.166], tlsFingerprints: [], caCertificate: , tlsConnectTimeoutMs: 0, resolverOptions: (null), transportTypes: [1]}) <1.08ms>
06-06 14:41:17.113 240 2082 W resolv : Validating DnsTlsServer 202.96.134.133 with mark 0xf0064
06-06 14:41:17.114 240 2081 W resolv : Validating DnsTlsServer 202.96.128.166 with mark 0xf0064
06-06 14:41:17.122 1976 1976 D music_MediaPlaybackSer: OnLoadChildren: parentMediaId=__ROOT__
06-06 14:41:17.123 1976 1976 D MusicProvider: retrieveMediaAsync called
06-06 14:41:17.124 2061 2061 D CompatibilityChangeReporter: Compat change id reported: 171979766; UID 10040; state: ENABLED
06-06 14:41:17.133 479 613 W BestClock: java.time.DateTimeException: Missing NTP fix
06-06 14:41:17.154 240 240 I netd : trafficSwapActiveStatsMap() <20.65ms>
06-06 14:41:17.155 1979 1979 I ContactsPerf: VoicemailContentProvider.onCreate start
06-06 14:41:17.166 240 240 I netd : tetherGetStats() -> {[]} <8.56ms>
06-06 14:41:17.169 479 613 W BestClock: java.time.DateTimeException: Missing NTP fix
06-06 14:41:17.172 479 754 D WifiMemoryStoreImpl: Set cluster Gd99bc831b4138b8f for W452d070d6a3e5045: SUCCESS
06-06 14:41:17.175 479 604 W BestClock: java.time.DateTimeException: Missing NTP fix
06-06 14:41:17.176 479 604 W BestClock: java.time.DateTimeException: Missing NTP fix
06-06 14:41:17.176 479 613 D ConnectivityService: NetReassign [32 : null → 100, 3 : null → 100, 23 : null → 100, 17 : null → 100, 30 : null → 100, 10 : null → 100, 34 : null → 100, 1 : null → 100, 21 : null → 100, 28 : null → 100, 19 : null → 100]
06-06 14:41:17.179 479 613 D ConnectivityService: Switching to new default network for: uid/pid:1000/479 activeRequest: 1 callbackRequest: 1 [NetworkRequest [ REQUEST id=1, [ Capabilities: INTERNET&NOT_RESTRICTED&TRUSTED&NOT_VPN&NOT_VCN_MANAGED RequestorUid: 1000 RequestorPkg: android] ]] callback flags: 1 priority: 2147483647 using NetworkAgentInfo{network{100} handle{432902426637} ni{WIFI CONNECTED extra: } Score(60 ; KeepConnected : 0 ; Policies : TRANSPORT_PRIMARY&IS_UNMETERED) lp{{InterfaceName: wlan0 LinkAddresses: [ fe80::3a89:1cf8:776c:581c/64,192.168.3.115/23 ] DnsAddresses: [ /202.96.134.133,/202.96.128.166 ] Domains: null MTU: 0 ServerAddress: /192.168.3.1 TcpBufferSizes: 524288,1048576,2097152,262144,524288,1048576 Routes: [ fe80::/64 -> :: wlan0 mtu 0,192.168.2.0/23 -> 0.0.0.0 wlan0 mtu 0,0.0.0.0/0 -> 192.168.3.1 wlan0 mtu 0 ]}} nc{[ Transports: WIFI Capabilities: NOT_METERED&INTERNET&NOT_RESTRICTED&TRUSTED&NOT_VPN&NOT_ROAMING&FOREGROUND&NOT_CONGESTED&NOT_SUSPENDED&NOT_VCN_MANAGED LinkUpBandwidth>=12000Kbps LinkDnBandwidth>=60000Kbps Specifier: TransportInfo: SignalStrength: -45 OwnerUid: 1000 AdminUids: [1000] SSID: "DZNB"]}}
06-06 14:41:17.180 240 240 I netd : networkSetDefault(100) <0.41ms>
06-06 14:41:17.188 755 2087 D NetworkMonitor/100: Validation disabled.
06-06 14:41:17.191 240 240 I netd : idletimerAddInterface(wlan0, 15, 1) <7.59ms>
06-06 14:41:17.193 240 240 I netd : setTcpRWmemorySize(524288 1048576 2097152, 262144 524288 1048576) <0.50ms>
06-06 14:41:17.198 1979 1979 I ContactsPerf: VoicemailContentProvider.onCreate finish
06-06 14:41:17.203 479 613 W BestClock: java.time.DateTimeException: Missing NTP fix
06-06 14:41:17.214 479 808 D CompatibilityChangeReporter: Compat change id reported: 149924527; UID 10042; state: ENABLED
06-06 14:41:17.215 479 808 D CompatibilityChangeReporter: Compat change id reported: 132649864; UID 10042; state: DISABLED
06-06 14:41:17.219 755 1943 W UnsafeUtil: platform method missing - proto runtime falling back to safer methods: java.lang.NoSuchMethodException: sun.misc.Unsafe.copyMemory [class java.lang.Object, long, class java.lang.Object, long, long]
06-06 14:41:17.222 240 240 I netd : trafficSwapActiveStatsMap() <19.42ms>
06-06 14:41:17.228 240 240 I netd : tetherGetStats() -> {[]} <3.24ms>
06-06 14:41:17.237 479 754 D CompatibilityChangeReporter: Compat change id reported: 182734110; UID 10042; state: DISABLED
06-06 14:41:17.238 479 613 W BestClock: java.time.DateTimeException: Missing NTP fix
06-06 14:41:17.241 479 604 W BestClock: java.time.DateTimeException: Missing NTP fix
06-06 14:41:17.243 479 604 W BestClock: java.time.DateTimeException: Missing NTP fix
06-06 14:41:17.246 479 808 D CountryDetector: The first listener is added
06-06 14:41:17.247 1979 1979 I ContactsDatabaseHelper: updateUseStrictPhoneNumberComparison: CN
06-06 14:41:17.249 479 756 D NetworkTimeUpdateService: New default network 100; checking time.
06-06 14:41:17.251 755 861 D UpstreamNetworkMonitor: New default Internet network: 100
06-06 14:41:17.254 1927 2064 V NFC : this device does not have NFC support
06-06 14:41:17.259 479 754 D WifiMemoryStoreImpl: Set cluster Gd99bc831b4138b8f for Waaa4a0647b1b1010: SUCCESS
06-06 14:41:17.262 479 604 W BestClock: java.time.DateTimeException: Missing NTP fix
06-06 14:41:17.272 479 613 D ConnectivityService: Sending CONNECTED broadcast for type 1 [100 WIFI] isDefaultNetwork=true
