06-06 14:41:01.820 479 479 D PackageManager: No files in app dir /apex/com.android.neuralnetworks/priv-app
06-06 14:41:01.820 479 479 D PackageManager: No files in app dir /apex/com.android.neuralnetworks/app
06-06 14:41:01.822 293 301 D Sunxi_PQ: has no clients connectted, close the socket.
06-06 14:41:01.833 479 479 D PackageManager: No files in app dir /apex/com.android.mediaprovider/app
06-06 14:41:01.833 479 479 D PackageManager: No files in app dir /apex/com.android.media.swcodec/priv-app
06-06 14:41:01.833 479 479 D PackageManager: No files in app dir /apex/com.android.media.swcodec/app
06-06 14:41:01.834 479 479 D PackageManager: No files in app dir /apex/com.android.media/priv-app
06-06 14:41:01.834 479 479 D PackageManager: No files in app dir /apex/com.android.media/app
06-06 14:41:01.834 479 479 D PackageManager: No files in app dir /apex/com.android.ipsec/priv-app
06-06 14:41:01.834 479 479 D PackageManager: No files in app dir /apex/com.android.ipsec/app
06-06 14:41:01.834 479 479 D PackageManager: No files in app dir /apex/com.android.i18n/priv-app
06-06 14:41:01.834 479 479 D PackageManager: No files in app dir /apex/com.android.i18n/app
06-06 14:41:01.840 479 479 D PackageManager: No files in app dir /apex/com.android.extservices/app
06-06 14:41:01.841 479 479 D PackageManager: No files in app dir /apex/com.android.conscrypt/priv-app
06-06 14:41:01.841 479 479 D PackageManager: No files in app dir /apex/com.android.conscrypt/app
06-06 14:41:01.841 479 479 D PackageManager: No files in app dir /apex/com.android.art/priv-app
06-06 14:41:01.841 479 479 D PackageManager: No files in app dir /apex/com.android.art/app
06-06 14:41:01.841 479 479 D PackageManager: No files in app dir /apex/com.android.appsearch/priv-app
06-06 14:41:01.842 479 479 D PackageManager: No files in app dir /apex/com.android.appsearch/app
06-06 14:41:01.842 479 479 D PackageManager: No files in app dir /apex/com.android.adbd/priv-app
06-06 14:41:01.842 479 479 D PackageManager: No files in app dir /apex/com.android.adbd/app
06-06 14:41:01.850 479 479 I PackageManager: Finished scanning system apps. Time: 516 ms, packageCount: 112 , timePerPackage: 4 , cached: 112
06-06 14:41:01.855 479 479 D CompatibilityChangeReporter: Compat change id reported: 133396946; UID -1; state: DISABLED
06-06 14:41:01.858 479 479 I PackageManager: Finished scanning non-system apps. Time: 8 ms, packageCount: 1 , timePerPackage: 8 , cached: 1
06-06 14:41:01.860 479 479 W PackageManager: There should probably be exactly one storage manager; found 2: matches=[ResolveInfo{3f424a3 com.android.storagemanager/.deletionhelper.DeletionHelperActivity m=0x108000}, ResolveInfo{b2f73a0 com.android.tv.settings/.device.StorageResetActivity m=0x108000}]
06-06 14:41:01.861 479 479 E PackageManager: There should probably be exactly one setup wizard; found 2: matches=[ResolveInfo{62f2b59 com.dangbei.hqguide/.main.MainActivity p=1000 m=0x108000}, ResolveInfo{120c31e com.softwinner.provision/.DefaultActivity p=1 m=0x108000}]
06-06 14:41:01.871 479 479 I PackageManager: Time to scan packages: 0.537 seconds
06-06 14:41:01.915 479 479 I PackageManager: Permission ownership changed. Updating all permissions.
06-06 14:41:01.926 392 392 I update_engine: [INFO:cleanup_previous_update_action.cc(112)] Executing task 3
06-06 14:41:01.928 392 392 I update_engine: [INFO:cleanup_previous_update_action.cc(124)] CleanupPreviousUpdateAction scheduled task ID 4 for WaitBootCompleted
06-06 14:41:01.967 479 479 V PackageManager: reconcileAppsData for null u0 0x3 migrateAppData=true
06-06 14:41:01.992 366 378 I SELinux : SELinux: Loaded file_contexts
06-06 14:41:02.111 306 306 D XiriService: check file name: /data/data/android/lib
06-06 14:41:02.112 306 306 D XiriService: check file name: /data/data/android/lib
06-06 14:41:02.114 306 306 D XiriService: check file name: /data/data/android/lib
06-06 14:41:02.108 306 306 I xiriservice_All: type=1400 audit(0.0:285): avc: denied { search } for name="android" dev="mmcblk0p25" ino=526 scontext=u:r:init:s0 tcontext=u:object_r:system_app_data_file:s0 tclass=dir permissive=1
06-06 14:41:02.149 306 306 D XiriService: check file name: /data/data/android/lib
06-06 14:41:02.149 306 306 D XiriService: check file name: /data/data/android/lib
06-06 14:41:02.150 306 306 D XiriService: check file name: /data/data/android/lib
06-06 14:41:02.151 306 306 D XiriService: check file name: /data/data/android/lib
06-06 14:41:02.151 306 306 D XiriService: check file name: /data/data/com.android.providers.settings/lib
06-06 14:41:02.151 306 306 D XiriService: check file name: /data/data/com.android.providers.settings/lib
06-06 14:41:02.152 306 306 D XiriService: check file name: /data/data/com.android.providers.settings/lib
06-06 14:41:02.152 306 306 D XiriService: check file name: /data/data/com.android.providers.settings/lib
06-06 14:41:02.156 306 306 D XiriService: check file name: /data/data/com.android.providers.settings/lib
06-06 14:41:02.157 306 306 D XiriService: check file name: /data/data/com.android.providers.settings/lib
06-06 14:41:02.157 306 306 D XiriService: check file name: /data/data/com.android.providers.settings/lib
06-06 14:41:02.157 306 306 D XiriService: check file name: /data/data/com.android.providers.settings/lib
06-06 14:41:02.157 306 306 D XiriService: check file name: /data/data/com.android.inputdevices/lib
06-06 14:41:02.158 306 306 D XiriService: check file name: /data/data/com.android.inputdevices/lib
06-06 14:41:02.158 306 306 D XiriService: check file name: /data/data/com.android.inputdevices/lib
06-06 14:41:02.158 306 306 D XiriService: check file name: /data/data/com.android.inputdevices/lib
06-06 14:41:02.162 306 306 D XiriService: check file name: /data/data/com.android.inputdevices/lib
06-06 14:41:02.162 306 306 D XiriService: check file name: /data/data/com.android.inputdevices/lib
06-06 14:41:02.162 306 306 D XiriService: check file name: /data/data/com.android.inputdevices/lib
06-06 14:41:02.163 306 306 D XiriService: check file name: /data/data/com.android.inputdevices/lib
06-06 14:41:02.112 306 306 I xiriservice_All: type=1400 audit(0.0:286): avc: denied { read } for name="lib" dev="mmcblk0p25" ino=8211 scontext=u:r:init:s0 tcontext=u:object_r:system_app_data_file:s0 tclass=lnk_file permissive=1
06-06 14:41:02.169 306 306 D XiriService: check file name: /data/data/android.ext.services/lib
06-06 14:41:02.169 306 306 D XiriService: check file name: /data/data/android.ext.services/lib
06-06 14:41:02.170 306 306 D XiriService: check file name: /data/data/android.ext.services/lib
06-06 14:41:02.171 306 306 D XiriService: check file name: /data/data/android.ext.services/lib
06-06 14:41:02.164 306 306 I xiriservice_All: type=1400 audit(0.0:287): avc: denied { search } for name="android.ext.services" dev="mmcblk0p25" ino=457 scontext=u:r:init:s0 tcontext=u:object_r:app_data_file:s0:c512,c768 tclass=dir permissive=1
06-06 14:41:02.208 306 306 D XiriService: check file name: /data/data/android.ext.services/lib
06-06 14:41:02.371 184 184 I logd : logdr: UID=1036 GID=1023 PID=395 b tail=0 logMask=19 pid=0 start=1749192038392678000ns deadline=0ns
06-06 14:41:02.230 306 306 D XiriService: check file name: /data/data/com.android.location.fused/lib
06-06 14:41:02.230 306 306 D XiriService: check file name: /data/data/com.android.location.fused/lib
06-06 14:41:02.231 306 306 D XiriService: check file name: /data/data/com.android.location.fused/lib
06-06 14:41:02.231 306 306 D XiriService: check file name: /data/data/com.android.location.fused/lib
06-06 14:41:02.164 306 306 I xiriservice_All: type=1400 audit(0.0:288): avc: denied { read } for name="lib" dev="mmcblk0p25" ino=7016 scontext=u:r:init:s0 tcontext=u:object_r:app_data_file:s0:c512,c768 tclass=lnk_file permissive=1
06-06 14:41:02.236 306 306 D XiriService: check file name: /data/data/com.android.location.fused/lib
06-06 14:41:02.236 306 306 D XiriService: check file name: /data/data/com.android.location.fused/lib
06-06 14:41:02.237 306 306 D XiriService: check file name: /data/data/com.android.location.fused/lib
06-06 14:41:02.237 306 306 D XiriService: check file name: /data/data/com.android.location.fused/lib
06-06 14:41:02.241 257 292 I gralloc : alloc buffer:W:1920 H:1080 S:1920 PL[1920 1080] SZ:8294400 fmt:43 if:0 af:43 usg:20000b00 fg:00000004
06-06 14:41:02.255 479 479 V PackageManager: reconcileAppsData finished 14 packages
06-06 14:41:02.256 479 479 I PackageManagerTiming: write settings
06-06 14:41:02.256 479 569 I SystemServerTimingAsync: InitThreadPoolExec:prepareAppData
06-06 14:41:02.256 479 569 D SystemServerInitThreadPool: Started executing prepareAppData
06-06 14:41:02.256 366 567 E cutils-trace: Error opening trace file: No such file or directory (2)
06-06 14:41:02.259 366 567 W installd: Ignoring /data/data/android/lib with unexpected GID 0 instead of 1000
06-06 14:41:02.259 366 567 W installd: Ignoring /data/data/com.android.providers.settings/lib with unexpected GID 0 instead of 1000
06-06 14:41:02.259 366 567 W installd: Ignoring /data/data/com.android.inputdevices/lib with unexpected GID 0 instead of 1000
06-06 14:41:02.259 366 567 W installd: Ignoring /data/data/android.ext.services/lib with unexpected GID 0 instead of 10075
06-06 14:41:02.260 366 567 W installd: Ignoring /data/data/com.android.location.fused/lib with unexpected GID 0 instead of 1000
06-06 14:41:02.261 366 567 W installd: Ignoring /data/data/com.android.cts.priv.ctsshim/lib with unexpected GID 0 instead of 10016
06-06 14:41:02.263 366 567 W installd: Ignoring /data/data/com.android.dynsystem/lib with unexpected GID 0 instead of 1000
06-06 14:41:02.264 366 567 W installd: Ignoring /data/data/com.dangbei.lerad.rocky/lib with unexpected GID 0 instead of 1000
06-06 14:41:02.265 366 567 W installd: Ignoring /data/data/com.android.tv.settings/lib with unexpected GID 0 instead of 1000
06-06 14:41:02.266 366 567 W installd: Ignoring /data/data/com.oranth.factory/lib with unexpected GID 0 instead of 1000
06-06 14:41:02.268 366 567 W installd: Ignoring /data/data/com.dangbei.zhushou.os/lib with unexpected GID 0 instead of 1000
06-06 14:41:02.270 366 567 W installd: Ignoring /data/data/com.sohu.inputmethod.sogou.tv/lib with unexpected GID 0 instead of 10036
06-06 14:41:02.273 366 567 W installd: Ignoring /data/data/com.oranth.ledstatus/lib with unexpected GID 0 instead of 1000
06-06 14:41:02.274 366 567 W installd: Ignoring /data/data/com.dangbei.lerad.videoposter/lib with unexpected GID 0 instead of 10045
06-06 14:41:02.275 366 567 W installd: Ignoring /data/data/com.android.networkstack/lib with unexpected GID 0 instead of 1073
06-06 14:41:02.283 366 567 W installd: Ignoring /data/data/com.dangbei.screencast/lib with unexpected GID 0 instead of 10024
06-06 14:41:02.286 366 567 W installd: Ignoring /data/data/com.dangbei.leard.leradlauncher/lib with unexpected GID 0 instead of 1000
06-06 14:41:02.288 366 567 W installd: Ignoring /data/data/com.android.printspooler/lib with unexpected GID 0 instead of 10037
06-06 14:41:02.289 366 567 W installd: Ignoring /data/data/com.android.webview/lib with unexpected GID 0 instead of 10060
06-06 14:41:02.291 366 567 W installd: Ignoring /data/data/com.android.bips/lib with unexpected GID 0 instead of 10031
06-06 14:41:02.292 366 567 W installd: Ignoring /data/data/com.oranth.inputmacsn/lib with unexpected GID 0 instead of 1000
06-06 14:41:02.293 366 567 W installd: Ignoring /data/data/com.android.keychain/lib with unexpected GID 0 instead of 1000
06-06 14:41:02.295 366 567 W installd: Ignoring /data/data/com.android.localtransport/lib with unexpected GID 0 instead of 1000
06-06 14:41:02.295 366 567 W installd: Ignoring /data/data/com.android.packageinstaller/lib with unexpected GID 0 instead of 1000
06-06 14:41:02.296 479 479 I SELinux : SELinux: Loaded file_contexts
06-06 14:41:02.297 366 567 W installd: Ignoring /data/data/com.oranth.usbopenft/lib with unexpected GID 0 instead of 1000
06-06 14:41:02.297 366 567 W installd: Ignoring /data/data/com.android.networkstack.tethering/lib with unexpected GID 0 instead of 1073
06-06 14:41:02.298 366 567 W installd: Ignoring /data/data/com.dangbei.lerad.etna.haqu/lib with unexpected GID 0 instead of 1000
06-06 14:41:02.301 366 567 W installd: Ignoring /data/data/com.oranth.powerwindow/lib with unexpected GID 0 instead of 1000
06-06 14:41:02.302 366 567 W installd: Ignoring /data/data/com.android.networkstack.permissionconfig/lib with unexpected GID 0 instead of 1073
06-06 14:41:02.305 366 567 W installd: Ignoring /data/data/com.dangbei.lerad.screensaver/lib with unexpected GID 0 instead of 10043
06-06 14:41:02.307 366 567 W installd: Ignoring /data/data/com.android.wallpaperbackup/lib with unexpected GID 0 instead of 1000
06-06 14:41:02.309 366 567 W installd: Ignoring /data/data/com.android.providers.media.module/lib with unexpected GID 0 instead of 10074
06-06 14:41:02.310 479 479 D PackageManagerTiming: write settings took to complete: 54ms
06-06 14:41:02.310 366 567 W installd: Ignoring /data/data/com.oranth.storage/lib with unexpected GID 0 instead of 1000
06-06 14:41:02.311 479 479 W PackageManager: There should probably be a verifier, but, none were found
06-06 14:41:02.312 366 567 W installd: Ignoring /data/data/com.dangbei.haqusetting/lib with unexpected GID 0 instead of 1000
06-06 14:41:02.312 479 479 W PackageManager: Domain verification agent not found
06-06 14:41:02.313 366 567 W installd: Ignoring /data/data/com.softwinner.miracastReceiver/lib with unexpected GID 0 instead of 1000
06-06 14:41:02.314 366 567 W installd: Ignoring /data/data/com.android.bluetooth/lib with unexpected GID 0 instead of 1002
06-06 14:41:02.315 479 479 D PackageManager: Ephemeral resolver NOT found; no matching intent filters
06-06 14:41:02.316 479 479 D PackageManager: Instant App installer not found with android.intent.action.INSTALL_INSTANT_APP_PACKAGE
06-06 14:41:02.316 479 479 D PackageManager: Clear ephemeral installer activity
06-06 14:41:02.317 366 567 W installd: Ignoring /data/data/com.dangbei.hqmedia/lib with unexpected GID 0 instead of 10076
06-06 14:41:02.324 366 567 W installd: Ignoring /data/user_de/0/android/lib with unexpected GID 0 instead of 1000
06-06 14:41:02.324 366 567 W installd: Ignoring /data/user_de/0/com.android.providers.settings/lib with unexpected GID 0 instead of 1000
06-06 14:41:02.325 366 567 W installd: Ignoring /data/user_de/0/com.android.inputdevices/lib with unexpected GID 0 instead of 1000
06-06 14:41:02.326 366 567 W installd: Ignoring /data/user_de/0/com.android.location.fused/lib with unexpected GID 0 instead of 1000
06-06 14:41:02.326 479 479 I PackageManagerTiming: GC
06-06 14:41:02.326 479 479 D PackageManagerTiming: GC took to complete: 0ms
06-06 14:41:02.326 479 536 W system_server: Long monitor contention with owner main (479) at java.util.concurrent.CompletableFuture com.android.server.pm.PackageManagerService.prepareAppDataLeaf(com.android.server.pm.Installer$Batch, com.android.server.pm.parsing.pkg.AndroidPackage, int, int)(PackageManagerService.java:25951) waiters=0 in void com.android.server.pm.Settings$RuntimePermissionPersistence$MyHandler.handleMessage(android.os.Message) for 158ms
06-06 14:41:02.327 479 479 I PackageManager: Fix for b/169414761 is applied
06-06 14:41:02.327 479 479 D PackageManagerTiming: create package manager took to complete: 1403ms
06-06 14:41:02.329 366 567 W installd: Ignoring /data/user_de/0/com.android.tv.settings/lib with unexpected GID 0 instead of 1000
06-06 14:41:02.332 366 567 W installd: Ignoring /data/user_de/0/com.sohu.inputmethod.sogou.tv/lib with unexpected GID 0 instead of 10036
06-06 14:41:02.337 366 567 W installd: Ignoring /data/user_de/0/com.android.networkstack/lib with unexpected GID 0 instead of 1073
06-06 14:41:02.349 366 567 W installd: Ignoring /data/user_de/0/com.android.packageinstaller/lib with unexpected GID 0 instead of 1000
06-06 14:41:02.351 366 567 W installd: Ignoring /data/user_de/0/com.android.networkstack.tethering/lib with unexpected GID 0 instead of 1073
06-06 14:41:02.366 366 567 W installd: Ignoring /data/user_de/0/com.android.bluetooth/lib with unexpected GID 0 instead of 1002
06-06 14:41:02.369 479 569 D SystemServerTimingAsync: AppDataFixup took to complete: 112ms
06-06 14:41:02.372 479 479 V UserManagerService: Checking that all system packages are whitelisted.
06-06 14:41:02.382 479 479 W UserManagerService: checkWhitelistedSystemPackages(mode=ENFORCE|IMPLICIT_WHITELIST|IMPLICIT_WHITELIST_SYSTEM) has 55 warnings:
06-06 14:41:02.382 479 479 W UserManagerService: com.android.internal.display.cutout.emulation.corner is allowlisted but not present.
06-06 14:41:02.382 479 479 W UserManagerService: com.android.internal.display.cutout.emulation.double is allowlisted but not present.
06-06 14:41:02.382 479 479 W UserManagerService: com.android.theme.color.amethyst is allowlisted but not present.
06-06 14:41:02.382 479 479 W UserManagerService: com.android.theme.icon.pebble is allowlisted but not present.
06-06 14:41:02.382 479 479 W UserManagerService: com.android.theme.color.sand is allowlisted but not present.
06-06 14:41:02.382 479 479 W UserManagerService: com.android.theme.icon.vessel is allowlisted but not present.
06-06 14:41:02.382 479 479 W UserManagerService: com.android.theme.color.cinnamon is allowlisted but not present.
06-06 14:41:02.382 479 479 W UserManagerService: com.android.theme.icon_pack.victor.settings is allowlisted but not present.
06-06 14:41:02.382 479 479 W UserManagerService: com.android.theme.icon_pack.rounded.systemui is allowlisted but not present.
06-06 14:41:02.382 479 479 W UserManagerService: com.android.theme.icon.taperedrect is allowlisted but not present.
06-06 14:41:02.382 479 479 W UserManagerService: com.android.theme.icon_pack.rounded.android is allowlisted but not present.
06-06 14:41:02.382 479 479 W UserManagerService: com.android.theme.icon_pack.victor.systemui is allowlisted but not present.
06-06 14:41:02.382 479 479 W UserManagerService: com.android.theme.icon_pack.circular.themepicker is allowlisted but not present.
06-06 14:41:02.382 479 479 W UserManagerService: com.android.theme.color.tangerine is allowlisted but not present.
06-06 14:41:02.382 479 479 W UserManagerService: com.android.theme.color.aquamarine is allowlisted but not present.
06-06 14:41:02.382 479 479 W UserManagerService: com.android.internal.display.cutout.emulation.hole is allowlisted but not present.
06-06 14:41:02.382 479 479 W UserManagerService: com.android.internal.display.cutout.emulation.tall is allowlisted but not present.
06-06 14:41:02.382 479 479 W UserManagerService: com.android.theme.color.black is allowlisted but not present.
06-06 14:41:02.382 479 479 W UserManagerService: com.android.theme.color.green is allowlisted but not present.
06-06 14:41:02.382 479 479 W UserManagerService: com.android.theme.color.ocean is allowlisted but not present.
06-06 14:41:02.382 479 479 W UserManagerService: com.android.theme.color.space is allowlisted but not present.
06-06 14:41:02.382 479 479 W UserManagerService: com.android.theme.icon_pack.rounded.launcher is allowlisted but not present.
06-06 14:41:02.382 479 479 W UserManagerService: com.android.theme.icon_pack.kai.settings is allowlisted but not present.
06-06 14:41:02.382 479 479 W UserManagerService: com.android.internal.systemui.navbar.twobutton is allowlisted but not present.
06-06 14:41:02.382 479 479 W UserManagerService: com.android.theme.icon_pack.sam.settings is allowlisted but not present.
06-06 14:41:02.382 479 479 W UserManagerService: com.android.theme.icon_pack.kai.themepicker is allowlisted but not present.
06-06 14:41:02.382 479 479 W UserManagerService: com.android.theme.icon_pack.victor.launcher is allowlisted but not present.
06-06 14:41:02.382 479 479 W UserManagerService: com.android.theme.icon_pack.filled.settings is allowlisted but not present.
06-06 14:41:02.382 479 479 W UserManagerService: com.android.theme.icon_pack.kai.systemui is allowlisted but not present.
06-06 14:41:02.382 479 479 W UserManagerService: com.android.theme.icon_pack.circular.settings is allowlisted but not present.
06-06 14:41:02.382 479 479 W UserManagerService: com.android.theme.icon_pack.sam.systemui is allowlisted but not present.
06-06 14:41:02.382 479 479 W UserManagerService: com.android.theme.icon.teardrop is allowlisted but not present.
06-06 14:41:02.382 479 479 W UserManagerService: com.android.theme.icon_pack.rounded.themepicker is allowlisted but not present.
06-06 14:41:02.382 479 479 W UserManagerService: com.android.theme.icon_pack.filled.systemui is allowlisted but not present.
06-06 14:41:02.382 479 479 W UserManagerService: com.android.theme.icon_pack.sam.android is allowlisted but not present.
06-06 14:41:02.382 479 479 W UserManagerService: com.android.theme.icon_pack.filled.android is allowlisted but not present.
06-06 14:41:02.382 479 479 W UserManagerService: com.android.internal.display.cutout.emulation.waterfall is allowlisted but not present.
06-06 14:41:02.382 479 479 W UserManagerService: com.android.theme.icon_pack.circular.systemui is allowlisted but not present.
06-06 14:41:02.382 479 479 W UserManagerService: com.android.theme.icon_pack.kai.android is allowlisted but not present.
06-06 14:41:02.382 479 479 W UserManagerService: com.android.theme.icon_pack.kai.launcher is allowlisted but not present.
06-06 14:41:02.382 479 479 W UserManagerService: com.android.theme.icon_pack.sam.launcher is allowlisted but not present.
06-06 14:41:02.382 479 479 W UserManagerService: com.android.theme.icon.squircle is allowlisted but not present.
06-06 14:41:02.382 479 479 W UserManagerService: com.android.theme.icon_pack.victor.android is allowlisted but not present.
06-06 14:41:02.382 479 479 W UserManagerService: com.android.theme.color.palette is allowlisted but not present.
06-06 14:41:02.382 479 479 W UserManagerService: com.android.theme.icon_pack.filled.launcher is allowlisted but not present.
06-06 14:41:02.382 479 479 W UserManagerService: com.android.theme.color.carbon is allowlisted but not present.
06-06 14:41:02.382 479 479 W UserManagerService: com.android.theme.icon_pack.circular.launcher is allowlisted but not present.
06-06 14:41:02.382 479 479 W UserManagerService: com.android.theme.icon_pack.filled.themepicker is allowlisted but not present.
06-06 14:41:02.382 479 479 W UserManagerService: com.android.theme.icon_pack.victor.themepicker is allowlisted but not present.
06-06 14:41:02.382 479 479 W UserManagerService: com.android.theme.color.orchid is allowlisted but not present.
06-06 14:41:02.383 479 479 W UserManagerService: com.android.theme.color.purple is allowlisted but not present.
06-06 14:41:02.383 479 479 W UserManagerService: com.android.theme.icon_pack.sam.themepicker is allowlisted but not present.
06-06 14:41:02.383 479 479 W UserManagerService: com.android.theme.icon.roundedrect is allowlisted but not present.
06-06 14:41:02.383 479 479 W UserManagerService: com.android.theme.icon_pack.rounded.settings is allowlisted but not present.
06-06 14:41:02.383 479 479 W UserManagerService: com.android.theme.icon_pack.circular.android is allowlisted but not present.
06-06 14:41:02.393 479 479 I Watchdog: Resuming HandlerChecker: main thread for reason: packagemanagermain. Pause count: 0
06-06 14:41:02.393 479 479 I SystemServerDexLoadReporter: Configuring system server dex reporter
06-06 14:41:02.408 479 479 D SystemServerTiming: StartPackageManagerService took to complete: 1492ms
06-06 14:41:02.408 479 479 I SystemServerTiming: StartOtaDexOptService
06-06 14:41:02.408 479 479 I Watchdog: Pausing HandlerChecker: main thread for reason: moveab. Pause count: 1
06-06 14:41:02.409 479 479 D OTADexopt: No upgrade, skipping A/B artifacts check.
06-06 14:41:02.409 479 479 I Watchdog: Resuming HandlerChecker: main thread for reason: moveab. Pause count: 0
06-06 14:41:02.409 479 479 D SystemServerTiming: StartOtaDexOptService took to complete: 1ms
06-06 14:41:02.409 479 479 I SystemServerTiming: StartUserManagerService
06-06 14:41:02.410 479 479 I SystemServiceManager: Starting com.android.server.pm.UserManagerService$LifeCycle
06-06 14:41:02.410 479 479 D SystemServerTiming: StartUserManagerService took to complete: 1ms
06-06 14:41:02.410 479 479 I SystemServerTiming: InitAttributerCache
06-06 14:41:02.411 479 479 D SystemServerTiming: InitAttributerCache took to complete: 1ms
06-06 14:41:02.411 479 479 I SystemServerTiming: SetSystemProcess
06-06 14:41:02.411 377 377 I ServiceManager: Waiting for service 'package_native' on '/dev/binder' successful after waiting 4888ms
06-06 14:41:02.415 377 572 I storaged: storaged: Start
06-06 14:41:02.420 479 539 I ActivityManager: Connection with lmkd established
06-06 14:41:02.420 178 178 I lowmemorykiller: lmkd data connection established
06-06 14:41:02.421 479 502 V HistoricalRegistry: Interaction before persistence initialized
06-06 14:41:02.423 353 353 I cameraserver: Waiting for sensor privacy service
06-06 14:41:02.423 479 479 D SystemServerTiming: SetSystemProcess took to complete: 12ms
06-06 14:41:02.424 479 479 I SystemServerTiming: InitWatchdog
06-06 14:41:02.424 479 479 D SystemServerTiming: InitWatchdog took to complete: 0ms
06-06 14:41:02.424 479 479 I SystemServerTiming: StartOverlayManagerService
06-06 14:41:02.426 479 502 V HistoricalRegistry: Interaction before persistence initialized
06-06 14:41:02.428 285 285 I audioserver: Waiting for sensor privacy service
06-06 14:41:02.614 1 1 I init : Control message: Processed ctl.start for 'idmap2d' from pid: 479 (system_server)
06-06 14:41:02.449 355 376 E cutils-trace: Error opening trace file: No such file or directory (2)
06-06 14:41:02.465 369 431 I ServiceManager: Waiting for service 'package_native' on '/dev/binder' successful after waiting 4889ms
06-06 14:41:02.467 369 431 W AudioAnalytics: (key=audio.flinger) Audioflinger constructor event detected
06-06 14:41:02.474 355 376 W idmap2d : active ffro iterator was not previously released
06-06 14:41:02.488 479 479 D SystemServerTiming: StartOverlayManagerService took to complete: 64ms
06-06 14:41:02.488 479 479 I SystemServerTiming: StartSensorPrivacyService
06-06 14:41:02.494 479 479 D SystemServerTiming: StartSensorPrivacyService took to complete: 5ms
06-06 14:41:02.494 479 479 I SystemServerTiming: StartSensorService
06-06 14:41:02.494 479 479 I SystemServiceManager: Starting com.android.server.sensors.SensorService
06-06 14:41:02.494 479 479 D SystemServerTiming: StartSensorService took to complete: 1ms
06-06 14:41:02.494 479 479 D SystemServerTiming: startBootstrapServices took to complete: 2818ms
06-06 14:41:02.494 479 479 I SystemServerTiming: startCoreServices
06-06 14:41:02.495 479 479 I SystemServerTiming: StartSystemConfigService
06-06 14:41:02.495 479 479 I SystemServiceManager: Starting com.android.server.SystemConfigService
06-06 14:41:02.496 479 479 D SystemServerTiming: StartSystemConfigService took to complete: 1ms
06-06 14:41:02.496 479 479 I SystemServerTiming: StartBatteryService
06-06 14:41:02.496 479 479 I SystemServiceManager: Starting com.android.server.BatteryService
06-06 14:41:02.499 479 578 I SystemServerTimingAsync: InitThreadPoolExec:StartNativeSensorService
06-06 14:41:02.499 479 578 D SystemServerInitThreadPool: Started executing StartNativeSensorService
06-06 14:41:02.499 479 578 I SystemServerTimingAsync: StartNativeSensorService
06-06 14:41:02.500 479 578 D SensorService: nuSensorService starting...
06-06 14:41:02.501 479 479 I android_os_HwBinder: HwBinder: Starting thread pool for getting: android.hardware.health@2.0::IHealth/default
06-06 14:41:02.502 180 180 I hwservicemanager: getTransport: Cannot find entry android.hardware.sensors@2.1::ISensors/default in either framework or device VINTF manifest.
06-06 14:41:02.503 180 180 I hwservicemanager: getTransport: Cannot find entry android.hardware.sensors@2.0::ISensors/default in either framework or device VINTF manifest.
06-06 14:41:02.503 180 180 I hwservicemanager: getTransport: Cannot find entry android.hardware.sensors@1.0::ISensors/default in either framework or device VINTF manifest.
06-06 14:41:02.505 479 578 D SystemServerTimingAsync: StartNativeSensorService took to complete: 5ms
06-06 14:41:02.505 479 578 D SystemServerInitThreadPool: Finished executing StartNativeSensorService
06-06 14:41:02.505 479 578 D SystemServerTimingAsync: InitThreadPoolExec:StartNativeSensorService took to complete: 6ms
06-06 14:41:02.692 261 261 W healthd : battery none chg=
06-06 14:41:02.522 353 353 I HidlServiceManagement: Registered android.frameworks.cameraservice.service@2.2::ICameraService/default
06-06 14:41:02.524 479 479 I android_os_HwBinder: HwBinder: Starting thread pool for getting: android.hidl.manager@1.0::IServiceManager/default
06-06 14:41:02.525 353 353 I CameraService: CameraService pinged cameraservice proxy
06-06 14:41:02.526 353 353 I cameraserver: ServiceManager: 0xe8988960 done instantiate
06-06 14:41:02.527 479 479 I HealthServiceWrapper: health: HealthServiceWrapper listening to instance default
06-06 14:41:02.527 479 479 I BatteryService: health: Waited 0ms and received the update.
06-06 14:41:02.529 479 479 D SystemServerTiming: StartBatteryService took to complete: 33ms
06-06 14:41:02.529 479 479 I SystemServerTiming: StartUsageService
06-06 14:41:02.529 479 479 I SystemServiceManager: Starting com.android.server.usage.UsageStatsService
06-06 14:41:02.530 479 580 I android_os_HwBinder: HwBinder: Starting thread pool for getting: android.hardware.health@2.0::IHealth/default
06-06 14:41:02.540 479 479 D SystemServerTiming: StartUsageService took to complete: 12ms
06-06 14:41:02.540 479 479 I SystemServerTiming: StartWebViewUpdateService
06-06 14:41:02.540 479 479 I SystemServiceManager: Starting com.android.server.webkit.WebViewUpdateService
06-06 14:41:02.544 479 479 D SystemServerTiming: StartWebViewUpdateService took to complete: 4ms
06-06 14:41:02.544 479 479 I SystemServerTiming: StartCachedDeviceStateService
06-06 14:41:02.544 479 479 I SystemServiceManager: Starting com.android.server.CachedDeviceStateService
06-06 14:41:02.544 479 479 D SystemServerTiming: StartCachedDeviceStateService took to complete: 0ms
06-06 14:41:02.544 479 479 I SystemServerTiming: StartBinderCallsStatsService
06-06 14:41:02.545 479 479 I SystemServiceManager: Starting com.android.server.BinderCallsStatsService$LifeCycle
06-06 14:41:02.547 479 479 D SystemServerTiming: StartBinderCallsStatsService took to complete: 3ms
06-06 14:41:02.547 479 479 I SystemServerTiming: StartLooperStatsService
06-06 14:41:02.547 479 479 I SystemServiceManager: Starting com.android.server.LooperStatsService$Lifecycle
06-06 14:41:02.548 479 479 D SystemServerTiming: StartLooperStatsService took to complete: 1ms
06-06 14:41:02.549 479 479 I SystemServerTiming: StartRollbackManagerService
06-06 14:41:02.549 479 479 I SystemServiceManager: Starting com.android.server.rollback.RollbackManagerService
06-06 14:41:02.551 366 566 D installd: Found quota mount /dev/block/by-name/userdata at /data
06-06 14:41:02.551 366 566 D installd: Found quota mount /dev/block/by-name/userdata at /data/user/0
06-06 14:41:02.554 479 479 I PackageWatchdog: Syncing state, reason: added new observer
06-06 14:41:02.554 479 479 I PackageWatchdog: Not pruning observers, elapsed time: 0ms
06-06 14:41:02.555 479 536 I PackageWatchdog: Saving observer state to file
06-06 14:41:02.555 479 479 I PackageWatchdog: Cancelling state sync, nothing to sync
06-06 14:41:02.563 479 479 D SystemServerTiming: StartRollbackManagerService took to complete: 15ms
06-06 14:41:02.563 479 479 I SystemServerTiming: StartNativeTombstoneManagerService
06-06 14:41:02.564 479 479 I SystemServiceManager: Starting com.android.server.os.NativeTombstoneManagerService
06-06 14:41:02.567 479 479 D SystemServerTiming: StartNativeTombstoneManagerService took to complete: 3ms
06-06 14:41:02.567 479 479 I SystemServerTiming: StartBugreportManagerService
06-06 14:41:02.567 479 479 I SystemServiceManager: Starting com.android.server.os.BugreportManagerService
06-06 14:41:02.568 479 479 D SystemServerTiming: StartBugreportManagerService took to complete: 1ms
06-06 14:41:02.568 479 479 I SystemServerTiming: GpuService
06-06 14:41:02.568 479 479 I SystemServiceManager: Starting com.android.server.gpu.GpuService
06-06 14:41:02.568 479 479 D SystemServerTiming: GpuService took to complete: 0ms
06-06 14:41:02.568 479 479 D SystemServerTiming: startCoreServices took to complete: 74ms
06-06 14:41:02.568 479 479 I SystemServerTiming: startOtherServices
06-06 14:41:02.575 479 479 I SystemServerTiming: StartKeyAttestationApplicationIdProviderService
06-06 14:41:02.575 479 534 I SystemServerTimingAsync: InitThreadPoolExec:SecondaryZygotePreload
06-06 14:41:02.575 479 534 D SystemServerInitThreadPool: Started executing SecondaryZygotePreload
06-06 14:41:02.575 479 534 I SystemServer: SecondaryZygotePreload
06-06 14:41:02.575 479 534 I SystemServerTimingAsync: SecondaryZygotePreload
06-06 14:41:02.577 479 479 D SystemServerTiming: StartKeyAttestationApplicationIdProviderService took to complete: 2ms
06-06 14:41:02.577 479 479 I SystemServerTiming: StartKeyChainSystemService
06-06 14:41:02.577 479 479 I SystemServiceManager: Starting com.android.server.security.KeyChainSystemService
06-06 14:41:02.578 479 479 D SystemServerTiming: StartKeyChainSystemService took to complete: 1ms
06-06 14:41:02.578 479 479 I SystemServerTiming: StartSchedulingPolicyService
06-06 14:41:02.579 241 241 I Zygote : Lazily preloading resources.
06-06 14:41:02.579 241 241 D Zygote : begin preload
06-06 14:41:02.579 241 241 I Zygote : Calling ZygoteHooks.beginPreload()
06-06 14:41:02.580 479 479 D SystemServerTiming: StartSchedulingPolicyService took to complete: 1ms
06-06 14:41:02.580 479 479 I SystemServerTiming: StartTelecomLoaderService
06-06 14:41:02.580 479 479 I SystemServiceManager: Starting com.android.server.telecom.TelecomLoaderService
06-06 14:41:02.582 479 479 D SystemServerTiming: StartTelecomLoaderService took to complete: 2ms
06-06 14:41:02.582 479 479 I SystemServerTiming: StartTelephonyRegistry
06-06 14:41:02.582 479 526 I SystemServerTimingAsync: InitThreadPoolExec:SchedulingPolicyService.
06-06 14:41:02.582 479 526 D SystemServerInitThreadPool: Started executing SchedulingPolicyService.
06-06 14:41:02.585 479 496 I system_server: Background concurrent copying GC freed 131870(6183KB) AllocSpace objects, 29(932KB) LOS objects, 49% free, 6597KB/12MB, paused 164us total 254.488ms
06-06 14:41:02.587 479 479 D SystemServerTiming: StartTelephonyRegistry took to complete: 5ms
06-06 14:41:02.587 479 479 I SystemServerTiming: StartEntropyMixer
06-06 14:41:02.580 326 326 I rainbow_flow: type=1400 audit(0.0:289): avc: denied { ioctl } for path="/dev/spidev1.0" dev="tmpfs" ino=1879 ioctlcmd=0x6b00 scontext=u:r:init:s0 tcontext=u:object_r:device:s0 tclass=chr_file permissive=1
06-06 14:41:02.619 479 479 I EntropyMixer: Writing entropy...
06-06 14:41:02.621 479 479 D SystemServerTiming: StartEntropyMixer took to complete: 34ms
06-06 14:41:02.621 479 479 I SystemServerTiming: StartAccountManagerService
06-06 14:41:02.622 479 479 I SystemServiceManager: Starting com.android.server.accounts.AccountManagerService$Lifecycle
06-06 14:41:02.627 479 479 D CompatibilityChangeReporter: Compat change id reported: 148180766; UID 1000; state: ENABLED
06-06 14:41:02.629 479 479 D SystemServerTiming: StartAccountManagerService took to complete: 8ms
06-06 14:41:02.629 479 479 I SystemServerTiming: StartContentService
06-06 14:41:02.629 479 479 I SystemServiceManager: Starting com.android.server.content.ContentService$Lifecycle
06-06 14:41:02.631 479 479 D SystemServerTiming: StartContentService took to complete: 2ms
06-06 14:41:02.631 479 479 I SystemServerTiming: InstallSystemProviders
06-06 14:41:02.632 479 526 I SchedulingPolicyService: Moving 388 back to group default
06-06 14:41:02.634 479 526 D SystemServerInitThreadPool: Finished executing SchedulingPolicyService.
06-06 14:41:02.634 479 526 D SystemServerTimingAsync: InitThreadPoolExec:SchedulingPolicyService. took to complete: 51ms
06-06 14:41:02.693 479 479 W SettingsState: No settings state /data/system/users/0/settings_config.xml
06-06 14:41:02.697 479 479 I SettingsState: directory info for directory/file /data/system/users/0/settings_config.xml with stacktrace
06-06 14:41:02.697 479 479 I SettingsState: java.lang.Exception
06-06 14:41:02.697 479 479 I SettingsState: at com.android.providers.settings.SettingsState.logSettingsDirectoryInformation(SettingsState.java:877)
06-06 14:41:02.697 479 479 I SettingsState: at com.android.providers.settings.SettingsState.readStateSyncLocked(SettingsState.java:1008)
06-06 14:41:02.697 479 479 I SettingsState: at com.android.providers.settings.SettingsState.(SettingsState.java:283)
06-06 14:41:02.697 479 479 I SettingsState: at com.android.providers.settings.SettingsProvider$SettingsRegistry.ensureSettingsStateLocked(SettingsProvider.java:2884)
06-06 14:41:02.697 479 479 I SettingsState: at com.android.providers.settings.SettingsProvider$SettingsRegistry.ensureSettingsForUserLocked(SettingsProvider.java:2849)
06-06 14:41:02.697 479 479 I SettingsState: at com.android.providers.settings.SettingsProvider$SettingsRegistry.peekSettingsStateLocked(SettingsProvider.java:3201)
06-06 14:41:02.697 479 479 I SettingsState: at com.android.providers.settings.SettingsProvider$SettingsRegistry.getSettingsNamesLocked(SettingsProvider.java:2814)
06-06 14:41:02.697 479 479 I SettingsState: at com.android.providers.settings.SettingsProvider$SettingsRegistry.syncSsaidTableOnStartLocked(SettingsProvider.java:2797)
06-06 14:41:02.697 479 479 I SettingsState: at com.android.providers.settings.SettingsProvider$SettingsRegistry.access$100(SettingsProvider.java:2667)
06-06 14:41:02.697 479 479 I SettingsState: at com.android.providers.settings.SettingsProvider.onCreate(SettingsProvider.java:397)
06-06 14:41:02.697 479 479 I SettingsState: at android.content.ContentProvider.attachInfo(ContentProvider.java:2404)
06-06 14:41:02.697 479 479 I SettingsState: at android.content.ContentProvider.attachInfo(ContentProvider.java:2374)
06-06 14:41:02.697 479 479 I SettingsState: at android.app.ActivityThread.installProvider(ActivityThread.java:7437)
06-06 14:41:02.697 479 479 I SettingsState: at android.app.ActivityThread.installContentProviders(ActivityThread.java:6954)
06-06 14:41:02.697 479 479 I SettingsState: at android.app.ActivityThread.installSystemProviders(ActivityThread.java:7624)
06-06 14:41:02.697 479 479 I SettingsState: at com.android.server.am.ContentProviderHelper.installSystemProviders(ContentProviderHelper.java:1247)
06-06 14:41:02.697 479 479 I SettingsState: at com.android.server.SystemServer.startOtherServices(SystemServer.java:1507)
06-06 14:41:02.697 479 479 I SettingsState: at com.android.server.SystemServer.run(SystemServer.java:928)
06-06 14:41:02.697 479 479 I SettingsState: at com.android.server.SystemServer.main(SystemServer.java:628)
06-06 14:41:02.697 479 479 I SettingsState: at java.lang.reflect.Method.invoke(Native Method)
06-06 14:41:02.697 479 479 I SettingsState: at com.android.internal.os.RuntimeInit$MethodAndArgsCaller.run(RuntimeInit.java:548)
06-06 14:41:02.697 479 479 I SettingsState: at com.android.internal.os.ZygoteInit.main(ZygoteInit.java:1160)
06-06 14:41:02.697 479 479 I SettingsState: ancestor directory /data/system/users/0 exists
06-06 14:41:02.698 479 479 I SettingsState: ancestor directory /data/system/users/0 permissions: r: true w: true x: true
06-06 14:41:02.698 479 479 I SettingsState: ancestor's parent directory /data/system/users permissions: r: true w: true x: true
06-06 14:41:02.712 241 241 D ZygoteInitTiming_lazy: BeginPreload took to complete: 133ms
06-06 14:41:02.712 241 241 I Zygote : Preloading classes...
06-06 14:41:02.734 479 537 D ActivityManager: Freezer enabled
06-06 14:41:02.734 479 537 D ActivityManager: freezer override set to false
06-06 14:41:02.735 479 479 D SystemServerTiming: InstallSystemProviders took to complete: 104ms
06-06 14:41:02.735 479 479 I SystemServerTiming: StartDropBoxManager
06-06 14:41:02.735 479 479 I SystemServiceManager: Starting com.android.server.DropBoxManagerService
06-06 14:41:02.737 479 479 D SystemServerTiming: StartDropBoxManager took to complete: 1ms
06-06 14:41:02.737 479 479 I SystemServerTiming: StartRoleManagerService
06-06 14:41:02.737 479 479 I SystemServiceManager: Starting com.android.role.RoleService
06-06 14:41:02.743 479 479 D SystemServerTiming: StartRoleManagerService took to complete: 7ms
06-06 14:41:02.743 479 479 I SystemServerTiming: StartVibratorManagerService
06-06 14:41:02.744 479 479 I SystemServiceManager: Starting com.android.server.vibrator.VibratorManagerService$Lifecycle
06-06 14:41:02.747 179 179 E servicemanager: Could not find android.hardware.vibrator.IVibratorManager/default in the VINTF manifest.
06-06 14:41:02.747 179 179 E servicemanager: Could not find android.hardware.vibrator.IVibrator/default in the VINTF manifest.
06-06 14:41:02.748 180 180 I hwservicemanager: getTransport: Cannot find entry android.hardware.vibrator@1.0::IVibrator/default in either framework or device VINTF manifest.
06-06 14:41:02.750 479 479 D SystemServerTiming: StartVibratorManagerService took to complete: 7ms
06-06 14:41:02.751 479 479 I SystemServerTiming: StartDynamicSystemService
06-06 14:41:02.751 479 479 D SystemServerTiming: StartDynamicSystemService took to complete: 1ms
06-06 14:41:02.751 479 479 I SystemServerTiming: StartConsumerIrService
06-06 14:41:02.752 180 180 I hwservicemanager: getTransport: Cannot find entry android.hardware.ir@1.0::IConsumerIr/default in either framework or device VINTF manifest.
06-06 14:41:02.753 479 479 D SystemServerTiming: StartConsumerIrService took to complete: 2ms
06-06 14:41:02.754 479 479 I SystemServerTiming: StartAlarmManagerService
06-06 14:41:02.755 479 479 I SystemServiceManager: Starting com.android.server.alarm.AlarmManagerService
06-06 14:41:02.768 479 479 D AlarmManagerService: Kernel timezone updated to -480 minutes west of GMT
06-06 14:41:02.776 479 479 D CompatibilityChangeReporter: Compat change id reported: 160794467; UID 1000; state: ENABLED
06-06 14:41:02.779 315 316 D XM_HIDREAD: add@ add@/devices/virtual/wakeup/wakeup13
06-06 14:41:02.779 315 316 D XM_HIDREAD: add@ add@/devices/virtual/wakeup/wakeup14
06-06 14:41:02.780 315 316 D XM_HIDREAD: add@ add@/devices/virtual/wakeup/wakeup15
06-06 14:41:02.780 315 316 D XM_HIDREAD: add@ add@/devices/virtual/wakeup/wakeup16
06-06 14:41:02.780 315 316 D XM_HIDREAD: add@ add@/devices/virtual/wakeup/wakeup17
06-06 14:41:02.780 315 316 D XM_HIDREAD: add@ add@/devices/virtual/wakeup/wakeup18
06-06 14:41:02.780 315 316 D XM_HIDREAD: add@ add@/devices/virtual/wakeup/wakeup19
06-06 14:41:02.756 321 321 I xiriservice_All: type=1400 audit(0.0:290): avc: denied { read } for scontext=u:r:init:s0 tcontext=u:r:init:s0 tclass=netlink_kobject_uevent_socket permissive=1
06-06 14:41:02.784 479 479 D SystemServerTiming: StartAlarmManagerService took to complete: 31ms
06-06 14:41:02.784 479 479 I SystemServerTiming: StartInputManagerService
06-06 14:41:02.785 479 479 I InputManager: Initializing input manager, mUseDevInputEventForAudioJack=true
06-06 14:41:02.791 479 479 D SystemServerTiming: StartInputManagerService took to complete: 6ms
06-06 14:41:02.791 479 479 I SystemServerTiming: DeviceStateManagerService
06-06 14:41:02.791 479 479 I SystemServiceManager: Starting com.android.server.devicestate.DeviceStateManagerService
06-06 14:41:02.795 239 244 I ServiceManager: Waiting for service 'statscompanion' on '/dev/binder'...
06-06 14:41:02.796 241 241 I Typeface: Preloading /system/fonts/Roboto-Regular.ttf
06-06 14:41:02.796 241 241 I Typeface: Preloading /system/fonts/RobotoStatic-Regular.ttf
06-06 14:41:02.797 479 479 D SystemServerTiming: DeviceStateManagerService took to complete: 6ms
06-06 14:41:02.797 479 479 I SystemServerTiming: StartCameraServiceProxy
06-06 14:41:02.797 479 479 I SystemServiceManager: Starting com.android.server.camera.CameraServiceProxy
06-06 14:41:02.800 479 479 D SystemServerTiming: StartCameraServiceProxy took to complete: 2ms
06-06 14:41:02.800 479 479 I SystemServerTiming: StartWindowManagerService
06-06 14:41:02.800 479 479 I SystemServiceManager: Starting phase 200
06-06 14:41:02.800 479 479 I SystemServerTiming: OnBootPhase_200
06-06 14:41:02.800 479 479 D SystemServerTiming: OnBootPhase_200 took to complete: 0ms
06-06 14:41:02.803 479 479 I WindowManager: No existing display settings, starting empty
06-06 14:41:02.804 479 479 I WindowManager: No existing display settings, starting empty
06-06 14:41:02.806 315 316 D XM_HIDREAD: add@ add@/devices/virtual/wakeup/wakeup20
06-06 14:41:02.806 315 316 D XM_HIDREAD: add@ add@/devices/virtual/wakeup/wakeup21
06-06 14:41:02.806 315 316 D XM_HIDREAD: add@ add@/devices/virtual/wakeup/wakeup22
06-06 14:41:02.776 264 264 I EventThread: type=1400 audit(0.0:291): avc: denied { search } for name="extcon" dev="sysfs" ino=18109 scontext=u:r:hal_tv_cec_default:s0 tcontext=u:object_r:sysfs_extcon:s0 tclass=dir permissive=1
06-06 14:41:02.813 479 530 I WindowTracing: Setting window tracing log level to 1
06-06 14:41:02.814 479 530 I WindowTracing: Setting window tracing buffer capacity to 2097152bytes
06-06 14:41:02.830 479 479 D SystemServerTiming: StartWindowManagerService took to complete: 30ms
06-06 14:41:02.830 479 479 I SystemServerTiming: SetWindowManagerService
06-06 14:41:02.838 479 479 I InputDispatcher: Created monitor PointerEventDispatcher0 for display 0, gesture=false, pid=479
06-06 14:41:02.884 479 479 I ActivityTaskManager: Loaded persisted task ids for user 0
06-06 14:41:02.889 479 479 D SystemServerTiming: SetWindowManagerService took to complete: 59ms
06-06 14:41:02.889 479 479 I SystemServerTiming: WindowManagerServiceOnInitReady
06-06 14:41:02.899 241 241 I Typeface: Preloading /system/fonts/NotoSansCJK-Regular.ttc
06-06 14:41:02.899 241 241 I Typeface: Preloading /system/fonts/NotoSerifCJK-Regular.ttc
06-06 14:41:02.905 479 528 D ExtconUEventObserver: FilenameExtconByName: /sys/class/extcon/extcon0
06-06 14:41:02.907 479 528 W WindowManager: /sys/class/extcon/hdmi/state not found while attempting to determine initial state
06-06 14:41:02.907 479 528 W WindowManager: java.io.FileNotFoundException: /sys/class/extcon/hdmi/state: open failed: ENOENT (No such file or directory)
06-06 14:41:02.907 479 528 W WindowManager: at libcore.io.IoBridge.open(IoBridge.java:575)
06-06 14:41:02.907 479 528 W WindowManager: at java.io.FileInputStream.(FileInputStream.java:160)
06-06 14:41:02.907 479 528 W WindowManager: at android.os.FileUtils.readTextFile(FileUtils.java:637)
06-06 14:41:02.907 479 528 W WindowManager: at com.android.server.ExtconStateObserver.parseStateFromFile(ExtconStateObserver.java:49)
06-06 14:41:02.907 479 528 W WindowManager: at com.android.server.policy.PhoneWindowManager$HdmiVideoExtconUEventObserver.init(PhoneWindowManager.java:5666)
06-06 14:41:02.907 479 528 W WindowManager: at com.android.server.policy.PhoneWindowManager$HdmiVideoExtconUEventObserver.access$5200(PhoneWindowManager.java:5658)
06-06 14:41:02.907 479 528 W WindowManager: at com.android.server.policy.PhoneWindowManager.initializeHdmiStateInternal(PhoneWindowManager.java:3425)
06-06 14:41:02.907 479 528 W WindowManager: at com.android.server.policy.PhoneWindowManager.initializeHdmiState(PhoneWindowManager.java:3389)
06-06 14:41:02.907 479 528 W WindowManager: at com.android.server.policy.PhoneWindowManager.init(PhoneWindowManager.java:1821)
06-06 14:41:02.907 479 528 W WindowManager: at com.android.server.policy.TvWindowManager.init(TvWindowManager.java:259)
06-06 14:41:02.907 479 528 W WindowManager: at com.android.server.wm.WindowManagerService$5.run(WindowManagerService.java:1199)
06-06 14:41:02.907 479 528 W WindowManager: at android.os.Handler$BlockingRunnable.run(Handler.java:961)
06-06 14:41:02.907 479 528 W WindowManager: at android.os.Handler.handleCallback(Handler.java:938)
06-06 14:41:02.907 479 528 W WindowManager: at android.os.Handler.dispatchMessage(Handler.java:99)
06-06 14:41:02.907 479 528 W WindowManager: at android.os.Looper.loopOnce(Looper.java:201)
06-06 14:41:02.907 479 528 W WindowManager: at android.os.Looper.loop(Looper.java:288)
06-06 14:41:02.907 479 528 W WindowManager: at android.os.HandlerThread.run(HandlerThread.java:67)
06-06 14:41:02.907 479 528 W WindowManager: at com.android.server.ServiceThread.run(ServiceThread.java:44)
06-06 14:41:02.907 479 528 W WindowManager: at com.android.server.UiThread.run(UiThread.java:45)
06-06 14:41:02.907 479 528 W WindowManager: Caused by: android.system.ErrnoException: open failed: ENOENT (No such file or directory)
06-06 14:41:02.907 479 528 W WindowManager: at libcore.io.Linux.open(Native Method)
06-06 14:41:02.907 479 528 W WindowManager: at libcore.io.ForwardingOs.open(ForwardingOs.java:567)
06-06 14:41:02.907 479 528 W WindowManager: at libcore.io.BlockGuardOs.open(BlockGuardOs.java:273)
06-06 14:41:02.907 479 528 W WindowManager: at libcore.io.IoBridge.open(IoBridge.java:561)
06-06 14:41:02.907 479 528 W WindowManager: ... 18 more
06-06 14:41:02.915 479 528 D com_softwinner_gpio: Gpio JNI_OnLoad()
06-06 14:41:02.916 479 528 D com_softwinner_gpio: init
06-06 14:41:02.916 179 179 E SELinux : avc: denied { find } for pid=479 uid=1000 name=softwinner.gpio scontext=u:r:system_server:s0 tcontext=u:object_r:default_android_service:s0 tclass=service_manager permissive=1
06-06 14:41:02.918 479 479 D SystemServerTiming: WindowManagerServiceOnInitReady took to complete: 29ms
06-06 14:41:02.918 479 479 I SystemServerTiming: StartInputManager
06-06 14:41:02.918 479 578 I SystemServerTimingAsync: InitThreadPoolExec:StartHidlServices
06-06 14:41:02.918 479 578 D SystemServerInitThreadPool: Started executing StartHidlServices
