06-06 14:41:43.918 479 539 I libprocessgroup: Successfully killed process cgroup uid 10014 pid 1492 in 47ms
06-06 14:41:43.922 241 241 I Zygote : Process 1492 exited due to signal 9 (Killed)
06-06 14:41:43.943 241 241 I Zygote : Process 1483 exited due to signal 9 (Killed)
06-06 14:41:43.943 241 241 I Zygote : Process 1298 exited due to signal 9 (Killed)
06-06 14:41:43.946 240 240 I netd : bandwidthSetGlobalAlert(2097152) <0.79ms>
06-06 14:41:43.963 479 539 I libprocessgroup: Successfully killed process cgroup uid 1000 pid 1298 in 0ms
06-06 14:41:43.964 479 539 I libprocessgroup: Successfully killed process cgroup uid 1000 pid 1483 in 0ms
06-06 14:41:44.114 315 2585 D XM_HIDREAD: poll ret=1, event=1
06-06 14:41:44.114 315 2585 D XM_HIDREAD: [9 bytes]:01 00 00 51 00 00 00 00 00
06-06 14:41:44.114 479 595 D TvWindowManager: key event key = KEYCODE_DPAD_DOWN down = true
06-06 14:41:44.119 479 594 D GpioService: mFlickerEnable = true
06-06 14:41:44.227 479 529 W IorapForwardingService: No service published for: iorapd
06-06 14:41:44.249 315 2585 D XM_HIDREAD: poll ret=1, event=1
06-06 14:41:44.249 315 2585 D XM_HIDREAD: [9 bytes]:01 00 00 00 00 00 00 00 00
06-06 14:41:44.249 479 595 D TvWindowManager: key event key = KEYCODE_DPAD_DOWN down = false
06-06 14:41:44.263 479 2114 D WifiNl80211Manager: Scan result ready event
06-06 14:41:44.264 479 594 D GpioService: mFlickerEnable = true
06-06 14:41:44.264 479 2114 D WifiNative: Scan result ready event
06-06 14:41:44.266 2239 2239 I SogouIME: onKeyDown: keyoCode=20
06-06 14:41:44.266 2239 2239 I DefaultIMS: onKeyDown: keyoCode=20
06-06 14:41:44.273 2239 2239 I SogouIME: onKeyUp: keyoCode=20
06-06 14:41:44.274 2239 2239 I DefaultIMS: onKeyUp: keyoCode=20
06-06 14:41:44.289 2239 2239 I DefaultIMS: onStartInput attribute=android.view.inputmethod.EditorInfo@3568ea8 restarting=false inputType: 0
06-06 14:41:44.315 479 610 D WificondScannerImpl: Filtering out 22 scan results.
06-06 14:41:44.322 659 659 E WifiHAL : wifi_get_link_stats: requestResponse Error:-5
06-06 14:41:44.325 479 606 E WifiVendorHal: getWifiLinkLayerStats_1_5_Internal(l.1191) failed {.code = ERROR_INVALID_ARGS, .description = }
06-06 14:41:44.350 315 2585 D XM_HIDREAD: poll ret=1, event=1
06-06 14:41:44.350 315 2585 D XM_HIDREAD: [9 bytes]:01 00 00 51 00 00 00 00 00
06-06 14:41:44.351 479 595 D TvWindowManager: key event key = KEYCODE_DPAD_DOWN down = true
06-06 14:41:44.354 479 594 D GpioService: mFlickerEnable = true
06-06 14:41:44.429 315 2585 D XM_HIDREAD: poll ret=1, event=1
06-06 14:41:44.429 315 2585 D XM_HIDREAD: [9 bytes]:01 00 00 00 00 00 00 00 00
06-06 14:41:44.429 479 595 D TvWindowManager: key event key = KEYCODE_DPAD_DOWN down = false
06-06 14:41:44.502 479 594 D GpioService: mFlickerEnable = true
06-06 14:41:44.504 2239 2239 I SogouIME: onKeyDown: keyoCode=20
06-06 14:41:44.504 2239 2239 I DefaultIMS: onKeyDown: keyoCode=20
06-06 14:41:44.508 2239 2239 I SogouIME: onKeyUp: keyoCode=20
06-06 14:41:44.508 2239 2239 I DefaultIMS: onKeyUp: keyoCode=20
06-06 14:41:44.528 2239 2239 I DefaultIMS: onStartInput attribute=android.view.inputmethod.EditorInfo@9421dc1 restarting=false inputType: 0
06-06 14:41:45.048 315 2585 D XM_HIDREAD: poll ret=1, event=1
06-06 14:41:45.048 315 2585 D XM_HIDREAD: [9 bytes]:01 00 00 51 00 00 00 00 00
06-06 14:41:45.048 479 595 D TvWindowManager: key event key = KEYCODE_DPAD_DOWN down = true
06-06 14:41:45.059 479 594 D GpioService: mFlickerEnable = true
06-06 14:41:45.184 315 2585 D XM_HIDREAD: poll ret=1, event=1
06-06 14:41:45.184 315 2585 D XM_HIDREAD: [9 bytes]:01 00 00 00 00 00 00 00 00
06-06 14:41:45.185 479 595 D TvWindowManager: key event key = KEYCODE_DPAD_DOWN down = false
06-06 14:41:45.198 479 594 D GpioService: mFlickerEnable = true
06-06 14:41:45.199 2239 2239 I SogouIME: onKeyDown: keyoCode=20
06-06 14:41:45.199 2239 2239 I DefaultIMS: onKeyDown: keyoCode=20
06-06 14:41:45.206 2239 2239 I SogouIME: onKeyUp: keyoCode=20
06-06 14:41:45.206 2239 2239 I DefaultIMS: onKeyUp: keyoCode=20
06-06 14:41:45.209 2239 2239 I DefaultIMS: onStartInput attribute=android.view.inputmethod.EditorInfo@a7da966 restarting=false inputType: 0
06-06 14:41:45.230 479 529 W IorapForwardingService: No service published for: iorapd
06-06 14:41:45.644 315 2585 D XM_HIDREAD: poll ret=1, event=1
06-06 14:41:45.644 315 2585 D XM_HIDREAD: [9 bytes]:01 00 00 28 00 00 00 00 00
06-06 14:41:45.645 479 595 D TvWindowManager: key event key = KEYCODE_DPAD_CENTER down = true
06-06 14:41:45.656 479 594 D GpioService: mFlickerEnable = true
06-06 14:41:45.700 315 2585 D XM_HIDREAD: poll ret=1, event=1
06-06 14:41:45.700 315 2585 D XM_HIDREAD: [9 bytes]:01 00 00 00 00 00 00 00 00
06-06 14:41:45.701 479 595 D TvWindowManager: key event key = KEYCODE_DPAD_CENTER down = false
06-06 14:41:45.795 479 594 D GpioService: mFlickerEnable = true
06-06 14:41:45.796 2239 2239 I SogouIME: onKeyDown: keyoCode=23
06-06 14:41:45.797 2239 2239 I DefaultIMS: onKeyDown: keyoCode=23
06-06 14:41:45.799 2239 2239 I SogouIME: onKeyUp: keyoCode=23
06-06 14:41:45.799 2239 2239 I DefaultIMS: onKeyUp: keyoCode=23
06-06 14:41:45.842 1095 1115 E etna : doSettings: {"code":5}
06-06 14:41:45.848 1095 1115 E etna : doSettings: {"code":5}
06-06 14:41:45.854 2621 2621 E requestAreaAutoInfo: requestAreaAutoInfo: 1 LeafItemBean{leafFunctionTag='leaf_system_function_system_time_area_area_auto', leafFragmentTag='', ViewType=2, leafExtraInfoTag='', titleResId=2131755045, subTitle='null', subTitleResId=2131755045, switchOn=true, radioOn=false, valueBean=null, updateBean=null, netBean=null, blueToothBean=null}
06-06 14:41:45.855 1095 1115 E etna : doSettings: {"code":5}
06-06 14:41:45.929 2239 2239 I DefaultIMS: onStartInput attribute=android.view.inputmethod.EditorInfo@c0264a7 restarting=false inputType: 0
06-06 14:41:46.123 1095 1350 E CalendarManager: localCode: 101280601 ,districtMap=EtnaLocationData(shengId='21', shengName='浙江', shiId='2101', shiName='杭州', quId='210101', quName='杭州', weatherCode=)
06-06 14:41:46.123 1095 1343 E CalendarManager: localCode: 101280601 ,districtMap=EtnaLocationData(shengId='21', shengName='浙江', shiId='2101', shiName='杭州', quId='210101', quName='杭州', weatherCode=)
06-06 14:41:46.123 1095 1338 E CalendarManager: localCode: 101280601 ,districtMap=EtnaLocationData(shengId='21', shengName='浙江', shiId='2101', shiName='杭州', quId='210101', quName='杭州', weatherCode=)
06-06 14:41:46.123 1095 1350 E find : TYPE_ETNA_LOCAL_REAL_TIME CALLBACK=ae.b$b$a@7e26eb3
06-06 14:41:46.123 1095 1338 E find : TYPE_ETNA_LOCAL_REAL_TIME CALLBACK=ae.b$b$a@a95dc70
06-06 14:41:46.123 1095 1343 E find : TYPE_ETNA_LOCAL_REAL_TIME CALLBACK=ae.b$b$a@dc6a422
06-06 14:41:46.232 479 529 W IorapForwardingService: No service published for: iorapd
06-06 14:41:46.449 1121 1121 D aaa : LedStatusService onStartCommand begin
06-06 14:41:46.451 1164 1164 D bbb : onStartCommand begin !!!!!!! data分区剩余 24691MB
06-06 14:41:46.453 1121 2713 D aaa : topPkg is -------------- :com.dangbei.haqusetting
06-06 14:41:46.813 659 659 E WifiHAL : wifi_get_link_stats: requestResponse Error:-5
06-06 14:41:46.816 479 606 E WifiVendorHal: getWifiLinkLayerStats_1_5_Internal(l.1191) failed {.code = ERROR_INVALID_ARGS, .description = }
06-06 14:41:47.033 1927 2052 D UtilLog : 日志批量上报 进行正常循环 !!!!!!本次有0次请求,共0条数据
06-06 14:41:47.234 479 529 W IorapForwardingService: No service published for: iorapd
06-06 14:41:48.104 2138 2138 I cling--ap-1: type=1400 audit(0.0:1215): avc: denied { search } for name="net" dev="sysfs" ino=10442 scontext=u:r:platform_app:s0:c512,c768 tcontext=u:object_r:sysfs_net:s0 tclass=dir permissive=1 app=com.dangbei.screencast
06-06 14:41:48.236 479 529 W IorapForwardingService: No service published for: iorapd
06-06 14:41:49.238 479 529 W IorapForwardingService: No service published for: iorapd
06-06 14:41:49.660 2138 2138 I efs-base: type=1400 audit(0.0:1216): avc: denied { search } for name="com.dangbei.screencast" dev="mmcblk0p25" ino=905 scontext=u:r:platform_app:s0:c512,c768 tcontext=u:object_r:app_data_file:s0:c512,c768 tclass=dir permissive=1 app=com.dangbei.screencast
06-06 14:41:49.660 2138 2138 I efs-base: type=1400 audit(0.0:1217): avc: denied { getattr } for path="/data/user/0/com.dangbei.screencast/app_UApm/5fc60c21094d637f3130af19/ready" dev="mmcblk0p25" ino=2110 scontext=u:r:platform_app:s0:c512,c768 tcontext=u:object_r:app_data_file:s0:c512,c768 tclass=dir permissive=1 app=com.dangbei.screencast
06-06 14:41:49.660 2138 2138 I efs-base: type=1400 audit(0.0:1218): avc: denied { read } for name="ready" dev="mmcblk0p25" ino=2110 scontext=u:r:platform_app:s0:c512,c768 tcontext=u:object_r:app_data_file:s0:c512,c768 tclass=dir permissive=1 app=com.dangbei.screencast
06-06 14:41:49.660 2138 2138 I efs-base: type=1400 audit(0.0:1219): avc: denied { open } for path="/data/user/0/com.dangbei.screencast/app_UApm/5fc60c21094d637f3130af19/ready" dev="mmcblk0p25" ino=2110 scontext=u:r:platform_app:s0:c512,c768 tcontext=u:object_r:app_data_file:s0:c512,c768 tclass=dir permissive=1 app=com.dangbei.screencast
06-06 14:41:49.831 659 659 E WifiHAL : wifi_get_link_stats: requestResponse Error:-5
06-06 14:41:49.833 479 606 E WifiVendorHal: getWifiLinkLayerStats_1_5_Internal(l.1191) failed {.code = ERROR_INVALID_ARGS, .description = }
06-06 14:41:50.241 479 529 W IorapForwardingService: No service published for: iorapd
06-06 14:41:51.125 479 582 I ActivityManager: Killing 1574:com.android.onetimeinitializer/u0a55 (adj 985): empty #17
06-06 14:41:51.168 241 241 I Zygote : Process 1574 exited due to signal 9 (Killed)
06-06 14:41:51.170 479 539 I libprocessgroup: Successfully killed process cgroup uid 10055 pid 1574 in 43ms
06-06 14:41:51.242 479 529 W IorapForwardingService: No service published for: iorapd
06-06 14:41:52.170 247 247 D audio_hw_primary: out_standby
06-06 14:41:52.245 479 529 W IorapForwardingService: No service published for: iorapd
06-06 14:41:52.849 659 659 E WifiHAL : wifi_get_link_stats: requestResponse Error:-5
06-06 14:41:52.852 479 606 E WifiVendorHal: getWifiLinkLayerStats_1_5_Internal(l.1191) failed {.code = ERROR_INVALID_ARGS, .description = }
06-06 14:41:53.247 479 529 W IorapForwardingService: No service published for: iorapd
06-06 14:41:54.250 479 529 W IorapForwardingService: No service published for: iorapd
06-06 14:41:54.459 1164 1164 D bbb : onStartCommand begin !!!!!!! data分区剩余 24691MB
06-06 14:41:54.462 1121 1121 D aaa : LedStatusService onStartCommand begin
06-06 14:41:54.465 1121 2722 D aaa : topPkg is -------------- :com.dangbei.haqusetting
06-06 14:41:55.251 479 529 W IorapForwardingService: No service published for: iorapd
06-06 14:41:55.869 659 659 E WifiHAL : wifi_get_link_stats: requestResponse Error:-5
06-06 14:41:55.871 479 606 E WifiVendorHal: getWifiLinkLayerStats_1_5_Internal(l.1191) failed {.code = ERROR_INVALID_ARGS, .description = }
06-06 14:41:56.254 479 529 W IorapForwardingService: No service published for: iorapd
06-06 14:41:56.998 1927 2052 D UtilLog : 日志批量上报 进行正常循环 !!!!!!本次有0次请求,共0条数据
06-06 14:41:57.058 264 294 D hdmi-cec: receive invalid cec message!
06-06 14:41:57.058 264 294 D hdmi-cec: receive poll message [04], skip!
06-06 14:41:57.188 2138 2138 I ModuleDataForwa: type=1400 audit(0.0:1220): avc: denied { write } for name="files" dev="mmcblk0p25" ino=2040 scontext=u:r:platform_app:s0:c512,c768 tcontext=u:object_r:app_data_file:s0:c512,c768 tclass=dir permissive=1 app=com.dangbei.screencast
06-06 14:41:57.188 2138 2138 I ModuleDataForwa: type=1400 audit(0.0:1221): avc: denied { add_name } for name="TD__Env_Synchronous_Lock__" scontext=u:r:platform_app:s0:c512,c768 tcontext=u:object_r:app_data_file:s0:c512,c768 tclass=dir permissive=1 app=com.dangbei.screencast
06-06 14:41:57.256 479 529 W IorapForwardingService: No service published for: iorapd
06-06 14:41:57.556 2138 2138 I ModuleDataForwa: type=1400 audit(0.0:1222): avc: denied { remove_name } for name="TD_IP_CACHE.xml" dev="mmcblk0p25" ino=8580 scontext=u:r:platform_app:s0:c512,c768 tcontext=u:object_r:app_data_file:s0:c512,c768 tclass=dir permissive=1 app=com.dangbei.screencast
06-06 14:41:57.749 2284 2284 W audit : audit_lost=707 audit_rate_limit=5 audit_backlog_limit=64
06-06 14:41:57.781 2284 2284 E audit : rate limit exceeded
06-06 14:41:57.560 2138 2138 I ModuleDataForwa: type=1400 audit(0.0:1223): avc: denied { rename } for name="TD_IP_CACHE.xml" dev="mmcblk0p25" ino=8580 scontext=u:r:platform_app:s0:c512,c768 tcontext=u:object_r:app_data_file:s0:c512,c768 tclass=file permissive=1 app=com.dangbei.screencast
06-06 14:41:57.564 2138 2138 I ModuleDataForwa: type=1400 audit(0.0:1224): avc: denied { setattr } for name="TD_IP_CACHE.xml" dev="mmcblk0p25" ino=8601 scontext=u:r:platform_app:s0:c512,c768 tcontext=u:object_r:app_data_file:s0:c512,c768 tclass=file permissive=1 app=com.dangbei.screencast
06-06 14:41:58.258 479 529 W IorapForwardingService: No service published for: iorapd
06-06 14:41:58.888 659 659 E WifiHAL : wifi_get_link_stats: requestResponse Error:-5
06-06 14:41:58.891 479 606 E WifiVendorHal: getWifiLinkLayerStats_1_5_Internal(l.1191) failed {.code = ERROR_INVALID_ARGS, .description = }
06-06 14:41:59.260 479 529 W IorapForwardingService: No service published for: iorapd
06-06 14:42:00.263 479 529 W IorapForwardingService: No service published for: iorapd
06-06 14:42:01.065 1039 1039 E ccc : cccccc 有设备 取消移除任务
06-06 14:42:01.266 479 529 W IorapForwardingService: No service published for: iorapd
06-06 14:42:01.908 659 659 E WifiHAL : wifi_get_link_stats: requestResponse Error:-5
06-06 14:42:01.911 479 606 E WifiVendorHal: getWifiLinkLayerStats_1_5_Internal(l.1191) failed {.code = ERROR_INVALID_ARGS, .description = }
06-06 14:42:02.267 479 529 W IorapForwardingService: No service published for: iorapd
06-06 14:42:02.511 1121 1121 D aaa : LedStatusService onStartCommand begin
06-06 14:42:02.515 1121 2733 D aaa : topPkg is -------------- :com.dangbei.haqusetting
06-06 14:42:02.516 1164 1164 D bbb : onStartCommand begin !!!!!!! data分区剩余 24691MB
06-06 14:42:03.268 479 529 W IorapForwardingService: No service published for: iorapd
06-06 14:42:04.271 479 529 W IorapForwardingService: No service published for: iorapd
06-06 14:42:04.321 479 527 D CompatibilityChangeReporter: Compat change id reported: 168419799; UID 10073; state: DISABLED
06-06 14:42:04.337 1667 1685 I PermissionControllerServiceImpl: Updating user sensitive for user 0
06-06 14:42:04.926 659 659 E WifiHAL : wifi_get_link_stats: requestResponse Error:-5
06-06 14:42:04.928 479 606 E WifiVendorHal: getWifiLinkLayerStats_1_5_Internal(l.1191) failed {.code = ERROR_INVALID_ARGS, .description = }
06-06 14:42:05.236 2138 2147 I gbei.screencas: Background concurrent copying GC freed 63685(5769KB) AllocSpace objects, 8(340KB) LOS objects, 49% free, 5827KB/11MB, paused 220us total 160.357ms
06-06 14:42:05.273 479 529 W IorapForwardingService: No service published for: iorapd
06-06 14:42:06.274 479 529 W IorapForwardingService: No service published for: iorapd
06-06 14:42:07.002 1927 2052 D UtilLog : 日志批量上报 进行正常循环 !!!!!!本次有0次请求,共0条数据
06-06 14:42:07.277 479 529 W IorapForwardingService: No service published for: iorapd
06-06 14:42:07.469 479 991 W ZramWriteback: Writeback device is not set
06-06 14:42:07.469 479 991 D ZramWriteback: wait to flush
06-06 14:42:07.693 479 579 I WifiService: startScan uid=1000
06-06 14:42:07.942 659 659 E WifiHAL : wifi_get_link_stats: requestResponse Error:-5
06-06 14:42:07.945 479 606 E WifiVendorHal: getWifiLinkLayerStats_1_5_Internal(l.1191) failed {.code = ERROR_INVALID_ARGS, .description = }
06-06 14:42:08.279 479 529 W IorapForwardingService: No service published for: iorapd
06-06 14:42:09.282 479 529 W IorapForwardingService: No service published for: iorapd
06-06 14:42:09.539 479 579 D WifiNl80211Manager: Scan result ready event
06-06 14:42:09.540 479 579 D WifiNative: Scan result ready event
06-06 14:42:09.595 479 610 D WificondScannerImpl: Filtering out 5 scan results.
06-06 14:42:09.615 2621 2678 E ccc : cccccc SCAN_RESULTS_AVAILABLE_ACTION hhhh
06-06 14:42:09.615 1095 1095 E hq : NetWorkStateReceiver:::NetWorkStateReceiver onReceive: 网络变化广播 >>>> intent.action=android.net.wifi.SCAN_RESULTS
06-06 14:42:09.628 659 659 E WifiHAL : wifi_get_link_stats: requestResponse Error:-5
06-06 14:42:09.630 479 606 E WifiVendorHal: getWifiLinkLayerStats_1_5_Internal(l.1191) failed {.code = ERROR_INVALID_ARGS, .description = }
06-06 14:42:09.661 1095 1095 W eventbuscore: post Event:com.dangbei.leard.base.entity.event.NetWifiRssiEvent
06-06 14:42:10.284 479 529 W IorapForwardingService: No service published for: iorapd
06-06 14:42:10.534 1121 1121 D aaa : LedStatusService onStartCommand begin
06-06 14:42:10.535 1121 2751 D aaa : topPkg is -------------- :com.dangbei.haqusetting
06-06 14:42:10.540 1164 1164 D bbb : onStartCommand begin !!!!!!! data分区剩余 24691MB
06-06 14:42:10.960 659 659 E WifiHAL : wifi_get_link_stats: requestResponse Error:-5
06-06 14:42:10.961 479 606 E WifiVendorHal: getWifiLinkLayerStats_1_5_Internal(l.1191) failed {.code = ERROR_INVALID_ARGS, .description = }
06-06 14:42:11.286 479 529 W IorapForwardingService: No service published for: iorapd
06-06 14:42:11.826 1927 2051 I TDLog : [APP] New data found, Submitting...
06-06 14:42:11.836 1927 2051 I TDLog : [APP] Failed to submit data!
06-06 14:42:12.083 264 294 D hdmi-cec: receive invalid cec message!
06-06 14:42:12.083 264 294 D hdmi-cec: receive poll message [04], skip!
06-06 14:42:12.288 479 529 W IorapForwardingService: No service published for: iorapd
06-06 14:42:13.290 479 529 W IorapForwardingService: No service published for: iorapd
06-06 14:42:13.974 659 659 E WifiHAL : wifi_get_link_stats: requestResponse Error:-5
06-06 14:42:13.976 479 606 E WifiVendorHal: getWifiLinkLayerStats_1_5_Internal(l.1191) failed {.code = ERROR_INVALID_ARGS, .description = }
06-06 14:42:14.292 479 529 W IorapForwardingService: No service published for: iorapd
06-06 14:42:15.078 1427 1557 I bt_btif_dm: system/bt/btif/src/btif_dm.cc:548 btif_update_remote_properties: cod from storage is also unclassified
06-06 14:42:15.295 479 529 W IorapForwardingService: No service published for: iorapd
06-06 14:42:16.297 479 529 W IorapForwardingService: No service published for: iorapd
06-06 14:42:16.994 659 659 E WifiHAL : wifi_get_link_stats: requestResponse Error:-5
06-06 14:42:16.996 479 606 E WifiVendorHal: getWifiLinkLayerStats_1_5_Internal(l.1191) failed {.code = ERROR_INVALID_ARGS, .description = }
06-06 14:42:17.034 1927 2052 D UtilLog : 日志批量上报 进行正常循环 !!!!!!本次有0次请求,共0条数据
06-06 14:42:17.299 479 529 W IorapForwardingService: No service published for: iorapd
06-06 14:42:18.302 479 529 W IorapForwardingService: No service published for: iorapd
06-06 14:42:18.609 1121 1121 D aaa : LedStatusService onStartCommand begin
06-06 14:42:18.611 1121 2767 D aaa : topPkg is -------------- :com.dangbei.haqusetting
06-06 14:42:18.612 1164 1164 D bbb : onStartCommand begin !!!!!!! data分区剩余 24691MB
06-06 14:42:18.845 479 479 D CompatibilityChangeReporter: Compat change id reported: 168419799; UID 1000; state: DISABLED
06-06 14:42:18.854 479 2768 I BackgroundDexOptService: Performing idle optimizations
06-06 14:42:18.869 366 567 D installd: Reconcile secondary dex path /data/user/0/com.dangbei.hqmedia/files/pluginsdkplayer/2.1403.1.250523/1.1403.1.06053/pluginsdkplayer-release-1.1403.1.06053.apk result=0
06-06 14:42:18.928 2771 2771 E cutils-trace: Error opening trace file: No such file or directory (2)
06-06 14:42:19.150 479 2768 I BackgroundDexOptService: Pinning optimized code {}
06-06 14:42:19.150 479 2768 I BackgroundDexOptService: Idle optimizations completed.
06-06 14:42:19.305 479 529 W IorapForwardingService: No service published for: iorapd
06-06 14:42:19.316 479 2114 D WifiNl80211Manager: Scan result ready event
06-06 14:42:19.316 479 2114 D WifiNative: Scan result ready event
06-06 14:42:19.363 479 610 D WificondScannerImpl: Filtering out 24 scan results.
06-06 14:42:19.375 659 659 E WifiHAL : wifi_get_link_stats: requestResponse Error:-5
06-06 14:42:19.376 479 606 E WifiVendorHal: getWifiLinkLayerStats_1_5_Internal(l.1191) failed {.code = ERROR_INVALID_ARGS, .description = }
06-06 14:42:19.592 2138 2305 I efs.base: lt=event`ev_ct=efs_core`ev_ac=req_succ_rate`tm=2025-06-06 14:42:59`dn=3189d86b-b94a-49b2-9e0e-15bd4c197496`ps=com.dangbei.screencast`um_os=android`stime=1749192078818`pid=2138`fr=android`pkg=com.dangbei.screencast`vcode=20830`dsp_w=1920`path=https://errlog.umeng.com/apm_cc`uid=3189d86b-b94a-49b2-9e0e-15bd4c197496`rom=12`wid=3189d86b-b94a-49b2-9e0e-15bd4c197496`um_app_carrier=`um_access=wifi`um_app_channel=os`um_crash_sdk_version=1.4.0`ctime=1749192139`model=dbbox-a2`lang=zh`net=wifi`brand=dangbei`dsp_h=1080`um_network_type=0`ver=v2.8.3`cnt=1`rep_code=200`px_code=0`build_model=DBBOX-A2`w_tm=1749192139`appid=5fc60c21094d637f3130af19`um_umid_header=ai02165bf432552744db2ff8059ea878c7`sdk=31`tzone=Asia/Shanghai`sdk_ver=1.3.6.umeng
06-06 14:42:19.792 2138 2138 I efs-base: type=1400 audit(0.0:1229): avc: denied { open } for path="/data/user/0/com.dangbei.screencast/app_UApm/5fc60c21094d637f3130af19/ready/2138/wa_none_1_1_2138_8103_1749192079731" dev="mmcblk0p25" ino=8544 scontext=u:r:platform_app:s0:c512,c768 tcontext=u:object_r:app_data_file:s0:c512,c768 tclass=file permissive=1 app=com.dangbei.screencast
06-06 14:42:19.796 2138 2138 I efs-base: type=1400 audit(0.0:1230): avc: denied { create } for name="wa_gzip_1_1_2138_5363_1749192139799" scontext=u:r:platform_app:s0:c512,c768 tcontext=u:object_r:app_data_file:s0:c512,c768 tclass=file permissive=1 app=com.dangbei.screencast
06-06 14:42:19.796 2138 2138 I efs-base: type=1400 audit(0.0:1231): avc: denied { unlink } for name="wa_none_1_1_2138_8103_1749192079731" dev="mmcblk0p25" ino=8544 scontext=u:r:platform_app:s0:c512,c768 tcontext=u:object_r:app_data_file:s0:c512,c768 tclass=file permissive=1 app=com.dangbei.screencast
06-06 14:42:20.009 2138 2305 I efs.base: wa upload succ, HttpResponse {succ=true, code=200, data='暂不支持该服务', extra={req_url=https://errlog.umeng.com/api/crashsdk/logcollect}}
06-06 14:42:20.011 659 659 E WifiHAL : wifi_get_link_stats: requestResponse Error:-5
06-06 14:42:20.013 479 606 E WifiVendorHal: getWifiLinkLayerStats_1_5_Internal(l.1191) failed {.code = ERROR_INVALID_ARGS, .description = }
06-06 14:42:20.307 479 529 W IorapForwardingService: No service published for: iorapd
06-06 14:42:20.988 2138 2138 I gbei.screencast: type=1400 audit(0.0:1232): avc: denied { rename } for name="screencast.xml" dev="mmcblk0p25" ino=8581 scontext=u:r:platform_app:s0:c512,c768 tcontext=u:object_r:app_data_file:s0:c512,c768 tclass=file permissive=1 app=com.dangbei.screencast
06-06 14:42:20.996 2138 2138 I gbei.screencast: type=1400 audit(0.0:1233): avc: denied { setattr } for name="screencast.xml" dev="mmcblk0p25" ino=8603 scontext=u:r:platform_app:s0:c512,c768 tcontext=u:object_r:app_data_file:s0:c512,c768 tclass=file permissive=1 app=com.dangbei.screencast
06-06 14:42:21.109 479 806 I ActivityManager: Background started FGS: Allowed [callingPackage: com.dangbei.screencast; callingUid: 10024; uidState: FGS ; intent: Intent { cmp=com.dangbei.screencast/.startup.GuardService }; code:PROC_STATE_FGS; tempAllowListReason:; targetSdkVersion:28; callerTargetSdkVersion:28; startForegroundCount:0; bindFromPackage:null]
06-06 14:42:21.112 479 806 D CompatibilityChangeReporter: Compat change id reported: 135634846; UID 10024; state: DISABLED
06-06 14:42:21.113 479 538 D CompatibilityChangeReporter: Compat change id reported: 143937733; UID 10024; state: DISABLED
06-06 14:42:21.128 479 616 D NsdService: unregister service
06-06 14:42:21.129 479 616 D NsdService: mdnssd [stop-register, 4]
06-06 14:42:21.129 240 276 D MDnsDS : Stopping register with ref 0xea8d19c8
06-06 14:42:21.129 240 276 D MDnsDS : freeServiceRef 4
06-06 14:42:21.129 240 276 D MDnsDS : triggering rescan
06-06 14:42:21.130 240 275 D MDnsDS : Monitor poll got data pollCount = 5, 2
06-06 14:42:21.130 240 275 D MDnsDS : Monitor found [2].revents = 32 - calling ProcessResults
06-06 14:42:21.130 240 275 W netd : dnssd_clientstub DNSServiceProcessResult called with NULL DNSServiceRef
06-06 14:42:21.130 240 275 D MDnsDS : controlSocket shows revent= 1
06-06 14:42:21.130 240 275 D MDnsDS : MDnsSdListener::Monitor got 1
06-06 14:42:21.130 240 275 D MDnsDS : MDnsSdListener::Monitor poll rescanning - size=10, live=3
06-06 14:42:21.130 240 275 D MDnsDS : Going to poll with pollCount 4
06-06 14:42:21.132 2138 2538 W System.err: java.net.SocketException: Socket closed
06-06 14:42:21.133 2138 2538 W System.err: at java.net.PlainSocketImpl.socketAccept(PlainSocketImpl.java:213)
06-06 14:42:21.133 2138 2538 W System.err: at java.net.AbstractPlainSocketImpl.accept(AbstractPlainSocketImpl.java:451)
06-06 14:42:21.133 2138 2538 W System.err: at java.net.ServerSocket.implAccept(ServerSocket.java:547)
06-06 14:42:21.133 2138 2538 W System.err: at java.net.ServerSocket.accept(ServerSocket.java:515)
06-06 14:42:21.133 479 616 D NsdService: unregister service
06-06 14:42:21.133 2138 2538 W System.err: at b.f.f.t.f.run(Unknown Source:40)
06-06 14:42:21.133 2138 2538 W System.err: at java.lang.Thread.run(Thread.java:920)
06-06 14:42:21.133 479 616 D NsdService: mdnssd [stop-register, 3]
06-06 14:42:21.133 2138 2786 W UpnpServiceImpl: >>> Shutting down UPnP service...
06-06 14:42:21.134 240 276 D MDnsDS : Stopping register with ref 0xea8d1998
06-06 14:42:21.134 240 276 D MDnsDS : freeServiceRef 3
06-06 14:42:21.134 240 276 D MDnsDS : triggering rescan
06-06 14:42:21.134 240 275 D MDnsDS : Monitor poll got data pollCount = 4, 2
06-06 14:42:21.134 240 275 D MDnsDS : Monitor found [2].revents = 32 - calling ProcessResults
06-06 14:42:21.135 240 275 W netd : dnssd_clientstub DNSServiceProcessResult called with NULL DNSServiceRef
06-06 14:42:21.135 240 275 D MDnsDS : controlSocket shows revent= 1
06-06 14:42:21.135 240 275 D MDnsDS : MDnsSdListener::Monitor got 1
06-06 14:42:21.135 240 275 D MDnsDS : MDnsSdListener::Monitor poll rescanning - size=10, live=2
06-06 14:42:21.135 240 275 D MDnsDS : Going to poll with pollCount 3
06-06 14:42:21.137 479 616 D NsdService: unregister service
06-06 14:42:21.138 479 616 D NsdService: mdnssd [stop-register, 5]
06-06 14:42:21.138 240 276 D MDnsDS : Stopping register with ref 0xea8d19f8
06-06 14:42:21.138 240 276 D MDnsDS : freeServiceRef 5
06-06 14:42:21.138 240 276 D MDnsDS : triggering rescan
06-06 14:42:21.139 240 275 D MDnsDS : Monitor poll got data pollCount = 3, 2
06-06 14:42:21.139 240 275 D MDnsDS : Monitor found [1].revents = 32 - calling ProcessResults
06-06 14:42:21.139 240 275 W netd : dnssd_clientstub DNSServiceProcessResult called with NULL DNSServiceRef
06-06 14:42:21.139 240 275 D MDnsDS : controlSocket shows revent= 1
06-06 14:42:21.139 240 275 D MDnsDS : MDnsSdListener::Monitor got 1
06-06 14:42:21.139 240 275 D MDnsDS : MDnsSdListener::Monitor poll rescanning - size=10, live=1
06-06 14:42:21.139 240 275 D MDnsDS : Going to poll with pollCount 2
06-06 14:42:21.148 241 241 D Zygote : Forked child process 2787
06-06 14:42:21.151 479 538 I ActivityManager: app.processName = com.dangbei.screencast:bg_guard
06-06 14:42:21.152 479 538 I ActivityManager: Start proc 2787:com.dangbei.screencast:bg_guard/u0a24 for service {com.dangbei.screencast/com.dangbei.screencast.startup.GuardService}
06-06 14:42:21.157 2787 2787 I Zygote : seccomp disabled by setenforce 0
06-06 14:42:21.170 2138 2549 W AbstractChannel: Can't invoke task later as EventLoop rejected it
06-06 14:42:21.170 2138 2549 W AbstractChannel: java.util.concurrent.RejectedExecutionException: event executor terminated
06-06 14:42:21.170 2138 2549 W AbstractChannel: at io.netty.util.concurrent.SingleThreadEventExecutor.reject(Unknown Source:4)
06-06 14:42:21.170 2138 2549 W AbstractChannel: at io.netty.util.concurrent.SingleThreadEventExecutor.offerTask(Unknown Source:6)
06-06 14:42:21.170 2138 2549 W AbstractChannel: at io.netty.util.concurrent.SingleThreadEventExecutor.addTask(Unknown Source:5)
06-06 14:42:21.170 2138 2549 W AbstractChannel: at io.netty.util.concurrent.SingleThreadEventExecutor.execute(Unknown Source:4)
06-06 14:42:21.170 2138 2549 W AbstractChannel: at io.netty.util.concurrent.SingleThreadEventExecutor.execute(Unknown Source:18)
06-06 14:42:21.170 2138 2549 W AbstractChannel: at io.netty.channel.AbstractChannel$AbstractUnsafe.invokeLater(Unknown Source:6)
06-06 14:42:21.170 2138 2549 W AbstractChannel: at io.netty.channel.AbstractChannel$AbstractUnsafe.deregister(Unknown Source:24)
06-06 14:42:21.170 2138 2549 W AbstractChannel: at io.netty.channel.AbstractChannel$AbstractUnsafe.fireChannelInactiveAndDeregister(Unknown Source:17)
06-06 14:42:21.170 2138 2549 W AbstractChannel: at io.netty.channel.AbstractChannel$AbstractUnsafe.close(Unknown Source:112)
06-06 14:42:21.170 2138 2549 W AbstractChannel: at io.netty.channel.AbstractChannel$AbstractUnsafe.close(Unknown Source:12)
06-06 14:42:21.170 2138 2549 W AbstractChannel: at io.netty.channel.nio.NioEventLoop.closeAll(Unknown Source:86)
06-06 14:42:21.170 2138 2549 W AbstractChannel: at io.netty.channel.nio.NioEventLoop.run(Unknown Source:202)
06-06 14:42:21.170 2138 2549 W AbstractChannel: at io.netty.util.concurrent.SingleThreadEventExecutor$4.run(Unknown Source:41)
06-06 14:42:21.170 2138 2549 W AbstractChannel: at io.netty.util.internal.ThreadExecutorMap$2.run(Unknown Source:8)
06-06 14:42:21.170 2138 2549 W AbstractChannel: at io.netty.util.concurrent.FastThreadLocalRunnable.run(Unknown Source:2)
06-06 14:42:21.170 2138 2549 W AbstractChannel: at java.lang.Thread.run(Thread.java:920)
06-06 14:42:21.187 400 419 I adbd : jdwp connection from 2787
06-06 14:42:21.168 2176 2176 I rainbow_flow: type=1400 audit(0.0:1234): avc: denied { ioctl } for path="/dev/spidev1.0" dev="tmpfs" ino=1879 ioctlcmd=0x6b00 scontext=u:r:init:s0 tcontext=u:object_r:device:s0 tclass=chr_file permissive=1
06-06 14:42:21.201 2787 2787 D CompatibilityChangeReporter: Compat change id reported: 171979766; UID 10024; state: DISABLED
06-06 14:42:21.210 2787 2787 D ApplicationLoaders: Returning zygote-cached class loader: /system/framework/android.test.base.jar
06-06 14:42:21.210 2787 2787 D ApplicationLoaders: Returning zygote-cached class loader: /system/framework/android.hidl.manager-V1.0-java.jar
06-06 14:42:21.210 2787 2787 D ApplicationLoaders: Returning zygote-cached class loader: /system/framework/android.hidl.base-V1.0-java.jar
06-06 14:42:21.216 2138 2314 E raop : httpd_stop running 1 joined 0
06-06 14:42:21.217 2138 2314 E raop : httpd_stop connection->socket_fd=0
06-06 14:42:21.217 2138 2314 E raop : httpd_stop connection->socket_fd=0
06-06 14:42:21.217 2138 2314 E raop : httpd_stop connection->socket_fd=0
06-06 14:42:21.217 2138 2314 E raop : httpd_stop connection->socket_fd=0
06-06 14:42:21.217 2138 2314 E raop : httpd_stop connection->socket_fd=0
06-06 14:42:21.217 2138 2314 E raop : httpd_stop connection->socket_fd=0
06-06 14:42:21.217 2138 2314 E raop : httpd_stop connection->socket_fd=0
06-06 14:42:21.217 2138 2314 E raop : httpd_stop connection->socket_fd=0
06-06 14:42:21.217 2138 2314 E raop : httpd_stop connection->socket_fd=0
06-06 14:42:21.217 2138 2314 E raop : httpd_stop connection->socket_fd=0
06-06 14:42:21.246 2787 2787 V GraphicsEnvironment: ANGLE Developer option for 'com.dangbei.screencast' set to: 'default'
06-06 14:42:21.247 2787 2787 V GraphicsEnvironment: Neither updatable production driver nor prerelease driver is supported.
06-06 14:42:21.248 2787 2787 D NetworkSecurityConfig: Using Network Security Config from resource network_security_config debugBuild: false
06-06 14:42:21.250 2787 2787 D NetworkSecurityConfig: Using Network Security Config from resource network_security_config debugBuild: false
06-06 14:42:21.251 2787 2787 I MultiDex: VM with version 2.1.0 has multidex support
06-06 14:42:21.251 2787 2787 I MultiDex: Installing application
06-06 14:42:21.251 2787 2787 I MultiDex: VM has multidex support, MultiDex support library is disabled.
06-06 14:42:21.260 2787 2787 I Thread-3: type=1400 audit(0.0:1235): avc: denied { lock } for path="/data/user/0/com.dangbei.screencast/files/.imprint" dev="mmcblk0p25" ino=2923 scontext=u:r:platform_app:s0:c512,c768 tcontext=u:object_r:app_data_file:s0:c512,c768 tclass=file permissive=1 app=com.dangbei.screencast
06-06 14:42:21.310 479 529 W IorapForwardingService: No service published for: iorapd
06-06 14:42:21.314 2787 2829 I crashsdk: version unique build id: 6230cced
06-06 14:42:21.317 2138 2314 E raop : httpd_stop running 0 joined 1
06-06 14:42:21.338 2787 2787 I TDLog : setReportUncaughtExceptions: true
06-06 14:42:21.343 2787 2787 E Application: onCreate:Version:v2.8.3/20830/883432e
06-06 14:42:21.312 2787 2787 I encast:bg_guard: type=1400 audit(0.0:1236): avc: denied { read } for name="address" dev="sysfs" ino=27403 scontext=u:r:platform_app:s0:c512,c768 tcontext=u:object_r:sysfs:s0 tclass=file permissive=1 app=com.dangbei.screencast
06-06 14:42:21.362 479 579 W ServiceManager: Permission failure: android.permission.HIGH_SAMPLING_RATE_SENSORS from uid=10024 pid=2787
06-06 14:42:21.366 2787 2820 I TDLog : TalkingData SDK init...
06-06 14:42:21.366 2787 2820 I TDLog : SDK_VERSION is: Android+TD+V5.0.7 gp Type:Native Build_Num:2141
06-06 14:42:21.366 2787 2820 I TDLog : App ID is: B9D7815EC975466AB1332111FCE62DF5
06-06 14:42:21.366 2787 2820 I TDLog : App Channel is: os
06-06 14:42:21.366 2787 2820 I TDLog : App Custom is:
06-06 14:42:21.366 2787 2820 I TDLog : SDK_OVC is: TDOVC+a3bb7754719798526508b6caad480dd7+SaaS
06-06 14:42:21.367 479 579 W ActivityManager: Foreground service started from background can not have location/camera/microphone access: service com.dangbei.screencast/.startup.GuardService
06-06 14:42:21.370 2787 2787 E GuardService: onStartCommand:
06-06 14:42:21.371 2787 2787 E GuardService: onStartCommand: cmd:1
06-06 14:42:21.371 2787 2787 E GuardService: result:2
06-06 14:42:21.500 2819 2819 W audit : audit_lost=711 audit_rate_limit=5 audit_backlog_limit=64
06-06 14:42:21.543 2819 2819 E audit : rate limit exceeded
06-06 14:42:21.312 2787 2787 I encast:bg_guard: type=1400 audit(0.0:1237): avc: denied { open } for path="/sys/devices/platform/unisoc_wifi/net/wlan1/address" dev="sysfs" ino=27403 scontext=u:r:platform_app:s0:c512,c768 tcontext=u:object_r:sysfs:s0 tclass=file permissive=1 app=com.dangbei.screencast
06-06 14:42:21.396 2787 2787 I crashsdk: Catcher mask: 5000, 20480
06-06 14:42:21.397 2787 2787 I crashsdk: Catcher thread 2797
06-06 14:42:21.397 2787 2787 D crashsdk: Register ANR handler ...
06-06 14:42:21.400 2787 2819 I crashsdk: begin hack android.os.Process
06-06 14:42:21.401 2787 2819 I crashsdk: end hack android.os.Process
06-06 14:42:21.402 2787 2840 D crashsdk: Native log stat thread 2840 setup, waiting
06-06 14:42:21.312 2787 2787 I encast:bg_guard: type=1400 audit(0.0:1238): avc: denied { getattr } for path="/sys/devices/platform/unisoc_wifi/net/wlan1/address" dev="sysfs" ino=27403 scontext=u:r:platform_app:s0:c512,c768 tcontext=u:object_r:sysfs:s0 tclass=file permissive=1 app=com.dangbei.screencast
06-06 14:42:21.428 2787 2819 I Matrix.AnrTracer: anrTrace, final mAnrBeatTime:400, mAnrBeatRate:400
06-06 14:42:21.432 2787 2819 E LaunchManager: Non main process !
06-06 14:42:21.432 2787 2819 W System.err: java.lang.NullPointerException: Attempt to invoke virtual method 'boolean com.efs.sdk.launch.LaunchConfigManager.enableTracer()' on a null object reference
06-06 14:42:21.432 2787 2819 W System.err: at com.umeng.umcrash.UMCrash.init(Unknown Source:403)
06-06 14:42:21.433 2787 2819 W System.err: at java.lang.reflect.Method.invoke(Native Method)
06-06 14:42:21.433 2787 2819 W System.err: at com.umeng.commonsdk.UMConfigure.init(Unknown Source:811)
06-06 14:42:21.433 2787 2819 W System.err: at b.f.f.b.a(:4)
06-06 14:42:21.433 2787 2819 W System.err: at h.o.a.run(Unknown Source:2)
06-06 14:42:21.604 1081 1081 E sprdwl : sprdwl_rx_rsp_process ctx_id 0 recv rsp[WIFI_CMD_TX_DATA] status[SPRDWL_CMD_STATUS_ERROR]
06-06 14:42:21.443 2787 2843 W efs.send_log: tryFileLock start!
06-06 14:42:21.622 1081 1081 E sprdwl : sprdwl_rx_rsp_process ctx_id 0 recv rsp[WIFI_CMD_TX_DATA] status[SPRDWL_CMD_STATUS_ERROR]
06-06 14:42:21.465 2787 2843 I efs.config: --->>> 删除旧的配置文件 false
06-06 14:42:21.467 2787 2859 W efs.info.manager: network change: wifi
06-06 14:42:21.468 2787 2843 I efs.config: current config version (-1) is older than another (1735614866)
06-06 14:42:21.468 2787 2843 I efs.config: load config from storage and notify observer
06-06 14:42:21.637 1081 1081 E sprdwl : sprdwl_rx_rsp_process ctx_id 0 recv rsp[WIFI_CMD_TX_DATA] status[SPRDWL_CMD_STATUS_ERROR]
06-06 14:42:21.657 1081 1081 E sprdwl : sprdwl_rx_rsp_process ctx_id 0 recv rsp[WIFI_CMD_TX_DATA] status[SPRDWL_CMD_STATUS_ERROR]
06-06 14:42:21.499 2787 2860 I efs.base: lt=event`ev_ct=efs_core`ev_ac=pvuv`tm=2025-06-06 14:42:46`dn=3189d86b-b94a-49b2-9e0e-15bd4c197496`ps=com.dangbei.screencast:bg_guard`um_os=android`stime=1749192141077`pid=2787`fr=android`pkg=com.dangbei.screencast`vcode=20830`dsp_w=1920`uid=3189d86b-b94a-49b2-9e0e-15bd4c197496`rom=12`wid=3189d86b-b94a-49b2-9e0e-15bd4c197496`um_app_carrier=`um_access=wifi`um_app_channel=os`um_crash_sdk_version=1.4.0`ctime=1749192141`model=dbbox-a2`lang=zh`net=wifi`brand=dangbei`dsp_h=1080`um_network_type=0`ver=v2.8.3`build_model=DBBOX-A2`w_tm=1749192141`appid=5fc60c21094d637f3130af19`um_umid_header=ai02165bf432552744db2ff8059ea878c7`sdk=31`tzone=Asia/Shanghai`sdk_ver=1.3.6.umeng
06-06 14:42:21.514 2138 2786 W Router : disable lock:org.fourthline.cling.android.AndroidRouter@3c18652_java.util.concurrent.locks.ReentrantReadWriteLock$WriteLock@5bf5d23[Unlocked]
06-06 14:42:21.529 2138 2786 I Router : WiFi multicast lock released
06-06 14:42:21.529 479 806 I WifiService: releaseMulticastLock uid=10024
06-06 14:42:21.531 2138 2786 I Router : WiFi lock released
06-06 14:42:21.532 479 579 I WifiService: releaseWifiLock uid=10024
06-06 14:42:21.554 2138 2786 I JettyServletContainer: No more connectors, stopping Jetty server
06-06 14:42:21.554 2138 2786 I JettyServletContainer: Stopping Jetty server...
06-06 14:42:21.554 2138 2558 E JettyServletContainer: error:java.net.SocketException: Socket closed
06-06 14:42:21.555 2138 2558 W System.err: java.net.SocketException: Socket closed
06-06 14:42:21.555 2138 2558 W System.err: at java.net.PlainSocketImpl.socketAccept(PlainSocketImpl.java:213)
06-06 14:42:21.555 2138 2558 W System.err: at java.net.AbstractPlainSocketImpl.accept(AbstractPlainSocketImpl.java:451)
06-06 14:42:21.555 2138 2558 W System.err: at java.net.ServerSocket.implAccept(ServerSocket.java:547)
06-06 14:42:21.555 2138 2558 W System.err: at java.net.ServerSocket.accept(ServerSocket.java:515)
06-06 14:42:21.556 2138 2558 W System.err: at l.c.a.f.w.a.accept(Unknown Source:2)
06-06 14:42:21.556 2138 2558 W System.err: at org.fourthline.cling.transport.impl.jetty.JettyServletContainer$2.accept(Unknown Source:1)
06-06 14:42:21.556 2138 2558 W System.err: at l.c.a.f.a$a.run(Unknown Source:113)
06-06 14:42:21.556 2138 2558 W System.err: at java.util.concurrent.ThreadPoolExecutor.runWorker(ThreadPoolExecutor.java:1167)
06-06 14:42:21.556 2138 2558 W System.err: at java.util.concurrent.ThreadPoolExecutor$Worker.run(ThreadPoolExecutor.java:641)
06-06 14:42:21.556 2138 2558 W System.err: at java.lang.Thread.run(Thread.java:920)
06-06 14:42:21.556 2138 2786 W System.err: 2025-06-06 14:42:21.554:INFO:lcaf.p:Graceful shutdown l.c.a.g.d{/upnp,null}
06-06 14:42:21.577 674 674 V TvNotificationHandler: Notification not added because it isn't relevant for tv
06-06 14:42:21.836 479 806 W TelephonyPermissions: reportAccessDeniedToReadIdentifiers:com.dangbei.screencast:getSerial:-1
06-06 14:42:21.866 2787 2866 V NFC : this device does not have NFC support
06-06 14:42:22.312 479 529 W IorapForwardingService: No service published for: iorapd
06-06 14:42:22.580 1081 1081 E sprdwl : sprdwl_rx_rsp_process ctx_id 0 recv rsp[WIFI_CMD_TX_DATA] status[SPRDWL_CMD_STATUS_ERROR]
06-06 14:42:22.593 1081 1081 E sprdwl : sprdwl_rx_rsp_process ctx_id 0 recv rsp[WIFI_CMD_TX_DATA] status[SPRDWL_CMD_STATUS_ERROR]
06-06 14:42:22.612 1081 1081 E sprdwl : sprdwl_rx_rsp_process ctx_id 0 recv rsp[WIFI_CMD_TX_DATA] status[SPRDWL_CMD_STATUS_ERROR]
06-06 14:42:22.558 2138 2786 W System.err: 2025-06-06 14:42:22.558:INFO:lcafx.c:stopped l.c.a.g.d{/upnp,null}
06-06 14:42:22.561 2138 2786 W Router : disable unlock:org.fourthline.cling.android.AndroidRouter@3c18652
06-06 14:42:22.563 2138 2786 W UpnpServiceImpl: <<< UPnP service shutdown completed
06-06 14:42:23.024 659 659 E WifiHAL : wifi_get_link_stats: requestResponse Error:-5
06-06 14:42:23.025 479 606 E WifiVendorHal: getWifiLinkLayerStats_1_5_Internal(l.1191) failed {.code = ERROR_INVALID_ARGS, .description = }
06-06 14:42:23.126 2138 2138 I crashsdk: android_os_Process_sendSignal. PID: 2138 SIG: 9
06-06 14:42:23.127 2138 2138 I crashsdk: onKillProcess. SIG: 9
06-06 14:42:23.130 2138 2138 I crashsdk: Kill PID: 2138 (com.dangbei.screencast) by pid: 2138 (com.dangbei.screencast) tid: 2138 (main)
06-06 14:42:23.130 2138 2138 I crashsdk: SIG: 9, fg: false, exiting: false, main process: true, time: 20250606144223
06-06 14:42:23.130 2138 2138 I crashsdk: State in disk: 'b'
06-06 14:42:23.130 2138 2138 I crashsdk: at android.os.Process.sendSignal(Native Method)
06-06 14:42:23.130 2138 2138 I crashsdk: at android.os.Process.killProcess(Process.java:1153)
06-06 14:42:23.130 2138 2138 I crashsdk: at com.dangbei.screencast.startup.JumpService$i.run(:2)
06-06 14:42:23.130 2138 2138 I crashsdk: at android.os.Handler.handleCallback(Handler.java:938)
06-06 14:42:23.130 2138 2138 I crashsdk: at android.os.Handler.dispatchMessage(Handler.java:99)
06-06 14:42:23.130 2138 2138 I crashsdk: at android.os.Looper.loopOnce(Looper.java:201)
06-06 14:42:23.130 2138 2138 I crashsdk: at android.os.Looper.loop(Looper.java:288)
06-06 14:42:23.130 2138 2138 I crashsdk: at android.app.ActivityThread.main(ActivityThread.java:7854)
06-06 14:42:23.130 2138 2138 I crashsdk: at java.lang.reflect.Method.invoke(Native Method)
06-06 14:42:23.130 2138 2138 I crashsdk: at com.android.internal.os.RuntimeInit$MethodAndArgsCaller.run(RuntimeInit.java:548)
06-06 14:42:23.130 2138 2138 I crashsdk: at com.android.internal.os.ZygoteInit.main(ZygoteInit.java:1182)
06-06 14:42:23.131 2138 2138 I Process : Sending signal. PID: 2138 SIG: 9
06-06 14:42:23.315 1 1 I init : Untracked pid 2300 exited with status 0
06-06 14:42:23.194 2453 2493 W efs.send_log: tryFileLock sendlock sucess! processname: com.huawei.connection
06-06 14:42:23.196 479 616 D NsdService: Client disconnected
06-06 14:42:23.196 479 806 I ActivityManager: Process com.dangbei.screencast (pid 2138) has died: prcp FGS
06-06 14:42:23.198 479 539 I libprocessgroup: Successfully killed process cgroup uid 10024 pid 2138 in 0ms
06-06 14:42:23.201 479 806 W ActivityManager: Scheduling restart of crashed service com.dangbei.screencast/.startup.StartupService in 1000ms for start-requested
06-06 14:42:23.201 479 806 W ActivityManager: Scheduling restart of crashed service com.dangbei.screencast/.huaweicast.service.HuaweiCastService in 10999ms for start-requested
06-06 14:42:23.207 241 241 I Zygote : Process 2138 exited due to signal 9 (Killed)
06-06 14:42:23.209 2453 2453 D NearFieldManagerService: onDestroy, enter.
06-06 14:42:23.210 2453 2453 I NearFieldManagerService: killCurrentProcess.
06-06 14:42:23.379 1 1 I init : Untracked pid 2334 exited with status 0
06-06 14:42:23.210 2453 2453 I crashsdk: android_os_Process_sendSignal. PID: 2453 SIG: 9
06-06 14:42:23.210 2453 2453 I crashsdk: onKillProcess. SIG: 9
06-06 14:42:23.212 2453 2453 I crashsdk: Kill PID: 2453 (com.huawei.connection) by pid: 2453 (com.huawei.connection) tid: 2453 (main)
06-06 14:42:23.212 2453 2453 I crashsdk: SIG: 9, fg: false, exiting: false, main process: false, time: 20250606144223
06-06 14:42:23.212 2453 2453 I crashsdk: State in disk: 'b'
06-06 14:42:23.212 2453 2453 I crashsdk: at android.os.Process.sendSignal(Native Method)
06-06 14:42:23.212 2453 2453 I crashsdk: at android.os.Process.killProcess(Process.java:1153)
06-06 14:42:23.212 2453 2453 I crashsdk: at com.huawei.connection.service.NearFieldManagerService.c(Unknown Source:11)
06-06 14:42:23.212 2453 2453 I crashsdk: at com.huawei.connection.service.NearFieldManagerService.onDestroy(Unknown Source:10)
06-06 14:42:23.212 2453 2453 I crashsdk: at android.app.ActivityThread.handleStopService(ActivityThread.java:4669)
06-06 14:42:23.212 2453 2453 I crashsdk: at android.app.ActivityThread.access$2100(ActivityThread.java:247)
06-06 14:42:23.212 2453 2453 I crashsdk: at android.app.ActivityThread$H.handleMessage(ActivityThread.java:2096)
06-06 14:42:23.212 2453 2453 I crashsdk: at android.os.Handler.dispatchMessage(Handler.java:106)
06-06 14:42:23.212 2453 2453 I crashsdk: at android.os.Looper.loopOnce(Looper.java:201)
06-06 14:42:23.212 2453 2453 I crashsdk: at android.os.Looper.loop(Looper.java:288)
06-06 14:42:23.212 2453 2453 I crashsdk: at android.app.ActivityThread.main(ActivityThread.java:7854)
06-06 14:42:23.212 2453 2453 I crashsdk: at java.lang.reflect.Method.invoke(Native Method)
06-06 14:42:23.212 2453 2453 I crashsdk: at com.android.internal.os.RuntimeInit$MethodAndArgsCaller.run(RuntimeInit.java:548)
06-06 14:42:23.212 2453 2453 I crashsdk: at com.android.internal.os.ZygoteInit.main(ZygoteInit.java:1182)
06-06 14:42:23.213 2453 2453 I Process : Sending signal. PID: 2453 SIG: 9
06-06 14:42:23.265 2787 2857 W efs.send_log: tryFileLock sendlock sucess! processname: com.dangbei.screencast:bg_guard
06-06 14:42:23.268 479 1284 I ActivityManager: Process com.huawei.connection (pid 2453) has died: fg SVC
06-06 14:42:23.270 241 241 I Zygote : Process 2453 exited due to signal 9 (Killed)
06-06 14:42:23.271 479 539 I libprocessgroup: Successfully killed process cgroup uid 10024 pid 2453 in 0ms
06-06 14:42:23.449 1 1 I init : Untracked pid 2505 exited with status 0
06-06 14:42:23.290 2787 2807 I encast:bg_guar: Background young concurrent copying GC freed 70350(4441KB) AllocSpace objects, 27(540KB) LOS objects, 86% free, 3907KB/27MB, paused 322us total 124.078ms
06-06 14:42:23.314 479 529 W IorapForwardingService: No service published for: iorapd
06-06 14:42:23.605 1081 1081 E sprdwl : sprdwl_rx_rsp_process ctx_id 0 recv rsp[WIFI_CMD_TX_DATA] status[SPRDWL_CMD_STATUS_ERROR]
06-06 14:42:23.633 1081 1081 E sprdwl : sprdwl_rx_rsp_process ctx_id 0 recv rsp[WIFI_CMD_TX_DATA] status[SPRDWL_CMD_STATUS_ERROR]
06-06 14:42:23.651 1081 1081 E sprdwl : sprdwl_rx_rsp_process ctx_id 0 recv rsp[WIFI_CMD_TX_DATA] status[SPRDWL_CMD_STATUS_ERROR]
06-06 14:42:24.204 479 537 D CompatibilityChangeReporter: Compat change id reported: 135634846; UID 10024; state: DISABLED
06-06 14:42:24.205 479 538 D CompatibilityChangeReporter: Compat change id reported: 143937733; UID 10024; state: DISABLED
06-06 14:42:24.229 241 241 D Zygote : Forked child process 2874
06-06 14:42:24.231 479 538 I ActivityManager: app.processName = com.dangbei.screencast
06-06 14:42:24.231 479 538 I ActivityManager: Start proc 2874:com.dangbei.screencast/u0a24 for service {com.dangbei.screencast/com.dangbei.screencast.startup.StartupService}
06-06 14:42:24.241 2874 2874 I Zygote : seccomp disabled by setenforce 0
06-06 14:42:24.260 400 419 I adbd : jdwp connection from 2874
06-06 14:42:24.286 2874 2874 D CompatibilityChangeReporter: Compat change id reported: 171979766; UID 10024; state: DISABLED
06-06 14:42:24.295 2874 2874 D ApplicationLoaders: Returning zygote-cached class loader: /system/framework/android.test.base.jar
06-06 14:42:24.295 2874 2874 D ApplicationLoaders: Returning zygote-cached class loader: /system/framework/android.hidl.manager-V1.0-java.jar
06-06 14:42:24.295 2874 2874 D ApplicationLoaders: Returning zygote-cached class loader: /system/framework/android.hidl.base-V1.0-java.jar
06-06 14:42:24.312 2787 2787 I CrashSDKNormalH: type=1400 audit(0.0:1245): avc: denied { search } for name="com.dangbei.screencast" dev="mmcblk0p25" ino=905 scontext=u:r:platform_app:s0:c512,c768 tcontext=u:object_r:app_data_file:s0:c512,c768 tclass=dir permissive=1 app=com.dangbei.screencast
06-06 14:42:24.316 479 529 W IorapForwardingService: No service published for: iorapd
06-06 14:42:24.312 2874 2874 I gbei.screencast: type=1400 audit(0.0:1246): avc: denied { getattr } for path="/data/user/0/com.dangbei.screencast" dev="mmcblk0p25" ino=905 scontext=u:r:platform_app:s0:c512,c768 tcontext=u:object_r:app_data_file:s0:c512,c768 tclass=dir permissive=1 app=com.dangbei.screencast
06-06 14:42:24.331 2874 2874 V GraphicsEnvironment: ANGLE Developer option for 'com.dangbei.screencast' set to: 'default'
06-06 14:42:24.332 2874 2874 V GraphicsEnvironment: Neither updatable production driver nor prerelease driver is supported.
06-06 14:42:24.333 2874 2874 D NetworkSecurityConfig: Using Network Security Config from resource network_security_config debugBuild: false
06-06 14:42:24.335 2874 2874 D NetworkSecurityConfig: Using Network Security Config from resource network_security_config debugBuild: false
06-06 14:42:24.336 2874 2874 I MultiDex: VM with version 2.1.0 has multidex support
06-06 14:42:24.336 2874 2874 I MultiDex: Installing application
06-06 14:42:24.336 2874 2874 I MultiDex: VM has multidex support, MultiDex support library is disabled.
06-06 14:42:24.338 2874 2874 E PartsInfoProvider: onCreate:
06-06 14:42:24.340 2874 2874 E ServiceUtils: start main service
06-06 14:42:24.343 2874 2874 E ServiceUtils: start main service
06-06 14:42:24.355 2874 2874 D AndroidAutoSize: designWidthInDp = 1920, designHeightInDp = 1080, screenWidth = 1920, screenHeight = 1080
06-06 14:42:24.355 2874 2874 D AndroidAutoSize: initDensity = 1.5, initScaledDensity = 1.5
