06-06 14:42:32.879 479 616 D NsdService: registerService: 6 name: 当贝投屏X0, type: _airplay._tcp, host: null, port: 32869, txtRecord: srcvers=220.68features=0x527FFFF7,0x1E'pi=2e388006-13ba-4041-9a67-25dd4a43d536Cpk=b07727d6f6cd6e08b58ede525ec3cdeaa252ad9f683feb212ef8a205246554e7vv=2 flags=0x4model=AppleTV2,1deviceid=b4:2f:03:15:e9:08
06-06 14:42:32.879 479 616 D NsdService: mdnssd [register, 6, 当贝投屏X0, _airplay._tcp, 32869, DnNyY3ZlcnM9MjIwLjY4GGZlYXR1cmVzPTB4NTI3RkZGRjcsMHgxRSdwaT0yZTM4ODAwNi0xM2JhLTQwNDEtOWE2Ny0yNWRkNGE0M2Q1MzZDcGs9YjA3NzI3ZDZmNmNkNmUwOGI1OGVkZTUyNWVjM2NkZWFhMjUyYWQ5ZjY4M2ZlYjIxMmVmOGEyMDUyNDY1NTRlNwR2dj0yCWZsYWdzPTB4NBBtb2RlbD1BcHBsZVRWMiwxGmRldmljZWlkPWI0OjJmOjAzOjE1OmU5OjA4]
06-06 14:42:32.880 240 276 D MDnsDS : serviceRegister(6, (null), 当贝投屏X0, _airplay._tcp, (null), (null), 32869, 207, )
06-06 14:42:32.880 3008 3075 D nStackXCoAP: IsInSameNetwork:[276] :IsInSameNetwork exec
06-06 14:42:32.881 3008 3075 I nStackXDFinder: GetLocalInterfaceDetail:[461] :GetLocalInterfaceDetail in
06-06 14:42:32.881 3008 3075 E nStackXCoAP: IsInSameNetwork:[281] :IsInSameNetwork: not priority process
06-06 14:42:32.881 240 276 D MDnsDS : startMonitoring 6
06-06 14:42:32.881 240 276 D MDnsDS : triggering rescan
06-06 14:42:32.881 3008 3075 D nStackXCoAP: ParseServiceDiscover:[330] :new device join
06-06 14:42:32.881 240 276 D MDnsDS : serviceRegister successful
06-06 14:42:32.881 3008 3075 E nStackXDFinder: GetLocalIp:[401] :GetLocalIp exec
06-06 14:42:32.881 240 275 D MDnsDS : Monitor poll got data pollCount = 2, 1
06-06 14:42:32.881 240 275 D MDnsDS : controlSocket shows revent= 1
06-06 14:42:32.881 240 275 D MDnsDS : MDnsSdListener::Monitor got 1
06-06 14:42:32.881 240 275 D MDnsDS : MDnsSdListener::Monitor poll rescanning - size=10, live=2
06-06 14:42:32.881 240 275 D MDnsDS : Going to poll with pollCount 3
06-06 14:42:32.881 479 616 D NsdService: Register 2 6
06-06 14:42:32.890 479 616 D NsdService: Register service
06-06 14:42:32.890 479 616 D NsdService: registerService: 7 name: b42f0315e908@当贝投屏X0, type: _raop._tcp, host: null, port: 34647, txtRecord: txtvers=1 am=AppleTV2,1ch=2
06-06 14:42:32.890 479 616 D NsdService: cn=0,1,2,3da=trueet=0,3,5ft=0x527FFFF7,0x1Emd=0,1,2Cpk=b07727d6f6cd6e08b58ede525ec3cdeaa252ad9f683feb212ef8a205246554e7pw=falsesf=0x4sr=44100ss=16sv=falsetp=UDPvn=65537 vs=220.68vv=2 rhd=5.6.0.0
06-06 14:42:32.891 479 616 D NsdService: mdnssd [register, 7, b42f0315e908@当贝投屏X0, _raop._tcp, 34647, CXR4dHZlcnM9MQ1hbT1BcHBsZVRWMiwxBGNoPTIKY249MCwxLDIsMwdkYT10cnVlCGV0PTAsMyw1EmZ0PTB4NTI3RkZGRjcsMHgxRQhtZD0wLDEsMkNwaz1iMDc3MjdkNmY2Y2Q2ZTA4YjU4ZWRlNTI1ZWMzY2RlYWEyNTJhZDlmNjgzZmViMjEyZWY4YTIwNTI0NjU1NGU3CHB3PWZhbHNlBnNmPTB4NAhzcj00NDEwMAVzcz0xNghzdj1mYWxzZQZ0cD1VRFAIdm49NjU1MzcJdnM9MjIwLjY4BHZ2PTILcmhkPTUuNi4wLjA=]
06-06 14:42:32.891 240 276 D MDnsDS : serviceRegister(7, (null), b42f0315e908@当贝投屏X0, _raop._tcp, (null), (null), 34647, 236, )
06-06 14:42:32.892 240 276 D MDnsDS : startMonitoring 7
06-06 14:42:32.892 240 276 D MDnsDS : triggering rescan
06-06 14:42:32.892 240 276 D MDnsDS : serviceRegister successful
06-06 14:42:32.892 240 275 D MDnsDS : Monitor poll got data pollCount = 3, 1
06-06 14:42:32.892 240 275 D MDnsDS : controlSocket shows revent= 1
06-06 14:42:32.892 240 275 D MDnsDS : MDnsSdListener::Monitor got 1
06-06 14:42:32.892 240 275 D MDnsDS : MDnsSdListener::Monitor poll rescanning - size=10, live=3
06-06 14:42:32.892 240 275 D MDnsDS : Going to poll with pollCount 4
06-06 14:42:32.892 479 616 D NsdService: Register 3 7
06-06 14:42:32.876 2874 2874 W Thread-17: type=1400 audit(0.0:1271): avc: granted { read } for name="somaxconn" dev="proc" ino=24550 scontext=u:r:platform_app:s0:c512,c768 tcontext=u:object_r:proc_net:s0 tclass=file app=com.dangbei.screencast
06-06 14:42:32.876 2874 2874 W Thread-17: type=1400 audit(0.0:1272): avc: granted { read open } for path="/proc/sys/net/core/somaxconn" dev="proc" ino=24550 scontext=u:r:platform_app:s0:c512,c768 tcontext=u:object_r:proc_net:s0 tclass=file app=com.dangbei.screencast
06-06 14:42:32.876 2874 2874 W Thread-17: type=1400 audit(0.0:1273): avc: granted { getattr } for path="/proc/sys/net/core/somaxconn" dev="proc" ino=24550 scontext=u:r:platform_app:s0:c512,c768 tcontext=u:object_r:proc_net:s0 tclass=file app=com.dangbei.screencast
06-06 14:42:32.876 2874 2874 W Thread-17: type=1400 audit(0.0:1274): avc: granted { getattr } for path="/proc/sys/net/core/somaxconn" dev="proc" ino=24550 scontext=u:r:platform_app:s0:c512,c768 tcontext=u:object_r:proc_net:s0 tclass=file app=com.dangbei.screencast
06-06 14:42:33.336 479 529 W IorapForwardingService: No service published for: iorapd
06-06 14:42:33.353 479 616 D NsdService: Register service
06-06 14:42:33.353 479 616 D NsdService: registerService: 8 name: 当贝投屏X0, type: _db_cast_screen._tcp, host: null, port: 34939, txtRecord: au=1cV=20830mV=100h265=0maxR=4096-3152model=DBBOX-A2deviceid=20:02:FE:19:C2:27
06-06 14:42:33.353 479 616 D NsdService: mdnssd [register, 8, 当贝投屏X0, _db_cast_screen._tcp, 34939, BGF1PTEIY1Y9MjA4MzAGbVY9MTAwBmgyNjU9MA5tYXhSPTQwOTYtMzE1Mg5tb2RlbD1EQkJPWC1BMhpkZXZpY2VpZD0yMDowMjpGRToxOTpDMjoyNw==]
06-06 14:42:33.354 240 276 D MDnsDS : serviceRegister(8, (null), 当贝投屏X0, _db_cast_screen._tcp, (null), (null), 34939, 85, )
06-06 14:42:33.355 240 276 D MDnsDS : startMonitoring 8
06-06 14:42:33.355 240 276 D MDnsDS : triggering rescan
06-06 14:42:33.355 240 276 D MDnsDS : serviceRegister successful
06-06 14:42:33.355 240 275 D MDnsDS : Monitor poll got data pollCount = 4, 1
06-06 14:42:33.355 240 275 D MDnsDS : controlSocket shows revent= 1
06-06 14:42:33.355 240 275 D MDnsDS : MDnsSdListener::Monitor got 1
06-06 14:42:33.355 240 275 D MDnsDS : MDnsSdListener::Monitor poll rescanning - size=10, live=4
06-06 14:42:33.355 240 275 D MDnsDS : Going to poll with pollCount 5
06-06 14:42:33.355 479 616 D NsdService: Register 4 8
06-06 14:42:33.360 3008 3075 D nStackXCoAP: IsInSameNetwork:[276] :IsInSameNetwork exec
06-06 14:42:33.360 3008 3075 I nStackXDFinder: GetLocalInterfaceDetail:[461] :GetLocalInterfaceDetail in
06-06 14:42:33.360 3008 3075 E nStackXCoAP: IsInSameNetwork:[281] :IsInSameNetwork: not priority process
06-06 14:42:33.360 3008 3075 D nStackXCoAP: ParseServiceDiscover:[330] :new device join
06-06 14:42:33.361 3008 3075 E nStackXDFinder: GetLocalIp:[401] :GetLocalIp exec
06-06 14:42:33.791 3008 3075 D nStackXCoAP: IsInSameNetwork:[276] :IsInSameNetwork exec
06-06 14:42:33.791 3008 3075 I nStackXDFinder: GetLocalInterfaceDetail:[461] :GetLocalInterfaceDetail in
06-06 14:42:33.791 3008 3075 E nStackXCoAP: IsInSameNetwork:[281] :IsInSameNetwork: not priority process
06-06 14:42:33.791 3008 3075 D nStackXCoAP: ParseServiceDiscover:[330] :new device join
06-06 14:42:33.791 3008 3075 E nStackXDFinder: GetLocalIp:[401] :GetLocalIp exec
06-06 14:42:33.806 240 275 D MDnsDS : Monitor poll got data pollCount = 5, 1
06-06 14:42:33.806 240 275 D MDnsDS : Monitor found [3].revents = 1 - calling ProcessResults
06-06 14:42:33.806 240 275 D MDnsDS : register succeeded for 6 as 当贝投屏X0
06-06 14:42:33.806 240 275 D MDnsDS : controlSocket shows revent= 0
06-06 14:42:33.806 240 275 D MDnsDS : Going to poll with pollCount 5
06-06 14:42:33.806 240 275 D MDnsDS : Monitor poll got data pollCount = 5, 1
06-06 14:42:33.806 240 275 D MDnsDS : Monitor found [2].revents = 1 - calling ProcessResults
06-06 14:42:33.806 240 275 D MDnsDS : register succeeded for 7 as b42f0315e908@当贝投屏X0
06-06 14:42:33.806 240 275 D MDnsDS : controlSocket shows revent= 0
06-06 14:42:33.807 240 275 D MDnsDS : Going to poll with pollCount 5
06-06 14:42:33.807 479 616 D NsdService: Native daemon message SERVICE_REGISTERED: 606 6 "当贝投屏X0"
06-06 14:42:33.809 479 616 D NsdService: Native daemon message SERVICE_REGISTERED: 606 7 "b42f0315e908@当贝投屏X0"
06-06 14:42:33.815 2874 2952 E accept : myIp:192.168.3.115
06-06 14:42:33.818 2874 2952 E accept : connect error
06-06 14:42:33.826 2874 2952 I UpnpServiceImpl: >>> Starting UPnP service...
06-06 14:42:33.826 2874 2952 I UpnpServiceImpl: Using configuration: org.fourthline.cling.android.AndroidUpnpServiceConfiguration
06-06 14:42:33.830 2874 2952 I Router : Creating Router: org.fourthline.cling.android.AndroidRouter
06-06 14:42:33.833 2874 2952 W Router : enable lock:org.fourthline.cling.android.AndroidRouter@41acbd6_java.util.concurrent.locks.ReentrantReadWriteLock$WriteLock@7082e57[Unlocked]
06-06 14:42:33.849 2874 2952 W tworkAddressFactoryImpl: Network interface may not be multicast capable: dummy0
06-06 14:42:33.854 2874 2952 I MulticastReceiver: Creating wildcard socket (for receiving multicast datagrams) on port: 1900
06-06 14:42:33.855 2874 2952 I MulticastReceiver: Joining multicast group: /239.255.255.250:1900 on network interface: wlan0
06-06 14:42:33.875 2874 2952 E accept : Adding connector try: 192.168.3.115/192.168.3.115:45507
06-06 14:42:33.880 2874 2952 E accept : Adding connector result: 192.168.3.115/192.168.3.115:45507
06-06 14:42:33.992 2874 2952 I JettyServletContainer: Registering UPnP servlet under context path: /upnp
06-06 14:42:33.996 2874 2952 I DatagramIO: Creating bound socket (for datagram input/output) on: 192.168.3.115/192.168.3.115
06-06 14:42:33.997 2874 3099 E JettyServletContainer: gogogo
06-06 14:42:33.998 2874 3099 I JettyServletContainer: Starting Jetty server...
06-06 14:42:33.999 2874 3099 W System.err: 2025-06-06 14:42:33.998:INFO:lcaf.p:jetty-8.y.z-SNAPSHOT
06-06 14:42:34.002 2874 2952 I Router : WiFi multicast lock acquired
06-06 14:42:34.003 479 1372 I WifiService: acquireMulticastLock uid=10024
06-06 14:42:34.005 2874 2952 I Router : WiFi lock acquired
06-06 14:42:34.006 479 1372 I WifiService: acquireWifiLock uid=10024 lockMode=3
06-06 14:42:34.010 2874 2952 W Router : enable unlock:org.fourthline.cling.android.AndroidRouter@41acbd6
06-06 14:42:34.011 2874 2952 I UpnpServiceImpl: <<< UPnP service started successfully
06-06 14:42:34.045 2874 3099 W System.err: 2025-06-06 14:42:34.044:INFO:lcaf.a:Started @192.168.3.115:45507
06-06 14:42:34.055 240 275 D MDnsDS : Monitor poll got data pollCount = 5, 1
06-06 14:42:34.055 240 275 D MDnsDS : Monitor found [1].revents = 1 - calling ProcessResults
06-06 14:42:34.056 240 275 D MDnsDS : register succeeded for 8 as 当贝投屏X0
06-06 14:42:34.056 240 275 D MDnsDS : controlSocket shows revent= 0
06-06 14:42:34.056 240 275 D MDnsDS : Going to poll with pollCount 5
06-06 14:42:34.057 479 616 D NsdService: Native daemon message SERVICE_REGISTERED: 606 8 "当贝投屏X0"
06-06 14:42:34.085 2874 2952 E g : channel :os
06-06 14:42:34.338 479 529 W IorapForwardingService: No service published for: iorapd
06-06 14:42:34.523 2874 2943 I efs.base: lt=event`ev_ct=efs_core`ev_ac=log_lag`tm=2025-06-06 14:42:52`dn=3189d86b-b94a-49b2-9e0e-15bd4c197496`ps=com.dangbei.screencast`um_os=android`stime=1749192144196`pid=2874`fr=android`pkg=com.dangbei.screencast`vcode=20830`dsp_w=1920`uid=3189d86b-b94a-49b2-9e0e-15bd4c197496`rom=12`wid=3189d86b-b94a-49b2-9e0e-15bd4c197496`um_app_carrier=`um_access=wifi`um_app_channel=os`um_crash_sdk_version=1.4.0`ctime=1749192154`model=dbbox-a2`lang=zh`net=wifi`brand=dangbei`dsp_h=1080`um_network_type=0`ver=v2.8.3`cnt=2`build_model=DBBOX-A2`w_tm=1749192154`appid=5fc60c21094d637f3130af19`um_umid_header=ai02165bf432552744db2ff8059ea878c7`sdk=31`tzone=Asia/Shanghai`sdk_ver=1.3.6.umeng
06-06 14:42:34.512 2874 2874 I efs-base: type=1400 audit(0.0:1275): avc: denied { rmdir } for name="2138" dev="mmcblk0p25" ino=8543 scontext=u:r:platform_app:s0:c512,c768 tcontext=u:object_r:app_data_file:s0:c512,c768 tclass=dir permissive=1 app=com.dangbei.screencast
06-06 14:42:34.620 3111 3111 I Thread-2: type=1400 audit(0.0:1276): avc: denied { execute } for name="am" dev="dm-1" ino=1160 scontext=u:r:system_app:s0 tcontext=u:object_r:vendor_file:s0 tclass=file permissive=1
06-06 14:42:34.620 3111 3111 I Thread-2: type=1400 audit(0.0:1277): avc: denied { read open } for path="/vendor/xbin/am" dev="dm-1" ino=1160 scontext=u:r:system_app:s0 tcontext=u:object_r:vendor_file:s0 tclass=file permissive=1
06-06 14:42:34.682 1121 1121 D aaa : LedStatusService onStartCommand begin
06-06 14:42:34.683 1121 3117 D aaa : topPkg is -------------- :com.dangbei.haqusetting
06-06 14:42:34.620 3111 3111 I Thread-2: type=1400 audit(0.0:1278): avc: denied { execute_no_trans } for path="/vendor/xbin/am" dev="dm-1" ino=1160 scontext=u:r:system_app:s0 tcontext=u:object_r:vendor_file:s0 tclass=file permissive=1
06-06 14:42:34.701 1164 1164 D bbb : onStartCommand begin !!!!!!! data分区剩余 24691MB
06-06 14:42:34.878 2874 2930 I efs.base: wa upload succ, HttpResponse {succ=true, code=200, data='暂不支持该服务', extra={req_url=https://errlog.umeng.com/api/crashsdk/logcollect}}
06-06 14:42:34.984 2874 2943 I efs.base: wa upload succ, HttpResponse {succ=true, code=200, data='暂不支持该服务', extra={req_url=https://errlog.umeng.com/api/crashsdk/logcollect}}
06-06 14:42:35.087 659 659 E WifiHAL : wifi_get_link_stats: requestResponse Error:-5
06-06 14:42:35.089 479 606 E WifiVendorHal: getWifiLinkLayerStats_1_5_Internal(l.1191) failed {.code = ERROR_INVALID_ARGS, .description = }
06-06 14:42:35.341 479 529 W IorapForwardingService: No service published for: iorapd
06-06 14:42:36.343 479 529 W IorapForwardingService: No service published for: iorapd
06-06 14:42:37.018 1927 2052 D UtilLog : 日志批量上报 进行正常循环 !!!!!!本次有0次请求,共0条数据
06-06 14:42:37.346 479 529 W IorapForwardingService: No service published for: iorapd
06-06 14:42:37.471 479 991 W ZramWriteback: Writeback device is not set
06-06 14:42:37.471 479 991 D ZramWriteback: wait to flush
06-06 14:42:38.103 659 659 E WifiHAL : wifi_get_link_stats: requestResponse Error:-5
06-06 14:42:38.106 479 606 E WifiVendorHal: getWifiLinkLayerStats_1_5_Internal(l.1191) failed {.code = ERROR_INVALID_ARGS, .description = }
06-06 14:42:38.348 479 529 W IorapForwardingService: No service published for: iorapd
06-06 14:42:39.350 479 529 W IorapForwardingService: No service published for: iorapd
06-06 14:42:39.496 3131 3131 I sh : type=1400 audit(0.0:1279): avc: denied { getattr } for path="/system/xbin/su" dev="dm-0" ino=3480 scontext=u:r:platform_app:s0:c512,c768 tcontext=u:object_r:su_exec:s0 tclass=file permissive=1 app=com.dangbei.screencast
06-06 14:42:39.532 2874 2910 I crashsdk: crashsdk uploading logs
06-06 14:42:39.496 3131 3131 I sh : type=1400 audit(0.0:1280): avc: denied { execute } for name="su" dev="dm-0" ino=3480 scontext=u:r:platform_app:s0:c512,c768 tcontext=u:object_r:su_exec:s0 tclass=file permissive=1 app=com.dangbei.screencast
06-06 14:42:39.710 479 1372 I WifiService: startScan uid=1000
06-06 14:42:40.353 479 529 W IorapForwardingService: No service published for: iorapd
06-06 14:42:40.474 202 3076 I keystore2: keystore2::watchdog: Watchdog thread idle -> terminating. Have a great day.
06-06 14:42:41.117 659 659 E WifiHAL : wifi_get_link_stats: requestResponse Error:-5
06-06 14:42:41.119 479 606 E WifiVendorHal: getWifiLinkLayerStats_1_5_Internal(l.1191) failed {.code = ERROR_INVALID_ARGS, .description = }
06-06 14:42:41.355 479 529 W IorapForwardingService: No service published for: iorapd
06-06 14:42:41.511 479 1372 D WifiNl80211Manager: Scan result ready event
06-06 14:42:41.511 479 1372 D WifiNative: Scan result ready event
06-06 14:42:41.547 479 610 D WificondScannerImpl: Filtering out 12 scan results.
06-06 14:42:41.566 2621 2678 E ccc : cccccc SCAN_RESULTS_AVAILABLE_ACTION hhhh
06-06 14:42:41.566 1095 1095 E hq : NetWorkStateReceiver:::NetWorkStateReceiver onReceive: 网络变化广播 >>>> intent.action=android.net.wifi.SCAN_RESULTS
06-06 14:42:41.573 659 659 E WifiHAL : wifi_get_link_stats: requestResponse Error:-5
06-06 14:42:41.578 479 606 E WifiVendorHal: getWifiLinkLayerStats_1_5_Internal(l.1191) failed {.code = ERROR_INVALID_ARGS, .description = }
06-06 14:42:41.604 1095 1095 W eventbuscore: post Event:com.dangbei.leard.base.entity.event.NetWifiRssiEvent
06-06 14:42:41.910 479 496 I system_server: Background concurrent copying GC freed 248938(10MB) AllocSpace objects, 33(676KB) LOS objects, 49% free, 10MB/21MB, paused 250us total 388.156ms
06-06 14:42:42.141 264 294 D hdmi-cec: receive invalid cec message!
06-06 14:42:42.141 264 294 D hdmi-cec: receive poll message [04], skip!
06-06 14:42:42.358 479 529 W IorapForwardingService: No service published for: iorapd
06-06 14:42:42.743 1121 1121 D aaa : LedStatusService onStartCommand begin
06-06 14:42:42.746 1121 3144 D aaa : topPkg is -------------- :com.dangbei.haqusetting
06-06 14:42:42.747 1164 1164 D bbb : onStartCommand begin !!!!!!! data分区剩余 24691MB
06-06 14:42:43.361 479 529 W IorapForwardingService: No service published for: iorapd
06-06 14:42:44.128 659 659 E WifiHAL : wifi_get_link_stats: requestResponse Error:-5
06-06 14:42:44.129 479 606 E WifiVendorHal: getWifiLinkLayerStats_1_5_Internal(l.1191) failed {.code = ERROR_INVALID_ARGS, .description = }
06-06 14:42:44.292 2874 2883 I gbei.screencas: Background concurrent copying GC freed 208363(19MB) AllocSpace objects, 32(1964KB) LOS objects, 49% free, 6697KB/13MB, paused 141us total 184.221ms
06-06 14:42:44.363 479 529 W IorapForwardingService: No service published for: iorapd
06-06 14:42:44.876 3145 3145 I sh : type=1400 audit(0.0:1281): avc: denied { getattr } for path="/system/xbin/su" dev="dm-0" ino=3480 scontext=u:r:platform_app:s0:c512,c768 tcontext=u:object_r:su_exec:s0 tclass=file permissive=1 app=com.dangbei.screencast
06-06 14:42:44.876 3145 3145 I sh : type=1400 audit(0.0:1282): avc: denied { execute } for name="su" dev="dm-0" ino=3480 scontext=u:r:platform_app:s0:c512,c768 tcontext=u:object_r:su_exec:s0 tclass=file permissive=1 app=com.dangbei.screencast
06-06 14:42:45.364 479 529 W IorapForwardingService: No service published for: iorapd
06-06 14:42:45.684 1927 2051 I TDLog : [APP] New data found, Submitting...
06-06 14:42:45.694 1927 2051 I TDLog : [APP] Failed to submit data!
06-06 14:42:46.366 479 529 W IorapForwardingService: No service published for: iorapd
06-06 14:42:47.034 1927 2052 D UtilLog : 日志批量上报 进行正常循环 !!!!!!本次有0次请求,共0条数据
06-06 14:42:47.140 659 659 E WifiHAL : wifi_get_link_stats: requestResponse Error:-5
06-06 14:42:47.143 479 606 E WifiVendorHal: getWifiLinkLayerStats_1_5_Internal(l.1191) failed {.code = ERROR_INVALID_ARGS, .description = }
06-06 14:42:47.369 479 529 W IorapForwardingService: No service published for: iorapd
06-06 14:42:48.371 479 529 W IorapForwardingService: No service published for: iorapd
06-06 14:42:49.374 479 529 W IorapForwardingService: No service published for: iorapd
06-06 14:42:50.161 659 659 E WifiHAL : wifi_get_link_stats: requestResponse Error:-5
06-06 14:42:50.165 479 606 E WifiVendorHal: getWifiLinkLayerStats_1_5_Internal(l.1191) failed {.code = ERROR_INVALID_ARGS, .description = }
06-06 14:42:50.377 479 529 W IorapForwardingService: No service published for: iorapd
06-06 14:42:50.783 1121 1121 D aaa : LedStatusService onStartCommand begin
06-06 14:42:50.785 1121 3157 D aaa : topPkg is -------------- :com.dangbei.haqusetting
06-06 14:42:50.786 1164 1164 D bbb : onStartCommand begin !!!!!!! data分区剩余 24691MB
06-06 14:42:51.379 479 529 W IorapForwardingService: No service published for: iorapd
06-06 14:42:52.382 479 529 W IorapForwardingService: No service published for: iorapd
06-06 14:42:53.181 659 659 E WifiHAL : wifi_get_link_stats: requestResponse Error:-5
06-06 14:42:53.184 479 606 E WifiVendorHal: getWifiLinkLayerStats_1_5_Internal(l.1191) failed {.code = ERROR_INVALID_ARGS, .description = }
06-06 14:42:53.385 479 529 W IorapForwardingService: No service published for: iorapd
06-06 14:42:54.387 479 529 W IorapForwardingService: No service published for: iorapd
06-06 14:42:55.389 479 529 W IorapForwardingService: No service published for: iorapd
06-06 14:42:56.201 659 659 E WifiHAL : wifi_get_link_stats: requestResponse Error:-5
06-06 14:42:56.203 479 606 E WifiVendorHal: getWifiLinkLayerStats_1_5_Internal(l.1191) failed {.code = ERROR_INVALID_ARGS, .description = }
06-06 14:42:56.392 479 529 W IorapForwardingService: No service published for: iorapd
06-06 14:42:57.028 1927 2052 D UtilLog : 日志批量上报 进行正常循环 !!!!!!本次有0次请求,共0条数据
06-06 14:42:57.166 264 294 D hdmi-cec: receive invalid cec message!
06-06 14:42:57.166 264 294 D hdmi-cec: receive poll message [04], skip!
06-06 14:42:57.394 479 529 W IorapForwardingService: No service published for: iorapd
06-06 14:42:58.397 479 529 W IorapForwardingService: No service published for: iorapd
06-06 14:42:58.826 1164 1164 D bbb : onStartCommand begin !!!!!!! data分区剩余 24691MB
06-06 14:42:58.828 1121 1121 D aaa : LedStatusService onStartCommand begin
06-06 14:42:58.830 1121 3166 D aaa : topPkg is -------------- :com.dangbei.haqusetting
06-06 14:42:59.213 659 659 E WifiHAL : wifi_get_link_stats: requestResponse Error:-5
06-06 14:42:59.214 479 606 E WifiVendorHal: getWifiLinkLayerStats_1_5_Internal(l.1191) failed {.code = ERROR_INVALID_ARGS, .description = }
06-06 14:42:59.400 479 529 W IorapForwardingService: No service published for: iorapd
06-06 14:43:00.402 479 529 W IorapForwardingService: No service published for: iorapd
06-06 14:43:00.776 2874 2883 I gbei.screencas: Background concurrent copying GC freed 61347(6066KB) AllocSpace objects, 26(884KB) LOS objects, 49% free, 6071KB/11MB, paused 226us total 163.618ms
06-06 14:43:01.405 479 529 W IorapForwardingService: No service published for: iorapd
06-06 14:43:02.226 659 659 E WifiHAL : wifi_get_link_stats: requestResponse Error:-5
06-06 14:43:02.228 479 606 E WifiVendorHal: getWifiLinkLayerStats_1_5_Internal(l.1191) failed {.code = ERROR_INVALID_ARGS, .description = }
06-06 14:43:02.407 479 529 W IorapForwardingService: No service published for: iorapd
06-06 14:43:03.409 479 529 W IorapForwardingService: No service published for: iorapd
06-06 14:43:04.411 479 529 W IorapForwardingService: No service published for: iorapd
06-06 14:43:05.112 2874 2874 I efs-base: type=1400 audit(0.0:1283): avc: denied { search } for name="com.dangbei.screencast" dev="mmcblk0p25" ino=905 scontext=u:r:platform_app:s0:c512,c768 tcontext=u:object_r:app_data_file:s0:c512,c768 tclass=dir permissive=1 app=com.dangbei.screencast
06-06 14:43:05.112 2874 2874 I efs-base: type=1400 audit(0.0:1284): avc: denied { getattr } for path="/data/user/0/com.dangbei.screencast/app_UApm/5fc60c21094d637f3130af19/ready" dev="mmcblk0p25" ino=2110 scontext=u:r:platform_app:s0:c512,c768 tcontext=u:object_r:app_data_file:s0:c512,c768 tclass=dir permissive=1 app=com.dangbei.screencast
06-06 14:43:05.112 2874 2874 I efs-base: type=1400 audit(0.0:1285): avc: denied { read } for name="ready" dev="mmcblk0p25" ino=2110 scontext=u:r:platform_app:s0:c512,c768 tcontext=u:object_r:app_data_file:s0:c512,c768 tclass=dir permissive=1 app=com.dangbei.screencast
06-06 14:43:05.112 2874 2874 I efs-base: type=1400 audit(0.0:1286): avc: denied { open } for path="/data/user/0/com.dangbei.screencast/app_UApm/5fc60c21094d637f3130af19/ready" dev="mmcblk0p25" ino=2110 scontext=u:r:platform_app:s0:c512,c768 tcontext=u:object_r:app_data_file:s0:c512,c768 tclass=dir permissive=1 app=com.dangbei.screencast
06-06 14:43:05.245 659 659 E WifiHAL : wifi_get_link_stats: requestResponse Error:-5
06-06 14:43:05.247 479 606 E WifiVendorHal: getWifiLinkLayerStats_1_5_Internal(l.1191) failed {.code = ERROR_INVALID_ARGS, .description = }
06-06 14:43:05.413 479 529 W IorapForwardingService: No service published for: iorapd
06-06 14:43:06.415 479 529 W IorapForwardingService: No service published for: iorapd
06-06 14:43:06.868 1164 1164 D bbb : onStartCommand begin !!!!!!! data分区剩余 24691MB
06-06 14:43:06.871 1121 1121 D aaa : LedStatusService onStartCommand begin
06-06 14:43:06.873 1121 3177 D aaa : topPkg is -------------- :com.dangbei.haqusetting
06-06 14:43:07.037 1927 2052 D UtilLog : 日志批量上报 进行正常循环 !!!!!!本次有0次请求,共0条数据
06-06 14:43:07.418 479 529 W IorapForwardingService: No service published for: iorapd
06-06 14:43:07.472 479 991 W ZramWriteback: Writeback device is not set
06-06 14:43:07.472 479 991 D ZramWriteback: wait to flush
06-06 14:43:08.263 659 659 E WifiHAL : wifi_get_link_stats: requestResponse Error:-5
06-06 14:43:08.265 479 606 E WifiVendorHal: getWifiLinkLayerStats_1_5_Internal(l.1191) failed {.code = ERROR_INVALID_ARGS, .description = }
06-06 14:43:08.420 479 529 W IorapForwardingService: No service published for: iorapd
06-06 14:43:09.422 479 529 W IorapForwardingService: No service published for: iorapd
06-06 14:43:10.425 479 529 W IorapForwardingService: No service published for: iorapd
06-06 14:43:11.283 659 659 E WifiHAL : wifi_get_link_stats: requestResponse Error:-5
06-06 14:43:11.286 479 606 E WifiVendorHal: getWifiLinkLayerStats_1_5_Internal(l.1191) failed {.code = ERROR_INVALID_ARGS, .description = }
06-06 14:43:11.428 479 529 W IorapForwardingService: No service published for: iorapd
06-06 14:43:11.633 479 1284 I WifiService: startScan uid=1000
06-06 14:43:12.193 264 294 D hdmi-cec: receive invalid cec message!
06-06 14:43:12.193 264 294 D hdmi-cec: receive poll message [04], skip!
06-06 14:43:12.431 479 529 W IorapForwardingService: No service published for: iorapd
06-06 14:43:13.433 479 529 W IorapForwardingService: No service published for: iorapd
06-06 14:43:13.461 479 1284 D WifiNl80211Manager: Scan result ready event
06-06 14:43:13.461 479 1284 D WifiNative: Scan result ready event
06-06 14:43:13.513 2621 2678 E ccc : cccccc SCAN_RESULTS_AVAILABLE_ACTION hhhh
06-06 14:43:13.514 1095 1095 E hq : NetWorkStateReceiver:::NetWorkStateReceiver onReceive: 网络变化广播 >>>> intent.action=android.net.wifi.SCAN_RESULTS
06-06 14:43:13.520 659 659 E WifiHAL : wifi_get_link_stats: requestResponse Error:-5
06-06 14:43:13.522 479 606 E WifiVendorHal: getWifiLinkLayerStats_1_5_Internal(l.1191) failed {.code = ERROR_INVALID_ARGS, .description = }
06-06 14:43:13.545 1095 1095 W eventbuscore: post Event:com.dangbei.leard.base.entity.event.NetWifiRssiEvent
06-06 14:43:14.301 659 659 E WifiHAL : wifi_get_link_stats: requestResponse Error:-5
06-06 14:43:14.303 479 606 E WifiVendorHal: getWifiLinkLayerStats_1_5_Internal(l.1191) failed {.code = ERROR_INVALID_ARGS, .description = }
06-06 14:43:14.435 479 529 W IorapForwardingService: No service published for: iorapd
06-06 14:43:14.877 1164 1164 D bbb : onStartCommand begin !!!!!!! data分区剩余 24691MB
06-06 14:43:14.882 1121 1121 D aaa : LedStatusService onStartCommand begin
06-06 14:43:14.884 1121 3186 D aaa : topPkg is -------------- :com.dangbei.haqusetting
06-06 14:43:15.437 479 529 W IorapForwardingService: No service published for: iorapd
06-06 14:43:16.440 479 529 W IorapForwardingService: No service published for: iorapd
06-06 14:43:17.034 1927 2052 D UtilLog : 日志批量上报 进行正常循环 !!!!!!本次有0次请求,共0条数据
06-06 14:43:17.322 659 659 E WifiHAL : wifi_get_link_stats: requestResponse Error:-5
06-06 14:43:17.324 479 606 E WifiVendorHal: getWifiLinkLayerStats_1_5_Internal(l.1191) failed {.code = ERROR_INVALID_ARGS, .description = }
06-06 14:43:17.443 479 529 W IorapForwardingService: No service published for: iorapd
06-06 14:43:18.444 479 529 W IorapForwardingService: No service published for: iorapd
06-06 14:43:19.447 479 529 W IorapForwardingService: No service published for: iorapd
06-06 14:43:20.338 659 659 E WifiHAL : wifi_get_link_stats: requestResponse Error:-5
06-06 14:43:20.341 479 606 E WifiVendorHal: getWifiLinkLayerStats_1_5_Internal(l.1191) failed {.code = ERROR_INVALID_ARGS, .description = }
06-06 14:43:20.449 479 529 W IorapForwardingService: No service published for: iorapd
06-06 14:43:21.267 2874 2883 I gbei.screencas: Background concurrent copying GC freed 44831(5826KB) AllocSpace objects, 4(80KB) LOS objects, 49% free, 6413KB/12MB, paused 142us total 157.995ms
06-06 14:43:21.451 479 529 W IorapForwardingService: No service published for: iorapd
06-06 14:43:22.454 479 529 W IorapForwardingService: No service published for: iorapd
06-06 14:43:22.925 1164 1164 D bbb : onStartCommand begin !!!!!!! data分区剩余 24691MB
06-06 14:43:22.926 1121 1121 D aaa : LedStatusService onStartCommand begin
06-06 14:43:22.931 1121 3196 D aaa : topPkg is -------------- :com.dangbei.haqusetting
06-06 14:43:23.357 659 659 E WifiHAL : wifi_get_link_stats: requestResponse Error:-5
06-06 14:43:23.360 479 606 E WifiVendorHal: getWifiLinkLayerStats_1_5_Internal(l.1191) failed {.code = ERROR_INVALID_ARGS, .description = }
06-06 14:43:23.456 479 529 W IorapForwardingService: No service published for: iorapd
06-06 14:43:24.144 240 2081 W resolv : SSL_connect write error 0, mark 0xf0064: Try again
06-06 14:43:24.144 240 2081 W resolv : TLS Handshake failed
06-06 14:43:24.145 240 2081 W resolv : query failed
06-06 14:43:24.145 240 2081 W resolv : validateDnsTlsServer returned 0 for 202.96.128.166
06-06 14:43:24.145 240 2081 W resolv : Validation failed
06-06 14:43:24.167 240 2082 W resolv : SSL_connect write error 0, mark 0xf0064: Try again
06-06 14:43:24.168 240 2082 W resolv : TLS Handshake failed
06-06 14:43:24.168 240 2082 W resolv : query failed
06-06 14:43:24.168 240 2082 W resolv : validateDnsTlsServer returned 0 for 202.96.134.133
06-06 14:43:24.169 240 2082 W resolv : Validation failed
06-06 14:43:24.458 479 529 W IorapForwardingService: No service published for: iorapd
06-06 14:43:24.524 2874 2874 I efs-base: type=1400 audit(0.0:1287): avc: denied { write } for name="upload" dev="mmcblk0p25" ino=2390 scontext=u:r:platform_app:s0:c512,c768 tcontext=u:object_r:app_data_file:s0:c512,c768 tclass=dir permissive=1 app=com.dangbei.screencast
06-06 14:43:24.524 2874 2874 I efs-base: type=1400 audit(0.0:1288): avc: denied { add_name } for name="wa_gzip_1_1_2874_5069_1749192204528" scontext=u:r:platform_app:s0:c512,c768 tcontext=u:object_r:app_data_file:s0:c512,c768 tclass=dir permissive=1 app=com.dangbei.screencast
06-06 14:43:24.524 2874 2874 I efs-base: type=1400 audit(0.0:1289): avc: denied { remove_name } for name="wa_none_1_1_2874_9911_1749192144522" dev="mmcblk0p25" ino=8609 scontext=u:r:platform_app:s0:c512,c768 tcontext=u:object_r:app_data_file:s0:c512,c768 tclass=dir permissive=1 app=com.dangbei.screencast
06-06 14:43:25.461 479 529 W IorapForwardingService: No service published for: iorapd
06-06 14:43:26.376 659 659 E WifiHAL : wifi_get_link_stats: requestResponse Error:-5
06-06 14:43:26.379 479 606 E WifiVendorHal: getWifiLinkLayerStats_1_5_Internal(l.1191) failed {.code = ERROR_INVALID_ARGS, .description = }
06-06 14:43:26.464 479 529 W IorapForwardingService: No service published for: iorapd
06-06 14:43:26.717 264 294 D hdmi-cec: receive invalid cec message!
06-06 14:43:26.718 264 294 D hdmi-cec: receive poll message [04], skip!
06-06 14:43:27.034 1927 2052 D UtilLog : 日志批量上报 进行正常循环 !!!!!!本次有0次请求,共0条数据
06-06 14:43:27.318 2874 2930 I efs.base: wa upload succ, HttpResponse {succ=true, code=200, data='暂不支持该服务', extra={req_url=https://errlog.umeng.com/api/crashsdk/logcollect}}
06-06 14:43:27.465 479 529 W IorapForwardingService: No service published for: iorapd
06-06 14:43:28.467 479 529 W IorapForwardingService: No service published for: iorapd
06-06 14:43:29.255 479 1372 D WifiNl80211Manager: Scan result ready event
06-06 14:43:29.255 479 1372 D WifiNative: Scan result ready event
06-06 14:43:29.305 479 610 D WificondScannerImpl: Filtering out 23 scan results.
06-06 14:43:29.321 659 659 E WifiHAL : wifi_get_link_stats: requestResponse Error:-5
06-06 14:43:29.324 479 606 E WifiVendorHal: getWifiLinkLayerStats_1_5_Internal(l.1191) failed {.code = ERROR_INVALID_ARGS, .description = }
06-06 14:43:29.391 659 659 E WifiHAL : wifi_get_link_stats: requestResponse Error:-5
06-06 14:43:29.394 479 606 E WifiVendorHal: getWifiLinkLayerStats_1_5_Internal(l.1191) failed {.code = ERROR_INVALID_ARGS, .description = }
06-06 14:43:29.467 479 529 W IorapForwardingService: No service published for: iorapd
06-06 14:43:30.330 3008 3075 D nStackXCoAP: IsInSameNetwork:[276] :IsInSameNetwork exec
06-06 14:43:30.330 3008 3075 I nStackXDFinder: GetLocalInterfaceDetail:[461] :GetLocalInterfaceDetail in
06-06 14:43:30.330 3008 3075 E nStackXCoAP: IsInSameNetwork:[281] :IsInSameNetwork: not priority process
06-06 14:43:30.330 3008 3075 D nStackXCoAP: ParseServiceDiscover:[330] :new device join
06-06 14:43:30.330 3008 3075 I nStackXDFinder: NotifyDeviceListChanged:[540] :notify callback: device list changed callback is null
06-06 14:43:30.330 3008 3075 E nStackXDFinder: GetLocalIp:[401] :GetLocalIp exec
06-06 14:43:30.350 3008 3075 D nStackXCoAP: IsInSameNetwork:[276] :IsInSameNetwork exec
06-06 14:43:30.350 3008 3075 I nStackXDFinder: GetLocalInterfaceDetail:[461] :GetLocalInterfaceDetail in
06-06 14:43:30.350 3008 3075 E nStackXCoAP: IsInSameNetwork:[281] :IsInSameNetwork: not priority process
06-06 14:43:30.350 3008 3075 D nStackXCoAP: ParseServiceDiscover:[330] :new device join
06-06 14:43:30.350 3008 3075 E nStackXDFinder: GetLocalIp:[401] :GetLocalIp exec
06-06 14:43:30.394 3008 3075 D nStackXCoAP: IsInSameNetwork:[276] :IsInSameNetwork exec
06-06 14:43:30.394 3008 3075 I nStackXDFinder: GetLocalInterfaceDetail:[461] :GetLocalInterfaceDetail in
06-06 14:43:30.394 3008 3075 E nStackXCoAP: IsInSameNetwork:[281] :IsInSameNetwork: not priority process
06-06 14:43:30.394 3008 3075 D nStackXCoAP: ParseServiceDiscover:[330] :new device join
06-06 14:43:30.394 3008 3075 E nStackXDFinder: GetLocalIp:[401] :GetLocalIp exec
06-06 14:43:30.405 3008 3075 D nStackXCoAP: IsInSameNetwork:[276] :IsInSameNetwork exec
06-06 14:43:30.405 3008 3075 I nStackXDFinder: GetLocalInterfaceDetail:[461] :GetLocalInterfaceDetail in
06-06 14:43:30.405 3008 3075 E nStackXCoAP: IsInSameNetwork:[281] :IsInSameNetwork: not priority process
06-06 14:43:30.405 3008 3075 D nStackXCoAP: ParseServiceDiscover:[330] :new device join
06-06 14:43:30.405 3008 3075 E nStackXDFinder: GetLocalIp:[401] :GetLocalIp exec
06-06 14:43:30.470 479 529 W IorapForwardingService: No service published for: iorapd
06-06 14:43:30.964 1164 1164 D bbb : onStartCommand begin !!!!!!! data分区剩余 24691MB
06-06 14:43:30.966 1121 1121 D aaa : LedStatusService onStartCommand begin
06-06 14:43:30.968 1121 3207 D aaa : topPkg is -------------- :com.dangbei.haqusetting
06-06 14:43:31.344 479 644 W HdmiCecController: Failed to send 40:90:02 with errorCode=1
06-06 14:43:31.473 479 529 W IorapForwardingService: No service published for: iorapd
06-06 14:43:32.411 659 659 E WifiHAL : wifi_get_link_stats: requestResponse Error:-5
06-06 14:43:32.413 479 606 E WifiVendorHal: getWifiLinkLayerStats_1_5_Internal(l.1191) failed {.code = ERROR_INVALID_ARGS, .description = }
06-06 14:43:32.475 479 529 W IorapForwardingService: No service published for: iorapd
06-06 14:43:33.476 479 529 W IorapForwardingService: No service published for: iorapd
06-06 14:43:34.479 479 529 W IorapForwardingService: No service published for: iorapd
06-06 14:43:35.427 659 659 E WifiHAL : wifi_get_link_stats: requestResponse Error:-5
06-06 14:43:35.429 479 606 E WifiVendorHal: getWifiLinkLayerStats_1_5_Internal(l.1191) failed {.code = ERROR_INVALID_ARGS, .description = }
06-06 14:43:35.482 479 529 W IorapForwardingService: No service published for: iorapd
06-06 14:43:36.101 1427 1557 I bt_btif_dm: system/bt/btif/src/btif_dm.cc:548 btif_update_remote_properties: cod from storage is also unclassified
06-06 14:43:36.109 1039 1039 E dangbei111: cccccc 检查遥控器是否连接: Dangbei E4:BB:D3:57:C0:22
06-06 14:43:36.112 1039 1039 E dangbei111: cccccc 检查遥控器是否连接: 蓝牙的结果 Dangbei E4:BB:D3:57:C0:22 true
06-06 14:43:36.113 1039 1039 E dangbei111: cccccc 确实有遥控器 存在 取消check任务
06-06 14:43:36.113 1039 1039 D BluetoothAdapter: isLeEnabled(): ON
06-06 14:43:36.120 1427 1624 I bt_stack: [INFO:gatt_api.cc(1042)] GATT_Deregister gatt_if=5
06-06 14:43:36.120 1039 1039 E dangbei111: cccccc rc is connected, stop scan =E4:BB:D3:57:C0:22
06-06 14:43:36.200 2874 2874 I cling--ap-2: type=1400 audit(0.0:1290): avc: denied { search } for name="net" dev="sysfs" ino=10442 scontext=u:r:platform_app:s0:c512,c768 tcontext=u:object_r:sysfs_net:s0 tclass=dir permissive=1 app=com.dangbei.screencast
06-06 14:43:36.564 348 348 E : Send upper Vendor Specific event.
06-06 14:43:36.484 479 529 W IorapForwardingService: No service published for: iorapd
06-06 14:43:37.036 1927 2052 D UtilLog : 日志批量上报 进行正常循环 !!!!!!本次有0次请求,共0条数据
06-06 14:43:37.374 3008 3075 D nStackXCoAP: IsInSameNetwork:[276] :IsInSameNetwork exec
06-06 14:43:37.374 3008 3075 I nStackXDFinder: GetLocalInterfaceDetail:[461] :GetLocalInterfaceDetail in
06-06 14:43:37.374 3008 3075 E nStackXCoAP: IsInSameNetwork:[281] :IsInSameNetwork: not priority process
06-06 14:43:37.374 3008 3075 D nStackXCoAP: ParseServiceDiscover:[330] :new device join
06-06 14:43:37.374 3008 3075 E nStackXDFinder: GetLocalIp:[401] :GetLocalIp exec
06-06 14:43:37.474 479 991 W ZramWriteback: Writeback device is not set
06-06 14:43:37.474 479 991 D ZramWriteback: wait to flush
06-06 14:43:37.486 479 529 W IorapForwardingService: No service published for: iorapd
06-06 14:43:37.699 2874 2943 I efs.base: wa upload succ, HttpResponse {succ=true, code=200, data='暂不支持该服务', extra={req_url=https://errlog.umeng.com/api/crashsdk/logcollect}}
06-06 14:43:38.163 1927 2051 I TDLog : [APP] New data found, Submitting...
06-06 14:43:38.172 1927 2051 I TDLog : [APP] Failed to submit data!
06-06 14:43:38.442 659 659 E WifiHAL : wifi_get_link_stats: requestResponse Error:-5
06-06 14:43:38.444 479 606 E WifiVendorHal: getWifiLinkLayerStats_1_5_Internal(l.1191) failed {.code = ERROR_INVALID_ARGS, .description = }
06-06 14:43:38.487 479 529 W IorapForwardingService: No service published for: iorapd
06-06 14:43:39.063 348 348 E : Send upper Vendor Specific event.
06-06 14:43:39.025 1164 1164 D bbb : onStartCommand begin !!!!!!! data分区剩余 24691MB
06-06 14:43:39.029 1121 1121 D aaa : LedStatusService onStartCommand begin
06-06 14:43:39.032 1121 3223 D aaa : topPkg is -------------- :com.dangbei.haqusetting
06-06 14:43:39.490 479 529 W IorapForwardingService: No service published for: iorapd
06-06 14:43:40.384 251 1619 E bt_upio : upio_set : /proc/bluetooth/sleep/btwrite(-1) incorrent
06-06 14:43:40.492 479 529 W IorapForwardingService: No service published for: iorapd
06-06 14:43:41.460 659 659 E WifiHAL : wifi_get_link_stats: requestResponse Error:-5
06-06 14:43:41.463 479 606 E WifiVendorHal: getWifiLinkLayerStats_1_5_Internal(l.1191) failed {.code = ERROR_INVALID_ARGS, .description = }
06-06 14:43:41.494 479 529 W IorapForwardingService: No service published for: iorapd
06-06 14:43:41.744 264 294 D hdmi-cec: receive invalid cec message!
06-06 14:43:41.745 264 294 D hdmi-cec: receive poll message [04], skip!
06-06 14:43:42.261 315 2585 D XM_HIDREAD: poll ret=1, event=1
06-06 14:43:42.262 315 2585 D XM_HIDREAD: [9 bytes]:01 00 00 4F 00 00 00 00 00
06-06 14:43:42.262 479 595 D TvWindowManager: key event key = KEYCODE_DPAD_RIGHT down = true
06-06 14:43:42.271 479 594 D GpioService: mFlickerEnable = true
06-06 14:43:42.271 247 2597 D audio_hw_primary: start_output_stream out->format : 0x00000000
06-06 14:43:42.271 247 2597 V audio_hw_primary: start_output_stream, line: 1503
06-06 14:43:42.271 247 2597 V audio_hw_primary: use AUDIO_HDMI to playback audio
06-06 14:43:42.271 247 2597 D audio_hw_primary: open card=3, port=0
06-06 14:43:42.271 247 2597 D audio_hw_primary: config:2 44100 960 2 0 5760 1 0
06-06 14:43:42.271 247 2597 D audio_hw_primary: set_raw_flag(card=3, raw_flag=1)
06-06 14:43:42.272 247 2597 D audio_hw_primary: set_raw_flag control_name = audio data format control_value PCM)
06-06 14:43:42.272 247 2597 V audio_hw_primary: do not use out resampler
06-06 14:43:42.272 2239 2239 I SogouIME: onKeyDown: keyoCode=22
06-06 14:43:42.272 2239 2239 I DefaultIMS: onKeyDown: keyoCode=22
06-06 14:43:42.294 285 455 D AudioFlinger: mixer(0xeb89b140) throttle end: throttle time(9)
06-06 14:43:42.406 315 2585 D XM_HIDREAD: poll ret=1, event=1
06-06 14:43:42.406 315 2585 D XM_HIDREAD: [9 bytes]:01 00 00 00 00 00 00 00 00
06-06 14:43:42.407 479 595 D TvWindowManager: key event key = KEYCODE_DPAD_RIGHT down = false
06-06 14:43:42.409 2239 2239 I SogouIME: onKeyUp: keyoCode=22
06-06 14:43:42.409 2239 2239 I DefaultIMS: onKeyUp: keyoCode=22
06-06 14:43:42.496 479 529 W IorapForwardingService: No service published for: iorapd
06-06 14:43:43.126 315 2585 D XM_HIDREAD: poll ret=1, event=1
06-06 14:43:43.126 315 2585 D XM_HIDREAD: [9 bytes]:01 00 00 29 00 00 00 00 00
06-06 14:43:43.127 479 595 D TvWindowManager: key event key = KEYCODE_BACK down = true
06-06 14:43:43.135 479 594 D GpioService: mFlickerEnable = true
06-06 14:43:43.277 479 594 D GpioService: mFlickerEnable = true
06-06 14:43:43.279 2239 2239 I SogouIME: onKeyDown: keyoCode=4
06-06 14:43:43.279 2239 2239 I DefaultIMS: onKeyDown: keyoCode=4
06-06 14:43:43.295 315 2585 D XM_HIDREAD: poll ret=1, event=1
06-06 14:43:43.295 315 2585 D XM_HIDREAD: [9 bytes]:01 00 00 00 00 00 00 00 00
06-06 14:43:43.296 479 595 D TvWindowManager: key event key = KEYCODE_BACK down = false
06-06 14:43:43.297 479 528 D AutofillManagerService: onBackKeyPressed()
06-06 14:43:43.300 2239 2239 I SogouIME: onKeyUp: keyoCode=4
06-06 14:43:43.300 2239 2239 I DefaultIMS: onKeyUp: keyoCode=4
06-06 14:43:43.304 3008 3075 D nStackXCoAP: IsInSameNetwork:[276] :IsInSameNetwork exec
06-06 14:43:43.304 3008 3075 I nStackXDFinder: GetLocalInterfaceDetail:[461] :GetLocalInterfaceDetail in
06-06 14:43:43.304 3008 3075 E nStackXCoAP: IsInSameNetwork:[281] :IsInSameNetwork: not priority process
06-06 14:43:43.304 3008 3075 D nStackXCoAP: ParseServiceDiscover:[330] :new device join
06-06 14:43:43.305 3008 3075 E nStackXDFinder: GetLocalIp:[401] :GetLocalIp exec
06-06 14:43:43.499 479 529 W IorapForwardingService: No service published for: iorapd
06-06 14:43:43.567 479 1284 I WifiService: startScan uid=1000
06-06 14:43:43.971 315 2585 D XM_HIDREAD: poll ret=1, event=1
06-06 14:43:43.971 315 2585 D XM_HIDREAD: [9 bytes]:01 00 00 51 00 00 00 00 00
06-06 14:43:43.971 479 595 D TvWindowManager: key event key = KEYCODE_DPAD_DOWN down = true
06-06 14:43:43.978 479 594 D GpioService: mFlickerEnable = true
06-06 14:43:44.106 315 2585 D XM_HIDREAD: poll ret=1, event=1
06-06 14:43:44.106 315 2585 D XM_HIDREAD: [9 bytes]:01 00 00 00 00 00 00 00 00
06-06 14:43:44.106 479 595 D TvWindowManager: key event key = KEYCODE_DPAD_DOWN down = false
06-06 14:43:44.122 479 594 D GpioService: mFlickerEnable = true
06-06 14:43:44.123 2239 2239 I SogouIME: onKeyDown: keyoCode=20
06-06 14:43:44.123 2239 2239 I DefaultIMS: onKeyDown: keyoCode=20
06-06 14:43:44.128 2239 2239 I SogouIME: onKeyUp: keyoCode=20
06-06 14:43:44.128 2239 2239 I DefaultIMS: onKeyUp: keyoCode=20
06-06 14:43:44.151 2239 2239 I DefaultIMS: onStartInput attribute=android.view.inputmethod.EditorInfo@7d9ed54 restarting=false inputType: 0
06-06 14:43:44.473 659 659 E WifiHAL : wifi_get_link_stats: requestResponse Error:-5
06-06 14:43:44.476 479 606 E WifiVendorHal: getWifiLinkLayerStats_1_5_Internal(l.1191) failed {.code = ERROR_INVALID_ARGS, .description = }
06-06 14:43:44.501 479 529 W IorapForwardingService: No service published for: iorapd
06-06 14:43:44.792 315 2585 D XM_HIDREAD: poll ret=1, event=1
06-06 14:43:44.792 315 2585 D XM_HIDREAD: [9 bytes]:01 00 00 52 00 00 00 00 00
06-06 14:43:44.792 479 595 D TvWindowManager: key event key = KEYCODE_DPAD_UP down = true
06-06 14:43:44.802 479 594 D GpioService: mFlickerEnable = true
06-06 14:43:44.803 2239 2239 I SogouIME: onKeyDown: keyoCode=19
06-06 14:43:44.803 2239 2239 I DefaultIMS: onKeyDown: keyoCode=19
06-06 14:43:44.832 2239 2239 I DefaultIMS: onStartInput attribute=android.view.inputmethod.EditorInfo@111d4fd restarting=false inputType: 0
06-06 14:43:44.915 315 2585 D XM_HIDREAD: poll ret=1, event=1
06-06 14:43:44.915 315 2585 D XM_HIDREAD: [9 bytes]:01 00 00 00 00 00 00 00 00
06-06 14:43:44.916 479 595 D TvWindowManager: key event key = KEYCODE_DPAD_UP down = false
06-06 14:43:44.919 2239 2239 I SogouIME: onKeyUp: keyoCode=19
06-06 14:43:44.919 2239 2239 I DefaultIMS: onKeyUp: keyoCode=19
06-06 14:43:44.933 3008 3075 D nStackXCoAP: IsInSameNetwork:[276] :IsInSameNetwork exec
06-06 14:43:44.933 3008 3075 I nStackXDFinder: GetLocalInterfaceDetail:[461] :GetLocalInterfaceDetail in
06-06 14:43:44.933 3008 3075 E nStackXCoAP: IsInSameNetwork:[281] :IsInSameNetwork: not priority process
06-06 14:43:44.933 3008 3075 D nStackXCoAP: ParseServiceDiscover:[330] :new device join
06-06 14:43:44.933 3008 3075 E nStackXDFinder: GetLocalIp:[401] :GetLocalIp exec
06-06 14:43:45.017 315 2585 D XM_HIDREAD: poll ret=1, event=1
06-06 14:43:45.017 315 2585 D XM_HIDREAD: [9 bytes]:01 00 00 52 00 00 00 00 00
06-06 14:43:45.017 479 595 D TvWindowManager: key event key = KEYCODE_DPAD_UP down = true
06-06 14:43:45.022 479 594 D GpioService: mFlickerEnable = true
06-06 14:43:45.024 2239 2239 I SogouIME: onKeyDown: keyoCode=19
06-06 14:43:45.024 2239 2239 I DefaultIMS: onKeyDown: keyoCode=19
06-06 14:43:45.049 2239 2239 I DefaultIMS: onStartInput attribute=android.view.inputmethod.EditorInfo@c2af5f2 restarting=false inputType: 0
06-06 14:43:45.106 315 2585 D XM_HIDREAD: poll ret=1, event=1
06-06 14:43:45.106 315 2585 D XM_HIDREAD: [9 bytes]:01 00 00 00 00 00 00 00 00
06-06 14:43:45.107 479 595 D TvWindowManager: key event key = KEYCODE_DPAD_UP down = false
06-06 14:43:45.108 2239 2239 I SogouIME: onKeyUp: keyoCode=19
06-06 14:43:45.109 2239 2239 I DefaultIMS: onKeyUp: keyoCode=19
06-06 14:43:45.389 315 2585 D XM_HIDREAD: poll ret=1, event=1
06-06 14:43:45.389 315 2585 D XM_HIDREAD: [9 bytes]:01 00 00 28 00 00 00 00 00
06-06 14:43:45.389 479 595 D TvWindowManager: key event key = KEYCODE_DPAD_CENTER down = true
06-06 14:43:45.398 479 594 D GpioService: mFlickerEnable = true
06-06 14:43:45.409 479 1284 D WifiNl80211Manager: Scan result ready event
06-06 14:43:45.409 479 1284 D WifiNative: Scan result ready event
06-06 14:43:45.466 479 610 D WificondScannerImpl: Filtering out 14 scan results.
06-06 14:43:45.487 2621 2678 E ccc : cccccc SCAN_RESULTS_AVAILABLE_ACTION hhhh
06-06 14:43:45.488 1095 1095 E hq : NetWorkStateReceiver:::NetWorkStateReceiver onReceive: 网络变化广播 >>>> intent.action=android.net.wifi.SCAN_RESULTS
06-06 14:43:45.500 659 659 E WifiHAL : wifi_get_link_stats: requestResponse Error:-5
06-06 14:43:45.501 479 606 E WifiVendorHal: getWifiLinkLayerStats_1_5_Internal(l.1191) failed {.code = ERROR_INVALID_ARGS, .description = }
06-06 14:43:45.503 479 529 W IorapForwardingService: No service published for: iorapd
06-06 14:43:45.531 1095 1095 W eventbuscore: post Event:com.dangbei.leard.base.entity.event.NetWifiRssiEvent
06-06 14:43:45.534 315 2585 D XM_HIDREAD: poll ret=1, event=1
06-06 14:43:45.534 315 2585 D XM_HIDREAD: [9 bytes]:01 00 00 00 00 00 00 00 00
06-06 14:43:45.534 479 595 D TvWindowManager: key event key = KEYCODE_DPAD_CENTER down = false
06-06 14:43:45.539 479 594 D GpioService: mFlickerEnable = true
06-06 14:43:45.540 2239 2239 I SogouIME: onKeyDown: keyoCode=23
06-06 14:43:45.540 2239 2239 I DefaultIMS: onKeyDown: keyoCode=23
06-06 14:43:45.542 2239 2239 I SogouIME: onKeyUp: keyoCode=23
06-06 14:43:45.543 2239 2239 I DefaultIMS: onKeyUp: keyoCode=23
06-06 14:43:45.559 2621 3225 E xxxxxxxxxxxxx: ====>DZOH58251942749
06-06 14:43:45.570 2621 3225 D getEthernetMacAddr: getEthernetMacAddr use eth0
06-06 14:43:45.556 2621 2621 I RxCachedThreadS: type=1400 audit(0.0:1291): avc: denied { read } for name="u:object_r:serialno_prop:s0" dev="tmpfs" ino=6480 scontext=u:r:system_app:s0 tcontext=u:object_r:serialno_prop:s0 tclass=file permissive=1
06-06 14:43:45.603 285 455 D AudioFlinger: mixer(0xeb89b140) throttle end: throttle time(7)
06-06 14:43:45.607 2239 2239 I DefaultIMS: onStartInput attribute=android.view.inputmethod.EditorInfo@66a443 restarting=false inputType: 0
06-06 14:43:45.556 2621 2621 I RxCachedThreadS: type=1400 audit(0.0:1292): avc: denied { open } for path="/dev/__properties__/u:object_r:serialno_prop:s0" dev="tmpfs" ino=6480 scontext=u:r:system_app:s0 tcontext=u:object_r:serialno_prop:s0 tclass=file permissive=1
06-06 14:43:45.556 2621 2621 I RxCachedThreadS: type=1400 audit(0.0:1293): avc: denied { getattr } for path="/dev/__properties__/u:object_r:serialno_prop:s0" dev="tmpfs" ino=6480 scontext=u:r:system_app:s0 tcontext=u:object_r:serialno_prop:s0 tclass=file permissive=1
06-06 14:43:45.556 2621 2621 I RxCachedThreadS: type=1400 audit(0.0:1294): avc: denied { map } for path="/dev/__properties__/u:object_r:serialno_prop:s0" dev="tmpfs" ino=6480 scontext=u:r:system_app:s0 tcontext=u:object_r:serialno_prop:s0 tclass=file permissive=1
06-06 14:43:45.564 2621 2621 I RxCachedThreadS: type=1400 audit(0.0:1295): avc: denied { read } for name="address" dev="sysfs" ino=27403 scontext=u:r:system_app:s0 tcontext=u:object_r:sysfs:s0 tclass=file permissive=1
06-06 14:43:45.564 2621 2621 I RxCachedThreadS: type=1400 audit(0.0:1296): avc: denied { open } for path="/sys/devices/platform/unisoc_wifi/net/wlan1/address" dev="sysfs" ino=27403 scontext=u:r:system_app:s0 tcontext=u:object_r:sysfs:s0 tclass=file permissive=1
06-06 14:43:45.564 2621 2621 I RxCachedThreadS: type=1400 audit(0.0:1297): avc: denied { getattr } for path="/sys/devices/platform/unisoc_wifi/net/wlan1/address" dev="sysfs" ino=27403 scontext=u:r:system_app:s0 tcontext=u:object_r:sysfs:s0 tclass=file permissive=1
06-06 14:43:45.777 2239 2239 I DefaultIMS: onStartInput attribute=android.view.inputmethod.EditorInfo@928ac0 restarting=false inputType: 0
06-06 14:43:46.102 3106 3106 W audit : audit_lost=730 audit_rate_limit=5 audit_backlog_limit=64
06-06 14:43:46.111 3106 3106 E audit : rate limit exceeded
06-06 14:43:46.118 2874 2883 I gbei.screencas: Background concurrent copying GC freed 64663(6608KB) AllocSpace objects, 0(0B) LOS objects, 49% free, 6282KB/12MB, paused 214us total 154.006ms
06-06 14:43:46.504 479 529 W IorapForwardingService: No service published for: iorapd
06-06 14:43:47.034 1927 2052 D UtilLog : 日志批量上报 进行正常循环 !!!!!!本次有0次请求,共0条数据
06-06 14:43:47.044 1121 1121 D aaa : LedStatusService onStartCommand begin
06-06 14:43:47.045 1121 3234 D aaa : topPkg is -------------- :com.dangbei.haqusetting
