06-06 14:41:25.232 2138 2268 I efs.config: {"msg":"成功","code":0,"cip":"127.0.0.1","config":{"common":{"updateInteval":480,"gate_way_https":true},"sign":"f3NTUA1FdFZea14RAA==","app_configs":[{"conditions":[{"val":"0.0.0.0","opc":">=","fld":"ver"}],"actions":[{"opt":"apm_netperf_state","set":100},{"opt":"apm_netperf_day_limit","set":100},{"opt":"apm_netperf_res_bd_state","set":100},{"opt":"apm_oom_state","set":0},{"opt":"apm_netperf_data_rate","set":10},{"opt":"apm_native_h5perf_sampling_rate","set":5},{"opt":"apm_netperf_req_hd_state","set":100},{"opt":"apm_netperf_sampling_rate","set":1},{"opt":"flutter_dart_exception_max_count","set":20},{"opt":"flutter_pv_sampling_rate","set":5},{"opt":"apm_netperf_res_hd_state","set":100},{"opt":"flutter_page_state","set":100},{"opt":"flutter_page_rate","set":5},{"opt":"apm_memperf_sampling_rate","set":0},{"opt":"apm_crash_user_upload_type","set":1},{"opt":"apm_memperf_collect_max_period_sec","set":600},{"opt":"apm_crash_user_max_count","set":20},{"opt":"apm_netperf_bd_state","set":100},{"opt":"apm_native_h5_state","set":0},{"opt":"apm_mem_state","set":0},{"opt":"flutter_dart_exception_state","set":100},{"opt":"flutter_pv_max_count","set":200},{"opt":"apm_memperf_collect_interval","set":5},{"opt":"apm_flutter_state","set":100},{"opt":"apm_patrace_switch_rate","set":5},{"opt":"record_accumulation_time","set":60},{"opt":"apm_net_state","set":0},{"opt":"apm_startperf_sampling_rate","set":5},{"opt":"apm_oom_sampling_rate","set":5}]}]},"stm":1749192085,"cver":1735614866}
06-06 14:41:25.232 2138 2306 I efs.base: lt=event`ev_ct=efs_core`ev_ac=config_coverage`tm=2025-06-06 14:41:23`dn=3189d86b-b94a-49b2-9e0e-15bd4c197496`ps=com.dangbei.screencast`um_os=android`stime=1749192078818`pid=2138`fr=android`pkg=com.dangbei.screencast`cver=1735614866`vcode=20830`dsp_w=1920`uid=3189d86b-b94a-49b2-9e0e-15bd4c197496`rom=12`wid=3189d86b-b94a-49b2-9e0e-15bd4c197496`um_app_carrier=`um_access=wifi`um_app_channel=os`um_crash_sdk_version=1.4.0`ctime=1749192085`model=dbbox-a2`lang=zh`net=wifi`brand=dangbei`dsp_h=1080`um_network_type=0`ver=v2.8.3`build_model=DBBOX-A2`w_tm=1749192085`appid=5fc60c21094d637f3130af19`um_umid_header=ai02165bf432552744db2ff8059ea878c7`sdk=31`tzone=Asia/Shanghai`sdk_ver=1.3.6.umeng
06-06 14:41:25.236 2138 2268 I efs.config: efs config is {"msg":"成功","code":0,"cip":"127.0.0.1","config":{"common":{"updateInteval":480,"gate_way_https":true},"sign":"f3NTUA1FdFZea14RAA==","app_configs":[{"conditions":[{"val":"0.0.0.0","opc":">=","fld":"ver"}],"actions":[{"opt":"apm_netperf_state","set":100},{"opt":"apm_netperf_day_limit","set":100},{"opt":"apm_netperf_res_bd_state","set":100},{"opt":"apm_oom_state","set":0},{"opt":"apm_netperf_data_rate","set":10},{"opt":"apm_native_h5perf_sampling_rate","set":5},{"opt":"apm_netperf_req_hd_state","set":100},{"opt":"apm_netperf_sampling_rate","set":1},{"opt":"flutter_dart_exception_max_count","set":20},{"opt":"flutter_pv_sampling_rate","set":5},{"opt":"apm_netperf_res_hd_state","set":100},{"opt":"flutter_page_state","set":100},{"opt":"flutter_page_rate","set":5},{"opt":"apm_memperf_sampling_rate","set":0},{"opt":"apm_crash_user_upload_type","set":1},{"opt":"apm_memperf_collect_max_period_sec","set":600},{"opt":"apm_crash_user_max_count","set":20},{"opt":"apm_netperf_bd_state","set":100},{"opt":"apm_native_h5_state","set":0},{"opt":"apm_mem_state","set":0},{"opt":"flutter_dart_exception_state","set":100},{"opt":"flutter_pv_max_count","set":200},{"opt":"apm_memperf_collect_interval","set":5},{"opt":"apm_flutter_state","set":100},{"opt":"apm_patrace_switch_rate","set":5},{"opt":"record_accumulation_time","set":60},{"opt":"apm_net_state","set":0},{"opt":"apm_startperf_sampling_rate","set":5},{"opt":"apm_oom_sampling_rate","set":5}]}]},"stm":1749192085,"cver":1735614866}
06-06 14:41:25.239 2138 2268 E efs.config: updateConfigCond error
06-06 14:41:25.239 2138 2268 E efs.config: java.lang.NumberFormatException: For input string: "v2"
06-06 14:41:25.239 2138 2268 E efs.config: at java.lang.Integer.parseInt(Integer.java:615)
06-06 14:41:25.239 2138 2268 E efs.config: at java.lang.Integer.parseInt(Integer.java:650)
06-06 14:41:25.239 2138 2268 E efs.config: at com.efs.sdk.base.core.config.a.d.a(Unknown Source:33)
06-06 14:41:25.239 2138 2268 E efs.config: at com.efs.sdk.base.core.config.a.d.a(Unknown Source:8)
06-06 14:41:25.239 2138 2268 E efs.config: at com.efs.sdk.base.core.config.a.d.a(Unknown Source:404)
06-06 14:41:25.239 2138 2268 E efs.config: at com.efs.sdk.base.core.config.a.d.a(Unknown Source:129)
06-06 14:41:25.239 2138 2268 E efs.config: at com.efs.sdk.base.core.config.a.c.a(Unknown Source:4)
06-06 14:41:25.239 2138 2268 E efs.config: at com.efs.sdk.base.core.config.a.c.e(Unknown Source:53)
06-06 14:41:25.239 2138 2268 E efs.config: at com.efs.sdk.base.core.config.a.c.handleMessage(Unknown Source:105)
06-06 14:41:25.239 2138 2268 E efs.config: at android.os.Handler.dispatchMessage(Handler.java:102)
06-06 14:41:25.239 2138 2268 E efs.config: at android.os.Looper.loopOnce(Looper.java:201)
06-06 14:41:25.239 2138 2268 E efs.config: at android.os.Looper.loop(Looper.java:288)
06-06 14:41:25.239 2138 2268 E efs.config: at android.os.HandlerThread.run(HandlerThread.java:67)
06-06 14:41:25.242 2453 2485 D crashsdk: Native log stat thread 2485 setup, waiting
06-06 14:41:25.247 2453 2474 I crashsdk: begin hack android.os.Process
06-06 14:41:25.247 2453 2474 I crashsdk: end hack android.os.Process
06-06 14:41:25.220 2453 2453 I awei.connection: type=1400 audit(0.0:1131): avc: denied { search } for name="net" dev="sysfs" ino=10442 scontext=u:r:platform_app:s0:c512,c768 tcontext=u:object_r:sysfs_net:s0 tclass=dir permissive=1 app=com.dangbei.screencast
06-06 14:41:25.413 2453 2453 W audit : audit_lost=667 audit_rate_limit=5 audit_backlog_limit=64
06-06 14:41:25.440 2453 2453 E audit : rate limit exceeded
06-06 14:41:25.273 2453 2488 W efs.send_log: tryFileLock start!
06-06 14:41:25.277 2453 2488 I efs.config: --->>> 删除旧的配置文件 false
06-06 14:41:25.279 2453 2494 I efs.base: lt=event`ev_ct=efs_core`ev_ac=pvuv`tm=2025-06-06 14:41:27`dn=3189d86b-b94a-49b2-9e0e-15bd4c197496`ps=com.huawei.connection`um_os=android`stime=1749192085045`pid=2453`fr=android`pkg=com.dangbei.screencast`vcode=20830`dsp_w=1920`uid=3189d86b-b94a-49b2-9e0e-15bd4c197496`rom=12`wid=3189d86b-b94a-49b2-9e0e-15bd4c197496`um_app_carrier=`um_access=wifi`um_app_channel=os`um_crash_sdk_version=1.4.0`ctime=1749192085`model=dbbox-a2`lang=zh`net=wifi`brand=dangbei`dsp_h=1080`um_network_type=0`ver=v2.8.3`build_model=DBBOX-A2`w_tm=1749192085`appid=5fc60c21094d637f3130af19`um_umid_header=ai02165bf432552744db2ff8059ea878c7`sdk=31`tzone=Asia/Shanghai`sdk_ver=1.3.6.umeng
06-06 14:41:25.286 2453 2488 I efs.config: current config version (-1) is older than another (1735614866)
06-06 14:41:25.286 2453 2488 I efs.config: load config from storage and notify observer
06-06 14:41:25.220 2453 2453 I awei.connection: type=1400 audit(0.0:1132): avc: denied { read } for name="address" dev="sysfs" ino=16906 scontext=u:r:platform_app:s0:c512,c768 tcontext=u:object_r:sysfs_net:s0 tclass=file permissive=1 app=com.dangbei.screencast
06-06 14:41:25.289 2453 2474 I Matrix.AnrTracer: anrTrace, final mAnrBeatTime:400, mAnrBeatRate:400
06-06 14:41:25.292 2453 2474 E LaunchManager: Non main process !
06-06 14:41:25.293 2453 2474 W System.err: java.lang.NullPointerException: Attempt to invoke virtual method 'boolean com.efs.sdk.launch.LaunchConfigManager.enableTracer()' on a null object reference
06-06 14:41:25.293 2453 2474 W System.err: at com.umeng.umcrash.UMCrash.init(Unknown Source:403)
06-06 14:41:25.293 2453 2474 W System.err: at java.lang.reflect.Method.invoke(Native Method)
06-06 14:41:25.293 2453 2474 W System.err: at com.umeng.commonsdk.UMConfigure.init(Unknown Source:811)
06-06 14:41:25.293 2453 2474 W System.err: at b.f.f.b.a(:4)
06-06 14:41:25.293 2453 2474 W System.err: at h.o.a.run(Unknown Source:2)
06-06 14:41:25.220 2453 2453 I awei.connection: type=1400 audit(0.0:1133): avc: denied { open } for path="/sys/devices/virtual/net/dummy0/address" dev="sysfs" ino=16906 scontext=u:r:platform_app:s0:c512,c768 tcontext=u:object_r:sysfs_net:s0 tclass=file permissive=1 app=com.dangbei.screencast
06-06 14:41:25.220 2453 2453 I CrashSDKBkgdHan: type=1400 audit(0.0:1134): avc: denied { search } for name="com.dangbei.screencast" dev="mmcblk0p25" ino=905 scontext=u:r:platform_app:s0:c512,c768 tcontext=u:object_r:app_data_file:s0:c512,c768 tclass=dir permissive=1 app=com.dangbei.screencast
06-06 14:41:25.353 2453 2453 I TDLog : setReportUncaughtExceptions: true
06-06 14:41:25.354 2453 2453 E Application: onCreate:Version:v2.8.3/20830/883432e
06-06 14:41:25.368 2453 2453 D NearFieldManagerService: NearFieldManagerService.
06-06 14:41:25.369 2453 2453 D NearFieldManagerService: onCreate, enter.
06-06 14:41:25.369 479 2114 W ServiceManager: Permission failure: android.permission.HIGH_SAMPLING_RATE_SENSORS from uid=10024 pid=2453
06-06 14:41:25.370 2453 2453 I NearFieldManagerService: onBind, enter.
06-06 14:41:25.370 2453 2453 D NearFieldManagerService: initService
06-06 14:41:25.370 2453 2453 D NearFieldManagerService: NearField starting...
06-06 14:41:25.371 2453 2453 D NearFieldUtils: checkSystemProperty in
06-06 14:41:25.371 2453 2475 I TDLog : TalkingData SDK init...
06-06 14:41:25.371 2453 2475 I TDLog : SDK_VERSION is: Android+TD+V5.0.7 gp Type:Native Build_Num:2141
06-06 14:41:25.371 2453 2475 I TDLog : App ID is: B9D7815EC975466AB1332111FCE62DF5
06-06 14:41:25.371 2453 2475 I TDLog : App Channel is: os
06-06 14:41:25.371 2453 2475 I TDLog : App Custom is:
06-06 14:41:25.371 2453 2475 I TDLog : SDK_OVC is: TDOVC+a3bb7754719798526508b6caad480dd7+SaaS
06-06 14:41:25.372 2453 2453 D NearFieldUtils: checkSystemProperty: systemProperties:
06-06 14:41:25.372 2453 2453 E NearFieldUtils: validProperty: priority is null
06-06 14:41:25.375 2138 2138 D NearFieldManager: service connected.
06-06 14:41:25.376 2138 2138 D HiSight-Discovery: eventId: 4001
06-06 14:41:25.376 2138 2452 D HiSight-Discovery: msg 4001
06-06 14:41:25.376 2138 2452 D HiSight-Discovery: bind success, status Ready
06-06 14:41:25.376 2138 2452 D HiSight-Discovery: startAdvertise 2
06-06 14:41:25.376 2138 2452 D HiSight-Discovery: stopAdvertise.
06-06 14:41:25.376 2138 2452 D HiSight-Discovery: nearFieldStartListen deviceType 46
06-06 14:41:25.377 2453 2468 I NearFieldManagerImpl: setDeviceInfo, sDeviceId changes
06-06 14:41:25.377 2453 2468 I NearFieldManagerImpl: setDeviceInfo, sDeviceName changes
06-06 14:41:25.377 2453 2468 D NearFieldManagerImpl: setServiceData, sServiceData=[], serviceData=[32]
06-06 14:41:25.378 2138 2452 E NearFieldManager: setIdnNetworkPriority: networkPortPriority is empty
06-06 14:41:25.378 2138 2452 D NearFieldManager: StartListen moduleId: CastPlusDiscoveryModule
06-06 14:41:25.378 2453 2468 D NearFieldManagerImpl: startListen: moduleId: CastPlusDiscoveryModule
06-06 14:41:25.378 2453 2468 D NearFieldUtils: getPreferredIpAddress exec
06-06 14:41:25.378 2453 2468 D NearFieldUtils: getPreferredIpAddress by custom priority
06-06 14:41:25.378 2453 2468 D NearFieldUtils: getIpByInterfaceSetting customIdnNetworkPriority:[]
06-06 14:41:25.378 2453 2468 D NearFieldUtils: getPreferredIpAddress by default priority
06-06 14:41:25.395 2453 2453 I crashsdk: Catcher mask: 5000, 20480
06-06 14:41:25.396 2453 2453 I crashsdk: Catcher thread 2458
06-06 14:41:25.397 2453 2453 D crashsdk: Register ANR handler ...
06-06 14:41:25.397 2453 2453 D NearFieldManagerImpl: onReceive action get:android.net.conn.CONNECTIVITY_CHANGE
06-06 14:41:25.398 2453 2494 W efs.info.manager: network change: wifi
06-06 14:41:25.398 2453 2453 D NearFieldUtils: getPreferredIpAddress exec
06-06 14:41:25.398 2453 2453 D NearFieldUtils: getPreferredIpAddress by custom priority
06-06 14:41:25.399 2453 2453 D NearFieldUtils: getIpByInterfaceSetting customIdnNetworkPriority:[]
06-06 14:41:25.399 2453 2453 D NearFieldUtils: getPreferredIpAddress by default priority
06-06 14:41:25.583 1081 1081 E sprdwl : sprdwl_rx_rsp_process ctx_id 0 recv rsp[WIFI_CMD_TX_DATA] status[SPRDWL_CMD_STATUS_ERROR]
06-06 14:41:25.434 2453 2453 D NearFieldUtils: to get wlan0 ip address
06-06 14:41:25.434 2453 2453 D NearFieldUtils: get wlan0 IP succeed.
06-06 14:41:25.435 2453 2453 E NearFieldManagerImpl: notifyByPriority: interfaceNameInUse is null
06-06 14:41:25.435 2453 2453 D NearFieldManagerImpl: handleConnectivityAction: notified by default
06-06 14:41:25.608 1081 1081 E sprdwl : sprdwl_rx_rsp_process ctx_id 0 recv rsp[WIFI_CMD_TX_DATA] status[SPRDWL_CMD_STATUS_ERROR]
06-06 14:41:25.447 2453 2468 D NearFieldUtils: to get wlan0 ip address
06-06 14:41:25.447 2453 2468 D NearFieldUtils: get wlan0 IP succeed.
06-06 14:41:25.448 2453 2468 D NearFieldManagerImpl: sDeviceType: 46
06-06 14:41:25.448 2453 2468 D NearFieldManagerImpl: registerDevice() is called.
06-06 14:41:25.448 2453 2468 E NearFieldManagerUtilsNative: Begin System.loadLibrary()
06-06 14:41:25.451 2453 2453 D NearFieldUtils: to get wlan0 ip address
06-06 14:41:25.452 2453 2453 D NearFieldUtils: get wlan0 IP succeed.
06-06 14:41:25.452 2453 2453 I NearFieldManagerImpl: wlan Connected
06-06 14:41:25.476 2453 2468 I HicomNfTimerManager: epoll fd:130 create success
06-06 14:41:25.476 2453 2468 I HicomNfTimerManager: epoll add fd:132--->130 success
06-06 14:41:25.477 2453 2468 I HicomNfTimerManager: time fd:132 add to epoll success
06-06 14:41:25.646 1081 1081 E sprdwl : sprdwl_rx_rsp_process ctx_id 0 recv rsp[WIFI_CMD_TX_DATA] status[SPRDWL_CMD_STATUS_ERROR]
06-06 14:41:25.486 2453 2453 I HicomNf_java_to_c: notifyNetworkStateChanged with maskStr, networkType: 0, networkState: 0, mask:
06-06 14:41:25.486 2453 2468 D nStackXDFinder: NSTACKX_Init:[146] :nstack ctrl creat epollfd 133
06-06 14:41:25.486 2453 2453 I HicomNfMainCtrlManager: NotifyNetworkStateChanged is called with networkState: 0
06-06 14:41:25.486 2453 2453 I HicomNfMainCtrlManager: P2P and USB are both disconnected
06-06 14:41:25.487 2453 2468 I nStackXDFinder: InitDefaultInterfaceName:[779] :InitDefaultInterfaceName exec
06-06 14:41:25.487 2453 2468 D nStackXCoAP: CoapServerInit:[174] :CoapServerInit is called
06-06 14:41:25.487 2453 2468 E nStackXDFinder: GetLocalIp:[401] :GetLocalIp exec
06-06 14:41:25.487 2453 2468 E nStackXDFinder: GetLocalIp:[407] :GetLocalIp, ifInfo is null
06-06 14:41:25.487 2453 2453 I HicomNfSecureManager: stop listening
06-06 14:41:25.487 2453 2453 I HicomNfSecureManager: StopListening, m_sessionInfoLock out, before calling NSTACKX_DMsgClose 2
06-06 14:41:25.487 2453 2453 I HicomNfSecureManager: StopListening, after calling NSTACKX_DMsgClose 2
06-06 14:41:25.487 2453 2468 I HicomNfMainCtrlManager: NSTACKX_RegisterDevice is called
06-06 14:41:25.487 2453 2468 D NearFieldManagerImpl: Register device success.
06-06 14:41:25.487 2453 2468 I NearFieldManagerImpl: serviceName is castPlus
06-06 14:41:25.488 2453 2468 D NearFieldManagerImpl: registerCapability() called with: capabilityBitmapNum = 1, capabilityBitmap = [8]
06-06 14:41:25.488 2453 2468 I HicomNf_java_to_c: registerCapability, capabilityBitmapNum: 1
06-06 14:41:25.488 2453 2468 I HicomNfMainCtrlManager: RegisterCapability: 1, 8
06-06 14:41:25.488 2453 2468 D NearFieldManagerImpl: Register capability succeed with capabilityBitmapNum = 1, capabilityBitmap = [8]
06-06 14:41:25.488 2453 2468 D NearFieldManagerImpl: registerServiceData() called with: serviceData = 32
06-06 14:41:25.488 2453 2468 D NearFieldManagerImpl: registerModule() called with: packageModuleName = com.huawei.connection+CastPlusDiscoveryModule
06-06 14:41:25.489 2453 2468 I HicomNf_java_to_c: registerModule, moduleName: com.huawei.connection+CastPlusDiscoveryModule
06-06 14:41:25.489 2453 2468 I HicomNfMainCtrlManager: Enter RegisterModule
06-06 14:41:25.489 2453 2468 I HicomNfRegManager: RegisterModule OK, add module name com.huawei.connection+CastPlusDiscoveryModule
06-06 14:41:25.490 2138 2452 I Hisight-DeviceListManager: init DeviceListManager.
06-06 14:41:25.495 2453 2522 I nStackXDFinder: UpdateLocalNetworkInterface:[472] :UpdateLocalNetworkInterface exec,initerfaceName:wlan0
06-06 14:41:25.498 2453 2522 E nStackXDFinder: GetLocalIp:[401] :GetLocalIp exec
06-06 14:41:25.498 2453 2522 E nStackXDFinder: GetLocalIp:[407] :GetLocalIp, ifInfo is null
06-06 14:41:25.663 1081 1081 E sprdwl : sprdwl_rx_rsp_process ctx_id 0 recv rsp[WIFI_CMD_TX_DATA] status[SPRDWL_CMD_STATUS_ERROR]
06-06 14:41:25.498 2453 2522 I nStackXDFinder: UpdateLocalNetworkInterface:[498] :UpdateLocalNetworkInterface copy ip value in default process
06-06 14:41:25.498 2453 2522 E nStackXDFinder: GetLocalIp:[401] :GetLocalIp exec
06-06 14:41:25.498 2453 2522 D nStackXCoAP: CoapServerInit:[174] :CoapServerInit is called
06-06 14:41:25.498 2453 2522 E nStackXDFinder: GetLocalIp:[401] :GetLocalIp exec
06-06 14:41:25.499 2453 2522 I nStackXUtil: BindToDevice:[352] :BindToDevice exec
06-06 14:41:25.499 2453 2522 I nStackXUtil: GetInterfaceByPriority:[279] :GetInterfaceByPriority exec
06-06 14:41:25.499 2453 2522 I nStackXUtil: GetInterfaceByDefault:[309] :GetInterfaceByDefault exec
06-06 14:41:25.499 2453 2522 I nStackXUtil: GetInterfaceByDefault:[316] :GetInterfaceByDefault, ndevice name: lo
06-06 14:41:25.499 2453 2522 I nStackXUtil: GetInterfaceByDefault:[316] :GetInterfaceByDefault, ndevice name: wlan0
06-06 14:41:25.499 2453 2522 I nStackXUtil: BindToDevice:[374] :BindToDevice, Bind localAddr name: wlan0
06-06 14:41:25.500 2453 2522 E nStackXUtil: BindToDeviceInner:[188] :setsockopt fail, errno = 1
06-06 14:41:25.500 2453 2522 E nStackXCoAP: CoapGetContext:[250] :bind to device fail
06-06 14:41:25.500 2453 2522 D nStackXCoAP: CoapInitResources:[744] :CoapInitResources g_wlanOrEthContext update
06-06 14:41:25.500 2453 2522 I nStackXDFinder: RegisterServiceData:[728] :RegisterServiceData, serviceData=[32]
06-06 14:41:25.501 2453 2453 I HicomNf_java_to_c: notifyNetworkStateChanged with maskStr, networkType: 0, networkState: 1, mask: 255.255.254.0
06-06 14:41:25.502 2453 2453 I HicomNfMainCtrlManager: NotifyNetworkStateChanged is called with networkState: 1
06-06 14:41:25.502 2453 2453 I HicomNfSecureManager: StartListening, before calling NSTACKX_DMsgServer
06-06 14:41:25.502 2453 2453 I nStackXDMsg: NSTACKX_DMsgServer:[1335] :msgReceiver is not NULL
06-06 14:41:25.502 2453 2453 D nStackXDMsg: StartDMsgMainThread:[1274] :pthread_create
06-06 14:41:25.503 2453 2453 I HicomNfSecureManager: StartListening, after calling NSTACKX_DMsgServer
06-06 14:41:25.503 2453 2453 I HicomNfSecureManager: OnehopSecureCtrlManager: succeeded to StartListening with type 0
06-06 14:41:25.508 2138 2452 D Hisight-DeviceListManager: get old secret key
06-06 14:41:25.518 2138 2452 E Hisight-ConnectAuthCallBack: readSecureFile failed, no such file
06-06 14:41:25.518 2138 2452 W Hisight-DeviceListManager: deviceRecords is empty
06-06 14:41:25.518 2138 2452 W Hisight-DeviceListManager: occur error, clear all the list
06-06 14:41:25.519 2138 2452 D Hisight-HiChainAuthControl: start HiChainAuthControl
06-06 14:41:25.528 2138 2452 I ConnectAuthJNI: JNI_OnLoad begin load
06-06 14:41:25.528 2138 2452 I ConnectAuthJNI: RegisterNativeMethod begin
06-06 14:41:25.529 2138 2452 I ConnectAuthJNI: RegisterNativeMethod end
06-06 14:41:25.529 2138 2452 I ConnectAuthJNI: RegisterNativeMethod 1004 methodLen=10
06-06 14:41:25.529 2138 2452 I ConnectAuthJNI: RegisterNativeMethod 1007 RegisterNatives=0
06-06 14:41:25.529 2138 2452 I ConnectAuthJNI: InitArraylist 1013
06-06 14:41:25.529 2138 2452 I ConnectAuthJNI: InitConnectAuthStaticJNIMethod 1114 methodRet=0
06-06 14:41:25.529 2138 2452 E ConnectAuthJNI: JNI_OnLoad finish....1138
06-06 14:41:25.529 2138 2452 D Hisight-HiChainAuthControl: setupAuthIfNeeded, HiChainInstance hasn't been initialized
06-06 14:41:25.529 2138 2452 I ConnectAuthJNI: Java_com_huawei_hisight_security_ConnectAuthNative_nativeSetup 795 call HiChainNativeSetup
06-06 14:41:25.530 2138 2452 I ConnectAuthJNI: HiChainNativeSetup 565 registe_log
06-06 14:41:25.530 2138 2452 I ConnectAuthJNI: HksStorageRegisterFileCallbacks 245 register hks file callback status =0
06-06 14:41:25.530 2138 2452 I ConnectAuthJNI: HksRegisterGetDeviceIdCallback 268 register hks get hardware udid callback status =0
06-06 14:41:25.531 2138 2452 D ConnectAuthJNI: [HiChain] get_instance Begin get instance
06-06 14:41:25.531 2138 2452 I ConnectAuthJNI: [HKS] hks_service_key_info_init hks init : begin
06-06 14:41:25.531 2138 2452 I ConnectAuthJNI: FileRead 113 FileRead
06-06 14:41:25.531 2138 2452 I ConnectAuthJNI: FileRead 122 FileRead call readSecureFile begin
06-06 14:41:25.531 2138 2452 E Hisight-ConnectAuthCallBack: readSecureFile failed, no such file
06-06 14:41:25.531 2138 2452 W ConnectAuthJNI: FileRead 132 FileRead call readSecureFile byteArray is null
06-06 14:41:25.532 2138 2452 I ConnectAuthJNI: [HKS] hks_rkc_init RKC init:begin, is_key_info_exist=0
06-06 14:41:25.532 2138 2452 I ConnectAuthJNI: [HKS] hks_rkc_init_entropy the entropy is empty
06-06 14:41:25.532 2138 2452 I ConnectAuthJNI: FileSize 214 FileSize
06-06 14:41:25.533 2138 2452 I ConnectAuthJNI: FileSize 230 fileSize=258
06-06 14:41:25.533 2138 2452 I ConnectAuthJNI: FileRead 113 FileRead
06-06 14:41:25.533 2138 2452 I ConnectAuthJNI: FileRead 122 FileRead call readSecureFile begin
06-06 14:41:25.533 2138 2452 I ConnectAuthJNI: FileRead 135 FileRead call readSecureFile end
06-06 14:41:25.533 2138 2452 I ConnectAuthJNI: FileRead 150 fileBuff size 258, buf len 258
06-06 14:41:25.533 2138 2452 I ConnectAuthJNI: FileSize 214 FileSize
06-06 14:41:25.533 2138 2452 I ConnectAuthJNI: FileSize 230 fileSize=258
06-06 14:41:25.533 2138 2452 I ConnectAuthJNI: FileRead 113 FileRead
06-06 14:41:25.534 2138 2452 I ConnectAuthJNI: FileRead 122 FileRead call readSecureFile begin
06-06 14:41:25.534 2138 2452 I ConnectAuthJNI: FileRead 135 FileRead call readSecureFile end
06-06 14:41:25.534 2138 2452 I ConnectAuthJNI: FileRead 150 fileBuff size 258, buf len 258
06-06 14:41:25.534 2138 2452 I ConnectAuthJNI: [HKS] hks_rkc_load_ksf load ksf success
06-06 14:41:25.534 2138 2452 I ConnectAuthJNI: [HKS] hks_rkc_init root key component init success
06-06 14:41:25.534 2138 2452 I ConnectAuthJNI: [HKS] hks_rkc_init RKC init:end,rc=0
06-06 14:41:25.534 2138 2452 I ConnectAuthJNI: [HKS] hks_service_key_info_init hks init : end
06-06 14:41:25.534 2138 2452 I ConnectAuthJNI: GetHiChainProtocolParamsCallback 371 GetHiChainProtocolParamsCallback operation_code= 99
06-06 14:41:25.534 2138 2452 I ConnectAuthJNI: paramLen is ,=0
06-06 14:41:25.534 2138 2452 I ConnectAuthJNI: paramLen is ,=0
06-06 14:41:25.534 2138 2452 I ConnectAuthJNI: GetHiChainProtocolParamsCallback 402 GetHiChainProtocolParamsCallback end
06-06 14:41:25.534 2138 2452 I ConnectAuthJNI: [HiChain] get_instance Get instance success
06-06 14:41:25.534 2138 2452 I ConnectAuthJNI: Java_com_huawei_hisight_security_ConnectAuthNative_nativeGetHiChainInstance 598 get instance success
06-06 14:41:25.534 2138 2452 D Hisight-HiChainAuthControl: destroyAuth
06-06 14:41:25.534 2138 2452 I ConnectAuthJNI: Java_com_huawei_hisight_security_ConnectAuthNative_nativeDestroy 603 destroy
06-06 14:41:25.534 2138 2452 D Hisight-HiChainAuthControl: setupAuthIfNeeded, HiChainInstance hasn't been initialized
06-06 14:41:25.534 2138 2452 I ConnectAuthJNI: Java_com_huawei_hisight_security_ConnectAuthNative_nativeSetup 795 call HiChainNativeSetup
06-06 14:41:25.534 2138 2452 I ConnectAuthJNI: HiChainNativeSetup 565 registe_log
06-06 14:41:25.534 2138 2452 I ConnectAuthJNI: HksStorageRegisterFileCallbacks 245 register hks file callback status =0
06-06 14:41:25.534 2138 2452 I ConnectAuthJNI: HksRegisterGetDeviceIdCallback 268 register hks get hardware udid callback status =0
06-06 14:41:25.535 2138 2452 D ConnectAuthJNI: [HiChain] get_instance Begin get instance
06-06 14:41:25.535 2138 2452 I ConnectAuthJNI: [HKS] hks_service_key_info_init hks init : begin
06-06 14:41:25.535 2138 2452 I ConnectAuthJNI: [HKS] hks_service_key_info_init hks init : end
06-06 14:41:25.535 2138 2452 I ConnectAuthJNI: GetHiChainProtocolParamsCallback 371 GetHiChainProtocolParamsCallback operation_code= 99
06-06 14:41:25.535 2138 2452 I ConnectAuthJNI: paramLen is ,=0
06-06 14:41:25.535 2138 2452 I ConnectAuthJNI: paramLen is ,=0
06-06 14:41:25.535 2138 2452 I ConnectAuthJNI: GetHiChainProtocolParamsCallback 402 GetHiChainProtocolParamsCallback end
06-06 14:41:25.535 2138 2452 I ConnectAuthJNI: [HiChain] get_instance Get instance success
06-06 14:41:25.535 2138 2452 I ConnectAuthJNI: Java_com_huawei_hisight_security_ConnectAuthNative_nativeGetHiChainInstance 598 get instance success
06-06 14:41:25.535 2138 2452 W ConnectAuthJNI: GetListTrustPeers 899 trustPeerSize=0
06-06 14:41:25.535 2138 2452 D Hisight-HiChainAuthControl: destroyAuth
06-06 14:41:25.535 2138 2452 I ConnectAuthJNI: Java_com_huawei_hisight_security_ConnectAuthNative_nativeDestroy 603 destroy
06-06 14:41:25.535 2138 2452 D Hisight-HiChainAuthControl: setupAuthIfNeeded, HiChainInstance hasn't been initialized
06-06 14:41:25.535 2138 2452 I ConnectAuthJNI: Java_com_huawei_hisight_security_ConnectAuthNative_nativeSetup 795 call HiChainNativeSetup
06-06 14:41:25.535 2138 2452 I ConnectAuthJNI: HiChainNativeSetup 565 registe_log
06-06 14:41:25.535 2138 2452 I ConnectAuthJNI: HksStorageRegisterFileCallbacks 245 register hks file callback status =0
06-06 14:41:25.535 2138 2452 I ConnectAuthJNI: HksRegisterGetDeviceIdCallback 268 register hks get hardware udid callback status =0
06-06 14:41:25.535 2138 2452 D ConnectAuthJNI: [HiChain] get_instance Begin get instance
06-06 14:41:25.535 2138 2452 I ConnectAuthJNI: [HKS] hks_service_key_info_init hks init : begin
06-06 14:41:25.535 2138 2452 I ConnectAuthJNI: [HKS] hks_service_key_info_init hks init : end
06-06 14:41:25.535 2138 2452 I ConnectAuthJNI: GetHiChainProtocolParamsCallback 371 GetHiChainProtocolParamsCallback operation_code= 99
06-06 14:41:25.535 2138 2452 I ConnectAuthJNI: paramLen is ,=0
06-06 14:41:25.535 2138 2452 I ConnectAuthJNI: paramLen is ,=0
06-06 14:41:25.535 2138 2452 I ConnectAuthJNI: GetHiChainProtocolParamsCallback 402 GetHiChainProtocolParamsCallback end
06-06 14:41:25.535 2138 2452 I ConnectAuthJNI: [HiChain] get_instance Get instance success
06-06 14:41:25.535 2138 2452 I ConnectAuthJNI: Java_com_huawei_hisight_security_ConnectAuthNative_nativeGetHiChainInstance 598 get instance success
06-06 14:41:25.535 2138 2452 W ConnectAuthJNI: GetListTrustPeers 899 trustPeerSize=0
06-06 14:41:25.536 2138 2452 D Hisight-DeviceListManager: init trusted list size: 0
06-06 14:41:25.536 2138 2452 D HiSight-ConnectionManager: setAuthInfo, authMode: 1
06-06 14:41:25.710 1081 1081 E sprdwl : sprdwl_rx_rsp_process ctx_id 0 recv rsp[WIFI_CMD_TX_DATA] status[SPRDWL_CMD_STATUS_ERROR]
06-06 14:41:25.657 659 659 E WifiHAL : wifi_get_link_stats: requestResponse Error:-5
06-06 14:41:25.659 479 606 E WifiVendorHal: getWifiLinkLayerStats_1_5_Internal(l.1191) failed {.code = ERROR_INVALID_ARGS, .description = }
06-06 14:41:25.886 1095 1866 W ActivityThread: ClassLoader.loadClass: The class loader returned by Thread.getContextClassLoader() may fail for processes that host multiple applications. You should explicitly specify a context class loader. For example: Thread.setContextClassLoader(getClass().getClassLoader());
06-06 14:41:25.899 479 808 D AccountManagerService: bind attempt failed for Session: expectLaunch false, connected false, stats (0/0/0), lifetime 0.002, addAccount, accountType cn.ninegame.gamemanager, requiredFeatures null
06-06 14:41:25.912 1095 1866 E d.leradlaunche: Invalid ID 0x00000000.
06-06 14:41:25.984 2138 2314 E raop : JavaCallback init
06-06 14:41:26.068 2453 2453 I ModuleCloudCont: type=1400 audit(0.0:1151): avc: denied { lock } for path="/data/user/0/com.dangbei.screencast/files/TDCloud_Control_Cache_Param4" dev="mmcblk0p25" ino=2122 scontext=u:r:platform_app:s0:c512,c768 tcontext=u:object_r:app_data_file:s0:c512,c768 tclass=file permissive=1 app=com.dangbei.screencast
06-06 14:41:26.148 479 579 W TelephonyPermissions: reportAccessDeniedToReadIdentifiers:com.dangbei.screencast:getSerial:-1
06-06 14:41:26.181 2453 2530 V NFC : this device does not have NFC support
06-06 14:41:26.187 479 529 W IorapForwardingService: No service published for: iorapd
06-06 14:41:26.224 2453 2453 I CrashSDKNormalH: type=1400 audit(0.0:1152): avc: denied { getattr } for path="/data/user/0/com.dangbei.screencast/crashsdk/tags" dev="mmcblk0p25" ino=2069 scontext=u:r:platform_app:s0:c512,c768 tcontext=u:object_r:app_data_file:s0:c512,c768 tclass=dir permissive=1 app=com.dangbei.screencast
06-06 14:41:26.610 1081 1081 E sprdwl : sprdwl_rx_rsp_process ctx_id 0 recv rsp[WIFI_CMD_TX_DATA] status[SPRDWL_CMD_STATUS_ERROR]
06-06 14:41:26.624 1081 1081 E sprdwl : sprdwl_rx_rsp_process ctx_id 0 recv rsp[WIFI_CMD_TX_DATA] status[SPRDWL_CMD_STATUS_ERROR]
06-06 14:41:26.638 1081 1081 E sprdwl : sprdwl_rx_rsp_process ctx_id 0 recv rsp[WIFI_CMD_TX_DATA] status[SPRDWL_CMD_STATUS_ERROR]
06-06 14:41:26.551 479 479 W NotificationHistory: Attempted to add notif for locked/gone/disabled user 0
06-06 14:41:26.554 674 674 V TvNotificationHandler: Notification not added because it isn't relevant for tv
06-06 14:41:26.524 2138 2138 I pool-5-thread-1: type=1400 audit(0.0:1153): avc: denied { read } for name="td_database2SaaS" dev="mmcblk0p25" ino=2170 scontext=u:r:platform_app:s0:c512,c768 tcontext=u:object_r:app_data_file:s0:c512,c768 tclass=dir permissive=1 app=com.dangbei.screencast
06-06 14:41:26.524 2138 2138 I pool-5-thread-1: type=1400 audit(0.0:1154): avc: denied { open } for path="/data/user/0/com.dangbei.screencast/files/__database_reborn_January_one__/td_database2SaaS" dev="mmcblk0p25" ino=2170 scontext=u:r:platform_app:s0:c512,c768 tcontext=u:object_r:app_data_file:s0:c512,c768 tclass=dir permissive=1 app=com.dangbei.screencast
06-06 14:41:26.524 2138 2138 I pool-5-thread-1: type=1400 audit(0.0:1155): avc: denied { create } for name="1749192086525_2138" scontext=u:r:platform_app:s0:c512,c768 tcontext=u:object_r:app_data_file:s0:c512,c768 tclass=file permissive=1 app=com.dangbei.screencast
06-06 14:41:26.787 1927 1980 D UtilLog : 日志批量上报 进行正常循环 !!!!!!本次有0次请求,共0条数据
06-06 14:41:27.007 264 294 D hdmi-cec: receive invalid cec message!
06-06 14:41:27.008 264 294 D hdmi-cec: receive poll message [04], skip!
06-06 14:41:27.037 1927 2052 D UtilLog : 日志批量上报 进行正常循环 !!!!!!本次有0次请求,共0条数据
06-06 14:41:27.247 2284 2284 W audit : audit_lost=683 audit_rate_limit=5 audit_backlog_limit=64
06-06 14:41:27.256 2284 2284 E audit : rate limit exceeded
06-06 14:41:27.076 2138 2138 I ModuleDataForwa: type=1400 audit(0.0:1157): avc: denied { rename } for name="TD_IP_CACHE.xml" dev="mmcblk0p25" ino=7205 scontext=u:r:platform_app:s0:c512,c768 tcontext=u:object_r:app_data_file:s0:c512,c768 tclass=file permissive=1 app=com.dangbei.screencast
06-06 14:41:27.080 2138 2138 I ModuleDataForwa: type=1400 audit(0.0:1158): avc: denied { setattr } for name="TD_IP_CACHE.xml" dev="mmcblk0p25" ino=8580 scontext=u:r:platform_app:s0:c512,c768 tcontext=u:object_r:app_data_file:s0:c512,c768 tclass=file permissive=1 app=com.dangbei.screencast
06-06 14:41:27.080 2138 2138 I ModuleDataForwa: type=1400 audit(0.0:1159): avc: denied { unlink } for name="TD_IP_CACHE.xml.bak" dev="mmcblk0p25" ino=7205 scontext=u:r:platform_app:s0:c512,c768 tcontext=u:object_r:app_data_file:s0:c512,c768 tclass=file permissive=1 app=com.dangbei.screencast
06-06 14:41:27.185 2453 2462 I awei.connectio: Background young concurrent copying GC freed 74688(5516KB) AllocSpace objects, 27(540KB) LOS objects, 86% free, 3907KB/27MB, paused 289us total 112.790ms
06-06 14:41:27.189 479 529 W IorapForwardingService: No service published for: iorapd
06-06 14:41:27.468 479 756 D SntpClient: request time failed: java.net.SocketTimeoutException: Poll timed out
06-06 14:41:27.645 1 1 I init : processing action (debug.launcher3.exit=1) from (/vendor/etc/init/init.scheduler.rc:1)
06-06 14:41:27.940 1039 1039 I DefaultDispatch: type=1400 audit(0.0:1160): avc: denied { read } for name="devices" dev="proc" ino=4026532014 scontext=u:r:system_app:s0 tcontext=u:object_r:proc:s0 tclass=file permissive=1
06-06 14:41:27.940 1039 1039 I DefaultDispatch: type=1400 audit(0.0:1161): avc: denied { open } for path="/proc/bus/input/devices" dev="proc" ino=4026532014 scontext=u:r:system_app:s0 tcontext=u:object_r:proc:s0 tclass=file permissive=1
06-06 14:41:27.946 1039 2154 E RCInfo : vid:
06-06 14:41:27.946 1039 2154 E RCInfo : pid:
06-06 14:41:27.947 1039 2154 E RCInfo : vid:
06-06 14:41:27.947 1039 2154 E RCInfo : pid:
06-06 14:41:28.046 2138 2548 I PlatformDependent: Your platform does not provide complete low-level API for accessing direct buffers reliably. Unless explicitly requested, heap buffer will always be preferred to avoid potential system instability.
06-06 14:41:28.071 2138 2314 W VideoCapabilities: Unrecognized profile/level 0/3 for video/mpeg2
06-06 14:41:28.086 479 616 D NsdService: Register service
06-06 14:41:28.087 479 616 D NsdService: registerService: 3 name: 当贝投屏X0, type: _airplay._tcp, host: null, port: 35905, txtRecord: srcvers=220.68features=0x527FFFF7,0x1E'pi=2e388006-13ba-4041-9a67-25dd4a43d536Cpk=b07727d6f6cd6e08b58ede525ec3cdeaa252ad9f683feb212ef8a205246554e7vv=2 flags=0x4model=AppleTV2,1deviceid=b4:2f:03:15:e9:08
06-06 14:41:28.087 479 616 D NsdService: mdnssd [register, 3, 当贝投屏X0, _airplay._tcp, 35905, DnNyY3ZlcnM9MjIwLjY4GGZlYXR1cmVzPTB4NTI3RkZGRjcsMHgxRSdwaT0yZTM4ODAwNi0xM2JhLTQwNDEtOWE2Ny0yNWRkNGE0M2Q1MzZDcGs9YjA3NzI3ZDZmNmNkNmUwOGI1OGVkZTUyNWVjM2NkZWFhMjUyYWQ5ZjY4M2ZlYjIxMmVmOGEyMDUyNDY1NTRlNwR2dj0yCWZsYWdzPTB4NBBtb2RlbD1BcHBsZVRWMiwxGmRldmljZWlkPWI0OjJmOjAzOjE1OmU5OjA4]
06-06 14:41:28.088 240 276 D MDnsDS : serviceRegister(3, (null), 当贝投屏X0, _airplay._tcp, (null), (null), 35905, 207, )
06-06 14:41:28.089 240 276 D MDnsDS : startMonitoring 3
06-06 14:41:28.089 240 276 D MDnsDS : triggering rescan
06-06 14:41:28.089 240 276 D MDnsDS : serviceRegister successful
06-06 14:41:28.089 240 275 D MDnsDS : Monitor poll got data pollCount = 2, 1
06-06 14:41:28.089 240 275 D MDnsDS : controlSocket shows revent= 1
06-06 14:41:28.089 240 275 D MDnsDS : MDnsSdListener::Monitor got 1
06-06 14:41:28.089 240 275 D MDnsDS : MDnsSdListener::Monitor poll rescanning - size=10, live=2
06-06 14:41:28.089 240 275 D MDnsDS : Going to poll with pollCount 3
06-06 14:41:28.090 479 616 D NsdService: Register 2 3
06-06 14:41:28.097 479 616 D NsdService: Register service
06-06 14:41:28.098 479 616 D NsdService: registerService: 4 name: b42f0315e908@当贝投屏X0, type: _raop._tcp, host: null, port: 35561, txtRecord: txtvers=1 am=AppleTV2,1ch=2
06-06 14:41:28.098 479 616 D NsdService: cn=0,1,2,3da=trueet=0,3,5ft=0x527FFFF7,0x1Emd=0,1,2Cpk=b07727d6f6cd6e08b58ede525ec3cdeaa252ad9f683feb212ef8a205246554e7pw=falsesf=0x4sr=44100ss=16sv=falsetp=UDPvn=65537 vs=220.68vv=2 rhd=5.6.0.0
06-06 14:41:28.098 479 616 D NsdService: mdnssd [register, 4, b42f0315e908@当贝投屏X0, _raop._tcp, 35561, CXR4dHZlcnM9MQ1hbT1BcHBsZVRWMiwxBGNoPTIKY249MCwxLDIsMwdkYT10cnVlCGV0PTAsMyw1EmZ0PTB4NTI3RkZGRjcsMHgxRQhtZD0wLDEsMkNwaz1iMDc3MjdkNmY2Y2Q2ZTA4YjU4ZWRlNTI1ZWMzY2RlYWEyNTJhZDlmNjgzZmViMjEyZWY4YTIwNTI0NjU1NGU3CHB3PWZhbHNlBnNmPTB4NAhzcj00NDEwMAVzcz0xNghzdj1mYWxzZQZ0cD1VRFAIdm49NjU1MzcJdnM9MjIwLjY4BHZ2PTILcmhkPTUuNi4wLjA=]
06-06 14:41:28.098 240 276 D MDnsDS : serviceRegister(4, (null), b42f0315e908@当贝投屏X0, _raop._tcp, (null), (null), 35561, 236, )
06-06 14:41:28.099 240 276 D MDnsDS : startMonitoring 4
06-06 14:41:28.099 240 276 D MDnsDS : triggering rescan
06-06 14:41:28.099 240 276 D MDnsDS : serviceRegister successful
06-06 14:41:28.099 240 275 D MDnsDS : Monitor poll got data pollCount = 3, 1
06-06 14:41:28.099 240 275 D MDnsDS : controlSocket shows revent= 1
06-06 14:41:28.099 240 275 D MDnsDS : MDnsSdListener::Monitor got 1
06-06 14:41:28.099 240 275 D MDnsDS : MDnsSdListener::Monitor poll rescanning - size=10, live=3
06-06 14:41:28.099 240 275 D MDnsDS : Going to poll with pollCount 4
06-06 14:41:28.099 479 616 D NsdService: Register 3 4
06-06 14:41:28.116 2138 2138 W Thread-18: type=1400 audit(0.0:1163): avc: granted { read } for name="somaxconn" dev="proc" ino=24550 scontext=u:r:platform_app:s0:c512,c768 tcontext=u:object_r:proc_net:s0 tclass=file app=com.dangbei.screencast
06-06 14:41:28.120 2138 2138 W Thread-18: type=1400 audit(0.0:1164): avc: granted { read open } for path="/proc/sys/net/core/somaxconn" dev="proc" ino=24550 scontext=u:r:platform_app:s0:c512,c768 tcontext=u:object_r:proc_net:s0 tclass=file app=com.dangbei.screencast
06-06 14:41:28.120 2138 2138 W Thread-18: type=1400 audit(0.0:1165): avc: granted { getattr } for path="/proc/sys/net/core/somaxconn" dev="proc" ino=24550 scontext=u:r:platform_app:s0:c512,c768 tcontext=u:object_r:proc_net:s0 tclass=file app=com.dangbei.screencast
06-06 14:41:28.120 2138 2138 W Thread-18: type=1400 audit(0.0:1166): avc: granted { getattr } for path="/proc/sys/net/core/somaxconn" dev="proc" ino=24550 scontext=u:r:platform_app:s0:c512,c768 tcontext=u:object_r:proc_net:s0 tclass=file app=com.dangbei.screencast
06-06 14:41:28.190 479 529 W IorapForwardingService: No service published for: iorapd
06-06 14:41:28.542 479 616 D NsdService: Register service
06-06 14:41:28.542 479 616 D NsdService: registerService: 5 name: 当贝投屏X0, type: _db_cast_screen._tcp, host: null, port: 43205, txtRecord: au=1cV=20830mV=100h265=0maxR=4096-3152model=DBBOX-A2deviceid=20:02:FE:19:C2:27
06-06 14:41:28.542 479 616 D NsdService: mdnssd [register, 5, 当贝投屏X0, _db_cast_screen._tcp, 43205, BGF1PTEIY1Y9MjA4MzAGbVY9MTAwBmgyNjU9MA5tYXhSPTQwOTYtMzE1Mg5tb2RlbD1EQkJPWC1BMhpkZXZpY2VpZD0yMDowMjpGRToxOTpDMjoyNw==]
06-06 14:41:28.542 240 276 D MDnsDS : serviceRegister(5, (null), 当贝投屏X0, _db_cast_screen._tcp, (null), (null), 43205, 85, )
06-06 14:41:28.543 240 276 D MDnsDS : startMonitoring 5
06-06 14:41:28.543 240 276 D MDnsDS : triggering rescan
06-06 14:41:28.543 240 276 D MDnsDS : serviceRegister successful
06-06 14:41:28.543 240 275 D MDnsDS : Monitor poll got data pollCount = 4, 1
06-06 14:41:28.543 240 275 D MDnsDS : controlSocket shows revent= 1
06-06 14:41:28.543 240 275 D MDnsDS : MDnsSdListener::Monitor got 1
06-06 14:41:28.543 240 275 D MDnsDS : MDnsSdListener::Monitor poll rescanning - size=10, live=4
06-06 14:41:28.543 240 275 D MDnsDS : Going to poll with pollCount 5
06-06 14:41:28.543 479 616 D NsdService: Register 4 5
06-06 14:41:28.673 659 659 E WifiHAL : wifi_get_link_stats: requestResponse Error:-5
06-06 14:41:28.676 479 606 E WifiVendorHal: getWifiLinkLayerStats_1_5_Internal(l.1191) failed {.code = ERROR_INVALID_ARGS, .description = }
06-06 14:41:28.760 240 275 D MDnsDS : Monitor poll got data pollCount = 5, 2
06-06 14:41:28.760 240 275 D MDnsDS : Monitor found [2].revents = 1 - calling ProcessResults
06-06 14:41:28.760 240 275 D MDnsDS : register succeeded for 4 as b42f0315e908@当贝投屏X0
06-06 14:41:28.760 240 275 D MDnsDS : Monitor found [3].revents = 1 - calling ProcessResults
06-06 14:41:28.760 240 275 D MDnsDS : register succeeded for 3 as 当贝投屏X0
06-06 14:41:28.760 240 275 D MDnsDS : controlSocket shows revent= 0
06-06 14:41:28.760 240 275 D MDnsDS : Going to poll with pollCount 5
06-06 14:41:28.761 479 616 D NsdService: Native daemon message SERVICE_REGISTERED: 606 4 "b42f0315e908@当贝投屏X0"
06-06 14:41:28.761 479 616 D NsdService: Native daemon message SERVICE_REGISTERED: 606 3 "当贝投屏X0"
06-06 14:41:29.014 2138 2329 E accept : myIp:192.168.3.115
06-06 14:41:29.018 2138 2329 E accept : connect error
06-06 14:41:29.026 2138 2329 I UpnpServiceImpl: >>> Starting UPnP service...
06-06 14:41:29.026 2138 2329 I UpnpServiceImpl: Using configuration: org.fourthline.cling.android.AndroidUpnpServiceConfiguration
06-06 14:41:29.030 2138 2329 I Router : Creating Router: org.fourthline.cling.android.AndroidRouter
06-06 14:41:29.033 2138 2329 W Router : enable lock:org.fourthline.cling.android.AndroidRouter@3c18652_java.util.concurrent.locks.ReentrantReadWriteLock$WriteLock@5bf5d23[Unlocked]
06-06 14:41:29.056 2138 2329 W tworkAddressFactoryImpl: Network interface may not be multicast capable: dummy0
06-06 14:41:29.061 2138 2329 I MulticastReceiver: Creating wildcard socket (for receiving multicast datagrams) on port: 1900
06-06 14:41:29.062 2138 2329 I MulticastReceiver: Joining multicast group: /239.255.255.250:1900 on network interface: wlan0
06-06 14:41:29.084 2138 2329 E accept : Adding connector try: 192.168.3.115/192.168.3.115:45507
06-06 14:41:29.087 2138 2329 E accept : Adding connector result: 192.168.3.115/192.168.3.115:45507
06-06 14:41:29.193 479 529 W IorapForwardingService: No service published for: iorapd
06-06 14:41:29.211 2138 2329 I JettyServletContainer: Registering UPnP servlet under context path: /upnp
06-06 14:41:29.215 2138 2329 I DatagramIO: Creating bound socket (for datagram input/output) on: 192.168.3.115/192.168.3.115
06-06 14:41:29.216 2138 2554 E JettyServletContainer: gogogo
06-06 14:41:29.217 2138 2554 I JettyServletContainer: Starting Jetty server...
06-06 14:41:29.218 2138 2554 W System.err: 2025-06-06 14:41:29.217:INFO:lcaf.p:jetty-8.y.z-SNAPSHOT
06-06 14:41:29.221 2138 2329 I Router : WiFi multicast lock acquired
06-06 14:41:29.222 479 808 I WifiService: acquireMulticastLock uid=10024
06-06 14:41:29.224 2138 2329 I Router : WiFi lock acquired
06-06 14:41:29.224 479 808 I WifiService: acquireWifiLock uid=10024 lockMode=3
06-06 14:41:29.229 2138 2329 W Router : enable unlock:org.fourthline.cling.android.AndroidRouter@3c18652
06-06 14:41:29.230 2138 2329 I UpnpServiceImpl: <<< UPnP service started successfully
06-06 14:41:29.265 2138 2554 W System.err: 2025-06-06 14:41:29.264:INFO:lcaf.a:Started @192.168.3.115:45507
06-06 14:41:29.304 2138 2329 E g : channel :os
06-06 14:41:29.310 240 275 D MDnsDS : Monitor poll got data pollCount = 5, 1
06-06 14:41:29.310 240 275 D MDnsDS : Monitor found [1].revents = 1 - calling ProcessResults
06-06 14:41:29.311 240 275 D MDnsDS : register succeeded for 5 as 当贝投屏X0
06-06 14:41:29.311 240 275 D MDnsDS : controlSocket shows revent= 0
06-06 14:41:29.311 240 275 D MDnsDS : Going to poll with pollCount 5
06-06 14:41:29.312 479 616 D NsdService: Native daemon message SERVICE_REGISTERED: 606 5 "当贝投屏X0"
06-06 14:41:29.556 2138 2138 I efs-base: type=1400 audit(0.0:1167): avc: denied { rmdir } for name="2779" dev="mmcblk0p25" ino=7214 scontext=u:r:platform_app:s0:c512,c768 tcontext=u:object_r:app_data_file:s0:c512,c768 tclass=dir permissive=1 app=com.dangbei.screencast
06-06 14:41:29.565 2138 2306 I efs.base: lt=event`ev_ct=efs_core`ev_ac=log_lag`tm=2025-06-06 14:41:56`dn=3189d86b-b94a-49b2-9e0e-15bd4c197496`ps=com.dangbei.screencast`um_os=android`stime=1749192078818`pid=2138`fr=android`pkg=com.dangbei.screencast`vcode=20830`dsp_w=1920`uid=3189d86b-b94a-49b2-9e0e-15bd4c197496`rom=12`wid=3189d86b-b94a-49b2-9e0e-15bd4c197496`um_app_carrier=`um_access=wifi`um_app_channel=os`um_crash_sdk_version=1.4.0`ctime=1749192089`model=dbbox-a2`lang=zh`net=wifi`brand=dangbei`dsp_h=1080`um_network_type=0`ver=v2.8.3`cnt=0`build_model=DBBOX-A2`w_tm=1749192089`appid=5fc60c21094d637f3130af19`um_umid_header=ai02165bf432552744db2ff8059ea878c7`sdk=31`tzone=Asia/Shanghai`sdk_ver=1.3.6.umeng
06-06 14:41:30.002 479 479 W NotificationHistory: Attempted to add notif for locked/gone/disabled user 0
06-06 14:41:30.007 674 674 V TvNotificationHandler: Notification not added because it isn't relevant for tv
06-06 14:41:30.195 479 529 W IorapForwardingService: No service published for: iorapd
06-06 14:41:30.280 2564 2564 I Thread-2: type=1400 audit(0.0:1168): avc: denied { execute } for name="am" dev="dm-1" ino=1160 scontext=u:r:system_app:s0 tcontext=u:object_r:vendor_file:s0 tclass=file permissive=1
06-06 14:41:30.280 2564 2564 I Thread-2: type=1400 audit(0.0:1169): avc: denied { read open } for path="/vendor/xbin/am" dev="dm-1" ino=1160 scontext=u:r:system_app:s0 tcontext=u:object_r:vendor_file:s0 tclass=file permissive=1
06-06 14:41:30.360 1121 1121 D aaa : LedStatusService onStartCommand begin
06-06 14:41:30.366 1164 1164 D bbb : onStartCommand begin !!!!!!! data分区剩余 24691MB
06-06 14:41:30.280 2564 2564 I Thread-2: type=1400 audit(0.0:1170): avc: denied { execute_no_trans } for path="/vendor/xbin/am" dev="dm-1" ino=1160 scontext=u:r:system_app:s0 tcontext=u:object_r:vendor_file:s0 tclass=file permissive=1
06-06 14:41:30.376 1121 2572 D aaa : topPkg is -------------- :com.dangbei.leard.leradlauncher
06-06 14:41:30.379 1121 2572 D aaa : WiFi is connect
06-06 14:41:30.932 356 356 W hdr10p_Configure: 38 callbacks suppressed
06-06 14:41:30.932 356 356 I : DVI mode selected: packets not configured
06-06 14:41:30.945 356 356 W set_vsif_config: 38 callbacks suppressed
06-06 14:41:30.945 356 356 I : Error: set vsif failed
06-06 14:41:30.965 356 356 I : DVI mode selected: packets not configured
06-06 14:41:30.972 356 356 I : Error: set vsif failed
06-06 14:41:30.985 356 356 I : DVI mode selected: packets not configured
06-06 14:41:30.992 356 356 I : Error: set vsif failed
06-06 14:41:31.004 356 356 I : DVI mode selected: packets not configured
06-06 14:41:31.011 356 356 I : Error: set vsif failed
06-06 14:41:31.023 356 356 I : DVI mode selected: packets not configured
06-06 14:41:31.029 356 356 I : Error: set vsif failed
06-06 14:41:31.044 356 356 I : DVI mode selected: packets not configured
06-06 14:41:31.051 356 356 I : Error: set vsif failed
06-06 14:41:30.889 1427 1624 I bluetooth: system/bt/stack/gatt/connection_manager.cc:185 on_connection_complete: Le connection completed to device:e4:bb:d3:57:c0:22
06-06 14:41:30.889 1427 1624 I bt_btm_ble: system/bt/stack/btm/btm_ble.cc:1699 btm_ble_connected: Updating device record timestamp for existing ble connection
06-06 14:41:30.889 251 258 E bt_upio : upio_set : /proc/bluetooth/sleep/btwrite(-1) incorrent
06-06 14:41:31.066 356 356 I : DVI mode selected: packets not configured
06-06 14:41:31.073 356 356 I : Error: set vsif failed
06-06 14:41:31.083 356 356 I : DVI mode selected: packets not configured
06-06 14:41:31.090 356 356 I : Error: set vsif failed
06-06 14:41:31.103 356 356 I : DVI mode selected: packets not configured
06-06 14:41:31.110 356 356 I : Error: set vsif failed
06-06 14:41:31.124 356 356 I : DVI mode selected: packets not configured
06-06 14:41:31.131 356 356 I : Error: set vsif failed
06-06 14:41:30.978 1427 1624 I bt_stack: [INFO:gatt_attr.cc(880)] gatt_sr_init_cl_status: bda=e4:bb:d3:57:c0:22, cl_supp_feat=0000, aware=1
06-06 14:41:30.978 1427 1624 I bluetooth: system/bt/stack/gap/gap_ble.cc:298 client_connect_cback: No active GAP service found for peer:xx:xx:xx:xx:c0:22 callback:Connected
06-06 14:41:30.978 1427 1624 I bt_bta_gattc: system/bt/bta/gatt/bta_gattc_act.cc:1110 bta_gattc_conn_cback: Connected att_id:3 transport:le reason:GATT_CONN_OK
06-06 14:41:30.978 1427 1624 I bt_bta_gattc: system/bt/bta/gatt/bta_gattc_act.cc:1110 bta_gattc_conn_cback: Connected att_id:4 transport:le reason:GATT_CONN_OK
06-06 14:41:30.978 1427 1624 I bt_bta_gattc: system/bt/bta/gatt/bta_gattc_act.cc:1110 bta_gattc_conn_cback: Connected att_id:5 transport:le reason:GATT_CONN_OK
06-06 14:41:30.978 1427 1624 I bluetooth: system/bt/stack/gatt/connection_manager.cc:185 on_connection_complete: Le connection completed to device:e4:bb:d3:57:c0:22
06-06 14:41:30.979 1427 1624 I bt_stack: [INFO:eatt_impl.h(634)] connect device e4:bb:d3:57:c0:22 rolecentral
06-06 14:41:30.979 1427 1624 I bt_btif_dm: system/bt/btif/src/btif_dm.cc:497 btif_update_remote_version_property: Remote version info valid:true [xx:xx:xx:xx:c0:22]: 9, 1bf, 9
06-06 14:41:31.003 1427 1427 E BluetoothPhonePolicy: Received unexpected intent, action=android.bluetooth.device.action.ACL_CONNECTED
06-06 14:41:31.004 1427 1427 I BluetoothPhonePolicy: processDeviceConnected, device=E4:BB:D3:57:C0:22
06-06 14:41:31.004 1427 1427 D BluetoothDatabase: setConnection: device=E4:BB:D3:57:C0:22 and isA2dpDevice=false
06-06 14:41:31.005 1427 1427 D BluetoothDatabase: Updating last connected time for device: E4:BB:D3:57:C0:22 to 0
06-06 14:41:31.005 1427 1427 D BluetoothDatabase: updateDatabase E4:BB:D3:57:C0:22
06-06 14:41:31.008 1427 1624 I bt_stack: [INFO:eatt_impl.h(578)] supported_features_cb e4:bb:d3:57:c0:22 is_eatt_supported = 0
06-06 14:41:31.016 479 537 D CompatibilityChangeReporter: Compat change id reported: 168419799; UID 1000; state: DISABLED
06-06 14:41:31.026 1039 1039 I dangbei111: cccccc on receiver=android.bluetooth.device.action.ACL_CONNECTED,mac=E4:BB:D3:57:C0:22
06-06 14:41:31.026 1039 1039 E dangbei111: cccccc cancelDiscovery begin
06-06 14:41:31.029 1039 1039 E dangbei111: cccccc 检查遥控器是否连接: Dangbei E4:BB:D3:57:C0:22
06-06 14:41:31.032 1039 1039 E dangbei111: cccccc 检查遥控器是否连接: 蓝牙的结果 Dangbei E4:BB:D3:57:C0:22 true
06-06 14:41:31.035 1039 1039 E dangbei111: cccccc input中没有遥控器存在
06-06 14:41:31.035 1039 1039 E dangbei111: cccccc 蓝牙状态连接 开启30s check任务
06-06 14:41:31.037 1039 1039 E dangbei111: cccccc 开始扫描
06-06 14:41:31.037 1039 1039 D BluetoothAdapter: isLeEnabled(): ON
06-06 14:41:31.012 264 264 I EventThread: type=1400 audit(0.0:1171): avc: denied { search } for name="extcon" dev="sysfs" ino=18109 scontext=u:r:hal_tv_cec_default:s0 tcontext=u:object_r:sysfs_extcon:s0 tclass=dir permissive=1
06-06 14:41:31.068 1427 1624 W bt_stack: [WARNING:bta_gattc_api.cc(659)] notification already registered
06-06 14:41:31.068 1427 1624 W bt_stack: [WARNING:bta_gattc_api.cc(659)] notification already registered
06-06 14:41:31.068 1427 1624 W bt_stack: [WARNING:bta_gattc_api.cc(659)] notification already registered
06-06 14:41:31.068 1427 1557 W bt_btif : system/bt/main/bte_logmsg.cc:194 LogMsg: btif_hh_upstreams_evt: BTA_HH_OPN_EVT: handle=16, status =0
06-06 14:41:31.068 1427 1557 W bt_btif : system/bt/main/bte_logmsg.cc:194 LogMsg: BTA_HH_OPEN_EVT: Found device...Getting dscp info for handle ... 16
