06-06 14:41:33.606 479 530 I ActivityManager: com.dangbei.haqusetting is exempt from freezer
06-06 14:41:33.607 479 530 D CompatibilityChangeReporter: Compat change id reported: 135634846; UID 1000; state: DISABLED
06-06 14:41:33.627 479 579 W InputManager-JNI: Input channel object 'a1af012 com.dangbei.lerad.etna.haqu (client)' was disposed without first being removed with the input manager!
06-06 14:41:33.631 241 241 D Zygote : Forked child process 2621
06-06 14:41:33.633 1095 1242 W SQLiteLog: (28) double-quoted string literal: "
06-06 14:41:33.634 1095 1242 W SQLiteLog: (28) double-quoted string literal: "7F9AD6EFB6C3252BE808F5110C969E5D"
06-06 14:41:33.636 479 538 I ActivityManager: app.processName = com.dangbei.haqusetting
06-06 14:41:33.636 479 538 I ActivityManager: Start proc 2621:com.dangbei.haqusetting/1000 for pre-top-activity {com.dangbei.haqusetting/com.dangbei.haqusetting.ui.HomeActivity}
06-06 14:41:33.643 263 263 I AW_PowerHAL: cur-mode:LAUNCH
06-06 14:41:33.649 2621 2621 I Zygote : seccomp disabled by setenforce 0
06-06 14:41:33.662 290 290 I BpBinder: onLastStrongRef automatically unlinking death recipients:
06-06 14:41:33.691 2239 2239 I DefaultIMS: onStartInput attribute=android.view.inputmethod.EditorInfo@7d5fe51 restarting=false inputType: 0
06-06 14:41:33.697 479 2114 D AW_CODE : rotation =0
06-06 14:41:33.699 400 419 I adbd : jdwp connection from 2621
06-06 14:41:33.701 479 2114 D CompatibilityChangeReporter: Compat change id reported: 181136395; UID 1000; state: DISABLED
06-06 14:41:33.702 479 2114 D CompatibilityChangeReporter: Compat change id reported: 174042936; UID 1000; state: DISABLED
06-06 14:41:33.709 2621 2621 D CompatibilityChangeReporter: Compat change id reported: 171979766; UID 1000; state: ENABLED
06-06 14:41:33.714 674 674 D TvPipController: onTaskStackChanged()
06-06 14:41:33.801 2621 2621 V GraphicsEnvironment: ANGLE Developer option for 'com.dangbei.haqusetting' set to: 'default'
06-06 14:41:33.802 2621 2621 V GraphicsEnvironment: Neither updatable production driver nor prerelease driver is supported.
06-06 14:41:33.804 2621 2621 D NetworkSecurityConfig: No Network Security Config specified, using platform default
06-06 14:41:33.805 2621 2621 D NetworkSecurityConfig: No Network Security Config specified, using platform default
06-06 14:41:33.828 2621 2621 I MultiDex: VM with version 2.1.0 has multidex support
06-06 14:41:33.828 2621 2621 I MultiDex: Installing application
06-06 14:41:33.828 2621 2621 I MultiDex: VM has multidex support, MultiDex support library is disabled.
06-06 14:41:33.848 2138 2138 I cling--ap-1: type=1400 audit(0.0:1183): avc: denied { search } for name="net" dev="sysfs" ino=10442 scontext=u:r:platform_app:s0:c512,c768 tcontext=u:object_r:sysfs_net:s0 tclass=dir permissive=1 app=com.dangbei.screencast
06-06 14:41:33.848 2138 2138 I cling--ap-1: type=1400 audit(0.0:1184): avc: denied { read } for name="address" dev="sysfs" ino=16906 scontext=u:r:platform_app:s0:c512,c768 tcontext=u:object_r:sysfs_net:s0 tclass=file permissive=1 app=com.dangbei.screencast
06-06 14:41:33.848 2138 2138 I cling--ap-1: type=1400 audit(0.0:1185): avc: denied { open } for path="/sys/devices/virtual/net/dummy0/address" dev="sysfs" ino=16906 scontext=u:r:platform_app:s0:c512,c768 tcontext=u:object_r:sysfs_net:s0 tclass=file permissive=1 app=com.dangbei.screencast
06-06 14:41:33.848 2138 2138 I cling--ap-1: type=1400 audit(0.0:1186): avc: denied { getattr } for path="/sys/devices/virtual/net/dummy0/address" dev="sysfs" ino=16906 scontext=u:r:platform_app:s0:c512,c768 tcontext=u:object_r:sysfs_net:s0 tclass=file permissive=1 app=com.dangbei.screencast
06-06 14:41:33.854 2621 2621 E ccc : cccccc HaquSettingApplication app onCreate start
06-06 14:41:33.884 2621 2621 E ccc : cccccc HaquSettingApplication app onCreate end
06-06 14:41:33.894 2621 2641 W ContextImpl: Calling a method in the system process without a qualified user: android.app.ContextImpl.bindService:1895 android.content.ContextWrapper.bindService:810 com.dangbei.lerad.etna.lib.client.EtnaClient.bindServer:138 com.dangbei.lerad.etna.lib.client.EtnaClient.access$600:29 com.dangbei.lerad.etna.lib.client.EtnaClient$3.call:205
06-06 14:41:33.965 1039 1053 E ccc : cccccc etnaService addListener com.dangbei.lerad.etna.aidl.IEtnaAidlListener$Stub$Proxy@feff2e com.dangbei.haqusetting
06-06 14:41:33.965 2621 2621 E ccc : cccccc etna-haqu-connected
06-06 14:41:34.025 180 180 I hwservicemanager: getTransport: Cannot find entry android.hardware.configstore@1.0::ISurfaceFlingerConfigs/default in either framework or device VINTF manifest.
06-06 14:41:34.044 290 320 E HWComposer: getSupportedContentTypes: getSupportedContentTypes failed for display 0: Unsupported (8)
06-06 14:41:34.046 180 180 I hwservicemanager: getTransport: Cannot find entry android.hardware.graphics.mapper@4.0::IMapper/default in either framework or device VINTF manifest.
06-06 14:41:34.046 2621 2656 I Gralloc4: mapper 4.x is not supported
06-06 14:41:34.046 180 180 I hwservicemanager: getTransport: Cannot find entry android.hardware.graphics.mapper@3.0::IMapper/default in either framework or device VINTF manifest.
06-06 14:41:34.047 2621 2656 W Gralloc3: mapper 3.x is not supported
06-06 14:41:34.050 2621 2656 E gralloc : Arm Module v1.0
06-06 14:41:34.051 180 180 I hwservicemanager: getTransport: Cannot find entry android.hardware.graphics.allocator@4.0::IAllocator/default in either framework or device VINTF manifest.
06-06 14:41:34.051 2621 2656 W Gralloc4: allocator 4.x is not supported
06-06 14:41:34.051 180 180 I hwservicemanager: getTransport: Cannot find entry android.hardware.graphics.allocator@3.0::IAllocator/default in either framework or device VINTF manifest.
06-06 14:41:34.052 2621 2656 W Gralloc3: allocator 3.x is not supported
06-06 14:41:34.053 257 292 I gralloc : alloc buffer:W:1920 H:1080 S:1920 PL[1920 1080] SZ:8294400 fmt:1 if:0 af:1 usg:20000b00 fg:00000004
06-06 14:41:34.054 2621 2656 E ion : ioctl c0044901 failed with code -1: Inappropriate ioctl for device
06-06 14:41:34.055 257 292 I gralloc : alloc buffer:W:1920 H:1080 S:1920 PL[1920 1080] SZ:8294400 fmt:1 if:0 af:1 usg:20000b00 fg:00000004
06-06 14:41:34.056 257 292 I gralloc : alloc buffer:W:1920 H:1080 S:1920 PL[1920 1080] SZ:8294400 fmt:1 if:0 af:1 usg:20000b00 fg:00000004
06-06 14:41:34.245 348 348 E : Send upper Vendor Specific event.
06-06 14:41:34.086 2621 2621 W RecyclerView: No adapter attached; skipping layout
06-06 14:41:34.091 263 263 I AW_PowerHAL: Power setMode: LAUNCH to: 0
06-06 14:41:34.093 263 263 I AW_PowerHAL: cur-mode:SCHEDUTIL
06-06 14:41:34.095 479 527 I ActivityTaskManager: +++Displayed com.dangbei.haqusetting/.ui.HomeActivity: +505ms
06-06 14:41:34.117 2239 2239 I DefaultIMS: onStartInput attribute=android.view.inputmethod.EditorInfo@d4026b6 restarting=false inputType: 0
06-06 14:41:34.132 2663 2663 I sh : type=1400 audit(0.0:1187): avc: denied { getattr } for path="/system/xbin/su" dev="dm-0" ino=3480 scontext=u:r:platform_app:s0:c512,c768 tcontext=u:object_r:su_exec:s0 tclass=file permissive=1 app=com.dangbei.screencast
06-06 14:41:34.317 2663 2663 W audit : audit_lost=690 audit_rate_limit=5 audit_backlog_limit=64
06-06 14:41:34.326 2663 2663 E audit : rate limit exceeded
06-06 14:41:34.181 2138 2259 I crashsdk: crashsdk uploading logs
06-06 14:41:34.205 479 529 W IorapForwardingService: No service published for: iorapd
06-06 14:41:34.291 1039 1053 E ccc : cccccc UpdateHelper onMessageReceived com.dangbei.haqusetting com.dangbei.etna.update {"action":"get","functionTag":"leaf_controller_function_controller_dangbei_update","value":0} com.dangbei.lerad.etna.aidl.IEtnaAidlCallback$Stub$Proxy@9e6dacf
06-06 14:41:34.306 1039 1074 D BluetoothGatt: connect() - device: E4:BB:D3:57:C0:22, auto: true
06-06 14:41:34.306 1039 1074 D BluetoothGatt: registerApp()
06-06 14:41:34.307 1039 1074 D BluetoothGatt: registerApp() - UUID=de9be12c-3606-4bbf-834a-5590c6a1dcf6
06-06 14:41:34.310 1427 1624 I bluetooth: system/bt/stack/gatt/gatt_api.cc:1019 GATT_Register: Allocated name:GattClient uuid:391f88b9-a210-8a9a-ae1a-dab4874b76a3 gatt_if:6 eatt_support:0
06-06 14:41:34.310 1427 1624 I bt_bta_gattc: system/bt/bta/gatt/bta_gattc_act.cc:1110 bta_gattc_conn_cback: Connected att_id:6 transport:le reason:GATT_CONN_OK
06-06 14:41:34.311 1039 1074 E ccc : cccccc 请求电量实时 -1
06-06 14:41:34.312 1039 1053 E RCInfo : vid:000d
06-06 14:41:34.312 1039 1053 E RCInfo : pid:3838
06-06 14:41:34.313 1039 1074 D BluetoothGatt: onClientRegistered() - status=0 clientIf=6
06-06 14:41:34.315 1427 1557 I bt_btif_config: system/bt/btif/src/btif_config.cc:137 btif_get_device_type: Device [e4:bb:d3:57:c0:22] device type 2
06-06 14:41:34.316 1039 1074 D BluetoothGatt: onClientConnectionState() - status=0 clientIf=6 device=E4:BB:D3:57:C0:22
06-06 14:41:34.316 1039 1074 D BluetoothGatt: discoverServices() - device: E4:BB:D3:57:C0:22
06-06 14:41:34.318 1039 1053 D BluetoothGatt: connect() - device: E4:BB:D3:57:C0:22, auto: true
06-06 14:41:34.318 1039 1053 D BluetoothGatt: registerApp()
06-06 14:41:34.318 1039 1053 D BluetoothGatt: registerApp() - UUID=a8b21a48-d67e-4555-8cf2-54e3a656ab3a
06-06 14:41:34.319 1427 1557 I bt_bta_gattc: system/bt/bta/gatt/bta_gattc_cache.cc:902 bta_gattc_get_gatt_db: bta_gattc_get_gatt_db
06-06 14:41:34.325 1427 1624 I bluetooth: system/bt/stack/gatt/gatt_api.cc:1019 GATT_Register: Allocated name:GattClient uuid:8dec1d75-8851-ffab-fd7d-533dc0d74ffd gatt_if:7 eatt_support:0
06-06 14:41:34.325 1427 1624 I bt_bta_gattc: system/bt/bta/gatt/bta_gattc_act.cc:1110 bta_gattc_conn_cback: Connected att_id:7 transport:le reason:GATT_CONN_OK
06-06 14:41:34.326 1039 1074 D BluetoothGatt: onClientRegistered() - status=0 clientIf=7
06-06 14:41:34.327 1039 1053 D BluetoothGatt: onSearchComplete() = Device=E4:BB:D3:57:C0:22 Status=0
06-06 14:41:34.328 1427 1557 I bt_btif_config: system/bt/btif/src/btif_config.cc:137 btif_get_device_type: Device [e4:bb:d3:57:c0:22] device type 2
06-06 14:41:34.331 1039 1074 D BluetoothGatt: onClientConnectionState() - status=0 clientIf=7 device=E4:BB:D3:57:C0:22
06-06 14:41:34.331 1039 1074 D BluetoothGatt: discoverServices() - device: E4:BB:D3:57:C0:22
06-06 14:41:34.333 1427 1557 I bt_bta_gattc: system/bt/bta/gatt/bta_gattc_cache.cc:902 bta_gattc_get_gatt_db: bta_gattc_get_gatt_db
06-06 14:41:34.335 1039 1074 D BluetoothGatt: onSearchComplete() = Device=E4:BB:D3:57:C0:22 Status=0
06-06 14:41:34.381 479 579 D ConnectivityService: requestNetwork for uid/pid:1000/2621 activeRequest: null callbackRequest: 37 [NetworkRequest [ REQUEST id=38, [ Capabilities: INTERNET&NOT_RESTRICTED&TRUSTED&NOT_VCN_MANAGED Uid: 1000 RequestorUid: 1000 RequestorPkg: com.dangbei.haqusetting] ]] callback flags: 0 priority: 2147483647
06-06 14:41:34.383 479 613 D ConnectivityService: NetReassign [38 : null → 100]
06-06 14:41:34.387 479 649 D Ethernet: got request NetworkRequest [ REQUEST id=38, [ Capabilities: INTERNET&NOT_RESTRICTED&TRUSTED&NOT_VCN_MANAGED Uid: 1000 RequestorUid: 1000 RequestorPkg: com.dangbei.haqusetting] ]
06-06 14:41:34.388 479 649 D EthernetNetworkFactory: acceptRequest, request: NetworkRequest [ REQUEST id=38, [ Capabilities: INTERNET&NOT_RESTRICTED&TRUSTED&NOT_VCN_MANAGED Uid: 1000 RequestorUid: 1000 RequestorPkg: com.dangbei.haqusetting] ]
06-06 14:41:34.389 479 649 I EthernetNetworkFactory: networkForRequest, request: NetworkRequest [ REQUEST id=38, [ Capabilities: INTERNET&NOT_RESTRICTED&TRUSTED&NOT_VCN_MANAGED Uid: 1000 RequestorUid: 1000 RequestorPkg: com.dangbei.haqusetting] ], network: null
06-06 14:41:34.389 479 606 D WifiNetworkFactory: got request NetworkRequest [ REQUEST id=38, [ Capabilities: INTERNET&NOT_RESTRICTED&TRUSTED&NOT_VCN_MANAGED Uid: 1000 RequestorUid: 1000 RequestorPkg: com.dangbei.haqusetting] ]
06-06 14:41:34.390 2239 2239 I DefaultIMS: onStartInput attribute=android.view.inputmethod.EditorInfo@6e01fb7 restarting=false inputType: 0
06-06 14:41:34.390 479 606 D UntrustedWifiNetworkFactory: got request NetworkRequest [ REQUEST id=38, [ Capabilities: INTERNET&NOT_RESTRICTED&TRUSTED&NOT_VCN_MANAGED Uid: 1000 RequestorUid: 1000 RequestorPkg: com.dangbei.haqusetting] ]
06-06 14:41:34.393 479 606 D OemPaidWifiNetworkFactory: got request NetworkRequest [ REQUEST id=38, [ Capabilities: INTERNET&NOT_RESTRICTED&TRUSTED&NOT_VCN_MANAGED Uid: 1000 RequestorUid: 1000 RequestorPkg: com.dangbei.haqusetting] ]
06-06 14:41:34.579 1039 1074 E ccc : cccccc settingHelper resetManager
06-06 14:41:34.581 1039 1074 D DisplayOutputImpl: updateSupportModes type = 4
06-06 14:41:34.584 260 260 D DisplayConfig: virtual Return vendor::display::config::V1_0::implementation::DisplayConfig::getSupportedModes(int32_t, vendor::display::config::V1_0::IDisplayConfig::getSupportedModes_cb): display[0] ret=0, supported modes count(18)
06-06 14:41:34.585 260 260 D DisplayConfig: virtual Return vendor::display::config::V1_0::implementation::DisplayConfig::getSupportedModes(int32_t, vendor::display::config::V1_0::IDisplayConfig::getSupportedModes_cb): display[0] ret=0, supported modes count(18)
06-06 14:41:34.587 260 260 W displayd: xxxxxxx: hdmi user strategy: 4
06-06 14:41:34.587 260 260 W displayd: xxxxxxx: getHDMINativeMode: use perfect hdmi mode(35) as native mode
06-06 14:41:34.588 1039 1074 D DisplayOutputImpl: updateSupportModes = 4 , 4 , false
06-06 14:41:34.588 1039 1074 V HdmiDisplayManager: H618
06-06 14:41:34.589 260 260 D DisplayConfig: virtual Return vendor::display::config::V1_0::implementation::DisplayConfig::getSupportedModes(int32_t, vendor::display::config::V1_0::IDisplayConfig::getSupportedModes_cb): display[0] ret=0, supported modes count(18)
06-06 14:41:34.591 260 260 W displayd: xxxxxxx: hdmi user strategy: 4
06-06 14:41:34.591 260 260 W displayd: xxxxxxx: getHDMINativeMode: use perfect hdmi mode(35) as native mode
06-06 14:41:34.592 1039 1074 D DisplayOutputImpl: getDisplayOutputMode = 4 , 4 , false
06-06 14:41:34.593 260 260 D DisplayConfig: virtual Return vendor::display::config::V1_0::implementation::DisplayConfig::getSupportedModes(int32_t, vendor::display::config::V1_0::IDisplayConfig::getSupportedModes_cb): display[0] ret=0, supported modes count(18)
06-06 14:41:34.594 260 260 W displayd: xxxxxxx: hdmi user strategy: 4
06-06 14:41:34.594 260 260 W displayd: xxxxxxx: getHDMINativeMode: use perfect hdmi mode(35) as native mode
06-06 14:41:34.594 1039 1074 D DisplayOutputImpl: getDisplayOutputMode = 4 , 4 , false
06-06 14:41:34.595 1039 1074 E ccc : cccccc current is 720p 50Hz
06-06 14:41:34.596 1039 1074 D DisplayOutputImpl: updateSupportModes type = 4
06-06 14:41:34.596 260 260 D DisplayConfig: virtual Return vendor::display::config::V1_0::implementation::DisplayConfig::getSupportedModes(int32_t, vendor::display::config::V1_0::IDisplayConfig::getSupportedModes_cb): display[0] ret=0, supported modes count(18)
06-06 14:41:34.597 260 260 D DisplayConfig: virtual Return vendor::display::config::V1_0::implementation::DisplayConfig::getSupportedModes(int32_t, vendor::display::config::V1_0::IDisplayConfig::getSupportedModes_cb): display[0] ret=0, supported modes count(18)
06-06 14:41:34.599 260 260 W displayd: xxxxxxx: hdmi user strategy: 4
06-06 14:41:34.599 260 260 W displayd: xxxxxxx: getHDMINativeMode: use perfect hdmi mode(35) as native mode
06-06 14:41:34.599 1039 1074 D DisplayOutputImpl: updateSupportModes = 4 , 4 , false
06-06 14:41:34.604 1039 1074 E ccc : cccccc ColorFormatManager reset
06-06 14:41:34.607 1039 1074 E ccc : cccccc ColorHelper current get AUTO
06-06 14:41:34.627 260 260 D DisplayConfig: virtual Return vendor::display::config::V1_0::implementation::DisplayConfig::getSupportedModes(int32_t, vendor::display::config::V1_0::IDisplayConfig::getSupportedModes_cb): display[0] ret=0, supported modes count(18)
06-06 14:41:34.629 260 260 W displayd: xxxxxxx: hdmi user strategy: 4
06-06 14:41:34.630 260 260 W displayd: xxxxxxx: getHDMINativeMode: use perfect hdmi mode(35) as native mode
06-06 14:41:34.630 1039 1074 D DisplayOutputImpl: getDisplayOutputMode = 4 , 4 , false
06-06 14:41:34.631 1039 1074 E ccc : cccccc current is 720p 50Hz
06-06 14:41:34.635 1039 1053 E ccc : cccccc ColorHelper current get AUTO
06-06 14:41:34.708 659 659 E WifiHAL : wifi_get_link_stats: requestResponse Error:-5
06-06 14:41:34.710 479 606 E WifiVendorHal: getWifiLinkLayerStats_1_5_Internal(l.1191) failed {.code = ERROR_INVALID_ARGS, .description = }
06-06 14:41:35.207 479 529 W IorapForwardingService: No service published for: iorapd
06-06 14:41:35.250 315 2585 D XM_HIDREAD: poll ret=1, event=1
06-06 14:41:35.251 315 2585 D XM_HIDREAD: [9 bytes]:01 00 00 51 00 00 00 00 00
06-06 14:41:35.251 479 595 D TvWindowManager: key event key = KEYCODE_DPAD_DOWN down = true
06-06 14:41:35.263 479 594 D GpioService: mFlickerEnable = true
06-06 14:41:35.284 1039 1053 E ccc : cccccc hhhhhhhhhh RC version is DB-15B-H5-R0111
06-06 14:41:35.286 1039 1053 E RCInfo : vid:000d
06-06 14:41:35.286 1039 1053 E RCInfo : pid:3838
06-06 14:41:35.287 1039 1053 E RCInfo : vid:000d
06-06 14:41:35.287 1039 1053 E RCInfo : pid:3838
06-06 14:41:35.289 1039 1053 E ccc : cccccc 实时获取遥控器版本 DB-15B-H5-R0111
06-06 14:41:35.401 479 594 D GpioService: mFlickerEnable = true
06-06 14:41:35.403 2239 2239 I SogouIME: onKeyDown: keyoCode=20
06-06 14:41:35.403 2239 2239 I DefaultIMS: onKeyDown: keyoCode=20
06-06 14:41:35.430 315 2585 D XM_HIDREAD: poll ret=1, event=1
06-06 14:41:35.430 315 2585 D XM_HIDREAD: [9 bytes]:01 00 00 00 00 00 00 00 00
06-06 14:41:35.431 2239 2239 I DefaultIMS: onStartInput attribute=android.view.inputmethod.EditorInfo@5a17324 restarting=false inputType: 0
06-06 14:41:35.432 479 595 D TvWindowManager: key event key = KEYCODE_DPAD_DOWN down = false
06-06 14:41:35.437 2239 2239 I SogouIME: onKeyUp: keyoCode=20
06-06 14:41:35.437 2239 2239 I DefaultIMS: onKeyUp: keyoCode=20
06-06 14:41:35.519 315 2585 D XM_HIDREAD: poll ret=1, event=1
06-06 14:41:35.519 315 2585 D XM_HIDREAD: [9 bytes]:01 00 00 51 00 00 00 00 00
06-06 14:41:35.519 479 595 D TvWindowManager: key event key = KEYCODE_DPAD_DOWN down = true
06-06 14:41:35.524 479 594 D GpioService: mFlickerEnable = true
06-06 14:41:35.632 315 2585 D XM_HIDREAD: poll ret=1, event=1
06-06 14:41:35.632 479 595 D TvWindowManager: key event key = KEYCODE_DPAD_DOWN down = false
06-06 14:41:35.632 315 2585 D XM_HIDREAD: [9 bytes]:01 00 00 00 00 00 00 00 00
06-06 14:41:35.634 479 579 I WifiService: startScan uid=1000
06-06 14:41:35.640 479 579 I WifiService: startScan uid=1000
06-06 14:41:35.667 479 806 I WifiService: startScan uid=1000
06-06 14:41:35.670 479 594 D GpioService: mFlickerEnable = true
06-06 14:41:35.717 2239 2239 I SogouIME: onKeyDown: keyoCode=20
06-06 14:41:35.717 2239 2239 I DefaultIMS: onKeyDown: keyoCode=20
06-06 14:41:35.722 315 2585 D XM_HIDREAD: poll ret=1, event=1
06-06 14:41:35.722 315 2585 D XM_HIDREAD: [9 bytes]:01 00 00 51 00 00 00 00 00
06-06 14:41:35.722 479 595 D TvWindowManager: key event key = KEYCODE_DPAD_DOWN down = true
06-06 14:41:35.732 479 594 D GpioService: mFlickerEnable = true
06-06 14:41:35.735 2239 2239 I SogouIME: onKeyUp: keyoCode=20
06-06 14:41:35.735 2239 2239 I DefaultIMS: onKeyUp: keyoCode=20
06-06 14:41:35.768 2621 2630 I bei.haqusettin: Background young concurrent copying GC freed 23709(1323KB) AllocSpace objects, 0(0B) LOS objects, 86% free, 3838KB/27MB, paused 1.597ms total 100.854ms
06-06 14:41:35.772 2621 2681 D skia : --- Failed to create image decoder with message 'unimplemented'
06-06 14:41:35.773 2621 2680 D skia : --- Failed to create image decoder with message 'unimplemented'
06-06 14:41:35.773 2621 2679 D skia : --- Failed to create image decoder with message 'unimplemented'
06-06 14:41:35.774 2621 2680 D skia : --- Failed to create image decoder with message 'unimplemented'
06-06 14:41:35.774 2621 2681 D skia : --- Failed to create image decoder with message 'unimplemented'
06-06 14:41:35.775 2621 2680 D skia : --- Failed to create image decoder with message 'unimplemented'
06-06 14:41:35.775 2621 2681 D skia : --- Failed to create image decoder with message 'unimplemented'
06-06 14:41:35.775 2621 2680 D skia : --- Failed to create image decoder with message 'unimplemented'
06-06 14:41:35.775 2621 2681 D skia : --- Failed to create image decoder with message 'unimplemented'
06-06 14:41:35.776 2621 2681 D skia : --- Failed to create image decoder with message 'unimplemented'
06-06 14:41:35.776 2621 2680 D skia : --- Failed to create image decoder with message 'unimplemented'
06-06 14:41:35.776 2621 2681 D skia : --- Failed to create image decoder with message 'unimplemented'
06-06 14:41:35.777 2621 2680 D skia : --- Failed to create image decoder with message 'unimplemented'
06-06 14:41:35.777 2621 2679 D skia : --- Failed to create image decoder with message 'unimplemented'
06-06 14:41:35.778 2621 2679 D skia : --- Failed to create image decoder with message 'unimplemented'
06-06 14:41:35.779 2621 2679 D skia : --- Failed to create image decoder with message 'unimplemented'
06-06 14:41:35.779 2621 2679 D skia : --- Failed to create image decoder with message 'unimplemented'
06-06 14:41:35.780 2621 2679 D skia : --- Failed to create image decoder with message 'unimplemented'
06-06 14:41:35.812 2239 2239 I DefaultIMS: onStartInput attribute=android.view.inputmethod.EditorInfo@8ab2e8d restarting=false inputType: 0
06-06 14:41:35.834 315 2585 D XM_HIDREAD: poll ret=1, event=1
06-06 14:41:35.834 315 2585 D XM_HIDREAD: [9 bytes]:01 00 00 00 00 00 00 00 00
06-06 14:41:35.834 479 595 D TvWindowManager: key event key = KEYCODE_DPAD_DOWN down = false
06-06 14:41:35.872 479 594 D GpioService: mFlickerEnable = true
06-06 14:41:35.874 2239 2239 I SogouIME: onKeyDown: keyoCode=20
06-06 14:41:35.874 2239 2239 I DefaultIMS: onKeyDown: keyoCode=20
06-06 14:41:35.879 2239 2239 I SogouIME: onKeyUp: keyoCode=20
06-06 14:41:35.879 2239 2239 I DefaultIMS: onKeyUp: keyoCode=20
06-06 14:41:35.887 285 445 W AudioFlinger: createTrack_l(): mismatch between requested flags (00000004) and output flags (00000002)
06-06 14:41:35.890 285 445 D AF::TrackHandle: OpPlayAudio: track:59 usage:13 not muted
06-06 14:41:35.893 479 621 D AudioTrack: createTrack_l(0): AUDIO_OUTPUT_FLAG_FAST denied by server; frameCount 0 -> 147456
06-06 14:41:35.895 2239 2239 I DefaultIMS: onStartInput attribute=android.view.inputmethod.EditorInfo@71ff842 restarting=false inputType: 0
06-06 14:41:36.015 202 212 I keystore2: keystore2::watchdog: Watchdog thread idle -> terminating. Have a great day.
06-06 14:41:36.103 1039 1074 E ccc : cccccc led current is 100 标准
06-06 14:41:36.108 1039 1074 E ccc : cccccc led current is 100 标准
06-06 14:41:36.100 1039 1039 I Binder:1039_3: type=1400 audit(0.0:1200): avc: denied { open } for path="/dev/__properties__/u:object_r:vendor_default_prop:s0" dev="tmpfs" ino=6521 scontext=u:r:system_app:s0 tcontext=u:object_r:vendor_default_prop:s0 tclass=file permissive=1
06-06 14:41:36.168 285 455 D AudioFlinger: mixer(0xeb89b140) throttle end: throttle time(7)
06-06 14:41:36.100 1039 1039 I Binder:1039_3: type=1400 audit(0.0:1201): avc: denied { getattr } for path="/dev/__properties__/u:object_r:vendor_default_prop:s0" dev="tmpfs" ino=6521 scontext=u:r:system_app:s0 tcontext=u:object_r:vendor_default_prop:s0 tclass=file permissive=1
06-06 14:41:36.100 1039 1039 I Binder:1039_3: type=1400 audit(0.0:1202): avc: denied { map } for path="/dev/__properties__/u:object_r:vendor_default_prop:s0" dev="tmpfs" ino=6521 scontext=u:r:system_app:s0 tcontext=u:object_r:vendor_default_prop:s0 tclass=file permissive=1
06-06 14:41:36.209 479 529 W IorapForwardingService: No service published for: iorapd
06-06 14:41:36.223 285 455 D AudioFlinger: mixer(0xeb89b140) throttle end: throttle time(7)
06-06 14:41:36.313 479 889 D BufferPoolAccessor2.0: bufferpool2 0xf3286018 : 0(0 size) total buffers - 0(0 size) used buffers - 1/7 (recycle/alloc) - 6/60 (fetch/transfer)
06-06 14:41:36.313 479 889 D BufferPoolAccessor2.0: evictor expired: 1, evicted: 1
06-06 14:41:36.315 388 749 D BufferPoolAccessor2.0: evictor expired: 6, evicted: 0
06-06 14:41:36.514 817 908 D BufferPoolAccessor2.0: evictor expired: 2, evicted: 0
06-06 14:41:37.034 1927 2052 D UtilLog : 日志批量上报 进行正常循环 !!!!!!本次有0次请求,共0条数据
06-06 14:41:37.212 479 529 W IorapForwardingService: No service published for: iorapd
06-06 14:41:37.313 479 889 D BufferPoolAccessor2.0: bufferpool2 0xf328ab18 : 0(0 size) total buffers - 0(0 size) used buffers - 2/7 (recycle/alloc) - 5/50 (fetch/transfer)
06-06 14:41:37.313 479 889 D BufferPoolAccessor2.0: bufferpool2 0xf399ec98 : 0(0 size) total buffers - 0(0 size) used buffers - 2/7 (recycle/alloc) - 5/42 (fetch/transfer)
06-06 14:41:37.313 479 889 D BufferPoolAccessor2.0: evictor expired: 8, evicted: 2
06-06 14:41:37.315 388 749 D BufferPoolAccessor2.0: bufferpool2 0xf6167dd8 : 0(0 size) total buffers - 0(0 size) used buffers - 26/28 (recycle/alloc) - 2/27 (fetch/transfer)
06-06 14:41:37.315 388 749 D BufferPoolAccessor2.0: bufferpool2 0xf6168558 : 0(0 size) total buffers - 0(0 size) used buffers - 20/23 (recycle/alloc) - 3/22 (fetch/transfer)
06-06 14:41:37.316 388 749 D BufferPoolAccessor2.0: bufferpool2 0xf6168418 : 0(0 size) total buffers - 0(0 size) used buffers - 15/19 (recycle/alloc) - 4/18 (fetch/transfer)
06-06 14:41:37.316 388 749 D BufferPoolAccessor2.0: evictor expired: 3, evicted: 3
06-06 14:41:37.467 479 991 W ZramWriteback: Writeback device is not set
06-06 14:41:37.468 479 991 D ZramWriteback: wait to flush
06-06 14:41:37.482 479 756 D SntpClient: request time failed: java.net.SocketTimeoutException: Poll timed out
06-06 14:41:37.483 479 756 D SntpClient: request time failed
06-06 14:41:37.512 479 806 D WifiNl80211Manager: Scan result ready event
06-06 14:41:37.513 479 806 D WifiNative: Scan result ready event
06-06 14:41:37.564 479 610 D WificondScannerImpl: Filtering out 17 scan results.
06-06 14:41:37.584 1095 1095 E hq : NetWorkStateReceiver:::NetWorkStateReceiver onReceive: 网络变化广播 >>>> intent.action=android.net.wifi.SCAN_RESULTS
06-06 14:41:37.584 2621 2678 E ccc : cccccc SCAN_RESULTS_AVAILABLE_ACTION hhhh
06-06 14:41:37.597 659 659 E WifiHAL : wifi_get_link_stats: requestResponse Error:-5
06-06 14:41:37.602 479 606 E WifiVendorHal: getWifiLinkLayerStats_1_5_Internal(l.1191) failed {.code = ERROR_INVALID_ARGS, .description = }
06-06 14:41:37.580 2138 2138 I locHandlerThrea: type=1400 audit(0.0:1203): avc: denied { lock } for path="/data/user/0/com.dangbei.screencast/files/TDCloud_Control_Cache_Param4" dev="mmcblk0p25" ino=2122 scontext=u:r:platform_app:s0:c512,c768 tcontext=u:object_r:app_data_file:s0:c512,c768 tclass=file permissive=1 app=com.dangbei.screencast
06-06 14:41:37.629 479 756 D SntpClient: round trip: 85ms, clock offset: 327ms
06-06 14:41:37.620 2138 2138 I pool-5-thread-1: type=1400 audit(0.0:1204): avc: denied { getattr } for path="/data/user/0/com.dangbei.screencast/files/__database_reborn_January_one__/td_database2SaaS" dev="mmcblk0p25" ino=2170 scontext=u:r:platform_app:s0:c512,c768 tcontext=u:object_r:app_data_file:s0:c512,c768 tclass=dir permissive=1 app=com.dangbei.screencast
06-06 14:41:37.664 285 455 D AudioFlinger: mixer(0xeb89b140) throttle end: throttle time(9)
06-06 14:41:37.667 1095 1095 W eventbuscore: post Event:com.dangbei.leard.base.entity.event.NetWifiRssiEvent
06-06 14:41:37.620 2138 2138 I pool-5-thread-1: type=1400 audit(0.0:1205): avc: denied { write } for name="td_database2SaaS" dev="mmcblk0p25" ino=2170 scontext=u:r:platform_app:s0:c512,c768 tcontext=u:object_r:app_data_file:s0:c512,c768 tclass=dir permissive=1 app=com.dangbei.screencast
06-06 14:41:37.718 659 659 E WifiHAL : wifi_get_link_stats: requestResponse Error:-5
06-06 14:41:37.720 479 606 E WifiVendorHal: getWifiLinkLayerStats_1_5_Internal(l.1191) failed {.code = ERROR_INVALID_ARGS, .description = }
06-06 14:41:37.620 2138 2138 I pool-5-thread-1: type=1400 audit(0.0:1206): avc: denied { add_name } for name="1749192097614_2138" scontext=u:r:platform_app:s0:c512,c768 tcontext=u:object_r:app_data_file:s0:c512,c768 tclass=dir permissive=1 app=com.dangbei.screencast
06-06 14:41:37.620 2138 2138 I pool-5-thread-1: type=1400 audit(0.0:1207): avc: denied { create } for name="1749192097614_2138" scontext=u:r:platform_app:s0:c512,c768 tcontext=u:object_r:app_data_file:s0:c512,c768 tclass=file permissive=1 app=com.dangbei.screencast
06-06 14:41:37.795 285 455 D AudioFlinger: mixer(0xeb89b140) throttle end: throttle time(10)
06-06 14:41:37.796 479 595 D TvWindowManager: key event key = KEYCODE_DPAD_DOWN down = true
06-06 14:41:37.796 315 2585 D XM_HIDREAD: poll ret=1, event=1
06-06 14:41:37.796 315 2585 D XM_HIDREAD: [9 bytes]:01 00 00 51 00 00 00 00 00
06-06 14:41:37.620 2138 2138 I pool-5-thread-1: type=1400 audit(0.0:1208): avc: denied { open } for path="/data/user/0/com.dangbei.screencast/files/__database_reborn_January_one__/td_database2SaaS/1749192097614_2138" dev="mmcblk0p25" ino=8593 scontext=u:r:platform_app:s0:c512,c768 tcontext=u:object_r:app_data_file:s0:c512,c768 tclass=file permissive=1 app=com.dangbei.screencast
06-06 14:41:37.803 479 594 D GpioService: mFlickerEnable = true
06-06 14:41:37.804 479 1064 E TaskPersister: File error accessing recents directory (directory doesn't exist?).
06-06 14:41:37.824 285 455 D AudioFlinger: mixer(0xeb89b140) throttle end: throttle time(3)
06-06 14:41:37.901 479 496 I system_server: Background young concurrent copying GC freed 170577(8651KB) AllocSpace objects, 30(1144KB) LOS objects, 44% free, 11MB/20MB, paused 544us total 308.481ms
06-06 14:41:37.906 479 498 W System : A resource failed to call release.
06-06 14:41:37.945 479 594 D GpioService: mFlickerEnable = true
06-06 14:41:37.947 2239 2239 I SogouIME: onKeyDown: keyoCode=20
06-06 14:41:37.947 2239 2239 I DefaultIMS: onKeyDown: keyoCode=20
06-06 14:41:37.968 2239 2239 I DefaultIMS: onStartInput attribute=android.view.inputmethod.EditorInfo@b4d0053 restarting=false inputType: 0
06-06 14:41:37.994 315 2585 D XM_HIDREAD: poll ret=1, event=1
06-06 14:41:37.994 315 2585 D XM_HIDREAD: [9 bytes]:01 00 00 00 00 00 00 00 00
06-06 14:41:37.994 479 595 D TvWindowManager: key event key = KEYCODE_DPAD_DOWN down = false
06-06 14:41:37.997 2239 2239 I SogouIME: onKeyUp: keyoCode=20
06-06 14:41:37.997 2239 2239 I DefaultIMS: onKeyUp: keyoCode=20
06-06 14:41:38.213 479 529 W IorapForwardingService: No service published for: iorapd
06-06 14:41:38.328 2689 2689 I Thread-2: type=1400 audit(0.0:1209): avc: denied { execute } for name="am" dev="dm-1" ino=1160 scontext=u:r:system_app:s0 tcontext=u:object_r:vendor_file:s0 tclass=file permissive=1
06-06 14:41:38.513 2689 2689 W audit : audit_lost=702 audit_rate_limit=5 audit_backlog_limit=64
06-06 14:41:38.522 2689 2689 E audit : rate limit exceeded
06-06 14:41:38.377 315 2585 D XM_HIDREAD: poll ret=1, event=1
06-06 14:41:38.377 315 2585 D XM_HIDREAD: [9 bytes]:01 00 00 51 00 00 00 00 00
06-06 14:41:38.377 479 595 D TvWindowManager: key event key = KEYCODE_DPAD_DOWN down = true
06-06 14:41:38.392 479 594 D GpioService: mFlickerEnable = true
06-06 14:41:38.435 1121 1121 D aaa : LedStatusService onStartCommand begin
06-06 14:41:38.438 1164 1164 D bbb : onStartCommand begin !!!!!!! data分区剩余 24691MB
06-06 14:41:38.438 1121 2697 D aaa : topPkg is -------------- :com.dangbei.haqusetting
06-06 14:41:38.527 479 594 D GpioService: mFlickerEnable = true
06-06 14:41:38.529 2239 2239 I SogouIME: onKeyDown: keyoCode=20
06-06 14:41:38.529 2239 2239 I DefaultIMS: onKeyDown: keyoCode=20
06-06 14:41:38.545 315 2585 D XM_HIDREAD: poll ret=1, event=1
06-06 14:41:38.545 315 2585 D XM_HIDREAD: [9 bytes]:01 00 00 00 00 00 00 00 00
06-06 14:41:38.546 479 595 D TvWindowManager: key event key = KEYCODE_DPAD_DOWN down = false
06-06 14:41:38.547 2239 2239 I DefaultIMS: onStartInput attribute=android.view.inputmethod.EditorInfo@9149d90 restarting=false inputType: 0
06-06 14:41:38.548 2239 2239 I SogouIME: onKeyUp: keyoCode=20
06-06 14:41:38.548 2239 2239 I DefaultIMS: onKeyUp: keyoCode=20
06-06 14:41:38.739 1039 1053 E ccc : cccccc UpdateHelper onMessageReceived com.dangbei.haqusetting com.dangbei.etna.update {"action":"get","functionTag":"leaf_controller_function_controller_dangbei_update","value":0} com.dangbei.lerad.etna.aidl.IEtnaAidlCallback$Stub$Proxy@82054eb
06-06 14:41:38.740 1039 1055 E ccc : cccccc UpdateHelper onMessageReceived com.dangbei.haqusetting com.dangbei.etna.update {"action":"get","functionTag":"leaf_controller_function_controller_dangbei_update","value":0} com.dangbei.lerad.etna.aidl.IEtnaAidlCallback$Stub$Proxy@865f248
06-06 14:41:38.741 1039 1053 E ccc : cccccc 缓存获取遥控器版本 DB-15B-H5-R0111
06-06 14:41:38.743 1039 1055 E ccc : cccccc 缓存获取遥控器版本 DB-15B-H5-R0111
06-06 14:41:38.745 1039 1053 E ccc : cccccc 请求电量缓存 90
06-06 14:41:38.751 1039 1053 E ccc : cccccc UpdateHelper onMessageReceived com.dangbei.haqusetting com.dangbei.etna.update {"action":"get","functionTag":"leaf_controller_function_controller_dangbei_update","value":0} com.dangbei.lerad.etna.aidl.IEtnaAidlCallback$Stub$Proxy@eea48e1
06-06 14:41:38.752 1039 1053 E ccc : cccccc 缓存获取遥控器版本 DB-15B-H5-R0111
06-06 14:41:39.215 479 529 W IorapForwardingService: No service published for: iorapd
06-06 14:41:39.445 315 2585 D XM_HIDREAD: poll ret=1, event=1
06-06 14:41:39.445 315 2585 D XM_HIDREAD: [9 bytes]:01 00 00 50 00 00 00 00 00
06-06 14:41:39.445 479 595 D TvWindowManager: key event key = KEYCODE_DPAD_LEFT down = true
06-06 14:41:39.450 479 594 D GpioService: mFlickerEnable = true
06-06 14:41:39.451 2239 2239 I SogouIME: onKeyDown: keyoCode=21
06-06 14:41:39.451 2239 2239 I DefaultIMS: onKeyDown: keyoCode=21
06-06 14:41:39.461 2239 2239 I DefaultIMS: onStartInput attribute=android.view.inputmethod.EditorInfo@3292689 restarting=false inputType: 0
06-06 14:41:39.625 315 2585 D XM_HIDREAD: poll ret=1, event=1
06-06 14:41:39.626 315 2585 D XM_HIDREAD: [9 bytes]:01 00 00 00 00 00 00 00 00
06-06 14:41:39.626 479 595 D TvWindowManager: key event key = KEYCODE_DPAD_LEFT down = false
06-06 14:41:39.628 2239 2239 I SogouIME: onKeyUp: keyoCode=21
06-06 14:41:39.629 2239 2239 I DefaultIMS: onKeyUp: keyoCode=21
06-06 14:41:40.087 315 2585 D XM_HIDREAD: poll ret=1, event=1
06-06 14:41:40.088 315 2585 D XM_HIDREAD: [9 bytes]:01 00 00 51 00 00 00 00 00
06-06 14:41:40.088 479 595 D TvWindowManager: key event key = KEYCODE_DPAD_DOWN down = true
06-06 14:41:40.098 479 594 D GpioService: mFlickerEnable = true
06-06 14:41:40.217 479 529 W IorapForwardingService: No service published for: iorapd
06-06 14:41:40.238 479 594 D GpioService: mFlickerEnable = true
06-06 14:41:40.239 2239 2239 I SogouIME: onKeyDown: keyoCode=20
06-06 14:41:40.239 2239 2239 I DefaultIMS: onKeyDown: keyoCode=20
06-06 14:41:40.245 315 2585 D XM_HIDREAD: poll ret=1, event=1
06-06 14:41:40.245 315 2585 D XM_HIDREAD: [9 bytes]:01 00 00 00 00 00 00 00 00
06-06 14:41:40.246 479 595 D TvWindowManager: key event key = KEYCODE_DPAD_DOWN down = false
06-06 14:41:40.251 2239 2239 I SogouIME: onKeyUp: keyoCode=20
06-06 14:41:40.251 2239 2239 I DefaultIMS: onKeyUp: keyoCode=20
06-06 14:41:40.253 2239 2239 I DefaultIMS: onStartInput attribute=android.view.inputmethod.EditorInfo@939568e restarting=false inputType: 0
06-06 14:41:40.368 315 2585 D XM_HIDREAD: poll ret=1, event=1
06-06 14:41:40.368 315 2585 D XM_HIDREAD: [9 bytes]:01 00 00 51 00 00 00 00 00
06-06 14:41:40.368 479 595 D TvWindowManager: key event key = KEYCODE_DPAD_DOWN down = true
06-06 14:41:40.378 479 594 D GpioService: mFlickerEnable = true
06-06 14:41:40.503 315 2585 D XM_HIDREAD: poll ret=1, event=1
06-06 14:41:40.503 315 2585 D XM_HIDREAD: [9 bytes]:01 00 00 00 00 00 00 00 00
06-06 14:41:40.504 479 595 D TvWindowManager: key event key = KEYCODE_DPAD_DOWN down = false
06-06 14:41:40.518 479 594 D GpioService: mFlickerEnable = true
06-06 14:41:40.520 2239 2239 I SogouIME: onKeyDown: keyoCode=20
06-06 14:41:40.520 2239 2239 I DefaultIMS: onKeyDown: keyoCode=20
06-06 14:41:40.524 2239 2239 I SogouIME: onKeyUp: keyoCode=20
06-06 14:41:40.525 2239 2239 I DefaultIMS: onKeyUp: keyoCode=20
06-06 14:41:40.552 2239 2239 I DefaultIMS: onStartInput attribute=android.view.inputmethod.EditorInfo@59d4eaf restarting=false inputType: 0
06-06 14:41:40.605 315 2585 D XM_HIDREAD: poll ret=1, event=1
06-06 14:41:40.605 315 2585 D XM_HIDREAD: [9 bytes]:01 00 00 51 00 00 00 00 00
06-06 14:41:40.606 479 595 D TvWindowManager: key event key = KEYCODE_DPAD_DOWN down = true
06-06 14:41:40.610 479 594 D GpioService: mFlickerEnable = true
06-06 14:41:40.718 315 2585 D XM_HIDREAD: poll ret=1, event=1
06-06 14:41:40.718 315 2585 D XM_HIDREAD: [9 bytes]:01 00 00 00 00 00 00 00 00
06-06 14:41:40.718 479 595 D TvWindowManager: key event key = KEYCODE_DPAD_DOWN down = false
06-06 14:41:40.756 479 594 D GpioService: mFlickerEnable = true
06-06 14:41:40.758 2239 2239 I SogouIME: onKeyDown: keyoCode=20
06-06 14:41:40.758 2239 2239 I DefaultIMS: onKeyDown: keyoCode=20
06-06 14:41:40.767 2239 2239 I SogouIME: onKeyUp: keyoCode=20
06-06 14:41:40.768 2239 2239 I DefaultIMS: onKeyUp: keyoCode=20
06-06 14:41:40.770 2239 2239 I DefaultIMS: onStartInput attribute=android.view.inputmethod.EditorInfo@c4e02bc restarting=false inputType: 0
06-06 14:41:40.780 659 659 E WifiHAL : wifi_get_link_stats: requestResponse Error:-5
06-06 14:41:40.783 479 606 E WifiVendorHal: getWifiLinkLayerStats_1_5_Internal(l.1191) failed {.code = ERROR_INVALID_ARGS, .description = }
06-06 14:41:41.219 479 529 W IorapForwardingService: No service published for: iorapd
06-06 14:41:41.482 2138 2147 I gbei.screencas: Background concurrent copying GC freed 60483(6665KB) AllocSpace objects, 23(604KB) LOS objects, 49% free, 5791KB/11MB, paused 139us total 155.121ms
06-06 14:41:42.033 264 294 D hdmi-cec: receive invalid cec message!
06-06 14:41:42.034 264 294 D hdmi-cec: receive poll message [04], skip!
06-06 14:41:42.157 315 2585 D XM_HIDREAD: poll ret=1, event=1
06-06 14:41:42.157 315 2585 D XM_HIDREAD: [9 bytes]:01 00 00 29 00 00 00 00 00
06-06 14:41:42.158 479 595 D TvWindowManager: key event key = KEYCODE_BACK down = true
06-06 14:41:42.167 479 594 D GpioService: mFlickerEnable = true
06-06 14:41:42.222 479 529 W IorapForwardingService: No service published for: iorapd
06-06 14:41:42.292 315 2585 D XM_HIDREAD: poll ret=1, event=1
06-06 14:41:42.292 315 2585 D XM_HIDREAD: [9 bytes]:01 00 00 00 00 00 00 00 00
06-06 14:41:42.293 479 595 D TvWindowManager: key event key = KEYCODE_BACK down = false
06-06 14:41:42.294 479 528 D AutofillManagerService: onBackKeyPressed()
06-06 14:41:42.295 479 528 D AutofillManagerServiceImpl: Reset component for user 0:
06-06 14:41:42.296 479 528 D AutofillUI: destroySaveUiUiThread(): already destroyed
06-06 14:41:42.309 479 594 D GpioService: mFlickerEnable = true
06-06 14:41:42.310 2239 2239 I SogouIME: onKeyDown: keyoCode=4
06-06 14:41:42.310 2239 2239 I DefaultIMS: onKeyDown: keyoCode=4
06-06 14:41:42.312 2239 2239 I SogouIME: onKeyUp: keyoCode=4
06-06 14:41:42.312 2239 2239 I DefaultIMS: onKeyUp: keyoCode=4
06-06 14:41:42.315 479 579 D TvWindowManager: key event key = KEYCODE_DPAD_RIGHT down = true
06-06 14:41:42.322 285 445 W AudioFlinger: createTrack_l(): mismatch between requested flags (00000004) and output flags (00000002)
06-06 14:41:42.325 285 445 D AF::TrackHandle: OpPlayAudio: track:60 usage:1 not muted
06-06 14:41:42.328 479 579 D AudioTrack: createTrack_l(35): AUDIO_OUTPUT_FLAG_FAST denied by server; frameCount 0 -> 6912
06-06 14:41:42.331 479 594 D GpioService: mFlickerEnable = true
06-06 14:41:42.332 2239 2239 I SogouIME: onKeyDown: keyoCode=22
06-06 14:41:42.332 2239 2239 I DefaultIMS: onKeyDown: keyoCode=22
06-06 14:41:42.336 479 579 D TvWindowManager: key event key = KEYCODE_DPAD_RIGHT down = false
06-06 14:41:42.338 2239 2239 I DefaultIMS: onStartInput attribute=android.view.inputmethod.EditorInfo@b74a245 restarting=false inputType: 0
06-06 14:41:42.338 2239 2239 I SogouIME: onKeyUp: keyoCode=22
06-06 14:41:42.338 2239 2239 I DefaultIMS: onKeyUp: keyoCode=22
06-06 14:41:42.989 315 2585 D XM_HIDREAD: poll ret=1, event=1
06-06 14:41:42.989 315 2585 D XM_HIDREAD: [9 bytes]:01 00 00 52 00 00 00 00 00
06-06 14:41:42.989 479 595 D TvWindowManager: key event key = KEYCODE_DPAD_UP down = true
06-06 14:41:42.991 1786 2116 E ServerInterface: Server timed out
06-06 14:41:42.991 1786 2116 E ServerInterface: java.net.SocketTimeoutException: failed to connect to remoteprovisioning.googleapis.com/142.250.217.106 (port 443) from /192.168.3.115 (port 47724) after 5000ms
06-06 14:41:42.991 1786 2116 E ServerInterface: at libcore.io.IoBridge.connectErrno(IoBridge.java:236)
06-06 14:41:42.991 1786 2116 E ServerInterface: at libcore.io.IoBridge.connect(IoBridge.java:180)
06-06 14:41:42.991 1786 2116 E ServerInterface: at java.net.PlainSocketImpl.socketConnect(PlainSocketImpl.java:142)
06-06 14:41:42.991 1786 2116 E ServerInterface: at java.net.AbstractPlainSocketImpl.doConnect(AbstractPlainSocketImpl.java:390)
06-06 14:41:42.991 1786 2116 E ServerInterface: at java.net.AbstractPlainSocketImpl.connectToAddress(AbstractPlainSocketImpl.java:230)
06-06 14:41:42.991 1786 2116 E ServerInterface: at java.net.AbstractPlainSocketImpl.connect(AbstractPlainSocketImpl.java:212)
06-06 14:41:42.991 1786 2116 E ServerInterface: at java.net.SocksSocketImpl.connect(SocksSocketImpl.java:436)
06-06 14:41:42.991 1786 2116 E ServerInterface: at java.net.Socket.connect(Socket.java:621)
06-06 14:41:42.991 1786 2116 E ServerInterface: at com.android.okhttp.internal.Platform.connectSocket(Platform.java:182)
06-06 14:41:42.991 1786 2116 E ServerInterface: at com.android.okhttp.internal.io.RealConnection.connectSocket(RealConnection.java:145)
06-06 14:41:42.991 1786 2116 E ServerInterface: at com.android.okhttp.internal.io.RealConnection.connect(RealConnection.java:116)
06-06 14:41:42.991 1786 2116 E ServerInterface: at com.android.okhttp.internal.http.StreamAllocation.findConnection(StreamAllocation.java:186)
06-06 14:41:42.991 1786 2116 E ServerInterface: at com.android.okhttp.internal.http.StreamAllocation.findHealthyConnection(StreamAllocation.java:128)
06-06 14:41:42.991 1786 2116 E ServerInterface: at com.android.okhttp.internal.http.StreamAllocation.newStream(StreamAllocation.java:97)
06-06 14:41:42.991 1786 2116 E ServerInterface: at com.android.okhttp.internal.http.HttpEngine.connect(HttpEngine.java:289)
06-06 14:41:42.991 1786 2116 E ServerInterface: at com.android.okhttp.internal.http.HttpEngine.sendRequest(HttpEngine.java:232)
06-06 14:41:42.991 1786 2116 E ServerInterface: at com.android.okhttp.internal.huc.HttpURLConnectionImpl.execute(HttpURLConnectionImpl.java:465)
06-06 14:41:42.991 1786 2116 E ServerInterface: at com.android.okhttp.internal.huc.HttpURLConnectionImpl.connect(HttpURLConnectionImpl.java:131)
06-06 14:41:42.991 1786 2116 E ServerInterface: at com.android.okhttp.internal.huc.HttpURLConnectionImpl.getOutputStream(HttpURLConnectionImpl.java:262)
06-06 14:41:42.991 1786 2116 E ServerInterface: at com.android.okhttp.internal.huc.DelegatingHttpsURLConnection.getOutputStream(DelegatingHttpsURLConnection.java:219)
06-06 14:41:42.991 1786 2116 E ServerInterface: at com.android.okhttp.internal.huc.HttpsURLConnectionImpl.getOutputStream(HttpsURLConnectionImpl.java:30)
06-06 14:41:42.991 1786 2116 E ServerInterface: at com.android.remoteprovisioner.ServerInterface.fetchGeek(ServerInterface.java:120)
06-06 14:41:42.991 1786 2116 E ServerInterface: at com.android.remoteprovisioner.PeriodicProvisioner$ProvisionerThread.run(PeriodicProvisioner.java:135)
06-06 14:41:42.991 1786 2116 E RemoteProvisioningService: Failed to get a response from the server.
06-06 14:41:42.991 1786 2116 E RemoteProvisioningService: Too many failures, resetting defaults.
06-06 14:41:42.995 479 594 D GpioService: mFlickerEnable = true
06-06 14:41:42.997 2239 2239 I SogouIME: onKeyDown: keyoCode=19
06-06 14:41:42.997 2239 2239 I DefaultIMS: onKeyDown: keyoCode=19
06-06 14:41:43.026 2239 2239 I DefaultIMS: onStartInput attribute=android.view.inputmethod.EditorInfo@784d9a restarting=false inputType: 0
06-06 14:41:43.136 315 2585 D XM_HIDREAD: poll ret=1, event=1
06-06 14:41:43.136 315 2585 D XM_HIDREAD: [9 bytes]:01 00 00 00 00 00 00 00 00
06-06 14:41:43.136 479 595 D TvWindowManager: key event key = KEYCODE_DPAD_UP down = false
06-06 14:41:43.139 2239 2239 I SogouIME: onKeyUp: keyoCode=19
06-06 14:41:43.139 2239 2239 I DefaultIMS: onKeyUp: keyoCode=19
06-06 14:41:43.225 479 529 W IorapForwardingService: No service published for: iorapd
06-06 14:41:43.394 315 2585 D XM_HIDREAD: poll ret=1, event=1
06-06 14:41:43.394 315 2585 D XM_HIDREAD: [9 bytes]:01 00 00 28 00 00 00 00 00
06-06 14:41:43.395 479 595 D TvWindowManager: key event key = KEYCODE_DPAD_CENTER down = true
06-06 14:41:43.401 479 594 D GpioService: mFlickerEnable = true
06-06 14:41:43.495 315 2585 D XM_HIDREAD: poll ret=1, event=1
06-06 14:41:43.495 315 2585 D XM_HIDREAD: [9 bytes]:01 00 00 00 00 00 00 00 00
06-06 14:41:43.495 479 595 D TvWindowManager: key event key = KEYCODE_DPAD_CENTER down = false
06-06 14:41:43.546 479 594 D GpioService: mFlickerEnable = true
06-06 14:41:43.548 2239 2239 I SogouIME: onKeyDown: keyoCode=23
06-06 14:41:43.548 2239 2239 I DefaultIMS: onKeyDown: keyoCode=23
06-06 14:41:43.550 2239 2239 I SogouIME: onKeyUp: keyoCode=23
06-06 14:41:43.550 2239 2239 I DefaultIMS: onKeyUp: keyoCode=23
06-06 14:41:43.552 479 806 D TvWindowManager: key event key = KEYCODE_DPAD_LEFT down = true
06-06 14:41:43.558 479 594 D GpioService: mFlickerEnable = true
06-06 14:41:43.559 2239 2239 I SogouIME: onKeyDown: keyoCode=21
06-06 14:41:43.560 2239 2239 I DefaultIMS: onKeyDown: keyoCode=21
06-06 14:41:43.566 479 579 D TvWindowManager: key event key = KEYCODE_DPAD_LEFT down = false
06-06 14:41:43.567 2239 2239 I DefaultIMS: onStartInput attribute=android.view.inputmethod.EditorInfo@9fa26cb restarting=false inputType: 0
06-06 14:41:43.568 2239 2239 I SogouIME: onKeyUp: keyoCode=21
06-06 14:41:43.568 2239 2239 I DefaultIMS: onKeyUp: keyoCode=21
06-06 14:41:43.797 659 659 E WifiHAL : wifi_get_link_stats: requestResponse Error:-5
06-06 14:41:43.799 479 606 E WifiVendorHal: getWifiLinkLayerStats_1_5_Internal(l.1191) failed {.code = ERROR_INVALID_ARGS, .description = }
06-06 14:41:43.815 479 537 I ActivityManager: Killing 1417:com.android.dynsystem/1000 (adj 985): empty #17
06-06 14:41:43.836 479 590 D CompatibilityChangeReporter: Compat change id reported: 168419799; UID 10022; state: DISABLED
06-06 14:41:43.840 479 606 E WifiHealthMonitor: Hit PackageManager exception
06-06 14:41:43.840 479 606 E WifiHealthMonitor: android.content.pm.PackageManager$NameNotFoundException: No module info for package: com.android.wifi
06-06 14:41:43.840 479 606 E WifiHealthMonitor: at android.app.ApplicationPackageManager.getModuleInfo(ApplicationPackageManager.java:1079)
06-06 14:41:43.840 479 606 E WifiHealthMonitor: at com.android.server.wifi.WifiHealthMonitor.getWifiStackVersion(WifiHealthMonitor.java:366)
06-06 14:41:43.840 479 606 E WifiHealthMonitor: at com.android.server.wifi.WifiHealthMonitor.extractCurrentSoftwareBuildInfo(WifiHealthMonitor.java:587)
06-06 14:41:43.840 479 606 E WifiHealthMonitor: at com.android.server.wifi.WifiHealthMonitor.postBootSwBuildCheck(WifiHealthMonitor.java:522)
06-06 14:41:43.840 479 606 E WifiHealthMonitor: at com.android.server.wifi.WifiHealthMonitor.postBootDetectionHandler(WifiHealthMonitor.java:513)
06-06 14:41:43.840 479 606 E WifiHealthMonitor: at com.android.server.wifi.WifiHealthMonitor.access$500(WifiHealthMonitor.java:71)
06-06 14:41:43.840 479 606 E WifiHealthMonitor: at com.android.server.wifi.WifiHealthMonitor$2.onAlarm(WifiHealthMonitor.java:190)
06-06 14:41:43.840 479 606 E WifiHealthMonitor: at android.app.AlarmManager$ListenerWrapper.run(AlarmManager.java:323)
06-06 14:41:43.840 479 606 E WifiHealthMonitor: at android.os.Handler.handleCallback(Handler.java:938)
06-06 14:41:43.840 479 606 E WifiHealthMonitor: at android.os.Handler.dispatchMessage(Handler.java:99)
06-06 14:41:43.840 479 606 E WifiHealthMonitor: at android.os.Looper.loopOnce(Looper.java:201)
06-06 14:41:43.840 479 606 E WifiHealthMonitor: at android.os.Looper.loop(Looper.java:288)
06-06 14:41:43.840 479 606 E WifiHealthMonitor: at android.os.HandlerThread.run(HandlerThread.java:67)
06-06 14:41:43.842 659 659 E WifiHAL : wifi_get_driver_version: Error -5 happened.
06-06 14:41:43.842 659 659 E android.hardware.wifi@1.0-service-lazy: Failed to get driver version: INVALID_ARGS
06-06 14:41:43.843 479 606 E WifiVendorHal: requestChipDebugInfo(l.2167) failed {.code = ERROR_INVALID_ARGS, .description = failed to get driver version}
06-06 14:41:43.843 479 606 I WifiVendorHal: Driver: null Firmware: null
06-06 14:41:43.844 659 659 E WifiHAL : wifi_get_driver_version: Error -5 happened.
06-06 14:41:43.844 659 659 E android.hardware.wifi@1.0-service-lazy: Failed to get driver version: INVALID_ARGS
06-06 14:41:43.845 479 606 E WifiVendorHal: requestChipDebugInfo(l.2167) failed {.code = ERROR_INVALID_ARGS, .description = failed to get driver version}
06-06 14:41:43.846 479 606 I WifiVendorHal: Driver: null Firmware: null
06-06 14:41:43.848 1752 2704 D EpgDataCleanupService: Received intent: Intent { act=com.android.providers.tv.intent.CLEAN_UP_EPG_DATA cmp=com.android.providers.tv/.EpgDataCleanupService }
06-06 14:41:43.851 241 241 I Zygote : Process 1417 exited due to signal 9 (Killed)
06-06 14:41:43.851 240 240 I netd : trafficSwapActiveStatsMap() <24.29ms>
06-06 14:41:43.862 479 539 I libprocessgroup: Successfully killed process cgroup uid 1000 pid 1417 in 45ms
06-06 14:41:43.868 479 579 I ActivityManager: Killing 1492:com.android.managedprovisioning/u0a14 (adj 985): empty #17
06-06 14:41:43.869 479 579 I ActivityManager: Killing 1298:com.android.localtransport/1000 (adj 995): empty #18
06-06 14:41:43.875 240 240 I netd : tetherGetStats() -> {[]} <8.37ms>
06-06 14:41:43.889 479 806 I ActivityManager: Killing 1483:com.android.dynsystem:dynsystem/1000 (adj 985): empty #17
