06-06 14:41:18.816 1095 1095 E SecondScreen: isShowSecondScreen()=0 getCurrentPageState()=com.monster.gamma.core.LoadService@770552e
06-06 14:41:18.816 1927 2039 I TDLog : TalkingData App Analytics SDK init...
06-06 14:41:18.816 1927 2039 I TDLog : SDK_VERSION is: Android+TD+V4.0.22 gp Type:Native Build_Num:712
06-06 14:41:18.816 1927 2039 I TDLog : App ID is: 219DEBE67C3B47D799EED1190DEACA09
06-06 14:41:18.816 1927 2039 I TDLog : App Channel is: statisticSDK
06-06 14:41:18.816 1927 2039 I TDLog : SDK_OVC is: TDOVC+a004ba0d7e569531a3ac013fd19b4443+SaaS
06-06 14:41:18.819 1979 2102 D ContactsDatabaseHelper: WAL enabled for profile.db: true
06-06 14:41:18.877 479 1618 D CompatibilityChangeReporter: Compat change id reported: 135634846; UID 10036; state: DISABLED
06-06 14:41:18.878 479 538 D CompatibilityChangeReporter: Compat change id reported: 143937733; UID 10036; state: DISABLED
06-06 14:41:19.044 1081 1081 E sprdwl : reorder_msdu_process: BA SESSION IS NO ACTIVE sta_lut_index: 6, tid: 0
06-06 14:41:18.901 241 241 D Zygote : Forked child process 2239
06-06 14:41:18.907 479 538 I ActivityManager: app.processName = com.sohu.inputmethod.sogou.tv
06-06 14:41:18.907 479 538 I ActivityManager: Start proc 2239:com.sohu.inputmethod.sogou.tv/u0a36 for service {com.sohu.inputmethod.sogou.tv/com.sohu.inputmethod.sogou.tv.SogouIME}
06-06 14:41:18.928 2239 2239 I Zygote : seccomp disabled by setenforce 0
06-06 14:41:18.936 1095 1350 E hq : WeatherRefresh:::请求网络地址后,更新的地理位置为:101280601
06-06 14:41:18.941 1095 1338 E hq : WeatherRefresh:::请求网络地址后,更新的地理位置为:101280601
06-06 14:41:18.971 400 419 I adbd : jdwp connection from 2239
06-06 14:41:19.134 294 294 W audit : audit_lost=605 audit_rate_limit=5 audit_backlog_limit=64
06-06 14:41:19.153 294 294 E audit : rate limit exceeded
06-06 14:41:19.040 479 806 D CompatibilityChangeReporter: Compat change id reported: 168419799; UID 10036; state: DISABLED
06-06 14:41:19.057 2138 2232 I crashsdk: version unique build id: 6230cced
06-06 14:41:19.075 1927 2026 I CameraManagerGlobal: Connecting to camera service
06-06 14:41:19.079 2138 2232 I crashsdk: begin hack android.os.Process
06-06 14:41:19.079 2138 2232 I crashsdk: end hack android.os.Process
06-06 14:41:19.088 479 806 W ActivityManager: Slow operation: 54ms so far, now at attachApplicationLocked: after mServices.attachApplicationLocked
06-06 14:41:19.093 2138 2260 D crashsdk: Native log stat thread 2260 setup, waiting
06-06 14:41:19.110 2239 2239 D CompatibilityChangeReporter: Compat change id reported: 171979766; UID 10036; state: DISABLED
06-06 14:41:19.123 1095 1095 E martin : 组件:2025-06-06
06-06 14:41:19.124 1095 1095 E weatherWidget: dataChange:Fri Jun 06 14:41:19 GMT+08:00 2025
06-06 14:41:19.135 1095 1338 E hq : ErrorCoroutineExceptionHandler:::runTry error:com.dangbei.leard.base.proider.error.EmptyApiException: 数据为空 from=requestGetMessageRemind from=requestGetMessageRemind
06-06 14:41:19.164 2239 2239 D ApplicationLoaders: Returning zygote-cached class loader: /system/framework/android.test.base.jar
06-06 14:41:19.164 2239 2239 D ApplicationLoaders: Returning zygote-cached class loader: /system/framework/android.hidl.manager-V1.0-java.jar
06-06 14:41:19.164 2239 2239 D ApplicationLoaders: Returning zygote-cached class loader: /system/framework/android.hidl.base-V1.0-java.jar
06-06 14:41:19.167 479 529 W IorapForwardingService: No service published for: iorapd
06-06 14:41:19.170 2138 2232 I Matrix.AnrTracer: anrTrace, final mAnrBeatTime:400, mAnrBeatRate:400
06-06 14:41:18.612 1039 1039 I lerad.etna.haqu: type=1400 audit(0.0:1044): avc: denied { read } for name="cache" dev="dm-0" ino=17 scontext=u:r:system_app:s0 tcontext=u:object_r:cache_file:s0 tclass=lnk_file permissive=1
06-06 14:41:19.192 2138 2232 D LaunchConfigManager: check in allready
06-06 14:41:19.204 479 529 D BluetoothManagerService: MESSAGE_RESTART_BLUETOOTH_SERVICE: retry count=1
06-06 14:41:19.204 2138 2277 I LaunchTrace: begin sendLaunchCache
06-06 14:41:19.205 2061 2076 W System : A resource failed to call close.
06-06 14:41:19.207 2061 2076 W System : A resource failed to call close.
06-06 14:41:19.209 1427 1577 D BluetoothAdapterService: enable() - Enable called with quiet mode status = false
06-06 14:41:19.209 1427 1538 I AdapterState: ON : Unhandled message - BLE_TURN_ON
06-06 14:41:19.224 1979 2012 I d.process.acor: Background young concurrent copying GC freed 24400(1076KB) AllocSpace objects, 4(72KB) LOS objects, 87% free, 3400KB/27MB, paused 140us total 437.450ms
06-06 14:41:19.232 2138 2138 I TDLog : setReportUncaughtExceptions: true
06-06 14:41:19.248 2138 2138 E Application: onCreate:Version:v2.8.3/20830/883432e
06-06 14:41:18.772 2138 2138 I SharedPreferenc: type=1400 audit(0.0:1045): avc: denied { open } for path="/data/user/0/com.dangbei.screencast/shared_prefs/DEVICE_ID.xml" dev="mmcblk0p25" ino=2912 scontext=u:r:platform_app:s0:c512,c768 tcontext=u:object_r:app_data_file:s0:c512,c768 tclass=file permissive=1 app=com.dangbei.screencast
06-06 14:41:18.844 2138 2138 I Thread-4: type=1400 audit(0.0:1046): avc: denied { lock } for path="/data/user/0/com.dangbei.screencast/files/.imprint" dev="mmcblk0p25" ino=2923 scontext=u:r:platform_app:s0:c512,c768 tcontext=u:object_r:app_data_file:s0:c512,c768 tclass=file permissive=1 app=com.dangbei.screencast
06-06 14:41:19.303 2239 2239 V GraphicsEnvironment: ANGLE Developer option for 'com.sohu.inputmethod.sogou.tv' set to: 'default'
06-06 14:41:19.303 2239 2239 V GraphicsEnvironment: Neither updatable production driver nor prerelease driver is supported.
06-06 14:41:19.305 2239 2239 D NetworkSecurityConfig: Using Network Security Config from resource network_security_config debugBuild: false
06-06 14:41:19.307 2239 2239 D NetworkSecurityConfig: Using Network Security Config from resource network_security_config debugBuild: false
06-06 14:41:19.308 2239 2239 I MultiDex: VM with version 2.1.0 has multidex support
06-06 14:41:19.309 2239 2239 I MultiDex: Installing application
06-06 14:41:19.309 2239 2239 I MultiDex: VM has multidex support, MultiDex support library is disabled.
06-06 14:41:19.352 1927 1939 W System : A resource failed to call close.
06-06 14:41:19.388 2239 2239 E SogouIME: setupInputSurface
06-06 14:41:19.402 240 275 D MDnsDS : Monitor poll got data pollCount = 2, 1
06-06 14:41:19.402 240 275 D MDnsDS : Monitor found [1].revents = 1 - calling ProcessResults
06-06 14:41:19.402 240 275 D MDnsDS : register succeeded for 2 as 192.168.3.115
06-06 14:41:19.402 240 275 D MDnsDS : controlSocket shows revent= 0
06-06 14:41:19.402 240 275 D MDnsDS : Going to poll with pollCount 2
06-06 14:41:19.407 479 616 D NsdService: Native daemon message SERVICE_REGISTERED: 606 2 "192.168.3.115"
06-06 14:41:19.411 1039 1039 D LanCommander: com.dangbei.andes.bean.RegistrationData@d86b775----------------onServiceRegistered
06-06 14:41:19.458 479 1618 I ActivityManager: Background started FGS: Allowed [callingPackage: com.dangbei.screencast; callingUid: 10024; uidState: RCVR; intent: Intent { act=com.dangbei.screencast.STARTUP pkg=com.dangbei.screencast }; code:SYSTEM_ALERT_WINDOW_PERMISSION; tempAllowListReason:; targetSdkVersion:28; callerTargetSdkVersion:28; startForegroundCount:0; bindFromPackage:null]
06-06 14:41:18.932 2176 2176 I rainbow_flow: type=1400 audit(0.0:1047): avc: denied { ioctl } for path="/dev/spidev1.0" dev="tmpfs" ino=1879 ioctlcmd=0x6b00 scontext=u:r:init:s0 tcontext=u:object_r:device:s0 tclass=chr_file permissive=1
06-06 14:41:19.470 479 1618 D CompatibilityChangeReporter: Compat change id reported: 168419799; UID 1000; state: DISABLED
06-06 14:41:19.472 1215 1215 D RockyVoice: RestartReceiver onReceive
06-06 14:41:19.492 2239 2239 I DefaultIMS: DefaultIMS::onCreate()
06-06 14:41:19.492 2239 2239 I DefaultIMS: DefaultIMS::onCreate() finish
06-06 14:41:19.032 2138 2138 I gbei.screencast: type=1400 audit(0.0:1051): avc: denied { open } for path="/sys/devices/virtual/net/dummy0/address" dev="sysfs" ino=16906 scontext=u:r:platform_app:s0:c512,c768 tcontext=u:object_r:sysfs_net:s0 tclass=file permissive=1 app=com.dangbei.screencast
06-06 14:41:19.524 2138 2268 W efs.send_log: tryFileLock start!
06-06 14:41:19.032 2138 2138 I gbei.screencast: type=1400 audit(0.0:1052): avc: denied { getattr } for path="/sys/devices/virtual/net/dummy0/address" dev="sysfs" ino=16906 scontext=u:r:platform_app:s0:c512,c768 tcontext=u:object_r:sysfs_net:s0 tclass=file permissive=1 app=com.dangbei.screencast
06-06 14:41:19.582 659 659 E WifiHAL : wifi_get_link_stats: requestResponse Error:-5
06-06 14:41:19.584 1095 1288 D AppManager: checkLocalAppsIsValid: success
06-06 14:41:19.584 479 606 E WifiVendorHal: getWifiLinkLayerStats_1_5_Internal(l.1191) failed {.code = ERROR_INVALID_ARGS, .description = }
06-06 14:41:19.588 2138 2138 I crashsdk: Catcher mask: 5000, 20480
06-06 14:41:19.588 2138 2138 I crashsdk: Catcher thread 2143
06-06 14:41:19.588 2138 2138 D crashsdk: Register ANR handler ...
06-06 14:41:19.036 2138 2138 I Thread-4: type=1400 audit(0.0:1053): avc: denied { read } for name="logs" dev="mmcblk0p25" ino=2068 scontext=u:r:platform_app:s0:c512,c768 tcontext=u:object_r:app_data_file:s0:c512,c768 tclass=dir permissive=1 app=com.dangbei.screencast
06-06 14:41:19.613 2138 2305 I efs.base: lt=event`ev_ct=efs_core`ev_ac=pvuv`tm=2025-06-06 14:41:54`dn=3189d86b-b94a-49b2-9e0e-15bd4c197496`ps=com.dangbei.screencast`um_os=android`stime=1749192078818`pid=2138`fr=android`pkg=com.dangbei.screencast`vcode=20830`dsp_w=1920`uid=3189d86b-b94a-49b2-9e0e-15bd4c197496`rom=12`wid=3189d86b-b94a-49b2-9e0e-15bd4c197496`um_app_carrier=`um_access=wifi`um_app_channel=os`um_crash_sdk_version=1.4.0`ctime=1749192079`model=dbbox-a2`lang=zh`net=wifi`brand=dangbei`dsp_h=1080`um_network_type=0`ver=v2.8.3`build_model=DBBOX-A2`w_tm=1749192079`appid=5fc60c21094d637f3130af19`um_umid_header=ai02165bf432552744db2ff8059ea878c7`sdk=31`tzone=Asia/Shanghai`sdk_ver=1.3.6.umeng
06-06 14:41:19.616 2138 2268 I efs.config: --->>> 删除旧的配置文件 false
06-06 14:41:19.036 2138 2138 I Thread-4: type=1400 audit(0.0:1054): avc: denied { open } for path="/data/user/0/com.dangbei.screencast/crashsdk/logs" dev="mmcblk0p25" ino=2068 scontext=u:r:platform_app:s0:c512,c768 tcontext=u:object_r:app_data_file:s0:c512,c768 tclass=dir permissive=1 app=com.dangbei.screencast
06-06 14:41:19.651 1927 2039 W gbei.zhushou.o: Long monitor contention with owner excHandlerThread (2064) at void com.tendcloud.tenddata.dm.onTDEBEventDataStore(com.tendcloud.tenddata.di)(td:14) waiters=0 in void com.tendcloud.tenddata.dm.onTDEBEventDataStore(com.tendcloud.tenddata.di) for 775ms
06-06 14:41:19.660 479 2131 W ActivityTaskManager: Current config: {1.0 ?mcc?mnc [zh_CN] ldltr sw720dp w1280dp h696dp 240dpi xlrg long land television -touch qwerty/v/v dpad/v winConfig={ mBounds=Rect(0, 0 - 1920, 1080) mAppBounds=Rect(0, 0 - 1920, 1080) mMaxBounds=Rect(0, 0 - 1920, 1080) mWindowingMode=fullscreen mDisplayWindowingMode=fullscreen mActivityType=undefined mAlwaysOnTop=undefined mRotation=ROTATION_0} s.6 fontWeightAdjustment=0} unchanged for IME proc com.sohu.inputmethod.sogou.tv
06-06 14:41:19.661 479 2131 W ActivityTaskManager: Current config: {1.0 ?mcc?mnc [zh_CN] ldltr sw720dp w1280dp h696dp 240dpi xlrg long land television -touch qwerty/v/v dpad/v winConfig={ mBounds=Rect(0, 0 - 1920, 1080) mAppBounds=Rect(0, 0 - 1920, 1080) mMaxBounds=Rect(0, 0 - 1920, 1080) mWindowingMode=fullscreen mDisplayWindowingMode=fullscreen mActivityType=undefined mAlwaysOnTop=undefined mRotation=ROTATION_0} s.6 fontWeightAdjustment=0} unchanged for IME proc com.sohu.inputmethod.sogou.tv
06-06 14:41:19.693 2138 2304 W efs.send_log: tryFileLock sendlock sucess! processname: com.dangbei.screencast
06-06 14:41:19.730 2138 2268 I efs.config: current config version (-1) is older than another (1735614866)
06-06 14:41:19.730 2138 2268 I efs.config: load config from storage and notify observer
06-06 14:41:19.757 2239 2239 I DefaultIMS: onInitializeInterface:
06-06 14:41:19.778 479 2131 W ActivityManager: Foreground service started from background can not have location/camera/microphone access: service com.dangbei.screencast/.startup.StartupService
06-06 14:41:19.785 479 537 I ActivityManager: Deferring FGS notification in legacy app com.dangbei.screencast/u0a24 : Notification(channel=channel_record shortcut=null contentView=null vibrate=null sound=null defaults=0x0 flags=0x60 color=0x00000000 category=transport vis=PUBLIC)
06-06 14:41:19.854 2239 2239 I InputModelManager: mLanguageId+0 mInputType=0mChInputType=2
06-06 14:41:19.856 2239 2239 I nw : loadKeyData: loadLanguageInfoSuccess ? true
06-06 14:41:19.856 2239 2239 I InputModelManager: getCurrentLanguageBean inputMode languageId:0
06-06 14:41:19.856 2239 2239 I nw : onChanged: languageResStatusBean=Language load status:
06-06 14:41:19.856 2239 2239 I nw : {}
06-06 14:41:19.886 2239 2239 I InputModelManager: getCurrentLanguageBean inputMode languageId:0
06-06 14:41:19.912 2138 2138 E raop : *********************AirplayBroadcastServer+++++++++
06-06 14:41:19.913 2239 2239 I LanguageResManager: prepareResource onSuccess:
06-06 14:41:19.918 2239 2323 I LanguageResManager: prepareResource onSuccess:
06-06 14:41:19.919 2239 2239 D InputSurface: initView:
06-06 14:41:19.919 2239 2239 I MainPresenter: initView:
06-06 14:41:19.919 2239 2239 D MainLayer: initView:
06-06 14:41:19.919 2239 2239 D BodyAreaPresenter: initView:
06-06 14:41:19.925 1927 2318 I System.out: true
06-06 14:41:19.936 479 616 D NsdService: New client listening to asynchronous messages
06-06 14:41:19.936 479 616 D NsdService: New client, channel: com.android.internal.util.AsyncChannel@97350f7 messenger: android.os.Messenger@eceeb64
06-06 14:41:19.943 2138 2138 D CompatibilityChangeReporter: Compat change id reported: 191844585; UID 10024; state: DISABLED
06-06 14:41:19.969 2239 2239 I DefaultIMS: DefaultIMS::onInitializeInterface() finish
06-06 14:41:19.971 1927 2027 I System.out: true
06-06 14:41:19.979 2239 2239 D CompatibilityChangeReporter: Compat change id reported: 160794467; UID 10036; state: DISABLED
06-06 14:41:20.168 356 356 W hdr10p_Configure: 17 callbacks suppressed
06-06 14:41:20.168 356 356 I : DVI mode selected: packets not configured
06-06 14:41:20.181 356 356 W set_vsif_config: 17 callbacks suppressed
06-06 14:41:20.181 356 356 I : Error: set vsif failed
06-06 14:41:20.010 479 579 I ActivityManager: Background started FGS: Allowed [callingPackage: com.dangbei.screencast; callingUid: 10024; uidState: FGS ; intent: Intent { cmp=com.dangbei.screencast/.huaweicast.service.HuaweiCastService }; code:PROC_STATE_FGS; tempAllowListReason:; targetSdkVersion:28; callerTargetSdkVersion:28; startForegroundCount:0; bindFromPackage:null]
06-06 14:41:20.015 2239 2239 I SendAliveManager: doWhenNetworkStateChanged
06-06 14:41:20.022 2239 2239 I DefaultIMS: onStartInput attribute=android.view.inputmethod.EditorInfo@3fcb9de restarting=false inputType: 0
06-06 14:41:20.022 2239 2239 I nw : onChanged: languageResStatusBean=Language load status:
06-06 14:41:20.022 2239 2239 I nw : {zh=3}
06-06 14:41:20.023 2239 2239 I DefaultIMS: initializedCallback: time tag1=1749192080023
06-06 14:41:20.023 2239 2239 I nw : initializeInputSession: inputMode=languageID=0
06-06 14:41:20.023 2239 2239 I nw : scriptID=2
06-06 14:41:20.023 2239 2239 I nw : layoutID=2
06-06 14:41:20.023 2239 2239 I KeyEventTransfer: languageID=0
06-06 14:41:20.023 2239 2239 I KeyEventTransfer: scriptID=2
06-06 14:41:20.023 2239 2239 I KeyEventTransfer: layoutID=2
06-06 14:41:20.032 2138 2278 I MobclickAgent: module init:azioc
06-06 14:41:20.033 2138 2138 E H264FrameQueue: H264FrameQueue: mFullQueueCount:200
06-06 14:41:20.203 356 356 I : DVI mode selected: packets not configured
06-06 14:41:20.210 356 356 I : Error: set vsif failed
06-06 14:41:19.052 2138 2138 I gbei.screencast: type=1400 audit(0.0:1055): avc: denied { read } for name="address" dev="sysfs" ino=27403 scontext=u:r:platform_app:s0:c512,c768 tcontext=u:object_r:sysfs:s0 tclass=file permissive=1 app=com.dangbei.screencast
06-06 14:41:20.064 2138 2138 I gbei.screencast: type=1400 audit(0.0:1084): avc: denied { search } for name="net" dev="sysfs" ino=10442 scontext=u:r:platform_app:s0:c512,c768 tcontext=u:object_r:sysfs_net:s0 tclass=dir permissive=1 app=com.dangbei.screencast
06-06 14:41:20.064 2138 2138 I gbei.screencast: type=1400 audit(0.0:1085): avc: denied { read } for name="address" dev="sysfs" ino=16906 scontext=u:r:platform_app:s0:c512,c768 tcontext=u:object_r:sysfs_net:s0 tclass=file permissive=1 app=com.dangbei.screencast
06-06 14:41:20.068 2138 2138 I gbei.screencast: type=1400 audit(0.0:1086): avc: denied { open } for path="/sys/devices/virtual/net/dummy0/address" dev="sysfs" ino=16906 scontext=u:r:platform_app:s0:c512,c768 tcontext=u:object_r:sysfs_net:s0 tclass=file permissive=1 app=com.dangbei.screencast
06-06 14:41:20.072 2138 2138 I gbei.screencast: type=1400 audit(0.0:1087): avc: denied { getattr } for path="/sys/devices/virtual/net/dummy0/address" dev="sysfs" ino=16906 scontext=u:r:platform_app:s0:c512,c768 tcontext=u:object_r:sysfs_net:s0 tclass=file permissive=1 app=com.dangbei.screencast
06-06 14:41:20.084 1095 2229 D wenhc : getScreenInfo uri = content://com.dangbei.screencast.parts.info/screen_cast
06-06 14:41:20.283 356 356 I : DVI mode selected: packets not configured
06-06 14:41:20.290 356 356 I : Error: set vsif failed
06-06 14:41:20.154 479 2131 D CompatibilityChangeReporter: Compat change id reported: 149924527; UID 10036; state: ENABLED
06-06 14:41:20.162 479 2131 D CompatibilityChangeReporter: Compat change id reported: 132649864; UID 10036; state: DISABLED
06-06 14:41:20.169 479 529 W IorapForwardingService: No service published for: iorapd
06-06 14:41:20.200 1927 2064 W gbei.zhushou.o: Long monitor contention with owner ProcessingThread (2039) at void com.tendcloud.tenddata.dm.onTDEBEventDataStore(com.tendcloud.tenddata.di)(td:14) waiters=0 in void com.tendcloud.tenddata.dm.onTDEBEventDataStore(com.tendcloud.tenddata.di) for 546ms
06-06 14:41:20.230 1095 1109 I d.leradlaunche: Background concurrent copying GC freed 131418(7380KB) AllocSpace objects, 22(2136KB) LOS objects, 49% free, 12MB/25MB, paused 1.126ms total 1.263s
06-06 14:41:20.427 356 356 I : DVI mode selected: packets not configured
06-06 14:41:20.434 356 356 I : Error: set vsif failed
06-06 14:41:20.408 2138 2138 I work_thread: type=1400 audit(0.0:1088): avc: denied { getattr } for path="/data/local/tmp" dev="mmcblk0p25" ino=85 scontext=u:r:platform_app:s0:c512,c768 tcontext=u:object_r:shell_data_file:s0 tclass=dir permissive=1 app=com.dangbei.screencast
06-06 14:41:20.424 1095 1095 E hq : CrashHandler:::图片加载异常 message=Failed to load resource
06-06 14:41:20.424 1095 1095 E hq : model=
06-06 14:41:20.424 1095 1095 E hq : target=Target for: com.dangbei.palaemon.layout.DBImageView{a656b85 V.ED..... ........ 0,0-410,580}
06-06 14:41:20.627 356 356 I : DVI mode selected: packets not configured
06-06 14:41:20.634 356 356 I : Error: set vsif failed
06-06 14:41:20.489 2138 2305 W efs.info.manager: network change: wifi
06-06 14:41:20.490 1215 1215 D RockyVoice: RestartReceiver onReceive
06-06 14:41:20.499 479 1618 D CompatibilityChangeReporter: Compat change id reported: 135634846; UID 10028; state: DISABLED
06-06 14:41:20.499 479 1618 D CompatibilityChangeReporter: Compat change id reported: 177438394; UID 10028; state: DISABLED
06-06 14:41:20.499 479 1618 D CompatibilityChangeReporter: Compat change id reported: 135772972; UID 10028; state: DISABLED
06-06 14:41:20.500 479 1618 D CompatibilityChangeReporter: Compat change id reported: 135754954; UID 10028; state: ENABLED
06-06 14:41:20.500 479 538 D CompatibilityChangeReporter: Compat change id reported: 143937733; UID 10028; state: ENABLED
06-06 14:41:20.518 241 241 D Zygote : Forked child process 2343
06-06 14:41:20.693 356 356 I : DVI mode selected: packets not configured
06-06 14:41:20.699 356 356 I : Error: set vsif failed
06-06 14:41:20.537 2343 2343 I Zygote : seccomp disabled by setenforce 0
06-06 14:41:20.549 2138 2138 E HuaweiCastService: onCreate called().
06-06 14:41:20.564 479 538 W ActivityManager: Slow operation: 66ms so far, now at startProcess: done updating battery stats
06-06 14:41:20.564 479 538 W ActivityManager: Slow operation: 67ms so far, now at startProcess: building log message
06-06 14:41:20.564 479 538 I ActivityManager: app.processName = com.android.externalstorage
06-06 14:41:20.564 479 538 I ActivityManager: Start proc 2343:com.android.externalstorage/u0a28 for broadcast {com.android.externalstorage/com.android.externalstorage.MountReceiver}
06-06 14:41:20.564 479 538 W ActivityManager: Slow operation: 67ms so far, now at startProcess: starting to update pids map
06-06 14:41:20.727 2176 2176 W audit : audit_lost=636 audit_rate_limit=5 audit_backlog_limit=64
06-06 14:41:20.743 2176 2176 E audit : rate limit exceeded
06-06 14:41:20.570 2138 2147 I gbei.screencas: Background young concurrent copying GC freed 18557(1680KB) AllocSpace objects, 38(824KB) LOS objects, 81% free, 5523KB/29MB, paused 11.899ms total 860.274ms
06-06 14:41:20.572 479 538 W ActivityManager: Slow operation: 74ms so far, now at startProcess: done updating pids map
06-06 14:41:20.579 400 419 I adbd : jdwp connection from 2343
06-06 14:41:20.752 356 356 I : DVI mode selected: packets not configured
06-06 14:41:20.759 356 356 I : Error: set vsif failed
06-06 14:41:20.603 479 579 D CompatibilityChangeReporter: Compat change id reported: 168419799; UID 10028; state: DISABLED
06-06 14:41:20.790 356 356 I : DVI mode selected: packets not configured
06-06 14:41:20.797 356 356 I : Error: set vsif failed
06-06 14:41:20.611 1927 2051 W gbei.zhushou.o: Long monitor contention with owner excHandlerThread (2064) at void com.tendcloud.tenddata.dm.onTDEBEventDataStore(com.tendcloud.tenddata.di)(td:14) waiters=0 in java.util.List com.tendcloud.tenddata.dm.a(com.tendcloud.tenddata.a) for 404ms
06-06 14:41:20.623 2138 2138 E PlayerClient: registerCallback com.dangbei.screencast.huaweicast.service.HuaweiCastService$a@f83fc19
06-06 14:41:20.623 2138 2138 D PlayerClient: registerCallback true
06-06 14:41:20.624 2138 2138 D PlayerClient: init.
06-06 14:41:20.627 479 1618 W TelephonyPermissions: reportAccessDeniedToReadIdentifiers:com.dangbei.screencast:getSerial:-1
06-06 14:41:20.661 2343 2343 D CompatibilityChangeReporter: Compat change id reported: 171979766; UID 10028; state: ENABLED
06-06 14:41:20.683 2239 2239 I chromium: [0606/144120:INFO:config_service.cc(227)] Load config buffer. err_code = 3, err_msg = Line: 1, column: 1, Unexpected token.
06-06 14:41:20.869 356 356 I : DVI mode selected: packets not configured
06-06 14:41:20.875 356 356 I : Error: set vsif failed
06-06 14:41:20.723 2138 2138 W KIT_FWK_a: KitFwk is not installed, pls do not use related interfaces.
06-06 14:41:20.892 85 85 E sprdwl : sprdwl_tx_ba_mgmt, 1645, tx_addba failed, reason=2, lut_index=6, tid=0, map=0
06-06 14:41:20.903 356 356 I : DVI mode selected: packets not configured
06-06 14:41:20.728 2138 2138 W KIT_FWK_a: KitFwk is not installed, pls do not use related interfaces.
06-06 14:41:20.728 2138 2138 E PlayerClient: bind player service by aar.
06-06 14:41:20.910 356 356 I : Error: set vsif failed
06-06 14:41:20.750 2343 2343 V GraphicsEnvironment: ANGLE Developer option for 'com.android.externalstorage' set to: 'default'
06-06 14:41:20.750 2343 2343 V GraphicsEnvironment: Neither updatable production driver nor prerelease driver is supported.
06-06 14:41:20.755 2138 2138 D PlayerClient: bind player sink service true
06-06 14:41:20.764 2343 2343 D NetworkSecurityConfig: No Network Security Config specified, using platform default
06-06 14:41:20.764 2343 2343 D NetworkSecurityConfig: No Network Security Config specified, using platform default
06-06 14:41:20.824 2343 2343 D ExternalStorage: After updating volumes, found 1 active roots
06-06 14:41:20.832 2343 2343 D ExternalStorage: After updating volumes, found 1 active roots
06-06 14:41:20.874 817 817 E DiskReceiver: Missing fsUuid, not launching activity.
06-06 14:41:20.879 479 579 I ActivityManager: com.tv.filemanager.os is exempt from freezer
06-06 14:41:20.880 479 579 D CompatibilityChangeReporter: Compat change id reported: 135634846; UID 10046; state: DISABLED
06-06 14:41:20.880 479 579 D CompatibilityChangeReporter: Compat change id reported: 177438394; UID 10046; state: DISABLED
06-06 14:41:20.880 479 579 D CompatibilityChangeReporter: Compat change id reported: 135772972; UID 10046; state: DISABLED
06-06 14:41:20.880 479 579 D CompatibilityChangeReporter: Compat change id reported: 135754954; UID 10046; state: DISABLED
06-06 14:41:20.880 479 538 D CompatibilityChangeReporter: Compat change id reported: 143937733; UID 10046; state: DISABLED
06-06 14:41:20.900 241 241 D Zygote : Forked child process 2368
06-06 14:41:20.901 479 538 I ActivityManager: app.processName = com.tv.filemanager.os
06-06 14:41:20.901 479 538 I ActivityManager: Start proc 2368:com.tv.filemanager.os/u0a46 for broadcast {com.tv.filemanager.os/com.dangbei.lerad.filemanager.receives.USBReceiver}
06-06 14:41:20.909 2138 2351 W gbei.screencas: Long monitor contention with owner sd_thread (2352) at void java.lang.Runtime.loadLibrary0(java.lang.ClassLoader, java.lang.Class, java.lang.String)(Runtime.java:1079) waiters=0 in void java.lang.Runtime.loadLibrary0(java.lang.ClassLoader, java.lang.Class, java.lang.String) for 183ms
06-06 14:41:20.914 2368 2368 I Zygote : seccomp disabled by setenforce 0
06-06 14:41:20.914 479 1618 I WifiService: acquireMulticastLock uid=10024
06-06 14:41:20.917 2239 2239 I CHInputSession: set engine mode: 2 layout: 2
06-06 14:41:20.926 479 2131 I WifiService: acquireMulticastLock uid=10024
06-06 14:41:20.948 479 579 W ActivityManager: Foreground service started from background can not have location/camera/microphone access: service com.dangbei.screencast/.huaweicast.service.HuaweiCastService
06-06 14:41:20.955 2138 2138 E HuaweiCastService: startForeground!
06-06 14:41:20.964 2138 2138 E HuaweiCastService: onStartCommand in 0
06-06 14:41:20.996 400 419 I adbd : jdwp connection from 2368
06-06 14:41:21.006 2239 2239 D CHJNIDefault: setInputMode value=-1
06-06 14:41:21.007 2239 2239 I InputContext: onChanged: candidateWords=[]
06-06 14:41:21.007 2239 2239 I InputContext: onChanged: candidateWordInfo.size=0 global offset: 0pausedCandidateData = false
06-06 14:41:21.007 2239 2239 I InputContext: onChanged: composing=null
06-06 14:41:21.007 2239 2239 I InputContext: onChanged: forCompose=false
06-06 14:41:21.010 251 1619 E bt_upio : upio_set : /proc/bluetooth/sleep/btwrite(-1) incorrent
06-06 14:41:21.015 2239 2239 I nw : onChanged: input mode:languageID=0
06-06 14:41:21.015 2239 2239 I nw : scriptID=2
06-06 14:41:21.015 2239 2239 I nw : layoutID=2
06-06 14:41:21.044 2138 2138 D HiSight-SinkService: onCreate.
06-06 14:41:21.055 479 579 D CompatibilityChangeReporter: Compat change id reported: 168419799; UID 10046; state: DISABLED
06-06 14:41:21.083 2368 2368 D CompatibilityChangeReporter: Compat change id reported: 171979766; UID 10046; state: DISABLED
06-06 14:41:21.094 2368 2368 D ApplicationLoaders: Returning zygote-cached class loader: /system/framework/android.test.base.jar
06-06 14:41:21.098 2138 2138 D HiSight-ConnectionManager: start ConnectionManager
06-06 14:41:21.124 2176 2176 I rainbow_flow: type=1400 audit(0.0:1100): avc: denied { ioctl } for path="/dev/spidev1.0" dev="tmpfs" ino=1879 ioctlcmd=0x6b00 scontext=u:r:init:s0 tcontext=u:object_r:device:s0 tclass=chr_file permissive=1
06-06 14:41:21.330 85 85 E sprdwl : sprdwl_tx_ba_mgmt, 1645, tx_addba failed, reason=2, lut_index=6, tid=6, map=0
06-06 14:41:21.165 2138 2138 D HiSight-SinkService: onBind.
06-06 14:41:21.175 479 529 W IorapForwardingService: No service published for: iorapd
06-06 14:41:21.190 2138 2138 D PlayerClient: service connected.
06-06 14:41:21.193 2138 2138 D HiSight-SinkService: ITaskBinder registerCallback: true
06-06 14:41:21.193 2138 2138 D HiSight-HiSightManager: ITaskBinder registerCallback.
06-06 14:41:21.193 2138 2138 D HiSight-CallbackManager: addNewCallback. com.dangbei.screencast.huaweicast.service.HuaweiCastService$a@f83fc19
06-06 14:41:21.194 2138 2138 E HuaweiCastService: eventId: 4001
06-06 14:41:21.195 2138 2138 E HuaweiCastService: mPlayerClient is null.
06-06 14:41:21.196 2138 2138 D HiSight-HiSightManager: check capability vbr range not setting, using default value
06-06 14:41:21.196 2138 2138 E HuaweiCastService: mPlayerClient is null.
06-06 14:41:21.196 2138 2138 D HiSight-SinkService: setAuthMode
06-06 14:41:21.196 2138 2138 W HiSight-ConnectionManager: mSinkId is empty
06-06 14:41:21.236 1095 1168 E hq : ErrorCoroutineExceptionHandler:::runTry error:com.dangbei.leard.base.proider.error.EmptyApiException: 数据为空 from=requestMessageDialog from=requestMessageDialog
06-06 14:41:21.288 2138 2138 I NetWorkSender: type=1400 audit(0.0:1101): avc: denied { getattr } for path="/data/user/0/com.dangbei.screencast/files/.envelope" dev="mmcblk0p25" ino=2113 scontext=u:r:platform_app:s0:c512,c768 tcontext=u:object_r:app_data_file:s0:c512,c768 tclass=dir permissive=1 app=com.dangbei.screencast
06-06 14:41:21.288 2138 2138 I NetWorkSender: type=1400 audit(0.0:1102): avc: denied { read } for name=".envelope" dev="mmcblk0p25" ino=2113 scontext=u:r:platform_app:s0:c512,c768 tcontext=u:object_r:app_data_file:s0:c512,c768 tclass=dir permissive=1 app=com.dangbei.screencast
06-06 14:41:21.288 2138 2138 I NetWorkSender: type=1400 audit(0.0:1103): avc: denied { open } for path="/data/user/0/com.dangbei.screencast/files/.envelope" dev="mmcblk0p25" ino=2113 scontext=u:r:platform_app:s0:c512,c768 tcontext=u:object_r:app_data_file:s0:c512,c768 tclass=dir permissive=1 app=com.dangbei.screencast
06-06 14:41:21.320 2138 2138 I ModuleCloudCont: type=1400 audit(0.0:1104): avc: denied { lock } for path="/data/user/0/com.dangbei.screencast/files/TDCloud_Control_Cache_Param4" dev="mmcblk0p25" ino=2122 scontext=u:r:platform_app:s0:c512,c768 tcontext=u:object_r:app_data_file:s0:c512,c768 tclass=file permissive=1 app=com.dangbei.screencast
06-06 14:41:21.345 2368 2368 V GraphicsEnvironment: ANGLE Developer option for 'com.tv.filemanager.os' set to: 'default'
06-06 14:41:21.345 2368 2368 V GraphicsEnvironment: Neither updatable production driver nor prerelease driver is supported.
06-06 14:41:21.352 2368 2368 D NetworkSecurityConfig: No Network Security Config specified, using platform default
06-06 14:41:21.352 2368 2368 D NetworkSecurityConfig: No Network Security Config specified, using platform default
06-06 14:41:21.354 2368 2368 I MultiDex: VM with version 2.1.0 has multidex support
06-06 14:41:21.354 2368 2368 I MultiDex: Installing application
06-06 14:41:21.354 2368 2368 I MultiDex: VM has multidex support, MultiDex support library is disabled.
06-06 14:41:21.405 1095 1109 I d.leradlaunche: Background young concurrent copying GC freed 71595(4484KB) AllocSpace objects, 181(5600KB) LOS objects, 14% free, 22MB/25MB, paused 3.610ms total 681.423ms
06-06 14:41:21.473 2368 2368 I MultiDex: Installing application
06-06 14:41:21.473 2368 2368 I MultiDex: VM has multidex support, MultiDex support library is disabled.
06-06 14:41:21.477 2368 2368 W .filemanager.o: Accessing hidden field Landroid/app/ActivityThread;->mHiddenApiWarningShown:Z (max-target-o, reflection, denied)
06-06 14:41:21.478 2368 2368 W System.err: java.lang.NoSuchFieldException: No field mHiddenApiWarningShown in class Landroid/app/ActivityThread; (declaration of 'android.app.ActivityThread' appears in /system/framework/framework.jar)
06-06 14:41:21.480 2368 2368 W System.err: at java.lang.Class.getDeclaredField(Native Method)
06-06 14:41:21.480 2368 2368 W System.err: at com.dangbei.lerad.filemanager.application.App.disableAPIDialog(App.java:166)
06-06 14:41:21.480 2368 2368 W System.err: at com.dangbei.lerad.filemanager.application.App.onCreate(App.java:95)
06-06 14:41:21.480 2368 2368 W System.err: at android.app.Instrumentation.callApplicationOnCreate(Instrumentation.java:1211)
06-06 14:41:21.481 2368 2368 W System.err: at android.app.ActivityThread.handleBindApplication(ActivityThread.java:6740)
06-06 14:41:21.481 2368 2368 W System.err: at android.app.ActivityThread.access$1500(ActivityThread.java:247)
06-06 14:41:21.481 2368 2368 W System.err: at android.app.ActivityThread$H.handleMessage(ActivityThread.java:2053)
06-06 14:41:21.481 2368 2368 W System.err: at android.os.Handler.dispatchMessage(Handler.java:106)
06-06 14:41:21.481 2368 2368 W System.err: at android.os.Looper.loopOnce(Looper.java:201)
06-06 14:41:21.481 2368 2368 W System.err: at android.os.Looper.loop(Looper.java:288)
06-06 14:41:21.481 2368 2368 W System.err: at android.app.ActivityThread.main(ActivityThread.java:7854)
06-06 14:41:21.481 2368 2368 W System.err: at java.lang.reflect.Method.invoke(Native Method)
06-06 14:41:21.481 2368 2368 W System.err: at com.android.internal.os.RuntimeInit$MethodAndArgsCaller.run(RuntimeInit.java:548)
06-06 14:41:21.481 2368 2368 W System.err: at com.android.internal.os.ZygoteInit.main(ZygoteInit.java:1182)
06-06 14:41:21.504 2368 2368 E ActivityThread: Failed to find provider info for lerad.provider.etna
06-06 14:41:21.554 2368 2368 D USBReceiver: usb > onReceive: action = android.intent.action.MEDIA_MOUNTED
06-06 14:41:21.558 479 579 I ActivityManager: Killing 1057:com.android.traceur/u0a26 (adj 965): empty #17
06-06 14:41:21.602 479 539 I libprocessgroup: Successfully killed process cgroup uid 10026 pid 1057 in 43ms
06-06 14:41:21.624 2138 2233 I TDLog : TalkingData SDK init...
06-06 14:41:21.624 2138 2233 I TDLog : SDK_VERSION is: Android+TD+V5.0.7 gp Type:Native Build_Num:2141
06-06 14:41:21.624 2138 2233 I TDLog : App ID is: B9D7815EC975466AB1332111FCE62DF5
06-06 14:41:21.624 2138 2233 I TDLog : App Channel is: os
06-06 14:41:21.624 2138 2233 I TDLog : App Custom is:
06-06 14:41:21.624 2138 2233 I TDLog : SDK_OVC is: TDOVC+a3bb7754719798526508b6caad480dd7+SaaS
06-06 14:41:21.628 479 1618 W TelephonyPermissions: reportAccessDeniedToReadIdentifiers:com.dangbei.screencast:getSerial:-1
06-06 14:41:21.640 479 579 I ActivityManager: com.oranth.usbopenft is exempt from freezer
06-06 14:41:21.641 479 579 D CompatibilityChangeReporter: Compat change id reported: 135634846; UID 1000; state: DISABLED
06-06 14:41:21.654 1011 1246 I MediaProvider: Begin Intent { act=android.intent.action.MEDIA_MOUNTED dat=file:///storage/emulated/0 flg=0x5000010 cmp=com.android.providers.media.module/com.android.providers.media.MediaService (has extras) }
06-06 14:41:21.655 1011 1246 I MediaProvider: Volume MediaVolume name: [external_primary] id: [emulated;0] user: [UserHandle{0}] path: [/storage/emulated/0] already attached
06-06 14:41:21.656 1011 1246 I MediaProvider: End Intent { act=android.intent.action.MEDIA_MOUNTED dat=file:///storage/emulated/0 flg=0x5000010 cmp=com.android.providers.media.module/com.android.providers.media.MediaService (has extras) }
06-06 14:41:21.663 241 241 D Zygote : Forked child process 2409
06-06 14:41:21.673 479 538 I ActivityManager: app.processName = com.oranth.usbopenft
06-06 14:41:21.673 479 538 I ActivityManager: Start proc 2409:com.oranth.usbopenft/1000 for broadcast {com.oranth.usbopenft/com.oranth.usbopenft.UsbReceiver}
06-06 14:41:21.674 2409 2409 I Zygote : seccomp disabled by setenforce 0
06-06 14:41:21.675 1095 2229 E hq : Etna:::getFindLookupControllerState isConnect=true
06-06 14:41:21.675 1095 2229 E Etna : getFindLookupControllerState1111111
06-06 14:41:21.678 1095 2229 E hq : Etna:::getFindLookupControllerState valueStr=1
06-06 14:41:21.680 1095 2229 E hq : LookupControler:::isLookupController=true
06-06 14:41:21.680 1095 2229 I hq : LookupControler:::time=110000
06-06 14:41:21.696 241 241 I Zygote : Process 1057 exited due to signal 9 (Killed)
06-06 14:41:21.707 400 419 I adbd : jdwp connection from 2409
06-06 14:41:21.769 2409 2409 D CompatibilityChangeReporter: Compat change id reported: 171979766; UID 1000; state: ENABLED
06-06 14:41:21.786 2138 2394 V NFC : this device does not have NFC support
06-06 14:41:21.825 2409 2409 V GraphicsEnvironment: ANGLE Developer option for 'com.oranth.usbopenft' set to: 'default'
06-06 14:41:21.826 2409 2409 V GraphicsEnvironment: Neither updatable production driver nor prerelease driver is supported.
06-06 14:41:21.827 2409 2409 D NetworkSecurityConfig: No Network Security Config specified, using platform default
06-06 14:41:21.828 2409 2409 D NetworkSecurityConfig: No Network Security Config specified, using platform default
06-06 14:41:21.837 2343 2343 D ExternalStorage: After updating volumes, found 1 active roots
06-06 14:41:21.840 479 808 I ActivityManager: Killing 1086:com.android.keychain/1000 (adj 985): empty #17
06-06 14:41:21.848 817 817 D DiskReceiver: Scanning volume: VolumeInfo{emulated;0}:
06-06 14:41:21.848 817 817 D DiskReceiver: type=EMULATED diskId=null partGuid= mountFlags=PRIMARY|VISIBLE
06-06 14:41:21.848 817 817 D DiskReceiver: mountUserId=0 state=MOUNTED
06-06 14:41:21.848 817 817 D DiskReceiver: fsType=null fsUuid=null fsLabel=null
06-06 14:41:21.848 817 817 D DiskReceiver: path=/storage/emulated internalPath=/data/media
06-06 14:41:21.852 2368 2368 D USBReceiver: usb > onReceive: action = android.intent.action.MEDIA_MOUNTED
06-06 14:41:21.873 241 241 I Zygote : Process 1086 exited due to signal 9 (Killed)
06-06 14:41:21.886 479 539 I libprocessgroup: Successfully killed process cgroup uid 1000 pid 1086 in 45ms
06-06 14:41:22.071 2394 2394 W audit : audit_lost=655 audit_rate_limit=5 audit_backlog_limit=64
06-06 14:41:22.080 2394 2394 E audit : rate limit exceeded
06-06 14:41:21.959 1011 1246 I MediaProvider: Begin Intent { act=android.intent.action.MEDIA_MOUNTED dat=file:///storage/emulated/0 flg=0x5000010 cmp=com.android.providers.media.module/com.android.providers.media.MediaService (has extras) }
06-06 14:41:21.960 1011 1246 I MediaProvider: Volume MediaVolume name: [external_primary] id: [emulated;0] user: [UserHandle{0}] path: [/storage/emulated/0] already attached
06-06 14:41:21.960 1011 1246 I MediaProvider: End Intent { act=android.intent.action.MEDIA_MOUNTED dat=file:///storage/emulated/0 flg=0x5000010 cmp=com.android.providers.media.module/com.android.providers.media.MediaService (has extras) }
06-06 14:41:21.960 479 579 W BroadcastQueue: Background execution not allowed: receiving Intent { act=android.bluetooth.adapter.action.STATE_CHANGED flg=0x4000010 (has extras) } to com.dangbei.lerad.etna.haqu/com.dangbei.remotecontroller.RemoteControllerReceiver
06-06 14:41:21.964 479 537 W BroadcastQueue: Background execution not allowed: receiving Intent { act=android.bluetooth.adapter.action.STATE_CHANGED flg=0x4000010 (has extras) } to com.dangbei.lerad.etna.haqu/com.dangbei.remotecontroller.RemoteControllerReceiver
06-06 14:41:21.965 479 537 W BroadcastQueue: Target SDK mismatch: receiver ActivityInfo{ffa82c1 com.dangbei.screencast.startup.BootReceiver} targets 28 but delivery restricted to [0, 23] broadcasting Intent { act=android.net.conn.CONNECTIVITY_CHANGE flg=0x4200010 (has extras) } from android (pid=479, uid=1000) to com.dangbei.screencast/.startup.BootReceiver
06-06 14:41:21.965 479 537 W BroadcastQueue: Target SDK mismatch: receiver ActivityInfo{3c6aa66 com.dangbei.euthenia.receiver.NetworkChangeReceiver} targets 26 but delivery restricted to [0, 23] broadcasting Intent { act=android.net.conn.CONNECTIVITY_CHANGE flg=0x4200010 (has extras) } from android (pid=479, uid=1000) to com.dangbei.lerad.videoposter/com.dangbei.euthenia.receiver.NetworkChangeReceiver
06-06 14:41:21.965 479 537 W BroadcastQueue: Target SDK mismatch: receiver ActivityInfo{465d1a7 com.dangbei.screencast.startup.BootReceiver} targets 28 but delivery restricted to [0, 23] broadcasting Intent { act=android.net.conn.CONNECTIVITY_CHANGE flg=0x4200010 (has extras) } from android (pid=479, uid=1000) to com.dangbei.screencast/.startup.BootReceiver
06-06 14:41:21.966 479 537 W BroadcastQueue: Target SDK mismatch: receiver ActivityInfo{3655654 com.dangbei.euthenia.receiver.NetworkChangeReceiver} targets 26 but delivery restricted to [0, 23] broadcasting Intent { act=android.net.conn.CONNECTIVITY_CHANGE flg=0x4200010 (has extras) } from android (pid=479, uid=1000) to com.dangbei.lerad.videoposter/com.dangbei.euthenia.receiver.NetworkChangeReceiver
06-06 14:41:21.977 479 537 D CompatibilityChangeReporter: Compat change id reported: 168419799; UID 10018; state: DISABLED
06-06 14:41:22.162 1095 1109 I d.leradlaunche: Background concurrent copying GC freed 75926(3261KB) AllocSpace objects, 82(5960KB) LOS objects, 50% free, 21MB/42MB, paused 226us total 664.925ms
06-06 14:41:22.179 479 529 W IorapForwardingService: No service published for: iorapd
06-06 14:41:22.192 2138 2138 I NetWorkSender: type=1400 audit(0.0:1119): avc: denied { remove_name } for name="umeng_general_config.xml" dev="mmcblk0p25" ino=8558 scontext=u:r:platform_app:s0:c512,c768 tcontext=u:object_r:app_data_file:s0:c512,c768 tclass=dir permissive=1 app=com.dangbei.screencast
06-06 14:41:22.192 2138 2138 I NetWorkSender: type=1400 audit(0.0:1120): avc: denied { rename } for name="umeng_general_config.xml" dev="mmcblk0p25" ino=8558 scontext=u:r:platform_app:s0:c512,c768 tcontext=u:object_r:app_data_file:s0:c512,c768 tclass=file permissive=1 app=com.dangbei.screencast
06-06 14:41:22.200 2138 2138 I NetWorkSender: type=1400 audit(0.0:1121): avc: denied { setattr } for name="umeng_general_config.xml" dev="mmcblk0p25" ino=8567 scontext=u:r:platform_app:s0:c512,c768 tcontext=u:object_r:app_data_file:s0:c512,c768 tclass=file permissive=1 app=com.dangbei.screencast
06-06 14:41:22.200 2138 2138 I NetWorkSender: type=1400 audit(0.0:1122): avc: denied { unlink } for name="umeng_general_config.xml.bak" dev="mmcblk0p25" ino=8558 scontext=u:r:platform_app:s0:c512,c768 tcontext=u:object_r:app_data_file:s0:c512,c768 tclass=file permissive=1 app=com.dangbei.screencast
06-06 14:41:22.200 2138 2138 I NetWorkSender: type=1400 audit(0.0:1123): avc: denied { getattr } for path="/data/user/0/com.dangbei.screencast/files/.envelope" dev="mmcblk0p25" ino=2113 scontext=u:r:platform_app:s0:c512,c768 tcontext=u:object_r:app_data_file:s0:c512,c768 tclass=dir permissive=1 app=com.dangbei.screencast
06-06 14:41:22.299 1164 1164 D bbb : onStartCommand begin !!!!!!! data分区剩余 24691MB
06-06 14:41:22.303 479 579 D CompatibilityChangeReporter: Compat change id reported: 171306433; UID 1000; state: ENABLED
06-06 14:41:22.312 1121 1121 D aaa : LedStatusService onStartCommand begin
06-06 14:41:22.315 1121 2442 D aaa : topPkg is -------------- :com.dangbei.leard.leradlauncher
06-06 14:41:22.319 1121 2442 D aaa : WiFi is connect
06-06 14:41:22.459 479 756 D SntpClient: request time failed: java.net.SocketTimeoutException: Poll timed out
06-06 14:41:22.635 659 659 E WifiHAL : wifi_get_link_stats: requestResponse Error:-5
06-06 14:41:22.637 479 606 E WifiVendorHal: getWifiLinkLayerStats_1_5_Internal(l.1191) failed {.code = ERROR_INVALID_ARGS, .description = }
06-06 14:41:23.167 294 294 W audit : audit_lost=666 audit_rate_limit=5 audit_backlog_limit=64
06-06 14:41:23.175 294 294 E audit : rate limit exceeded
06-06 14:41:23.181 479 529 W IorapForwardingService: No service published for: iorapd
06-06 14:41:23.376 1927 2064 W gbei.zhushou.o: Long monitor contention with owner ModuleDataForward (2051) at java.util.List com.tendcloud.tenddata.dm.a(com.tendcloud.tenddata.a)(td:17) waiters=0 in void com.tendcloud.tenddata.dm.onTDEBEventDataStore(com.tendcloud.tenddata.di) for 2.754s
06-06 14:41:23.376 1927 2051 I TDLog : [APP] New data found, Submitting...
06-06 14:41:23.396 1095 1338 E hq : ErrorCoroutineExceptionHandler:::runTry error:com.dangbei.leard.base.proider.error.EmptyApiException: 数据为空 from=requestMessageDialog from=requestMessageDialog
06-06 14:41:23.398 1927 2051 I TDLog : [APP] Failed to submit data!
06-06 14:41:23.577 1095 1338 E hq : Etna:::sendInspectLauncherUpdate
06-06 14:41:23.580 1039 1074 E ccc : cccccc SystemUpdateHelper launcherUpdate {"launcherCodeLocal":102941,"launcherCodeNet":0,"launcherVersionLocal":"2.9.4.1","launcherVersionNet":"","otaCodeLocal":0,"otaCodeNet":0,"remoteNeedUpdate":false,"updateType":""}
06-06 14:41:23.582 1095 1338 D etnaManager: 不需要更新桌面
06-06 14:41:24.183 479 529 W IorapForwardingService: No service published for: iorapd
06-06 14:41:24.581 2138 2268 I efs.px.api: get config from server, url is https://errlog.umeng.com/apm_cc
06-06 14:41:24.580 2176 2176 I rainbow_flow: type=1400 audit(0.0:1130): avc: denied { ioctl } for path="/dev/spidev1.0" dev="tmpfs" ino=1879 ioctlcmd=0x6b00 scontext=u:r:init:s0 tcontext=u:object_r:device:s0 tclass=chr_file permissive=1
06-06 14:41:24.956 479 579 I WifiService: releaseMulticastLock uid=10024
06-06 14:41:24.958 479 808 I WifiService: releaseMulticastLock uid=10024
06-06 14:41:24.994 2138 2138 D HiSight-SinkService: setDiscoverable true
06-06 14:41:24.996 1095 1338 D wenhc : getScreenInfo uri = content://com.dangbei.screencast.parts.info/screen_cast
06-06 14:41:24.998 2138 2138 D NearFieldManager: init.
06-06 14:41:24.998 2138 2138 D NearFieldManager: try check dmsdp
06-06 14:41:25.184 356 356 W hdr10p_Configure: 19 callbacks suppressed
06-06 14:41:25.184 356 356 I : DVI mode selected: packets not configured
06-06 14:41:25.197 356 356 W set_vsif_config: 19 callbacks suppressed
06-06 14:41:25.197 356 356 I : Error: set vsif failed
06-06 14:41:25.028 2138 2138 D NearFieldManager: package not exist
06-06 14:41:25.033 479 2114 D CompatibilityChangeReporter: Compat change id reported: 135634846; UID 10024; state: DISABLED
06-06 14:41:25.034 479 538 D CompatibilityChangeReporter: Compat change id reported: 143937733; UID 10024; state: DISABLED
06-06 14:41:25.034 2138 2138 D NearFieldManager: bind nearfield service true
06-06 14:41:25.035 2138 2138 D NearFieldManager: registerCallback true
06-06 14:41:25.036 2138 2138 D HiSight-Discovery: set deviceInfo type:46
06-06 14:41:25.036 2138 2138 D HiSight-Discovery: startAdvertise 1
06-06 14:41:25.224 356 356 I : DVI mode selected: packets not configured
06-06 14:41:25.230 356 356 I : Error: set vsif failed
06-06 14:41:25.055 241 241 D Zygote : Forked child process 2453
06-06 14:41:25.057 479 538 I ActivityManager: app.processName = com.huawei.connection
06-06 14:41:25.057 479 538 I ActivityManager: Start proc 2453:com.huawei.connection/u0a24 for service {com.dangbei.screencast/com.huawei.connection.service.NearFieldManagerService}
06-06 14:41:25.064 2453 2453 I Zygote : seccomp disabled by setenforce 0
06-06 14:41:25.243 356 356 I : DVI mode selected: packets not configured
06-06 14:41:25.250 356 356 I : Error: set vsif failed
06-06 14:41:25.080 400 419 I adbd : jdwp connection from 2453
06-06 14:41:25.263 356 356 I : DVI mode selected: packets not configured
06-06 14:41:25.270 356 356 I : Error: set vsif failed
06-06 14:41:25.102 2453 2453 D CompatibilityChangeReporter: Compat change id reported: 171979766; UID 10024; state: DISABLED
06-06 14:41:25.111 2453 2453 D ApplicationLoaders: Returning zygote-cached class loader: /system/framework/android.test.base.jar
06-06 14:41:25.111 2453 2453 D ApplicationLoaders: Returning zygote-cached class loader: /system/framework/android.hidl.manager-V1.0-java.jar
06-06 14:41:25.111 2453 2453 D ApplicationLoaders: Returning zygote-cached class loader: /system/framework/android.hidl.base-V1.0-java.jar
06-06 14:41:25.283 356 356 I : DVI mode selected: packets not configured
06-06 14:41:25.290 356 356 I : Error: set vsif failed
06-06 14:41:25.303 356 356 I : DVI mode selected: packets not configured
06-06 14:41:25.310 356 356 I : Error: set vsif failed
06-06 14:41:25.151 2453 2453 V GraphicsEnvironment: ANGLE Developer option for 'com.dangbei.screencast' set to: 'default'
06-06 14:41:25.151 2453 2453 V GraphicsEnvironment: Neither updatable production driver nor prerelease driver is supported.
06-06 14:41:25.152 2453 2453 D NetworkSecurityConfig: Using Network Security Config from resource network_security_config debugBuild: false
06-06 14:41:25.323 356 356 I : DVI mode selected: packets not configured
06-06 14:41:25.330 356 356 I : Error: set vsif failed
06-06 14:41:25.154 2453 2453 D NetworkSecurityConfig: Using Network Security Config from resource network_security_config debugBuild: false
06-06 14:41:25.155 2453 2453 I MultiDex: VM with version 2.1.0 has multidex support
06-06 14:41:25.155 2453 2453 I MultiDex: Installing application
06-06 14:41:25.155 2453 2453 I MultiDex: VM has multidex support, MultiDex support library is disabled.
06-06 14:41:25.343 356 356 I : DVI mode selected: packets not configured
06-06 14:41:25.349 356 356 I : Error: set vsif failed
06-06 14:41:25.185 479 529 W IorapForwardingService: No service published for: iorapd
06-06 14:41:25.363 356 356 I : DVI mode selected: packets not configured
06-06 14:41:25.370 356 356 I : Error: set vsif failed
06-06 14:41:25.383 356 356 I : DVI mode selected: packets not configured
06-06 14:41:25.389 356 356 I : Error: set vsif failed
06-06 14:41:25.230 2453 2484 I crashsdk: version unique build id: 6230cced
06-06 14:41:25.232 2138 2268 I efs.config: config request succ, config is:
