--------- beginning of main
06-06 14:40:51.489 178 178 W lowmemorykiller: LMKD : whitelist android.signature.cts.api.hiddenapi_blacklist_api_27;android.signature.cts.api.hiddenapi_blacklist_api_28;android.signature.cts.api.hiddenapi_blacklist_current;android.media.cts;android.process.media;com.antutu.ABenchMark;com.antutu.benchmark.full;com.antutu.benchmark.full:unity;com.antutu.ABenchMark:push;com.futuremark.dmandroid.application;com.allwinner.batterytest;cn.xender;com.socialnmobile.dictapps.notepad.color.note;org.videolan.vlc;
06-06 14:40:51.494 178 178 I lowmemorykiller: Using psi monitors for memory pressure detection
06-06 14:40:51.495 178 178 I lowmemorykiller: Process polling is supported
06-06 14:40:51.532 179 179 W SELinux : Multiple same specifications for softwinner\.multiir.
06-06 14:40:51.533 179 179 I SELinux : SELinux: Loaded service_contexts from:
06-06 14:40:51.533 179 179 I SELinux : /system/etc/selinux/plat_service_contexts
06-06 14:40:51.533 179 179 I SELinux : /system_ext/etc/selinux/system_ext_service_contexts
06-06 14:40:51.534 179 179 I SELinux : /vendor/etc/selinux/vendor_service_contexts --------- beginning of kernel
06-06 14:40:47.383 1 1 I tun : Universal TUN/TAP device driver, 1.6
06-06 14:40:47.390 1 1 I : PPP generic driver version 2.4.2
06-06 14:40:47.395 1 1 I : PPP BSD Compression module registered
06-06 14:40:51.538 180 180 I hwservicemanager: getFrameworkHalManifest: Reading VINTF information.
06-06 14:40:47.400 1 1 I : PPP Deflate Compression module registered
06-06 14:40:47.407 1 1 I : PPP MPPE Compression module registered
06-06 14:40:47.412 1 1 I NET : Registered protocol family 24
06-06 14:40:47.418 1 1 I : PPTP driver version 0.8.5
06-06 14:40:47.423 1 1 I usbcore : registered new interface driver r8152
06-06 14:40:47.430 1 1 I usbcore : registered new interface driver asix
06-06 14:40:47.437 1 1 I usbcore : registered new interface driver ax88179_178a
06-06 14:40:47.444 1 1 I usbcore : registered new interface driver cdc_ether
06-06 14:40:47.451 1 1 I usbcore : registered new interface driver net1080
06-06 14:40:47.457 1 1 I usbcore : registered new interface driver cdc_subset
06-06 14:40:47.464 1 1 I usbcore : registered new interface driver zaurus
06-06 14:40:47.471 1 1 I usbcore : registered new interface driver cdc_ncm
06-06 14:40:47.478 1 1 I ehci_hcd: USB 2.0 'Enhanced' Host Controller (EHCI) Driver
06-06 14:40:47.486 1 1 I ohci_hcd: USB 1.1 'Open' Host Controller (OHCI) Driver
06-06 14:40:47.494 1 1 I usbcore : registered new interface driver uas
06-06 14:40:47.500 1 1 I usbcore : registered new interface driver usb-storage
06-06 14:40:47.507 1 1 I usbcore : registered new interface driver ums-alauda
06-06 14:40:47.514 1 1 I usbcore : registered new interface driver ums-cypress
06-06 14:40:47.522 1 1 I usbcore : registered new interface driver ums-datafab
06-06 14:40:47.528 1 1 I usbcore : registered new interface driver ums_eneub6250
06-06 14:40:47.536 1 1 I usbcore : registered new interface driver ums-freecom
06-06 14:40:47.543 1 1 I usbcore : registered new interface driver ums-isd200
06-06 14:40:47.551 1 1 I usbcore : registered new interface driver ums-jumpshot
06-06 14:40:47.558 1 1 I usbcore : registered new interface driver ums-karma
06-06 14:40:47.565 1 1 I usbcore : registered new interface driver ums-onetouch
06-06 14:40:47.572 1 1 I usbcore : registered new interface driver ums-realtek
06-06 14:40:47.580 1 1 I usbcore : registered new interface driver ums-sddr09
06-06 14:40:47.587 1 1 I usbcore : registered new interface driver ums-sddr55
06-06 14:40:47.594 1 1 I usbcore : registered new interface driver ums-usbat
06-06 14:40:47.601 1 1 I usbcore : registered new interface driver xpad
06-06 14:40:47.608 1 1 I usbcore : registered new interface driver usb_acecad
06-06 14:40:47.615 1 1 I usbcore : registered new interface driver aiptek
06-06 14:40:47.622 1 1 I usbcore : registered new interface driver gtco
06-06 14:40:47.629 1 1 I usbcore : registered new interface driver hanwang
06-06 14:40:47.636 1 1 I usbcore : registered new interface driver kbtab
06-06 14:40:47.643 1 1 E axp2101_pek: axp2101-pek can not register without irq
06-06 14:40:47.651 1 1 W axp2101-pek: probe of axp2101-pek.0 failed with error -22
06-06 14:40:47.659 1 1 E sunxi-rtc 7000000.rtc: reset_control_get() failed
06-06 14:40:47.666 1 1 W sunxi-rtc 7000000.rtc: Fail to get clock 'rtc-spi'
06-06 14:40:47.673 1 1 I sunxi-rtc 7000000.rtc: registered as rtc0
06-06 14:40:47.680 1 1 I sunxi-rtc 7000000.rtc: setting system clock to 2025-06-06T06:40:47 UTC (1749192047)
06-06 14:40:47.689 1 1 I sunxi-rtc 7000000.rtc: sunxi rtc probed
06-06 14:40:47.695 1 1 I : i2c /dev entries driver
06-06 14:40:47.700 1 1 I : IR NEC protocol handler initialized
06-06 14:40:47.706 1 1 I : IR RC5(x/sz) protocol handler initialized
06-06 14:40:47.712 1 1 I usbcore : registered new interface driver uvcvideo
06-06 14:40:47.719 1 1 I : USB Video Class driver (1.1.1)
06-06 14:40:47.724 1 1 D : sunxi cedar version 1.1
06-06 14:40:47.729 1 1 I sunxi-cedar 1c0e000.ve: Adding to iommu group 0
06-06 14:40:47.736 1 1 D VE : install start!!!
06-06 14:40:47.743 1 1 I VE : cedar-ve the get irq is 20
06-06 14:40:47.750 1 1 I VE : ve_debug_proc_info:(____ptrval____), data:(____ptrval____), lock:(____ptrval____)
06-06 14:40:47.762 1 1 D VE : install end!!!
06-06 14:40:47.769 1 1 I sunxi-cedar soc@3000000: ve1@1c0e000: Adding to iommu group 0
06-06 14:40:47.777 1 1 I VE : device ve1 just use to add iommu master
06-06 14:40:47.783 1 1 I sunxi-wdt 30090a0.watchdog: Watchdog enabled (timeout=16 sec, nowayout=0)
06-06 14:40:47.793 1 1 I device-mapper: uevent: version 1.0.3
06-06 14:40:47.799 1 1 I device-mapper: ioctl: 4.41.0-ioctl (2019-09-16) initialised: dm-devel@redhat.com
06-06 14:40:47.809 1 1 I hidraw : raw HID events driver (C) Jiri Kosina
06-06 14:40:47.818 1 1 I usbcore : registered new interface driver usbhid
06-06 14:40:47.825 1 1 I usbhid : USB HID core driver
06-06 14:40:47.829 1 1 I ashmem : initialized
06-06 14:40:47.834 1 1 I optee : probing for conduit method from DT.
06-06 14:40:47.841 1 1 I optee : revision 2.5
06-06 14:40:47.841 1 1 I optee : initialized driver
06-06 14:40:47.850 1 1 D : drm_base=0x40000000
06-06 14:40:47.854 1 1 D : drm_size=0x0
06-06 14:40:47.858 1 1 D : tee_base=0x2000000
06-06 14:40:47.862 1 1 I usbcore : registered new interface driver snd-usb-audio
06-06 14:40:47.870 1 1 I netem : version 1.3
06-06 14:40:47.874 1 1 I : u32 classifier
06-06 14:40:47.878 1 1 I : input device check on
06-06 14:40:47.882 1 1 I : Actions configured
06-06 14:40:47.887 1 1 I xt_time : kernel timezone is -0000
06-06 14:40:47.893 1 1 I ipip : IPv4 and MPLS over IPv4 tunneling driver
06-06 14:40:47.900 1 1 I gre : GRE over IPv4 demultiplexor driver
06-06 14:40:47.906 1 1 I ip_gre : GRE over IPv4 tunneling driver
06-06 14:40:47.912 1 1 I : IPv4 over IPsec tunneling driver
06-06 14:40:47.918 1 1 I : Initializing XFRM netlink socket
06-06 14:40:47.924 1 1 I : IPsec XFRM device driver
06-06 14:40:47.929 1 1 I NET : Registered protocol family 10
06-06 14:40:47.935 1 1 I : Segment Routing with IPv6
06-06 14:40:47.940 1 1 I mip6 : Mobile IPv6
06-06 14:40:47.944 1 1 I sit : IPv6, IPv4 and MPLS over IPv4 tunneling driver
06-06 14:40:47.952 1 1 I ip6_gre : GRE over IPv6 tunneling driver
06-06 14:40:47.958 1 1 I NET : Registered protocol family 17
06-06 14:40:47.964 1 1 I NET : Registered protocol family 15
06-06 14:40:47.970 1 1 I Bluetooth: RFCOMM TTY layer initialized
06-06 14:40:47.976 1 1 I Bluetooth: RFCOMM socket layer initialized
06-06 14:40:47.982 1 1 I Bluetooth: RFCOMM ver 1.11
06-06 14:40:47.987 1 1 I Bluetooth: HIDP (Human Interface Emulation) ver 1.2
06-06 14:40:47.994 1 1 I Bluetooth: HIDP socket layer initialized
06-06 14:40:48.000 1 1 I l2tp_core: L2TP core driver, V2.0
06-06 14:40:48.005 1 1 I l2tp_ppp: PPPoL2TP kernel driver, V2.0
06-06 14:40:48.011 1 1 I tipc : Activated (version 2.0.0)
06-06 14:40:48.016 1 1 I NET : Registered protocol family 30
06-06 14:40:48.021 1 1 I tipc : Started in single node mode
06-06 14:40:48.027 1 1 I : registered taskstats version 1
06-06 14:40:48.033 1 1 I : Loading compiled-in X.509 certificates
06-06 14:40:48.039 1 1 I : Key type ._fscrypt registered
06-06 14:40:48.044 1 1 I : Key type .fscrypt registered
06-06 14:40:48.049 1 1 I : Key type fscrypt-provisioning registered
06-06 14:40:48.056 1 1 I : HDMI 2.0 driver init start!
06-06 14:40:48.061 1 1 I : boot_hdmi=true
06-06 14:40:48.065 1 1 I : Can not find the node of esm
06-06 14:40:48.070 1 1 E : ERROR: pinctrl_get for HDMI2.0 DDC fail
06-06 14:40:48.076 1 1 I Get hdmi_power0: aldo1
06-06 14:40:48.081 1 1 W : (NULL device *): deviceless supply aldo1 not found, using dummy regulator
06-06 14:40:48.089 1 1 I Get hdmi_power1: dcdc1
06-06 14:40:48.094 1 1 W : (NULL device *): deviceless supply dcdc1 not found, using dummy regulator
06-06 14:40:48.104 1 1 I : hdmi_cec_init
06-06 14:40:48.109 34 34 W [DISP] disp_device_attached,line: 159:
06-06 14:40:48.109 34 34 W : attached ok, mgr0<-->device0, type=4
06-06 14:40:48.110 1 1 I : HDMI2.0 module init end
06-06 14:40:48.115 34 34 I [HDMI receive params]: tv mode: 0x4 format:0x1 data bits:0x0 eotf:0x4 cs:0x101 dvi_hdmi:2 range:2 scan:0 aspect_ratio:8
06-06 14:40:48.120 1 1 E : tv_probe()1574 - of_property_read_string tv_power failed!
06-06 14:40:48.125 34 34 W [DISP] disp_hdmi_set_mode,line: 681:
06-06 14:40:48.125 34 34 W : hdmi_set_mode is null!
06-06 14:40:48.139 1 1 D : tv probe finished!
06-06 14:40:48.214 34 34 W [DISP] de_rtmx_mgr_apply,line: 456:
06-06 14:40:48.214 34 34 W : ctx->output.hdr_type=0
06-06 14:40:48.224 34 34 W [DISP] de_rtmx_mgr_apply,line: 474:
06-06 14:40:48.224 34 34 W : ctx->output.hdr_type=0
06-06 14:40:48.261 56 56 I sun50iw9-pinctrl 300b000.pinctrl: initialized sunXi PIO driver
06-06 14:40:48.271 56 56 W sun50iw9-pinctrl 300b000.pinctrl: 300b000.pinctrl supply vcc-pc not found, using dummy regulator
06-06 14:40:48.281 56 56 I sunxi-mmc 4022000.sdmmc: SD/MMC/SDIO Host Controller Driver(v4.20 2021-12-17 11:02)
06-06 14:40:48.292 56 56 I sunxi-mmc 4022000.sdmmc: ***ctl-spec-caps*** 308
06-06 14:40:48.300 56 56 I sunxi-mmc 4022000.sdmmc: No vdmmc regulator found
06-06 14:40:48.307 56 56 I sunxi-mmc 4022000.sdmmc: No vd33sw regulator found
06-06 14:40:48.314 56 56 I sunxi-mmc 4022000.sdmmc: No vd18sw regulator found
06-06 14:40:48.321 56 56 I sunxi-mmc 4022000.sdmmc: No vq33sw regulator found
06-06 14:40:48.328 56 56 I sunxi-mmc 4022000.sdmmc: No vq18sw regulator found
06-06 14:40:48.335 56 56 W sunxi-mmc 4022000.sdmmc: Cann't get pin bias hs pinstate,check if needed
06-06 14:40:48.345 56 56 I sunxi-mmc 4022000.sdmmc: sdc set ios:clk 0Hz bm PP pm UP vdd 23 width 1 timing LEGACY(SDR12) dt B
06-06 14:40:48.368 56 56 I sunxi-mmc 4022000.sdmmc: sdc set ios:clk 400000Hz bm PP pm ON vdd 23 width 1 timing LEGACY(SDR12) dt B
06-06 14:40:48.393 56 56 I sunxi-mmc 4022000.sdmmc: detmode:alway in(non removable)
06-06 14:40:48.401 56 56 I sunxi-mmc 4020000.sdmmc: SD/MMC/SDIO Host Controller Driver(v4.20 2021-12-17 11:02)
06-06 14:40:48.412 56 56 I sunxi-mmc 4020000.sdmmc: ***ctl-spec-caps*** 8
06-06 14:40:48.418 128 128 I sunxi-mmc 4022000.sdmmc: sdc set ios:clk 400000Hz bm PP pm ON vdd 23 width 1 timing LEGACY(SDR12) dt B
06-06 14:40:48.431 0 0 I [ C0] random: fast init done
06-06 14:40:48.432 128 128 I sunxi-mmc 4022000.sdmmc: sdc set ios:clk 400000Hz bm PP pm ON vdd 23 width 1 timing LEGACY(SDR12) dt B
06-06 14:40:48.448 56 56 I sunxi-mmc 4020000.sdmmc: No vqmmc regulator found
06-06 14:40:48.455 56 56 I sunxi-mmc 4020000.sdmmc: No vdmmc regulator found
06-06 14:40:48.462 56 56 W sun50iw9-pinctrl 300b000.pinctrl: 300b000.pinctrl supply vcc-pi not found, using dummy regulator
06-06 14:40:48.474 128 128 I sunxi-mmc 4022000.sdmmc: sdc set ios:clk 400000Hz bm OD pm ON vdd 23 width 1 timing LEGACY(SDR12) dt B
06-06 14:40:48.486 56 56 I sunxi-mmc 4020000.sdmmc: Got CD GPIO
06-06 14:40:48.492 56 56 I sunxi-mmc 4020000.sdmmc: sdc set ios:clk 0Hz bm PP pm UP vdd 23 width 1 timing LEGACY(SDR12) dt B
06-06 14:40:48.504 56 56 I sunxi-mmc 4020000.sdmmc: no vqmmc,Check if there is regulator
06-06 14:40:48.514 124 124 I : HDMI cable is connected
06-06 14:40:48.524 56 56 I sunxi-mmc 4020000.sdmmc: sdc set ios:clk 400000Hz bm PP pm ON vdd 23 width 1 timing LEGACY(SDR12) dt B
06-06 14:40:48.549 56 56 I sunxi-mmc 4020000.sdmmc: detmode:gpio irq
06-06 14:40:48.556 56 56 I sunxi-mmc 4021000.sdmmc: SD/MMC/SDIO Host Controller Driver(v4.20 2021-12-17 11:02)
06-06 14:40:48.566 56 56 I sunxi-mmc 4021000.sdmmc: ***ctl-spec-caps*** 8
06-06 14:40:51.548 180 180 I hwservicemanager: getDeviceHalManifest: Reading VINTF information.
06-06 14:40:48.572 131 131 I sunxi-mmc 4020000.sdmmc: sdc set ios:clk 0Hz bm PP pm OFF vdd 0 width 1 timing LEGACY(SDR12) dt B
06-06 14:40:51.549 181 181 I SELinux : SELinux: Loaded service_contexts from:
06-06 14:40:51.549 181 181 I SELinux : /vendor/etc/selinux/vndservice_contexts
06-06 14:40:48.583 128 128 I sunxi-mmc 4022000.sdmmc: sdc set ios:clk 400000Hz bm OD pm ON vdd 23 width 1 timing LEGACY(SDR12) dt B
06-06 14:40:48.595 128 128 I sunxi-mmc 4022000.sdmmc: sdc set ios:clk 400000Hz bm OD pm ON vdd 23 width 1 timing LEGACY(SDR12) dt B
06-06 14:40:48.607 56 56 I sunxi-mmc 4021000.sdmmc: No vdmmc regulator found
06-06 14:40:48.614 56 56 I sunxi-mmc 4021000.sdmmc: No vd33sw regulator found
06-06 14:40:48.620 56 56 I sunxi-mmc 4021000.sdmmc: No vd18sw regulator found
06-06 14:40:48.627 56 56 I sunxi-mmc 4021000.sdmmc: No vq33sw regulator found
06-06 14:40:48.634 56 56 I sunxi-mmc 4021000.sdmmc: No vq18sw regulator found
06-06 14:40:48.641 56 56 W sunxi-mmc 4021000.sdmmc: Cann't get sleep pinstate,check if needed
06-06 14:40:48.650 128 128 I sunxi-mmc 4022000.sdmmc: sdc set ios:clk 400000Hz bm OD pm ON vdd 23 width 1 timing LEGACY(SDR12) dt B
06-06 14:40:48.663 56 56 I sunxi-mmc 4021000.sdmmc: sdc set ios:clk 0Hz bm PP pm UP vdd 23 width 1 timing LEGACY(SDR12) dt B
06-06 14:40:48.687 56 56 I sunxi-mmc 4021000.sdmmc: sdc set ios:clk 400000Hz bm PP pm ON vdd 23 width 1 timing LEGACY(SDR12) dt B
06-06 14:40:48.712 56 56 I sunxi-mmc 4021000.sdmmc: detmode:manually by software
06-06 14:40:48.720 56 56 W sun50iw9-pinctrl 300b000.pinctrl: 300b000.pinctrl supply vcc-ph not found, using dummy regulator
06-06 14:40:48.731 56 56 E uart0 : get regulator failed
06-06 14:40:48.737 56 56 W uart0 : uart0 supply uart not found, using dummy regulator
06-06 14:40:48.745 56 56 E uart0 : uart0 error to get fifo size property
06-06 14:40:48.752 56 56 I uart0 : ttyAS0 at MMIO 0x5000000 (irq = 43, base_baud = 1500000) is a SUNXI
06-06 14:40:48.762 56 56 W : sw_console_setup()1807 - console setup baud 115200 parity n bits 8, flow n
06-06 14:40:48.770 56 56 I printk : console [ttyAS0] enabled
06-06 14:40:48.781 128 128 I sunxi-mmc 4022000.sdmmc: sdc set ios:clk 400000Hz bm PP pm ON vdd 23 width 1 timing LEGACY(SDR12) dt B
06-06 14:40:48.805 56 56 I printk : bootconsole [uart8250] disabled
06-06 14:40:48.817 56 56 E uart1 : get regulator failed
06-06 14:40:48.823 131 131 I sunxi-mmc 4021000.sdmmc: sdc set ios:clk 400000Hz bm PP pm ON vdd 23 width 1 timing LEGACY(SDR12) dt B
06-06 14:40:48.835 56 56 W uart1 : uart1 supply uart not found, using dummy regulator
06-06 14:40:48.844 56 56 I uart1 : ttyAS1 at MMIO 0x5000400 (irq = 44, base_baud = 1500000) is a SUNXI
06-06 14:40:48.854 56 56 W spi1 : spi1 supply spi not found, using dummy regulator
06-06 14:40:48.862 131 131 I sunxi-mmc 4021000.sdmmc: sdc set ios:clk 400000Hz bm PP pm ON vdd 23 width 1 timing LEGACY(SDR12) dt B
06-06 14:40:48.874 56 56 W : sunxi_spi_resource_get()2061 - [spi1] SPI MASTER MODE
06-06 14:40:48.882 128 128 E sunxi-mmc 4022000.sdmmc: avoid to switch power_off_notification to POWERED_ON(0x01)
06-06 14:40:48.892 128 128 E sunxi-mmc 4022000.sdmmc: avoid to switch power_off_notification to POWERED_ON(0x01)
06-06 14:40:48.903 56 56 W : sunxi_spi_clk_init()2137 - [spi1] mclk 100000000
06-06 14:40:48.910 128 128 E sunxi-mmc 4022000.sdmmc: avoid to switch power_off_notification to POWERED_ON(0x01)
06-06 14:40:48.921 128 128 E sunxi-mmc 4022000.sdmmc: avoid to switch power_off_notification to POWERED_ON(0x01)
06-06 14:40:48.932 56 56 W : sunxi_spi_probe()2541 - [spi1]: driver probe succeed, base ffffffc013e59000, irq 46
06-06 14:40:48.942 128 128 I sunxi-mmc 4022000.sdmmc: sdc set ios:clk 400000Hz bm PP pm ON vdd 23 width 8 timing LEGACY(SDR12) dt B
06-06 14:40:48.956 56 56 E sun50iw9-pinctrl 300b000.pinctrl: unsupported function io_disabled on pin PA0
06-06 14:40:48.965 56 56 E sun50iw9-pinctrl 300b000.pinctrl: unsupported function io_disabled on pin PA1
06-06 14:40:48.975 56 56 E sun50iw9-pinctrl 300b000.pinctrl: unsupported function io_disabled on pin PA2
06-06 14:40:48.985 56 56 E sun50iw9-pinctrl 300b000.pinctrl: unsupported function io_disabled on pin PA3
06-06 14:40:48.995 128 128 I sunxi-mmc 4022000.sdmmc: sdc set ios:clk 400000Hz bm PP pm ON vdd 23 width 8 timing MMC-HS200 dt B
06-06 14:40:49.007 56 56 E sun50iw9-pinctrl 300b000.pinctrl: unsupported function io_disabled on pin PA4
06-06 14:40:49.017 128 128 I sunxi-mmc 4022000.sdmmc: sdc set ios:clk 100000000Hz bm PP pm ON vdd 23 width 8 timing MMC-HS200 dt B
06-06 14:40:49.029 56 56 E sun50iw9-pinctrl 300b000.pinctrl: unsupported function io_disabled on pin PA5
06-06 14:40:49.039 128 128 I sunxi-mmc 4022000.sdmmc: sdc set ios:clk 100000000Hz bm PP pm ON vdd 23 width 8 timing MMC-HS(SDR20) dt B
06-06 14:40:49.052 128 128 I sunxi-mmc 4022000.sdmmc: sdc set ios:clk 52000000Hz bm PP pm ON vdd 23 width 8 timing MMC-HS(SDR20) dt B
06-06 14:40:49.064 56 56 E sun50iw9-pinctrl 300b000.pinctrl: unsupported function io_disabled on pin PA6
06-06 14:40:49.074 56 56 E sun50iw9-pinctrl 300b000.pinctrl: unsupported function io_disabled on pin PA7
06-06 14:40:49.084 56 56 E sun50iw9-pinctrl 300b000.pinctrl: unsupported function io_disabled on pin PA8
06-06 14:40:49.094 56 56 E sun50iw9-pinctrl 300b000.pinctrl: unsupported function io_disabled on pin PA9
06-06 14:40:49.104 128 128 I sunxi-mmc 4022000.sdmmc: sdc set ios:clk 50000000Hz bm PP pm ON vdd 23 width 8 timing MMC-HS400 dt B
06-06 14:40:49.116 56 56 W sun50iw9-pinctrl 300b000.pinctrl: 300b000.pinctrl supply vcc-pa not found, using dummy regulator
06-06 14:40:49.128 128 128 I sunxi-mmc 4022000.sdmmc: sdc set ios:clk 100000000Hz bm PP pm ON vdd 23 width 8 timing MMC-HS400 dt B
06-06 14:40:49.140 56 56 I : sunxi gmac driver's version: 1.0.0
06-06 14:40:49.146 56 56 I gmac-power0: NULL
06-06 14:40:49.150 56 56 I gmac-power1: NULL
06-06 14:40:49.154 56 56 I gmac-power2: NULL
06-06 14:40:49.159 128 128 I mmc0 : new HS400 MMC card at address 0001
06-06 14:40:49.165 131 131 I sunxi-mmc 4021000.sdmmc: sdc set ios:clk 400000Hz bm PP pm ON vdd 23 width 4 timing LEGACY(SDR12) dt B
06-06 14:40:49.178 56 56 D eth0 MAC: 20:2:fe:19:c2:27
06-06 14:40:49.184 128 128 I mmcblk0 : mmc0:0001 AT3SFB 29.1 GiB
06-06 14:40:49.190 128 128 I mmcblk0boot0: mmc0:0001 AT3SFB partition 1 4.00 MiB
06-06 14:40:49.199 56 56 E sunxi_ir_startup: get ir protocol failed
06-06 14:40:49.199 56 56 I : Registered IR keymap rc_map_sunxi
06-06 14:40:49.211 131 131 I sunxi-mmc 4021000.sdmmc: sdc set ios:clk 400000Hz bm PP pm ON vdd 23 width 4 timing UHS-SDR104 dt B
06-06 14:40:49.223 128 128 I mmcblk0boot1: mmc0:0001 AT3SFB partition 2 4.00 MiB
06-06 14:40:49.231 131 131 I sunxi-mmc 4021000.sdmmc: sdc set ios:clk 150000000Hz bm PP pm ON vdd 23 width 4 timing UHS-SDR104 dt B
06-06 14:40:49.243 56 56 I rc0 : sunxi-ir as /devices/platform/soc@3000000/7040000.s_cir/rc/rc0
06-06 14:40:49.252 128 128 I mmcblk0rpmb: mmc0:0001 AT3SFB partition 3 4.00 MiB, chardev (244:0)
06-06 14:40:49.261 56 56 I input : sunxi-ir as /devices/platform/soc@3000000/7040000.s_cir/rc/rc0/s_cir_rx
06-06 14:40:49.273 131 131 I mmc2 : new ultra high speed SDR104 SDIO card at address 8800
06-06 14:40:49.282 128 128 I mmcblk0 : p1 p2 p3 p4 p5 p6 p7 p8 p9 p10 p11 p12 p13 p14 p15 p16 p17 p18 p19 p20 p21 p22 p23 p24 p25
06-06 14:40:49.295 56 56 E : failed to get standby led pin assign
06-06 14:40:49.301 56 56 E : failed to get network led pin assign
06-06 14:40:49.307 56 56 E : failed to get gpio_sdcard_reused assign
06-06 14:40:49.313 56 56 I : gpio_pin_1(230) gpio_is_valid
06-06 14:40:49.319 56 56 I : gpio_pin_2(229) gpio_is_valid
06-06 14:40:49.325 56 56 I gpio : 230, name: PH6, ret = 0
06-06 14:40:49.335 56 56 I gpio : 229, name: PH5, ret = 0
06-06 14:40:49.340 56 56 I : gpio-sunxi probe success
06-06 14:40:49.347 56 56 W energy_model: pd0: hertz/watts ratio non-monotonically decreasing: em_cap_state 1 >= em_cap_state0
06-06 14:40:49.359 56 56 D energy_model: Created perf domain 0-3
06-06 14:40:49.380 1 1 F FD650 : fd650_driver_init: FD650 Driver init.
06-06 14:40:49.387 1 1 F FD650 : NOTE: register_fd650_driver:::register fd650 driver success
06-06 14:40:49.400 1 1 W : [sound 145][COMMON snd_sunxi_pa_pin_init] pa_pin_max get failed, default 0
06-06 14:40:49.411 1 1 I [sound 1022][SPDIF snd_sunxi_dts_params_init] playback_cma: 128
06-06 14:40:49.419 1 1 I [sound 1023][SPDIF snd_sunxi_dts_params_init] capture_cma: 128
06-06 14:40:49.428 1 1 I [sound 1024][SPDIF snd_sunxi_dts_params_init] tx_fifo_size: 128
06-06 14:40:49.437 1 1 I [sound 1025][SPDIF snd_sunxi_dts_params_init] rx_fifo_size: 64
06-06 14:40:49.447 1 1 E debugfs : Directory 'soc@3000000:codec_plat' with parent 'audiocodec' already present!
06-06 14:40:49.458 1 1 I sunxi-snd-mach soc@3000000: codec_mach: 5096000.codec <-> soc@3000000:codec_plat mapping ok
06-06 14:40:49.471 1 1 E debugfs : Directory '5093000.spdif_plat' with parent 'sndspdif' already present!
06-06 14:40:49.481 1 1 I sunxi-snd-mach soc@3000000: spdif_mach: snd-soc-dummy-dai <-> 5093000.spdif_plat mapping ok
06-06 14:40:49.493 1 1 I sunxi-snd-mach soc@3000000: ahub_dam_mach: snd-soc-dummy-dai <-> 5097000.ahub_dam_plat mapping ok
06-06 14:40:49.506 1 1 E debugfs : Directory 'soc@3000000:ahub1_plat' with parent 'ahubhdmi' already present!
06-06 14:40:49.517 1 1 I sunxi-snd-mach soc@3000000: ahub1_mach: snd-soc-dummy-dai <-> soc@3000000:ahub1_plat mapping ok
06-06 14:40:49.529 1 1 E debugfs : Directory 'soc@3000000:ahub2_plat' with parent 'ahubi2s2' already present!
06-06 14:40:49.540 1 1 I sunxi-snd-mach soc@3000000: ahub2_mach: snd-soc-dummy-dai <-> soc@3000000:ahub2_plat mapping ok
06-06 14:40:49.553 1 1 I cfg80211: Loading compiled-in X.509 certificates for regulatory database
06-06 14:40:49.564 1 1 I cfg80211: Loaded X.509 cert 'sforshee: 00b28ddf47aef9cea7'
06-06 14:40:49.572 34 34 W platform regulatory.0: Direct firmware load for regulatory.db failed with error -2
06-06 14:40:49.574 1 1 W clk : Not disabling unused clocks
06-06 14:40:49.582 34 34 W platform regulatory.0: Falling back to sysfs fallback for: regulatory.db
06-06 14:40:49.588 1 1 E : get_key_map_info()187 - Failed to find "oe" in dts.
06-06 14:40:49.605 0 0 E : [ C0] sunxi-i2c sunxi-i2c5: SLA+W has been transmitted; ACK not received
06-06 14:40:49.614 1 1 E sunxi-i2c5: engine-mode: xfer failed(dev addr:0x10)
06-06 14:40:49.622 1 1 I : of_property_read_string ac200.tv_regulator_name fail
06-06 14:40:49.630 1 1 E : [ac200] get ave_regulator_name failed!
06-06 14:40:49.636 1 1 E : [ac200] pwm enable
06-06 14:40:49.640 1 1 I : ALSA device list:
06-06 14:40:49.645 1 1 I : #0: audiocodec
06-06 14:40:49.649 1 1 I : #1: sndspdif
06-06 14:40:49.652 1 1 I : #2: ahubdam
06-06 14:40:49.656 1 1 I : #3: ahubhdmi
06-06 14:40:49.660 1 1 I : #4: ahubi2s2
06-06 14:40:49.664 1 1 W alloc_fd: slot 0 not NULL!
06-06 14:40:49.669 1 1 I : Freeing unused kernel memory: 1088K
06-06 14:40:49.694 1 1 E : Kernel init done
06-06 14:40:49.698 1 1 I : Run /init as init process
06-06 14:40:49.776 1 1 I init : init first stage started!
06-06 14:40:49.782 1 1 I init : Unable to open /lib/modules, skipping module loading.
06-06 14:40:49.790 1 1 I init : Copied ramdisk prop to /second_stage_resources/system/etc/ramdisk/build.prop
06-06 14:40:49.801 1 1 I init : Switching root to '/first_stage_ramdisk'
06-06 14:40:49.809 1 1 I init : [libfs_mgr]ReadFstabFromDt(): failed to read fstab from dt
06-06 14:40:49.820 1 1 I init : Using Android DT directory /proc/device-tree/firmware/android/
06-06 14:40:49.851 1 1 I init : [libfs_mgr]superblock s_max_mnt_count:65535,/dev/block/by-name/metadata
06-06 14:40:49.862 1 1 W EXT4-fs (mmcblk0p19): Ignoring removed nomblk_io_submit option
06-06 14:40:49.873 1 1 I EXT4-fs (mmcblk0p19): mounted filesystem with ordered data mode. Opts: errors=remount-ro,nomblk_io_submit
06-06 14:40:49.885 1 1 W : ext4 filesystem being mounted at /metadata supports timestamps until 2038 (0x7fffffff)
06-06 14:40:49.896 1 1 I init : [libfs_mgr]check_fs(): mount(/dev/block/by-name/metadata,/metadata,ext4)=0: Success
06-06 14:40:49.909 1 1 I init : [libfs_mgr]check_fs(): unmount(/metadata) succeeded
06-06 14:40:49.917 1 1 I init : [libfs_mgr]Running /system/bin/e2fsck on /dev/block/mmcblk0p19
06-06 14:40:49.928 148 148 I random : e2fsck: uninitialized urandom read (40 bytes read)
06-06 14:40:49.937 1 1 I e2fsck : e2fsck 1.45.4 (23-Sep-2019)
06-06 14:40:49.943 1 1 I e2fsck : /dev/block/by-name/metadata: clean, 30/4096 files, 1191/4096 blocks
06-06 14:40:49.956 1 1 I EXT4-fs (mmcblk0p19): mounted filesystem with ordered data mode. Opts: errors=panic
06-06 14:40:49.966 1 1 W : ext4 filesystem being mounted at /metadata supports timestamps until 2038 (0x7fffffff)
06-06 14:40:49.982 1 1 I random : init: uninitialized urandom read (16 bytes read)
06-06 14:40:49.991 1 1 I random : init: uninitialized urandom read (16 bytes read)
06-06 14:40:50.005 1 1 I EXT4-fs (dm-0): mounted filesystem without journal. Opts: barrier=1
06-06 14:40:50.021 1 1 I EXT4-fs (dm-1): mounted filesystem without journal. Opts: barrier=1
06-06 14:40:50.033 1 1 I EXT4-fs (dm-3): mounted filesystem without journal. Opts: barrier=1
06-06 14:40:50.046 1 1 I EXT4-fs (dm-2): mounted filesystem without journal. Opts: barrier=1
06-06 14:40:50.060 1 1 I newfs_msdos: executing /system/bin/newfs_msdos failed: No such file or directory
06-06 14:40:50.070 1 1 I newfs_msdos: newfs_msdos terminated by exit(255)
06-06 14:40:50.083 1 1 W SELinux : Unable to set superblock options before the security server is initialized
06-06 14:40:50.133 1 1 W printk : init: 26 output lines suppressed due to ratelimiting
06-06 14:40:50.293 1 1 W init : DM_DEV_STATUS failed for system_ext_a: No such device or address
06-06 14:40:50.303 1 1 E init : Could not update logical partition
06-06 14:40:50.309 1 1 I init : Opening SELinux policy
06-06 14:40:50.323 1 1 I init : Loading SELinux policy
06-06 14:40:50.349 1 1 I SELinux : Permission nlmsg_getneigh in class netlink_route_socket not defined in policy.
06-06 14:40:50.361 1 1 I SELinux : the above unknown classes and permissions will be denied
06-06 14:40:50.370 1 1 I SELinux : policy capability network_peer_controls=1
06-06 14:40:50.377 1 1 I SELinux : policy capability open_perms=1
06-06 14:40:50.383 1 1 I SELinux : policy capability extended_socket_class=1
06-06 14:40:50.391 1 1 I SELinux : policy capability always_check_network=0
06-06 14:40:50.398 1 1 I SELinux : policy capability cgroup_seclabel=0
06-06 14:40:50.405 1 1 I SELinux : policy capability nnp_nosuid_transition=1
06-06 14:40:50.296 177 177 W auditd : type=1403 audit(0.0:2): auid=4294967295 ses=4294967295 lsm=selinux res=1
06-06 14:40:50.496 1 1 I selinux : SELinux: Loaded file_contexts
06-06 14:40:50.503 1 1 I selinux :
06-06 14:40:50.584 1 1 I init : init second stage started!
06-06 14:40:50.654 1 1 I init : Using Android DT directory /proc/device-tree/firmware/android/
06-06 14:40:50.671 1 1 W init : Overriding previous property 'persist.sys.usb.config':'none' with new value 'adb'
06-06 14:40:50.683 1 1 W init : Overriding previous property 'persist.sys.usb.config':'adb' with new value 'none'
06-06 14:40:50.694 1 1 W init : Couldn't load property file '/vendor/default.prop': open() failed: No such file or directory: No such file or directory
06-06 14:40:50.715 1 1 W init : Couldn't load property file '/odm_dlkm/etc/build.prop': open() failed: No such file or directory: No such file or directory
06-06 14:40:50.733 1 1 W init : Couldn't load property file '/oem/build.prop': open() failed: No such file or directory: No such file or directory
06-06 14:40:50.748 1 1 E init : Could not set 'ro.boot.dynamic_partitions' to 'true' while loading .prop filesRead-only property was already set
06-06 14:40:50.762 1 1 E init : Could not set 'ro.boot.dynamic_partitions_retrofit' to 'true' while loading .prop filesRead-only property was already set
06-06 14:40:50.778 1 1 I init : Setting product property ro.product.brand to 'Dangbei' (from ro.product.product.brand)
06-06 14:40:50.672 1 1 I /system/bin/init: type=1107 audit(0.0:3): uid=0 auid=4294967295 ses=4294967295 subj=u:r:init:s0 msg='avc: denied { read } for property=init.svc.bootanim pid=0 uid=0 gid=0 scontext=u:r:vendor_init:s0 tcontext=u:object_r:init_service_status_private_prop:s0 tclass=file permissive=1'
06-06 14:40:50.936 1 1 E cgroup1 : Unknown subsys name 'blkio'
06-06 14:40:50.945 1 1 E cgroup1 : Unknown subsys name 'memory'
06-06 14:40:51.157 166 166 I ueventd : ueventd started!
06-06 14:40:51.167 166 166 I selinux : SELinux: Loaded file_contexts
06-06 14:40:51.173 166 166 I selinux :
06-06 14:40:51.177 166 166 I ueventd : Parsing file /system/etc/ueventd.rc...
06-06 14:40:51.184 166 166 I ueventd : Added '/vendor/etc/ueventd.rc' to import list
06-06 14:40:51.192 166 166 I ueventd : Added '/odm/etc/ueventd.rc' to import list
06-06 14:40:51.200 166 166 I ueventd : Parsing file /vendor/etc/ueventd.rc...
06-06 14:40:51.207 166 166 I ueventd : Unable to read config file '/vendor/etc/ueventd.rc': open() failed: No such file or directory
06-06 14:40:51.220 166 166 I ueventd : Parsing file /odm/etc/ueventd.rc...
06-06 14:40:51.227 166 166 I ueventd : Unable to read config file '/odm/etc/ueventd.rc': open() failed: No such file or directory
06-06 14:40:51.363 163 163 I sunxi-rfkill soc@3000000: rfkill: module version: v1.0.9
06-06 14:40:51.371 163 163 I sunxi-rfkill soc@3000000: rfkill: chip_en gpio=211 assert=1
06-06 14:40:51.379 163 163 E sunxi-rfkill soc@3000000: rfkill: get gpio power_en failed
06-06 14:40:51.437 163 163 I sunxi-rfkill soc@3000000: rfkill: wlan_busnum (1)
06-06 14:40:51.444 163 163 W sunxi-rfkill soc@3000000: rfkill: Missing wlan_power.
06-06 14:40:51.452 163 163 I sunxi-rfkill soc@3000000: rfkill: wlan clock[0] (osc32k-out)
06-06 14:40:51.460 163 163 I sunxi-rfkill soc@3000000: rfkill: wlan_regon gpio=210 assert=1
06-06 14:40:51.469 163 163 I sunxi-rfkill soc@3000000: rfkill: wlan_hostwake gpio=207 assert=1
06-06 14:40:51.477 163 163 I sunxi-rfkill soc@3000000: rfkill: wakeup source is enabled
06-06 14:40:51.486 163 163 W sunxi-rfkill soc@3000000: rfkill: Missing bt_power.
06-06 14:40:51.493 163 163 I sunxi-rfkill soc@3000000: rfkill: bt clock[0] (osc32k-out)
06-06 14:40:51.501 163 163 E sunxi-rfkill soc@3000000: rfkill: get gpio bt_rst failed
06-06 14:40:51.628 1 1 I : Registered swp emulation handler
06-06 14:40:51.702 177 177 I logd.auditd: start
06-06 14:40:51.568 188 188 I format_device: Don't need to format /dev/block/by-name/Reserve0
06-06 14:40:51.751 1 1 I fsck.f2fs: Info: Fix the reported corruption.
06-06 14:40:51.578 180 180 I hwservicemanager: getDeviceHalManifest: Successfully processed VINTF information
06-06 14:40:51.578 180 180 I hwservicemanager: getFrameworkHalManifest: Successfully processed VINTF information
06-06 14:40:51.580 180 180 I hwservicemanager: hwservicemanager is ready now.
06-06 14:40:51.758 1 1 I fsck.f2fs: Info: No support kernel version!
06-06 14:40:51.765 1 1 I fsck.f2fs: Info: Segments per section = 1
06-06 14:40:51.772 1 1 I fsck.f2fs: Info: Sections per zone = 1
06-06 14:40:51.778 1 1 I fsck.f2fs: Info: sector size = 512 --------- beginning of system
06-06 14:40:51.606 187 187 I vold : Vold 3.0 (the awakening) firing up
06-06 14:40:51.606 187 187 D vold : Detected support for: ext4 f2fs vfat
06-06 14:40:51.784 1 1 I fsck.f2fs: Info: total sectors = 53984223 (26359 MB)
06-06 14:40:51.792 1 1 I fsck.f2fs: Info: MKFS version
06-06 14:40:51.612 187 187 D vold : Found unmanaged dm device named system_a
06-06 14:40:51.612 187 187 D vold : Found unmanaged dm device named vendor_dlkm_a
06-06 14:40:51.612 187 187 D vold : Found unmanaged dm device named vendor_a
06-06 14:40:51.612 187 187 D vold : Found unmanaged dm device named product_a
06-06 14:40:51.616 187 187 D vold : VoldNativeService::start() completed OK
06-06 14:40:51.797 1 1 I fsck.f2fs: "5.4.125+"
06-06 14:40:51.802 1 1 I fsck.f2fs: Info: FSCK version
06-06 14:40:51.807 1 1 I fsck.f2fs: from "5.4.125+"
06-06 14:40:51.814 1 1 I F2FS-fs (mmcblk0p25): Using encoding defined by superblock: utf8-12.1.0 with flags 0x0
06-06 14:40:51.857 1 1 I F2FS-fs (mmcblk0p25): Mounted with checkpoint version = 194856
06-06 14:40:51.752 1 1 I init : type=1400 audit(0.0:4): avc: denied { getattr } for path="/sys/kernel/debug/devices_deferred" dev="debugfs" ino=5751 scontext=u:r:init:s0 tcontext=u:object_r:debugfs:s0 tclass=file permissive=1
06-06 14:40:51.752 1 1 I init : type=1400 audit(0.0:5): avc: denied { getattr } for path="/sys/kernel/debug/wakeup_sources" dev="debugfs" ino=1027 scontext=u:r:init:s0 tcontext=u:object_r:debugfs_wakeup_sources:s0 tclass=file permissive=1
06-06 14:40:51.852 201 201 E cutils-trace: Error opening trace file: No such file or directory (2)
06-06 14:40:51.853 180 180 E cutils-trace: Error opening trace file: No such file or directory (2)
06-06 14:40:51.866 201 201 I HidlServiceManagement: Registered android.system.suspend@1.0::ISystemSuspend/default
06-06 14:40:51.867 201 201 I HidlServiceManagement: Removing namespace from process name android.system.suspend@1.0-service to suspend@1.0-service.
06-06 14:40:51.874 205 205 D tee_supplicant: using device "/dev/teepriv0"
06-06 14:40:51.874 205 205 D tee_supplicant: looping
06-06 14:40:51.876 203 203 E cutils-trace: Error opening trace file: No such file or directory (2)
06-06 14:40:51.883 207 207 I fsverity_init: LoadKeyFromFile path=/system/etc/security/fsverity/fsverity-release.x509.der keyname=fsv_system_0
06-06 14:40:51.887 203 203 I HidlServiceManagement: Registered android.hardware.boot@1.2::IBootControl/default
06-06 14:40:51.888 203 203 I HidlServiceManagement: Removing namespace from process name android.hardware.boot@1.2-service to boot@1.2-service.
06-06 14:40:51.888 203 203 I LegacySupport: Registration complete for android.hardware.boot@1.0::IBootControl/default.
06-06 14:40:51.898 204 204 I android.hardware.security.keymint-service: adding keymint service instance: android.hardware.security.keymint.IKeyMintDevice/default
06-06 14:40:51.900 179 179 I servicemanager: getDeviceHalManifest: Reading VINTF information.
06-06 14:40:51.909 179 179 I servicemanager: getDeviceHalManifest: Successfully processed VINTF information
06-06 14:40:51.909 179 179 I servicemanager: getFrameworkHalManifest: Reading VINTF information.
06-06 14:40:52.079 163 163 W mali_kbase: loading out-of-tree module taints kernel.
06-06 14:40:51.913 179 179 I servicemanager: getFrameworkHalManifest: Successfully processed VINTF information
06-06 14:40:51.914 179 179 I servicemanager: Found android.hardware.security.keymint.IKeyMintDevice/default in device VINTF manifest.
06-06 14:40:51.914 204 204 I android.hardware.security.keymint-service: adding keymint service instance: android.hardware.security.secureclock.ISecureClock/default
06-06 14:40:51.915 179 179 I servicemanager: Found android.hardware.security.secureclock.ISecureClock/default in device VINTF manifest.
06-06 14:40:51.915 204 204 I android.hardware.security.keymint-service: adding keymint service instance: android.hardware.security.sharedsecret.ISharedSecret/default
06-06 14:40:51.916 179 179 I servicemanager: Found android.hardware.security.sharedsecret.ISharedSecret/default in device VINTF manifest.
06-06 14:40:51.916 204 204 I android.hardware.security.keymint-service: adding keymint service instance: android.hardware.security.keymint.IRemotelyProvisionedComponent/default
06-06 14:40:51.916 179 179 I servicemanager: Found android.hardware.security.keymint.IRemotelyProvisionedComponent/default in device VINTF manifest.
06-06 14:40:51.942 202 202 I keystore2: keystore2_main: Keystore2 is starting.
06-06 14:40:52.111 163 163 I mali 1800000.gpu: Regulators probed: 0
06-06 14:40:52.117 163 163 I mali 1800000.gpu: Clocks probed: 2
06-06 14:40:51.948 202 202 I keystore2: keystore2_main: Starting thread pool now.
06-06 14:40:51.948 202 209 I keystore2: getDeviceHalManifest: Reading VINTF information.
06-06 14:40:51.957 202 209 I keystore2: getDeviceHalManifest: Successfully processed VINTF information
06-06 14:40:52.124 163 163 I mali 1800000.gpu: [950mv-600MHz] bak[950mv-600MHz] inde_power:0 idle:1 dvfs:1
06-06 14:40:52.135 163 163 I mali 1800000.gpu: GPU identified as 0x3 arch 7.0.9 r0p0 status 0
06-06 14:40:52.144 163 163 I mali 1800000.gpu: No memory group manager is configured
06-06 14:40:52.152 163 163 I mali 1800000.gpu: Using configured power model mali-simple-power-model, and fallback mali-simple-power-model
06-06 14:40:52.166 163 163 I mali 1800000.gpu: Probed as mali0
06-06 14:40:52.018 187 187 I Checkpoint: cp_prepareCheckpoint called
06-06 14:40:52.046 217 217 I tombstoned: tombstoned successfully initialized
06-06 14:40:52.056 187 187 I incfs : Initial API level of the device: 31
06-06 14:40:52.057 187 187 I incfs : ro.incremental.enable: module:/vendor/lib/modules/incrementalfs.ko
06-06 14:40:52.057 187 187 I incfs : isFsAvailable: false
06-06 14:40:52.057 187 187 I incfs : isFsAvailable: false
06-06 14:40:52.057 187 187 E incfs : could not open IncFs kernel module "/vendor/lib/modules/incrementalfs.ko": No such file or directory
06-06 14:40:52.057 187 187 E incfs : IncFs_Features: failed to open features dir, assuming v1/none.: No such file or directory
06-06 14:40:52.058 187 187 I ServiceManager: Waiting for service 'android.security.maintenance' on '/dev/binder'...
06-06 14:40:52.459 202 212 W keystore2: keystore2::watchdog: Keystore Watchdog report:
06-06 14:40:52.459 202 212 W keystore2: keystore2::watchdog: Overdue records:
06-06 14:40:52.459 202 212 W keystore2: keystore2::watchdog: ThreadId(1) In connect_keymint: calling getHardwareInfo() Pending: 500.250583ms Overdue 254.417µs
06-06 14:40:53.459 202 212 W keystore2: keystore2::watchdog: Keystore Watchdog report:
06-06 14:40:53.459 202 212 W keystore2: keystore2::watchdog: Overdue records:
06-06 14:40:53.459 202 212 W keystore2: keystore2::watchdog: ThreadId(1) In connect_keymint: calling getHardwareInfo() Pending: 1.500468209s Overdue 1.000471876s
06-06 14:40:54.430 0 0 I [ C1] random: crng init done
06-06 14:40:54.434 0 0 I [ C1] random: 7 urandom warning(s) missed due to ratelimiting
06-06 14:40:54.268 202 209 I keystore2: keystore2::shared_secret_negotiation: Shared secret negotiation concluded successfully.
06-06 14:40:54.270 202 202 E cutils-trace: Error opening trace file: No such file or directory (2)
06-06 14:40:54.272 180 180 I hwservicemanager: getTransport: Cannot find entry android.hardware.keymaster@4.0::IKeymasterDevice/default in either framework or device VINTF manifest.
06-06 14:40:54.272 180 180 I hwservicemanager: getTransport: Cannot find entry android.hardware.keymaster@3.0::IKeymasterDevice/default in either framework or device VINTF manifest.
06-06 14:40:54.273 179 179 I servicemanager: Found android.system.keystore2.IKeystoreService/default in framework VINTF manifest.
06-06 14:40:54.276 202 202 I keystore2: keystore2_main: Successfully registered Keystore 2.0 service.
06-06 14:40:54.276 202 202 I keystore2: keystore2_main: Joining thread pool now.
06-06 14:40:54.367 187 187 I ServiceManager: Waiting for service 'android.security.maintenance' on '/dev/binder' successful after waiting 2310ms
06-06 14:40:54.369 202 202 I keystore2: keystore2::maintenance: In early_boot_ended.
06-06 14:40:54.386 202 202 I keystore2: keystore2::globals: Touching Keystore 2.0 database for this first time since boot.
06-06 14:40:54.386 202 202 I keystore2: keystore2::globals: Calling cleanup leftovers.
06-06 14:40:54.390 202 202 I keystore2: keystore2::super_key: Starting boot level watcher.
06-06 14:40:54.390 202 202 E keystore2: keystore2::maintenance: Call to earlyBootEnded failed for security level TRUSTED_ENVIRONMENT: In keymint device: calling earlyBootEnded.
06-06 14:40:54.390 202 221 I keystore2: keystore2::super_key: Read keystore.boot_level value 30
06-06 14:40:54.391 202 221 I keystore2: keystore2::super_key: Read keystore.boot_level value 30
06-06 14:40:54.392 180 180 I hwservicemanager: getTransport: Cannot find entry android.hardware.keymaster@4.0::IKeymasterDevice/default in either framework or device VINTF manifest.
06-06 14:40:54.392 180 180 I hwservicemanager: getTransport: Cannot find entry android.hardware.keymaster@3.0::IKeymasterDevice/default in either framework or device VINTF manifest.
06-06 14:40:54.392 202 202 E keystore2: keystore2::maintenance: Call to earlyBootEnded failed for security level STRONGBOX: In call_with_watchdog: getting keymint device.
06-06 14:40:54.392 202 202 E keystore2: keystore2::error: In keymint device: calling earlyBootEnded
06-06 14:40:54.392 202 202 E keystore2:
06-06 14:40:54.392 202 202 E keystore2: Caused by:
06-06 14:40:54.392 202 202 E keystore2: Error::Km(ErrorCode(-1000))
06-06 14:40:54.393 187 187 E vold : keystore2 Keystore earlyBootEnded returned service specific error: -1000
06-06 14:40:54.616 222 222 I apexd : This device does not support updatable APEX. Exiting
06-06 14:40:54.624 222 222 I apexd : Marking APEXd as activated
06-06 14:40:54.506 224 224 I derive_sdk: Read version 1 from 7
06-06 14:40:54.507 224 224 I derive_sdk: Read version 1 from 5
06-06 14:40:54.507 224 224 I derive_sdk: Read version 1 from 9
06-06 14:40:54.507 224 224 I derive_sdk: Read version 1 from 4
06-06 14:40:54.508 224 224 I derive_sdk: Read version 1 from 6
06-06 14:40:54.508 224 224 I derive_sdk: Read version 1 from 3
06-06 14:40:54.508 224 224 I derive_sdk: Read version 1 from 2
06-06 14:40:54.509 224 224 I derive_sdk: Read version 1 from 1
06-06 14:40:54.509 224 224 I derive_sdk: Read version 1 from 10
06-06 14:40:54.509 224 224 I derive_sdk: Read version 1 from 8
06-06 14:40:54.509 224 224 I derive_sdk: R extension version is 1
06-06 14:40:54.510 224 224 I derive_sdk: S extension version is 1
06-06 14:40:54.539 187 187 D vold : fscrypt_init_user0
06-06 14:40:54.539 187 187 D vold : fscrypt_prepare_user_storage for volume null, user 0, serial 0, flags 1
06-06 14:40:54.539 187 187 D vold : Preparing: /data/system/users/0
06-06 14:40:54.540 187 187 D vold : Preparing: /data/misc/profiles/cur/0
06-06 14:40:54.540 187 187 D vold : Preparing: /data/system_de/0
06-06 14:40:54.540 187 187 D vold : Preparing: /data/misc_de/0
06-06 14:40:54.540 187 187 D vold : Preparing: /data/vendor_de/0
06-06 14:40:54.541 187 187 D vold : Preparing: /data/user_de/0
06-06 14:40:54.541 187 187 D vold : /system/bin/vold_prepare_subdirs
06-06 14:40:54.541 187 187 D vold : prepare
06-06 14:40:54.541 187 187 D vold :
06-06 14:40:54.541 187 187 D vold : 0
06-06 14:40:54.541 187 187 D vold : 1
06-06 14:40:54.714 225 225 D vdc : Waited 0ms for vold
06-06 14:40:54.573 226 226 D vold_prepare_subdirs: Setting up mode 771 uid 1000 gid 1000 context u:object_r:system_data_file:s0:c512,c768 on path: /data/user_de/0
06-06 14:40:54.574 226 226 D vold_prepare_subdirs: Setting up mode 700 uid 0 gid 0 context u:object_r:vold_data_file:s0 on path: /data/misc_de/0/vold
06-06 14:40:54.575 226 226 D vold_prepare_subdirs: Setting up mode 700 uid 0 gid 0 context u:object_r:storaged_data_file:s0 on path: /data/misc_de/0/storaged
06-06 14:40:54.575 226 226 D vold_prepare_subdirs: Setting up mode 700 uid 0 gid 0 context u:object_r:rollback_data_file:s0 on path: /data/misc_de/0/rollback
06-06 14:40:54.576 226 226 D vold_prepare_subdirs: Setting up mode 700 uid 0 gid 0 context u:object_r:apex_rollback_data_file:s0 on path: /data/misc_de/0/apexrollback
06-06 14:40:54.577 226 226 D vold_prepare_subdirs: Setting up mode 711 uid 0 gid 0 context u:object_r:apex_module_data_file:s0 on path: /data/misc_de/0/apexdata
06-06 14:40:54.577 226 226 D vold_prepare_subdirs: Setting up mode 771 uid 0 gid 1000 context u:object_r:apex_wifi_data_file:s0 on path: /data/misc_de/0/apexdata/com.android.wifi
06-06 14:40:54.578 226 226 D vold_prepare_subdirs: Setting up mode 771 uid 0 gid 1000 context u:object_r:apex_module_data_file:s0 on path: /data/misc_de/0/apexdata/com.android.vndk.v31
06-06 14:40:54.578 226 226 D vold_prepare_subdirs: Setting up mode 771 uid 0 gid 1000 context u:object_r:apex_module_data_file:s0 on path: /data/misc_de/0/apexdata/com.android.tzdata
06-06 14:40:54.579 226 226 D vold_prepare_subdirs: Setting up mode 771 uid 0 gid 1000 context u:object_r:apex_module_data_file:s0 on path: /data/misc_de/0/apexdata/com.android.tethering
06-06 14:40:54.580 226 226 D vold_prepare_subdirs: Setting up mode 771 uid 0 gid 1000 context u:object_r:apex_module_data_file:s0 on path: /data/misc_de/0/apexdata/com.android.sdkext
06-06 14:40:54.580 226 226 D vold_prepare_subdirs: Setting up mode 771 uid 0 gid 1000 context u:object_r:apex_module_data_file:s0 on path: /data/misc_de/0/apexdata/com.android.scheduling
06-06 14:40:54.581 226 226 D vold_prepare_subdirs: Setting up mode 771 uid 0 gid 1000 context u:object_r:apex_module_data_file:s0 on path: /data/misc_de/0/apexdata/com.android.runtime
06-06 14:40:54.581 226 226 D vold_prepare_subdirs: Setting up mode 771 uid 0 gid 1000 context u:object_r:apex_module_data_file:s0 on path: /data/misc_de/0/apexdata/com.android.resolv
06-06 14:40:54.582 226 226 D vold_prepare_subdirs: Setting up mode 771 uid 0 gid 1000 context u:object_r:apex_permission_data_file:s0 on path: /data/misc_de/0/apexdata/com.android.permission
06-06 14:40:54.583 226 226 D vold_prepare_subdirs: Setting up mode 771 uid 0 gid 1000 context u:object_r:apex_module_data_file:s0 on path: /data/misc_de/0/apexdata/com.android.os.statsd
06-06 14:40:54.583 226 226 D vold_prepare_subdirs: Setting up mode 771 uid 0 gid 1000 context u:object_r:apex_module_data_file:s0 on path: /data/misc_de/0/apexdata/com.android.neuralnetworks
06-06 14:40:54.584 226 226 D vold_prepare_subdirs: Setting up mode 771 uid 0 gid 1000 context u:object_r:apex_module_data_file:s0 on path: /data/misc_de/0/apexdata/com.android.mediaprovider
06-06 14:40:54.584 226 226 D vold_prepare_subdirs: Setting up mode 771 uid 0 gid 1000 context u:object_r:apex_module_data_file:s0 on path: /data/misc_de/0/apexdata/com.android.media.swcodec
06-06 14:40:54.585 226 226 D vold_prepare_subdirs: Setting up mode 771 uid 0 gid 1000 context u:object_r:apex_module_data_file:s0 on path: /data/misc_de/0/apexdata/com.android.media
06-06 14:40:54.586 226 226 D vold_prepare_subdirs: Setting up mode 771 uid 0 gid 1000 context u:object_r:apex_module_data_file:s0 on path: /data/misc_de/0/apexdata/com.android.ipsec
06-06 14:40:54.586 226 226 D vold_prepare_subdirs: Setting up mode 771 uid 0 gid 1000 context u:object_r:apex_module_data_file:s0 on path: /data/misc_de/0/apexdata/com.android.i18n
06-06 14:40:54.587 226 226 D vold_prepare_subdirs: Setting up mode 771 uid 0 gid 1000 context u:object_r:apex_module_data_file:s0 on path: /data/misc_de/0/apexdata/com.android.extservices
06-06 14:40:54.588 226 226 D vold_prepare_subdirs: Setting up mode 771 uid 0 gid 1000 context u:object_r:apex_module_data_file:s0 on path: /data/misc_de/0/apexdata/com.android.conscrypt
06-06 14:40:54.588 226 226 D vold_prepare_subdirs: Setting up mode 771 uid 0 gid 1000 context u:object_r:apex_module_data_file:s0 on path: /data/misc_de/0/apexdata/com.android.art
06-06 14:40:54.589 226 226 D vold_prepare_subdirs: Setting up mode 771 uid 0 gid 1000 context u:object_r:apex_module_data_file:s0 on path: /data/misc_de/0/apexdata/com.android.appsearch
06-06 14:40:54.589 226 226 D vold_prepare_subdirs: Setting up mode 771 uid 0 gid 1000 context u:object_r:apex_module_data_file:s0 on path: /data/misc_de/0/apexdata/com.android.adbd
06-06 14:40:54.590 226 226 D vold_prepare_subdirs: Setting up mode 771 uid 1000 gid 1000 context u:object_r:user_profile_root_file:s0:c512,c768 on path: /data/misc/profiles/cur/0
06-06 14:40:54.590 226 226 D vold_prepare_subdirs: Setting up mode 700 uid 1000 gid 1000 context u:object_r:fingerprint_vendor_data_file:s0 on path: /data/vendor_de/0/fpdata
06-06 14:40:54.591 226 226 D vold_prepare_subdirs: Setting up mode 700 uid 1000 gid 1000 context u:object_r:face_vendor_data_file:s0 on path: /data/vendor_de/0/facedata
06-06 14:40:54.593 187 187 D vold : fscrypt_unlock_user_key 0 serial=0
06-06 14:40:54.615 228 228 I derive_classpath: ParseFragments for bootclasspath
06-06 14:40:54.625 228 228 I derive_classpath: ReadClasspathFragment /apex/com.android.art/etc/classpaths/bootclasspath.pb
06-06 14:40:54.625 228 228 I derive_classpath: ReadClasspathFragment /system/etc/classpaths/bootclasspath.pb
06-06 14:40:54.627 228 228 I derive_classpath: ReadClasspathFragment /apex/com.android.appsearch/etc/classpaths/bootclasspath.pb
06-06 14:40:54.627 228 228 I derive_classpath: ReadClasspathFragment /apex/com.android.conscrypt/etc/classpaths/bootclasspath.pb
06-06 14:40:54.627 228 228 I derive_classpath: ReadClasspathFragment /apex/com.android.i18n/etc/classpaths/bootclasspath.pb
06-06 14:40:54.628 228 228 I derive_classpath: ReadClasspathFragment /apex/com.android.ipsec/etc/classpaths/bootclasspath.pb
06-06 14:40:54.628 228 228 I derive_classpath: ReadClasspathFragment /apex/com.android.media/etc/classpaths/bootclasspath.pb
06-06 14:40:54.629 228 228 I derive_classpath: ReadClasspathFragment /apex/com.android.mediaprovider/etc/classpaths/bootclasspath.pb
06-06 14:40:54.629 228 228 I derive_classpath: ReadClasspathFragment /apex/com.android.os.statsd/etc/classpaths/bootclasspath.pb
