06-06 14:40:57.027 381 381 E cutils-trace: Error opening trace file: No such file or directory (2)
06-06 14:40:57.030 383 383 D dom2reg : timezone change, new: Asia/Shanghai, pre:
06-06 14:40:57.031 383 383 D dom2reg : convert timezone to alpha2 country code: CN
06-06 14:40:57.033 381 381 I HidlServiceManagement: Registered android.system.wifi.keystore@1.0::IKeystore/default
06-06 14:40:57.062 383 383 D dom2reg : regulatory set to [CN] success(0)
06-06 14:40:57.094 368 368 W mediaextractor: Could not read additional policy file '/vendor/etc/seccomp_policy/mediaextractor.policy'
06-06 14:40:57.095 368 368 W mediaextractor: libminijail[368]: failed to get path of fd 4: No such file or directory
06-06 14:40:57.095 368 368 W mediaextractor: libminijail[368]: allowing syscall: clock_gettime
06-06 14:40:57.095 368 368 W mediaextractor: libminijail[368]: allowing syscall: connect
06-06 14:40:57.095 368 368 W mediaextractor: libminijail[368]: allowing syscall: fcntl64
06-06 14:40:57.095 368 368 W mediaextractor: libminijail[368]: allowing syscall: socket
06-06 14:40:57.095 368 368 W mediaextractor: libminijail[368]: allowing syscall: writev
06-06 14:40:57.102 368 368 W mediaextractor: libminijail[368]: compile_file: /apex/com.android.media/etc/seccomp_policy/crash_dump.arm.policy(1): syscall read redefined here
06-06 14:40:57.102 368 368 W mediaextractor: libminijail[368]: compile_file: (19): previous definition here
06-06 14:40:57.102 368 368 W mediaextractor: libminijail[368]: compile_file: /apex/com.android.media/etc/seccomp_policy/crash_dump.arm.policy(2): syscall write redefined here
06-06 14:40:57.102 368 368 W mediaextractor: libminijail[368]: compile_file: (6): previous definition here
06-06 14:40:57.102 368 368 W mediaextractor: libminijail[368]: compile_file: /apex/com.android.media/etc/seccomp_policy/crash_dump.arm.policy(3): syscall exit redefined here
06-06 14:40:57.102 368 368 W mediaextractor: libminijail[368]: compile_file: (27): previous definition here
06-06 14:40:57.103 368 368 W mediaextractor: libminijail[368]: compile_file: /apex/com.android.media/etc/seccomp_policy/crash_dump.arm.policy(4): syscall rt_sigreturn redefined here
06-06 14:40:57.103 368 368 W mediaextractor: libminijail[368]: compile_file: (29): previous definition here
06-06 14:40:57.103 368 368 W mediaextractor: libminijail[368]: compile_file: /apex/com.android.media/etc/seccomp_policy/crash_dump.arm.policy(6): syscall exit_group redefined here
06-06 14:40:57.103 368 368 W mediaextractor: libminijail[368]: compile_file: (28): previous definition here
06-06 14:40:57.103 368 368 W mediaextractor: libminijail[368]: compile_file: /apex/com.android.media/etc/seccomp_policy/crash_dump.arm.policy(7): syscall clock_gettime redefined here
06-06 14:40:57.103 368 368 W mediaextractor: libminijail[368]: compile_file: (20): previous definition here
06-06 14:40:57.103 368 368 W mediaextractor: libminijail[368]: compile_file: /apex/com.android.media/etc/seccomp_policy/crash_dump.arm.policy(9): syscall futex redefined here
06-06 14:40:57.103 368 368 W mediaextractor: libminijail[368]: compile_file: (4): previous definition here
06-06 14:40:57.103 368 368 W mediaextractor: libminijail[368]: compile_file: /apex/com.android.media/etc/seccomp_policy/crash_dump.arm.policy(10): syscall getrandom redefined here
06-06 14:40:57.103 368 368 W mediaextractor: libminijail[368]: compile_file: (43): previous definition here
06-06 14:40:57.103 368 368 W mediaextractor: libminijail[368]: compile_file: /apex/com.android.media/etc/seccomp_policy/crash_dump.arm.policy(12): syscall gettid redefined here
06-06 14:40:57.103 368 368 W mediaextractor: libminijail[368]: compile_file: (34): previous definition here
06-06 14:40:57.103 368 368 W mediaextractor: libminijail[368]: compile_file: /apex/com.android.media/etc/seccomp_policy/crash_dump.arm.policy(15): syscall openat redefined here
06-06 14:40:57.103 368 368 W mediaextractor: libminijail[368]: compile_file: (16): previous definition here
06-06 14:40:57.103 368 368 W mediaextractor: libminijail[368]: compile_file: /apex/com.android.media/etc/seccomp_policy/crash_dump.arm.policy(16): syscall dup redefined here
06-06 14:40:57.103 368 368 W mediaextractor: libminijail[368]: compile_file: (11): previous definition here
06-06 14:40:57.104 368 368 W mediaextractor: libminijail[368]: compile_file: /apex/com.android.media/etc/seccomp_policy/crash_dump.arm.policy(17): syscall close redefined here
06-06 14:40:57.104 368 368 W mediaextractor: libminijail[368]: compile_file: (9): previous definition here
06-06 14:40:57.104 368 368 W mediaextractor: libminijail[368]: compile_file: /apex/com.android.media/etc/seccomp_policy/crash_dump.arm.policy(18): syscall lseek redefined here
06-06 14:40:57.104 368 368 W mediaextractor: libminijail[368]: compile_file: (21): previous definition here
06-06 14:40:57.104 368 368 W mediaextractor: libminijail[368]: compile_file: /apex/com.android.media/etc/seccomp_policy/crash_dump.arm.policy(20): syscall faccessat redefined here
06-06 14:40:57.104 368 368 W mediaextractor: libminijail[368]: compile_file: (30): previous definition here
06-06 14:40:57.104 368 368 W mediaextractor: libminijail[368]: compile_file: /apex/com.android.media/etc/seccomp_policy/crash_dump.arm.policy(25): syscall rt_sigprocmask redefined here
06-06 14:40:57.104 368 368 W mediaextractor: libminijail[368]: compile_file: (35): previous definition here
06-06 14:40:57.104 368 368 W mediaextractor: libminijail[368]: compile_file: /apex/com.android.media/etc/seccomp_policy/crash_dump.arm.policy(28): syscall prctl redefined here
06-06 14:40:57.104 368 368 W mediaextractor: libminijail[368]: compile_file: (5): previous definition here
06-06 14:40:57.104 368 368 W mediaextractor: libminijail[368]: compile_file: /apex/com.android.media/etc/seccomp_policy/crash_dump.arm.policy(29): syscall madvise redefined here
06-06 14:40:57.104 368 368 W mediaextractor: libminijail[368]: compile_file: (31): previous definition here
06-06 14:40:57.105 368 368 W mediaextractor: libminijail[368]: compile_file: /apex/com.android.media/etc/seccomp_policy/crash_dump.arm.policy(30): syscall mprotect redefined here
06-06 14:40:57.105 368 368 W mediaextractor: libminijail[368]: compile_file: (12): previous definition here
06-06 14:40:57.105 368 368 W mediaextractor: libminijail[368]: compile_file: /apex/com.android.media/etc/seccomp_policy/crash_dump.arm.policy(31): syscall munmap redefined here
06-06 14:40:57.105 368 368 W mediaextractor: libminijail[368]: compile_file: (10): previous definition here
06-06 14:40:57.105 368 368 W mediaextractor: libminijail[368]: compile_file: /apex/com.android.media/etc/seccomp_policy/crash_dump.arm.policy(32): syscall getuid32 redefined here
06-06 14:40:57.105 368 368 W mediaextractor: libminijail[368]: compile_file: (13): previous definition here
06-06 14:40:57.105 368 368 W mediaextractor: libminijail[368]: compile_file: /apex/com.android.media/etc/seccomp_policy/crash_dump.arm.policy(33): syscall fstat64 redefined here
06-06 14:40:57.105 368 368 W mediaextractor: libminijail[368]: compile_file: (25): previous definition here
06-06 14:40:57.105 368 368 W mediaextractor: libminijail[368]: compile_file: /apex/com.android.media/etc/seccomp_policy/crash_dump.arm.policy(34): syscall mmap2 redefined here
06-06 14:40:57.105 368 368 W mediaextractor: libminijail[368]: compile_file: (8): previous definition here
06-06 14:40:57.105 368 368 W mediaextractor: libminijail[368]: compile_file: /apex/com.android.media/etc/seccomp_policy/crash_dump.arm.policy(35): syscall geteuid32 redefined here
06-06 14:40:57.105 368 368 W mediaextractor: libminijail[368]: compile_file: (38): previous definition here
06-06 14:40:57.105 368 368 W mediaextractor: libminijail[368]: compile_file: /apex/com.android.media/etc/seccomp_policy/crash_dump.arm.policy(36): syscall getgid32 redefined here
06-06 14:40:57.106 368 368 W mediaextractor: libminijail[368]: compile_file: (39): previous definition here
06-06 14:40:57.106 368 368 W mediaextractor: libminijail[368]: compile_file: /apex/com.android.media/etc/seccomp_policy/crash_dump.arm.policy(37): syscall getegid32 redefined here
06-06 14:40:57.106 368 368 W mediaextractor: libminijail[368]: compile_file: (40): previous definition here
06-06 14:40:57.116 178 178 I lowmemorykiller: lmkd data connection established
06-06 14:40:57.126 368 368 W mediaextractor: libminijail[368]: compile_file: /apex/com.android.media/etc/seccomp_policy/crash_dump.arm.policy(38): syscall getgroups32 redefined here
06-06 14:40:57.126 368 368 W mediaextractor: libminijail[368]: compile_file: (41): previous definition here
06-06 14:40:57.129 368 368 W mediaextractor: libminijail[368]: logging seccomp filter failures
06-06 14:40:57.173 393 393 E cutils-trace: Error opening trace file: No such file or directory (2)
06-06 14:40:57.175 354 354 D gpioservice: main gpio service is running.
06-06 14:40:57.177 354 354 I gpioservice: ServiceManager: 0xf055acc0
06-06 14:40:57.177 354 354 D GpioService: GpioService created
06-06 14:40:57.177 179 179 E SELinux : avc: denied { add } for pid=354 uid=0 name=softwinner.gpio scontext=u:r:gpioservice:s0 tcontext=u:object_r:default_android_service:s0 tclass=service_manager permissive=1
06-06 14:40:57.205 393 393 I usbd : Usb HAL found.
06-06 14:40:57.205 393 393 I usbd : peristent prop is adb
06-06 14:40:57.207 389 389 I gatekeeperd: Starting gatekeeperd...
06-06 14:40:57.209 389 389 E cutils-trace: Error opening trace file: No such file or directory (2)
06-06 14:40:57.214 241 241 D zygote : Time zone APEX ICU file found: /apex/com.android.tzdata/etc/icu/icu_tzdata.dat
06-06 14:40:57.216 241 241 D zygote : I18n APEX ICU file found: /apex/com.android.i18n/etc/icu/icudt68l.dat
06-06 14:40:57.376 163 163 I sunxi-rfkill soc@3000000: rfkill: set block: 1
06-06 14:40:57.390 163 163 I sunxi-rfkill soc@3000000: rfkill: bt power off success
06-06 14:40:57.228 397 397 W kmsgd : logRotateSizeKBytes is 8192
06-06 14:40:57.228 397 397 W kmsgd : maxRotatedLogs is 8
06-06 14:40:57.228 397 397 W kmsgd : outputFileName is /data/media/awlog/kernel/kmsg
06-06 14:40:57.253 382 382 I android.hardware.media.omx@1.0-service: mediacodecservice starting
06-06 14:40:57.263 397 397 I kmsgd : openLogFile append
06-06 14:40:57.264 382 382 W android.hardware.media.omx@1.0-service: Could not read additional policy file '/vendor/etc/seccomp_policy/mediacodec.policy'
06-06 14:40:57.264 382 382 W android.hardware.media.omx@1.0-service: libminijail[382]: failed to get path of fd 4: No such file or directory
06-06 14:40:57.264 382 382 W android.hardware.media.omx@1.0-service: libminijail[382]: allowing syscall: clock_gettime
06-06 14:40:57.264 382 382 W android.hardware.media.omx@1.0-service: libminijail[382]: allowing syscall: connect
06-06 14:40:57.265 382 382 W android.hardware.media.omx@1.0-service: libminijail[382]: allowing syscall: fcntl64
06-06 14:40:57.265 382 382 W android.hardware.media.omx@1.0-service: libminijail[382]: allowing syscall: socket
06-06 14:40:57.265 382 382 W android.hardware.media.omx@1.0-service: libminijail[382]: allowing syscall: writev
06-06 14:40:57.265 382 382 W android.hardware.media.omx@1.0-service: libminijail[382]: compile_file: (59): syscall getrandom redefined here
06-06 14:40:57.265 382 382 W android.hardware.media.omx@1.0-service: libminijail[382]: compile_file: (15): previous definition here
06-06 14:40:57.267 382 382 W android.hardware.media.omx@1.0-service: libminijail[382]: compile_file: /system/etc/seccomp_policy/crash_dump.arm.policy(1): syscall read redefined here
06-06 14:40:57.267 382 382 W android.hardware.media.omx@1.0-service: libminijail[382]: compile_file: (9): previous definition here
06-06 14:40:57.267 382 382 W android.hardware.media.omx@1.0-service: libminijail[382]: compile_file: /system/etc/seccomp_policy/crash_dump.arm.policy(2): syscall write redefined here
06-06 14:40:57.267 382 382 W android.hardware.media.omx@1.0-service: libminijail[382]: compile_file: (5): previous definition here
06-06 14:40:57.267 382 382 W android.hardware.media.omx@1.0-service: libminijail[382]: compile_file: /system/etc/seccomp_policy/crash_dump.arm.policy(3): syscall exit redefined here
06-06 14:40:57.268 382 382 W android.hardware.media.omx@1.0-service: libminijail[382]: compile_file: (40): previous definition here
06-06 14:40:57.268 382 382 W android.hardware.media.omx@1.0-service: libminijail[382]: compile_file: /system/etc/seccomp_policy/crash_dump.arm.policy(4): syscall rt_sigreturn redefined here
06-06 14:40:57.268 382 382 W android.hardware.media.omx@1.0-service: libminijail[382]: compile_file: (45): previous definition here
06-06 14:40:57.268 382 382 W android.hardware.media.omx@1.0-service: libminijail[382]: compile_file: /system/etc/seccomp_policy/crash_dump.arm.policy(6): syscall exit_group redefined here
06-06 14:40:57.268 382 382 W android.hardware.media.omx@1.0-service: libminijail[382]: compile_file: (44): previous definition here
06-06 14:40:57.268 382 382 W android.hardware.media.omx@1.0-service: libminijail[382]: compile_file: /system/etc/seccomp_policy/crash_dump.arm.policy(7): syscall clock_gettime redefined here
06-06 14:40:57.268 382 382 W android.hardware.media.omx@1.0-service: libminijail[382]: compile_file: (7): previous definition here
06-06 14:40:57.268 382 382 W android.hardware.media.omx@1.0-service: libminijail[382]: compile_file: /system/etc/seccomp_policy/crash_dump.arm.policy(8): syscall gettimeofday redefined here
06-06 14:40:57.268 382 382 W android.hardware.media.omx@1.0-service: libminijail[382]: compile_file: (47): previous definition here
06-06 14:40:57.268 382 382 W android.hardware.media.omx@1.0-service: libminijail[382]: compile_file: /system/etc/seccomp_policy/crash_dump.arm.policy(9): syscall futex redefined here
06-06 14:40:57.268 382 382 W android.hardware.media.omx@1.0-service: libminijail[382]: compile_file: (3): previous definition here
06-06 14:40:57.268 382 382 W android.hardware.media.omx@1.0-service: libminijail[382]: compile_file: /system/etc/seccomp_policy/crash_dump.arm.policy(10): syscall getrandom redefined here
06-06 14:40:57.268 382 382 W android.hardware.media.omx@1.0-service: libminijail[382]: compile_file: (15): previous definition here
06-06 14:40:57.268 382 382 W android.hardware.media.omx@1.0-service: libminijail[382]: compile_file: /system/etc/seccomp_policy/crash_dump.arm.policy(13): syscall ppoll redefined here
06-06 14:40:57.268 382 382 W android.hardware.media.omx@1.0-service: libminijail[382]: compile_file: (13): previous definition here
06-06 14:40:57.268 382 382 W android.hardware.media.omx@1.0-service: libminijail[382]: compile_file: /system/etc/seccomp_policy/crash_dump.arm.policy(14): syscall pipe2 redefined here
06-06 14:40:57.269 382 382 W android.hardware.media.omx@1.0-service: libminijail[382]: compile_file: (46): previous definition here
06-06 14:40:57.269 382 382 W android.hardware.media.omx@1.0-service: libminijail[382]: compile_file: /system/etc/seccomp_policy/crash_dump.arm.policy(15): syscall openat redefined here
06-06 14:40:57.269 382 382 W android.hardware.media.omx@1.0-service: libminijail[382]: compile_file: (30): previous definition here
06-06 14:40:57.269 382 382 W android.hardware.media.omx@1.0-service: libminijail[382]: compile_file: /system/etc/seccomp_policy/crash_dump.arm.policy(16): syscall dup redefined here
06-06 14:40:57.269 382 382 W android.hardware.media.omx@1.0-service: libminijail[382]: compile_file: (12): previous definition here
06-06 14:40:57.269 382 382 W android.hardware.media.omx@1.0-service: libminijail[382]: compile_file: /system/etc/seccomp_policy/crash_dump.arm.policy(17): syscall close redefined here
06-06 14:40:57.269 382 382 W android.hardware.media.omx@1.0-service: libminijail[382]: compile_file: (10): previous definition here
06-06 14:40:57.269 382 382 W android.hardware.media.omx@1.0-service: libminijail[382]: compile_file: /system/etc/seccomp_policy/crash_dump.arm.policy(18): syscall lseek redefined here
06-06 14:40:57.269 382 382 W android.hardware.media.omx@1.0-service: libminijail[382]: compile_file: (50): previous definition here
06-06 14:40:57.269 382 382 W android.hardware.media.omx@1.0-service: libminijail[382]: compile_file: /system/etc/seccomp_policy/crash_dump.arm.policy(19): syscall getdents64 redefined here
06-06 14:40:57.269 382 382 W android.hardware.media.omx@1.0-service: libminijail[382]: compile_file: (58): previous definition here
06-06 14:40:57.269 382 382 W android.hardware.media.omx@1.0-service: libminijail[382]: compile_file: /system/etc/seccomp_policy/crash_dump.arm.policy(20): syscall faccessat redefined here
06-06 14:40:57.269 382 382 W android.hardware.media.omx@1.0-service: libminijail[382]: compile_file: (38): previous definition here
06-06 14:40:57.269 382 382 W android.hardware.media.omx@1.0-service: libminijail[382]: compile_file: /system/etc/seccomp_policy/crash_dump.arm.policy(25): syscall rt_sigprocmask redefined here
06-06 14:40:57.269 382 382 W android.hardware.media.omx@1.0-service: libminijail[382]: compile_file: (41): previous definition here
06-06 14:40:57.269 382 382 W android.hardware.media.omx@1.0-service: libminijail[382]: compile_file: /system/etc/seccomp_policy/crash_dump.arm.policy(28): syscall prctl redefined here
06-06 14:40:57.270 382 382 W android.hardware.media.omx@1.0-service: libminijail[382]: compile_file: (6): previous definition here
06-06 14:40:57.271 382 382 W android.hardware.media.omx@1.0-service: libminijail[382]: compile_file: /system/etc/seccomp_policy/crash_dump.arm.policy(29): syscall madvise redefined here
06-06 14:40:57.278 382 382 W android.hardware.media.omx@1.0-service: libminijail[382]: compile_file: (29): previous definition here
06-06 14:40:57.278 382 382 W android.hardware.media.omx@1.0-service: libminijail[382]: compile_file: /system/etc/seccomp_policy/crash_dump.arm.policy(30): syscall mprotect redefined here
06-06 14:40:57.278 382 382 W android.hardware.media.omx@1.0-service: libminijail[382]: compile_file: (28): previous definition here
06-06 14:40:57.279 382 382 W android.hardware.media.omx@1.0-service: libminijail[382]: compile_file: /system/etc/seccomp_policy/crash_dump.arm.policy(31): syscall munmap redefined here
06-06 14:40:57.279 382 382 W android.hardware.media.omx@1.0-service: libminijail[382]: compile_file: (27): previous definition here
06-06 14:40:57.279 382 382 W android.hardware.media.omx@1.0-service: libminijail[382]: compile_file: /system/etc/seccomp_policy/crash_dump.arm.policy(32): syscall getuid32 redefined here
06-06 14:40:57.279 382 382 W android.hardware.media.omx@1.0-service: libminijail[382]: compile_file: (34): previous definition here
06-06 14:40:57.279 382 382 W android.hardware.media.omx@1.0-service: libminijail[382]: compile_file: /system/etc/seccomp_policy/crash_dump.arm.policy(33): syscall fstat64 redefined here
06-06 14:40:57.279 382 382 W android.hardware.media.omx@1.0-service: libminijail[382]: compile_file: (35): previous definition here
06-06 14:40:57.279 382 382 W android.hardware.media.omx@1.0-service: libminijail[382]: compile_file: /system/etc/seccomp_policy/crash_dump.arm.policy(34): syscall mmap2 redefined here
06-06 14:40:57.279 382 382 W android.hardware.media.omx@1.0-service: libminijail[382]: compile_file: (14): previous definition here
06-06 14:40:57.281 265 265 I android.hardware.usb.gadget@1.1-service.aw: setCurrentUsbFunctions None
06-06 14:40:57.282 265 265 I android.hardware.usb.gadget@1.1-service.aw: Gadget cannot be pulled down
06-06 14:40:57.282 382 382 W android.hardware.media.omx@1.0-service: libminijail[382]: logging seccomp filter failures
06-06 14:40:57.282 265 265 I android.hardware.usb.gadget@1.1-service.aw: mMonitor not running
06-06 14:40:57.282 265 265 I android.hardware.usb.gadget@1.1-service.aw: Returned from tearDown gadget
06-06 14:40:57.228 326 326 I rainbow_flow: type=1400 audit(0.0:274): avc: denied { ioctl } for path="/dev/spidev1.0" dev="tmpfs" ino=1879 ioctlcmd=0x6b00 scontext=u:r:init:s0 tcontext=u:object_r:device:s0 tclass=chr_file permissive=1
06-06 14:40:57.305 382 382 I cedarc : : register h265 decoder success!
06-06 14:40:57.310 382 382 E cedarc : : dlopen 'libawh265soft.so' fail: dlopen failed: library "libawh265soft.so" not found
06-06 14:40:57.311 382 382 I cedarc : : register h264 decoder success!
06-06 14:40:57.316 382 382 I cedarc : : register mjpeg decoder success!
06-06 14:40:57.319 382 382 I cedarc : : register mjpegplus decoder success!
06-06 14:40:57.320 382 382 I cedarc : : register mpeg2 decoder success!
06-06 14:40:57.321 382 382 W cedarc : : Invalid plugin, CedarPluginVDInit not found, lib:libawmpeg4base.so.
06-06 14:40:57.331 382 382 I cedarc : : register mpeg4Normal decoder success!
06-06 14:40:57.332 382 382 I cedarc : : register Mpeg4Vp6 decoder success!
06-06 14:40:57.332 382 382 I cedarc : : register mpeg4dx decoder success!
06-06 14:40:57.333 382 382 I cedarc : : register mpeg4H263 decoder success!
06-06 14:40:57.334 382 382 I cedarc : : register vp8 decoder success!
06-06 14:40:57.335 382 382 I cedarc : : register vc1 decoder success!
06-06 14:40:57.232 321 321 I xiriservice_All: type=1400 audit(0.0:275): avc: denied { read } for scontext=u:r:init:s0 tcontext=u:r:init:s0 tclass=netlink_kobject_uevent_socket permissive=1
06-06 14:40:57.346 388 388 I mediaswcodec: media swcodec service starting
06-06 14:40:57.375 388 388 W mediaswcodec: Could not read additional policy file '/vendor/etc/seccomp_policy/mediaswcodec.policy'
06-06 14:40:57.376 388 388 W mediaswcodec: libminijail[388]: failed to get path of fd 4: No such file or directory
06-06 14:40:57.376 388 388 W mediaswcodec: libminijail[388]: allowing syscall: clock_gettime
06-06 14:40:57.376 388 388 W mediaswcodec: libminijail[388]: allowing syscall: connect
06-06 14:40:57.376 388 388 W mediaswcodec: libminijail[388]: allowing syscall: fcntl64
06-06 14:40:57.376 388 388 W mediaswcodec: libminijail[388]: allowing syscall: socket
06-06 14:40:57.376 388 388 W mediaswcodec: libminijail[388]: allowing syscall: writev
06-06 14:40:57.377 388 388 W mediaswcodec: libminijail[388]: compile_file: (71): syscall futex redefined here
06-06 14:40:57.377 388 388 W mediaswcodec: libminijail[388]: compile_file: (15): previous definition here
06-06 14:40:57.379 382 382 I SoftOMXPlugin: createOMXPlugin
06-06 14:40:57.380 382 382 D MediaCodecsXmlParser: parsing /vendor/etc/media_codecs.xml...
06-06 14:40:57.382 382 382 D MediaCodecsXmlParser: parsing /vendor/etc/media_codecs_google_audio.xml...
06-06 14:40:57.382 382 382 D MediaCodecsXmlParser: unable to open media codecs configuration xml file: /vendor/etc/media_codecs_google_audio.xml
06-06 14:40:57.383 265 265 I android.hardware.usb.gadget@1.1-service.aw: setCurrentUsbFunctions Adb
06-06 14:40:57.383 265 265 I android.hardware.usb.gadget@1.1-service.aw: Service started
06-06 14:40:57.384 265 265 I android.hardware.usb.gadget@1.1-service.aw: Usb Gadget setcurrent functions called successfully
06-06 14:40:57.387 392 392 I update_engine: [INFO:main.cc(55)] A/B Update Engine starting
06-06 14:40:57.388 382 382 D MediaCodecsXmlParser: parsing /vendor/etc/media_codecs_google_video.xml...
06-06 14:40:57.388 382 382 D MediaCodecsXmlParser: unable to open media codecs configuration xml file: /vendor/etc/media_codecs_google_video.xml
06-06 14:40:57.389 382 382 D MediaCodecsXmlParser: parsing /vendor/etc/media_codecs_performance.xml...
06-06 14:40:57.391 382 382 D MediaCodecsXmlParser: MediaCodec: cannot update non-existing codec: OMX.google.h264.encoder at line 25 of /vendor/etc/media_codecs_performance.xml
06-06 14:40:57.391 382 382 D MediaCodecsXmlParser: MediaCodec: cannot update non-existing codec: OMX.google.h263.encoder at line 31 of /vendor/etc/media_codecs_performance.xml
06-06 14:40:57.392 382 382 D MediaCodecsXmlParser: MediaCodec: cannot update non-existing codec: OMX.google.mpeg4.encoder at line 34 of /vendor/etc/media_codecs_performance.xml
06-06 14:40:57.392 382 382 D MediaCodecsXmlParser: MediaCodec: cannot update non-existing codec: OMX.google.vp8.encoder at line 37 of /vendor/etc/media_codecs_performance.xml
06-06 14:40:57.392 382 382 D MediaCodecsXmlParser: MediaCodec: cannot update non-existing codec: OMX.allwinner.video.decoder.h263 at line 59 of /vendor/etc/media_codecs_performance.xml
06-06 14:40:57.392 382 382 D MediaCodecsXmlParser: MediaCodec: cannot update non-existing codec: OMX.google.mpeg4.decoder at line 80 of /vendor/etc/media_codecs_performance.xml
06-06 14:40:57.264 264 264 I EventThread: type=1400 audit(0.0:276): avc: denied { search } for name="extcon" dev="sysfs" ino=18109 scontext=u:r:hal_tv_cec_default:s0 tcontext=u:object_r:sysfs_extcon:s0 tclass=dir permissive=1
06-06 14:40:57.392 382 382 D MediaCodecsXmlParser: MediaCodec: cannot update non-existing codec: OMX.google.h263.decoder at line 89 of /vendor/etc/media_codecs_performance.xml
06-06 14:40:57.392 382 382 D MediaCodecsXmlParser: MediaCodec: cannot update non-existing codec: OMX.google.hevc.decoder at line 93 of /vendor/etc/media_codecs_performance.xml
06-06 14:40:57.392 382 382 D MediaCodecsXmlParser: MediaCodec: cannot update non-existing codec: OMX.google.vp8.decoder at line 101 of /vendor/etc/media_codecs_performance.xml
06-06 14:40:57.392 382 382 D MediaCodecsXmlParser: MediaCodec: cannot update non-existing codec: OMX.google.vp9.decoder at line 107 of /vendor/etc/media_codecs_performance.xml
06-06 14:40:57.393 382 382 I MediaCodecsXmlParser: Did not find media_codecs_shaping.xml in search path
06-06 14:40:57.393 382 382 E cutils-trace: Error opening trace file: No such file or directory (2)
06-06 14:40:57.396 388 388 W mediaswcodec: libminijail[388]: logging seccomp filter failures
06-06 14:40:57.397 388 388 I CodecServiceRegistrant: Creating software Codec2 service...
06-06 14:40:57.407 382 382 I HidlServiceManagement: Registered android.hardware.media.omx@1.0::IOmx/default
06-06 14:40:57.408 382 382 I HidlServiceManagement: Removing namespace from process name android.hardware.media.omx@1.0-service to omx@1.0-service.
06-06 14:40:57.408 382 382 I android.hardware.media.omx@1.0-service: IOmx HAL service created.
06-06 14:40:57.410 382 382 I OmxStore: omx common prefix: 'OMX.'
06-06 14:40:57.410 382 382 D MediaCodecsXmlParser: parsing /vendor/etc/media_codecs.xml...
06-06 14:40:57.411 382 382 D MediaCodecsXmlParser: parsing /vendor/etc/media_codecs_google_audio.xml...
06-06 14:40:57.411 382 382 D MediaCodecsXmlParser: unable to open media codecs configuration xml file: /vendor/etc/media_codecs_google_audio.xml
06-06 14:40:57.412 388 388 E cutils-trace: Error opening trace file: No such file or directory (2)
06-06 14:40:57.413 382 382 D MediaCodecsXmlParser: parsing /vendor/etc/media_codecs_google_video.xml...
06-06 14:40:57.413 382 382 D MediaCodecsXmlParser: unable to open media codecs configuration xml file: /vendor/etc/media_codecs_google_video.xml
06-06 14:40:57.413 382 382 D MediaCodecsXmlParser: parsing /vendor/etc/media_codecs_performance.xml...
06-06 14:40:57.414 382 382 D MediaCodecsXmlParser: MediaCodec: cannot update non-existing codec: OMX.google.h264.encoder at line 25 of /vendor/etc/media_codecs_performance.xml
06-06 14:40:57.414 382 382 D MediaCodecsXmlParser: MediaCodec: cannot update non-existing codec: OMX.google.h263.encoder at line 31 of /vendor/etc/media_codecs_performance.xml
06-06 14:40:57.414 382 382 D MediaCodecsXmlParser: MediaCodec: cannot update non-existing codec: OMX.google.mpeg4.encoder at line 34 of /vendor/etc/media_codecs_performance.xml
06-06 14:40:57.415 382 382 D MediaCodecsXmlParser: MediaCodec: cannot update non-existing codec: OMX.google.vp8.encoder at line 37 of /vendor/etc/media_codecs_performance.xml
06-06 14:40:57.415 382 382 D MediaCodecsXmlParser: MediaCodec: cannot update non-existing codec: OMX.allwinner.video.decoder.h263 at line 59 of /vendor/etc/media_codecs_performance.xml
06-06 14:40:57.415 382 382 D MediaCodecsXmlParser: MediaCodec: cannot update non-existing codec: OMX.google.mpeg4.decoder at line 80 of /vendor/etc/media_codecs_performance.xml
06-06 14:40:57.415 382 382 D MediaCodecsXmlParser: MediaCodec: cannot update non-existing codec: OMX.google.h264.decoder at line 83 of /vendor/etc/media_codecs_performance.xml
06-06 14:40:57.415 382 382 D MediaCodecsXmlParser: MediaCodec: cannot update non-existing codec: OMX.google.h263.decoder at line 89 of /vendor/etc/media_codecs_performance.xml
06-06 14:40:57.415 382 382 D MediaCodecsXmlParser: MediaCodec: cannot update non-existing codec: OMX.google.hevc.decoder at line 93 of /vendor/etc/media_codecs_performance.xml
06-06 14:40:57.415 382 382 D MediaCodecsXmlParser: MediaCodec: cannot update non-existing codec: OMX.google.vp8.decoder at line 101 of /vendor/etc/media_codecs_performance.xml
06-06 14:40:57.415 382 382 D MediaCodecsXmlParser: MediaCodec: cannot update non-existing codec: OMX.google.vp9.decoder at line 107 of /vendor/etc/media_codecs_performance.xml
06-06 14:40:57.416 382 382 I MediaCodecsXmlParser: Did not find media_codecs_shaping.xml in search path
06-06 14:40:57.417 382 382 E MediaCodecsXmlParser: Cannot find the role for a decoder of type video/divx
06-06 14:40:57.417 382 382 E MediaCodecsXmlParser: Cannot find the role for a decoder of type video/jpeg
06-06 14:40:57.417 382 382 E MediaCodecsXmlParser: Cannot find the role for a decoder of type video/mpeg1
06-06 14:40:57.417 382 382 E MediaCodecsXmlParser: Cannot find the role for a decoder of type video/x-ms-mpeg4v1
06-06 14:40:57.417 382 382 E MediaCodecsXmlParser: Cannot find the role for a decoder of type video/x-ms-mpeg4v2
06-06 14:40:57.417 382 382 E MediaCodecsXmlParser: Cannot find the role for a decoder of type video/rvg2
06-06 14:40:57.417 382 382 E MediaCodecsXmlParser: Cannot find the role for a decoder of type video/flv1
06-06 14:40:57.417 382 382 E MediaCodecsXmlParser: Cannot find the role for a decoder of type video/wvc1
06-06 14:40:57.417 382 382 E MediaCodecsXmlParser: Cannot find the role for a decoder of type video/x-vnd.on2.vp6
06-06 14:40:57.417 382 382 E MediaCodecsXmlParser: Cannot find the role for a decoder of type video/wmv1
06-06 14:40:57.417 382 382 E MediaCodecsXmlParser: Cannot find the role for a decoder of type video/wmv2
06-06 14:40:57.417 382 382 E MediaCodecsXmlParser: Cannot find the role for a decoder of type video/xvid
06-06 14:40:57.443 368 368 I MediaExtractorFactory: plugin directory not present (/system/lib/extractors)
06-06 14:40:57.443 368 368 I MediaExtractorFactory: plugin directory not present (/system_ext/lib/extractors)
06-06 14:40:57.445 373 373 D multiir : multi_ir open uinput dev
06-06 14:40:57.447 315 316 D XM_HIDREAD: add@ add@/devices/virtual/input/input1
06-06 14:40:57.450 382 382 I HidlServiceManagement: Registered android.hardware.media.omx@1.0::IOmxStore/default
06-06 14:40:57.450 382 382 I HidlServiceManagement: Removing namespace from process name android.hardware.media.omx@1.0-service to omx@1.0-service.
06-06 14:40:57.455 388 388 I HidlServiceManagement: Registered android.hardware.media.c2@1.2::IComponentStore/software
06-06 14:40:57.459 315 316 D XM_HIDREAD: add@ add@/devices/virtual/input/input1/event1
06-06 14:40:57.459 373 373 D multiir : uinputfd=4
06-06 14:40:57.460 392 392 E cutils-trace: Error opening trace file: No such file or directory (2)
06-06 14:40:57.461 180 180 I hwservicemanager: getTransport: Cannot find entry android.hardware.media.c2@1.0::IComponentStore/default in either framework or device VINTF manifest.
06-06 14:40:57.462 388 388 I CodecServiceRegistrant: Preferred Codec2 store is defaulted to "software".
06-06 14:40:57.462 388 388 I CodecServiceRegistrant: Software Codec2 service created and registered.
06-06 14:40:57.463 400 400 I adbd : persist.adb.watchdog set to ''
06-06 14:40:57.463 400 400 I adbd : persist.sys.test_harness set to ''
06-06 14:40:57.464 400 400 I adbd : adb watchdog timeout set to 600 seconds
06-06 14:40:57.465 400 400 I adbd : Setup mdns on port= 5555
06-06 14:40:57.465 400 400 I adbd : adbd listening on tcp:5555
06-06 14:40:57.465 400 400 I adbd : adbd listening on vsock:5555
06-06 14:40:57.465 400 400 I adbd : adbd started
06-06 14:40:57.630 373 373 I input : sunxi-ir-uinput as /devices/virtual/input/input1
06-06 14:40:57.468 400 413 I adbd : Waiting for persist.adb.tls_server.enable=1
06-06 14:40:57.470 400 413 I adbd : persist.adb.tls_server.enable changed to 1
06-06 14:40:57.472 379 379 D systemmixservice: main SystemMix service is running.
06-06 14:40:57.473 379 379 I systemmixservice: ServiceManager: 0xe7f70cb0
06-06 14:40:57.473 379 379 D SystemMixService: SystemMixService created
06-06 14:40:57.474 179 179 E SELinux : avc: denied { add } for pid=379 uid=0 name=softwinner.systemmix scontext=u:r:systemmix:s0 tcontext=u:object_r:default_android_service:s0 tclass=service_manager permissive=1
06-06 14:40:57.475 400 415 I adbd : opening control endpoint /dev/usb-ffs/adb/ep0
06-06 14:40:57.656 415 415 I : read descriptors
06-06 14:40:57.484 241 241 I zygote : Using memfd for future sealing
06-06 14:40:57.661 415 415 I : read strings
06-06 14:40:57.485 400 413 I adbd : adbwifi started on port 35777
06-06 14:40:57.485 400 413 I adbd : TlsServer running on port 35777
06-06 14:40:57.486 400 413 I adbd : adb wifi started on port 35777
06-06 14:40:57.486 265 404 I android.hardware.usb.gadget@1.1-service.aw: GADGET pulled up
06-06 14:40:57.487 400 413 I adbd : Waiting for persist.adb.tls_server.enable=0
06-06 14:40:57.487 400 422 I adbd : Registering secure_connect service (adb-DZOH58251942749-8EFxOg)
06-06 14:40:57.488 400 415 I adbd : UsbFfsConnection constructed
06-06 14:40:57.492 387 387 E cutils-trace: Error opening trace file: No such file or directory (2)
06-06 14:40:57.493 400 424 I adbd : UsbFfs-monitor thread spawned
06-06 14:40:57.493 400 424 I adbd : USB event: FUNCTIONFS_BIND
06-06 14:40:57.496 392 392 I update_engine: [INFO:boot_control_android.cc(69)] Loaded boot control hidl hal.
06-06 14:40:57.492 369 369 V MediaUtils: physMem: 2055442432
06-06 14:40:57.503 369 369 V MediaUtils: requested limit: 134217728
06-06 14:40:57.504 387 387 I HidlServiceManagement: Registered android.hardware.radio@1.6::IRadio/slot1
06-06 14:40:57.506 369 369 I libc : malloc_limit: Allocation limit enabled, max size 134217728 bytes
06-06 14:40:57.510 387 387 I HidlServiceManagement: Registered android.hardware.radio.config@1.3::IRadioConfig/default
06-06 14:40:57.510 369 369 D AudioPowerUsage: AudioPowerUsage
06-06 14:40:57.515 369 369 D AudioAnalytics: AudioAnalytics
06-06 14:40:57.515 369 369 D MediaMetricsService: MediaMetricsService
06-06 14:40:57.516 387 387 I HidlServiceManagement: Registered android.hardware.radio@1.2::ISap/slot1
06-06 14:40:57.518 377 377 E cutils-trace: Error opening trace file: No such file or directory (2)
06-06 14:40:57.521 377 377 W storaged: health: invalid battery status
06-06 14:40:57.523 377 377 I ServiceManager: Waiting for service 'package_native' on '/dev/binder'...
06-06 14:40:57.524 353 353 I cameraserver: ServiceManager: 0xe8988960
06-06 14:40:57.525 353 353 I CameraService: CameraService started (pid=353)
06-06 14:40:57.525 353 353 I CameraService: CameraService process starting
06-06 14:40:57.525 353 353 W BatteryNotifier: batterystats service unavailable!
06-06 14:40:57.526 353 353 W BatteryNotifier: batterystats service unavailable!
06-06 14:40:57.526 353 353 E cutils-trace: Error opening trace file: No such file or directory (2)
06-06 14:40:57.531 353 353 I CameraProviderManager: Connecting to new camera provider: external/0, isRemote? 1
06-06 14:40:57.532 353 353 I CameraProviderManager: Camera provider external/0 ready with 0 camera devices
06-06 14:40:57.533 353 432 W CameraProviderManager: addProviderLocked: Camera provider HAL with name 'external/0' already registered
06-06 14:40:57.534 353 353 I cameraserver: Waiting for activity service
06-06 14:40:57.558 373 373 D multiir : uevent listen start
06-06 14:40:57.576 285 285 I ServiceManager: Waiting for service 'media.metrics' on '/dev/binder' successful after waiting 1340ms
06-06 14:40:57.576 285 285 I AudioFlinger: Using default 3000 mSec as standby time.
06-06 14:40:57.577 369 431 I ServiceManager: Waiting for service 'package_native' on '/dev/binder'...
06-06 14:40:57.634 373 373 D multiir : find target device, path=/dev/input/event0
06-06 14:40:57.634 285 285 E APM::HwModule: refreshSupportedDevices: invalid source devices for primary input
06-06 14:40:57.634 285 285 E APM::HwModule: refreshSupportedDevices: invalid source devices for fast input
06-06 14:40:57.636 373 441 D multiir : MultiirService create
06-06 14:40:57.636 179 179 E SELinux : avc: denied { add } for pid=373 uid=0 name=softwinner.multi_ir scontext=u:r:multi_ir:s0 tcontext=u:object_r:default_android_service:s0 tclass=service_manager permissive=1
06-06 14:40:57.640 285 285 D APM_EngineLoader: Loaded engine from libaudiopolicyenginedefault.so
06-06 14:40:57.640 285 285 D APM::AudioPolicyEngine/Base: loadAudioPolicyEngineConfig: No configuration found, using default matching phone experience.
06-06 14:40:57.654 392 392 I update_engine: [INFO:daemon_state_android.cc(44)] Booted in dev mode.
06-06 14:40:57.658 285 285 W APM::AudioPolicyEngine/Base: loadAudioPolicyEngineConfig: No configuration of AUDIO_STREAM_ASSISTANT found, using default volume configuration
06-06 14:40:57.659 285 285 W APM::AudioPolicyEngine/Base: loadAudioPolicyEngineConfig: No configuration of AUDIO_STREAM_CALL_ASSISTANT found, using default volume configuration
06-06 14:40:57.720 247 247 V audio_hw_primary: init_audio_devices, line: 611
06-06 14:40:57.721 247 247 D audio_hw_primary: read card /sys/class/sound/card0/id
06-06 14:40:57.721 247 247 D audio_hw_primary: /sys/class/sound/card0/id, audiocodec, len: 11
06-06 14:40:57.722 247 247 D audio_hw_primary: linux name = audiocodec, android name = AUDIO_CODEC
06-06 14:40:57.722 247 247 D audio_hw_primary: find name map, card_id = audiocodec, card_name = AUDIO_CODEC
06-06 14:40:57.722 247 247 V audio_hw_primary: card: 0, name: AUDIO_CODEC, capture: 0, playback: 1
06-06 14:40:57.722 247 247 D audio_hw_primary: read card /sys/class/sound/card1/id
06-06 14:40:57.722 247 247 D audio_hw_primary: /sys/class/sound/card1/id, sndspdif, len: 9
06-06 14:40:57.722 247 247 D audio_hw_primary: linux name = sndspdif, android name = AUDIO_SPDIF
06-06 14:40:57.722 247 247 D audio_hw_primary: find name map, card_id = sndspdif, card_name = AUDIO_SPDIF
06-06 14:40:57.724 247 247 V audio_hw_primary: card: 1, name: AUDIO_SPDIF, capture: 1, playback: 1
06-06 14:40:57.724 247 247 D audio_hw_primary: read card /sys/class/sound/card2/id
06-06 14:40:57.724 247 247 D audio_hw_primary: /sys/class/sound/card2/id, ahubdam, len: 8
06-06 14:40:57.725 247 247 D audio_hw_primary: linux name = ahubdam, android name = AUDIO_DAM
06-06 14:40:57.725 247 247 D audio_hw_primary: find name map, card_id = ahubdam, card_name = AUDIO_DAM
06-06 14:40:57.725 247 247 V audio_hw_primary: card: 2, name: AUDIO_DAM, capture: 0, playback: 0
06-06 14:40:57.725 247 247 D audio_hw_primary: read card /sys/class/sound/card3/id
06-06 14:40:57.725 247 247 D audio_hw_primary: /sys/class/sound/card3/id, ahubhdmi, len: 9
06-06 14:40:57.725 247 247 D audio_hw_primary: linux name = ahubhdmi, android name = AUDIO_HDMI
06-06 14:40:57.725 247 247 D audio_hw_primary: find name map, card_id = ahubhdmi, card_name = AUDIO_HDMI
06-06 14:40:57.725 247 247 V audio_hw_primary: card: 3, name: AUDIO_HDMI, capture: 1, playback: 1
06-06 14:40:57.725 247 247 D audio_hw_primary: read card /sys/class/sound/card4/id
06-06 14:40:57.726 247 247 D audio_hw_primary: /sys/class/sound/card4/id, ahubi2s2, len: 9
06-06 14:40:57.726 247 247 D audio_hw_primary: linux name = ahubi2s2, android name = AUDIO_I2S2
06-06 14:40:57.726 247 247 D audio_hw_primary: find name map, card_id = ahubi2s2, card_name = AUDIO_I2S2
06-06 14:40:57.726 247 247 V audio_hw_primary: card: 4, name: AUDIO_I2S2, capture: 1, playback: 1
06-06 14:40:57.726 247 247 D audio_hw_primary: getCardNumbyName: name = AUDIO_CODEC , card = 0
06-06 14:40:57.726 247 247 D audio_hw_primary: getCardNumbyName: name = AUDIO_DAM , card = 2
06-06 14:40:57.726 247 247 D audio_hw_primary: getCardNumbyName: name = AUDIO_HDMI , card = 3
06-06 14:40:57.726 247 247 D audio_hw_primary: getCardNumbyName: name = AUDIO_I2S2 , card = 4
06-06 14:40:57.727 247 247 D audio_hw_primary: getCardNumbyName: name = AUDIO_SPDIF , card = 1
06-06 14:40:57.727 247 247 E audio_hw_primary: AUDIO_BT card does not exist
06-06 14:40:57.727 247 247 E audio_hw_primary: AUDIO_MIX card does not exist
06-06 14:40:57.727 247 247 V audio_hw_primary: init_audio_devices_active, line: 635
06-06 14:40:57.727 247 247 V audio_hw_primary: init_audio_devices_active: get property persist.vendor.audio.input.active: AUDIO_CODEC
06-06 14:40:57.724 1 1 I /system/bin/init: type=1107 audit(0.0:277): uid=0 auid=4294967295 ses=4294967295 subj=u:r:init:s0 msg='avc: denied { set } for property=persist.vendor.audio.input.active pid=247 uid=1041 gid=1005 scontext=u:r:hal_audio_default:s0 tcontext=u:object_r:vendor_default_prop:s0 tclass=property_service permissive=1'
06-06 14:40:57.763 392 392 I update_engine: [INFO:update_attempter_android.cc(1082)] Scheduling CleanupPreviousUpdateAction.
06-06 14:40:57.768 326 326 I rainbow_flow: type=1400 audit(0.0:278): avc: denied { ioctl } for path="/dev/spidev1.0" dev="tmpfs" ino=1879 ioctlcmd=0x6b00 scontext=u:r:init:s0 tcontext=u:object_r:device:s0 tclass=chr_file permissive=1
06-06 14:40:57.815 247 247 V audio_hw_primary: set property persist.vendor.audio.input.active: AUDIO_CODEC ok
06-06 14:40:57.815 247 247 V audio_hw_primary: init_audio_devices_active: get property persist.vendor.audio.output.active: AUDIO_HDMI
06-06 14:40:57.816 392 392 I update_engine: [INFO:action_processor.cc(51)] ActionProcessor: starting CleanupPreviousUpdateAction
06-06 14:40:57.895 392 392 I update_engine: [INFO:cleanup_previous_update_action.cc(149)] Starting/resuming CleanupPreviousUpdateAction
06-06 14:40:57.896 247 247 V audio_hw_primary: set property persist.vendor.audio.output.active: AUDIO_HDMI ok
06-06 14:40:57.896 247 247 V audio_hw_primary: AUDIO_HDMI output device will be active
06-06 14:40:57.896 247 247 D audio_hw_primary: XX 2 0 2 0
06-06 14:40:57.903 247 247 W audio_route: Control 'External Speaker Switch' doesn't exist - skipping
06-06 14:40:57.904 247 247 W audio_route: Control 'Headphone Switch' doesn't exist - skipping
06-06 14:40:57.904 247 247 W audio_route: Control 'Earpiece Switch' doesn't exist - skipping
06-06 14:40:57.904 247 247 W audio_route: Control 'AIF1IN0R Mux' doesn't exist - skipping
06-06 14:40:57.904 247 247 W audio_route: Control 'AIF1IN0L Mux' doesn't exist - skipping
06-06 14:40:57.904 247 247 W audio_route: Control 'DACR Mixer AIF1DA0R Switch' doesn't exist - skipping
06-06 14:40:57.904 247 247 W audio_route: Control 'DACL Mixer AIF1DA0L Switch' doesn't exist - skipping
06-06 14:40:57.904 247 247 W audio_route: Control 'AIF1OUT0L Mux' doesn't exist - skipping
06-06 14:40:57.904 247 247 W audio_route: Control 'AIF1OUT0R Mux' doesn't exist - skipping
06-06 14:40:57.904 247 247 W audio_route: Control 'AIF1 AD0L Mixer ADCL Switch' doesn't exist - skipping
06-06 14:40:57.904 247 247 W audio_route: Control 'AIF1 AD0R Mixer ADCR Switch' doesn't exist - skipping
06-06 14:40:57.904 247 247 W audio_route: Control 'ADCR Mux' doesn't exist - skipping
06-06 14:40:57.904 247 247 W audio_route: Control 'ADCL Mux' doesn't exist - skipping
06-06 14:40:57.904 247 247 W audio_route: Control 'HP_R Mux' doesn't exist - skipping
06-06 14:40:57.904 247 247 W audio_route: Control 'HP_L Mux' doesn't exist - skipping
06-06 14:40:57.904 247 247 W audio_route: Control 'HP_R Mux' doesn't exist - skipping
06-06 14:40:57.904 247 247 W audio_route: Control 'HP_L Mux' doesn't exist - skipping
06-06 14:40:57.904 247 247 W audio_route: Control 'Right Output Mixer DACR Switch' doesn't exist - skipping
06-06 14:40:57.904 247 247 W audio_route: Control 'Left Output Mixer DACL Switch' doesn't exist - skipping
06-06 14:40:57.904 247 247 W audio_route: Control 'SPK_L Mux' doesn't exist - skipping
06-06 14:40:57.904 247 247 W audio_route: Control 'SPK_R Mux' doesn't exist - skipping
06-06 14:40:57.904 247 247 W audio_route: Control 'External Speaker Switch' doesn't exist - skipping
06-06 14:40:57.904 247 247 W audio_route: Control 'Headphone Switch' doesn't exist - skipping
06-06 14:40:57.904 247 247 W audio_route: Control 'AIF1IN0R Mux' doesn't exist - skipping
06-06 14:40:57.904 247 247 W audio_route: Control 'AIF1IN0L Mux' doesn't exist - skipping
06-06 14:40:57.904 247 247 W audio_route: Control 'DACR Mixer AIF1DA0R Switch' doesn't exist - skipping
06-06 14:40:57.904 247 247 W audio_route: Control 'DACL Mixer AIF1DA0L Switch' doesn't exist - skipping
06-06 14:40:57.904 247 247 W audio_route: Control 'Left Output Mixer DACR Switch' doesn't exist - skipping
06-06 14:40:57.904 247 247 W audio_route: Control 'Left Output Mixer DACL Switch' doesn't exist - skipping
06-06 14:40:57.904 247 247 W audio_route: Control 'SPK_L Mux' doesn't exist - skipping
06-06 14:40:57.905 247 247 W audio_route: Control 'External Speaker Switch' doesn't exist - skipping
06-06 14:40:57.905 247 247 W audio_route: unknown enum value string 0 for ctl LINEOUTL src LR
06-06 14:40:57.906 247 247 W audio_route: unknown enum value string 0 for ctl LINEOUTR src LR
06-06 14:40:57.906 247 247 W audio_route: Control 'DACR Mixer AIF1DA0R Switch' doesn't exist - skipping
06-06 14:40:57.906 247 247 W audio_route: Control 'DACL Mixer AIF1DA0L Switch' doesn't exist - skipping
06-06 14:40:57.906 247 247 W audio_route: Control 'AIF1 AD0L Mixer ADCL Switch' doesn't exist - skipping
06-06 14:40:57.906 247 247 W audio_route: Control 'AIF1 AD0R Mixer ADCR Switch' doesn't exist - skipping
06-06 14:40:57.906 247 247 W audio_route: Control 'Left Output Mixer DACL Switch' doesn't exist - skipping
06-06 14:40:57.906 247 247 W audio_route: Control 'Left Output Mixer DACR Switch' doesn't exist - skipping
06-06 14:40:57.906 247 247 W audio_route: Control 'Right Output Mixer DACL Switch' doesn't exist - skipping
06-06 14:40:57.906 247 247 W audio_route: Control 'Right Output Mixer DACR Switch' doesn't exist - skipping
06-06 14:40:57.906 247 247 W audio_route: Control 'Headphone Switch' doesn't exist - skipping
06-06 14:40:57.906 247 247 W audio_route: Control 'External Speaker Switch' doesn't exist - skipping
06-06 14:40:57.906 247 247 W audio_route: Control 'AIF1OUT0R Mux' doesn't exist - skipping
06-06 14:40:57.906 247 247 W audio_route: Control 'AIF1OUT0L Mux' doesn't exist - skipping
06-06 14:40:57.906 247 247 W audio_route: Control 'AIF1 AD0R Mixer ADCR Switch' doesn't exist - skipping
06-06 14:40:57.906 247 247 W audio_route: Control 'AIF1 AD0L Mixer ADCL Switch' doesn't exist - skipping
06-06 14:40:57.906 247 247 W audio_route: Control 'ADCR Mux' doesn't exist - skipping
06-06 14:40:57.906 247 247 W audio_route: Control 'ADCL Mux' doesn't exist - skipping
06-06 14:40:57.906 247 247 W audio_route: Control 'LADC input Mixer MIC1 boost Switch' doesn't exist - skipping
06-06 14:40:57.906 247 247 W audio_route: Control 'RADC input Mixer MIC1 boost Switch' doesn't exist - skipping
06-06 14:40:57.906 247 247 W audio_route: Control 'AIF1OUT0R Mux' doesn't exist - skipping
06-06 14:40:57.906 247 247 W audio_route: Control 'AIF1OUT0L Mux' doesn't exist - skipping
06-06 14:40:57.906 247 247 W audio_route: Control 'AIF1 AD0R Mixer ADCR Switch' doesn't exist - skipping
06-06 14:40:57.906 247 247 W audio_route: Control 'AIF1 AD0L Mixer ADCL Switch' doesn't exist - skipping
06-06 14:40:57.906 247 247 W audio_route: Control 'ADCR Mux' doesn't exist - skipping
06-06 14:40:57.906 247 247 W audio_route: Control 'ADCL Mux' doesn't exist - skipping
06-06 14:40:57.907 247 247 W audio_route: Control 'MIC2 SRC' doesn't exist - skipping
06-06 14:40:57.907 247 247 W audio_route: Control 'LADC input Mixer MIC2 boost Switch' doesn't exist - skipping
06-06 14:40:57.907 247 247 W audio_route: Control 'RADC input Mixer MIC2 boost Switch' doesn't exist - skipping
06-06 14:40:57.907 247 247 W audio_route: Control 'ADCL Mux' doesn't exist - skipping
06-06 14:40:57.907 247 247 W audio_route: Control 'ADCR Mux' doesn't exist - skipping
06-06 14:40:57.907 247 247 W audio_route: Control 'AIF1 AD0L Mixer ADCL Switch' doesn't exist - skipping
06-06 14:40:57.907 247 247 W audio_route: Control 'AIF1 AD0R Mixer ADCR Switch' doesn't exist - skipping
06-06 14:40:57.907 247 247 W audio_route: Control 'AIF1OUT0L Mux' doesn't exist - skipping
06-06 14:40:57.907 247 247 W audio_route: Control 'AIF1OUT0R Mux' doesn't exist - skipping
06-06 14:40:57.907 247 247 W audio_route: Control 'AIF2 ADC volume' doesn't exist - skipping
06-06 14:40:57.907 247 247 W audio_route: Control 'LEFT ADC input Mixer MIC1 boost Switch' doesn't exist - skipping
06-06 14:40:57.907 247 247 W audio_route: Control 'ADCL Mux' doesn't exist - skipping
06-06 14:40:57.907 247 247 W audio_route: Control 'AIF2 ADL Mixer ADCL Switch' doesn't exist - skipping
06-06 14:40:57.907 247 247 W audio_route: Control 'AIF2OUTL Mux' doesn't exist - skipping
06-06 14:40:57.907 247 247 W audio_route: Control 'AIF2INL Mux' doesn't exist - skipping
06-06 14:40:57.907 247 247 W audio_route: Control 'AIF2INL Mux switch aif2inl aif2Switch' doesn't exist - skipping
06-06 14:40:57.907 247 247 W audio_route: Control 'DACL Mixer AIF2DACL Switch' doesn't exist - skipping
06-06 14:40:57.907 247 247 W audio_route: Control 'Right Output Mixer DACL Switch' doesn't exist - skipping
06-06 14:40:57.907 247 247 W audio_route: Control 'Left Output Mixer DACL Switch' doesn't exist - skipping
06-06 14:40:57.907 247 247 W audio_route: Control 'SPK_L Mux' doesn't exist - skipping
06-06 14:40:57.907 247 247 W audio_route: Control 'SPK_R Mux' doesn't exist - skipping
