06-06 14:41:11.208 1243 1243 D wpa_supplicant: nl80211: Register frame type=0xd0 (WLAN_FC_STYPE_ACTION) nl_handle=0xf73057a0 match=0104 multicast=0
06-06 14:41:11.208 1243 1243 D wpa_supplicant: nl80211: Register frame type=0xd0 (WLAN_FC_STYPE_ACTION) nl_handle=0xf73057a0 match=040a multicast=0
06-06 14:41:11.208 1243 1243 D wpa_supplicant: nl80211: Register frame type=0xd0 (WLAN_FC_STYPE_ACTION) nl_handle=0xf73057a0 match=040b multicast=0
06-06 14:41:11.208 1243 1243 D wpa_supplicant: nl80211: Register frame type=0xd0 (WLAN_FC_STYPE_ACTION) nl_handle=0xf73057a0 match=040c multicast=0
06-06 14:41:11.208 1243 1243 D wpa_supplicant: nl80211: Register frame type=0xd0 (WLAN_FC_STYPE_ACTION) nl_handle=0xf73057a0 match=040d multicast=0
06-06 14:41:11.208 1243 1243 D wpa_supplicant: nl80211: Register frame type=0xd0 (WLAN_FC_STYPE_ACTION) nl_handle=0xf73057a0 match=090a multicast=0
06-06 14:41:11.209 1243 1243 D wpa_supplicant: nl80211: Register frame type=0xd0 (WLAN_FC_STYPE_ACTION) nl_handle=0xf73057a0 match=090b multicast=0
06-06 14:41:11.209 1243 1243 D wpa_supplicant: nl80211: Register frame type=0xd0 (WLAN_FC_STYPE_ACTION) nl_handle=0xf73057a0 match=090c multicast=0
06-06 14:41:11.209 1243 1243 D wpa_supplicant: nl80211: Register frame type=0xd0 (WLAN_FC_STYPE_ACTION) nl_handle=0xf73057a0 match=090d multicast=0
06-06 14:41:11.209 1243 1243 D wpa_supplicant: nl80211: Register frame type=0xd0 (WLAN_FC_STYPE_ACTION) nl_handle=0xf73057a0 match=0409506f9a09 multicast=0
06-06 14:41:11.209 1243 1243 D wpa_supplicant: nl80211: Register frame type=0xd0 (WLAN_FC_STYPE_ACTION) nl_handle=0xf73057a0 match=7f506f9a09 multicast=0
06-06 14:41:11.209 1243 1243 D wpa_supplicant: nl80211: Register frame type=0xd0 (WLAN_FC_STYPE_ACTION) nl_handle=0xf73057a0 match=0409506f9a1a multicast=0
06-06 14:41:11.209 1243 1243 D wpa_supplicant: nl80211: Register frame type=0xd0 (WLAN_FC_STYPE_ACTION) nl_handle=0xf73057a0 match=0801 multicast=0
06-06 14:41:11.209 1243 1243 D wpa_supplicant: nl80211: Register frame type=0xd0 (WLAN_FC_STYPE_ACTION) nl_handle=0xf73057a0 match=06 multicast=0
06-06 14:41:11.209 1243 1243 D wpa_supplicant: nl80211: Register frame type=0xd0 (WLAN_FC_STYPE_ACTION) nl_handle=0xf73057a0 match=0a07 multicast=0
06-06 14:41:11.210 1243 1243 D wpa_supplicant: nl80211: Register frame type=0xd0 (WLAN_FC_STYPE_ACTION) nl_handle=0xf73057a0 match=0a11 multicast=0
06-06 14:41:11.210 1243 1243 D wpa_supplicant: nl80211: Register frame type=0xd0 (WLAN_FC_STYPE_ACTION) nl_handle=0xf73057a0 match=0a0b multicast=0
06-06 14:41:11.210 1243 1243 D wpa_supplicant: nl80211: Register frame type=0xd0 (WLAN_FC_STYPE_ACTION) nl_handle=0xf73057a0 match=0a1a multicast=0
06-06 14:41:11.214 1243 1243 D wpa_supplicant: nl80211: Register frame type=0xd0 (WLAN_FC_STYPE_ACTION) nl_handle=0xf73057a0 match=1101 multicast=0
06-06 14:41:11.215 1243 1243 D wpa_supplicant: nl80211: Register frame type=0xd0 (WLAN_FC_STYPE_ACTION) nl_handle=0xf73057a0 match=1102 multicast=0
06-06 14:41:11.215 1243 1243 D wpa_supplicant: nl80211: Register frame type=0xd0 (WLAN_FC_STYPE_ACTION) nl_handle=0xf73057a0 match=0505 multicast=0
06-06 14:41:11.215 1243 1243 D wpa_supplicant: nl80211: Register frame type=0xd0 (WLAN_FC_STYPE_ACTION) nl_handle=0xf73057a0 match=0500 multicast=0
06-06 14:41:11.215 1243 1243 D wpa_supplicant: nl80211: Register frame type=0xd0 (WLAN_FC_STYPE_ACTION) nl_handle=0xf73057a0 match=1305 multicast=0
06-06 14:41:11.216 1243 1243 I wpa_supplicant: rfkill: Cannot open RFKILL control device
06-06 14:41:11.216 1243 1243 D wpa_supplicant: nl80211: RFKILL status not available
06-06 14:41:11.216 1243 1243 D wpa_supplicant: netlink: Operstate: ifindex=14 linkmode=1 (userspace-control), operstate=5 (IF_OPER_DORMANT)
06-06 14:41:11.217 1095 1228 I UtilCommon: 未知
06-06 14:41:11.217 1095 1228 I UtilCommon: bluetoothMac=null
06-06 14:41:11.218 1095 1228 E wangli : env: 0_true
06-06 14:41:11.219 479 527 W PppoeNetworkFactory: interfaceLinkStateChanged
06-06 14:41:11.219 479 527 D PppoeNetworkFactory: updateInterface: mIface: mPhyIface:eth0 iface:wlan0 link:up
06-06 14:41:11.219 479 527 D PppoeNetworkFactory: not tracker interface
06-06 14:41:11.219 479 527 I EthernetTracker: interfaceLinkStateChanged, iface: wlan0, up: true
06-06 14:41:11.224 1243 1243 D wpa_supplicant: Add interface wlan0 to a new radio phy0
06-06 14:41:11.224 479 527 W PppoeNetworkFactory: interfaceLinkStateChanged
06-06 14:41:11.224 479 527 D PppoeNetworkFactory: updateInterface: mIface: mPhyIface:eth0 iface:wlan0 link:up
06-06 14:41:11.224 479 527 D PppoeNetworkFactory: not tracker interface
06-06 14:41:11.224 479 527 I EthernetTracker: interfaceLinkStateChanged, iface: wlan0, up: true
06-06 14:41:11.226 1215 1215 W ContextImpl: Calling a method in the system process without a qualified user: android.app.ContextImpl.startService:1816 android.content.ContextWrapper.startService:774 com.cvte.tv.api.TvApiSDKManager.:177 com.cvte.tv.api.TvApiSDKManager.init:217 com.dangbei.rocky.component.system.SystemControlUtils.initSystemAidl:82
06-06 14:41:11.226 1243 1243 D wpa_supplicant: nl80211: No channel number found for frequency 5920 MHz
06-06 14:41:11.226 1243 1243 D wpa_supplicant: nl80211: No channel number found for frequency 5940 MHz
06-06 14:41:11.227 1243 1243 D wpa_supplicant: nl80211: Regulatory information - country=CN (DFS-FCC)
06-06 14:41:11.227 1243 1243 D wpa_supplicant: nl80211: 2400-2483 @ 40 MHz 20 mBm
06-06 14:41:11.227 1243 1243 D wpa_supplicant: nl80211: 5150-5350 @ 80 MHz 20 mBm (DFS)
06-06 14:41:11.227 1243 1243 D wpa_supplicant: nl80211: 5725-5850 @ 80 MHz 33 mBm
06-06 14:41:11.227 1243 1243 D wpa_supplicant: nl80211: 57240-59400 @ 2160 MHz 28 mBm
06-06 14:41:11.227 1243 1243 D wpa_supplicant: nl80211: 59400-63720 @ 2160 MHz 44 mBm
06-06 14:41:11.227 1243 1243 D wpa_supplicant: nl80211: 63720-65880 @ 2160 MHz 28 mBm
06-06 14:41:11.227 1243 1243 D wpa_supplicant: nl80211: Added 802.11b mode based on 802.11g information
06-06 14:41:11.227 1243 1243 D wpa_supplicant: nl80211: Mode IEEE 802.11g: 2412 2417 2422 2427 2432 2437 2442 2447 2452 2457 2462 2467 2472 2484[DISABLED]
06-06 14:41:11.227 1243 1243 D wpa_supplicant: nl80211: Mode IEEE 802.11a: 5170[DISABLED] 5180 5200 5220 5240 5260[RADAR] 5280[RADAR] 5300[RADAR] 5320[RADAR] 5500[DISABLED][RADAR] 5520[DISABLED][RADAR] 5540[DISABLED][RADAR] 5560[DISABLED][RADAR] 5580[DISABLED][RADAR]
06-06 14:41:11.227 1243 1243 D wpa_supplicant: nl80211: Mode IEEE 802.11b: 2412 2417 2422 2427 2432 2437 2442 2447 2452 2457 2462 2467 2472 2484[DISABLED]
06-06 14:41:11.231 479 806 W ActivityManager: Unable to start service Intent { act=com.cvte.tv.api.TV_API_SERVICE pkg=com.cvte.tv.api.impl } U=0: not found
06-06 14:41:11.233 1215 1215 W ContextImpl: Calling a method in the system process without a qualified user: android.app.ContextImpl.bindService:1895 android.content.ContextWrapper.bindService:810 com.cvte.tv.api.TvApiSDKManager.:178 com.cvte.tv.api.TvApiSDKManager.init:217 com.dangbei.rocky.component.system.SystemControlUtils.initSystemAidl:82
06-06 14:41:11.232 674 674 I SharedPreferenc: type=1400 audit(0.0:426): avc: denied { open } for path="/data/user_de/0/com.android.systemui/shared_prefs/powerui_prefs.xml" dev="mmcblk0p25" ino=7075 scontext=u:r:platform_app:s0:c512,c768 tcontext=u:object_r:app_data_file:s0:c512,c768 tclass=file permissive=1 app=com.softwinner.screenshot
06-06 14:41:11.248 479 502 W ActivityManager: Unable to start service Intent { act=com.cvte.tv.api.TV_API_SERVICE pkg=com.cvte.tv.api.impl } U=0: not found
06-06 14:41:11.251 1215 1215 D TvApiSDKManager: getTvApi getSystemService = false
06-06 14:41:11.251 1215 1215 D TvApiSDKManager: getTvApi startService
06-06 14:41:11.252 1215 1215 W ContextImpl: Calling a method in the system process without a qualified user: android.app.ContextImpl.startService:1816 android.content.ContextWrapper.startService:774 com.cvte.tv.api.TvApiSDKManager.getTvApi:361 com.dangbei.rocky.component.system.SystemControlUtils.initSystemAidl:83 com.dangbei.rocky.component.system.SystemComponent.onAttached:38
06-06 14:41:11.257 479 530 D ColorDisplayService: NightDisplayTintController Animation cancelled: false to matrix:
06-06 14:41:11.257 479 530 D ColorDisplayService: 1.000000 0.000000 0.000000 0.000000 0.000000 1.000000 0.000000 0.000000 0.000000 0.000000 1.000000 0.000000 0.000000 0.000000 0.000000 1.000000 min matrix coefficients:
06-06 14:41:11.257 479 530 D ColorDisplayService: 1.000000 0.000000 0.000000 0.000000 0.000000 1.000000 0.000000 0.000000 0.000000 0.000000 1.000000 0.000000 0.000000 0.000000 0.000000 1.000000 max matrix coefficients:
06-06 14:41:11.257 479 530 D ColorDisplayService: 1.000000 0.000000 0.000000 0.000000 0.000000 1.000000 0.000000 0.000000 0.000000 0.000000 1.000000 0.000000 0.000000 0.000000 0.000000 1.000000
06-06 14:41:11.264 479 502 W ActivityManager: Unable to start service Intent { act=com.cvte.tv.api.TV_API_SERVICE pkg=com.cvte.tv.api.impl } U=0: not found
06-06 14:41:11.265 1215 1215 W ContextImpl: Calling a method in the system process without a qualified user: android.app.ContextImpl.bindService:1895 android.content.ContextWrapper.bindService:810 com.cvte.tv.api.TvApiSDKManager.getTvApi:362 com.dangbei.rocky.component.system.SystemControlUtils.initSystemAidl:83 com.dangbei.rocky.component.system.SystemComponent.onAttached:38
06-06 14:41:11.266 1243 1243 D wpa_supplicant: wlan0: Own MAC address: b4:2f:03:15:e9:08
06-06 14:41:11.267 1243 1243 D wpa_supplicant: wpa_driver_nl80211_set_key: ifindex=14 (wlan0) alg=0 addr=0x0 key_idx=0 set_tx=0 seq_len=0 key_len=0 key_flag=0x10
06-06 14:41:11.267 1243 1243 D wpa_supplicant: nl80211: DEL_KEY
06-06 14:41:11.267 1243 1243 D wpa_supplicant: broadcast key
06-06 14:41:11.267 1243 1243 D wpa_supplicant: wpa_driver_nl80211_set_key: ifindex=14 (wlan0) alg=0 addr=0x0 key_idx=1 set_tx=0 seq_len=0 key_len=0 key_flag=0x10
06-06 14:41:11.267 1243 1243 D wpa_supplicant: nl80211: DEL_KEY
06-06 14:41:11.267 1243 1243 D wpa_supplicant: broadcast key
06-06 14:41:11.267 1243 1243 D wpa_supplicant: wpa_driver_nl80211_set_key: ifindex=14 (wlan0) alg=0 addr=0x0 key_idx=2 set_tx=0 seq_len=0 key_len=0 key_flag=0x10
06-06 14:41:11.267 1243 1243 D wpa_supplicant: nl80211: DEL_KEY
06-06 14:41:11.267 1243 1243 D wpa_supplicant: broadcast key
06-06 14:41:11.268 1243 1243 D wpa_supplicant: wpa_driver_nl80211_set_key: ifindex=14 (wlan0) alg=0 addr=0x0 key_idx=3 set_tx=0 seq_len=0 key_len=0 key_flag=0x10
06-06 14:41:11.268 1243 1243 D wpa_supplicant: nl80211: DEL_KEY
06-06 14:41:11.268 1243 1243 D wpa_supplicant: broadcast key
06-06 14:41:11.268 1243 1243 D wpa_supplicant: wpa_driver_nl80211_set_key: ifindex=14 (wlan0) alg=0 addr=0x0 key_idx=4 set_tx=0 seq_len=0 key_len=0 key_flag=0x10
06-06 14:41:11.268 1243 1243 D wpa_supplicant: nl80211: DEL_KEY
06-06 14:41:11.268 1243 1243 D wpa_supplicant: broadcast key
06-06 14:41:11.268 1243 1243 D wpa_supplicant: wpa_driver_nl80211_set_key: ifindex=14 (wlan0) alg=0 addr=0x0 key_idx=5 set_tx=0 seq_len=0 key_len=0 key_flag=0x10
06-06 14:41:11.268 1243 1243 D wpa_supplicant: nl80211: DEL_KEY
06-06 14:41:11.268 1243 1243 D wpa_supplicant: broadcast key
06-06 14:41:11.268 1243 1243 D wpa_supplicant: wlan0: RSN: flushing PMKID list in the driver
06-06 14:41:11.268 1243 1243 D wpa_supplicant: nl80211: Flush PMKIDs
06-06 14:41:11.271 674 674 D SystemUIBootTiming: SystemUIService: bootcomplete com.android.systemui.power.PowerUI took 111 ms
06-06 14:41:11.271 1243 1243 D wpa_supplicant: wlan0: State: DISCONNECTED -> INACTIVE
06-06 14:41:11.271 1243 1243 D wpa_supplicant: Notifying state change event to hidl control: 2
06-06 14:41:11.271 674 674 D SystemUIService: loading: com.android.systemui.media.RingtonePlayer
06-06 14:41:11.272 674 674 D SystemUIService: running: com.android.systemui.media.RingtonePlayer@2da76c
06-06 14:41:11.273 479 503 W ActivityManager: Unable to start service Intent { act=com.cvte.tv.api.TV_API_SERVICE pkg=com.cvte.tv.api.impl } U=0: not found
06-06 14:41:11.276 674 674 D SystemUIBootTiming: SystemUIService: bootcomplete com.android.systemui.media.RingtonePlayer took 5 ms
06-06 14:41:11.276 674 674 D SystemUIService: loading: com.android.systemui.keyboard.KeyboardUI
06-06 14:41:11.283 674 674 D SystemUIService: running: com.android.systemui.keyboard.KeyboardUI@7a4b9ca
06-06 14:41:11.291 674 674 D SystemUIBootTiming: SystemUIService: bootcomplete com.android.systemui.keyboard.KeyboardUI took 15 ms
06-06 14:41:11.291 674 674 D SystemUIService: loading: com.android.systemui.shortcut.ShortcutKeyDispatcher
06-06 14:41:11.291 1215 1215 W ContextImpl: Calling a method in the system process without a qualified user: android.app.ContextImpl.startService:1816 android.content.ContextWrapper.startService:774 com.dangbei.phrike.core.DownloadManager.register:294 com.dangbei.component_appcontrol.phrike.XPhrikeAppCreator.register:47 com.dangbei.component_appcontrol.AppControlComponent.onAttached:65
06-06 14:41:11.292 674 674 D SystemUIService: running: com.android.systemui.shortcut.ShortcutKeyDispatcher@dfad73b
06-06 14:41:11.294 1243 1243 D wpa_supplicant: TDLS: TDLS operation not supported by driver
06-06 14:41:11.294 1243 1243 D wpa_supplicant: TDLS: Driver uses internal link setup
06-06 14:41:11.294 1243 1243 D wpa_supplicant: TDLS: Driver does not support TDLS channel switching
06-06 14:41:11.296 1243 1243 D wpa_supplicant: wlan0: WPS: UUID based on MAC address: 0152a487-414e-5d5a-b1ab-df1a2ff1ccea
06-06 14:41:11.297 1215 1215 I RockyManager: initSDKDelegate:
06-06 14:41:11.297 1243 1243 D wpa_supplicant: EAPOL: SUPP_PAE entering state DISCONNECTED
06-06 14:41:11.298 1243 1243 D wpa_supplicant: EAPOL: Supplicant port status: Unauthorized
06-06 14:41:11.298 1243 1243 D wpa_supplicant: nl80211: Skip set_supp_port(unauthorized) while not associated
06-06 14:41:11.298 1243 1243 D wpa_supplicant: EAPOL: KEY_RX entering state NO_KEY_RECEIVE
06-06 14:41:11.298 1243 1243 D wpa_supplicant: EAPOL: SUPP_BE entering state INITIALIZE
06-06 14:41:11.298 1243 1243 D wpa_supplicant: EAP: EAP entering state DISABLED
06-06 14:41:11.299 1243 1243 D wpa_supplicant: Using existing control interface directory.
06-06 14:41:11.300 1243 1243 D wpa_supplicant: nl80211: Setting wowlan
06-06 14:41:11.302 1095 1095 D OsInitLaunch: send cache: mangoAuth, null, AUTH_NO_NETWORK, null
06-06 14:41:11.302 1243 1243 D wpa_supplicant: MBO: Update non-preferred channels, non_pref_chan=N/A
06-06 14:41:11.302 1243 1243 D wpa_supplicant: Registering interface to hidl control: wlan0
06-06 14:41:11.302 1243 1243 D wpa_supplicant: wlan0: Added interface wlan0
06-06 14:41:11.302 1243 1243 D wpa_supplicant: wlan0: State: INACTIVE -> DISCONNECTED
06-06 14:41:11.302 1243 1243 D wpa_supplicant: nl80211: Set wlan0 operstate 0->0 (DORMANT)
06-06 14:41:11.302 1243 1243 D wpa_supplicant: netlink: Operstate: ifindex=14 linkmode=-1 (no change), operstate=5 (IF_OPER_DORMANT)
06-06 14:41:11.302 1243 1243 D wpa_supplicant: Notifying state change event to hidl control: 0
06-06 14:41:11.303 1243 1243 D wpa_supplicant: nl80211: Create interface iftype 10 (P2P_DEVICE)
06-06 14:41:11.303 674 674 D SystemUIBootTiming: SystemUIService: bootcomplete com.android.systemui.shortcut.ShortcutKeyDispatcher took 12 ms
06-06 14:41:11.303 1243 1243 D wpa_supplicant: nl80211: New P2P Device interface p2p-dev-wlan0 (0x3) created
06-06 14:41:11.303 1243 1243 D wpa_supplicant: Override interface parameter: ctrl_interface ('/data/vendor/wifi/wpa/sockets' -> '/data/vendor/wifi/wpa/sockets')
06-06 14:41:11.303 674 674 D SystemUIService: loading: com.android.systemui.VendorServices
06-06 14:41:11.303 1243 1243 D wpa_supplicant: Initializing interface 'p2p-dev-wlan0' conf '/data/vendor/wifi/wpa/wpa_supplicant.conf' driver 'nl80211' ctrl_interface '/data/vendor/wifi/wpa/sockets' bridge 'N/A'
06-06 14:41:11.303 1243 1243 D wpa_supplicant: Configuration file '/data/vendor/wifi/wpa/wpa_supplicant.conf' -> '/data/vendor/wifi/wpa/wpa_supplicant.conf'
06-06 14:41:11.303 1243 1243 D wpa_supplicant: Reading configuration file '/data/vendor/wifi/wpa/wpa_supplicant.conf'
06-06 14:41:11.303 1243 1243 D wpa_supplicant: update_config=1
06-06 14:41:11.303 1243 1243 D wpa_supplicant: eapol_version=1
06-06 14:41:11.303 1243 1243 D wpa_supplicant: ap_scan=1
06-06 14:41:11.303 1243 1243 D wpa_supplicant: fast_reauth=1
06-06 14:41:11.303 1243 1243 D wpa_supplicant: pmf=1
06-06 14:41:11.303 1243 1243 D wpa_supplicant: p2p_add_cli_chan=1
06-06 14:41:11.303 1243 1243 D wpa_supplicant: oce=1
06-06 14:41:11.303 1243 1243 D wpa_supplicant: sae_pwe=2
06-06 14:41:11.303 674 674 D SystemUIService: running: com.android.systemui.VendorServices@e8ddbb1
06-06 14:41:11.303 674 674 D SystemUIBootTiming: SystemUIService: bootcomplete com.android.systemui.VendorServices took 0 ms
06-06 14:41:11.303 674 674 D SystemUIService: loading: com.android.systemui.SliceBroadcastRelayHandler
06-06 14:41:11.304 674 674 D SystemUIService: running: com.android.systemui.SliceBroadcastRelayHandler@73ca896
06-06 14:41:11.304 674 674 D SystemUIBootTiming: SystemUIService: bootcomplete com.android.systemui.SliceBroadcastRelayHandler took 1 ms
06-06 14:41:11.304 674 674 D SystemUIService: loading: com.android.systemui.statusbar.notification.InstantAppNotifier
06-06 14:41:11.304 1243 1243 D wpa_supplicant: nl80211: Supported cipher 00-0f-ac:1
06-06 14:41:11.304 1243 1243 D wpa_supplicant: nl80211: Supported cipher 00-0f-ac:5
06-06 14:41:11.304 1243 1243 D wpa_supplicant: nl80211: Supported cipher 00-0f-ac:2
06-06 14:41:11.304 1243 1243 D wpa_supplicant: nl80211: Supported cipher 00-0f-ac:4
06-06 14:41:11.304 1243 1243 D wpa_supplicant: nl80211: Supported cipher 00-14-72:1
06-06 14:41:11.304 1243 1243 D wpa_supplicant: nl80211: Supported cipher 00-0f-ac:6
06-06 14:41:11.304 1243 1243 D wpa_supplicant: nl80211: Supported cipher 00-0f-ac:255
06-06 14:41:11.305 1243 1243 D wpa_supplicant: nl80211: Supported vendor command: vendor_id=0x1374 subcmd=9
06-06 14:41:11.305 1243 1243 D wpa_supplicant: nl80211: Supported vendor command: vendor_id=0x1374 subcmd=12
06-06 14:41:11.305 1243 1243 D wpa_supplicant: nl80211: Supported vendor command: vendor_id=0x1374 subcmd=14
06-06 14:41:11.305 1243 1243 D wpa_supplicant: nl80211: Supported vendor command: vendor_id=0x1374 subcmd=15
06-06 14:41:11.305 1243 1243 D wpa_supplicant: nl80211: Supported vendor command: vendor_id=0x1374 subcmd=16
06-06 14:41:11.305 1243 1243 D wpa_supplicant: nl80211: Supported vendor command: vendor_id=0x1374 subcmd=20
06-06 14:41:11.305 1243 1243 D wpa_supplicant: nl80211: Supported vendor command: vendor_id=0x1a11 subcmd=6
06-06 14:41:11.305 1243 1243 D wpa_supplicant: nl80211: Supported vendor command: vendor_id=0x1374 subcmd=21
06-06 14:41:11.305 1243 1243 D wpa_supplicant: nl80211: Supported vendor command: vendor_id=0x1374 subcmd=22
06-06 14:41:11.305 1243 1243 D wpa_supplicant: nl80211: Supported vendor command: vendor_id=0x1374 subcmd=23
06-06 14:41:11.305 1243 1243 D wpa_supplicant: nl80211: Supported vendor command: vendor_id=0x1374 subcmd=24
06-06 14:41:11.305 1243 1243 D wpa_supplicant: nl80211: Supported vendor command: vendor_id=0x1374 subcmd=29
06-06 14:41:11.305 1243 1243 D wpa_supplicant: nl80211: Supported vendor command: vendor_id=0x1374 subcmd=30
06-06 14:41:11.305 1243 1243 D wpa_supplicant: nl80211: Supported vendor command: vendor_id=0x1374 subcmd=32
06-06 14:41:11.305 1243 1243 D wpa_supplicant: nl80211: Supported vendor command: vendor_id=0x1374 subcmd=33
06-06 14:41:11.305 1243 1243 D wpa_supplicant: nl80211: Supported vendor command: vendor_id=0x1374 subcmd=38
06-06 14:41:11.305 1243 1243 D wpa_supplicant: nl80211: Supported vendor command: vendor_id=0x1374 subcmd=39
06-06 14:41:11.305 1243 1243 D wpa_supplicant: nl80211: Supported vendor command: vendor_id=0x1374 subcmd=42
06-06 14:41:11.305 1243 1243 D wpa_supplicant: nl80211: Supported vendor command: vendor_id=0x1374 subcmd=55
06-06 14:41:11.305 1243 1243 D wpa_supplicant: nl80211: Supported vendor command: vendor_id=0x1374 subcmd=61
06-06 14:41:11.305 1243 1243 D wpa_supplicant: nl80211: Supported vendor command: vendor_id=0x1374 subcmd=62
06-06 14:41:11.305 1243 1243 D wpa_supplicant: nl80211: Supported vendor command: vendor_id=0x1374 subcmd=63
06-06 14:41:11.305 1243 1243 D wpa_supplicant: nl80211: Supported vendor command: vendor_id=0x1374 subcmd=64
06-06 14:41:11.305 1243 1243 D wpa_supplicant: nl80211: Supported vendor command: vendor_id=0x1374 subcmd=65
06-06 14:41:11.305 1243 1243 D wpa_supplicant: nl80211: Supported vendor command: vendor_id=0x1374 subcmd=66
06-06 14:41:11.305 1243 1243 D wpa_supplicant: nl80211: Supported vendor command: vendor_id=0x1374 subcmd=69
06-06 14:41:11.305 1243 1243 D wpa_supplicant: nl80211: Supported vendor command: vendor_id=0x1374 subcmd=70
06-06 14:41:11.305 1243 1243 D wpa_supplicant: nl80211: Supported vendor command: vendor_id=0x1374 subcmd=71
06-06 14:41:11.305 1243 1243 D wpa_supplicant: nl80211: Supported vendor command: vendor_id=0x1374 subcmd=76
06-06 14:41:11.305 1243 1243 D wpa_supplicant: nl80211: Supported vendor command: vendor_id=0x1374 subcmd=77
06-06 14:41:11.305 1243 1243 D wpa_supplicant: nl80211: Supported vendor command: vendor_id=0x1374 subcmd=79
06-06 14:41:11.305 1243 1243 D wpa_supplicant: nl80211: Supported vendor command: vendor_id=0x1374 subcmd=80
06-06 14:41:11.305 1243 1243 D wpa_supplicant: nl80211: Supported vendor command: vendor_id=0x1374 subcmd=82
06-06 14:41:11.305 1243 1243 D wpa_supplicant: nl80211: Supported vendor command: vendor_id=0x1374 subcmd=85
06-06 14:41:11.305 1243 1243 D wpa_supplicant: nl80211: Supported vendor command: vendor_id=0x1374 subcmd=146
06-06 14:41:11.305 1243 1243 D wpa_supplicant: nl80211: Supported vendor command: vendor_id=0x1374 subcmd=12
06-06 14:41:11.305 1243 1243 D wpa_supplicant: nl80211: Supported vendor command: vendor_id=0x1374 subcmd=128
06-06 14:41:11.305 1243 1243 D wpa_supplicant: nl80211: Supported vendor command: vendor_id=0x1374 subcmd=129
06-06 14:41:11.305 1243 1243 D wpa_supplicant: nl80211: Supported vendor command: vendor_id=0x1374 subcmd=130
06-06 14:41:11.305 1243 1243 D wpa_supplicant: nl80211: Supported vendor command: vendor_id=0x1374 subcmd=133
06-06 14:41:11.305 1243 1243 D wpa_supplicant: nl80211: Supported vendor command: vendor_id=0x1374 subcmd=176
06-06 14:41:11.305 1243 1243 D wpa_supplicant: nl80211: Supported vendor event: vendor_id=0x1374 subcmd=80
06-06 14:41:11.305 1243 1243 D wpa_supplicant: nl80211: Supported vendor event: vendor_id=0x1374 subcmd=1
06-06 14:41:11.305 1243 1243 D wpa_supplicant: nl80211: Supported vendor event: vendor_id=0x1374 subcmd=1
06-06 14:41:11.305 1243 1243 D wpa_supplicant: nl80211: Supported vendor event: vendor_id=0x1374 subcmd=1
06-06 14:41:11.305 1243 1243 D wpa_supplicant: nl80211: Supported vendor event: vendor_id=0x1374 subcmd=1
06-06 14:41:11.305 1243 1243 D wpa_supplicant: nl80211: Supported vendor event: vendor_id=0x1374 subcmd=1
06-06 14:41:11.305 1243 1243 D wpa_supplicant: nl80211: Supported vendor event: vendor_id=0x1374 subcmd=20
06-06 14:41:11.305 1243 1243 D wpa_supplicant: nl80211: Supported vendor event: vendor_id=0x1374 subcmd=21
06-06 14:41:11.305 1243 1243 D wpa_supplicant: nl80211: Supported vendor event: vendor_id=0x1374 subcmd=23
06-06 14:41:11.305 1243 1243 D wpa_supplicant: nl80211: Supported vendor event: vendor_id=0x1374 subcmd=24
06-06 14:41:11.305 1243 1243 D wpa_supplicant: nl80211: Supported vendor event: vendor_id=0x1374 subcmd=25
06-06 14:41:11.305 1243 1243 D wpa_supplicant: nl80211: Supported vendor event: vendor_id=0x1374 subcmd=26
06-06 14:41:11.305 1243 1243 D wpa_supplicant: nl80211: Supported vendor event: vendor_id=0x1374 subcmd=27
06-06 14:41:11.305 1243 1243 D wpa_supplicant: nl80211: Supported vendor event: vendor_id=0x1374 subcmd=28
06-06 14:41:11.305 1243 1243 D wpa_supplicant: nl80211: Supported vendor event: vendor_id=0x1374 subcmd=41
06-06 14:41:11.305 1243 1243 D wpa_supplicant: nl80211: Supported vendor event: vendor_id=0x1374 subcmd=29
06-06 14:41:11.305 1243 1243 D wpa_supplicant: nl80211: Supported vendor event: vendor_id=0x1374 subcmd=30
06-06 14:41:11.305 1243 1243 D wpa_supplicant: nl80211: Supported vendor event: vendor_id=0x1374 subcmd=31
06-06 14:41:11.305 1243 1243 D wpa_supplicant: nl80211: Supported vendor event: vendor_id=0x1374 subcmd=32
06-06 14:41:11.305 1243 1243 D wpa_supplicant: nl80211: Supported vendor event: vendor_id=0x1374 subcmd=33
06-06 14:41:11.305 1243 1243 D wpa_supplicant: nl80211: Supported vendor event: vendor_id=0x0 subcmd=0
06-06 14:41:11.305 1243 1243 D wpa_supplicant: nl80211: Supported vendor event: vendor_id=0x0 subcmd=0
06-06 14:41:11.305 1243 1243 D wpa_supplicant: nl80211: Supported vendor event: vendor_id=0x0 subcmd=0
06-06 14:41:11.305 1243 1243 D wpa_supplicant: nl80211: Supported vendor event: vendor_id=0x0 subcmd=0
06-06 14:41:11.305 1243 1243 D wpa_supplicant: nl80211: Supported vendor event: vendor_id=0x0 subcmd=0
06-06 14:41:11.305 1243 1243 D wpa_supplicant: nl80211: Supported vendor event: vendor_id=0x0 subcmd=0
06-06 14:41:11.305 1243 1243 D wpa_supplicant: nl80211: Supported vendor event: vendor_id=0x0 subcmd=0
06-06 14:41:11.305 1243 1243 D wpa_supplicant: nl80211: Supported vendor event: vendor_id=0x0 subcmd=0
06-06 14:41:11.305 1243 1243 D wpa_supplicant: nl80211: Supported vendor event: vendor_id=0x0 subcmd=0
06-06 14:41:11.306 1243 1243 D wpa_supplicant: nl80211: Supported vendor event: vendor_id=0x0 subcmd=0
06-06 14:41:11.306 1243 1243 D wpa_supplicant: nl80211: Supported vendor event: vendor_id=0x0 subcmd=0
06-06 14:41:11.306 1243 1243 D wpa_supplicant: nl80211: Supported vendor event: vendor_id=0x0 subcmd=0
06-06 14:41:11.306 1243 1243 D wpa_supplicant: nl80211: Supported vendor event: vendor_id=0x1374 subcmd=5120
06-06 14:41:11.306 1243 1243 D wpa_supplicant: nl80211: Supported vendor event: vendor_id=0x0 subcmd=0
06-06 14:41:11.306 1243 1243 D wpa_supplicant: nl80211: Supported vendor event: vendor_id=0x0 subcmd=0
06-06 14:41:11.306 1243 1243 D wpa_supplicant: nl80211: Supported vendor event: vendor_id=0x0 subcmd=0
06-06 14:41:11.306 1243 1243 D wpa_supplicant: nl80211: Supported vendor event: vendor_id=0x0 subcmd=0
06-06 14:41:11.306 1243 1243 D wpa_supplicant: nl80211: Supported vendor event: vendor_id=0x0 subcmd=0
06-06 14:41:11.306 1243 1243 D wpa_supplicant: nl80211: Supported vendor event: vendor_id=0x0 subcmd=0
06-06 14:41:11.306 1243 1243 D wpa_supplicant: nl80211: Supported vendor event: vendor_id=0x0 subcmd=0
06-06 14:41:11.306 1243 1243 D wpa_supplicant: nl80211: Supported vendor event: vendor_id=0x0 subcmd=0
06-06 14:41:11.306 1243 1243 D wpa_supplicant: nl80211: Supported vendor event: vendor_id=0x0 subcmd=0
06-06 14:41:11.306 1243 1243 D wpa_supplicant: nl80211: Supported vendor event: vendor_id=0x0 subcmd=0
06-06 14:41:11.306 1243 1243 D wpa_supplicant: nl80211: Supported vendor event: vendor_id=0x0 subcmd=0
06-06 14:41:11.306 1243 1243 D wpa_supplicant: nl80211: Supported vendor event: vendor_id=0x0 subcmd=0
06-06 14:41:11.306 1243 1243 D wpa_supplicant: nl80211: Supported vendor event: vendor_id=0x0 subcmd=0
06-06 14:41:11.306 1243 1243 D wpa_supplicant: nl80211: Supported vendor event: vendor_id=0x0 subcmd=0
06-06 14:41:11.306 1243 1243 D wpa_supplicant: nl80211: Supported vendor event: vendor_id=0x0 subcmd=0
06-06 14:41:11.306 1243 1243 D wpa_supplicant: nl80211: Supported vendor event: vendor_id=0x0 subcmd=0
06-06 14:41:11.306 1243 1243 D wpa_supplicant: nl80211: Supported vendor event: vendor_id=0x0 subcmd=0
06-06 14:41:11.306 1243 1243 D wpa_supplicant: nl80211: Supported vendor event: vendor_id=0x0 subcmd=0
06-06 14:41:11.306 1243 1243 D wpa_supplicant: nl80211: Supported vendor event: vendor_id=0x0 subcmd=0
06-06 14:41:11.306 674 674 D SystemUIService: running: com.android.systemui.statusbar.notification.InstantAppNotifier@92b822
06-06 14:41:11.306 1243 1243 D wpa_supplicant: nl80211: Supported vendor event: vendor_id=0x0 subcmd=0
06-06 14:41:11.306 1243 1243 D wpa_supplicant: nl80211: Supported vendor event: vendor_id=0x0 subcmd=0
06-06 14:41:11.306 1243 1243 D wpa_supplicant: nl80211: Supported vendor event: vendor_id=0x0 subcmd=0
06-06 14:41:11.306 1243 1243 D wpa_supplicant: nl80211: Supported vendor event: vendor_id=0x0 subcmd=0
06-06 14:41:11.306 1243 1243 D wpa_supplicant: nl80211: Supported vendor event: vendor_id=0x0 subcmd=0
06-06 14:41:11.306 1243 1243 D wpa_supplicant: nl80211: Supported vendor event: vendor_id=0x0 subcmd=0
06-06 14:41:11.306 1243 1243 D wpa_supplicant: nl80211: Supported vendor event: vendor_id=0x0 subcmd=0
06-06 14:41:11.306 1243 1243 D wpa_supplicant: nl80211: Supported vendor event: vendor_id=0x0 subcmd=0
06-06 14:41:11.306 1243 1243 D wpa_supplicant: nl80211: Supported vendor event: vendor_id=0x0 subcmd=0
06-06 14:41:11.306 1243 1243 D wpa_supplicant: nl80211: Supported vendor event: vendor_id=0x0 subcmd=0
06-06 14:41:11.306 1243 1243 D wpa_supplicant: nl80211: Supported vendor event: vendor_id=0x0 subcmd=0
06-06 14:41:11.306 1243 1243 D wpa_supplicant: nl80211: Supported vendor event: vendor_id=0x0 subcmd=0
06-06 14:41:11.306 1243 1243 D wpa_supplicant: nl80211: Supported vendor event: vendor_id=0x1374 subcmd=131
06-06 14:41:11.306 1243 1243 D wpa_supplicant: nl80211: Supported vendor event: vendor_id=0x1374 subcmd=132
06-06 14:41:11.306 1243 1243 D wpa_supplicant: nl80211: Supported vendor event: vendor_id=0x0 subcmd=0
06-06 14:41:11.306 1243 1243 D wpa_supplicant: nl80211: Supported vendor event: vendor_id=0x0 subcmd=0
06-06 14:41:11.306 1243 1243 D wpa_supplicant: nl80211: Supported vendor event: vendor_id=0x0 subcmd=0
06-06 14:41:11.306 1243 1243 D wpa_supplicant: nl80211: Supported vendor event: vendor_id=0x0 subcmd=0
06-06 14:41:11.306 1243 1243 D wpa_supplicant: nl80211: Supported vendor event: vendor_id=0x0 subcmd=0
06-06 14:41:11.306 1243 1243 D wpa_supplicant: nl80211: Supported vendor event: vendor_id=0x0 subcmd=0
06-06 14:41:11.306 1243 1243 D wpa_supplicant: nl80211: Supported vendor event: vendor_id=0x1374 subcmd=72
06-06 14:41:11.306 1243 1243 D wpa_supplicant: nl80211: Use separate P2P group interface (driver advertised support)
06-06 14:41:11.306 1243 1243 D wpa_supplicant: nl80211: Enable multi-channel concurrent (driver advertised support)
06-06 14:41:11.306 1243 1243 D wpa_supplicant: nl80211: use P2P_DEVICE support
06-06 14:41:11.306 1243 1243 D wpa_supplicant: nl80211: key_mgmt=0xd0f enc=0x10f auth=0x7 flags=0x100100007a007ac0 rrm_flags=0x0 probe_resp_offloads=0x0 max_stations=10 max_remain_on_chan=5000 max_scan_ssids=12
06-06 14:41:11.306 1243 1243 D wpa_supplicant: nl80211: interface p2p-dev-wlan0 in phy phy0
06-06 14:41:11.307 1243 1243 D wpa_supplicant: nl80211: Set mode ifindex 0 iftype 10 (P2P_DEVICE)
06-06 14:41:11.307 1243 1243 D wpa_supplicant: nl80211: Failed to set interface 0 to mode 10: -22 (Invalid argument)
06-06 14:41:11.307 1243 1243 D wpa_supplicant: nl80211: Subscribe to mgmt frames with non-AP handle 0xf7305848
06-06 14:41:11.307 1243 1243 D wpa_supplicant: nl80211: Register frame type=0xb0 (WLAN_FC_STYPE_AUTH) nl_handle=0xf7305848 match=0300 multicast=0
06-06 14:41:11.307 1243 1243 D wpa_supplicant: nl80211: Register frame command failed (type=176): ret=-22 (Invalid argument)
06-06 14:41:11.307 1243 1243 D wpa_supplicant: nl80211: Register frame match - hexdump(len=2): 03 00
06-06 14:41:11.307 1243 1243 D wpa_supplicant: nl80211: Register frame type=0xd0 (WLAN_FC_STYPE_ACTION) nl_handle=0xf7305848 match=0104 multicast=0
06-06 14:41:11.307 1243 1243 D wpa_supplicant: nl80211: Register frame type=0xd0 (WLAN_FC_STYPE_ACTION) nl_handle=0xf7305848 match=040a multicast=0
06-06 14:41:11.308 1243 1243 D wpa_supplicant: nl80211: Register frame type=0xd0 (WLAN_FC_STYPE_ACTION) nl_handle=0xf7305848 match=040b multicast=0
06-06 14:41:11.308 1243 1243 D wpa_supplicant: nl80211: Register frame type=0xd0 (WLAN_FC_STYPE_ACTION) nl_handle=0xf7305848 match=040c multicast=0
06-06 14:41:11.308 1243 1243 D wpa_supplicant: nl80211: Register frame type=0xd0 (WLAN_FC_STYPE_ACTION) nl_handle=0xf7305848 match=040d multicast=0
06-06 14:41:11.308 1243 1243 D wpa_supplicant: nl80211: Register frame type=0xd0 (WLAN_FC_STYPE_ACTION) nl_handle=0xf7305848 match=090a multicast=0
06-06 14:41:11.308 1243 1243 D wpa_supplicant: nl80211: Register frame type=0xd0 (WLAN_FC_STYPE_ACTION) nl_handle=0xf7305848 match=090b multicast=0
06-06 14:41:11.308 1243 1243 D wpa_supplicant: nl80211: Register frame type=0xd0 (WLAN_FC_STYPE_ACTION) nl_handle=0xf7305848 match=090c multicast=0
06-06 14:41:11.308 1243 1243 D wpa_supplicant: nl80211: Register frame type=0xd0 (WLAN_FC_STYPE_ACTION) nl_handle=0xf7305848 match=090d multicast=0
06-06 14:41:11.308 1243 1243 D wpa_supplicant: nl80211: Register frame type=0xd0 (WLAN_FC_STYPE_ACTION) nl_handle=0xf7305848 match=0409506f9a09 multicast=0
06-06 14:41:11.308 1243 1243 D wpa_supplicant: nl80211: Register frame type=0xd0 (WLAN_FC_STYPE_ACTION) nl_handle=0xf7305848 match=7f506f9a09 multicast=0
06-06 14:41:11.309 1243 1243 D wpa_supplicant: nl80211: Register frame type=0xd0 (WLAN_FC_STYPE_ACTION) nl_handle=0xf7305848 match=0409506f9a1a multicast=0
06-06 14:41:11.309 1243 1243 D wpa_supplicant: nl80211: Register frame type=0xd0 (WLAN_FC_STYPE_ACTION) nl_handle=0xf7305848 match=0801 multicast=0
06-06 14:41:11.309 1243 1243 D wpa_supplicant: nl80211: Register frame type=0xd0 (WLAN_FC_STYPE_ACTION) nl_handle=0xf7305848 match=06 multicast=0
06-06 14:41:11.309 1243 1243 D wpa_supplicant: nl80211: Register frame type=0xd0 (WLAN_FC_STYPE_ACTION) nl_handle=0xf7305848 match=0a07 multicast=0
06-06 14:41:11.309 1243 1243 D wpa_supplicant: nl80211: Register frame type=0xd0 (WLAN_FC_STYPE_ACTION) nl_handle=0xf7305848 match=0a11 multicast=0
06-06 14:41:11.309 1243 1243 D wpa_supplicant: nl80211: Register frame type=0xd0 (WLAN_FC_STYPE_ACTION) nl_handle=0xf7305848 match=0a0b multicast=0
06-06 14:41:11.309 1243 1243 D wpa_supplicant: nl80211: Register frame type=0xd0 (WLAN_FC_STYPE_ACTION) nl_handle=0xf7305848 match=0a1a multicast=0
06-06 14:41:11.309 1243 1243 D wpa_supplicant: nl80211: Register frame type=0xd0 (WLAN_FC_STYPE_ACTION) nl_handle=0xf7305848 match=1101 multicast=0
06-06 14:41:11.309 1243 1243 D wpa_supplicant: nl80211: Register frame type=0xd0 (WLAN_FC_STYPE_ACTION) nl_handle=0xf7305848 match=1102 multicast=0
06-06 14:41:11.309 1243 1243 D wpa_supplicant: nl80211: Register frame type=0xd0 (WLAN_FC_STYPE_ACTION) nl_handle=0xf7305848 match=0505 multicast=0
06-06 14:41:11.310 1243 1243 D wpa_supplicant: nl80211: Register frame type=0xd0 (WLAN_FC_STYPE_ACTION) nl_handle=0xf7305848 match=0500 multicast=0
06-06 14:41:11.310 1243 1243 D wpa_supplicant: nl80211: Register frame type=0xd0 (WLAN_FC_STYPE_ACTION) nl_handle=0xf7305848 match=1305 multicast=0
06-06 14:41:11.313 674 674 D SystemUIBootTiming: SystemUIService: bootcomplete com.android.systemui.statusbar.notification.InstantAppNotifier took 9 ms
06-06 14:41:11.313 674 674 D SystemUIService: loading: com.android.systemui.toast.ToastUI
06-06 14:41:11.314 1243 1243 I wpa_supplicant: rfkill: Cannot get wiphy information
06-06 14:41:11.314 1243 1243 D wpa_supplicant: nl80211: RFKILL status not available
06-06 14:41:11.315 674 674 D SystemUIService: running: com.android.systemui.toast.ToastUI@648346e
06-06 14:41:11.316 674 674 D SystemUIBootTiming: SystemUIService: bootcomplete com.android.systemui.toast.ToastUI took 2 ms
06-06 14:41:11.316 674 674 D SystemUIService: loading: com.android.systemui.wmshell.WMShell
06-06 14:41:11.316 674 674 D SystemUIService: running: com.android.systemui.wmshell.WMShell@7cc070f
06-06 14:41:11.318 1243 1243 D wpa_supplicant: nl80211: Start P2P Device p2p-dev-wlan0 (0x3): Success
06-06 14:41:11.320 1243 1243 D wpa_supplicant: Add interface p2p-dev-wlan0 to existing radio phy0
06-06 14:41:11.321 1243 1243 D wpa_supplicant: nl80211: No channel number found for frequency 5920 MHz
06-06 14:41:11.321 1243 1243 D wpa_supplicant: nl80211: No channel number found for frequency 5940 MHz
06-06 14:41:11.322 1243 1243 D wpa_supplicant: nl80211: Regulatory information - country=CN (DFS-FCC)
06-06 14:41:11.322 1243 1243 D wpa_supplicant: nl80211: 2400-2483 @ 40 MHz 20 mBm
06-06 14:41:11.322 1243 1243 D wpa_supplicant: nl80211: 5150-5350 @ 80 MHz 20 mBm (DFS)
06-06 14:41:11.322 1243 1243 D wpa_supplicant: nl80211: 5725-5850 @ 80 MHz 33 mBm
06-06 14:41:11.322 1243 1243 D wpa_supplicant: nl80211: 57240-59400 @ 2160 MHz 28 mBm
06-06 14:41:11.322 1243 1243 D wpa_supplicant: nl80211: 59400-63720 @ 2160 MHz 44 mBm
06-06 14:41:11.322 1243 1243 D wpa_supplicant: nl80211: 63720-65880 @ 2160 MHz 28 mBm
06-06 14:41:11.322 1243 1243 D wpa_supplicant: nl80211: Added 802.11b mode based on 802.11g information
06-06 14:41:11.322 1243 1243 D wpa_supplicant: nl80211: Mode IEEE 802.11g: 2412 2417 2422 2427 2432 2437 2442 2447 2452 2457 2462 2467 2472 2484[DISABLED]
06-06 14:41:11.322 1243 1243 D wpa_supplicant: nl80211: Mode IEEE 802.11a: 5170[DISABLED] 5180 5200 5220 5240 5260[RADAR] 5280[RADAR] 5300[RADAR] 5320[RADAR] 5500[DISABLED][RADAR] 5520[DISABLED][RADAR] 5540[DISABLED][RADAR] 5560[DISABLED][RADAR] 5580[DISABLED][RADAR]
06-06 14:41:11.322 1243 1243 D wpa_supplicant: nl80211: Mode IEEE 802.11b: 2412 2417 2422 2427 2432 2437 2442 2447 2452 2457 2462 2467 2472 2484[DISABLED]
06-06 14:41:11.322 1243 1243 D wpa_supplicant: p2p-dev-wlan0: Own MAC address: b6:2f:03:15:e9:08
06-06 14:41:11.322 1243 1243 D wpa_supplicant: p2p-dev-wlan0: RSN: flushing PMKID list in the driver
06-06 14:41:11.322 1243 1243 D wpa_supplicant: nl80211: Flush PMKIDs
06-06 14:41:11.322 1243 1243 D wpa_supplicant: p2p-dev-wlan0: State: DISCONNECTED -> INACTIVE
06-06 14:41:11.323 1243 1243 D wpa_supplicant: p2p-dev-wlan0: WPS: UUID from the first interface: 0152a487-414e-5d5a-b1ab-df1a2ff1ccea
06-06 14:41:11.323 1243 1243 D wpa_supplicant: EAPOL: SUPP_PAE entering state DISCONNECTED
06-06 14:41:11.323 1243 1243 D wpa_supplicant: EAPOL: Supplicant port status: Unauthorized
06-06 14:41:11.323 1243 1243 D wpa_supplicant: nl80211: Skip set_supp_port(unauthorized) while not associated
06-06 14:41:11.323 1243 1243 D wpa_supplicant: EAPOL: KEY_RX entering state NO_KEY_RECEIVE
06-06 14:41:11.323 1243 1243 D wpa_supplicant: EAPOL: SUPP_BE entering state INITIALIZE
06-06 14:41:11.323 1243 1243 D wpa_supplicant: EAP: EAP entering state DISABLED
06-06 14:41:11.323 1243 1243 D wpa_supplicant: Using existing control interface directory.
06-06 14:41:11.323 1243 1243 D wpa_supplicant: P2P: Add operating class 81
06-06 14:41:11.323 1243 1243 D wpa_supplicant: P2P: Channels - hexdump(len=13): 01 02 03 04 05 06 07 08 09 0a 0b 0c 0d
06-06 14:41:11.324 1243 1243 D wpa_supplicant: P2P: Add operating class 115
06-06 14:41:11.324 1243 1243 D wpa_supplicant: P2P: Channels - hexdump(len=4): 24 28 2c 30
06-06 14:41:11.324 1243 1243 D wpa_supplicant: P2P: Add operating class 116
06-06 14:41:11.324 1243 1243 D wpa_supplicant: P2P: Channels - hexdump(len=2): 24 2c
06-06 14:41:11.324 1243 1243 D wpa_supplicant: P2P: Add operating class 117
06-06 14:41:11.324 1243 1243 D wpa_supplicant: P2P: Channels - hexdump(len=2): 28 30
06-06 14:41:11.324 1243 1243 D wpa_supplicant: P2P: Add operating class 124
06-06 14:41:11.324 1243 1243 D wpa_supplicant: P2P: Channels - hexdump(len=4): 95 99 9d a1
06-06 14:41:11.324 1243 1243 D wpa_supplicant: P2P: Add operating class 125
06-06 14:41:11.324 1243 1243 D wpa_supplicant: P2P: Channels - hexdump(len=5): 95 99 9d a1 a5
06-06 14:41:11.324 1243 1243 D wpa_supplicant: P2P: Add operating class 126
06-06 14:41:11.324 1243 1243 D wpa_supplicant: P2P: Channels - hexdump(len=2): 95 9d
06-06 14:41:11.324 1243 1243 D wpa_supplicant: P2P: Add operating class 127
06-06 14:41:11.324 1243 1243 D wpa_supplicant: P2P: Channels - hexdump(len=2): 99 a1
06-06 14:41:11.324 1243 1243 D wpa_supplicant: P2P: Add operating class 128
06-06 14:41:11.324 1243 1243 D wpa_supplicant: P2P: Channels - hexdump(len=8): 24 28 2c 30 95 99 9d a1
06-06 14:41:11.324 1243 1243 D wpa_supplicant: P2P: Add operating class 130
06-06 14:41:11.324 1243 1243 D wpa_supplicant: P2P: Channels - hexdump(len=9): 24 28 2c 30 95 99 9d a1 a5
06-06 14:41:11.324 1243 1243 D wpa_supplicant: P2P: Own listen channel: 81:11
06-06 14:41:11.324 1243 1243 D wpa_supplicant: P2P: Random operating channel: 81:1
06-06 14:41:11.324 1243 1243 D wpa_supplicant: P2P: initialized
06-06 14:41:11.325 1243 1243 D wpa_supplicant: P2P: channels: 81:1,2,3,4,5,6,7,8,9,10,11,12,13 115:36,40,44,48 116:36,44 117:40,48 124:149,153,157,161 125:149,153,157,161,165 126:149,157 127:153,161 128:36,40,44,48,149,153,157,161 130:36,40,44,48,149,153,157,161,165
06-06 14:41:11.325 1243 1243 D wpa_supplicant: P2P: cli_channels:
06-06 14:41:11.325 1243 1243 D wpa_supplicant: MBO: Update non-preferred channels, non_pref_chan=N/A
06-06 14:41:11.325 1243 1243 D wpa_supplicant: Registering interface to hidl control: p2p-dev-wlan0
06-06 14:41:11.325 1243 1243 D wpa_supplicant: p2p-dev-wlan0: Added interface p2p-dev-wlan0
06-06 14:41:11.325 1243 1243 D wpa_supplicant: p2p-dev-wlan0: State: INACTIVE -> DISCONNECTED
06-06 14:41:11.325 1243 1243 D wpa_supplicant: nl80211: Set p2p-dev-wlan0 operstate 0->0 (DORMANT)
06-06 14:41:11.325 1243 1243 D wpa_supplicant: netlink: Operstate: ifindex=0 linkmode=-1 (no change), operstate=5 (IF_OPER_DORMANT)
06-06 14:41:11.325 1243 1243 D wpa_supplicant: p2p-dev-wlan0: Determining shared radio frequencies (max len 2)
06-06 14:41:11.325 1243 1243 D wpa_supplicant: p2p-dev-wlan0: Shared frequencies (len=0): completed iteration
06-06 14:41:11.325 1243 1243 D wpa_supplicant: P2P: Add operating class 81
06-06 14:41:11.325 1243 1243 D wpa_supplicant: P2P: Channels - hexdump(len=13): 01 02 03 04 05 06 07 08 09 0a 0b 0c 0d
06-06 14:41:11.325 1243 1243 D wpa_supplicant: P2P: Add operating class 115
06-06 14:41:11.325 1243 1243 D wpa_supplicant: P2P: Channels - hexdump(len=4): 24 28 2c 30
06-06 14:41:11.325 1243 1243 D wpa_supplicant: P2P: Add operating class 116
06-06 14:41:11.325 1243 1243 D wpa_supplicant: P2P: Channels - hexdump(len=2): 24 2c
06-06 14:41:11.325 1243 1243 D wpa_supplicant: P2P: Add operating class 117
06-06 14:41:11.325 1243 1243 D wpa_supplicant: P2P: Channels - hexdump(len=2): 28 30
06-06 14:41:11.325 1243 1243 D wpa_supplicant: P2P: Add operating class 124
06-06 14:41:11.325 1243 1243 D wpa_supplicant: P2P: Channels - hexdump(len=4): 95 99 9d a1
06-06 14:41:11.325 1243 1243 D wpa_supplicant: P2P: Add operating class 125
06-06 14:41:11.325 1243 1243 D wpa_supplicant: P2P: Channels - hexdump(len=5): 95 99 9d a1 a5
06-06 14:41:11.325 1243 1243 D wpa_supplicant: P2P: Add operating class 126
06-06 14:41:11.325 1243 1243 D wpa_supplicant: P2P: Channels - hexdump(len=2): 95 9d
06-06 14:41:11.325 1243 1243 D wpa_supplicant: P2P: Add operating class 127
06-06 14:41:11.325 1243 1243 D wpa_supplicant: P2P: Channels - hexdump(len=2): 99 a1
06-06 14:41:11.325 1243 1243 D wpa_supplicant: P2P: Add operating class 128
06-06 14:41:11.325 1243 1243 D wpa_supplicant: P2P: Channels - hexdump(len=8): 24 28 2c 30 95 99 9d a1
06-06 14:41:11.325 1243 1243 D wpa_supplicant: P2P: Add operating class 130
06-06 14:41:11.325 1243 1243 D wpa_supplicant: P2P: Channels - hexdump(len=9): 24 28 2c 30 95 99 9d a1 a5
06-06 14:41:11.325 1243 1243 D wpa_supplicant: P2P: Update channel list
06-06 14:41:11.326 1243 1243 D wpa_supplicant: P2P: channels: 81:1,2,3,4,5,6,7,8,9,10,11,12,13 115:36,40,44,48 116:36,44 117:40,48 124:149,153,157,161 125:149,153,157,161,165 126:149,157 127:153,161 128:36,40,44,48,149,153,157,161 130:36,40,44,48,149,153,157,161,165
06-06 14:41:11.326 1243 1243 D wpa_supplicant: P2P: cli_channels:
06-06 14:41:11.328 1243 1243 D wpa_supplicant: RTM_NEWLINK: ifi_index=14 ifname=wlan0 operstate=5 linkmode=0 ifi_family=0 ifi_flags=0x11003 ([UP][LOWER_UP])
06-06 14:41:11.328 1243 1243 D wpa_supplicant: RTM_NEWLINK: ifi_index=14 ifname=wlan0 operstate=5 linkmode=1 ifi_family=0 ifi_flags=0x11003 ([UP][LOWER_UP])
06-06 14:41:11.338 674 674 D SystemUIBootTiming: SystemUIService: bootcomplete com.android.systemui.wmshell.WMShell took 22 ms
06-06 14:41:11.338 674 674 D SystemUIService: loading: com.android.systemui.media.systemsounds.HomeSoundEffectController
06-06 14:41:11.339 674 674 D SystemUIService: running: com.android.systemui.media.systemsounds.HomeSoundEffectController@ecc052b
06-06 14:41:11.340 674 674 D SystemUIBootTiming: SystemUIService: bootcomplete com.android.systemui.media.systemsounds.HomeSoundEffectController took 2 ms
06-06 14:41:11.344 674 674 I queued-work-loo: type=1400 audit(0.0:427): avc: denied { write } for name="shared_prefs" dev="mmcblk0p25" ino=1642 scontext=u:r:platform_app:s0:c512,c768 tcontext=u:object_r:app_data_file:s0:c512,c768 tclass=dir permissive=1 app=com.softwinner.screenshot
06-06 14:41:11.355 479 606 D SupplicantStaIfaceHal: Newer HAL is found, skip V1_3 remaining init flow.
06-06 14:41:11.355 479 606 D SupplicantStaIfaceHal: Newer HAL is found, skip V1_2 remaining init flow.
06-06 14:41:11.355 479 606 D SupplicantStaIfaceHal: Newer HAL is found, skip V1_1 remaining init flow.
06-06 14:41:11.356 479 606 D SupplicantStaIfaceHal: Newer HAL is found, skip V1_0 remaining init flow.
06-06 14:41:11.376 659 659 E WifiHAL : wifi_get_logger_supported_feature_set: Error -5 happened.
06-06 14:41:11.545 659 659 I ieee80211 phy0: sprdwl_vendor_get_support_feature
06-06 14:41:11.387 659 659 E WifiHAL : wifi_get_logger_supported_feature_set: Error -5 happened.
06-06 14:41:11.559 659 659 I ieee80211 phy0: sprdwl_vendor_get_support_feature
06-06 14:41:11.391 1243 1243 D wpa_supplicant: Driver capability mask: 0xd
06-06 14:41:11.392 479 606 I WifiNative: Successfully switched to connectivity mode on iface=Iface:{Name=wlan0,Id=0,Type=STA_CONNECTIVITY}
06-06 14:41:11.393 479 606 D WifiClientModeManager[wlan0]: entering ConnectModeState, starting ClientModeImpl
06-06 14:41:11.424 479 606 D WifiScoreReport: setShouldReduceNetworkScore=false mNetworkAgent is null? true
06-06 14:41:11.424 479 606 V WifiClientModeManager[wlan0]: ClientModeManager started in role: Role: ROLE_CLIENT_PRIMARY, RequestorWs: WorkSource{10061 com.android.systemui}, ModeListener: com.android.server.wifi.ActiveModeWarden$ClientListener@1d35c14
06-06 14:41:11.430 479 610 I WifiScanningService: Received a request to enable scanning, UID = 1000
06-06 14:41:11.435 479 606 D WifiScanRequestProxy: Sending scan available broadcast: true
06-06 14:41:11.435 666 1084 I bt_bta_dm: system/bt/bta/dm/bta_dm_act.cc:2579 bta_dm_disable_conn_down_timer_cback: Stack device manager shutdown completed
06-06 14:41:11.436 666 834 I bt_stack: [INFO:btif_bqr.cc(229)] EnableBtQualityReport: is_enable: false
06-06 14:41:11.436 666 834 W bt_stack: [WARNING:btif_bqr.cc(237)] EnableBtQualityReport: Bluetooth Quality Report is disabled. bqr_prop_evtmask: , bqr_prop_interval_ms:
06-06 14:41:11.436 666 834 I bt_btif_dm: system/bt/btif/src/btif_dm.cc:1500 BTIF_dm_disable: Stack device manager shutdown finished
06-06 14:41:11.437 666 834 I bt_core_module: system/bt/btcore/src/module.cc:104 module_shut_down: module_shut_down Shutting down module "btif_config_module"
06-06 14:41:11.437 666 854 E BluetoothAdapterService: Repeated wake lock release; aborting release: bluetooth_timer
06-06 14:41:11.453 666 834 I bt_core_module: system/bt/btcore/src/module.cc:109 module_shut_down: module_shut_down Shutdown of module "btif_config_module" completed
06-06 14:41:11.454 666 1084 I bt_stack: [INFO:message_loop_thread.cc(245)] Run: message loop finished for thread bt_main_thread
06-06 14:41:11.454 666 834 I bt_core_module: system/bt/btcore/src/module.cc:122 module_clean_up: module_clean_up Cleaning up module "bte_logmsg_module"
06-06 14:41:11.454 666 834 I bt_core_module: system/bt/btcore/src/module.cc:127 module_clean_up: module_clean_up Cleanup of module "bte_logmsg_module" completed
06-06 14:41:11.455 666 834 E bt_l2cap: system/bt/main/bte_logmsg.cc:191 LogMsg: L2CA_FreeLePSM: Invalid PSM=39 value!
06-06 14:41:11.455 1095 1167 E hq : ErrorCoroutineExceptionHandler:::runTry error:java.net.UnknownHostException: Unable to resolve host "ottdbui-tyapiqun7.yysh.mgtv.com": No address associated with hostname from=requestAppBarData_loadData
06-06 14:41:11.455 666 834 I bt_core_module: system/bt/btcore/src/module.cc:104 module_shut_down: module_shut_down Shutting down module "hci_module"
06-06 14:41:11.455 666 834 I bt_hci : system/bt/hci/src/hci_layer.cc:266 hci_module_shut_down: hci_module_shut_down
06-06 14:41:11.456 666 936 I bt_stack: [INFO:message_loop_thread.cc(245)] Run: message loop finished for thread bt_hci_thread
06-06 14:41:11.458 251 258 I android.hardware.bluetooth@1.0-impl: BluetoothHci::close()
06-06 14:41:11.458 251 258 D android.hardware.bluetooth@1.0-impl: low_power_mode_cb result: 0
06-06 14:41:11.458 251 258 D bt_hwcfg: hw_epilog_process
06-06 14:41:11.458 251 258 I bt_chip_vendor: hw_core_enable
06-06 14:41:11.458 251 258 I bt_chip_vendor: hw_core_enable : 0
06-06 14:41:11.458 251 258 E bt_upio : upio_set : /proc/bluetooth/sleep/btwrite(-1) incorrent
06-06 14:41:11.461 479 1284 D BluetoothManagerService: enable(com.dangbei.lerad.etna.haqu): mBluetooth =null mBinding = false mState = OFF
06-06 14:41:11.461 479 1284 D BluetoothManagerService: enable returning
06-06 14:41:11.462 479 529 D BluetoothManagerService: MESSAGE_ENABLE(0): mBluetooth = null
06-06 14:41:11.462 479 529 D BluetoothManagerService: binding Bluetooth service
06-06 14:41:11.466 479 610 I WifiScanningService: Created a new impl for wlan0
06-06 14:41:11.469 251 1078 I bt_chip_vendor: hw_core_cback hw_core_cback response: [0xFCA1, 0x0000, 0x00]
06-06 14:41:11.469 251 1078 D android.hardware.bluetooth@1.0-impl: epilog_cb result: 0
06-06 14:41:11.469 251 1078 D bt_vendor: bt_sprd_spec_cb result: 0
06-06 14:41:11.470 251 258 I bt_userial_vendor: device fd = 7 close
06-06 14:41:11.470 251 258 I bt_userial_vendor: device fd = 7 CRTSCTS clear
