06-06 14:41:11.470 479 610 E WifiBackgroundScanStateMachine: invalid max buckets in scan capabilities 0
06-06 14:41:11.650 258 258 I : mtty_close device success _close!
06-06 14:41:11.489 251 258 I bt_userial_vendor: device fd = 7 clear
06-06 14:41:11.489 251 258 E bt_upio : upio_set : /proc/bluetooth/sleep/btwrite(-1) incorrent
06-06 14:41:11.489 251 258 E bt_upio : init_rfkill: No rfkill control node found
06-06 14:41:11.489 251 258 D bt_vendor: cleanup
06-06 14:41:11.490 251 938 E bt_vnd_hci: sock accept failed (Invalid argument)
06-06 14:41:11.490 251 938 D bt_vnd_hci: hci_server_thread got cmd from btools
06-06 14:41:11.490 251 938 D bt_vnd_hci: hci_server_thread accept socket: -1 shutdown error: Invalid argument(22)
06-06 14:41:11.490 251 938 D bt_vnd_hci: hci_server_thread exit
06-06 14:41:11.491 251 258 D bt_vnd_hci: wait vnd sock thread exit
06-06 14:41:11.491 251 258 D bt_vnd_hci: vnd sock thread exit complete
06-06 14:41:11.492 666 834 I bt_core_module: system/bt/btcore/src/module.cc:109 module_shut_down: module_shut_down Shutdown of module "hci_module" completed
06-06 14:41:11.492 666 834 I bt_core_module: system/bt/btcore/src/module.cc:104 module_shut_down: module_shut_down Shutting down module "btsnoop_module"
06-06 14:41:11.493 666 834 I bt_stack: [INFO:btsnoop.cc(356)] delete_btsnoop_files: Deleting snoop logs if they exist. filtered = 1
06-06 14:41:11.493 479 502 W system_server: Long monitor contention with owner PackageManager (560) at void com.android.server.pm.permission.LegacyPermissionSettings.writePermissionTrees(android.util.TypedXmlSerializer)(LegacyPermissionSettings.java:150) waiters=0 in int com.android.server.pm.PackageManagerService$ComputerLocked.getPackageUidInternal(java.lang.String, int, int, int) for 163ms
06-06 14:41:11.494 479 503 W system_server: Long monitor contention with owner PackageManager (560) at void com.android.server.pm.permission.LegacyPermissionSettings.writePermissionTrees(android.util.TypedXmlSerializer)(LegacyPermissionSettings.java:150) waiters=2 in com.android.server.pm.PackageManagerService$Computer com.android.server.pm.PackageManagerService.snapshotComputer() for 152ms
06-06 14:41:11.494 666 834 I bt_stack: [INFO:btsnoop.cc(356)] delete_btsnoop_files: Deleting snoop logs if they exist. filtered = 0
06-06 14:41:11.494 666 834 I bt_core_module: system/bt/btcore/src/module.cc:109 module_shut_down: module_shut_down Shutdown of module "btsnoop_module" completed
06-06 14:41:11.495 666 834 I bt_core_module: system/bt/btcore/src/module.cc:104 module_shut_down: module_shut_down Shutting down module "controller_module"
06-06 14:41:11.495 666 834 I bt_core_module: system/bt/btcore/src/module.cc:109 module_shut_down: module_shut_down Shutdown of module "controller_module" completed
06-06 14:41:11.495 666 854 D BluetoothAdapterService: stateChangeCallback: disableNative() completed
06-06 14:41:11.495 666 834 I bt_stack_manager: system/bt/btif/src/stack_manager.cc:374 event_shut_down_stack: event_shut_down_stack finished
06-06 14:41:11.495 666 834 I bt_stack_manager: system/bt/btif/src/stack_manager.cc:394 event_clean_up_stack: event_clean_up_stack is cleaning up the stack
06-06 14:41:11.495 666 834 I bt_btif_core: system/bt/btif/src/btif_core.cc:326 btif_cleanup_bluetooth: btif_cleanup_bluetooth entered
06-06 14:41:11.496 666 834 I bt_btif_queue: system/bt/btif/src/btif_profile_queue.cc:216 btif_queue_release: btif_queue_release
06-06 14:41:11.496 479 574 D ConnectivityService: requestNetwork for uid/pid:1000/1095 activeRequest: null callbackRequest: 27 [NetworkRequest [ REQUEST id=28, [ Capabilities: INTERNET&NOT_RESTRICTED&TRUSTED&NOT_VCN_MANAGED Uid: 1000 RequestorUid: 1000 RequestorPkg: com.dangbei.leard.leradlauncher] ]] callback flags: 0 priority: 2147483647
06-06 14:41:11.496 479 579 D CompatibilityChangeReporter: Compat change id reported: 149924527; UID 10074; state: ENABLED
06-06 14:41:11.496 666 854 I bt_stack: [INFO:message_loop_thread.cc(245)] Run: message loop finished for thread bt_jni_thread
06-06 14:41:11.497 479 606 I WifiScanRequestProxy: Scanning is enabled
06-06 14:41:11.497 479 606 I WifiScanRequestProxy: Scanning for hidden networks is enabled
06-06 14:41:11.498 479 613 D ConnectivityService: NetReassign [no changes]
06-06 14:41:11.499 479 651 D PPPOE : got request NetworkRequest [ REQUEST id=28, [ Capabilities: INTERNET&NOT_RESTRICTED&TRUSTED&NOT_VCN_MANAGED Uid: 1000 RequestorUid: 1000 RequestorPkg: com.dangbei.leard.leradlauncher] ]
06-06 14:41:11.499 666 834 I bt_btif_core: system/bt/btif/src/btif_core.cc:334 btif_cleanup_bluetooth: btif_cleanup_bluetooth finished
06-06 14:41:11.500 666 834 I bt_core_module: system/bt/btcore/src/module.cc:122 module_clean_up: module_clean_up Cleaning up module "stack_config_module"
06-06 14:41:11.500 666 834 I bt_core_module: system/bt/btcore/src/module.cc:127 module_clean_up: module_clean_up Cleanup of module "stack_config_module" completed
06-06 14:41:11.500 666 834 I bt_core_module: system/bt/btcore/src/module.cc:122 module_clean_up: module_clean_up Cleaning up module "interop_module"
06-06 14:41:11.500 666 834 I bt_core_module: system/bt/btcore/src/module.cc:127 module_clean_up: module_clean_up Cleanup of module "interop_module" completed
06-06 14:41:11.500 666 834 I bt_core_module: system/bt/btcore/src/module.cc:122 module_clean_up: module_clean_up Cleaning up module "btif_config_module"
06-06 14:41:11.504 479 649 D Ethernet: got request NetworkRequest [ REQUEST id=28, [ Capabilities: INTERNET&NOT_RESTRICTED&TRUSTED&NOT_VCN_MANAGED Uid: 1000 RequestorUid: 1000 RequestorPkg: com.dangbei.leard.leradlauncher] ]
06-06 14:41:11.504 479 649 D EthernetNetworkFactory: acceptRequest, request: NetworkRequest [ REQUEST id=28, [ Capabilities: INTERNET&NOT_RESTRICTED&TRUSTED&NOT_VCN_MANAGED Uid: 1000 RequestorUid: 1000 RequestorPkg: com.dangbei.leard.leradlauncher] ]
06-06 14:41:11.505 479 649 I EthernetNetworkFactory: networkForRequest, request: NetworkRequest [ REQUEST id=28, [ Capabilities: INTERNET&NOT_RESTRICTED&TRUSTED&NOT_VCN_MANAGED Uid: 1000 RequestorUid: 1000 RequestorPkg: com.dangbei.leard.leradlauncher] ], network: null
06-06 14:41:11.507 674 674 I ManagerService: --------------------- system activated! ---------------
06-06 14:41:11.507 674 674 D SystemUIBootTiming: SystemUIService: bootcomplete com.android.systemui.oranth.ManagerService took 167 ms
06-06 14:41:11.507 479 606 E WifiVendorHal: setMultiStaUseCase(l.3286) failed {.code = ERROR_NOT_SUPPORTED, .description = }
06-06 14:41:11.510 479 606 E WifiVendorHal: setMultiStaPrimaryConnection(l.3252) failed {.code = ERROR_NOT_SUPPORTED, .description = }
06-06 14:41:11.513 479 606 D WifiCountryCode: evaluateAllCmmStateAndApplyIfAllReady: {ConcreteClientModeManager{id=22266 iface=wlan0 role=ROLE_CLIENT_PRIMARY}=true}
06-06 14:41:11.514 666 834 I bt_core_module: system/bt/btcore/src/module.cc:127 module_clean_up: module_clean_up Cleanup of module "btif_config_module" completed
06-06 14:41:11.515 666 834 I bt_core_module: system/bt/btcore/src/module.cc:122 module_clean_up: module_clean_up Cleaning up module "bt_utils_module"
06-06 14:41:11.515 666 834 I bt_core_module: system/bt/btcore/src/module.cc:127 module_clean_up: module_clean_up Cleanup of module "bt_utils_module" completed
06-06 14:41:11.515 666 834 I bt_core_module: system/bt/btcore/src/module.cc:122 module_clean_up: module_clean_up Cleaning up module "osi_module"
06-06 14:41:11.515 666 847 I bt_osi_alarm: system/bt/osi/src/alarm.cc:662 callback_dispatch: callback_dispatch Callback thread exited
06-06 14:41:11.515 666 847 W bt_osi_thread: system/bt/osi/src/thread.cc:239 run_thread: run_thread: thread id 847, thread name alarm_dispatcher exited
06-06 14:41:11.518 666 843 W bt_osi_thread: system/bt/osi/src/thread.cc:239 run_thread: run_thread: thread id 843, thread name alarm_default_ca exited
06-06 14:41:11.520 666 834 I bt_core_module: system/bt/btcore/src/module.cc:127 module_clean_up: module_clean_up Cleanup of module "osi_module" completed
06-06 14:41:11.520 666 834 I bt_stack_manager: system/bt/btif/src/stack_manager.cc:407 event_clean_up_stack: event_clean_up_stack finished
06-06 14:41:11.521 666 834 I bt_stack: [INFO:message_loop_thread.cc(245)] Run: message loop finished for thread bt_stack_manager_thread
06-06 14:41:11.522 666 666 I BluetoothServiceJni: cleanupNative: return from cleanup
06-06 14:41:11.538 479 606 D WifiCountryCode: Reading country code from telephony
06-06 14:41:11.539 479 606 D WifiCountryCode: Set telephony country code to:
06-06 14:41:11.545 479 606 D WifiCountryCode: updateCountryCode to CN
06-06 14:41:11.546 1243 1243 D WifiHWInfo: Start to load wireless module hardware info table...
06-06 14:41:11.547 1243 1243 D WifiHWInfo: Entry [01], BUS: SDIO, ID: 0x024C8179, Name: rtl8189es.
06-06 14:41:11.547 1243 1243 D WifiHWInfo: Entry [02], BUS: SDIO, ID: 0x024CB723, Name: rtl8723bs_vq0.
06-06 14:41:11.547 1243 1243 D WifiHWInfo: Entry [03], BUS: SDIO, ID: 0x024CB703, Name: rtl8723cs.
06-06 14:41:11.547 1243 1243 D WifiHWInfo: Entry [04], BUS: SDIO, ID: 0x024CD723, Name: rtl8723ds.
06-06 14:41:11.547 1243 1243 D WifiHWInfo: Entry [05], BUS: SDIO, ID: 0x024CF179, Name: rtl8189fs.
06-06 14:41:11.547 1243 1243 D WifiHWInfo: Entry [06], BUS: SDIO, ID: 0x024CB822, Name: rtl88x2bs.
06-06 14:41:11.547 1243 1243 D WifiHWInfo: Entry [07], BUS: USB, ID: 0x0BDAD723, Name: rtl8723du.
06-06 14:41:11.547 1243 1243 D WifiHWInfo: Entry [08], BUS: USB, ID: 0x0BDA8179, Name: rtl8188etv.
06-06 14:41:11.547 1243 1243 D WifiHWInfo: Entry [09], BUS: USB, ID: 0x0BDA0179, Name: rtl8188eu.
06-06 14:41:11.547 1243 1243 D WifiHWInfo: Entry [10], BUS: USB, ID: 0x0BDA818B, Name: rtl8192eu.
06-06 14:41:11.547 1243 1243 D WifiHWInfo: Entry [11], BUS: USB, ID: 0x0BDAB720, Name: rtl8723bu.
06-06 14:41:11.547 1243 1243 D WifiHWInfo: Entry [12], BUS: USB, ID: 0x0BDAC82C, Name: rtl8822cu.
06-06 14:41:11.547 1243 1243 D WifiHWInfo: Entry [13], BUS: USB, ID: 0x0BDAF179, Name: rtl8188fu.
06-06 14:41:11.547 1243 1243 D WifiHWInfo: Entry [14], BUS: SDIO, ID: 0x02D0A9A6, Name: ap6212.
06-06 14:41:11.547 1243 1243 D WifiHWInfo: Entry [15], BUS: SDIO, ID: 0x02D04330, Name: ap6330.
06-06 14:41:11.547 1243 1243 D WifiHWInfo: Entry [16], BUS: SDIO, ID: 0x02D04356, Name: ap6356s.
06-06 14:41:11.547 1243 1243 D WifiHWInfo: Entry [17], BUS: SDIO, ID: 0x02D0A9BF, Name: ap6255.
06-06 14:41:11.547 1243 1243 D WifiHWInfo: Entry [18], BUS: SDIO, ID: 0x02D04334, Name: bcm43342.
06-06 14:41:11.547 1243 1243 D WifiHWInfo: Entry [19], BUS: SDIO, ID: 0x00202281, Name: xr819.
06-06 14:41:11.547 1243 1243 D WifiHWInfo: Entry [20], BUS: SDIO, ID: 0x0A9E2282, Name: xr829.
06-06 14:41:11.547 1243 1243 D WifiHWInfo: Entry [21], BUS: SDIO, ID: 0x0271050A, Name: qca6174a.
06-06 14:41:11.547 1243 1243 D WifiHWInfo: Entry [22], BUS: SDIO, ID: 0x30303030, Name: ssv6x5x.
06-06 14:41:11.547 1243 1243 D WifiHWInfo: Entry [23], BUS: SDIO, ID: 0x00000000, Name: uwe5621.
06-06 14:41:11.547 1243 1243 D WifiHWInfo: Entry [24], BUS: SDIO, ID: 0x54490145, Name: aic8800.
06-06 14:41:11.547 1243 1243 D WifiHWInfo: Entry [25], BUS: SDIO, ID: 0xC8A1C08D, Name: aic8800.
06-06 14:41:11.547 1243 1243 D WifiHWInfo: Entry [26], BUS: USB, ID: 0xA69C8800, Name: aic8800.
06-06 14:41:11.547 1243 1243 D WifiHWInfo: Entry [27], BUS: USB, ID: 0x007A8888, Name: atbm6023is.
06-06 14:41:11.547 1243 1243 D WifiHWInfo: Entry [28], BUS: SDIO, ID: 0x02E79086, Name: 9012p.
06-06 14:41:11.547 1243 1243 D WifiHWInfo: Entry [29], BUS: SDIO, ID: 0x007A6011, Name: atbm613x_wifi_sdio.
06-06 14:41:11.547 1243 1243 D WifiHWInfo: Entry [30], BUS: SDIO, ID: 0x024CC822, Name: 88x2cs.
06-06 14:41:11.547 1243 1243 D WifiHWInfo: Entry [31], BUS: SDIO, ID: 0x000018F0, Name: dummy.
06-06 14:41:11.547 1243 1243 W wpa_supplicant: check_initialed for nl80211, use sprd wpa_supplicant_8_lib.
06-06 14:41:11.547 1243 1243 W wpa_supplicant: check_initialed found wpa_supplicant_8_lib vendor implement for sprd.
06-06 14:41:11.547 1243 1243 D wpa_supplicant: wlan0: Event CHANNEL_LIST_CHANGED (27) received
06-06 14:41:11.547 1243 1243 I wpa_supplicant: wlan0: CTRL-EVENT-REGDOM-CHANGE init=USER type=COUNTRY alpha2=CN
06-06 14:41:11.547 1243 1243 D wpa_supplicant: p2p-dev-wlan0: Updating hw mode
06-06 14:41:11.549 1243 1243 D wpa_supplicant: nl80211: No channel number found for frequency 5920 MHz
06-06 14:41:11.549 1243 1243 D wpa_supplicant: nl80211: No channel number found for frequency 5940 MHz
06-06 14:41:11.549 1243 1243 D wpa_supplicant: nl80211: Regulatory information - country=CN (DFS-FCC)
06-06 14:41:11.549 1243 1243 D wpa_supplicant: nl80211: 2400-2483 @ 40 MHz 20 mBm
06-06 14:41:11.549 1243 1243 D wpa_supplicant: nl80211: 5150-5350 @ 80 MHz 20 mBm (DFS)
06-06 14:41:11.549 1243 1243 D wpa_supplicant: nl80211: 5725-5850 @ 80 MHz 33 mBm
06-06 14:41:11.549 1243 1243 D wpa_supplicant: nl80211: 57240-59400 @ 2160 MHz 28 mBm
06-06 14:41:11.549 1243 1243 D wpa_supplicant: nl80211: 59400-63720 @ 2160 MHz 44 mBm
06-06 14:41:11.549 1243 1243 D wpa_supplicant: nl80211: 63720-65880 @ 2160 MHz 28 mBm
06-06 14:41:11.549 1243 1243 D wpa_supplicant: nl80211: Added 802.11b mode based on 802.11g information
06-06 14:41:11.549 1243 1243 D wpa_supplicant: nl80211: Mode IEEE 802.11g: 2412 2417 2422 2427 2432 2437 2442 2447 2452 2457 2462 2467 2472 2484[DISABLED]
06-06 14:41:11.549 1243 1243 D wpa_supplicant: nl80211: Mode IEEE 802.11a: 5170[DISABLED] 5180 5200 5220 5240 5260[RADAR] 5280[RADAR] 5300[RADAR] 5320[RADAR] 5500[DISABLED][RADAR] 5520[DISABLED][RADAR] 5540[DISABLED][RADAR] 5560[DISABLED][RADAR] 5580[DISABLED][RADAR]
06-06 14:41:11.549 1243 1243 D wpa_supplicant: nl80211: Mode IEEE 802.11b: 2412 2417 2422 2427 2432 2437 2442 2447 2452 2457 2462 2467 2472 2484[DISABLED]
06-06 14:41:11.549 1243 1243 D wpa_supplicant: wlan0: Updating hw mode
06-06 14:41:11.550 1243 1243 D wpa_supplicant: nl80211: No channel number found for frequency 5920 MHz
06-06 14:41:11.551 1243 1243 D wpa_supplicant: nl80211: No channel number found for frequency 5940 MHz
06-06 14:41:11.551 1243 1243 D wpa_supplicant: nl80211: Regulatory information - country=CN (DFS-FCC)
06-06 14:41:11.551 1243 1243 D wpa_supplicant: nl80211: 2400-2483 @ 40 MHz 20 mBm
06-06 14:41:11.551 1243 1243 D wpa_supplicant: nl80211: 5150-5350 @ 80 MHz 20 mBm (DFS)
06-06 14:41:11.551 1243 1243 D wpa_supplicant: nl80211: 5725-5850 @ 80 MHz 33 mBm
06-06 14:41:11.551 1243 1243 D wpa_supplicant: nl80211: 57240-59400 @ 2160 MHz 28 mBm
06-06 14:41:11.551 1243 1243 D wpa_supplicant: nl80211: 59400-63720 @ 2160 MHz 44 mBm
06-06 14:41:11.551 1243 1243 D wpa_supplicant: nl80211: 63720-65880 @ 2160 MHz 28 mBm
06-06 14:41:11.551 1243 1243 D wpa_supplicant: nl80211: Added 802.11b mode based on 802.11g information
06-06 14:41:11.551 1243 1243 D wpa_supplicant: nl80211: Mode IEEE 802.11g: 2412 2417 2422 2427 2432 2437 2442 2447 2452 2457 2462 2467 2472 2484[DISABLED]
06-06 14:41:11.551 1243 1243 D wpa_supplicant: nl80211: Mode IEEE 802.11a: 5170[DISABLED] 5180 5200 5220 5240 5260[RADAR] 5280[RADAR] 5300[RADAR] 5320[RADAR] 5500[DISABLED][RADAR] 5520[DISABLED][RADAR] 5540[DISABLED][RADAR] 5560[DISABLED][RADAR] 5580[DISABLED][RADAR]
06-06 14:41:11.551 1243 1243 D wpa_supplicant: nl80211: Mode IEEE 802.11b: 2412 2417 2422 2427 2432 2437 2442 2447 2452 2457 2462 2467 2472 2484[DISABLED]
06-06 14:41:11.551 1243 1243 D wpa_supplicant: wlan0: Determining shared radio frequencies (max len 2)
06-06 14:41:11.551 1243 1243 D wpa_supplicant: wlan0: Shared frequencies (len=0): completed iteration
06-06 14:41:11.551 1243 1243 D wpa_supplicant: P2P: Add operating class 81
06-06 14:41:11.551 1243 1243 D wpa_supplicant: P2P: Channels - hexdump(len=13): 01 02 03 04 05 06 07 08 09 0a 0b 0c 0d
06-06 14:41:11.551 1243 1243 D wpa_supplicant: P2P: Add operating class 115
06-06 14:41:11.551 1243 1243 D wpa_supplicant: P2P: Channels - hexdump(len=4): 24 28 2c 30
06-06 14:41:11.551 1243 1243 D wpa_supplicant: P2P: Add operating class 116
06-06 14:41:11.551 1243 1243 D wpa_supplicant: P2P: Channels - hexdump(len=2): 24 2c
06-06 14:41:11.551 1243 1243 D wpa_supplicant: P2P: Add operating class 117
06-06 14:41:11.552 1243 1243 D wpa_supplicant: P2P: Channels - hexdump(len=2): 28 30
06-06 14:41:11.552 1243 1243 D wpa_supplicant: P2P: Add operating class 124
06-06 14:41:11.552 1243 1243 D wpa_supplicant: P2P: Channels - hexdump(len=4): 95 99 9d a1
06-06 14:41:11.552 1243 1243 D wpa_supplicant: P2P: Add operating class 125
06-06 14:41:11.552 1243 1243 D wpa_supplicant: P2P: Channels - hexdump(len=5): 95 99 9d a1 a5
06-06 14:41:11.552 1243 1243 D wpa_supplicant: P2P: Add operating class 126
06-06 14:41:11.552 1243 1243 D wpa_supplicant: P2P: Channels - hexdump(len=2): 95 9d
06-06 14:41:11.552 1243 1243 D wpa_supplicant: P2P: Add operating class 127
06-06 14:41:11.552 1243 1243 D wpa_supplicant: P2P: Channels - hexdump(len=2): 99 a1
06-06 14:41:11.552 1243 1243 D wpa_supplicant: P2P: Add operating class 128
06-06 14:41:11.552 1243 1243 D wpa_supplicant: P2P: Channels - hexdump(len=8): 24 28 2c 30 95 99 9d a1
06-06 14:41:11.552 1243 1243 D wpa_supplicant: P2P: Add operating class 130
06-06 14:41:11.552 1243 1243 D wpa_supplicant: P2P: Channels - hexdump(len=9): 24 28 2c 30 95 99 9d a1 a5
06-06 14:41:11.552 1243 1243 D wpa_supplicant: P2P: Update channel list
06-06 14:41:11.552 1243 1243 D wpa_supplicant: P2P: channels: 81:1,2,3,4,5,6,7,8,9,10,11,12,13 115:36,40,44,48 116:36,44 117:40,48 124:149,153,157,161 125:149,153,157,161,165 126:149,157 127:153,161 128:36,40,44,48,149,153,157,161 130:36,40,44,48,149,153,157,161,165
06-06 14:41:11.552 1243 1243 D wpa_supplicant: P2P: cli_channels:
06-06 14:41:11.552 1243 1243 D wpa_supplicant: sprd_wpa_driver_nl80211_driver_cmd COUNTRY CN len = 0, 10
06-06 14:41:11.555 479 606 D WifiNative: onSetCountryCodeSucceeded: CN
06-06 14:41:11.561 479 606 I WifiCountryCode: Receive onSetCountryCodeSucceeded CN
06-06 14:41:11.562 1095 1256 W System.err: java.net.UnknownHostException: Unable to resolve host "utoken.umeng.com": No address associated with hostname
06-06 14:41:11.562 1095 1256 W System.err: at java.net.Inet6AddressImpl.lookupHostByName(Inet6AddressImpl.java:156)
06-06 14:41:11.562 1095 1256 W System.err: at java.net.Inet6AddressImpl.lookupAllHostAddr(Inet6AddressImpl.java:103)
06-06 14:41:11.562 1095 1256 W System.err: at java.net.InetAddress.getAllByName(InetAddress.java:1152)
06-06 14:41:11.562 1095 1256 W System.err: at com.android.okhttp.Dns$1.lookup(Dns.java:41)
06-06 14:41:11.562 1095 1256 W System.err: at com.android.okhttp.internal.http.RouteSelector.resetNextInetSocketAddress(RouteSelector.java:178)
06-06 14:41:11.563 1095 1256 W System.err: at com.android.okhttp.internal.http.RouteSelector.nextProxy(RouteSelector.java:144)
06-06 14:41:11.564 1095 1256 W System.err: at com.android.okhttp.internal.http.RouteSelector.next(RouteSelector.java:86)
06-06 14:41:11.564 1095 1256 W System.err: at com.android.okhttp.internal.http.StreamAllocation.findConnection(StreamAllocation.java:176)
06-06 14:41:11.564 1095 1256 W System.err: at com.android.okhttp.internal.http.StreamAllocation.findHealthyConnection(StreamAllocation.java:128)
06-06 14:41:11.564 1095 1256 W System.err: at com.android.okhttp.internal.http.StreamAllocation.newStream(StreamAllocation.java:97)
06-06 14:41:11.564 1095 1256 W System.err: at com.android.okhttp.internal.http.HttpEngine.connect(HttpEngine.java:289)
06-06 14:41:11.564 1095 1256 W System.err: at com.android.okhttp.internal.http.HttpEngine.sendRequest(HttpEngine.java:232)
06-06 14:41:11.565 1095 1256 W System.err: at com.android.okhttp.internal.huc.HttpURLConnectionImpl.execute(HttpURLConnectionImpl.java:465)
06-06 14:41:11.565 1095 1256 W System.err: at com.android.okhttp.internal.huc.HttpURLConnectionImpl.connect(HttpURLConnectionImpl.java:131)
06-06 14:41:11.565 1095 1256 W System.err: at com.android.okhttp.internal.huc.HttpURLConnectionImpl.getOutputStream(HttpURLConnectionImpl.java:262)
06-06 14:41:11.565 1095 1256 W System.err: at com.android.okhttp.internal.huc.DelegatingHttpsURLConnection.getOutputStream(DelegatingHttpsURLConnection.java:219)
06-06 14:41:11.565 1095 1256 W System.err: at com.android.okhttp.internal.huc.HttpsURLConnectionImpl.getOutputStream(HttpsURLConnectionImpl.java:30)
06-06 14:41:11.565 1095 1256 W System.err: at com.umeng.umzid.a.a(SourceFile:80)
06-06 14:41:11.565 1095 1256 W System.err: at com.umeng.umzid.ZIDManager.b(SourceFile:298)
06-06 14:41:11.565 1095 1256 W System.err: at com.umeng.umzid.ZIDManager$b.run(Unknown Source:4)
06-06 14:41:11.565 1095 1256 W System.err: at java.util.concurrent.Executors$RunnableAdapter.call(Executors.java:462)
06-06 14:41:11.565 1095 1256 W System.err: at java.util.concurrent.FutureTask.run(FutureTask.java:266)
06-06 14:41:11.565 1095 1256 W System.err: at java.util.concurrent.ScheduledThreadPoolExecutor$ScheduledFutureTask.run(ScheduledThreadPoolExecutor.java:301)
06-06 14:41:11.565 1095 1256 W System.err: at java.util.concurrent.ThreadPoolExecutor.runWorker(ThreadPoolExecutor.java:1167)
06-06 14:41:11.565 1095 1256 W System.err: at java.util.concurrent.ThreadPoolExecutor$Worker.run(ThreadPoolExecutor.java:641)
06-06 14:41:11.566 1095 1256 W System.err: at java.lang.Thread.run(Thread.java:920)
06-06 14:41:11.571 1095 1256 W System.err: Caused by: android.system.GaiException: android_getaddrinfo failed: EAI_NODATA (No address associated with hostname)
06-06 14:41:11.573 479 579 D CompatibilityChangeReporter: Compat change id reported: 132649864; UID 10074; state: DISABLED
06-06 14:41:11.573 479 502 D CompatibilityChangeReporter: Compat change id reported: 168419799; UID 1000; state: DISABLED
06-06 14:41:11.573 1095 1256 W System.err: at libcore.io.Linux.android_getaddrinfo(Native Method)
06-06 14:41:11.573 1095 1256 W System.err: at libcore.io.ForwardingOs.android_getaddrinfo(ForwardingOs.java:136)
06-06 14:41:11.573 1095 1256 W System.err: at libcore.io.BlockGuardOs.android_getaddrinfo(BlockGuardOs.java:221)
06-06 14:41:11.574 1095 1256 W System.err: at libcore.io.ForwardingOs.android_getaddrinfo(ForwardingOs.java:136)
06-06 14:41:11.574 1095 1256 W System.err: at java.net.Inet6AddressImpl.lookupHostByName(Inet6AddressImpl.java:135)
06-06 14:41:11.574 1095 1256 W System.err: ... 25 more
06-06 14:41:11.586 479 606 D WifiConnectivityHelper: Firmware supported feature set: d8108a801003d
06-06 14:41:11.594 479 479 D NetworkSecurityConfig: No Network Security Config specified, using platform default
06-06 14:41:11.594 479 531 D CompatibilityChangeReporter: Compat change id reported: 158002302; UID 1000; state: ENABLED
06-06 14:41:11.599 1095 1095 I Choreographer: Skipped 92 frames! The application may be doing too much work on its main thread.
06-06 14:41:11.605 479 606 D WifiConnectivityHelper: Firmware roaming is not supported
06-06 14:41:11.606 479 479 E BootReceiver: Could not open /sys/kernel/tracing/instances/bootreceiver/trace_pipe
06-06 14:41:11.606 479 479 E BootReceiver: android.system.ErrnoException: open failed: ENOENT (No such file or directory)
06-06 14:41:11.606 479 479 E BootReceiver: at libcore.io.Linux.open(Native Method)
06-06 14:41:11.606 479 479 E BootReceiver: at libcore.io.ForwardingOs.open(ForwardingOs.java:567)
06-06 14:41:11.606 479 479 E BootReceiver: at libcore.io.BlockGuardOs.open(BlockGuardOs.java:273)
06-06 14:41:11.606 479 479 E BootReceiver: at android.system.Os.open(Os.java:501)
06-06 14:41:11.606 479 479 E BootReceiver: at com.android.server.BootReceiver.onReceive(BootReceiver.java:167)
06-06 14:41:11.606 479 479 E BootReceiver: at android.app.ActivityThread.handleReceiver(ActivityThread.java:4308)
06-06 14:41:11.606 479 479 E BootReceiver: at android.app.ActivityThread.access$1600(ActivityThread.java:247)
06-06 14:41:11.606 479 479 E BootReceiver: at android.app.ActivityThread$H.handleMessage(ActivityThread.java:2064)
06-06 14:41:11.606 479 479 E BootReceiver: at android.os.Handler.dispatchMessage(Handler.java:106)
06-06 14:41:11.606 479 479 E BootReceiver: at android.os.Looper.loopOnce(Looper.java:201)
06-06 14:41:11.606 479 479 E BootReceiver: at android.os.Looper.loop(Looper.java:288)
06-06 14:41:11.606 479 479 E BootReceiver: at com.android.server.SystemServer.run(SystemServer.java:966)
06-06 14:41:11.606 479 479 E BootReceiver: at com.android.server.SystemServer.main(SystemServer.java:628)
06-06 14:41:11.606 479 479 E BootReceiver: at java.lang.reflect.Method.invoke(Native Method)
06-06 14:41:11.606 479 479 E BootReceiver: at com.android.internal.os.RuntimeInit$MethodAndArgsCaller.run(RuntimeInit.java:548)
06-06 14:41:11.606 479 479 E BootReceiver: at com.android.internal.os.ZygoteInit.main(ZygoteInit.java:1160)
06-06 14:41:11.610 1095 1230 E FactoryResetOperateImpl: isFirstBoot 2
06-06 14:41:11.611 1095 1230 E FactoryResetOperateImpl: isFirstBoot 2
06-06 14:41:11.611 479 529 D CompatibilityChangeReporter: Compat change id reported: 168419799; UID 1002; state: DISABLED
06-06 14:41:11.627 674 674 V TvNotificationHandler: Notification not added because it isn't relevant for tv
06-06 14:41:11.635 479 1003 I ActivityManager: com.android.localtransport is exempt from freezer
06-06 14:41:11.635 479 1003 D CompatibilityChangeReporter: Compat change id reported: 135634846; UID 1000; state: DISABLED
06-06 14:41:11.656 817 817 W ContextImpl: Calling a method in the system process without a qualified user: android.app.ContextImpl.startService:1816 android.content.ContextWrapper.startService:774 android.content.ContextWrapper.startService:774 com.android.tv.settings.users.UserSwitchListenerService$BootReceiver.onReceive:50 android.app.ActivityThread.handleReceiver:4308
06-06 14:41:11.659 659 659 E WifiHAL : wifi_get_link_stats: requestResponse Error:-5
06-06 14:41:11.659 666 666 D BluetoothActiveDeviceManager: cleanup()
06-06 14:41:11.664 479 606 E WifiVendorHal: getWifiLinkLayerStats_1_5_Internal(l.1191) failed {.code = ERROR_INVALID_ARGS, .description = }
06-06 14:41:11.664 666 666 D BluetoothAdapterService: onDestroy()
06-06 14:41:11.664 666 666 I BluetoothAdapterService: Force exit to cleanup internal state in Bluetooth stack
06-06 14:41:11.669 241 241 D Zygote : Forked child process 1298
06-06 14:41:11.672 1095 1230 E hq : LookupControler:::startLookupControllerTimer
06-06 14:41:11.675 479 538 I ActivityManager: app.processName = com.android.localtransport
06-06 14:41:11.675 1095 1166 I d.leradlaunche: WaitForGcToComplete blocked ClassLinker on Background for 559.542ms
06-06 14:41:11.676 479 538 I ActivityManager: Start proc 1298:com.android.localtransport/1000 for service {com.android.localtransport/com.android.localtransport.LocalTransportService}
06-06 14:41:11.680 1298 1298 I Zygote : seccomp disabled by setenforce 0
06-06 14:41:11.681 479 479 V AudioDeviceManagerObserver: AudioDeviceManagerObserver init()
06-06 14:41:11.682 479 479 D AudioDeviceManagerObserver: AudioDeviceManagerObserver: newCardId: /sys/class/sound/card0/id
06-06 14:41:11.685 666 666 I droid.bluetoot: System.exit called, status: 0
06-06 14:41:11.685 666 666 I AndroidRuntime: VM exiting with result code 0, cleanup skipped.
06-06 14:41:11.695 1095 1112 W System : A resource failed to call close.
06-06 14:41:11.714 1095 1260 D skia : --- Failed to create image decoder with message 'unimplemented'
06-06 14:41:11.718 400 419 I adbd : jdwp connection from 1298
06-06 14:41:11.719 1095 1242 W SQLiteLog: (28) double-quoted string literal: "1749192037560"
06-06 14:41:11.720 1095 1242 W SQLiteLog: (28) double-quoted string literal: "5B232B3C7DB71E393D841E3F690B6747"
06-06 14:41:11.740 1095 1260 D skia : --- Failed to create image decoder with message 'unimplemented'
06-06 14:41:11.760 479 754 I ActivityManager: Process com.android.bluetooth (pid 666) has died: psvc PER
06-06 14:41:11.760 241 241 I Zygote : Process 666 exited cleanly (0)
06-06 14:41:11.762 479 539 I libprocessgroup: Successfully killed process cgroup uid 1002 pid 666 in 2ms
06-06 14:41:11.767 1215 1215 W bei.lerad.rock: Class com.iflytek.aiui.AIUIAgent failed lock verification and will run slower.
06-06 14:41:11.767 1215 1215 W bei.lerad.rock: Common causes for lock verification issues are non-optimized dex code
06-06 14:41:11.767 1215 1215 W bei.lerad.rock: and incorrect proguard optimizations.
06-06 14:41:11.772 479 754 W ActivityManager: Scheduling restart of crashed service com.android.bluetooth/.btservice.AdapterService in 1000ms for connection
06-06 14:41:11.863 479 479 W audit : audit_lost=26 audit_rate_limit=5 audit_backlog_limit=64
06-06 14:41:11.954 479 479 E audit : rate limit exceeded
06-06 14:41:11.784 180 180 I hwservicemanager: getTransport: Cannot find entry android.hardware.configstore@1.0::ISurfaceFlingerConfigs/default in either framework or device VINTF manifest.
06-06 14:41:11.807 479 479 D AudioDeviceManagerObserver: AudioDeviceManagerObserver: devName: pcmC0D0p
06-06 14:41:11.808 479 479 D AudioDeviceManagerObserver: ~~~~~~~~ AudioDeviceManagerObserver: findNameMap: id: audiocodec
06-06 14:41:11.811 479 479 D AudioDeviceManagerObserver: AudioDeviceManagerObserver: name_linux: audiocodec, name_android: AUDIO_CODEC
06-06 14:41:11.812 479 479 D AudioDeviceManagerObserver: AudioDeviceManagerObserver: newCardId: /sys/class/sound/card1/id
06-06 14:41:11.812 479 479 D AudioDeviceManagerObserver: AudioDeviceManagerObserver: devName: pcmC1D0c
06-06 14:41:11.813 479 479 D AudioDeviceManagerObserver: ~~~~~~~~ AudioDeviceManagerObserver: findNameMap: id: sndspdif
06-06 14:41:11.813 479 479 D AudioDeviceManagerObserver: AudioDeviceManagerObserver: devName: pcmC1D0p
06-06 14:41:11.813 479 479 D AudioDeviceManagerObserver: ~~~~~~~~ AudioDeviceManagerObserver: findNameMap: id: sndspdif
06-06 14:41:11.813 479 479 D AudioDeviceManagerObserver: AudioDeviceManagerObserver: name_linux: sndspdif, name_android: AUDIO_SPDIF
06-06 14:41:11.814 479 479 D AudioDeviceManagerObserver: AudioDeviceManagerObserver: newCardId: /sys/class/sound/card2/id
06-06 14:41:11.815 479 479 D AudioDeviceManagerObserver: AudioDeviceManagerObserver: name_linux: ahubdam, name_android: AUDIO_SPDIF
06-06 14:41:11.815 479 479 D AudioDeviceManagerObserver: AudioDeviceManagerObserver: newCardId: /sys/class/sound/card3/id
06-06 14:41:11.817 479 479 D AudioDeviceManagerObserver: AudioDeviceManagerObserver: devName: pcmC3D0c
06-06 14:41:11.819 290 517 E HWComposer: getSupportedContentTypes: getSupportedContentTypes failed for display 0: Unsupported (8)
06-06 14:41:11.823 180 180 I hwservicemanager: getTransport: Cannot find entry android.hardware.graphics.mapper@4.0::IMapper/default in either framework or device VINTF manifest.
06-06 14:41:11.824 479 479 D AudioDeviceManagerObserver: ~~~~~~~~ AudioDeviceManagerObserver: findNameMap: id: ahubhdmi
06-06 14:41:11.826 1095 1320 I Gralloc4: mapper 4.x is not supported
06-06 14:41:11.828 180 180 I hwservicemanager: getTransport: Cannot find entry android.hardware.graphics.mapper@3.0::IMapper/default in either framework or device VINTF manifest.
06-06 14:41:11.828 1095 1320 W Gralloc3: mapper 3.x is not supported
06-06 14:41:11.832 1095 1297 W ContextImpl: Calling a method in the system process without a qualified user: android.app.ContextImpl.bindService:1895 android.content.ContextWrapper.bindService:810 ce.b.h:57 ce.b$c.call:3 ee.c$a.run:5
06-06 14:41:11.834 479 479 D AudioDeviceManagerObserver: AudioDeviceManagerObserver: devName: pcmC3D0p
06-06 14:41:11.837 1095 1320 E gralloc : Arm Module v1.0
06-06 14:41:11.839 479 479 D AudioDeviceManagerObserver: ~~~~~~~~ AudioDeviceManagerObserver: findNameMap: id: ahubhdmi
06-06 14:41:11.839 479 479 D AudioDeviceManagerObserver: AudioDeviceManagerObserver: name_linux: ahubhdmi, name_android: AUDIO_USB_ahubhdmi
06-06 14:41:11.840 371 884 E StagefrightMetadataRetriever: Failed to instantiate a MediaExtractor.
06-06 14:41:11.840 180 180 I hwservicemanager: getTransport: Cannot find entry android.hardware.graphics.allocator@4.0::IAllocator/default in either framework or device VINTF manifest.
06-06 14:41:11.842 1095 1320 W Gralloc4: allocator 4.x is not supported
06-06 14:41:11.843 180 180 I hwservicemanager: getTransport: Cannot find entry android.hardware.graphics.allocator@3.0::IAllocator/default in either framework or device VINTF manifest.
06-06 14:41:11.843 1095 1260 D skia : --- Failed to create image decoder with message 'unimplemented'
06-06 14:41:11.843 1095 1320 W Gralloc3: allocator 3.x is not supported
06-06 14:41:11.843 479 479 D AudioDeviceManagerObserver: AudioDeviceManagerObserver: newCardId: /sys/class/sound/card4/id
06-06 14:41:11.844 1095 1260 D skia : --- Failed to create image decoder with message 'unimplemented'
06-06 14:41:11.848 479 479 D AudioDeviceManagerObserver: AudioDeviceManagerObserver: devName: pcmC4D0c
06-06 14:41:11.848 479 479 D AudioDeviceManagerObserver: ~~~~~~~~ AudioDeviceManagerObserver: findNameMap: id: ahubi2s2
06-06 14:41:11.849 479 479 D AudioDeviceManagerObserver: AudioDeviceManagerObserver: devName: pcmC4D0p
06-06 14:41:11.854 257 292 I gralloc : alloc buffer:W:1920 H:1080 S:1920 PL[1920 1080] SZ:8294400 fmt:1 if:0 af:1 usg:20000b00 fg:00000004
06-06 14:41:11.854 1095 1320 E ion : ioctl c0044901 failed with code -1: Inappropriate ioctl for device
06-06 14:41:11.860 257 292 I gralloc : alloc buffer:W:1920 H:1080 S:1920 PL[1920 1080] SZ:8294400 fmt:1 if:0 af:1 usg:20000b00 fg:00000004
06-06 14:41:11.875 257 292 I gralloc : alloc buffer:W:1920 H:1080 S:1920 PL[1920 1080] SZ:8294400 fmt:1 if:0 af:1 usg:20000b00 fg:00000004
06-06 14:41:11.876 264 294 D hdmi-cec: receive invalid cec message!
06-06 14:41:11.876 264 294 D hdmi-cec: receive poll message [04], skip!
06-06 14:41:11.872 264 264 I EventThread: type=1400 audit(0.0:444): avc: denied { search } for name="extcon" dev="sysfs" ino=18109 scontext=u:r:hal_tv_cec_default:s0 tcontext=u:object_r:sysfs_extcon:s0 tclass=dir permissive=1
06-06 14:41:11.876 1121 1121 I ranth.ledstatus: type=1400 audit(0.0:445): avc: denied { open } for path="/dev/__properties__/u:object_r:vendor_default_prop:s0" dev="tmpfs" ino=6521 scontext=u:r:system_app:s0 tcontext=u:object_r:vendor_default_prop:s0 tclass=file permissive=1
06-06 14:41:11.876 1121 1121 I ranth.ledstatus: type=1400 audit(0.0:446): avc: denied { getattr } for path="/dev/__properties__/u:object_r:vendor_default_prop:s0" dev="tmpfs" ino=6521 scontext=u:r:system_app:s0 tcontext=u:object_r:vendor_default_prop:s0 tclass=file permissive=1
06-06 14:41:11.876 1121 1121 I ranth.ledstatus: type=1400 audit(0.0:447): avc: denied { map } for path="/dev/__properties__/u:object_r:vendor_default_prop:s0" dev="tmpfs" ino=6521 scontext=u:r:system_app:s0 tcontext=u:object_r:vendor_default_prop:s0 tclass=file permissive=1
06-06 14:41:11.876 1 1 I /system/bin/init: type=1107 audit(0.0:448): uid=0 auid=4294967295 ses=4294967295 subj=u:r:init:s0 msg='avc: denied { set } for property=vendor.led_switch pid=1121 uid=1000 gid=1000 scontext=u:r:system_app:s0 tcontext=u:object_r:vendor_default_prop:s0 tclass=property_service permissive=1'
06-06 14:41:11.880 479 479 D AudioDeviceManagerObserver: ~~~~~~~~ AudioDeviceManagerObserver: findNameMap: id: ahubi2s2
06-06 14:41:11.880 479 1296 I RecoverySystem: No recovery log file
06-06 14:41:11.882 1095 1242 W SQLiteLog: (28) double-quoted string literal: "1749192037560"
06-06 14:41:11.882 1095 1242 W SQLiteLog: (28) double-quoted string literal: "0"
06-06 14:41:11.882 1095 1242 W SQLiteLog: (28) double-quoted string literal: ""
06-06 14:41:11.882 1095 1242 W SQLiteLog: (28) double-quoted string literal: ""
06-06 14:41:11.883 1095 1242 W SQLiteLog: (28) double-quoted string literal: "5B232B3C7DB71E393D841E3F690B6747"
06-06 14:41:11.883 371 478 E StagefrightMetadataRetriever: Failed to instantiate a MediaExtractor.
06-06 14:41:11.884 479 606 D WakeupController: onWifiEnabled()
06-06 14:41:11.884 1215 1324 W bei.lerad.rock: Class com.iflytek.aiui.utils.c failed lock verification and will run slower.
06-06 14:41:11.885 479 606 W WifiClientModeImpl: No cached packet filter to apply
06-06 14:41:11.885 1215 1215 I AiuiEngine: create aiui agent
06-06 14:41:11.885 1215 1215 D RockyVoice_AiUiDelegate: 初始化成功
06-06 14:41:11.890 1215 1215 D RockyNetMessageUtil: initTipsList tipEntity = null isRequestTipSuccess = false
06-06 14:41:11.905 1095 1260 D skia : --- Failed to create image decoder with message 'unimplemented'
06-06 14:41:11.916 1095 1260 D skia : --- Failed to create image decoder with message 'unimplemented'
06-06 14:41:11.926 479 479 D AudioDeviceManagerObserver: AudioDeviceManagerObserver: name_linux: ahubi2s2, name_android: AUDIO_USB_ahubi2s2
06-06 14:41:11.928 479 479 D AudioDeviceManagerObserver: AudioDeviceManagerObserver: newCardId: /sys/class/sound/card5/id
06-06 14:41:11.943 479 479 V AudioDeviceManagerObserver: This kernel does not have sound card5
06-06 14:41:11.950 371 478 E StagefrightMetadataRetriever: Failed to instantiate a MediaExtractor.
06-06 14:41:11.953 479 479 D AudioManagerEx: AudioManagerEx
06-06 14:41:11.955 479 606 D WifiClientModeImpl[wlan0]: entering ConnectableState: ifaceName = wlan0
06-06 14:41:11.957 1215 1324 W bei.lerad.rock: Class com.iflytek.aiui.utils.l failed lock verification and will run slower.
06-06 14:41:11.959 1243 1243 D wpa_supplicant: sprd_wpa_driver_nl80211_driver_cmd SETSUSPENDMODE 1 len = 0, 16
06-06 14:41:11.962 479 606 D WifiClientModeImpl[wlan0]: Start makeIpClient ifaceName = wlan0
06-06 14:41:11.963 247 267 D audio_hw_primary: getAudioDevices()
06-06 14:41:11.963 247 267 D audio_hw_primary: out dev:AUDIO_CODEC
06-06 14:41:11.963 247 267 D audio_hw_primary: in dev:AUDIO_SPDIF
06-06 14:41:11.963 247 267 D audio_hw_primary: out dev:AUDIO_SPDIF
06-06 14:41:11.963 247 267 D audio_hw_primary: in dev:AUDIO_HDMI
06-06 14:41:11.963 247 267 D audio_hw_primary: out dev:AUDIO_HDMI
06-06 14:41:11.963 247 267 D audio_hw_primary: in dev:AUDIO_I2S2
06-06 14:41:11.963 247 267 D audio_hw_primary: out playback: AUDIO_CODEC,AUDIO_SPDIF,AUDIO_HDMI
06-06 14:41:11.970 388 749 D BufferPoolAccessor2.0: bufferpool2 0xf6169318 : 0(0 size) total buffers - 0(0 size) used buffers - 16/19 (recycle/alloc) - 3/18 (fetch/transfer)
06-06 14:41:11.970 388 749 D BufferPoolAccessor2.0: bufferpool2 0xf6168418 : 0(0 size) total buffers - 0(0 size) used buffers - 15/21 (recycle/alloc) - 6/20 (fetch/transfer)
06-06 14:41:11.970 388 749 D BufferPoolAccessor2.0: bufferpool2 0xf61682d8 : 0(0 size) total buffers - 0(0 size) used buffers - 131/145 (recycle/alloc) - 14/144 (fetch/transfer)
06-06 14:41:11.970 388 749 D BufferPoolAccessor2.0: bufferpool2 0xf6168b98 : 0(0 size) total buffers - 0(0 size) used buffers - 40/44 (recycle/alloc) - 4/43 (fetch/transfer)
06-06 14:41:11.970 388 749 D BufferPoolAccessor2.0: bufferpool2 0xf6168058 : 0(0 size) total buffers - 0(0 size) used buffers - 42/46 (recycle/alloc) - 4/45 (fetch/transfer)
06-06 14:41:11.970 388 749 D BufferPoolAccessor2.0: evictor expired: 5, evicted: 5
06-06 14:41:11.971 247 247 D xm_audio: adev_get_parameters
06-06 14:41:11.976 479 1296 I DropBoxManagerService: add tag=SYSTEM_BOOT isTagEnabled=true flags=0x2
06-06 14:41:11.978 285 445 I hash_map_utils: system/bt/osi/src/hash_map_utils.cc:81 hash_map_utils_dump_string_keys_string_values: key: 'audio_devices_out' value: ''
06-06 14:41:11.980 479 889 D BufferPoolAccessor2.0: bufferpool2 0xf2fb6158 : 0(0 size) total buffers - 0(0 size) used buffers - 2/7 (recycle/alloc) - 5/42 (fetch/transfer)
06-06 14:41:11.980 479 889 D BufferPoolAccessor2.0: bufferpool2 0xf328ab18 : 0(0 size) total buffers - 0(0 size) used buffers - 2/7 (recycle/alloc) - 5/46 (fetch/transfer)
06-06 14:41:11.980 479 889 D BufferPoolAccessor2.0: evictor expired: 2, evicted: 2
06-06 14:41:11.981 1095 1260 D skia : --- Failed to create image decoder with message 'unimplemented'
06-06 14:41:11.998 479 479 D AudioManagerEx: type audio_devices_out list AUDIO_CODEC,AUDIO_SPDIF,AUDIO_HDMI=
06-06 14:41:11.999 479 479 D AudioManagerPolicy: get AUDIO_MANAGE_POLICY is 2
06-06 14:41:12.008 479 1296 I BootReceiver: Copying audit failures to DropBox
06-06 14:41:12.011 479 479 E AudioDeviceManagerObserver: Could not parse switch state for /sys/devices/virtual/switch/h2w/state ,fail because /sys/devices/virtual/switch/h2w/state: open failed: ENOENT (No such file or directory)
06-06 14:41:12.022 479 479 D AudioManagerPolicy: no usb audio i=3 size=3
06-06 14:41:12.023 479 1296 I BootReceiver: Checking for fsck errors
06-06 14:41:12.026 479 479 D AudioManagerPolicy: curType4 isHdmiPlugin =true
06-06 14:41:12.027 479 479 D AudioManagerPolicy: hdmi is available on init.
06-06 14:41:12.027 479 479 D AudioManagerPolicy: notifyHdmiAvailable hdmi is available
06-06 14:41:12.034 1095 1260 D skia : --- Failed to create image decoder with message 'unimplemented'
06-06 14:41:12.035 1095 1260 D skia : --- Failed to create image decoder with message 'unimplemented'
06-06 14:41:12.037 1095 1260 D skia : --- Failed to create image decoder with message 'unimplemented'
06-06 14:41:12.037 1095 1260 D skia : --- Failed to create image decoder with message 'unimplemented'
06-06 14:41:12.039 1095 1260 D skia : --- Failed to create image decoder with message 'unimplemented'
06-06 14:41:12.040 1215 1270 I UtilCommon: 未知
06-06 14:41:12.040 1215 1270 I UtilCommon: bluetoothMac=
06-06 14:41:12.044 1095 1095 E xxxxxxxxxxxxxxx: onReceive:mIsHDMIPlugged = false
06-06 14:41:12.046 1095 1095 E hq : USBReceiver:::USBReceiver onReceive: action=android.intent.action.MEDIA_MOUNTED
06-06 14:41:12.046 1095 1095 E hq : USBReceiver:::USBReceiver onReceive: action=android.intent.action.MEDIA_MOUNTED
06-06 14:41:12.056 1215 1215 D RockyNetMessageUtil: initMediaControlPage pageEntity = null isRequestPageControlSuccess = false
06-06 14:41:12.057 1095 1260 D skia : --- Failed to create image decoder with message 'unimplemented'
06-06 14:41:12.062 479 529 W IorapForwardingService: No service published for: iorapd
06-06 14:41:12.080 479 531 E ActivityRecord: real home.....com.dangbei.leard.leradlauncher/com.dangbei.launcher.home.LauncherActivity
06-06 14:41:12.080 479 531 E +++ActivityRecord: pre led_switch = 5
06-06 14:41:12.080 1215 1346 D XHttpObservable: handleRequest: start https://tyapi.qun7.com/v1/voice/getsoundshowmsg ,,, isCache = false
06-06 14:41:12.107 817 908 D BufferPoolAccessor2.0: bufferpool2 0xf49f90d8 : 0(0 size) total buffers - 0(0 size) used buffers - 2/7 (recycle/alloc) - 5/96 (fetch/transfer)
06-06 14:41:12.107 817 908 D BufferPoolAccessor2.0: evictor expired: 1, evicted: 1
06-06 14:41:12.125 1215 1354 D XHttpObservable: handleRequest: start https://tyapi.qun7.com/v1/voice/getResponseControlPage ,,, isCache = false
06-06 14:41:12.130 1215 1349 W System.err: java.net.UnknownHostException: Unable to resolve host "tyapi.qun7.com": No address associated with hostname
06-06 14:41:12.130 1215 1349 W System.err: at java.net.Inet6AddressImpl.lookupHostByName(Inet6AddressImpl.java:156)
06-06 14:41:12.130 1215 1349 W System.err: at java.net.Inet6AddressImpl.lookupAllHostAddr(Inet6AddressImpl.java:103)
06-06 14:41:12.130 1215 1349 W System.err: at java.net.InetAddress.getAllByName(InetAddress.java:1152)
06-06 14:41:12.130 1215 1349 W System.err: at com.android.okhttp.Dns$1.lookup(Dns.java:41)
06-06 14:41:12.130 1215 1349 W System.err: at com.android.okhttp.internal.http.RouteSelector.resetNextInetSocketAddress(RouteSelector.java:178)
06-06 14:41:12.130 1215 1349 W System.err: at com.android.okhttp.internal.http.RouteSelector.nextProxy(RouteSelector.java:144)
06-06 14:41:12.130 1215 1349 W System.err: at com.android.okhttp.internal.http.RouteSelector.next(RouteSelector.java:86)
06-06 14:41:12.130 1215 1349 W System.err: at com.android.okhttp.internal.http.StreamAllocation.findConnection(StreamAllocation.java:176)
06-06 14:41:12.130 1215 1349 W System.err: at com.android.okhttp.internal.http.StreamAllocation.findHealthyConnection(StreamAllocation.java:128)
06-06 14:41:12.130 1215 1349 W System.err: at com.android.okhttp.internal.http.StreamAllocation.newStream(StreamAllocation.java:97)
06-06 14:41:12.130 1215 1349 W System.err: at com.android.okhttp.internal.http.HttpEngine.connect(HttpEngine.java:289)
06-06 14:41:12.130 1215 1349 W System.err: at com.android.okhttp.internal.http.HttpEngine.sendRequest(HttpEngine.java:232)
06-06 14:41:12.131 1215 1349 W System.err: at com.android.okhttp.internal.huc.HttpURLConnectionImpl.execute(HttpURLConnectionImpl.java:465)
06-06 14:41:12.131 1215 1349 W System.err: at com.android.okhttp.internal.huc.HttpURLConnectionImpl.getResponse(HttpURLConnectionImpl.java:411)
06-06 14:41:12.131 1215 1349 W System.err: at com.android.okhttp.internal.huc.HttpURLConnectionImpl.getResponseCode(HttpURLConnectionImpl.java:542)
06-06 14:41:12.131 1215 1349 W System.err: at com.dangbei.statistics.UtilCommon.networkGetIp(UtilCommon.java:826)
06-06 14:41:12.131 1215 1349 W System.err: at com.dangbei.statistics.UtilCommon$1.accept(UtilCommon.java:807)
06-06 14:41:12.133 247 267 D audio_hw_primary: Mic get_audio_devices_active:
06-06 14:41:12.133 247 267 D audio_hw_primary: get_audio_devices_active: AUDIO_HDMI
06-06 14:41:12.134 247 247 D xm_audio: adev_get_parameters
06-06 14:41:12.134 285 445 I hash_map_utils: system/bt/osi/src/hash_map_utils.cc:81 hash_map_utils_dump_string_keys_string_values: key: 'audio_devices_out_active' value: ''
06-06 14:41:12.135 479 479 D AudioManagerEx: type audio_devices_out_active list AUDIO_HDMI=
06-06 14:41:12.135 479 479 D AudioManagerEx: AudioManagerEx
06-06 14:41:12.135 479 479 D AudioManagerPolicy: save audio is AUDIO_HDMI
06-06 14:41:12.136 479 479 D AudioManagerPolicy: get AUDIO_MANAGE_POLICY is 2
06-06 14:41:12.136 479 479 D AudioManagerPolicy: POLICY_2 Remove USB Audio or No USB Audio Output Device Connected!
06-06 14:41:12.137 479 479 D AudioManagerEx: state=audio_devices_out_active,dev=[AUDIO_HDMI]
06-06 14:41:12.137 479 479 D AudioManagerEx: enablePassThrough = true
06-06 14:41:12.138 479 479 D AudioManagerEx: Hdmi status true,true,1
06-06 14:41:12.138 479 479 D AudioManagerEx: HDMI AUDIO_HDMI
06-06 14:41:12.139 479 479 D AudioManagerEx: AUDIO_NAME_HDMI
06-06 14:41:12.144 1215 1349 W System.err: at com.dangbei.statistics.UtilCommon$1.accept(UtilCommon.java:803)
06-06 14:41:12.147 510 516 D BootAnimation: BootAnimationStopTiming start time: 25973ms
06-06 14:41:12.148 1215 1349 W System.err: at io.reactivex.internal.operators.observable.ObservableDoOnEach$DoOnEachObserver.onNext(ObservableDoOnEach.java:93)
06-06 14:41:12.148 1215 1349 W System.err: at io.reactivex.internal.operators.observable.ObservableObserveOn$ObserveOnObserver.drainNormal(ObservableObserveOn.java:201)
06-06 14:41:12.148 1215 1349 W System.err: at io.reactivex.internal.operators.observable.ObservableObserveOn$ObserveOnObserver.run(ObservableObserveOn.java:255)
06-06 14:41:12.148 1215 1349 W System.err: at io.reactivex.internal.schedulers.ScheduledRunnable.run(ScheduledRunnable.java:66)
06-06 14:41:12.149 1215 1349 W System.err: at io.reactivex.internal.schedulers.ScheduledRunnable.call(ScheduledRunnable.java:57)
06-06 14:41:12.149 1215 1349 W System.err: at java.util.concurrent.FutureTask.run(FutureTask.java:266)
06-06 14:41:12.149 1215 1349 W System.err: at java.util.concurrent.ScheduledThreadPoolExecutor$ScheduledFutureTask.run(ScheduledThreadPoolExecutor.java:301)
06-06 14:41:12.149 1215 1349 W System.err: at java.util.concurrent.ThreadPoolExecutor.runWorker(ThreadPoolExecutor.java:1167)
06-06 14:41:12.150 247 267 V audio_hw_primary: adev_set_parameters, mediasw.sft.rawdata=HDMI_RAW
06-06 14:41:12.151 1215 1349 W System.err: at java.util.concurrent.ThreadPoolExecutor$Worker.run(ThreadPoolExecutor.java:641)
06-06 14:41:12.152 1215 1349 W System.err: at java.lang.Thread.run(Thread.java:920)
06-06 14:41:12.152 1215 1349 W System.err: Caused by: android.system.GaiException: android_getaddrinfo failed: EAI_NODATA (No address associated with hostname)
06-06 14:41:12.152 479 531 I WindowManager: ******* TELLING SURFACE FLINGER WE ARE BOOTED!
06-06 14:41:12.153 290 517 I SurfaceFlinger: Boot is finished (16064 ms)
06-06 14:41:12.155 1215 1349 W System.err: at libcore.io.Linux.android_getaddrinfo(Native Method)
06-06 14:41:12.157 1215 1349 W System.err: at libcore.io.ForwardingOs.android_getaddrinfo(ForwardingOs.java:136)
06-06 14:41:12.161 179 179 I servicemanager: Found android.hardware.power.IPower/default in device VINTF manifest.
06-06 14:41:12.162 290 319 I PowerAdvisor: Loaded AIDL Power HAL service
06-06 14:41:12.162 1215 1349 W System.err: at libcore.io.BlockGuardOs.android_getaddrinfo(BlockGuardOs.java:221)
06-06 14:41:12.162 263 263 I AW_PowerHAL: check: Mode 6 not Supported ,do nothing
06-06 14:41:12.162 263 263 I AW_PowerHAL: isBoostSupported: 1
06-06 14:41:12.162 1215 1349 W System.err: at libcore.io.ForwardingOs.android_getaddrinfo(ForwardingOs.java:136)
06-06 14:41:12.163 1215 1349 W System.err: at java.net.Inet6AddressImpl.lookupHostByName(Inet6AddressImpl.java:135)
06-06 14:41:12.166 479 479 D AudioManagerEx: audio=AUDIO_HDMI
06-06 14:41:12.168 1095 1260 D skia : --- Failed to create image decoder with message 'unimplemented'
06-06 14:41:12.176 1215 1349 W System.err: ... 27 more
06-06 14:41:12.177 479 1311 W ActivityManager: Slow operation: 114ms so far, now at attachApplicationLocked: immediately before bindApplication
06-06 14:41:12.178 479 1311 W ActivityManager: Slow operation: 116ms so far, now at attachApplicationLocked: immediately after bindApplication
06-06 14:41:12.178 479 1311 W ActivityManager: Slow operation: 116ms so far, now at attachApplicationLocked: after updateLruProcessLocked
06-06 14:41:12.181 247 267 V audio_hw_primary: adev_set_parameters, audio_devices_out_active=AUDIO_HDMI
06-06 14:41:12.181 247 267 V audio_hw_primary: out AUDIO_PARAMETER_DEVICES_OUT_ACTIVE: AUDIO_HDMI
06-06 14:41:12.189 1039 1074 E ccc : cccccc etnaService addListener com.dangbei.lerad.etna.aidl.IEtnaAidlListener$Stub$Proxy@52bc3f9 com.dangbei.leard.leradlauncher
06-06 14:41:12.205 240 240 I netd : interfaceSetEnableIPv6(wlan0, false) <5.56ms>
