06-06 14:44:24.244 315 2585 D XM_HIDREAD: poll ret=1, event=1
06-06 14:44:24.244 315 2585 D XM_HIDREAD: [9 bytes]:01 00 00 51 00 00 00 00 00
06-06 14:44:24.245 479 595 D TvWindowManager: key event key = KEYCODE_DPAD_DOWN down = true
06-06 14:44:24.257 479 594 D GpioService: mFlickerEnable = true
06-06 14:44:24.379 315 2585 D XM_HIDREAD: poll ret=1, event=1
06-06 14:44:24.379 315 2585 D XM_HIDREAD: [9 bytes]:01 00 00 00 00 00 00 00 00
06-06 14:44:24.379 479 595 D TvWindowManager: key event key = KEYCODE_DPAD_DOWN down = false
06-06 14:44:24.395 479 594 D GpioService: mFlickerEnable = true
06-06 14:44:24.397 2239 2239 I SogouIME: onKeyDown: keyoCode=20
06-06 14:44:24.398 2239 2239 I DefaultIMS: onKeyDown: keyoCode=20
06-06 14:44:24.405 2239 2239 I SogouIME: onKeyUp: keyoCode=20
06-06 14:44:24.405 2239 2239 I DefaultIMS: onKeyUp: keyoCode=20
06-06 14:44:24.431 2239 2239 I DefaultIMS: onStartInput attribute=android.view.inputmethod.EditorInfo@74195dd restarting=false inputType: 0
06-06 14:44:24.597 479 529 W IorapForwardingService: No service published for: iorapd
06-06 14:44:24.668 755 1344 D DhcpClient: Received packet: 1a:af:2b:74:7b:ec OFFER, ip /192.168.3.147, mask /255.255.254.0, DNS servers: /202.96.134.133 /202.96.128.166 , gateways [/192.168.3.1], lease time 3600, domain null
06-06 14:44:24.802 755 1344 D DhcpClient: Received packet: 1a:af:2b:74:7b:ec ACK: your new IP /192.168.3.147, netmask /255.255.254.0, gateways [/192.168.3.1] DNS servers: /202.96.134.133 /202.96.128.166 , lease time 3600
06-06 14:44:25.144 315 2585 D XM_HIDREAD: poll ret=1, event=1
06-06 14:44:25.145 315 2585 D XM_HIDREAD: [9 bytes]:01 00 00 52 00 00 00 00 00
06-06 14:44:25.145 479 595 D TvWindowManager: key event key = KEYCODE_DPAD_UP down = true
06-06 14:44:25.152 479 594 D GpioService: mFlickerEnable = true
06-06 14:44:25.153 2239 2239 I SogouIME: onKeyDown: keyoCode=19
06-06 14:44:25.153 2239 2239 I DefaultIMS: onKeyDown: keyoCode=19
06-06 14:44:25.170 2239 2239 I DefaultIMS: onStartInput attribute=android.view.inputmethod.EditorInfo@8845552 restarting=false inputType: 0
06-06 14:44:25.302 479 595 D TvWindowManager: key event key = KEYCODE_DPAD_UP down = false
06-06 14:44:25.303 315 2585 D XM_HIDREAD: poll ret=1, event=1
06-06 14:44:25.303 315 2585 D XM_HIDREAD: [9 bytes]:01 00 00 00 00 00 00 00 00
06-06 14:44:25.308 2239 2239 I SogouIME: onKeyUp: keyoCode=19
06-06 14:44:25.308 2239 2239 I DefaultIMS: onKeyUp: keyoCode=19
06-06 14:44:25.599 479 529 W IorapForwardingService: No service published for: iorapd
06-06 14:44:26.258 315 2585 D XM_HIDREAD: poll ret=1, event=1
06-06 14:44:26.258 315 2585 D XM_HIDREAD: [9 bytes]:01 00 00 4F 00 00 00 00 00
06-06 14:44:26.258 479 595 D TvWindowManager: key event key = KEYCODE_DPAD_RIGHT down = true
06-06 14:44:26.264 479 594 D GpioService: mFlickerEnable = true
06-06 14:44:26.266 2239 2239 I SogouIME: onKeyDown: keyoCode=22
06-06 14:44:26.266 2239 2239 I DefaultIMS: onKeyDown: keyoCode=22
06-06 14:44:26.272 2239 2239 I DefaultIMS: onStartInput attribute=android.view.inputmethod.EditorInfo@1c38023 restarting=false inputType: 0
06-06 14:44:26.437 315 2585 D XM_HIDREAD: poll ret=1, event=1
06-06 14:44:26.437 315 2585 D XM_HIDREAD: [9 bytes]:01 00 00 00 00 00 00 00 00
06-06 14:44:26.438 479 595 D TvWindowManager: key event key = KEYCODE_DPAD_RIGHT down = false
06-06 14:44:26.440 2239 2239 I SogouIME: onKeyUp: keyoCode=22
06-06 14:44:26.440 2239 2239 I DefaultIMS: onKeyUp: keyoCode=22
06-06 14:44:26.602 479 529 W IorapForwardingService: No service published for: iorapd
06-06 14:44:26.629 315 2585 D XM_HIDREAD: poll ret=1, event=1
06-06 14:44:26.629 315 2585 D XM_HIDREAD: [9 bytes]:01 00 00 4F 00 00 00 00 00
06-06 14:44:26.629 479 595 D TvWindowManager: key event key = KEYCODE_DPAD_RIGHT down = true
06-06 14:44:26.639 479 594 D GpioService: mFlickerEnable = true
06-06 14:44:26.641 2239 2239 I SogouIME: onKeyDown: keyoCode=22
06-06 14:44:26.641 2239 2239 I DefaultIMS: onKeyDown: keyoCode=22
06-06 14:44:26.666 2239 2239 I DefaultIMS: onStartInput attribute=android.view.inputmethod.EditorInfo@f5a6920 restarting=false inputType: 0
06-06 14:44:26.724 659 659 E WifiHAL : wifi_get_link_stats: requestResponse Error:-5
06-06 14:44:26.727 479 606 E WifiVendorHal: getWifiLinkLayerStats_1_5_Internal(l.1191) failed {.code = ERROR_INVALID_ARGS, .description = }
06-06 14:44:26.777 315 2585 D XM_HIDREAD: poll ret=1, event=1
06-06 14:44:26.777 315 2585 D XM_HIDREAD: [9 bytes]:01 00 00 00 00 00 00 00 00
06-06 14:44:26.777 479 595 D TvWindowManager: key event key = KEYCODE_DPAD_RIGHT down = false
06-06 14:44:26.781 2239 2239 I SogouIME: onKeyUp: keyoCode=22
06-06 14:44:26.781 2239 2239 I DefaultIMS: onKeyUp: keyoCode=22
06-06 14:44:26.821 264 294 D hdmi-cec: receive invalid cec message!
06-06 14:44:26.822 264 294 D hdmi-cec: receive poll message [04], skip!
06-06 14:44:27.035 1927 2052 D UtilLog : 日志批量上报 进行正常循环 !!!!!!本次有0次请求,共0条数据
06-06 14:44:27.221 1121 1121 D aaa : LedStatusService onStartCommand begin
06-06 14:44:27.221 1164 1164 D bbb : onStartCommand begin !!!!!!! data分区剩余 24691MB
06-06 14:44:27.227 1121 3305 D aaa : topPkg is -------------- :com.dangbei.haqusetting
06-06 14:44:27.228 479 542 E libprocessgroup: set_timerslack_ns write failed: No such process
06-06 14:44:27.327 315 2585 D XM_HIDREAD: poll ret=1, event=1
06-06 14:44:27.327 315 2585 D XM_HIDREAD: [9 bytes]:01 00 00 28 00 00 00 00 00
06-06 14:44:27.328 479 595 D TvWindowManager: key event key = KEYCODE_DPAD_CENTER down = true
06-06 14:44:27.338 479 594 D GpioService: mFlickerEnable = true
06-06 14:44:27.461 315 2585 D XM_HIDREAD: poll ret=1, event=1
06-06 14:44:27.461 315 2585 D XM_HIDREAD: [9 bytes]:01 00 00 00 00 00 00 00 00
06-06 14:44:27.462 479 595 D TvWindowManager: key event key = KEYCODE_DPAD_CENTER down = false
06-06 14:44:27.478 479 594 D GpioService: mFlickerEnable = true
06-06 14:44:27.480 2239 2239 I SogouIME: onKeyDown: keyoCode=23
06-06 14:44:27.480 2239 2239 I DefaultIMS: onKeyDown: keyoCode=23
06-06 14:44:27.482 2239 2239 I SogouIME: onKeyUp: keyoCode=23
06-06 14:44:27.482 2239 2239 I DefaultIMS: onKeyUp: keyoCode=23
06-06 14:44:27.528 1095 1114 E etna : doSettings: {"code":4}
06-06 14:44:27.529 1095 1343 E find : getCacheWeatherCode1 =false
06-06 14:44:27.531 1095 1343 E find : getCacheWeatherCode =EtnaLocationData(shengId='', shengName='广东', shiId='', shiName='深圳', quId='', quName='深圳', weatherCode=101280601)
06-06 14:44:27.531 1095 1343 E find : TYPE_ETNA_LOCAL_UPDATE CALLBACK=101280601
06-06 14:44:27.532 1095 1343 D yc_test : refreshWeather: 101280601
06-06 14:44:27.536 290 517 D PermissionCache: checking android.permission.READ_FRAME_BUFFER for uid=1000 => granted (498 us)
06-06 14:44:27.537 257 292 I gralloc : alloc buffer:W:1920 H:1080 S:1920 PL[1920 1080] SZ:8294400 fmt:1 if:0 af:1 usg:b66 fg:00000004
06-06 14:44:27.549 180 180 I hwservicemanager: getTransport: Cannot find entry android.hardware.graphics.mapper@4.0::IMapper/default in either framework or device VINTF manifest.
06-06 14:44:27.549 479 808 I Gralloc4: mapper 4.x is not supported
06-06 14:44:27.550 180 180 I hwservicemanager: getTransport: Cannot find entry android.hardware.graphics.mapper@3.0::IMapper/default in either framework or device VINTF manifest.
06-06 14:44:27.550 479 808 W Gralloc3: mapper 3.x is not supported
06-06 14:44:27.559 479 808 E gralloc : Arm Module v1.0
06-06 14:44:27.561 479 808 E ion : ioctl c0044901 failed with code -1: Inappropriate ioctl for device
06-06 14:44:27.584 479 808 D AW_CODE : rotation =0
06-06 14:44:27.592 1095 1095 E martin : 组件:2025-06-06
06-06 14:44:27.592 180 180 I hwservicemanager: getTransport: Cannot find entry android.hardware.configstore@1.0::ISurfaceFlingerConfigs/default in either framework or device VINTF manifest.
06-06 14:44:27.592 1095 1095 E weatherWidget: dataChange:Fri Jun 06 14:44:27 GMT+08:00 2025
06-06 14:44:27.603 479 529 W IorapForwardingService: No service published for: iorapd
06-06 14:44:27.609 1039 1074 E ccc : cccccc UpdateHelper onMessageReceived com.dangbei.haqusetting com.dangbei.etna.update {"action":"get","functionTag":"leaf_controller_function_controller_dangbei_update","value":0} com.dangbei.lerad.etna.aidl.IEtnaAidlCallback$Stub$Proxy@7207663
06-06 14:44:27.610 1039 1074 E ccc : cccccc 缓存获取遥控器版本 DB-15B-H5-R0111
06-06 14:44:27.612 1039 1055 E ccc : cccccc UpdateHelper onMessageReceived com.dangbei.haqusetting com.dangbei.etna.update {"action":"get","functionTag":"leaf_controller_function_controller_dangbei_update","value":0} com.dangbei.lerad.etna.aidl.IEtnaAidlCallback$Stub$Proxy@76c260
06-06 14:44:27.612 1039 1053 E ccc : cccccc 请求电量缓存 90
06-06 14:44:27.612 1039 1055 E ccc : cccccc 缓存获取遥控器版本 DB-15B-H5-R0111
06-06 14:44:27.622 290 290 I BpBinder: onLastStrongRef automatically unlinking death recipients:
06-06 14:44:27.650 2239 2239 I DefaultIMS: onStartInput attribute=android.view.inputmethod.EditorInfo@446b2d9 restarting=false inputType: 0
06-06 14:44:27.688 479 808 W InputManager-JNI: Input channel object '7765ebd com.dangbei.haqusetting/com.dangbei.haqusetting.ui.leaf.ui.system.timearea.area.LeafWholeAreaSetActivity (client)' was disposed without first being removed with the input manager!
06-06 14:44:27.691 674 674 D TvPipController: onTaskStackChanged()
06-06 14:44:27.820 264 264 I EventThread: type=1400 audit(0.0:1301): avc: denied { search } for name="extcon" dev="sysfs" ino=18109 scontext=u:r:hal_tv_cec_default:s0 tcontext=u:object_r:sysfs_extcon:s0 tclass=dir permissive=1
06-06 14:44:28.165 479 496 I system_server: NativeAlloc concurrent copying GC freed 221229(8281KB) AllocSpace objects, 59(1228KB) LOS objects, 49% free, 10MB/21MB, paused 301us total 372.623ms
06-06 14:44:28.604 479 529 W IorapForwardingService: No service published for: iorapd
06-06 14:44:28.990 755 765 I rkstack.proces: Background concurrent copying GC freed 114578(3463KB) AllocSpace objects, 0(0B) LOS objects, 49% free, 3177KB/6354KB, paused 116us total 101.369ms
06-06 14:44:29.606 479 529 W IorapForwardingService: No service published for: iorapd
06-06 14:44:29.744 659 659 E WifiHAL : wifi_get_link_stats: requestResponse Error:-5
06-06 14:44:29.746 479 606 E WifiVendorHal: getWifiLinkLayerStats_1_5_Internal(l.1191) failed {.code = ERROR_INVALID_ARGS, .description = }
06-06 14:44:29.779 315 2585 D XM_HIDREAD: poll ret=1, event=1
06-06 14:44:29.779 315 2585 D XM_HIDREAD: [9 bytes]:01 00 00 52 00 00 00 00 00
06-06 14:44:29.779 479 595 D TvWindowManager: key event key = KEYCODE_DPAD_UP down = true
06-06 14:44:29.784 479 594 D GpioService: mFlickerEnable = true
06-06 14:44:29.786 2239 2239 I SogouIME: onKeyDown: keyoCode=19
06-06 14:44:29.786 2239 2239 I DefaultIMS: onKeyDown: keyoCode=19
06-06 14:44:29.813 2239 2239 I DefaultIMS: onStartInput attribute=android.view.inputmethod.EditorInfo@96e749e restarting=false inputType: 0
06-06 14:44:29.960 315 2585 D XM_HIDREAD: poll ret=1, event=1
06-06 14:44:29.960 315 2585 D XM_HIDREAD: [9 bytes]:01 00 00 00 00 00 00 00 00
06-06 14:44:29.961 479 595 D TvWindowManager: key event key = KEYCODE_DPAD_UP down = false
06-06 14:44:29.964 2239 2239 I SogouIME: onKeyUp: keyoCode=19
06-06 14:44:29.964 2239 2239 I DefaultIMS: onKeyUp: keyoCode=19
06-06 14:44:30.609 479 529 W IorapForwardingService: No service published for: iorapd
06-06 14:44:30.623 315 2585 D XM_HIDREAD: poll ret=1, event=1
06-06 14:44:30.623 315 2585 D XM_HIDREAD: [9 bytes]:01 00 00 28 00 00 00 00 00
06-06 14:44:30.623 479 595 D TvWindowManager: key event key = KEYCODE_DPAD_CENTER down = true
06-06 14:44:30.633 479 594 D GpioService: mFlickerEnable = true
06-06 14:44:30.747 315 2585 D XM_HIDREAD: poll ret=1, event=1
06-06 14:44:30.747 315 2585 D XM_HIDREAD: [9 bytes]:01 00 00 00 00 00 00 00 00
06-06 14:44:30.747 479 595 D TvWindowManager: key event key = KEYCODE_DPAD_CENTER down = false
06-06 14:44:30.773 479 594 D GpioService: mFlickerEnable = true
06-06 14:44:30.775 2239 2239 I SogouIME: onKeyDown: keyoCode=23
06-06 14:44:30.775 2239 2239 I DefaultIMS: onKeyDown: keyoCode=23
06-06 14:44:30.778 2239 2239 I SogouIME: onKeyUp: keyoCode=23
06-06 14:44:30.778 2239 2239 I DefaultIMS: onKeyUp: keyoCode=23
06-06 14:44:30.789 1095 1114 E etna : doSettings: {"code":4}
06-06 14:44:30.791 1095 1338 E find : getCacheWeatherCode1 =false
06-06 14:44:30.794 1095 1338 E find : getCacheWeatherCode =null
06-06 14:44:30.866 1095 1338 E hq : WeatherRefresh:::请求网络地址后,更新的地理位置为:101280601
06-06 14:44:30.866 1095 1338 E find : TYPE_ETNA_LOCAL_UPDATE CALLBACK=101280601
06-06 14:44:30.867 1095 1343 D yc_test : refreshWeather: 101280601
06-06 14:44:30.910 479 1064 E TaskPersister: File error accessing recents directory (directory doesn't exist?).
06-06 14:44:30.952 479 644 W HdmiCecController: Failed to send 40:90:02 with errorCode=1
06-06 14:44:31.015 1095 1095 E martin : 组件:2025-06-06
06-06 14:44:31.016 1095 1095 E weatherWidget: dataChange:Fri Jun 06 14:44:31 GMT+08:00 2025
06-06 14:44:31.611 479 529 W IorapForwardingService: No service published for: iorapd
06-06 14:44:32.613 479 529 W IorapForwardingService: No service published for: iorapd
06-06 14:44:32.765 659 659 E WifiHAL : wifi_get_link_stats: requestResponse Error:-5
06-06 14:44:32.767 479 606 E WifiVendorHal: getWifiLinkLayerStats_1_5_Internal(l.1191) failed {.code = ERROR_INVALID_ARGS, .description = }
06-06 14:44:33.615 479 529 W IorapForwardingService: No service published for: iorapd
06-06 14:44:34.176 2874 2883 I gbei.screencas: Background concurrent copying GC freed 51595(6229KB) AllocSpace objects, 0(0B) LOS objects, 49% free, 5980KB/11MB, paused 119us total 171.344ms
06-06 14:44:34.618 479 529 W IorapForwardingService: No service published for: iorapd
06-06 14:44:35.188 2176 2176 I rainbow_flow: type=1400 audit(0.0:1302): avc: denied { ioctl } for path="/dev/spidev1.0" dev="tmpfs" ino=1879 ioctlcmd=0x6b00 scontext=u:r:init:s0 tcontext=u:object_r:device:s0 tclass=chr_file permissive=1
06-06 14:44:35.251 1121 1121 D aaa : LedStatusService onStartCommand begin
06-06 14:44:35.253 1121 3329 D aaa : topPkg is -------------- :com.dangbei.haqusetting
06-06 14:44:35.254 1164 1164 D bbb : onStartCommand begin !!!!!!! data分区剩余 24691MB
06-06 14:44:35.620 479 529 W IorapForwardingService: No service published for: iorapd
06-06 14:44:35.777 659 659 E WifiHAL : wifi_get_link_stats: requestResponse Error:-5
06-06 14:44:35.779 479 606 E WifiVendorHal: getWifiLinkLayerStats_1_5_Internal(l.1191) failed {.code = ERROR_INVALID_ARGS, .description = }
06-06 14:44:36.623 479 529 W IorapForwardingService: No service published for: iorapd
06-06 14:44:37.006 1927 2052 D UtilLog : 日志批量上报 进行正常循环 !!!!!!本次有0次请求,共0条数据
06-06 14:44:37.139 247 247 D audio_hw_primary: out_standby
06-06 14:44:37.477 479 991 W ZramWriteback: Writeback device is not set
06-06 14:44:37.477 479 991 D ZramWriteback: wait to flush
06-06 14:44:37.625 479 529 W IorapForwardingService: No service published for: iorapd
06-06 14:44:38.385 755 765 I rkstack.proces: Background concurrent copying GC freed 96863(2994KB) AllocSpace objects, 2(120KB) LOS objects, 49% free, 3113KB/6226KB, paused 168us total 101.318ms
06-06 14:44:38.628 479 529 W IorapForwardingService: No service published for: iorapd
06-06 14:44:38.793 659 659 E WifiHAL : wifi_get_link_stats: requestResponse Error:-5
06-06 14:44:38.795 479 606 E WifiVendorHal: getWifiLinkLayerStats_1_5_Internal(l.1191) failed {.code = ERROR_INVALID_ARGS, .description = }
06-06 14:44:39.630 479 529 W IorapForwardingService: No service published for: iorapd
06-06 14:44:40.633 479 529 W IorapForwardingService: No service published for: iorapd
06-06 14:44:41.635 479 529 W IorapForwardingService: No service published for: iorapd
06-06 14:44:41.806 659 659 E WifiHAL : wifi_get_link_stats: requestResponse Error:-5
06-06 14:44:41.810 479 606 E WifiVendorHal: getWifiLinkLayerStats_1_5_Internal(l.1191) failed {.code = ERROR_INVALID_ARGS, .description = }
06-06 14:44:41.848 264 294 D hdmi-cec: receive invalid cec message!
06-06 14:44:41.848 264 294 D hdmi-cec: receive poll message [04], skip!
06-06 14:44:42.638 479 529 W IorapForwardingService: No service published for: iorapd
06-06 14:44:43.298 1164 1164 D bbb : onStartCommand begin !!!!!!! data分区剩余 24691MB
06-06 14:44:43.300 1121 1121 D aaa : LedStatusService onStartCommand begin
06-06 14:44:43.302 1121 3339 D aaa : topPkg is -------------- :com.dangbei.haqusetting
06-06 14:44:43.640 479 529 W IorapForwardingService: No service published for: iorapd
06-06 14:44:44.643 479 529 W IorapForwardingService: No service published for: iorapd
06-06 14:44:44.826 659 659 E WifiHAL : wifi_get_link_stats: requestResponse Error:-5
06-06 14:44:44.828 479 606 E WifiVendorHal: getWifiLinkLayerStats_1_5_Internal(l.1191) failed {.code = ERROR_INVALID_ARGS, .description = }
06-06 14:44:45.645 479 529 W IorapForwardingService: No service published for: iorapd
06-06 14:44:46.648 479 529 W IorapForwardingService: No service published for: iorapd
06-06 14:44:47.034 1927 2052 D UtilLog : 日志批量上报 进行正常循环 !!!!!!本次有0次请求,共0条数据
06-06 14:44:47.536 479 808 I WifiService: startScan uid=1000
06-06 14:44:47.650 479 529 W IorapForwardingService: No service published for: iorapd
06-06 14:44:47.842 659 659 E WifiHAL : wifi_get_link_stats: requestResponse Error:-5
06-06 14:44:47.844 479 606 E WifiVendorHal: getWifiLinkLayerStats_1_5_Internal(l.1191) failed {.code = ERROR_INVALID_ARGS, .description = }
06-06 14:44:48.653 479 529 W IorapForwardingService: No service published for: iorapd
06-06 14:44:49.385 479 808 D WifiNl80211Manager: Scan result ready event
06-06 14:44:49.386 479 808 D WifiNative: Scan result ready event
06-06 14:44:49.439 2621 2678 E ccc : cccccc SCAN_RESULTS_AVAILABLE_ACTION hhhh
06-06 14:44:49.439 1095 1095 E hq : NetWorkStateReceiver:::NetWorkStateReceiver onReceive: 网络变化广播 >>>> intent.action=android.net.wifi.SCAN_RESULTS
06-06 14:44:49.448 659 659 E WifiHAL : wifi_get_link_stats: requestResponse Error:-5
06-06 14:44:49.450 479 606 E WifiVendorHal: getWifiLinkLayerStats_1_5_Internal(l.1191) failed {.code = ERROR_INVALID_ARGS, .description = }
06-06 14:44:49.484 1095 1095 W eventbuscore: post Event:com.dangbei.leard.base.entity.event.NetWifiRssiEvent
06-06 14:44:49.655 479 529 W IorapForwardingService: No service published for: iorapd
06-06 14:44:50.658 479 529 W IorapForwardingService: No service published for: iorapd
06-06 14:44:50.860 659 659 E WifiHAL : wifi_get_link_stats: requestResponse Error:-5
06-06 14:44:50.862 479 606 E WifiVendorHal: getWifiLinkLayerStats_1_5_Internal(l.1191) failed {.code = ERROR_INVALID_ARGS, .description = }
06-06 14:44:51.332 1121 1121 D aaa : LedStatusService onStartCommand begin
06-06 14:44:51.334 1121 3348 D aaa : topPkg is -------------- :com.dangbei.haqusetting
06-06 14:44:51.335 3008 3075 D nStackXCoAP: IsInSameNetwork:[276] :IsInSameNetwork exec
06-06 14:44:51.335 3008 3075 I nStackXDFinder: GetLocalInterfaceDetail:[461] :GetLocalInterfaceDetail in
06-06 14:44:51.335 3008 3075 E nStackXCoAP: IsInSameNetwork:[281] :IsInSameNetwork: not priority process
06-06 14:44:51.336 3008 3075 D nStackXCoAP: ParseServiceDiscover:[330] :new device join
06-06 14:44:51.336 3008 3075 I nStackXDFinder: NotifyDeviceListChanged:[540] :notify callback: device list changed callback is null
06-06 14:44:51.336 3008 3075 E nStackXDFinder: GetLocalIp:[401] :GetLocalIp exec
06-06 14:44:51.341 1164 1164 D bbb : onStartCommand begin !!!!!!! data分区剩余 24691MB
06-06 14:44:51.546 3008 3075 D nStackXCoAP: IsInSameNetwork:[276] :IsInSameNetwork exec
06-06 14:44:51.546 3008 3075 I nStackXDFinder: GetLocalInterfaceDetail:[461] :GetLocalInterfaceDetail in
06-06 14:44:51.546 3008 3075 E nStackXCoAP: IsInSameNetwork:[281] :IsInSameNetwork: not priority process
06-06 14:44:51.546 3008 3075 D nStackXCoAP: ParseServiceDiscover:[330] :new device join
06-06 14:44:51.546 3008 3075 E nStackXDFinder: GetLocalIp:[401] :GetLocalIp exec
06-06 14:44:51.660 479 529 W IorapForwardingService: No service published for: iorapd
06-06 14:44:52.129 3008 3075 D nStackXCoAP: IsInSameNetwork:[276] :IsInSameNetwork exec
06-06 14:44:52.129 3008 3075 I nStackXDFinder: GetLocalInterfaceDetail:[461] :GetLocalInterfaceDetail in
06-06 14:44:52.129 3008 3075 E nStackXCoAP: IsInSameNetwork:[281] :IsInSameNetwork: not priority process
06-06 14:44:52.129 3008 3075 D nStackXCoAP: ParseServiceDiscover:[330] :new device join
06-06 14:44:52.129 3008 3075 E nStackXDFinder: GetLocalIp:[401] :GetLocalIp exec
06-06 14:44:52.663 479 529 W IorapForwardingService: No service published for: iorapd
06-06 14:44:52.795 3008 3075 D nStackXCoAP: IsInSameNetwork:[276] :IsInSameNetwork exec
06-06 14:44:52.795 3008 3075 I nStackXDFinder: GetLocalInterfaceDetail:[461] :GetLocalInterfaceDetail in
06-06 14:44:52.795 3008 3075 E nStackXCoAP: IsInSameNetwork:[281] :IsInSameNetwork: not priority process
06-06 14:44:52.795 3008 3075 D nStackXCoAP: ParseServiceDiscover:[330] :new device join
06-06 14:44:52.796 3008 3075 E nStackXDFinder: GetLocalIp:[401] :GetLocalIp exec
06-06 14:44:53.001 2874 2883 I gbei.screencas: Background concurrent copying GC freed 58604(6183KB) AllocSpace objects, 0(0B) LOS objects, 49% free, 6006KB/11MB, paused 147us total 153.806ms
06-06 14:44:53.665 479 529 W IorapForwardingService: No service published for: iorapd
06-06 14:44:53.877 659 659 E WifiHAL : wifi_get_link_stats: requestResponse Error:-5
06-06 14:44:53.879 479 606 E WifiVendorHal: getWifiLinkLayerStats_1_5_Internal(l.1191) failed {.code = ERROR_INVALID_ARGS, .description = }
06-06 14:44:54.667 3008 3075 D nStackXCoAP: IsInSameNetwork:[276] :IsInSameNetwork exec
06-06 14:44:54.667 3008 3075 I nStackXDFinder: GetLocalInterfaceDetail:[461] :GetLocalInterfaceDetail in
06-06 14:44:54.668 3008 3075 E nStackXCoAP: IsInSameNetwork:[281] :IsInSameNetwork: not priority process
06-06 14:44:54.668 3008 3075 D nStackXCoAP: ParseServiceDiscover:[330] :new device join
06-06 14:44:54.668 3008 3075 E nStackXDFinder: GetLocalIp:[401] :GetLocalIp exec
06-06 14:44:54.668 479 529 W IorapForwardingService: No service published for: iorapd
06-06 14:44:54.671 3008 3075 D nStackXCoAP: IsInSameNetwork:[276] :IsInSameNetwork exec
06-06 14:44:54.671 3008 3075 I nStackXDFinder: GetLocalInterfaceDetail:[461] :GetLocalInterfaceDetail in
06-06 14:44:54.671 3008 3075 E nStackXCoAP: IsInSameNetwork:[281] :IsInSameNetwork: not priority process
06-06 14:44:54.671 3008 3075 D nStackXCoAP: ParseServiceDiscover:[330] :new device join
06-06 14:44:54.672 3008 3075 E nStackXDFinder: GetLocalIp:[401] :GetLocalIp exec
06-06 14:44:54.678 3008 3075 D nStackXCoAP: IsInSameNetwork:[276] :IsInSameNetwork exec
06-06 14:44:54.679 3008 3075 I nStackXDFinder: GetLocalInterfaceDetail:[461] :GetLocalInterfaceDetail in
06-06 14:44:54.679 3008 3075 E nStackXCoAP: IsInSameNetwork:[281] :IsInSameNetwork: not priority process
06-06 14:44:54.679 3008 3075 D nStackXCoAP: ParseServiceDiscover:[330] :new device join
06-06 14:44:54.679 3008 3075 E nStackXDFinder: GetLocalIp:[401] :GetLocalIp exec
06-06 14:44:54.986 3008 3075 D nStackXCoAP: IsInSameNetwork:[276] :IsInSameNetwork exec
06-06 14:44:54.986 3008 3075 I nStackXDFinder: GetLocalInterfaceDetail:[461] :GetLocalInterfaceDetail in
06-06 14:44:54.986 3008 3075 E nStackXCoAP: IsInSameNetwork:[281] :IsInSameNetwork: not priority process
06-06 14:44:54.986 3008 3075 D nStackXCoAP: ParseServiceDiscover:[330] :new device join
06-06 14:44:54.986 3008 3075 E nStackXDFinder: GetLocalIp:[401] :GetLocalIp exec
06-06 14:44:55.671 479 529 W IorapForwardingService: No service published for: iorapd
06-06 14:44:56.100 3008 3075 D nStackXCoAP: IsInSameNetwork:[276] :IsInSameNetwork exec
06-06 14:44:56.100 3008 3075 I nStackXDFinder: GetLocalInterfaceDetail:[461] :GetLocalInterfaceDetail in
06-06 14:44:56.101 3008 3075 E nStackXCoAP: IsInSameNetwork:[281] :IsInSameNetwork: not priority process
06-06 14:44:56.101 3008 3075 D nStackXCoAP: ParseServiceDiscover:[330] :new device join
06-06 14:44:56.101 3008 3075 E nStackXDFinder: GetLocalIp:[401] :GetLocalIp exec
06-06 14:44:56.673 479 529 W IorapForwardingService: No service published for: iorapd
06-06 14:44:56.873 264 294 D hdmi-cec: receive invalid cec message!
06-06 14:44:56.873 264 294 D hdmi-cec: receive poll message [04], skip!
06-06 14:44:56.892 659 659 E WifiHAL : wifi_get_link_stats: requestResponse Error:-5
06-06 14:44:56.893 479 606 E WifiVendorHal: getWifiLinkLayerStats_1_5_Internal(l.1191) failed {.code = ERROR_INVALID_ARGS, .description = }
06-06 14:44:57.003 1927 2052 D UtilLog : 日志批量上报 进行正常循环 !!!!!!本次有0次请求,共0条数据
06-06 14:44:57.675 479 529 W IorapForwardingService: No service published for: iorapd
06-06 14:44:57.964 3008 3075 D nStackXCoAP: IsInSameNetwork:[276] :IsInSameNetwork exec
06-06 14:44:57.964 3008 3075 I nStackXDFinder: GetLocalInterfaceDetail:[461] :GetLocalInterfaceDetail in
06-06 14:44:57.964 3008 3075 E nStackXCoAP: IsInSameNetwork:[281] :IsInSameNetwork: not priority process
06-06 14:44:57.964 3008 3075 D nStackXCoAP: ParseServiceDiscover:[330] :new device join
06-06 14:44:57.964 3008 3075 E nStackXDFinder: GetLocalIp:[401] :GetLocalIp exec
06-06 14:44:58.677 479 529 W IorapForwardingService: No service published for: iorapd
06-06 14:44:59.378 1121 1121 D aaa : LedStatusService onStartCommand begin
06-06 14:44:59.381 1121 3357 D aaa : topPkg is -------------- :com.dangbei.haqusetting
06-06 14:44:59.386 1164 1164 D bbb : onStartCommand begin !!!!!!! data分区剩余 24691MB
06-06 14:44:59.679 479 529 W IorapForwardingService: No service published for: iorapd
06-06 14:44:59.905 659 659 E WifiHAL : wifi_get_link_stats: requestResponse Error:-5
06-06 14:44:59.907 479 606 E WifiVendorHal: getWifiLinkLayerStats_1_5_Internal(l.1191) failed {.code = ERROR_INVALID_ARGS, .description = }
06-06 14:45:00.044 3008 3075 D nStackXCoAP: CoapMessageHandler:[133] :2.01
06-06 14:45:00.045 3008 3075 D nStackXCoAP: CoapMessageHandler:[133] :2.01
06-06 14:45:00.045 3008 3075 D nStackXCoAP: CoapMessageHandler:[133] :2.01
06-06 14:45:00.045 3008 3075 D nStackXCoAP: CoapMessageHandler:[133] :2.01
06-06 14:45:00.681 479 529 W IorapForwardingService: No service published for: iorapd
06-06 14:45:01.684 479 529 W IorapForwardingService: No service published for: iorapd
06-06 14:45:01.807 3008 3075 D nStackXCoAP: CoapMessageHandler:[133] :2.01
06-06 14:45:02.687 479 529 W IorapForwardingService: No service published for: iorapd
06-06 14:45:02.921 659 659 E WifiHAL : wifi_get_link_stats: requestResponse Error:-5
06-06 14:45:02.924 479 606 E WifiVendorHal: getWifiLinkLayerStats_1_5_Internal(l.1191) failed {.code = ERROR_INVALID_ARGS, .description = }
06-06 14:45:03.690 479 529 W IorapForwardingService: No service published for: iorapd
06-06 14:45:04.692 479 529 W IorapForwardingService: No service published for: iorapd
06-06 14:45:04.869 2874 2883 I gbei.screencas: Background concurrent copying GC freed 46455(5769KB) AllocSpace objects, 0(0B) LOS objects, 49% free, 6031KB/11MB, paused 235us total 128.818ms
06-06 14:45:04.936 3008 3075 D nStackXCoAP: CoapMessageHandler:[133] :2.01
06-06 14:45:05.695 479 529 W IorapForwardingService: No service published for: iorapd
06-06 14:45:05.939 659 659 E WifiHAL : wifi_get_link_stats: requestResponse Error:-5
06-06 14:45:05.941 479 606 E WifiVendorHal: getWifiLinkLayerStats_1_5_Internal(l.1191) failed {.code = ERROR_INVALID_ARGS, .description = }
06-06 14:45:06.697 479 529 W IorapForwardingService: No service published for: iorapd
06-06 14:45:06.733 3008 3075 D nStackXCoAP: CoapMessageHandler:[133] :2.01
06-06 14:45:06.742 3008 3075 D nStackXCoAP: CoapMessageHandler:[133] :2.01
06-06 14:45:06.971 3008 3075 D nStackXCoAP: IsInSameNetwork:[276] :IsInSameNetwork exec
06-06 14:45:06.971 3008 3075 I nStackXDFinder: GetLocalInterfaceDetail:[461] :GetLocalInterfaceDetail in
06-06 14:45:06.972 3008 3075 E nStackXCoAP: IsInSameNetwork:[281] :IsInSameNetwork: not priority process
06-06 14:45:06.972 3008 3075 D nStackXCoAP: ParseServiceDiscover:[330] :new device join
06-06 14:45:06.972 3008 3075 I nStackXDFinder: NotifyDeviceListChanged:[540] :notify callback: device list changed callback is null
06-06 14:45:06.973 3008 3075 E nStackXDFinder: GetLocalIp:[401] :GetLocalIp exec
06-06 14:45:07.013 3008 3075 D nStackXCoAP: CoapMessageHandler:[133] :2.01
06-06 14:45:07.034 1927 2052 D UtilLog : 日志批量上报 进行正常循环 !!!!!!本次有0次请求,共0条数据
06-06 14:45:07.105 3008 3075 D nStackXCoAP: IsInSameNetwork:[276] :IsInSameNetwork exec
06-06 14:45:07.105 3008 3075 I nStackXDFinder: GetLocalInterfaceDetail:[461] :GetLocalInterfaceDetail in
06-06 14:45:07.105 3008 3075 E nStackXCoAP: IsInSameNetwork:[281] :IsInSameNetwork: not priority process
06-06 14:45:07.105 3008 3075 D nStackXCoAP: ParseServiceDiscover:[330] :new device join
06-06 14:45:07.106 3008 3075 E nStackXDFinder: GetLocalIp:[401] :GetLocalIp exec
06-06 14:45:07.212 3008 3075 D nStackXCoAP: CoapMessageHandler:[133] :2.01
06-06 14:45:07.262 3008 3075 D nStackXCoAP: IsInSameNetwork:[276] :IsInSameNetwork exec
06-06 14:45:07.263 3008 3075 I nStackXDFinder: GetLocalInterfaceDetail:[461] :GetLocalInterfaceDetail in
06-06 14:45:07.263 3008 3075 E nStackXCoAP: IsInSameNetwork:[281] :IsInSameNetwork: not priority process
06-06 14:45:07.263 3008 3075 D nStackXCoAP: ParseServiceDiscover:[330] :new device join
06-06 14:45:07.263 3008 3075 E nStackXDFinder: GetLocalIp:[401] :GetLocalIp exec
06-06 14:45:07.314 3008 3075 D nStackXCoAP: CoapMessageHandler:[133] :2.01
06-06 14:45:07.429 1121 1121 D aaa : LedStatusService onStartCommand begin
06-06 14:45:07.435 1121 3367 D aaa : topPkg is -------------- :com.dangbei.haqusetting
06-06 14:45:07.437 1164 1164 D bbb : onStartCommand begin !!!!!!! data分区剩余 24691MB
06-06 14:45:07.478 479 991 W ZramWriteback: Writeback device is not set
06-06 14:45:07.479 479 991 D ZramWriteback: wait to flush
06-06 14:45:07.537 3008 3075 D nStackXCoAP: IsInSameNetwork:[276] :IsInSameNetwork exec
06-06 14:45:07.537 3008 3075 I nStackXDFinder: GetLocalInterfaceDetail:[461] :GetLocalInterfaceDetail in
06-06 14:45:07.538 3008 3075 E nStackXCoAP: IsInSameNetwork:[281] :IsInSameNetwork: not priority process
06-06 14:45:07.538 3008 3075 D nStackXCoAP: ParseServiceDiscover:[330] :new device join
06-06 14:45:07.538 3008 3075 E nStackXDFinder: GetLocalIp:[401] :GetLocalIp exec
06-06 14:45:07.566 3008 3075 D nStackXCoAP: CoapMessageHandler:[133] :2.01
06-06 14:45:07.699 479 529 W IorapForwardingService: No service published for: iorapd
06-06 14:45:07.700 3008 3075 D nStackXCoAP: IsInSameNetwork:[276] :IsInSameNetwork exec
06-06 14:45:07.700 3008 3075 I nStackXDFinder: GetLocalInterfaceDetail:[461] :GetLocalInterfaceDetail in
06-06 14:45:07.700 3008 3075 E nStackXCoAP: IsInSameNetwork:[281] :IsInSameNetwork: not priority process
06-06 14:45:07.701 3008 3075 D nStackXCoAP: ParseServiceDiscover:[330] :new device join
06-06 14:45:07.701 3008 3075 E nStackXDFinder: GetLocalIp:[401] :GetLocalIp exec
06-06 14:45:07.727 3008 3075 D nStackXCoAP: IsInSameNetwork:[276] :IsInSameNetwork exec
06-06 14:45:07.727 3008 3075 I nStackXDFinder: GetLocalInterfaceDetail:[461] :GetLocalInterfaceDetail in
06-06 14:45:07.727 3008 3075 E nStackXCoAP: IsInSameNetwork:[281] :IsInSameNetwork: not priority process
06-06 14:45:07.727 3008 3075 D nStackXCoAP: ParseServiceDiscover:[330] :new device join
06-06 14:45:07.727 3008 3075 E nStackXDFinder: GetLocalIp:[401] :GetLocalIp exec
06-06 14:45:07.800 3008 3075 D nStackXCoAP: CoapMessageHandler:[133] :2.01
06-06 14:45:07.800 3008 3075 D nStackXCoAP: CoapMessageHandler:[133] :2.01
06-06 14:45:07.877 3008 3075 D nStackXCoAP: IsInSameNetwork:[276] :IsInSameNetwork exec
06-06 14:45:07.877 3008 3075 I nStackXDFinder: GetLocalInterfaceDetail:[461] :GetLocalInterfaceDetail in
06-06 14:45:07.877 3008 3075 E nStackXCoAP: IsInSameNetwork:[281] :IsInSameNetwork: not priority process
06-06 14:45:07.877 3008 3075 D nStackXCoAP: ParseServiceDiscover:[330] :new device join
06-06 14:45:07.877 3008 3075 E nStackXDFinder: GetLocalIp:[401] :GetLocalIp exec
06-06 14:45:07.902 3008 3075 D nStackXCoAP: CoapMessageHandler:[133] :2.01
06-06 14:45:07.979 3008 3075 D nStackXCoAP: IsInSameNetwork:[276] :IsInSameNetwork exec
06-06 14:45:07.979 3008 3075 I nStackXDFinder: GetLocalInterfaceDetail:[461] :GetLocalInterfaceDetail in
06-06 14:45:07.979 3008 3075 E nStackXCoAP: IsInSameNetwork:[281] :IsInSameNetwork: not priority process
06-06 14:45:07.979 3008 3075 D nStackXCoAP: ParseServiceDiscover:[330] :new device join
06-06 14:45:07.979 3008 3075 E nStackXDFinder: GetLocalIp:[401] :GetLocalIp exec
06-06 14:45:08.123 3008 3075 D nStackXCoAP: IsInSameNetwork:[276] :IsInSameNetwork exec
06-06 14:45:08.123 3008 3075 I nStackXDFinder: GetLocalInterfaceDetail:[461] :GetLocalInterfaceDetail in
06-06 14:45:08.123 3008 3075 E nStackXCoAP: IsInSameNetwork:[281] :IsInSameNetwork: not priority process
06-06 14:45:08.123 3008 3075 D nStackXCoAP: ParseServiceDiscover:[330] :new device join
06-06 14:45:08.123 3008 3075 E nStackXDFinder: GetLocalIp:[401] :GetLocalIp exec
06-06 14:45:08.339 3008 3075 D nStackXCoAP: CoapMessageHandler:[133] :2.01
06-06 14:45:08.340 3008 3075 D nStackXCoAP: CoapMessageHandler:[133] :2.01
06-06 14:45:08.391 3008 3075 D nStackXCoAP: IsInSameNetwork:[276] :IsInSameNetwork exec
06-06 14:45:08.392 3008 3075 I nStackXDFinder: GetLocalInterfaceDetail:[461] :GetLocalInterfaceDetail in
06-06 14:45:08.392 3008 3075 E nStackXCoAP: IsInSameNetwork:[281] :IsInSameNetwork: not priority process
06-06 14:45:08.392 3008 3075 D nStackXCoAP: ParseServiceDiscover:[330] :new device join
06-06 14:45:08.392 3008 3075 E nStackXDFinder: GetLocalIp:[401] :GetLocalIp exec
06-06 14:45:08.444 3008 3075 D nStackXCoAP: CoapMessageHandler:[133] :2.01
06-06 14:45:08.522 3008 3075 D nStackXCoAP: IsInSameNetwork:[276] :IsInSameNetwork exec
06-06 14:45:08.522 3008 3075 I nStackXDFinder: GetLocalInterfaceDetail:[461] :GetLocalInterfaceDetail in
06-06 14:45:08.522 3008 3075 E nStackXCoAP: IsInSameNetwork:[281] :IsInSameNetwork: not priority process
06-06 14:45:08.522 3008 3075 D nStackXCoAP: ParseServiceDiscover:[330] :new device join
06-06 14:45:08.522 3008 3075 E nStackXDFinder: GetLocalIp:[401] :GetLocalIp exec
06-06 14:45:08.543 3008 3075 D nStackXCoAP: CoapMessageHandler:[133] :2.01
06-06 14:45:08.695 3008 3075 D nStackXCoAP: IsInSameNetwork:[276] :IsInSameNetwork exec
06-06 14:45:08.695 3008 3075 I nStackXDFinder: GetLocalInterfaceDetail:[461] :GetLocalInterfaceDetail in
06-06 14:45:08.695 3008 3075 E nStackXCoAP: IsInSameNetwork:[281] :IsInSameNetwork: not priority process
06-06 14:45:08.695 3008 3075 D nStackXCoAP: ParseServiceDiscover:[330] :new device join
06-06 14:45:08.695 3008 3075 E nStackXDFinder: GetLocalIp:[401] :GetLocalIp exec
06-06 14:45:08.701 479 529 W IorapForwardingService: No service published for: iorapd
06-06 14:45:08.758 3008 3075 D nStackXCoAP: CoapMessageHandler:[133] :2.01
06-06 14:45:08.810 3008 3075 D nStackXCoAP: IsInSameNetwork:[276] :IsInSameNetwork exec
06-06 14:45:08.811 3008 3075 I nStackXDFinder: GetLocalInterfaceDetail:[461] :GetLocalInterfaceDetail in
06-06 14:45:08.811 3008 3075 E nStackXCoAP: IsInSameNetwork:[281] :IsInSameNetwork: not priority process
06-06 14:45:08.811 3008 3075 D nStackXCoAP: ParseServiceDiscover:[330] :new device join
06-06 14:45:08.811 3008 3075 E nStackXDFinder: GetLocalIp:[401] :GetLocalIp exec
06-06 14:45:08.831 3008 3075 D nStackXCoAP: CoapMessageHandler:[133] :2.01
06-06 14:45:08.897 3008 3075 D nStackXCoAP: CoapMessageHandler:[133] :2.01
06-06 14:45:08.917 3008 3075 D nStackXCoAP: IsInSameNetwork:[276] :IsInSameNetwork exec
06-06 14:45:08.917 3008 3075 I nStackXDFinder: GetLocalInterfaceDetail:[461] :GetLocalInterfaceDetail in
06-06 14:45:08.917 3008 3075 E nStackXCoAP: IsInSameNetwork:[281] :IsInSameNetwork: not priority process
06-06 14:45:08.917 3008 3075 D nStackXCoAP: ParseServiceDiscover:[330] :new device join
06-06 14:45:08.917 3008 3075 E nStackXDFinder: GetLocalIp:[401] :GetLocalIp exec
06-06 14:45:08.952 659 659 E WifiHAL : wifi_get_link_stats: requestResponse Error:-5
06-06 14:45:08.953 479 606 E WifiVendorHal: getWifiLinkLayerStats_1_5_Internal(l.1191) failed {.code = ERROR_INVALID_ARGS, .description = }
06-06 14:45:09.105 3008 3075 D nStackXCoAP: IsInSameNetwork:[276] :IsInSameNetwork exec
06-06 14:45:09.105 3008 3075 I nStackXDFinder: GetLocalInterfaceDetail:[461] :GetLocalInterfaceDetail in
06-06 14:45:09.105 3008 3075 E nStackXCoAP: IsInSameNetwork:[281] :IsInSameNetwork: not priority process
06-06 14:45:09.105 3008 3075 D nStackXCoAP: ParseServiceDiscover:[330] :new device join
06-06 14:45:09.105 3008 3075 E nStackXDFinder: GetLocalIp:[401] :GetLocalIp exec
06-06 14:45:09.313 3008 3075 D nStackXCoAP: IsInSameNetwork:[276] :IsInSameNetwork exec
06-06 14:45:09.313 3008 3075 I nStackXDFinder: GetLocalInterfaceDetail:[461] :GetLocalInterfaceDetail in
06-06 14:45:09.313 3008 3075 E nStackXCoAP: IsInSameNetwork:[281] :IsInSameNetwork: not priority process
06-06 14:45:09.313 3008 3075 D nStackXCoAP: ParseServiceDiscover:[330] :new device join
06-06 14:45:09.314 3008 3075 E nStackXDFinder: GetLocalIp:[401] :GetLocalIp exec
06-06 14:45:09.414 3008 3075 D nStackXCoAP: IsInSameNetwork:[276] :IsInSameNetwork exec
06-06 14:45:09.414 3008 3075 I nStackXDFinder: GetLocalInterfaceDetail:[461] :GetLocalInterfaceDetail in
06-06 14:45:09.414 3008 3075 E nStackXCoAP: IsInSameNetwork:[281] :IsInSameNetwork: not priority process
06-06 14:45:09.414 3008 3075 D nStackXCoAP: ParseServiceDiscover:[330] :new device join
06-06 14:45:09.414 3008 3075 E nStackXDFinder: GetLocalIp:[401] :GetLocalIp exec
06-06 14:45:09.509 3008 3075 D nStackXCoAP: CoapMessageHandler:[133] :2.01
06-06 14:45:09.521 3008 3075 D nStackXCoAP: IsInSameNetwork:[276] :IsInSameNetwork exec
06-06 14:45:09.521 3008 3075 I nStackXDFinder: GetLocalInterfaceDetail:[461] :GetLocalInterfaceDetail in
06-06 14:45:09.521 3008 3075 E nStackXCoAP: IsInSameNetwork:[281] :IsInSameNetwork: not priority process
06-06 14:45:09.521 3008 3075 D nStackXCoAP: ParseServiceDiscover:[330] :new device join
06-06 14:45:09.521 3008 3075 E nStackXDFinder: GetLocalIp:[401] :GetLocalIp exec
06-06 14:45:09.574 3008 3075 D nStackXCoAP: CoapMessageHandler:[133] :2.01
06-06 14:45:09.635 3008 3075 D nStackXCoAP: IsInSameNetwork:[276] :IsInSameNetwork exec
06-06 14:45:09.635 3008 3075 I nStackXDFinder: GetLocalInterfaceDetail:[461] :GetLocalInterfaceDetail in
06-06 14:45:09.635 3008 3075 E nStackXCoAP: IsInSameNetwork:[281] :IsInSameNetwork: not priority process
06-06 14:45:09.635 3008 3075 D nStackXCoAP: ParseServiceDiscover:[330] :new device join
06-06 14:45:09.635 3008 3075 E nStackXDFinder: GetLocalIp:[401] :GetLocalIp exec
06-06 14:45:09.661 3008 3075 D nStackXCoAP: CoapMessageHandler:[133] :2.01
06-06 14:45:09.703 479 529 W IorapForwardingService: No service published for: iorapd
06-06 14:45:09.825 3008 3075 D nStackXCoAP: IsInSameNetwork:[276] :IsInSameNetwork exec
06-06 14:45:09.825 3008 3075 I nStackXDFinder: GetLocalInterfaceDetail:[461] :GetLocalInterfaceDetail in
06-06 14:45:09.825 3008 3075 E nStackXCoAP: IsInSameNetwork:[281] :IsInSameNetwork: not priority process
06-06 14:45:09.826 3008 3075 D nStackXCoAP: ParseServiceDiscover:[330] :new device join
06-06 14:45:09.826 3008 3075 E nStackXDFinder: GetLocalIp:[401] :GetLocalIp exec
06-06 14:45:09.874 3008 3075 D nStackXCoAP: CoapMessageHandler:[133] :2.01
06-06 14:45:09.924 3008 3075 D nStackXCoAP: IsInSameNetwork:[276] :IsInSameNetwork exec
06-06 14:45:09.924 3008 3075 I nStackXDFinder: GetLocalInterfaceDetail:[461] :GetLocalInterfaceDetail in
06-06 14:45:09.924 3008 3075 E nStackXCoAP: IsInSameNetwork:[281] :IsInSameNetwork: not priority process
06-06 14:45:09.924 3008 3075 D nStackXCoAP: ParseServiceDiscover:[330] :new device join
06-06 14:45:09.924 3008 3075 E nStackXDFinder: GetLocalIp:[401] :GetLocalIp exec
06-06 14:45:09.973 3008 3075 D nStackXCoAP: CoapMessageHandler:[133] :2.01
06-06 14:45:10.366 3008 3075 D nStackXCoAP: IsInSameNetwork:[276] :IsInSameNetwork exec
06-06 14:45:10.366 3008 3075 I nStackXDFinder: GetLocalInterfaceDetail:[461] :GetLocalInterfaceDetail in
06-06 14:45:10.366 3008 3075 E nStackXCoAP: IsInSameNetwork:[281] :IsInSameNetwork: not priority process
06-06 14:45:10.366 3008 3075 D nStackXCoAP: ParseServiceDiscover:[330] :new device join
06-06 14:45:10.366 3008 3075 E nStackXDFinder: GetLocalIp:[401] :GetLocalIp exec
06-06 14:45:10.368 3008 3075 D nStackXCoAP: IsInSameNetwork:[276] :IsInSameNetwork exec
06-06 14:45:10.368 3008 3075 I nStackXDFinder: GetLocalInterfaceDetail:[461] :GetLocalInterfaceDetail in
06-06 14:45:10.368 3008 3075 E nStackXCoAP: IsInSameNetwork:[281] :IsInSameNetwork: not priority process
06-06 14:45:10.368 3008 3075 D nStackXCoAP: ParseServiceDiscover:[330] :new device join
06-06 14:45:10.368 3008 3075 E nStackXDFinder: GetLocalIp:[401] :GetLocalIp exec
06-06 14:45:10.385 3008 3075 D nStackXCoAP: CoapMessageHandler:[133] :2.01
06-06 14:45:10.389 3008 3075 D nStackXCoAP: CoapMessageHandler:[133] :2.01
06-06 14:45:10.508 1927 2051 I TDLog : [APP] New data found, Submitting...
06-06 14:45:10.519 1927 2051 I TDLog : [APP] Failed to submit data!
06-06 14:45:10.706 479 529 W IorapForwardingService: No service published for: iorapd
06-06 14:45:10.774 3008 3075 D nStackXCoAP: IsInSameNetwork:[276] :IsInSameNetwork exec
06-06 14:45:10.774 3008 3075 I nStackXDFinder: GetLocalInterfaceDetail:[461] :GetLocalInterfaceDetail in
06-06 14:45:10.774 3008 3075 E nStackXCoAP: IsInSameNetwork:[281] :IsInSameNetwork: not priority process
06-06 14:45:10.774 3008 3075 D nStackXCoAP: ParseServiceDiscover:[330] :new device join
06-06 14:45:10.774 3008 3075 E nStackXDFinder: GetLocalIp:[401] :GetLocalIp exec
06-06 14:45:10.777 3008 3075 D nStackXCoAP: IsInSameNetwork:[276] :IsInSameNetwork exec
06-06 14:45:10.777 3008 3075 I nStackXDFinder: GetLocalInterfaceDetail:[461] :GetLocalInterfaceDetail in
06-06 14:45:10.777 3008 3075 E nStackXCoAP: IsInSameNetwork:[281] :IsInSameNetwork: not priority process
06-06 14:45:10.777 3008 3075 D nStackXCoAP: ParseServiceDiscover:[330] :new device join
06-06 14:45:10.777 3008 3075 E nStackXDFinder: GetLocalIp:[401] :GetLocalIp exec
06-06 14:45:10.786 3008 3075 D nStackXCoAP: IsInSameNetwork:[276] :IsInSameNetwork exec
06-06 14:45:10.786 3008 3075 I nStackXDFinder: GetLocalInterfaceDetail:[461] :GetLocalInterfaceDetail in
06-06 14:45:10.786 3008 3075 E nStackXCoAP: IsInSameNetwork:[281] :IsInSameNetwork: not priority process
06-06 14:45:10.786 3008 3075 D nStackXCoAP: ParseServiceDiscover:[330] :new device join
06-06 14:45:10.786 3008 3075 E nStackXDFinder: GetLocalIp:[401] :GetLocalIp exec
06-06 14:45:10.949 3008 3075 D nStackXCoAP: IsInSameNetwork:[276] :IsInSameNetwork exec
06-06 14:45:10.949 3008 3075 I nStackXDFinder: GetLocalInterfaceDetail:[461] :GetLocalInterfaceDetail in
06-06 14:45:10.949 3008 3075 E nStackXCoAP: IsInSameNetwork:[281] :IsInSameNetwork: not priority process
06-06 14:45:10.949 3008 3075 D nStackXCoAP: ParseServiceDiscover:[330] :new device join
06-06 14:45:10.949 3008 3075 E nStackXDFinder: GetLocalIp:[401] :GetLocalIp exec
06-06 14:45:11.065 3008 3075 D nStackXCoAP: IsInSameNetwork:[276] :IsInSameNetwork exec
06-06 14:45:11.065 3008 3075 I nStackXDFinder: GetLocalInterfaceDetail:[461] :GetLocalInterfaceDetail in
06-06 14:45:11.065 3008 3075 E nStackXCoAP: IsInSameNetwork:[281] :IsInSameNetwork: not priority process
06-06 14:45:11.065 3008 3075 D nStackXCoAP: ParseServiceDiscover:[330] :new device join
06-06 14:45:11.065 3008 3075 E nStackXDFinder: GetLocalIp:[401] :GetLocalIp exec
06-06 14:45:11.194 3008 3075 D nStackXCoAP: IsInSameNetwork:[276] :IsInSameNetwork exec
06-06 14:45:11.194 3008 3075 I nStackXDFinder: GetLocalInterfaceDetail:[461] :GetLocalInterfaceDetail in
06-06 14:45:11.194 3008 3075 E nStackXCoAP: IsInSameNetwork:[281] :IsInSameNetwork: not priority process
06-06 14:45:11.194 3008 3075 D nStackXCoAP: ParseServiceDiscover:[330] :new device join
06-06 14:45:11.195 3008 3075 E nStackXDFinder: GetLocalIp:[401] :GetLocalIp exec
06-06 14:45:11.364 3008 3075 D nStackXCoAP: IsInSameNetwork:[276] :IsInSameNetwork exec
06-06 14:45:11.364 3008 3075 I nStackXDFinder: GetLocalInterfaceDetail:[461] :GetLocalInterfaceDetail in
06-06 14:45:11.364 3008 3075 E nStackXCoAP: IsInSameNetwork:[281] :IsInSameNetwork: not priority process
06-06 14:45:11.364 3008 3075 D nStackXCoAP: ParseServiceDiscover:[330] :new device join
06-06 14:45:11.364 3008 3075 E nStackXDFinder: GetLocalIp:[401] :GetLocalIp exec
06-06 14:45:11.381 3008 3075 D nStackXCoAP: CoapMessageHandler:[133] :2.01
06-06 14:45:11.492 3008 3075 D nStackXCoAP: IsInSameNetwork:[276] :IsInSameNetwork exec
06-06 14:45:11.492 3008 3075 I nStackXDFinder: GetLocalInterfaceDetail:[461] :GetLocalInterfaceDetail in
06-06 14:45:11.492 3008 3075 E nStackXCoAP: IsInSameNetwork:[281] :IsInSameNetwork: not priority process
06-06 14:45:11.492 3008 3075 D nStackXCoAP: ParseServiceDiscover:[330] :new device join
06-06 14:45:11.492 3008 3075 E nStackXDFinder: GetLocalIp:[401] :GetLocalIp exec
06-06 14:45:11.519 3008 3075 D nStackXCoAP: CoapMessageHandler:[133] :2.01
06-06 14:45:11.667 3008 3075 D nStackXCoAP: IsInSameNetwork:[276] :IsInSameNetwork exec
06-06 14:45:11.667 3008 3075 I nStackXDFinder: GetLocalInterfaceDetail:[461] :GetLocalInterfaceDetail in
06-06 14:45:11.667 3008 3075 E nStackXCoAP: IsInSameNetwork:[281] :IsInSameNetwork: not priority process
06-06 14:45:11.667 3008 3075 D nStackXCoAP: ParseServiceDiscover:[330] :new device join
06-06 14:45:11.668 3008 3075 E nStackXDFinder: GetLocalIp:[401] :GetLocalIp exec
06-06 14:45:11.689 3008 3075 D nStackXCoAP: CoapMessageHandler:[133] :2.01
06-06 14:45:11.708 479 529 W IorapForwardingService: No service published for: iorapd
06-06 14:45:11.776 3008 3075 D nStackXCoAP: IsInSameNetwork:[276] :IsInSameNetwork exec
06-06 14:45:11.776 3008 3075 I nStackXDFinder: GetLocalInterfaceDetail:[461] :GetLocalInterfaceDetail in
06-06 14:45:11.776 3008 3075 E nStackXCoAP: IsInSameNetwork:[281] :IsInSameNetwork: not priority process
06-06 14:45:11.776 3008 3075 D nStackXCoAP: ParseServiceDiscover:[330] :new device join
06-06 14:45:11.777 3008 3075 E nStackXDFinder: GetLocalIp:[401] :GetLocalIp exec
06-06 14:45:11.807 3008 3075 D nStackXCoAP: CoapMessageHandler:[133] :2.01
06-06 14:45:11.886 3008 3075 D nStackXCoAP: IsInSameNetwork:[276] :IsInSameNetwork exec
06-06 14:45:11.886 3008 3075 I nStackXDFinder: GetLocalInterfaceDetail:[461] :GetLocalInterfaceDetail in
06-06 14:45:11.886 3008 3075 E nStackXCoAP: IsInSameNetwork:[281] :IsInSameNetwork: not priority process
06-06 14:45:11.886 3008 3075 D nStackXCoAP: ParseServiceDiscover:[330] :new device join
06-06 14:45:11.886 3008 3075 E nStackXDFinder: GetLocalIp:[401] :GetLocalIp exec
06-06 14:45:11.897 3008 3075 D nStackXCoAP: CoapMessageHandler:[133] :2.01
06-06 14:45:11.899 264 294 D hdmi-cec: receive invalid cec message!
06-06 14:45:11.899 264 294 D hdmi-cec: receive poll message [04], skip!
06-06 14:45:11.965 659 659 E WifiHAL : wifi_get_link_stats: requestResponse Error:-5
06-06 14:45:11.968 479 606 E WifiVendorHal: getWifiLinkLayerStats_1_5_Internal(l.1191) failed {.code = ERROR_INVALID_ARGS, .description = }
06-06 14:45:12.380 3008 3075 D nStackXCoAP: CoapMessageHandler:[133] :2.01
06-06 14:45:12.711 479 529 W IorapForwardingService: No service published for: iorapd
06-06 14:45:13.086 3008 3075 D nStackXCoAP: CoapMessageHandler:[133] :2.01
06-06 14:45:13.298 3008 3075 D nStackXCoAP: CoapMessageHandler:[133] :2.01
06-06 14:45:13.714 479 529 W IorapForwardingService: No service published for: iorapd
06-06 14:45:13.787 3008 3075 D nStackXCoAP: CoapMessageHandler:[133] :2.01
06-06 14:45:14.717 479 529 W IorapForwardingService: No service published for: iorapd
06-06 14:45:14.982 659 659 E WifiHAL : wifi_get_link_stats: requestResponse Error:-5
06-06 14:45:14.985 479 606 E WifiVendorHal: getWifiLinkLayerStats_1_5_Internal(l.1191) failed {.code = ERROR_INVALID_ARGS, .description = }
06-06 14:45:15.466 1121 1121 D aaa : LedStatusService onStartCommand begin
06-06 14:45:15.469 1121 3378 D aaa : topPkg is -------------- :com.dangbei.haqusetting
06-06 14:45:15.472 1164 1164 D bbb : onStartCommand begin !!!!!!! data分区剩余 24691MB
06-06 14:45:15.719 479 529 W IorapForwardingService: No service published for: iorapd
06-06 14:45:16.721 479 529 W IorapForwardingService: No service published for: iorapd
06-06 14:45:17.029 1927 2052 D UtilLog : 日志批量上报 进行正常循环 !!!!!!本次有0次请求,共0条数据
06-06 14:45:17.723 479 529 W IorapForwardingService: No service published for: iorapd
06-06 14:45:18.000 659 659 E WifiHAL : wifi_get_link_stats: requestResponse Error:-5
06-06 14:45:18.003 479 606 E WifiVendorHal: getWifiLinkLayerStats_1_5_Internal(l.1191) failed {.code = ERROR_INVALID_ARGS, .description = }
06-06 14:45:18.726 479 529 W IorapForwardingService: No service published for: iorapd
06-06 14:45:19.508 479 574 I WifiService: startScan uid=1000
06-06 14:45:19.728 479 529 W IorapForwardingService: No service published for: iorapd
06-06 14:45:20.730 479 529 W IorapForwardingService: No service published for: iorapd
06-06 14:45:21.017 659 659 E WifiHAL : wifi_get_link_stats: requestResponse Error:-5
06-06 14:45:21.021 479 606 E WifiVendorHal: getWifiLinkLayerStats_1_5_Internal(l.1191) failed {.code = ERROR_INVALID_ARGS, .description = }
06-06 14:45:21.356 479 574 D WifiNl80211Manager: Scan result ready event
06-06 14:45:21.356 479 574 D WifiNative: Scan result ready event
06-06 14:45:21.410 2621 2678 E ccc : cccccc SCAN_RESULTS_AVAILABLE_ACTION hhhh
06-06 14:45:21.410 1095 1095 E hq : NetWorkStateReceiver:::NetWorkStateReceiver onReceive: 网络变化广播 >>>> intent.action=android.net.wifi.SCAN_RESULTS
06-06 14:45:21.418 659 659 E WifiHAL : wifi_get_link_stats: requestResponse Error:-5
06-06 14:45:21.420 479 606 E WifiVendorHal: getWifiLinkLayerStats_1_5_Internal(l.1191) failed {.code = ERROR_INVALID_ARGS, .description = }
06-06 14:45:21.443 1095 1095 W eventbuscore: post Event:com.dangbei.leard.base.entity.event.NetWifiRssiEvent
