06-06 14:41:12.215 247 267 V audio_hw_primary: set property persist.vendor.audio.output.active: AUDIO_HDMI ok
06-06 14:41:12.215 240 240 I netd : interfaceClearAddrs(wlan0) <0.90ms>
06-06 14:41:12.215 247 267 V audio_hw_primary: AUDIO_HDMI output device will be active
06-06 14:41:12.216 1095 1095 E hq : Etna:::etnaClient connectState=true
06-06 14:41:12.218 1095 1095 E getHdmiStatus: sourceInputStatus=null mEtnaAdapter=com.dangbei.launcher.etna.EtnaAdapter@b77b6fb
06-06 14:41:12.220 755 1344 E IpClient.wlan0: Failed to set accept_ra to 2
06-06 14:41:12.248 479 1311 D CompatibilityChangeReporter: Compat change id reported: 181136395; UID 1000; state: DISABLED
06-06 14:41:12.253 479 479 D AudioManagerEx: Update Settings.System.AUDIO_OUTPUT_CHANNEL, now save audio is AUDIO_HDMI
06-06 14:41:12.254 1095 1095 E hq : AdHelper:::启动延迟检查,支持广告的最长播放时间:25000 isLoadAd=false
06-06 14:41:12.258 1095 1095 D OsInitLaunch: send cache: launchAd, playAd, start, null
06-06 14:41:12.258 479 1311 D CompatibilityChangeReporter: Compat change id reported: 174042936; UID 1000; state: DISABLED
06-06 14:41:12.261 1095 1095 I dangbei ad sdk: ADSDK::play splash ad
06-06 14:41:12.265 479 479 D AudioManagerPolicy: get AUDIO_MANAGE_POLICY is 2
06-06 14:41:12.266 1095 1095 I dangbei ad sdk: AdSplashView::show offline ad
06-06 14:41:12.269 479 527 W Looper : Slow dispatch took 103ms android.fg h=android.os.Handler c=com.android.server.wm.ActivityMetricsLogger$$ExternalSyntheticLambda1@327fae8 m=0
06-06 14:41:12.270 479 527 I ActivityTaskManager: +++Displayed com.dangbei.leard.leradlauncher/com.dangbei.launcher.home.LauncherActivity: +3s276ms
06-06 14:41:12.271 247 267 D audio_hw_primary: getAudioDevices()
06-06 14:41:12.272 247 267 D audio_hw_primary: out dev:AUDIO_CODEC
06-06 14:41:12.273 247 267 D audio_hw_primary: in dev:AUDIO_SPDIF
06-06 14:41:12.273 247 267 D audio_hw_primary: out dev:AUDIO_SPDIF
06-06 14:41:12.275 247 267 D audio_hw_primary: in dev:AUDIO_HDMI
06-06 14:41:12.276 247 267 D audio_hw_primary: out dev:AUDIO_HDMI
06-06 14:41:12.276 247 267 D audio_hw_primary: in dev:AUDIO_I2S2
06-06 14:41:12.276 247 267 D audio_hw_primary: in capture: AUDIO_SPDIF,AUDIO_HDMI,AUDIO_I2S2
06-06 14:41:12.282 479 606 I WifiClientModeImpl[wlan0]: disconnectedstate enter
06-06 14:41:12.282 247 247 D xm_audio: adev_get_parameters
06-06 14:41:12.283 285 445 I hash_map_utils: system/bt/osi/src/hash_map_utils.cc:81 hash_map_utils_dump_string_keys_string_values: key: 'audio_devices_in' value: ''
06-06 14:41:12.287 479 479 D AudioManagerEx: type audio_devices_in list AUDIO_SPDIF,AUDIO_HDMI,AUDIO_I2S2=
06-06 14:41:12.290 479 479 D AudioManagerEx: state=audio_devices_in_active,dev=[AUDIO_CODEC]
06-06 14:41:12.291 479 479 D AudioManagerEx: enablePassThrough = true
06-06 14:41:12.291 479 479 D AudioManagerEx: audio=AUDIO_CODEC
06-06 14:41:12.292 247 267 V audio_hw_primary: adev_set_parameters, audio_devices_in_active=AUDIO_CODEC
06-06 14:41:12.292 247 267 V audio_hw_primary: in AUDIO_PARAMETER_DEVICES_IN_ACTIVE: AUDIO_CODEC
06-06 14:41:12.296 479 606 E WifiScoringParams: Invalid frequency(-1), using 5G as default rssi array
06-06 14:41:12.298 1095 1347 E hq : ErrorCoroutineExceptionHandler:::runTry error:java.net.UnknownHostException: Unable to resolve host "ottdbui-tyapiqun7.yysh.mgtv.com": No address associated with hostname from=requestUserAgreement
06-06 14:41:12.299 247 267 V audio_hw_primary: set property persist.vendor.audio.input.active: AUDIO_CODEC ok
06-06 14:41:12.300 1243 1243 D wpa_supplicant: EAPOL: disable timer tick
06-06 14:41:12.301 1095 1347 E UserProtocolInterceptorImpl: isAgree: 20210615 20210615 true
06-06 14:41:12.311 479 606 D WifiClientModeImpl[wlan0]: setupClientMode() ifacename = wlan0
06-06 14:41:12.320 1095 1347 E UserProtocolInterceptorImpl: version===>0
06-06 14:41:12.325 479 1311 W ActivityManager: Slow operation: 263ms so far, now at attachApplicationLocked: after mServices.attachApplicationLocked
06-06 14:41:12.327 479 1296 W system_server: Long monitor contention with owner Binder:479_A (1311) at void com.android.server.am.ActivityManagerService.attachApplication(android.app.IApplicationThread, long)(ActivityManagerService.java:4659) waiters=0 in android.app.ContentProviderHolder com.android.server.am.ContentProviderHelper.getContentProviderImpl(android.app.IApplicationThread, java.lang.String, android.os.IBinder, int, java.lang.String, java.lang.String, boolean, int) for 224ms
06-06 14:41:12.337 1298 1298 D CompatibilityChangeReporter: Compat change id reported: 171979766; UID 1000; state: ENABLED
06-06 14:41:12.351 1095 1347 D View :
06-06 14:41:12.357 1095 1347 D View :
06-06 14:41:12.358 479 1296 D CompatibilityChangeReporter: Compat change id reported: 135634846; UID 10015; state: DISABLED
06-06 14:41:12.362 479 1296 D CompatibilityChangeReporter: Compat change id reported: 177438394; UID 10015; state: DISABLED
06-06 14:41:12.368 1095 1347 D View :
06-06 14:41:12.371 479 1296 D CompatibilityChangeReporter: Compat change id reported: 135772972; UID 10015; state: DISABLED
06-06 14:41:12.372 479 1296 D CompatibilityChangeReporter: Compat change id reported: 135754954; UID 10015; state: ENABLED
06-06 14:41:12.377 1095 1347 D View :
06-06 14:41:12.383 1095 1095 E hq : AdHelper:::notFetchAd: main
06-06 14:41:12.384 479 538 D CompatibilityChangeReporter: Compat change id reported: 143937733; UID 10015; state: ENABLED
06-06 14:41:12.390 1095 1095 E hq : AdHelper:::onComplete:main
06-06 14:41:12.390 1095 1095 E hq : AdHelper:::adFinish: com.dangbei.launcher.home.callback.LauncherCallback$onAttach$1$1@82054eb
06-06 14:41:12.391 1095 1095 E hq : LauncherCallback:::onDetach
06-06 14:41:12.392 1095 1095 E hq : AdHelper:::handleFinishAd: true
06-06 14:41:12.392 1011 1246 I MediaProvider: Scanned internal due to REASON_MOUNTED, found 5 items in 1273ms, 0 inserts 0 updates 0 deletes
06-06 14:41:12.394 1095 1095 E DangXiaoBeiManager: setMessageList: false
06-06 14:41:12.395 1095 1095 E hq : 当小贝:::显示消息type=SIMPLE_TEXT ,data.isShowInCur=false ,delay=60000 ,message.mandatoryMessage=null , message=null
06-06 14:41:12.395 1095 1095 E hq : 当小贝:::当前显示了消息,不显示新消息
06-06 14:41:12.397 479 1296 W ActivityManager: Slow operation: 53ms so far, now at startProcess: done starting proc!
06-06 14:41:12.397 479 1296 W ContentProviderHelper: Slow operation: 57ms so far, now at getContentProviderImpl: after start process
06-06 14:41:12.397 479 1296 W ContentProviderHelper: Slow operation: 57ms so far, now at getContentProviderImpl: updating data structures
06-06 14:41:12.398 479 1296 W ContentProviderHelper: Slow operation: 57ms so far, now at getContentProviderImpl: done!
06-06 14:41:12.407 1095 1347 D View :
06-06 14:41:12.408 1095 1347 D View :
06-06 14:41:12.409 1095 1347 D View :
06-06 14:41:12.411 241 241 D Zygote : Forked child process 1390
06-06 14:41:12.412 479 538 W ActivityManager: Slow operation: 57ms so far, now at startProcess: returned from zygote!
06-06 14:41:12.412 1095 1343 D hq : NetWorkStateReceiver:::检查网络,并且持续更新 isConnect=false
06-06 14:41:12.417 1095 1347 D View :
06-06 14:41:12.418 1095 1347 D View :
06-06 14:41:12.426 1095 1347 D View :
06-06 14:41:12.430 1095 1347 D View :
06-06 14:41:12.435 479 479 W Looper : Slow dispatch took 753ms main h=android.app.ActivityThread$H c=android.app.LoadedApk$ReceiverDispatcher$Args$$ExternalSyntheticLambda0@c5a99f5 m=0
06-06 14:41:12.436 1095 1347 D View :
06-06 14:41:12.437 1095 1347 D View :
06-06 14:41:12.438 1390 1390 I Zygote : seccomp disabled by setenforce 0
06-06 14:41:12.438 1095 1095 D OsInitLaunch: send cache: launchAd, playAd, complete, null
06-06 14:41:12.439 659 659 E WifiHAL : wifi_start_pkt_fate_monitoring: packet fate logging feature not supported 0
06-06 14:41:12.439 479 479 W Looper : Slow delivery took 684ms main h=android.os.Handler c=null m=1061
06-06 14:41:12.443 479 538 W ActivityManager: Slow operation: 82ms so far, now at startProcess: done updating battery stats
06-06 14:41:12.445 1095 1347 D View :
06-06 14:41:12.446 479 538 W ActivityManager: Slow operation: 91ms so far, now at startProcess: building log message
06-06 14:41:12.446 479 538 I ActivityManager: app.processName = android.process.media
06-06 14:41:12.446 479 538 I ActivityManager: Start proc 1390:android.process.media/u0a15 for content provider {com.android.providers.downloads/com.android.providers.downloads.DownloadProvider}
06-06 14:41:12.446 1095 1347 D View :
06-06 14:41:12.446 479 538 W ActivityManager: Slow operation: 91ms so far, now at startProcess: starting to update pids map
06-06 14:41:12.446 479 538 W ActivityManager: Slow operation: 91ms so far, now at startProcess: done updating pids map
06-06 14:41:12.447 1095 1347 D View :
06-06 14:41:12.448 1095 1347 D View :
06-06 14:41:12.449 1095 1347 D View :
06-06 14:41:12.449 1095 1347 D View :
06-06 14:41:12.463 1095 1347 D View :
06-06 14:41:12.464 1095 1095 E hq : USBReceiver:::USBReceiver onReceive: list=1
06-06 14:41:12.464 479 606 E WifiVendorHal: startPktFateMonitoring(l.2352) failed {.code = ERROR_NOT_SUPPORTED, .description = }
06-06 14:41:12.465 479 606 W WifiDiags: Failed to start packet fate monitoring
06-06 14:41:12.466 659 659 E WifiHAL : wifi_get_driver_version: Error -5 happened.
06-06 14:41:12.466 659 659 E android.hardware.wifi@1.0-service-lazy: Failed to get driver version: INVALID_ARGS
06-06 14:41:12.470 479 479 D WifiP2pService: Wifi enabled=true
06-06 14:41:12.471 1095 1347 D View :
06-06 14:41:12.472 1095 1347 D View :
06-06 14:41:12.473 1095 1347 D View :
06-06 14:41:12.474 1095 1347 D View :
06-06 14:41:12.476 1095 1242 W SQLiteLog: (28) double-quoted string literal: "7F9AD6EFB6C3252BE808F5110C969E5D"
06-06 14:41:12.476 479 479 D AudioDeviceManagerObserver: name: AUDIO_HDMI, state: 0, type: 1
06-06 14:41:12.477 1095 1347 D View :
06-06 14:41:12.477 1095 1347 D View :
06-06 14:41:12.479 1095 1347 D View :
06-06 14:41:12.481 1095 1242 W SQLiteLog: (28) double-quoted string literal: ""
06-06 14:41:12.482 1095 1242 W SQLiteLog: (28) double-quoted string literal: "7F9AD6EFB6C3252BE808F5110C969E5D"
06-06 14:41:12.483 1095 1242 W SQLiteLog: (28) double-quoted string literal: "-1"
06-06 14:41:12.487 1095 1347 D View :
06-06 14:41:12.492 1095 1347 D View :
06-06 14:41:12.493 1095 1347 D View :
06-06 14:41:12.493 1095 1347 D View :
06-06 14:41:12.494 1095 1347 D View :
06-06 14:41:12.495 1095 1347 D View :
06-06 14:41:12.495 479 606 E WifiVendorHal: requestChipDebugInfo(l.2167) failed {.code = ERROR_INVALID_ARGS, .description = failed to get driver version}
06-06 14:41:12.496 479 606 I WifiVendorHal: Driver: null Firmware: null
06-06 14:41:12.496 1095 1347 D View :
06-06 14:41:12.496 1095 1347 D View :
06-06 14:41:12.497 659 659 E WifiHAL : wifi_get_driver_version: Error -5 happened.
06-06 14:41:12.497 659 659 E android.hardware.wifi@1.0-service-lazy: Failed to get driver version: INVALID_ARGS
06-06 14:41:12.501 1095 1347 D View :
06-06 14:41:12.504 1095 1348 E hq : ErrorCoroutineExceptionHandler:::runTry error:java.net.UnknownHostException: Unable to resolve host "ottdbui-tyapiqun7.yysh.mgtv.com": No address associated with hostname from=requestMessageDialog
06-06 14:41:12.695 1 1 I init : Sending signal 9 to service 'idmap2d' (pid 355) process group...
06-06 14:41:12.518 1095 1242 D MobclickAgent: 创建新会话: 7F9AD6EFB6C3252BE808F5110C969E5D
06-06 14:41:12.523 400 419 I adbd : jdwp connection from 1390
06-06 14:41:12.526 1011 1040 W MediaProvider: Failed to fetch original file descriptor
06-06 14:41:12.526 1011 1040 W MediaProvider: java.io.IOException: stat failed: ENOENT (No such file or directory)
06-06 14:41:12.526 1011 1040 W MediaProvider: at com.android.providers.media.MediaProvider.getFileFromFileDescriptor(MediaProvider.java:5850)
06-06 14:41:12.526 1011 1040 W MediaProvider: at com.android.providers.media.MediaProvider.getOriginalMediaFormatFileDescriptor(MediaProvider.java:5767)
06-06 14:41:12.526 1011 1040 W MediaProvider: at com.android.providers.media.MediaProvider.openTypedAssetFileCommon(MediaProvider.java:7190)
06-06 14:41:12.526 1011 1040 W MediaProvider: at com.android.providers.media.MediaProvider.openTypedAssetFile(MediaProvider.java:7171)
06-06 14:41:12.526 1011 1040 W MediaProvider: at android.content.ContentProvider$Transport.openTypedAssetFile(ContentProvider.java:548)
06-06 14:41:12.526 1011 1040 W MediaProvider: at android.content.ContentProviderNative.onTransact(ContentProviderNative.java:327)
06-06 14:41:12.526 1011 1040 W MediaProvider: at android.os.Binder.execTransactInternal(Binder.java:1179)
06-06 14:41:12.526 1011 1040 W MediaProvider: at android.os.Binder.execTransact(Binder.java:1143)
06-06 14:41:12.526 1011 1040 W MediaProvider: Caused by: android.system.ErrnoException: stat failed: ENOENT (No such file or directory)
06-06 14:41:12.526 1011 1040 W MediaProvider: at libcore.io.Linux.stat(Native Method)
06-06 14:41:12.526 1011 1040 W MediaProvider: at libcore.io.ForwardingOs.stat(ForwardingOs.java:853)
06-06 14:41:12.526 1011 1040 W MediaProvider: at libcore.io.BlockGuardOs.stat(BlockGuardOs.java:420)
06-06 14:41:12.526 1011 1040 W MediaProvider: at libcore.io.ForwardingOs.stat(ForwardingOs.java:853)
06-06 14:41:12.526 1011 1040 W MediaProvider: at android.app.ActivityThread$AndroidOs.stat(ActivityThread.java:7754)
06-06 14:41:12.526 1011 1040 W MediaProvider: at android.system.Os.stat(Os.java:919)
06-06 14:41:12.526 1011 1040 W MediaProvider: at com.android.providers.media.MediaProvider.getFileFromFileDescriptor(MediaProvider.java:5844)
06-06 14:41:12.526 1011 1040 W MediaProvider: ... 7 more
06-06 14:41:12.724 1 1 I libprocessgroup: Successfully killed process cgroup uid 1000 pid 355 in 6ms
06-06 14:41:12.530 479 606 E WifiVendorHal: requestChipDebugInfo(l.2167) failed {.code = ERROR_INVALID_ARGS, .description = failed to get driver version}
06-06 14:41:12.533 1215 1215 W SoundPool: Use of stream types is deprecated for operations other than volume control
06-06 14:41:12.533 1215 1215 W SoundPool: See the documentation of SoundPool() for what to use instead with android.media.AudioAttributes to qualify your playback use case
06-06 14:41:12.537 479 606 I WifiVendorHal: Driver: null Firmware: null
06-06 14:41:12.541 479 479 D AudioManagerPolicy: On Audio device plug in/out receive,name=AUDIO_HDMI type=1 state=0 extra=null
06-06 14:41:12.542 479 479 V AudioManagerPolicy: chengkan------------- hdmi inactive
06-06 14:41:12.544 479 574 W OverlayManager: service 'idmap' died
06-06 14:41:12.547 479 479 D AudioManagerPolicy: get AUDIO_MANAGE_POLICY is 2
06-06 14:41:12.547 479 479 D AudioManagerPolicy: Policy2 HDMI Plug Out/In Switch! Booting
06-06 14:41:12.548 479 479 D AudioManagerEx: AudioManagerEx
06-06 14:41:12.548 479 479 D AudioManagerPolicy: save audio is AUDIO_HDMI
06-06 14:41:12.548 479 479 D AudioManagerPolicy: get AUDIO_MANAGE_POLICY is 2
06-06 14:41:12.548 479 479 D AudioManagerPolicy: POLICY_2 Remove USB Audio or No USB Audio Output Device Connected!
06-06 14:41:12.549 479 479 D AudioManagerEx: state=audio_devices_out_active,dev=[AUDIO_HDMI]
06-06 14:41:12.549 479 479 D AudioManagerEx: enablePassThrough = true
06-06 14:41:12.550 479 479 D AudioManagerEx: Hdmi status true,true,1
06-06 14:41:12.550 479 479 D AudioManagerEx: HDMI AUDIO_HDMI
06-06 14:41:12.550 479 479 D AudioManagerEx: AUDIO_NAME_HDMI
06-06 14:41:12.552 659 659 E WifiHAL : wifi_get_ring_buffers_status: Ring buffer logging feature not supported 0
06-06 14:41:12.554 479 606 E WifiVendorHal: getRingBufferStatus(l.2244) failed {.code = ERROR_NOT_SUPPORTED, .description = }
06-06 14:41:12.555 479 606 W WifiDiags: no ring buffers found
06-06 14:41:12.555 479 606 D WifiDiags: startLogging() iface list is {wlan0} after adding wlan0
06-06 14:41:12.572 1215 1215 D RockyReceiver: action: android.net.wifi.WIFI_STATE_CHANGED
06-06 14:41:12.573 479 754 E ConnectivityService: Exception = android.content.pm.PackageManager$NameNotFoundException: android.net.cts
06-06 14:41:12.748 1 1 I init : Control message: Processed ctl.stop for 'idmap2d' from pid: 479 (system_server)
06-06 14:41:12.579 479 502 D CompatibilityChangeReporter: Compat change id reported: 168419799; UID 10015; state: DISABLED
06-06 14:41:12.567 247 247 V audio_hw_primary: adev_set_parameters, mediasw.sft.rawdata=HDMI_RAW
06-06 14:41:12.589 1011 1246 W ModernMediaScanner: Failed to visit /oem/media: java.nio.file.NoSuchFileException: /oem/media
06-06 14:41:12.592 1011 1246 I MediaProvider: Scanned internal due to REASON_MOUNTED, found 0 items in 3ms, 0 inserts 0 updates 0 deletes
06-06 14:41:12.767 1 1 I init : Service 'idmap2d' (pid 355) received signal 9
06-06 14:41:12.603 371 478 D MediaPlayerFactory: Initialize getpersist = 0 value=
06-06 14:41:12.607 479 644 W HdmiCecController: Failed to send 40:47 with errorCode=1
06-06 14:41:12.608 479 479 D AudioManagerEx: audio=AUDIO_HDMI
06-06 14:41:12.608 247 267 V audio_hw_primary: adev_set_parameters, audio_devices_out_active=AUDIO_HDMI
06-06 14:41:12.608 247 267 V audio_hw_primary: out AUDIO_PARAMETER_DEVICES_OUT_ACTIVE: AUDIO_HDMI
06-06 14:41:12.784 1 1 I init : Service 'appsdisable' (pid 1006) exited with status 0 oneshot service took 4.353000 seconds in background
06-06 14:41:12.618 1095 1347 D View :
06-06 14:41:12.618 371 478 D awplayer: : AwMetadataRetriever Create.
06-06 14:41:12.619 1095 1347 D View :
06-06 14:41:12.620 371 478 D ionAlloc: <__GetIonMemOpsS:833>: *** get __GetIonMemOpsS ***
06-06 14:41:12.621 371 478 D cedarc : : ve init
06-06 14:41:12.802 478 478 D : enable_cedar_hw_clk,516
06-06 14:41:12.808 1 1 I init : Sending signal 9 to service 'appsdisable' (pid 1006) process group...
06-06 14:41:12.627 371 478 I cedarc : : *** ic_version = 0x3301000012011,
06-06 14:41:12.627 371 478 D cedarc : : *** nPhyOffset = 0x0
06-06 14:41:12.627 371 478 D ionAlloc: : pid: 371, g_context = 0xebf782e0
06-06 14:41:12.627 371 478 D ionAlloc: : ion alloc open ok
06-06 14:41:12.627 371 478 D awplayer: : set data source, fd = 6, nLength: 7108
06-06 14:41:12.630 247 267 V audio_hw_primary: set property persist.vendor.audio.output.active: AUDIO_HDMI ok
06-06 14:41:12.630 247 267 V audio_hw_primary: AUDIO_HDMI output device will be active
06-06 14:41:12.634 371 478 D awplayer: <__FileStreamConnect:463>: (9/0/7108) path:'file:///data/user/0/com.dangbei.leard.leradlauncher/cache/image_manager_disk_cache/5a9ffc37d38aab0e3e7ee47d59f465d42f5999fc37556dd1cf2b369064fb1af8.0'
06-06 14:41:12.641 479 479 D AudioManagerEx: Update Settings.System.AUDIO_OUTPUT_CHANNEL, now save audio is AUDIO_HDMI
06-06 14:41:12.642 1095 1347 D View :
06-06 14:41:12.642 1095 1347 D View :
06-06 14:41:12.827 1 1 I libprocessgroup: Successfully killed process cgroup uid 0 pid 1006 in 0ms
06-06 14:41:12.658 1095 1347 D View :
06-06 14:41:12.660 1095 1347 D View :
06-06 14:41:12.660 1095 1347 D View :
06-06 14:41:12.661 1095 1347 D View :
06-06 14:41:12.661 1095 1347 D View :
06-06 14:41:12.665 371 478 E awplayer: <__FlacParserProbe:1096>: Flac probe failed.
06-06 14:41:12.669 371 478 D awplayer: <__WvParserProbe:575>: __WvParserProbe:
06-06 14:41:12.669 371 478 D awplayer: <__WvParserProbe:575>: __WvParserProbe:
06-06 14:41:12.669 371 478 D awplayer: <__WvParserProbe:575>: __WvParserProbe:
06-06 14:41:12.669 371 478 D awplayer: <__WvParserProbe:575>: __WvParserProbe:
06-06 14:41:12.669 371 478 E awplayer: <__CafParserProbe:567>: Caf probe failed.
06-06 14:41:12.669 371 478 E awplayer: <__G729ParserProbe:290>: g729 SYNC_WORD probe failed.
06-06 14:41:12.669 371 478 W awplayer: : audio probe fail!!!
06-06 14:41:12.669 371 478 I awplayer: <__AiffParserProbe:805>: wav probe failed.
06-06 14:41:12.669 371 478 E awplayer: <__Id3v2ParserProbe:330>: Probe ID3_header loss sync...
06-06 14:41:12.669 371 478 D awplayer: : increase probe size, and try again.
06-06 14:41:12.670 371 478 E awplayer: <__FlacParserProbe:1096>: Flac probe failed.
06-06 14:41:12.677 479 502 W ActivityManager: Slow operation: 102ms so far, now at attachApplicationLocked: immediately after bindApplication
06-06 14:41:12.677 479 502 W ActivityManager: Slow operation: 103ms so far, now at attachApplicationLocked: after updateLruProcessLocked
06-06 14:41:12.677 479 502 W ActivityManager: Slow operation: 103ms so far, now at attachApplicationLocked: after mServices.attachApplicationLocked
06-06 14:41:12.678 371 478 D awplayer: <__WvParserProbe:575>: __WvParserProbe:
06-06 14:41:12.678 371 478 D awplayer: <__WvParserProbe:575>: __WvParserProbe:
06-06 14:41:12.678 371 478 D awplayer: <__WvParserProbe:575>: __WvParserProbe:
06-06 14:41:12.678 371 478 D awplayer: <__WvParserProbe:575>: __WvParserProbe:
06-06 14:41:12.679 371 478 E awplayer: <__CafParserProbe:567>: Caf probe failed.
06-06 14:41:12.679 371 478 E awplayer: <__G729ParserProbe:290>: g729 SYNC_WORD probe failed.
06-06 14:41:12.679 371 478 W awplayer: : audio probe fail!!!
06-06 14:41:12.679 371 478 I awplayer: <__AiffParserProbe:805>: wav probe failed.
06-06 14:41:12.679 371 478 E awplayer: <__Id3v2ParserProbe:330>: Probe ID3_header loss sync...
06-06 14:41:12.679 371 478 W awplayer: : Sorry, I don't know what it is!
06-06 14:41:12.679 371 478 E awplayer: : parser creat fail.
06-06 14:41:12.679 371 478 E awplayer: : parser for the source cannot be created. source can be set yet.
06-06 14:41:12.695 240 240 I netd : bandwidthAddNiceApp(10015) <0.10ms>
06-06 14:41:12.696 479 502 W ActivityManager: Slow operation: 122ms so far, now at attachApplicationLocked: after updateOomAdjLocked
06-06 14:41:12.698 479 479 W Looper : Slow dispatch took 157ms main h=android.app.ActivityThread$H c=android.app.LoadedApk$ReceiverDispatcher$Args$$ExternalSyntheticLambda0@fbde49d m=0
06-06 14:41:12.699 479 479 I ActivityManager: com.android.dynsystem is exempt from freezer
06-06 14:41:12.700 479 527 W Looper : Slow dispatch took 114ms android.fg h=com.android.server.DropBoxManagerService$DropBoxManagerBroadcastHandler c=null m=2
06-06 14:41:12.700 479 479 D CompatibilityChangeReporter: Compat change id reported: 135634846; UID 1000; state: DISABLED
06-06 14:41:12.849 1 1 I init : Service 'gmsopt' (pid 1009) exited with status 0 oneshot service took 4.383000 seconds in background
06-06 14:41:12.871 1 1 I init : Sending signal 9 to service 'gmsopt' (pid 1009) process group...
06-06 14:41:12.890 1 1 I libprocessgroup: Successfully killed process cgroup uid 0 pid 1009 in 0ms
06-06 14:41:12.719 1215 1227 W System : A resource failed to call close.
06-06 14:41:12.720 659 659 E WifiHAL : wifi_get_link_stats: requestResponse Error:-5
06-06 14:41:12.722 479 606 E WifiVendorHal: getWifiLinkLayerStats_1_5_Internal(l.1191) failed {.code = ERROR_INVALID_ARGS, .description = }
06-06 14:41:12.722 1095 1347 D View :
06-06 14:41:12.723 1095 1347 D View :
06-06 14:41:12.726 1095 1347 D View :
06-06 14:41:12.727 1095 1347 D View :
06-06 14:41:12.727 241 241 D Zygote : Forked child process 1417
06-06 14:41:12.729 479 538 I ActivityManager: app.processName = com.android.dynsystem
06-06 14:41:12.729 479 538 I ActivityManager: Start proc 1417:com.android.dynsystem/1000 for broadcast {com.android.dynsystem/com.android.dynsystem.BootCompletedReceiver}
06-06 14:41:12.729 1095 1347 D View :
06-06 14:41:12.954 371 371 D : disable_cedar_hw_clk,546
06-06 14:41:12.730 1095 1347 D View :
06-06 14:41:12.730 1095 1347 D View :
06-06 14:41:12.731 1095 1347 D View :
06-06 14:41:12.731 1095 1347 D View :
06-06 14:41:12.732 1095 1347 D View :
06-06 14:41:12.732 1095 1347 D View :
06-06 14:41:12.733 1095 1347 D View :
06-06 14:41:12.733 1095 1347 D View :
06-06 14:41:12.734 1095 1347 D View :
06-06 14:41:12.735 1095 1347 D View :
06-06 14:41:12.736 1390 1390 D CompatibilityChangeReporter: Compat change id reported: 171979766; UID 10015; state: ENABLED
06-06 14:41:12.736 1095 1347 D View :
06-06 14:41:12.736 1095 1347 D View :
06-06 14:41:12.737 1095 1347 D View :
06-06 14:41:12.737 1095 1347 D View :
06-06 14:41:12.739 1095 1347 D View :
06-06 14:41:12.740 1095 1347 D View :
06-06 14:41:12.740 1095 1347 D View :
06-06 14:41:12.740 1095 1347 D View :
06-06 14:41:12.741 1095 1347 D View :
06-06 14:41:12.741 1095 1347 D View :
06-06 14:41:12.742 1095 1347 D View :
06-06 14:41:12.742 1417 1417 I Zygote : seccomp disabled by setenforce 0
06-06 14:41:12.742 1095 1347 D View :
06-06 14:41:12.743 1095 1347 D View :
06-06 14:41:12.743 1095 1347 D View :
06-06 14:41:12.744 1095 1347 D View :
06-06 14:41:12.744 1095 1347 D View :
06-06 14:41:12.745 1095 1347 D View :
06-06 14:41:12.745 1095 1347 D View :
06-06 14:41:12.767 371 478 E MetadataRetrieverClient: failed to capture a video frame
06-06 14:41:12.772 479 479 W Looper : Drained
06-06 14:41:12.773 479 503 W InputManager-JNI: Input channel object '1915c1e com.android.tv.settings/com.android.tv.settings.system.FallbackHome (client)' was disposed without first being removed with the input manager!
06-06 14:41:12.774 371 371 D ionAlloc: : pid: 371, release g_context = 0xebf782e0
06-06 14:41:12.785 371 371 I cedarc : : not malloc locks
06-06 14:41:12.785 371 371 D cedarc : : ve release ok
06-06 14:41:12.785 371 371 D ionAlloc: : ion_alloc_close ok
06-06 14:41:12.786 371 371 D awplayer: <~AwMetadataRetriever:229>: AwMetadataRetriever destroyed.
06-06 14:41:12.786 371 371 D awplayer:
06-06 14:41:12.786 400 419 I adbd : jdwp connection from 1417
06-06 14:41:12.789 479 537 D CompatibilityChangeReporter: Compat change id reported: 135634846; UID 1002; state: DISABLED
06-06 14:41:12.798 1011 1040 W MediaProvider: Failed to fetch original file descriptor
06-06 14:41:12.798 1011 1040 W MediaProvider: java.io.IOException: stat failed: ENOENT (No such file or directory)
06-06 14:41:12.798 1011 1040 W MediaProvider: at com.android.providers.media.MediaProvider.getFileFromFileDescriptor(MediaProvider.java:5850)
06-06 14:41:12.798 1011 1040 W MediaProvider: at com.android.providers.media.MediaProvider.getOriginalMediaFormatFileDescriptor(MediaProvider.java:5767)
06-06 14:41:12.798 1011 1040 W MediaProvider: at com.android.providers.media.MediaProvider.openTypedAssetFileCommon(MediaProvider.java:7190)
06-06 14:41:12.798 1011 1040 W MediaProvider: at com.android.providers.media.MediaProvider.openTypedAssetFile(MediaProvider.java:7171)
06-06 14:41:12.798 1011 1040 W MediaProvider: at android.content.ContentProvider$Transport.openTypedAssetFile(ContentProvider.java:548)
06-06 14:41:12.798 1011 1040 W MediaProvider: at android.content.ContentProviderNative.onTransact(ContentProviderNative.java:327)
06-06 14:41:12.798 1011 1040 W MediaProvider: at android.os.Binder.execTransactInternal(Binder.java:1179)
06-06 14:41:12.798 1011 1040 W MediaProvider: at android.os.Binder.execTransact(Binder.java:1143)
06-06 14:41:12.798 1011 1040 W MediaProvider: Caused by: android.system.ErrnoException: stat failed: ENOENT (No such file or directory)
06-06 14:41:12.798 1011 1040 W MediaProvider: at libcore.io.Linux.stat(Native Method)
06-06 14:41:12.798 1011 1040 W MediaProvider: at libcore.io.ForwardingOs.stat(ForwardingOs.java:853)
06-06 14:41:12.798 1011 1040 W MediaProvider: at libcore.io.BlockGuardOs.stat(BlockGuardOs.java:420)
06-06 14:41:12.798 1011 1040 W MediaProvider: at libcore.io.ForwardingOs.stat(ForwardingOs.java:853)
06-06 14:41:12.798 1011 1040 W MediaProvider: at android.app.ActivityThread$AndroidOs.stat(ActivityThread.java:7754)
06-06 14:41:12.798 1011 1040 W MediaProvider: at android.system.Os.stat(Os.java:919)
06-06 14:41:12.798 1011 1040 W MediaProvider: at com.android.providers.media.MediaProvider.getFileFromFileDescriptor(MediaProvider.java:5844)
06-06 14:41:12.798 1011 1040 W MediaProvider: ... 7 more
06-06 14:41:12.961 652 652 I binder : undelivered transaction 24167, process died.
06-06 14:41:13.017 1426 1426 W audit : audit_lost=68 audit_rate_limit=5 audit_backlog_limit=64
06-06 14:41:13.025 371 371 D : enable_cedar_hw_clk,516
06-06 14:41:13.030 1426 1426 E audit : rate limit exceeded
06-06 14:41:12.876 264 264 I EventThread: type=1400 audit(0.0:485): avc: denied { search } for name="extcon" dev="sysfs" ino=18109 scontext=u:r:hal_tv_cec_default:s0 tcontext=u:object_r:sysfs_extcon:s0 tclass=dir permissive=1
06-06 14:41:12.805 1298 1298 V GraphicsEnvironment: ANGLE Developer option for 'com.android.localtransport' set to: 'default'
06-06 14:41:12.811 1298 1298 V GraphicsEnvironment: Neither updatable production driver nor prerelease driver is supported.
06-06 14:41:12.815 240 240 I netd : interfaceGetCfg(wlan0) -> {InterfaceConfigurationParcel{ifName: wlan0, hwAddr: b4:2f:03:15:e9:08, ipv4Addr: 0.0.0.0, prefixLength: 0, flags: [up, broadcast, multicast]}} <0.52ms>
06-06 14:41:12.818 240 240 I netd : interfaceGetCfg(wlan0) -> {InterfaceConfigurationParcel{ifName: wlan0, hwAddr: b4:2f:03:15:e9:08, ipv4Addr: 0.0.0.0, prefixLength: 0, flags: [up, broadcast, multicast]}} <0.49ms>
06-06 14:41:12.820 1298 1298 D NetworkSecurityConfig: No Network Security Config specified, using platform default
06-06 14:41:12.823 1298 1298 D NetworkSecurityConfig: No Network Security Config specified, using platform default
06-06 14:41:12.823 241 241 D Zygote : Forked child process 1427
06-06 14:41:12.833 1427 1427 I Zygote : seccomp disabled by setenforce 0
06-06 14:41:12.835 479 538 I ActivityManager: app.processName = com.android.bluetooth
06-06 14:41:12.835 479 538 I ActivityManager: Start proc 1427:com.android.bluetooth/1002 for service {com.android.bluetooth/com.android.bluetooth.btservice.AdapterService}
06-06 14:41:12.835 479 606 D WifiNetworkFactory: got request NetworkRequest [ REQUEST id=28, [ Capabilities: INTERNET&NOT_RESTRICTED&TRUSTED&NOT_VCN_MANAGED Uid: 1000 RequestorUid: 1000 RequestorPkg: com.dangbei.leard.leradlauncher] ]
06-06 14:41:12.836 479 606 D UntrustedWifiNetworkFactory: got request NetworkRequest [ REQUEST id=28, [ Capabilities: INTERNET&NOT_RESTRICTED&TRUSTED&NOT_VCN_MANAGED Uid: 1000 RequestorUid: 1000 RequestorPkg: com.dangbei.leard.leradlauncher] ]
06-06 14:41:12.836 479 606 D OemPaidWifiNetworkFactory: got request NetworkRequest [ REQUEST id=28, [ Capabilities: INTERNET&NOT_RESTRICTED&TRUSTED&NOT_VCN_MANAGED Uid: 1000 RequestorUid: 1000 RequestorPkg: com.dangbei.leard.leradlauncher] ]
06-06 14:41:12.836 479 606 I WifiService: onDriverCountryCodeChanged CN
06-06 14:41:12.844 371 371 D MediaPlayerFactory: Initialize getpersist = 0 value=
06-06 14:41:12.844 371 371 D awplayer: : AwMetadataRetriever Create.
06-06 14:41:12.844 371 371 D ionAlloc: <__GetIonMemOpsS:833>: *** get __GetIonMemOpsS ***
06-06 14:41:12.845 371 371 D cedarc : : ve init
06-06 14:41:12.876 400 419 I adbd : jdwp connection from 1427
06-06 14:41:12.893 240 240 I netd : interfaceGetCfg(wlan0) -> {InterfaceConfigurationParcel{ifName: wlan0, hwAddr: b4:2f:03:15:e9:08, ipv4Addr: 0.0.0.0, prefixLength: 0, flags: [up, broadcast, multicast]}} <0.58ms>
06-06 14:41:12.892 1441 1441 I settings: type=1400 audit(0.0:486): avc: denied { write search } for name="tmp" dev="mmcblk0p25" ino=85 scontext=u:r:preinstall:s0 tcontext=u:object_r:shell_data_file:s0 tclass=dir permissive=1
06-06 14:41:12.895 1390 1390 V GraphicsEnvironment: ANGLE Developer option for 'com.android.providers.downloads' set to: 'default'
06-06 14:41:12.897 1390 1390 V GraphicsEnvironment: Neither updatable production driver nor prerelease driver is supported.
06-06 14:41:12.902 479 945 D CompatibilityChangeReporter: Compat change id reported: 168419799; UID 1000; state: DISABLED
06-06 14:41:12.904 1390 1390 D NetworkSecurityConfig: No Network Security Config specified, using platform default
06-06 14:41:12.907 1390 1390 D NetworkSecurityConfig: No Network Security Config specified, using platform default
06-06 14:41:12.911 240 240 I netd : interfaceGetCfg(wlan0) -> {InterfaceConfigurationParcel{ifName: wlan0, hwAddr: b4:2f:03:15:e9:08, ipv4Addr: 0.0.0.0, prefixLength: 0, flags: [up, broadcast, multicast]}} <0.46ms>
06-06 14:41:12.940 479 479 I TransportClient: LocalTransportService#0: Notifying [TransportManager.registerTransport()] transport = IBackupTransport
06-06 14:41:12.952 659 659 E WifiHAL : wifi_get_link_stats: requestResponse Error:-5
06-06 14:41:12.953 1417 1417 D CompatibilityChangeReporter: Compat change id reported: 171979766; UID 1000; state: ENABLED
06-06 14:41:12.961 479 606 E WifiVendorHal: getWifiLinkLayerStats_1_5_Internal(l.1191) failed {.code = ERROR_INVALID_ARGS, .description = }
06-06 14:41:12.962 371 371 I cedarc : : *** ic_version = 0x3301000012011,
06-06 14:41:12.963 371 371 D cedarc : : *** nPhyOffset = 0x0
06-06 14:41:12.963 371 371 D ionAlloc: : pid: 371, g_context = 0xebf783c0
06-06 14:41:12.966 371 371 D ionAlloc: : ion alloc open ok
06-06 14:41:12.966 479 496 I system_server: Background young concurrent copying GC freed 156056(7041KB) AllocSpace objects, 30(1176KB) LOS objects, 36% free, 12MB/19MB, paused 394us total 777.831ms
06-06 14:41:12.966 371 371 D awplayer: : set data source, fd = 6, nLength: 7108
06-06 14:41:12.966 371 371 D awplayer: <__FileStreamConnect:463>: (11/0/7108) path:'file:///data/user/0/com.dangbei.leard.leradlauncher/cache/image_manager_disk_cache/5a9ffc37d38aab0e3e7ee47d59f465d42f5999fc37556dd1cf2b369064fb1af8.0'
06-06 14:41:12.967 371 371 E awplayer: <__FlacParserProbe:1096>: Flac probe failed.
06-06 14:41:12.968 371 371 D awplayer: <__WvParserProbe:575>: __WvParserProbe:
06-06 14:41:12.968 371 371 D awplayer: <__WvParserProbe:575>: __WvParserProbe:
06-06 14:41:12.968 371 371 D awplayer: <__WvParserProbe:575>: __WvParserProbe:
06-06 14:41:12.968 371 371 D awplayer: <__WvParserProbe:575>: __WvParserProbe:
06-06 14:41:12.968 371 371 E awplayer: <__CafParserProbe:567>: Caf probe failed.
06-06 14:41:12.968 371 371 E awplayer: <__G729ParserProbe:290>: g729 SYNC_WORD probe failed.
06-06 14:41:12.968 371 371 W awplayer: : audio probe fail!!!
06-06 14:41:12.968 371 371 I awplayer: <__AiffParserProbe:805>: wav probe failed.
06-06 14:41:12.968 371 371 E awplayer: <__Id3v2ParserProbe:330>: Probe ID3_header loss sync...
06-06 14:41:12.968 371 371 D awplayer: : increase probe size, and try again.
06-06 14:41:12.968 371 371 E awplayer: <__FlacParserProbe:1096>: Flac probe failed.
06-06 14:41:12.969 371 371 D awplayer: <__WvParserProbe:575>: __WvParserProbe:
06-06 14:41:12.969 371 371 D awplayer: <__WvParserProbe:575>: __WvParserProbe:
06-06 14:41:12.969 371 371 D awplayer: <__WvParserProbe:575>: __WvParserProbe:
06-06 14:41:12.969 371 371 D awplayer: <__WvParserProbe:575>: __WvParserProbe:
06-06 14:41:12.969 371 371 E awplayer: <__CafParserProbe:567>: Caf probe failed.
06-06 14:41:12.969 371 371 E awplayer: <__G729ParserProbe:290>: g729 SYNC_WORD probe failed.
06-06 14:41:12.969 371 371 W awplayer: : audio probe fail!!!
06-06 14:41:12.969 371 371 I awplayer: <__AiffParserProbe:805>: wav probe failed.
06-06 14:41:12.969 371 371 E awplayer: <__Id3v2ParserProbe:330>: Probe ID3_header loss sync...
06-06 14:41:12.969 371 371 W awplayer: : Sorry, I don't know what it is!
06-06 14:41:12.969 371 371 E awplayer: : parser creat fail.
06-06 14:41:12.969 371 371 E awplayer: : parser for the source cannot be created. source can be set yet.
06-06 14:41:12.976 388 749 D BufferPoolAccessor2.0: bufferpool2 0xf6168558 : 0(0 size) total buffers - 0(0 size) used buffers - 28/32 (recycle/alloc) - 4/31 (fetch/transfer)
06-06 14:41:12.977 388 749 D BufferPoolAccessor2.0: bufferpool2 0xf6168698 : 0(0 size) total buffers - 0(0 size) used buffers - 32/36 (recycle/alloc) - 5/35 (fetch/transfer)
06-06 14:41:12.977 388 749 D BufferPoolAccessor2.0: evictor expired: 2, evicted: 2
06-06 14:41:12.980 479 889 D BufferPoolAccessor2.0: bufferpool2 0xf2fb7418 : 0(0 size) total buffers - 0(0 size) used buffers - 2/7 (recycle/alloc) - 8/76 (fetch/transfer)
06-06 14:41:12.980 479 889 D BufferPoolAccessor2.0: bufferpool2 0xf2fb7558 : 0(0 size) total buffers - 0(0 size) used buffers - 2/7 (recycle/alloc) - 5/68 (fetch/transfer)
06-06 14:41:12.980 479 889 D BufferPoolAccessor2.0: evictor expired: 2, evicted: 2
06-06 14:41:13.003 371 478 E MetadataRetrieverClient: failed to capture a video frame
06-06 14:41:12.940 1450 1450 I cmd : type=1400 audit(0.0:487): avc: denied { call } for scontext=u:r:preinstall:s0 tcontext=u:r:servicemanager:s0 tclass=binder permissive=1
06-06 14:41:13.011 1095 1260 E MediaMetadataRetrieverJNI: getFrameAtTime: videoFrame is a NULL pointer
06-06 14:41:13.220 478 478 D : disable_cedar_hw_clk,546
06-06 14:41:13.017 1427 1427 D CompatibilityChangeReporter: Compat change id reported: 171979766; UID 1002; state: ENABLED
06-06 14:41:13.039 371 478 D ionAlloc: : pid: 371, release g_context = 0xebf783c0
06-06 14:41:13.044 479 1003 D BackupTransportManager: Transport com.android.localtransport/.LocalTransportService registered
06-06 14:41:13.044 479 1003 D BackupManagerService: [UserID:0] Transport com.android.localtransport/.LocalTransport registered 4577ms after first request (delay = 3000ms)
06-06 14:41:13.054 371 478 I cedarc : : not malloc locks
06-06 14:41:13.054 371 478 D cedarc : : ve release ok
06-06 14:41:13.054 371 478 D ionAlloc: : ion_alloc_close ok
06-06 14:41:13.054 371 478 D awplayer: <~AwMetadataRetriever:229>: AwMetadataRetriever destroyed.
06-06 14:41:13.054 371 478 D awplayer:
06-06 14:41:13.064 479 529 W IorapForwardingService: No service published for: iorapd
06-06 14:41:12.940 1450 1450 I cmd : type=1400 audit(0.0:488): avc: denied { call } for scontext=u:r:preinstall:s0 tcontext=u:r:system_server:s0 tclass=binder permissive=1
06-06 14:41:13.099 1417 1417 V GraphicsEnvironment: ANGLE Developer option for 'com.android.dynsystem' set to: 'default'
06-06 14:41:13.099 1427 1427 V GraphicsEnvironment: ANGLE Developer option for 'com.android.bluetooth' set to: 'default'
06-06 14:41:13.100 1427 1427 V GraphicsEnvironment: Neither updatable production driver nor prerelease driver is supported.
06-06 14:41:13.100 1417 1417 V GraphicsEnvironment: Neither updatable production driver nor prerelease driver is supported.
06-06 14:41:13.101 1417 1417 D NetworkSecurityConfig: No Network Security Config specified, using platform default
06-06 14:41:13.102 1427 1427 D NetworkSecurityConfig: No Network Security Config specified, using platform default
06-06 14:41:13.102 1417 1417 D NetworkSecurityConfig: No Network Security Config specified, using platform default
06-06 14:41:13.102 1427 1427 D NetworkSecurityConfig: No Network Security Config specified, using platform default
06-06 14:41:12.940 1450 1450 I cmd : type=1400 audit(0.0:489): avc: denied { transfer } for scontext=u:r:preinstall:s0 tcontext=u:r:system_server:s0 tclass=binder permissive=1
06-06 14:41:13.120 479 945 I ActivityManager: com.android.dynsystem is exempt from freezer
06-06 14:41:13.120 479 945 D CompatibilityChangeReporter: Compat change id reported: 135634846; UID 1000; state: DISABLED
06-06 14:41:13.138 241 241 D Zygote : Forked child process 1483
06-06 14:41:13.140 479 945 I ActivityManager: com.android.managedprovisioning is exempt from freezer
06-06 14:41:13.151 1483 1483 I Zygote : seccomp disabled by setenforce 0
06-06 14:41:13.160 479 945 D CompatibilityChangeReporter: Compat change id reported: 135634846; UID 10014; state: DISABLED
06-06 14:41:13.160 479 945 D CompatibilityChangeReporter: Compat change id reported: 177438394; UID 10014; state: DISABLED
06-06 14:41:13.160 479 945 D CompatibilityChangeReporter: Compat change id reported: 135772972; UID 10014; state: DISABLED
06-06 14:41:13.160 479 945 D CompatibilityChangeReporter: Compat change id reported: 135754954; UID 10014; state: ENABLED
06-06 14:41:13.162 479 1003 I BackupManagerService: [UserID:0] Found 15 stale backup journal(s), scheduling.
06-06 14:41:13.163 479 1003 V BackupManagerConstants: getKeyValueBackupIntervalMilliseconds(...) returns 14400000
06-06 14:41:13.163 479 1003 V BackupManagerConstants: getKeyValueBackupFuzzMilliseconds(...) returns 600000
06-06 14:41:13.163 479 1003 V BackupManagerConstants: getKeyValueBackupRequiredNetworkType(...) returns 1
06-06 14:41:13.163 479 1003 V BackupManagerConstants: getKeyValueBackupRequireCharging(...) returns true
06-06 14:41:13.164 479 1003 V KeyValueBackupJob: Scheduling k/v pass in 246 minutes
06-06 14:41:13.166 479 538 I ActivityManager: app.processName = com.android.dynsystem:dynsystem
06-06 14:41:13.166 479 538 I ActivityManager: Start proc 1483:com.android.dynsystem:dynsystem/1000 for service {com.android.dynsystem/com.android.dynsystem.DynamicSystemInstallationService}
06-06 14:41:13.167 479 538 D CompatibilityChangeReporter: Compat change id reported: 143937733; UID 10014; state: ENABLED
06-06 14:41:13.179 1427 1427 D BluetoothOppFileProvider: Initialized
06-06 14:41:13.184 241 241 D Zygote : Forked child process 1492
06-06 14:41:13.185 479 538 I ActivityManager: app.processName = com.android.managedprovisioning
06-06 14:41:13.185 479 538 I ActivityManager: Start proc 1492:com.android.managedprovisioning/u0a14 for broadcast {com.android.managedprovisioning/com.android.managedprovisioning.BootReminder}
06-06 14:41:13.195 479 538 W ActivityManager: Slow operation: 56ms so far, now at startProcess: starting to update pids map
06-06 14:41:13.196 479 538 W ActivityManager: Slow operation: 57ms so far, now at startProcess: done updating pids map
06-06 14:41:13.203 400 419 I adbd : jdwp connection from 1483
06-06 14:41:13.204 1492 1492 I Zygote : seccomp disabled by setenforce 0
06-06 14:41:13.227 479 606 D chongyuzhao: reconnect again
06-06 14:41:13.235 400 419 I adbd : jdwp connection from 1492
06-06 14:41:13.259 1483 1483 D CompatibilityChangeReporter: Compat change id reported: 171979766; UID 1000; state: ENABLED
06-06 14:41:13.263 1427 1427 V AdapterServiceConfig: Adding HeadsetService
06-06 14:41:13.263 1427 1427 V AdapterServiceConfig: Adding A2dpService
06-06 14:41:13.263 1427 1427 V AdapterServiceConfig: Adding HidHostService
06-06 14:41:13.263 1427 1427 V AdapterServiceConfig: Adding PanService
06-06 14:41:13.263 1427 1427 V AdapterServiceConfig: Adding GattService
06-06 14:41:13.263 1427 1427 V AdapterServiceConfig: Adding BluetoothMapService
06-06 14:41:13.263 1427 1427 V AdapterServiceConfig: Adding AvrcpTargetService
06-06 14:41:13.263 1427 1427 V AdapterServiceConfig: Adding HidDeviceService
06-06 14:41:13.263 1427 1427 V AdapterServiceConfig: Adding BluetoothOppService
06-06 14:41:13.263 1427 1427 V AdapterServiceConfig: Adding BluetoothPbapService
06-06 14:41:13.264 479 1003 I BackupManagerService: [UserID:0] Stale backup journals: Scheduled 8 package(s) total
06-06 14:41:13.302 479 945 D CompatibilityChangeReporter: Compat change id reported: 168419799; UID 10014; state: DISABLED
06-06 14:41:13.317 1492 1492 D CompatibilityChangeReporter: Compat change id reported: 171979766; UID 10014; state: ENABLED
06-06 14:41:13.330 1095 1167 D AppManager: checkLocalAppsIsValid:
06-06 14:41:13.356 1483 1483 V GraphicsEnvironment: ANGLE Developer option for 'com.android.dynsystem' set to: 'default'
06-06 14:41:13.356 1483 1483 V GraphicsEnvironment: Neither updatable production driver nor prerelease driver is supported.
06-06 14:41:13.359 1483 1483 D NetworkSecurityConfig: No Network Security Config specified, using platform default
06-06 14:41:13.359 1483 1483 D NetworkSecurityConfig: No Network Security Config specified, using platform default
06-06 14:41:13.369 1427 1427 E droid.bluetoot: [0606/144113.368895:ERROR:hal_version_manager.h(125)] HalVersionManager No supported HAL version
06-06 14:41:13.371 1427 1427 I droid.bluetoot: [0606/144113.371349:INFO:btif_config_cache.cc(61)] BtifConfigCache, capacity: 10000
06-06 14:41:13.374 1483 1483 D DynamicSystemInstallationService: onStartCommand(): action=android.os.image.action.NOTIFY_IF_IN_USE
06-06 14:41:13.375 1427 1427 I BluetoothServiceJni: hal_util_load_bt_library: loaded Bluetooth library successfully
06-06 14:41:13.375 479 579 I DynamicSystemService: isInstalled(): false
06-06 14:41:13.376 1427 1427 D BluetoothAdapterService: onCreate()
06-06 14:41:13.381 1095 1168 E hq : ErrorCoroutineExceptionHandler:::runTry error:java.net.UnknownHostException: Unable to resolve host "ottdbui-tyapiqun7.yysh.mgtv.com": No address associated with hostname from=requestAppAdInfo
06-06 14:41:13.399 1427 1427 D AdapterState: make() - Creating AdapterState
06-06 14:41:13.417 1427 1427 D BluetoothKeystoreService: new BluetoothKeystoreService isCommonCriteriaMode: false
06-06 14:41:13.418 1427 1427 D BluetoothKeystoreService: start
06-06 14:41:13.424 1427 1427 I droid.bluetoot: [0606/144113.424395:INFO:com_android_bluetooth_btservice_BluetoothKeystore.cpp(97)] classInitNative: succeeds
06-06 14:41:13.425 1427 1427 D BluetoothKeystoreService: setBluetoothKeystoreService(): set to: com.android.bluetooth.btservice.bluetoothkeystore.BluetoothKeystoreService@2e57cf5
06-06 14:41:13.427 1427 1538 I AdapterState: OFF : entered
06-06 14:41:13.428 1427 1538 D AdapterProperties: Setting state to OFF
06-06 14:41:13.435 1427 1427 D BluetoothKeystoreService: loadConfigData
06-06 14:41:13.468 479 503 D BluetoothManagerService: enable(com.dangbei.lerad.etna.haqu): mBluetooth =null mBinding = true mState = OFF
06-06 14:41:13.470 479 529 D BluetoothManagerService: MESSAGE_ENABLE(0): mBluetooth = null
06-06 14:41:13.471 479 503 D BluetoothManagerService: enable returning
06-06 14:41:13.494 1427 1427 I droid.bluetoot: [0606/144113.493981:INFO:com_android_bluetooth_btservice_ActivityAttribution.cpp(96)] classInitNative: succeeds
06-06 14:41:13.495 1427 1427 D BluetoothKeystoreService: getCompareResult: 0
06-06 14:41:13.514 1427 1427 I bt_btif : system/bt/btif/src/bluetooth.cc:162 init: init: start restricted = 0 ; common criteria mode = 0, config compare result = 0
06-06 14:41:13.516 1427 1427 I bt : bt_common::init_flags: Flags loaded: gd_core=false gd_advertising=false gd_scanning=false gd_security=false gd_acl=false gd_l2cap=false gd_hci=false gd_controller=false gatt_robust_caching=false btaa_hci=false gd_rust=false gd_link_policy=false
06-06 14:41:13.516 1427 1427 I bt_osi_allocation_tracker: system/bt/osi/src/allocation_tracker.cc:59 allocation_tracker_init: canary initialized
06-06 14:41:13.518 1427 1550 I droid.bluetoot: [0606/144113.517963:INFO:message_loop_thread.cc(224)] Run: message loop starting for thread bt_stack_manager_thread
06-06 14:41:13.519 1427 1550 I bt_stack_manager: system/bt/btif/src/stack_manager.cc:200 event_init_stack: is initializing the stack
06-06 14:41:13.534 1427 1554 I bt_osi_thread: system/bt/osi/src/thread.cc:209 run_thread: run_thread: thread id 1554, thread name alarm_default_ca started
06-06 14:41:13.538 1427 1555 I bt_osi_thread: system/bt/osi/src/thread.cc:209 run_thread: run_thread: thread id 1555, thread name alarm_dispatcher started
06-06 14:41:13.542 1427 1550 I bt_btif_core: system/bt/btif/src/btif_core.cc:235 btif_init_bluetooth: btif_init_bluetooth entered
06-06 14:41:13.543 1427 1557 I droid.bluetoot: [0606/144113.543233:INFO:message_loop_thread.cc(224)] Run: message loop starting for thread bt_jni_thread
06-06 14:41:13.544 1427 1550 I bt_btif_core: system/bt/btif/src/btif_core.cc:239 btif_init_bluetooth: btif_init_bluetooth finished
06-06 14:41:13.545 1427 1550 I bt_stack_config: system/bt/main/stack_config.cc:51 init: init attempt to load stack conf from /etc/bluetooth/bt_stack.conf
06-06 14:41:13.546 1427 1550 I bt_stack_manager: system/bt/btif/src/stack_manager.cc:223 event_init_stack: finished
06-06 14:41:13.546 1427 1427 I bt_osi_wakelock: system/bt/osi/src/wakelock.cc:98 wakelock_set_os_callouts: wakelock_set_os_callouts set to non-native
06-06 14:41:13.546 1427 1427 I bt_btif : system/bt/btif/src/bluetooth.cc:417 get_profile_interface: get_profile_interface: id = socket
06-06 14:41:13.547 1427 1427 E droid.bluetoot: [0606/144113.547051:ERROR:message_loop_thread.cc(102)] DoInThreadDelayed: message loop is null for thread bt_main_thread(-1), from pc:0xc86b853f
06-06 14:41:13.547 1427 1427 E droid.bluetoot: [0606/144113.547205:ERROR:btu_task.cc(94)] do_in_main_thread: failed from pc:0xc86b853f
06-06 14:41:13.547 1427 1427 E droid.bluetoot: [0606/144113.547263:ERROR:message_loop_thread.cc(102)] DoInThreadDelayed: message loop is null for thread bt_main_thread(-1), from pc:0xc86b853f
06-06 14:41:13.547 1427 1427 E droid.bluetoot: [0606/144113.547317:ERROR:btu_task.cc(94)] do_in_main_thread: failed from pc:0xc86b853f
06-06 14:41:13.547 1427 1427 E droid.bluetoot: [0606/144113.547367:ERROR:message_loop_thread.cc(102)] DoInThreadDelayed: message loop is null for thread bt_main_thread(-1), from pc:0xc86b853f
06-06 14:41:13.547 1427 1427 E droid.bluetoot: [0606/144113.547420:ERROR:btu_task.cc(94)] do_in_main_thread: failed from pc:0xc86b853f
06-06 14:41:13.549 1427 1427 D BluetoothKeystoreService: initJni()
06-06 14:41:13.550 1427 1427 I bt_btif : system/bt/btif/src/bluetooth.cc:417 get_profile_interface: get_profile_interface: id = bluetooth_keystore
06-06 14:41:13.550 1492 1492 V GraphicsEnvironment: ANGLE Developer option for 'com.android.managedprovisioning' set to: 'default'
06-06 14:41:13.550 1492 1492 V GraphicsEnvironment: Neither updatable production driver nor prerelease driver is supported.
06-06 14:41:13.551 1427 1427 I bt_btif : system/bt/btif/src/bluetooth.cc:417 get_profile_interface: get_profile_interface: id = sdp
06-06 14:41:13.553 1492 1492 D NetworkSecurityConfig: No Network Security Config specified, using platform default
06-06 14:41:13.553 1492 1492 D NetworkSecurityConfig: No Network Security Config specified, using platform default
06-06 14:41:13.553 1427 1427 D BluetoothDatabase: start()
06-06 14:41:13.570 1427 1427 D BluetoothDatabase: Load Database
06-06 14:41:13.571 1427 1427 I BluetoothAdapterService: Phone policy enabled
06-06 14:41:13.574 1427 1427 D BluetoothActiveDeviceManager: start()
06-06 14:41:13.576 1492 1492 I CarUiInstaller: CarUiInstaller started for com.android.managedprovisioning
06-06 14:41:13.593 479 502 D WifiNl80211Manager: Scan result ready event
06-06 14:41:13.593 1427 1563 D BluetoothActiveDeviceManager: onAudioDevicesAdded
06-06 14:41:13.593 479 502 D WifiNative: Scan result ready event
