06-06 14:43:47.048 1164 1164 D bbb : onStartCommand begin !!!!!!! data分区剩余 24691MB
06-06 14:43:47.491 659 659 E WifiHAL : wifi_get_link_stats: requestResponse Error:-5
06-06 14:43:47.494 479 606 E WifiVendorHal: getWifiLinkLayerStats_1_5_Internal(l.1191) failed {.code = ERROR_INVALID_ARGS, .description = }
06-06 14:43:47.507 479 529 W IorapForwardingService: No service published for: iorapd
06-06 14:43:48.330 3008 3075 D nStackXCoAP: IsInSameNetwork:[276] :IsInSameNetwork exec
06-06 14:43:48.330 3008 3075 I nStackXDFinder: GetLocalInterfaceDetail:[461] :GetLocalInterfaceDetail in
06-06 14:43:48.330 3008 3075 E nStackXCoAP: IsInSameNetwork:[281] :IsInSameNetwork: not priority process
06-06 14:43:48.330 3008 3075 D nStackXCoAP: ParseServiceDiscover:[330] :new device join
06-06 14:43:48.330 3008 3075 E nStackXDFinder: GetLocalIp:[401] :GetLocalIp exec
06-06 14:43:48.421 3008 3075 D nStackXCoAP: IsInSameNetwork:[276] :IsInSameNetwork exec
06-06 14:43:48.421 3008 3075 I nStackXDFinder: GetLocalInterfaceDetail:[461] :GetLocalInterfaceDetail in
06-06 14:43:48.421 3008 3075 E nStackXCoAP: IsInSameNetwork:[281] :IsInSameNetwork: not priority process
06-06 14:43:48.421 3008 3075 D nStackXCoAP: ParseServiceDiscover:[330] :new device join
06-06 14:43:48.421 3008 3075 E nStackXDFinder: GetLocalIp:[401] :GetLocalIp exec
06-06 14:43:48.509 479 529 W IorapForwardingService: No service published for: iorapd
06-06 14:43:49.512 479 529 W IorapForwardingService: No service published for: iorapd
06-06 14:43:50.509 659 659 E WifiHAL : wifi_get_link_stats: requestResponse Error:-5
06-06 14:43:50.511 479 606 E WifiVendorHal: getWifiLinkLayerStats_1_5_Internal(l.1191) failed {.code = ERROR_INVALID_ARGS, .description = }
06-06 14:43:50.515 479 529 W IorapForwardingService: No service published for: iorapd
06-06 14:43:51.517 479 529 W IorapForwardingService: No service published for: iorapd
06-06 14:43:51.895 247 247 D audio_hw_primary: out_standby
06-06 14:43:52.418 3008 3075 D nStackXCoAP: IsInSameNetwork:[276] :IsInSameNetwork exec
06-06 14:43:52.418 3008 3075 I nStackXDFinder: GetLocalInterfaceDetail:[461] :GetLocalInterfaceDetail in
06-06 14:43:52.418 3008 3075 E nStackXCoAP: IsInSameNetwork:[281] :IsInSameNetwork: not priority process
06-06 14:43:52.418 3008 3075 D nStackXCoAP: ParseServiceDiscover:[330] :new device join
06-06 14:43:52.418 3008 3075 E nStackXDFinder: GetLocalIp:[401] :GetLocalIp exec
06-06 14:43:52.520 479 529 W IorapForwardingService: No service published for: iorapd
06-06 14:43:53.028 3008 3075 D nStackXCoAP: IsInSameNetwork:[276] :IsInSameNetwork exec
06-06 14:43:53.028 3008 3075 I nStackXDFinder: GetLocalInterfaceDetail:[461] :GetLocalInterfaceDetail in
06-06 14:43:53.028 3008 3075 E nStackXCoAP: IsInSameNetwork:[281] :IsInSameNetwork: not priority process
06-06 14:43:53.028 3008 3075 D nStackXCoAP: ParseServiceDiscover:[330] :new device join
06-06 14:43:53.029 3008 3075 E nStackXDFinder: GetLocalIp:[401] :GetLocalIp exec
06-06 14:43:53.522 479 529 W IorapForwardingService: No service published for: iorapd
06-06 14:43:53.529 659 659 E WifiHAL : wifi_get_link_stats: requestResponse Error:-5
06-06 14:43:53.531 479 606 E WifiVendorHal: getWifiLinkLayerStats_1_5_Internal(l.1191) failed {.code = ERROR_INVALID_ARGS, .description = }
06-06 14:43:54.525 479 529 W IorapForwardingService: No service published for: iorapd
06-06 14:43:55.082 1121 1121 D aaa : LedStatusService onStartCommand begin
06-06 14:43:55.083 1164 1164 D bbb : onStartCommand begin !!!!!!! data分区剩余 24691MB
06-06 14:43:55.083 1121 3244 D aaa : topPkg is -------------- :com.dangbei.haqusetting
06-06 14:43:55.527 479 529 W IorapForwardingService: No service published for: iorapd
06-06 14:43:56.529 479 529 W IorapForwardingService: No service published for: iorapd
06-06 14:43:56.549 659 659 E WifiHAL : wifi_get_link_stats: requestResponse Error:-5
06-06 14:43:56.551 479 606 E WifiVendorHal: getWifiLinkLayerStats_1_5_Internal(l.1191) failed {.code = ERROR_INVALID_ARGS, .description = }
06-06 14:43:56.770 264 294 D hdmi-cec: receive invalid cec message!
06-06 14:43:56.770 264 294 D hdmi-cec: receive poll message [04], skip!
06-06 14:43:56.804 2874 2883 I gbei.screencas: Background concurrent copying GC freed 49341(5995KB) AllocSpace objects, 8(160KB) LOS objects, 49% free, 6130KB/11MB, paused 118us total 152.831ms
06-06 14:43:56.997 1927 2052 D UtilLog : 日志批量上报 进行正常循环 !!!!!!本次有0次请求,共0条数据
06-06 14:43:57.532 479 529 W IorapForwardingService: No service published for: iorapd
06-06 14:43:58.534 479 529 W IorapForwardingService: No service published for: iorapd
06-06 14:43:59.536 479 529 W IorapForwardingService: No service published for: iorapd
06-06 14:43:59.565 659 659 E WifiHAL : wifi_get_link_stats: requestResponse Error:-5
06-06 14:43:59.568 479 606 E WifiVendorHal: getWifiLinkLayerStats_1_5_Internal(l.1191) failed {.code = ERROR_INVALID_ARGS, .description = }
06-06 14:44:00.069 3008 3075 D nStackXCoAP: CoapMessageHandler:[133] :2.01
06-06 14:44:00.070 3008 3075 D nStackXCoAP: CoapMessageHandler:[133] :2.01
06-06 14:44:00.070 3008 3075 D nStackXCoAP: CoapMessageHandler:[133] :2.01
06-06 14:44:00.539 479 529 W IorapForwardingService: No service published for: iorapd
06-06 14:44:00.720 3008 3075 D nStackXCoAP: CoapMessageHandler:[133] :2.01
06-06 14:44:00.903 3008 3075 D nStackXCoAP: CoapMessageHandler:[133] :2.01
06-06 14:44:01.279 400 3246 I adbd : host-17: write thread spawning
06-06 14:44:01.279 400 3245 I adbd : host-17: read thread spawning
06-06 14:44:01.541 479 529 W IorapForwardingService: No service published for: iorapd
06-06 14:44:01.603 400 400 I adbd : host-17: already offline
06-06 14:44:01.604 400 400 I adbd : authentication not required
06-06 14:44:01.924 184 184 I logd : logdr: UID=2000 GID=2000 PID=3247 b tail=0 logMask=99 pid=0 start=0ns deadline=0ns
06-06 14:44:02.543 479 529 W IorapForwardingService: No service published for: iorapd
06-06 14:44:02.585 659 659 E WifiHAL : wifi_get_link_stats: requestResponse Error:-5
06-06 14:44:02.589 479 606 E WifiVendorHal: getWifiLinkLayerStats_1_5_Internal(l.1191) failed {.code = ERROR_INVALID_ARGS, .description = }
06-06 14:44:02.949 315 2585 D XM_HIDREAD: poll ret=1, event=1
06-06 14:44:02.950 315 2585 D XM_HIDREAD: [9 bytes]:01 00 00 4F 00 00 00 00 00
06-06 14:44:02.950 479 595 D TvWindowManager: key event key = KEYCODE_DPAD_RIGHT down = true
06-06 14:44:02.959 479 594 D GpioService: mFlickerEnable = true
06-06 14:44:02.960 2239 2239 I SogouIME: onKeyDown: keyoCode=22
06-06 14:44:02.960 2239 2239 I DefaultIMS: onKeyDown: keyoCode=22
06-06 14:44:02.960 247 2597 D audio_hw_primary: start_output_stream out->format : 0x00000000
06-06 14:44:02.960 247 2597 V audio_hw_primary: start_output_stream, line: 1503
06-06 14:44:02.960 247 2597 V audio_hw_primary: use AUDIO_HDMI to playback audio
06-06 14:44:02.960 247 2597 D audio_hw_primary: open card=3, port=0
06-06 14:44:02.960 247 2597 D audio_hw_primary: config:2 44100 960 2 0 5760 1 0
06-06 14:44:02.960 247 2597 D audio_hw_primary: set_raw_flag(card=3, raw_flag=1)
06-06 14:44:02.961 247 2597 D audio_hw_primary: set_raw_flag control_name = audio data format control_value PCM)
06-06 14:44:02.962 247 2597 V audio_hw_primary: do not use out resampler
06-06 14:44:02.983 285 455 D AudioFlinger: mixer(0xeb89b140) throttle end: throttle time(10)
06-06 14:44:03.117 1164 1164 D bbb : onStartCommand begin !!!!!!! data分区剩余 24691MB
06-06 14:44:03.119 1121 1121 D aaa : LedStatusService onStartCommand begin
06-06 14:44:03.120 1121 3259 D aaa : topPkg is -------------- :com.dangbei.haqusetting
06-06 14:44:03.151 315 2585 D XM_HIDREAD: poll ret=1, event=1
06-06 14:44:03.151 315 2585 D XM_HIDREAD: [9 bytes]:01 00 00 00 00 00 00 00 00
06-06 14:44:03.151 479 595 D TvWindowManager: key event key = KEYCODE_DPAD_RIGHT down = false
06-06 14:44:03.153 2239 2239 I SogouIME: onKeyUp: keyoCode=22
06-06 14:44:03.153 2239 2239 I DefaultIMS: onKeyUp: keyoCode=22
06-06 14:44:03.545 479 529 W IorapForwardingService: No service published for: iorapd
06-06 14:44:04.355 315 2585 D XM_HIDREAD: poll ret=1, event=1
06-06 14:44:04.355 315 2585 D XM_HIDREAD: [9 bytes]:01 00 00 29 00 00 00 00 00
06-06 14:44:04.355 479 595 D TvWindowManager: key event key = KEYCODE_BACK down = true
06-06 14:44:04.361 479 594 D GpioService: mFlickerEnable = true
06-06 14:44:04.467 315 2585 D XM_HIDREAD: poll ret=1, event=1
06-06 14:44:04.467 315 2585 D XM_HIDREAD: [9 bytes]:01 00 00 00 00 00 00 00 00
06-06 14:44:04.467 479 595 D TvWindowManager: key event key = KEYCODE_BACK down = false
06-06 14:44:04.469 479 528 D AutofillManagerService: onBackKeyPressed()
06-06 14:44:04.505 479 594 D GpioService: mFlickerEnable = true
06-06 14:44:04.507 2239 2239 I SogouIME: onKeyDown: keyoCode=4
06-06 14:44:04.508 2239 2239 I DefaultIMS: onKeyDown: keyoCode=4
06-06 14:44:04.510 2239 2239 I SogouIME: onKeyUp: keyoCode=4
06-06 14:44:04.510 2239 2239 I DefaultIMS: onKeyUp: keyoCode=4
06-06 14:44:04.547 479 529 W IorapForwardingService: No service published for: iorapd
06-06 14:44:05.389 315 2585 D XM_HIDREAD: poll ret=1, event=1
06-06 14:44:05.390 315 2585 D XM_HIDREAD: [9 bytes]:01 00 00 51 00 00 00 00 00
06-06 14:44:05.390 479 595 D TvWindowManager: key event key = KEYCODE_DPAD_DOWN down = true
06-06 14:44:05.399 479 594 D GpioService: mFlickerEnable = true
06-06 14:44:05.535 315 2585 D XM_HIDREAD: poll ret=1, event=1
06-06 14:44:05.536 315 2585 D XM_HIDREAD: [9 bytes]:01 00 00 00 00 00 00 00 00
06-06 14:44:05.536 479 595 D TvWindowManager: key event key = KEYCODE_DPAD_DOWN down = false
06-06 14:44:05.541 479 594 D GpioService: mFlickerEnable = true
06-06 14:44:05.542 2239 2239 I SogouIME: onKeyDown: keyoCode=20
06-06 14:44:05.542 2239 2239 I DefaultIMS: onKeyDown: keyoCode=20
06-06 14:44:05.547 2239 2239 I SogouIME: onKeyUp: keyoCode=20
06-06 14:44:05.547 2239 2239 I DefaultIMS: onKeyUp: keyoCode=20
06-06 14:44:05.549 479 529 W IorapForwardingService: No service published for: iorapd
06-06 14:44:05.569 2239 2239 I DefaultIMS: onStartInput attribute=android.view.inputmethod.EditorInfo@52bc3f9 restarting=false inputType: 0
06-06 14:44:05.605 659 659 E WifiHAL : wifi_get_link_stats: requestResponse Error:-5
06-06 14:44:05.607 479 606 E WifiVendorHal: getWifiLinkLayerStats_1_5_Internal(l.1191) failed {.code = ERROR_INVALID_ARGS, .description = }
06-06 14:44:05.940 315 2585 D XM_HIDREAD: poll ret=1, event=1
06-06 14:44:05.940 315 2585 D XM_HIDREAD: [9 bytes]:01 00 00 28 00 00 00 00 00
06-06 14:44:05.941 479 595 D TvWindowManager: key event key = KEYCODE_DPAD_CENTER down = true
06-06 14:44:05.950 479 594 D GpioService: mFlickerEnable = true
06-06 14:44:06.077 315 2585 D XM_HIDREAD: poll ret=1, event=1
06-06 14:44:06.077 315 2585 D XM_HIDREAD: [9 bytes]:01 00 00 00 00 00 00 00 00
06-06 14:44:06.077 479 595 D TvWindowManager: key event key = KEYCODE_DPAD_CENTER down = false
06-06 14:44:06.091 479 594 D GpioService: mFlickerEnable = true
06-06 14:44:06.092 2239 2239 I SogouIME: onKeyDown: keyoCode=23
06-06 14:44:06.092 2239 2239 I DefaultIMS: onKeyDown: keyoCode=23
06-06 14:44:06.094 2239 2239 I SogouIME: onKeyUp: keyoCode=23
06-06 14:44:06.094 2239 2239 I DefaultIMS: onKeyUp: keyoCode=23
06-06 14:44:06.118 2621 2621 E requestAreaAutoInfo: requestAreaAutoInfo: 1 LeafItemBean{leafFunctionTag='leaf_system_function_system_time_area_area_auto', leafFragmentTag='', ViewType=2, leafExtraInfoTag='', titleResId=2131755045, subTitle='null', subTitleResId=2131755045, switchOn=true, radioOn=false, valueBean=null, updateBean=null, netBean=null, blueToothBean=null}
06-06 14:44:06.180 2239 2239 I DefaultIMS: onStartInput attribute=android.view.inputmethod.EditorInfo@4ee7f3e restarting=false inputType: 0
06-06 14:44:06.551 479 529 W IorapForwardingService: No service published for: iorapd
06-06 14:44:06.785 315 2585 D XM_HIDREAD: poll ret=1, event=1
06-06 14:44:06.785 315 2585 D XM_HIDREAD: [9 bytes]:01 00 00 51 00 00 00 00 00
06-06 14:44:06.785 479 595 D TvWindowManager: key event key = KEYCODE_DPAD_DOWN down = true
06-06 14:44:06.795 479 594 D GpioService: mFlickerEnable = true
06-06 14:44:06.935 479 594 D GpioService: mFlickerEnable = true
06-06 14:44:06.936 2239 2239 I SogouIME: onKeyDown: keyoCode=20
06-06 14:44:06.936 2239 2239 I DefaultIMS: onKeyDown: keyoCode=20
06-06 14:44:06.952 2239 2239 I DefaultIMS: onStartInput attribute=android.view.inputmethod.EditorInfo@c45419f restarting=false inputType: 0
06-06 14:44:06.953 315 2585 D XM_HIDREAD: poll ret=1, event=1
06-06 14:44:06.953 315 2585 D XM_HIDREAD: [9 bytes]:01 00 00 00 00 00 00 00 00
06-06 14:44:06.954 479 595 D TvWindowManager: key event key = KEYCODE_DPAD_DOWN down = false
06-06 14:44:06.956 2239 2239 I SogouIME: onKeyUp: keyoCode=20
06-06 14:44:06.956 2239 2239 I DefaultIMS: onKeyUp: keyoCode=20
06-06 14:44:07.036 1927 2052 D UtilLog : 日志批量上报 进行正常循环 !!!!!!本次有0次请求,共0条数据
06-06 14:44:07.044 315 2585 D XM_HIDREAD: poll ret=1, event=1
06-06 14:44:07.044 315 2585 D XM_HIDREAD: [9 bytes]:01 00 00 51 00 00 00 00 00
06-06 14:44:07.044 479 595 D TvWindowManager: key event key = KEYCODE_DPAD_DOWN down = true
06-06 14:44:07.053 479 594 D GpioService: mFlickerEnable = true
06-06 14:44:07.196 479 594 D GpioService: mFlickerEnable = true
06-06 14:44:07.199 2239 2239 I SogouIME: onKeyDown: keyoCode=20
06-06 14:44:07.199 2239 2239 I DefaultIMS: onKeyDown: keyoCode=20
06-06 14:44:07.223 315 2585 D XM_HIDREAD: poll ret=1, event=1
06-06 14:44:07.223 315 2585 D XM_HIDREAD: [9 bytes]:01 00 00 00 00 00 00 00 00
06-06 14:44:07.224 479 595 D TvWindowManager: key event key = KEYCODE_DPAD_DOWN down = false
06-06 14:44:07.228 2239 2239 I SogouIME: onKeyUp: keyoCode=20
06-06 14:44:07.228 2239 2239 I DefaultIMS: onKeyUp: keyoCode=20
06-06 14:44:07.233 2239 2239 I DefaultIMS: onStartInput attribute=android.view.inputmethod.EditorInfo@37592ec restarting=false inputType: 0
06-06 14:44:07.325 315 2585 D XM_HIDREAD: poll ret=1, event=1
06-06 14:44:07.325 315 2585 D XM_HIDREAD: [9 bytes]:01 00 00 51 00 00 00 00 00
06-06 14:44:07.325 479 595 D TvWindowManager: key event key = KEYCODE_DPAD_DOWN down = true
06-06 14:44:07.334 479 594 D GpioService: mFlickerEnable = true
06-06 14:44:07.475 479 991 W ZramWriteback: Writeback device is not set
06-06 14:44:07.475 479 991 D ZramWriteback: wait to flush
06-06 14:44:07.475 479 594 D GpioService: mFlickerEnable = true
06-06 14:44:07.476 2239 2239 I SogouIME: onKeyDown: keyoCode=20
06-06 14:44:07.476 2239 2239 I DefaultIMS: onKeyDown: keyoCode=20
06-06 14:44:07.488 2239 2239 I DefaultIMS: onStartInput attribute=android.view.inputmethod.EditorInfo@a5ba6b5 restarting=false inputType: 0
06-06 14:44:07.493 315 2585 D XM_HIDREAD: poll ret=1, event=1
06-06 14:44:07.493 315 2585 D XM_HIDREAD: [9 bytes]:01 00 00 00 00 00 00 00 00
06-06 14:44:07.493 479 595 D TvWindowManager: key event key = KEYCODE_DPAD_DOWN down = false
06-06 14:44:07.495 2239 2239 I SogouIME: onKeyUp: keyoCode=20
06-06 14:44:07.496 2239 2239 I DefaultIMS: onKeyUp: keyoCode=20
06-06 14:44:07.554 479 529 W IorapForwardingService: No service published for: iorapd
06-06 14:44:08.057 315 2585 D XM_HIDREAD: poll ret=1, event=1
06-06 14:44:08.057 315 2585 D XM_HIDREAD: [9 bytes]:01 00 00 28 00 00 00 00 00
06-06 14:44:08.057 479 595 D TvWindowManager: key event key = KEYCODE_DPAD_CENTER down = true
06-06 14:44:08.067 479 594 D GpioService: mFlickerEnable = true
06-06 14:44:08.179 315 2585 D XM_HIDREAD: poll ret=1, event=1
06-06 14:44:08.179 315 2585 D XM_HIDREAD: [9 bytes]:01 00 00 00 00 00 00 00 00
06-06 14:44:08.180 479 595 D TvWindowManager: key event key = KEYCODE_DPAD_CENTER down = false
06-06 14:44:08.207 479 594 D GpioService: mFlickerEnable = true
06-06 14:44:08.209 2239 2239 I SogouIME: onKeyDown: keyoCode=23
06-06 14:44:08.210 2239 2239 I DefaultIMS: onKeyDown: keyoCode=23
06-06 14:44:08.213 2239 2239 I SogouIME: onKeyUp: keyoCode=23
06-06 14:44:08.213 2239 2239 I DefaultIMS: onKeyUp: keyoCode=23
06-06 14:44:08.555 479 529 W IorapForwardingService: No service published for: iorapd
06-06 14:44:08.623 659 659 E WifiHAL : wifi_get_link_stats: requestResponse Error:-5
06-06 14:44:08.626 479 606 E WifiVendorHal: getWifiLinkLayerStats_1_5_Internal(l.1191) failed {.code = ERROR_INVALID_ARGS, .description = }
06-06 14:44:08.910 315 2585 D XM_HIDREAD: poll ret=1, event=1
06-06 14:44:08.910 315 2585 D XM_HIDREAD: [9 bytes]:01 00 00 28 00 00 00 00 00
06-06 14:44:08.911 479 595 D TvWindowManager: key event key = KEYCODE_DPAD_CENTER down = true
06-06 14:44:08.919 479 594 D GpioService: mFlickerEnable = true
06-06 14:44:09.047 315 2585 D XM_HIDREAD: poll ret=1, event=1
06-06 14:44:09.047 315 2585 D XM_HIDREAD: [9 bytes]:01 00 00 00 00 00 00 00 00
06-06 14:44:09.048 479 595 D TvWindowManager: key event key = KEYCODE_DPAD_CENTER down = false
06-06 14:44:09.061 479 594 D GpioService: mFlickerEnable = true
06-06 14:44:09.062 2239 2239 I SogouIME: onKeyDown: keyoCode=23
06-06 14:44:09.062 2239 2239 I DefaultIMS: onKeyDown: keyoCode=23
06-06 14:44:09.063 2239 2239 I SogouIME: onKeyUp: keyoCode=23
06-06 14:44:09.064 2239 2239 I DefaultIMS: onKeyUp: keyoCode=23
06-06 14:44:09.069 1095 1114 E etna : doSettings: {"code":4}
06-06 14:44:09.070 1095 1343 E find : getCacheWeatherCode1 =false
06-06 14:44:09.073 1095 1343 E find : getCacheWeatherCode =null
06-06 14:44:09.156 1095 1343 E hq : WeatherRefresh:::请求网络地址后,更新的地理位置为:101280601
06-06 14:44:09.157 1095 1343 E find : TYPE_ETNA_LOCAL_UPDATE CALLBACK=101280601
06-06 14:44:09.158 1095 1343 D yc_test : refreshWeather: 101280601
06-06 14:44:09.208 1095 1095 E martin : 组件:2025-06-06
06-06 14:44:09.210 1095 1095 E weatherWidget: dataChange:Fri Jun 06 14:44:09 GMT+08:00 2025
06-06 14:44:09.558 479 529 W IorapForwardingService: No service published for: iorapd
06-06 14:44:10.182 315 2585 D XM_HIDREAD: poll ret=1, event=1
06-06 14:44:10.182 315 2585 D XM_HIDREAD: [9 bytes]:01 00 00 28 00 00 00 00 00
06-06 14:44:10.182 479 595 D TvWindowManager: key event key = KEYCODE_DPAD_CENTER down = true
06-06 14:44:10.187 479 594 D GpioService: mFlickerEnable = true
06-06 14:44:10.332 479 594 D GpioService: mFlickerEnable = true
06-06 14:44:10.333 2239 2239 I SogouIME: onKeyDown: keyoCode=23
06-06 14:44:10.334 2239 2239 I DefaultIMS: onKeyDown: keyoCode=23
06-06 14:44:10.351 315 2585 D XM_HIDREAD: poll ret=1, event=1
06-06 14:44:10.351 315 2585 D XM_HIDREAD: [9 bytes]:01 00 00 00 00 00 00 00 00
06-06 14:44:10.351 479 595 D TvWindowManager: key event key = KEYCODE_DPAD_CENTER down = false
06-06 14:44:10.356 2239 2239 I SogouIME: onKeyUp: keyoCode=23
06-06 14:44:10.356 2239 2239 I DefaultIMS: onKeyUp: keyoCode=23
06-06 14:44:10.561 479 529 W IorapForwardingService: No service published for: iorapd
06-06 14:44:10.654 1039 1212 E ccc : cccccc sendCycleCheckBroadcast
06-06 14:44:10.654 1039 1212 W ContextImpl: Calling a method in the system process without a qualified user: android.app.ContextImpl.sendBroadcast:1173 android.content.ContextWrapper.sendBroadcast:479 com.dangbei.etna.setting.core.SettingHelper.sendCycleToProjector:250 com.dangbei.etna.setting.core.SettingHelper.sendCycleCheckBroadcast:219 com.dangbei.etna.setting.core.SettingHelper.startLoop$lambda-0:177
06-06 14:44:10.656 1039 1212 W ContextImpl: Calling a method in the system process without a qualified user: android.app.ContextImpl.sendBroadcast:1173 android.content.ContextWrapper.sendBroadcast:479 com.dangbei.etna.setting.core.SettingHelper.sendCycleToVoice:235 com.dangbei.etna.setting.core.SettingHelper.sendCycleCheckBroadcast:220 com.dangbei.etna.setting.core.SettingHelper.startLoop$lambda-0:177
06-06 14:44:10.661 479 1372 E ActivityManager: Sending non-protected broadcast com.dangbei.etna.setting.action_cycle_check_broadcast from system 1039:com.dangbei.lerad.etna.haqu/1000 pkg com.dangbei.lerad.etna.haqu
06-06 14:44:10.661 479 1372 E ActivityManager: java.lang.Throwable
06-06 14:44:10.661 479 1372 E ActivityManager: at com.android.server.am.ActivityManagerService.checkBroadcastFromSystem(ActivityManagerService.java:12816)
06-06 14:44:10.661 479 1372 E ActivityManager: at com.android.server.am.ActivityManagerService.broadcastIntentLocked(ActivityManagerService.java:13513)
06-06 14:44:10.661 479 1372 E ActivityManager: at com.android.server.am.ActivityManagerService.broadcastIntentLocked(ActivityManagerService.java:12833)
06-06 14:44:10.661 479 1372 E ActivityManager: at com.android.server.am.ActivityManagerService.broadcastIntentWithFeature(ActivityManagerService.java:13670)
06-06 14:44:10.661 479 1372 E ActivityManager: at android.app.IActivityManager$Stub.onTransact(IActivityManager.java:2326)
06-06 14:44:10.661 479 1372 E ActivityManager: at com.android.server.am.ActivityManagerService.onTransact(ActivityManagerService.java:2509)
06-06 14:44:10.661 479 1372 E ActivityManager: at android.os.Binder.execTransactInternal(Binder.java:1184)
06-06 14:44:10.661 479 1372 E ActivityManager: at android.os.Binder.execTransact(Binder.java:1143)
06-06 14:44:10.667 479 537 I DropBoxManagerService: add tag=system_server_wtf isTagEnabled=true flags=0x2
06-06 14:44:10.674 1215 1215 D RockyVoice: RestartReceiver onReceive
06-06 14:44:10.711 315 2585 D XM_HIDREAD: poll ret=1, event=1
06-06 14:44:10.711 315 2585 D XM_HIDREAD: [9 bytes]:01 00 00 51 00 00 00 00 00
06-06 14:44:10.711 479 595 D TvWindowManager: key event key = KEYCODE_DPAD_DOWN down = true
06-06 14:44:10.723 479 594 D GpioService: mFlickerEnable = true
06-06 14:44:10.848 3008 3075 D nStackXCoAP: CoapMessageHandler:[133] :2.01
06-06 14:44:10.861 479 594 D GpioService: mFlickerEnable = true
06-06 14:44:10.863 2239 2239 I SogouIME: onKeyDown: keyoCode=20
06-06 14:44:10.863 2239 2239 I DefaultIMS: onKeyDown: keyoCode=20
06-06 14:44:10.889 2239 2239 I DefaultIMS: onStartInput attribute=android.view.inputmethod.EditorInfo@acf514a restarting=false inputType: 0
06-06 14:44:10.903 315 2585 D XM_HIDREAD: poll ret=1, event=1
06-06 14:44:10.903 315 2585 D XM_HIDREAD: [9 bytes]:01 00 00 00 00 00 00 00 00
06-06 14:44:10.904 479 595 D TvWindowManager: key event key = KEYCODE_DPAD_DOWN down = false
06-06 14:44:10.908 2239 2239 I SogouIME: onKeyUp: keyoCode=20
06-06 14:44:10.908 2239 2239 I DefaultIMS: onKeyUp: keyoCode=20
06-06 14:44:11.118 1164 1164 D bbb : onStartCommand begin !!!!!!! data分区剩余 24691MB
06-06 14:44:11.121 1121 1121 D aaa : LedStatusService onStartCommand begin
06-06 14:44:11.123 1121 3273 D aaa : topPkg is -------------- :com.dangbei.haqusetting
06-06 14:44:11.341 315 2585 D XM_HIDREAD: poll ret=1, event=1
06-06 14:44:11.341 315 2585 D XM_HIDREAD: [9 bytes]:01 00 00 28 00 00 00 00 00
06-06 14:44:11.342 479 595 D TvWindowManager: key event key = KEYCODE_DPAD_CENTER down = true
06-06 14:44:11.352 479 594 D GpioService: mFlickerEnable = true
06-06 14:44:11.453 315 2585 D XM_HIDREAD: poll ret=1, event=1
06-06 14:44:11.453 315 2585 D XM_HIDREAD: [9 bytes]:01 00 00 00 00 00 00 00 00
06-06 14:44:11.453 479 595 D TvWindowManager: key event key = KEYCODE_DPAD_CENTER down = false
06-06 14:44:11.463 1039 1207 E dangbei111: cccccc 检查遥控器是否连接: Dangbei E4:BB:D3:57:C0:22
06-06 14:44:11.464 1039 1207 E dangbei111: cccccc 检查遥控器是否连接: 蓝牙的结果 Dangbei E4:BB:D3:57:C0:22 true
06-06 14:44:11.465 1039 1207 E dangbei111: cccccc 确实有遥控器 存在 取消check任务
06-06 14:44:11.465 1039 1207 E dangbei111: cccccc rc is connected, stop scan =E4:BB:D3:57:C0:22
06-06 14:44:11.492 479 594 D GpioService: mFlickerEnable = true
06-06 14:44:11.493 2239 2239 I SogouIME: onKeyDown: keyoCode=23
06-06 14:44:11.494 2239 2239 I DefaultIMS: onKeyDown: keyoCode=23
06-06 14:44:11.496 2239 2239 I SogouIME: onKeyUp: keyoCode=23
06-06 14:44:11.496 2239 2239 I DefaultIMS: onKeyUp: keyoCode=23
06-06 14:44:11.512 479 1372 I ActivityStarter: ---START u0 {cmp=com.dangbei.haqusetting/.ui.leaf.ui.system.timearea.area.LeafWholeAreaSetActivity (has extras)} from uid 1000
06-06 14:44:11.521 263 263 I AW_PowerHAL: Power setMode: LAUNCH to: 1
06-06 14:44:11.538 263 263 I AW_PowerHAL: cur-mode:LAUNCH
06-06 14:44:11.547 479 1372 W ActivityTaskManager: Tried to set launchTime (0) < mLastActivityLaunchTime (47528)
06-06 14:44:11.547 479 1372 D AW_CODE : rotation =0
06-06 14:44:11.562 479 529 W IorapForwardingService: No service published for: iorapd
06-06 14:44:11.580 290 290 I BpBinder: onLastStrongRef automatically unlinking death recipients:
06-06 14:44:11.639 659 659 E WifiHAL : wifi_get_link_stats: requestResponse Error:-5
06-06 14:44:11.641 479 606 E WifiVendorHal: getWifiLinkLayerStats_1_5_Internal(l.1191) failed {.code = ERROR_INVALID_ARGS, .description = }
06-06 14:44:11.655 674 674 D TvPipController: onTaskStackChanged()
06-06 14:44:11.656 257 292 I gralloc : alloc buffer:W:1920 H:1080 S:1920 PL[1920 1080] SZ:8294400 fmt:1 if:0 af:1 usg:20000b00 fg:00000004
06-06 14:44:11.658 257 292 I gralloc : alloc buffer:W:1920 H:1080 S:1920 PL[1920 1080] SZ:8294400 fmt:1 if:0 af:1 usg:20000b00 fg:00000004
06-06 14:44:11.660 257 292 I gralloc : alloc buffer:W:1920 H:1080 S:1920 PL[1920 1080] SZ:8294400 fmt:1 if:0 af:1 usg:20000b00 fg:00000004
06-06 14:44:11.715 479 527 I ActivityTaskManager: +++Displayed com.dangbei.haqusetting/.ui.leaf.ui.system.timearea.area.LeafWholeAreaSetActivity: +202ms
06-06 14:44:11.726 263 263 I AW_PowerHAL: Power setMode: LAUNCH to: 0
06-06 14:44:11.731 263 263 I AW_PowerHAL: cur-mode:SCHEDUTIL
06-06 14:44:11.752 2239 2239 I DefaultIMS: onStartInput attribute=android.view.inputmethod.EditorInfo@e4658bb restarting=false inputType: 0
06-06 14:44:11.796 264 294 D hdmi-cec: receive invalid cec message!
06-06 14:44:11.796 264 294 D hdmi-cec: receive poll message [04], skip!
06-06 14:44:12.564 479 529 W IorapForwardingService: No service published for: iorapd
06-06 14:44:12.690 315 2585 D XM_HIDREAD: poll ret=1, event=1
06-06 14:44:12.690 315 2585 D XM_HIDREAD: [9 bytes]:01 00 00 51 00 00 00 00 00
06-06 14:44:12.691 479 595 D TvWindowManager: key event key = KEYCODE_DPAD_DOWN down = true
06-06 14:44:12.696 479 594 D GpioService: mFlickerEnable = true
06-06 14:44:12.825 315 2585 D XM_HIDREAD: poll ret=1, event=1
06-06 14:44:12.825 315 2585 D XM_HIDREAD: [9 bytes]:01 00 00 00 00 00 00 00 00
06-06 14:44:12.826 479 595 D TvWindowManager: key event key = KEYCODE_DPAD_DOWN down = false
06-06 14:44:12.841 479 594 D GpioService: mFlickerEnable = true
06-06 14:44:12.843 2239 2239 I SogouIME: onKeyDown: keyoCode=20
06-06 14:44:12.843 2239 2239 I DefaultIMS: onKeyDown: keyoCode=20
06-06 14:44:12.847 2239 2239 I SogouIME: onKeyUp: keyoCode=20
06-06 14:44:12.848 2239 2239 I DefaultIMS: onKeyUp: keyoCode=20
06-06 14:44:12.880 2239 2239 I DefaultIMS: onStartInput attribute=android.view.inputmethod.EditorInfo@e9ef1d8 restarting=false inputType: 0
06-06 14:44:13.151 315 2585 D XM_HIDREAD: poll ret=1, event=1
06-06 14:44:13.151 315 2585 D XM_HIDREAD: [9 bytes]:01 00 00 51 00 00 00 00 00
06-06 14:44:13.152 479 595 D TvWindowManager: key event key = KEYCODE_DPAD_DOWN down = true
06-06 14:44:13.157 479 594 D GpioService: mFlickerEnable = true
06-06 14:44:13.276 315 2585 D XM_HIDREAD: poll ret=1, event=1
06-06 14:44:13.276 315 2585 D XM_HIDREAD: [9 bytes]:01 00 00 00 00 00 00 00 00
06-06 14:44:13.276 479 595 D TvWindowManager: key event key = KEYCODE_DPAD_DOWN down = false
06-06 14:44:13.302 479 594 D GpioService: mFlickerEnable = true
06-06 14:44:13.304 2239 2239 I SogouIME: onKeyDown: keyoCode=20
06-06 14:44:13.304 2239 2239 I DefaultIMS: onKeyDown: keyoCode=20
06-06 14:44:13.309 2239 2239 I SogouIME: onKeyUp: keyoCode=20
06-06 14:44:13.309 2239 2239 I DefaultIMS: onKeyUp: keyoCode=20
06-06 14:44:13.332 2239 2239 I DefaultIMS: onStartInput attribute=android.view.inputmethod.EditorInfo@c6cf931 restarting=false inputType: 0
06-06 14:44:13.365 315 2585 D XM_HIDREAD: poll ret=1, event=1
06-06 14:44:13.365 315 2585 D XM_HIDREAD: [9 bytes]:01 00 00 51 00 00 00 00 00
06-06 14:44:13.366 479 595 D TvWindowManager: key event key = KEYCODE_DPAD_DOWN down = true
06-06 14:44:13.369 479 594 D GpioService: mFlickerEnable = true
06-06 14:44:13.511 315 2585 D XM_HIDREAD: poll ret=1, event=1
06-06 14:44:13.512 315 2585 D XM_HIDREAD: [9 bytes]:01 00 00 00 00 00 00 00 00
06-06 14:44:13.512 479 595 D TvWindowManager: key event key = KEYCODE_DPAD_DOWN down = false
06-06 14:44:13.517 479 594 D GpioService: mFlickerEnable = true
06-06 14:44:13.518 2239 2239 I SogouIME: onKeyDown: keyoCode=20
06-06 14:44:13.518 2239 2239 I DefaultIMS: onKeyDown: keyoCode=20
06-06 14:44:13.525 2239 2239 I SogouIME: onKeyUp: keyoCode=20
06-06 14:44:13.525 2239 2239 I DefaultIMS: onKeyUp: keyoCode=20
06-06 14:44:13.533 2239 2239 I DefaultIMS: onStartInput attribute=android.view.inputmethod.EditorInfo@b393816 restarting=false inputType: 0
06-06 14:44:13.570 479 529 W IorapForwardingService: No service published for: iorapd
06-06 14:44:13.602 315 2585 D XM_HIDREAD: poll ret=1, event=1
06-06 14:44:13.602 315 2585 D XM_HIDREAD: [9 bytes]:01 00 00 51 00 00 00 00 00
06-06 14:44:13.602 479 595 D TvWindowManager: key event key = KEYCODE_DPAD_DOWN down = true
06-06 14:44:13.611 479 594 D GpioService: mFlickerEnable = true
06-06 14:44:13.703 315 2585 D XM_HIDREAD: poll ret=1, event=1
06-06 14:44:13.703 315 2585 D XM_HIDREAD: [9 bytes]:01 00 00 00 00 00 00 00 00
06-06 14:44:13.704 479 595 D TvWindowManager: key event key = KEYCODE_DPAD_DOWN down = false
06-06 14:44:13.711 1927 2051 I TDLog : [APP] New data found, Submitting...
06-06 14:44:13.726 1927 2051 I TDLog : [APP] Failed to submit data!
06-06 14:44:13.753 479 594 D GpioService: mFlickerEnable = true
06-06 14:44:13.754 2239 2239 I SogouIME: onKeyDown: keyoCode=20
06-06 14:44:13.754 2239 2239 I DefaultIMS: onKeyDown: keyoCode=20
06-06 14:44:13.757 2239 2239 I SogouIME: onKeyUp: keyoCode=20
06-06 14:44:13.757 2239 2239 I DefaultIMS: onKeyUp: keyoCode=20
06-06 14:44:13.773 2239 2239 I DefaultIMS: onStartInput attribute=android.view.inputmethod.EditorInfo@d77c597 restarting=false inputType: 0
06-06 14:44:13.800 3008 3075 D nStackXCoAP: CoapMessageHandler:[133] :2.01
06-06 14:44:13.805 315 2585 D XM_HIDREAD: poll ret=1, event=1
06-06 14:44:13.805 315 2585 D XM_HIDREAD: [9 bytes]:01 00 00 51 00 00 00 00 00
06-06 14:44:13.807 479 595 D TvWindowManager: key event key = KEYCODE_DPAD_DOWN down = true
06-06 14:44:13.814 479 594 D GpioService: mFlickerEnable = true
06-06 14:44:13.928 315 2585 D XM_HIDREAD: poll ret=1, event=1
06-06 14:44:13.928 315 2585 D XM_HIDREAD: [9 bytes]:01 00 00 00 00 00 00 00 00
06-06 14:44:13.929 479 595 D TvWindowManager: key event key = KEYCODE_DPAD_DOWN down = false
06-06 14:44:13.954 479 594 D GpioService: mFlickerEnable = true
06-06 14:44:13.958 2239 2239 I SogouIME: onKeyDown: keyoCode=20
06-06 14:44:13.958 2239 2239 I DefaultIMS: onKeyDown: keyoCode=20
06-06 14:44:13.977 2239 2239 I SogouIME: onKeyUp: keyoCode=20
06-06 14:44:13.977 2239 2239 I DefaultIMS: onKeyUp: keyoCode=20
06-06 14:44:13.984 2239 2239 I DefaultIMS: onStartInput attribute=android.view.inputmethod.EditorInfo@3fd5384 restarting=false inputType: 0
06-06 14:44:14.565 479 1064 E TaskPersister: File error accessing recents directory (directory doesn't exist?).
06-06 14:44:14.572 479 529 W IorapForwardingService: No service published for: iorapd
06-06 14:44:14.627 315 2585 D XM_HIDREAD: poll ret=1, event=1
06-06 14:44:14.627 315 2585 D XM_HIDREAD: [9 bytes]:01 00 00 51 00 00 00 00 00
06-06 14:44:14.627 479 595 D TvWindowManager: key event key = KEYCODE_DPAD_DOWN down = true
06-06 14:44:14.638 479 594 D GpioService: mFlickerEnable = true
06-06 14:44:14.657 659 659 E WifiHAL : wifi_get_link_stats: requestResponse Error:-5
06-06 14:44:14.659 479 606 E WifiVendorHal: getWifiLinkLayerStats_1_5_Internal(l.1191) failed {.code = ERROR_INVALID_ARGS, .description = }
06-06 14:44:14.778 479 594 D GpioService: mFlickerEnable = true
06-06 14:44:14.780 2239 2239 I SogouIME: onKeyDown: keyoCode=20
06-06 14:44:14.780 2239 2239 I DefaultIMS: onKeyDown: keyoCode=20
06-06 14:44:14.794 315 2585 D XM_HIDREAD: poll ret=1, event=1
06-06 14:44:14.795 315 2585 D XM_HIDREAD: [9 bytes]:01 00 00 00 00 00 00 00 00
06-06 14:44:14.795 479 595 D TvWindowManager: key event key = KEYCODE_DPAD_DOWN down = false
06-06 14:44:14.798 2239 2239 I SogouIME: onKeyUp: keyoCode=20
06-06 14:44:14.798 2239 2239 I DefaultIMS: onKeyUp: keyoCode=20
06-06 14:44:14.816 2239 2239 I DefaultIMS: onStartInput attribute=android.view.inputmethod.EditorInfo@e66f76d restarting=false inputType: 0
06-06 14:44:14.896 315 2585 D XM_HIDREAD: poll ret=1, event=1
06-06 14:44:14.896 315 2585 D XM_HIDREAD: [9 bytes]:01 00 00 51 00 00 00 00 00
06-06 14:44:14.897 479 595 D TvWindowManager: key event key = KEYCODE_DPAD_DOWN down = true
06-06 14:44:14.908 479 594 D GpioService: mFlickerEnable = true
06-06 14:44:15.030 315 2585 D XM_HIDREAD: poll ret=1, event=1
06-06 14:44:15.031 315 2585 D XM_HIDREAD: [9 bytes]:01 00 00 00 00 00 00 00 00
06-06 14:44:15.031 479 595 D TvWindowManager: key event key = KEYCODE_DPAD_DOWN down = false
06-06 14:44:15.047 479 594 D GpioService: mFlickerEnable = true
06-06 14:44:15.057 2239 2239 I SogouIME: onKeyDown: keyoCode=20
06-06 14:44:15.057 2239 2239 I DefaultIMS: onKeyDown: keyoCode=20
06-06 14:44:15.080 2239 2239 I SogouIME: onKeyUp: keyoCode=20
06-06 14:44:15.080 2239 2239 I DefaultIMS: onKeyUp: keyoCode=20
06-06 14:44:15.082 2239 2239 I DefaultIMS: onStartInput attribute=android.view.inputmethod.EditorInfo@c88bfa2 restarting=false inputType: 0
06-06 14:44:15.143 315 2585 D XM_HIDREAD: poll ret=1, event=1
06-06 14:44:15.143 315 2585 D XM_HIDREAD: [9 bytes]:01 00 00 51 00 00 00 00 00
06-06 14:44:15.145 479 595 D TvWindowManager: key event key = KEYCODE_DPAD_DOWN down = true
06-06 14:44:15.156 479 594 D GpioService: mFlickerEnable = true
06-06 14:44:15.266 315 2585 D XM_HIDREAD: poll ret=1, event=1
06-06 14:44:15.267 315 2585 D XM_HIDREAD: [9 bytes]:01 00 00 00 00 00 00 00 00
06-06 14:44:15.267 479 595 D TvWindowManager: key event key = KEYCODE_DPAD_DOWN down = false
06-06 14:44:15.294 479 594 D GpioService: mFlickerEnable = true
06-06 14:44:15.306 2239 2239 I SogouIME: onKeyDown: keyoCode=20
06-06 14:44:15.307 2239 2239 I DefaultIMS: onKeyDown: keyoCode=20
06-06 14:44:15.317 2239 2239 I SogouIME: onKeyUp: keyoCode=20
06-06 14:44:15.317 2239 2239 I DefaultIMS: onKeyUp: keyoCode=20
06-06 14:44:15.336 2239 2239 I DefaultIMS: onStartInput attribute=android.view.inputmethod.EditorInfo@9e92433 restarting=false inputType: 0
06-06 14:44:15.357 315 2585 D XM_HIDREAD: poll ret=1, event=1
06-06 14:44:15.357 315 2585 D XM_HIDREAD: [9 bytes]:01 00 00 51 00 00 00 00 00
06-06 14:44:15.357 479 595 D TvWindowManager: key event key = KEYCODE_DPAD_DOWN down = true
06-06 14:44:15.363 479 594 D GpioService: mFlickerEnable = true
06-06 14:44:15.458 315 2585 D XM_HIDREAD: poll ret=1, event=1
06-06 14:44:15.458 315 2585 D XM_HIDREAD: [9 bytes]:01 00 00 00 00 00 00 00 00
06-06 14:44:15.459 479 595 D TvWindowManager: key event key = KEYCODE_DPAD_DOWN down = false
06-06 14:44:15.508 479 594 D GpioService: mFlickerEnable = true
06-06 14:44:15.529 2239 2239 I SogouIME: onKeyDown: keyoCode=20
06-06 14:44:15.529 2239 2239 I DefaultIMS: onKeyDown: keyoCode=20
06-06 14:44:15.553 2239 2239 I SogouIME: onKeyUp: keyoCode=20
06-06 14:44:15.553 2239 2239 I DefaultIMS: onKeyUp: keyoCode=20
06-06 14:44:15.572 2239 2239 I DefaultIMS: onStartInput attribute=android.view.inputmethod.EditorInfo@3be23f0 restarting=false inputType: 0
06-06 14:44:15.575 479 529 W IorapForwardingService: No service published for: iorapd
06-06 14:44:15.593 479 1372 I WifiService: startScan uid=1000
06-06 14:44:16.133 315 2585 D XM_HIDREAD: poll ret=1, event=1
06-06 14:44:16.133 315 2585 D XM_HIDREAD: [9 bytes]:01 00 00 52 00 00 00 00 00
06-06 14:44:16.134 479 595 D TvWindowManager: key event key = KEYCODE_DPAD_UP down = true
06-06 14:44:16.145 479 594 D GpioService: mFlickerEnable = true
06-06 14:44:16.147 2239 2239 I SogouIME: onKeyDown: keyoCode=19
06-06 14:44:16.147 2239 2239 I DefaultIMS: onKeyDown: keyoCode=19
06-06 14:44:16.171 2239 2239 I DefaultIMS: onStartInput attribute=android.view.inputmethod.EditorInfo@2889d69 restarting=false inputType: 0
06-06 14:44:16.256 315 2585 D XM_HIDREAD: poll ret=1, event=1
06-06 14:44:16.256 315 2585 D XM_HIDREAD: [9 bytes]:01 00 00 00 00 00 00 00 00
06-06 14:44:16.257 479 595 D TvWindowManager: key event key = KEYCODE_DPAD_UP down = false
06-06 14:44:16.259 2239 2239 I SogouIME: onKeyUp: keyoCode=19
06-06 14:44:16.259 2239 2239 I DefaultIMS: onKeyUp: keyoCode=19
06-06 14:44:16.380 315 2585 D XM_HIDREAD: poll ret=1, event=1
06-06 14:44:16.380 315 2585 D XM_HIDREAD: [9 bytes]:01 00 00 52 00 00 00 00 00
06-06 14:44:16.380 479 595 D TvWindowManager: key event key = KEYCODE_DPAD_UP down = true
06-06 14:44:16.389 479 594 D GpioService: mFlickerEnable = true
06-06 14:44:16.391 2239 2239 I SogouIME: onKeyDown: keyoCode=19
06-06 14:44:16.391 2239 2239 I DefaultIMS: onKeyDown: keyoCode=19
06-06 14:44:16.411 2239 2239 I DefaultIMS: onStartInput attribute=android.view.inputmethod.EditorInfo@c5733ee restarting=false inputType: 0
06-06 14:44:16.505 479 595 D TvWindowManager: key event key = KEYCODE_DPAD_UP down = false
06-06 14:44:16.506 315 2585 D XM_HIDREAD: poll ret=1, event=1
06-06 14:44:16.506 315 2585 D XM_HIDREAD: [9 bytes]:01 00 00 00 00 00 00 00 00
06-06 14:44:16.509 2239 2239 I SogouIME: onKeyUp: keyoCode=19
06-06 14:44:16.509 2239 2239 I DefaultIMS: onKeyUp: keyoCode=19
06-06 14:44:16.578 479 529 W IorapForwardingService: No service published for: iorapd
06-06 14:44:17.025 1927 2052 D UtilLog : 日志批量上报 进行正常循环 !!!!!!本次有0次请求,共0条数据
06-06 14:44:17.314 315 2585 D XM_HIDREAD: poll ret=1, event=1
06-06 14:44:17.314 315 2585 D XM_HIDREAD: [9 bytes]:01 00 00 51 00 00 00 00 00
06-06 14:44:17.314 479 595 D TvWindowManager: key event key = KEYCODE_DPAD_DOWN down = true
06-06 14:44:17.326 479 594 D GpioService: mFlickerEnable = true
06-06 14:44:17.381 479 806 D WifiNl80211Manager: Scan result ready event
06-06 14:44:17.381 479 806 D WifiNative: Scan result ready event
06-06 14:44:17.439 2621 2678 E ccc : cccccc SCAN_RESULTS_AVAILABLE_ACTION hhhh
06-06 14:44:17.439 1095 1095 E hq : NetWorkStateReceiver:::NetWorkStateReceiver onReceive: 网络变化广播 >>>> intent.action=android.net.wifi.SCAN_RESULTS
06-06 14:44:17.452 659 659 E WifiHAL : wifi_get_link_stats: requestResponse Error:-5
06-06 14:44:17.453 479 606 E WifiVendorHal: getWifiLinkLayerStats_1_5_Internal(l.1191) failed {.code = ERROR_INVALID_ARGS, .description = }
06-06 14:44:17.465 479 594 D GpioService: mFlickerEnable = true
06-06 14:44:17.467 2239 2239 I SogouIME: onKeyDown: keyoCode=20
06-06 14:44:17.468 2239 2239 I DefaultIMS: onKeyDown: keyoCode=20
06-06 14:44:17.472 315 2585 D XM_HIDREAD: poll ret=1, event=1
06-06 14:44:17.472 315 2585 D XM_HIDREAD: [9 bytes]:01 00 00 00 00 00 00 00 00
06-06 14:44:17.473 479 595 D TvWindowManager: key event key = KEYCODE_DPAD_DOWN down = false
06-06 14:44:17.476 2239 2239 I SogouIME: onKeyUp: keyoCode=20
06-06 14:44:17.476 2239 2239 I DefaultIMS: onKeyUp: keyoCode=20
06-06 14:44:17.494 2239 2239 I DefaultIMS: onStartInput attribute=android.view.inputmethod.EditorInfo@b07d08f restarting=false inputType: 0
06-06 14:44:17.494 1095 1095 W eventbuscore: post Event:com.dangbei.leard.base.entity.event.NetWifiRssiEvent
06-06 14:44:17.580 479 529 W IorapForwardingService: No service published for: iorapd
06-06 14:44:17.673 659 659 E WifiHAL : wifi_get_link_stats: requestResponse Error:-5
06-06 14:44:17.675 479 606 E WifiVendorHal: getWifiLinkLayerStats_1_5_Internal(l.1191) failed {.code = ERROR_INVALID_ARGS, .description = }
06-06 14:44:18.557 1095 3284 I dangbei ad sdk: ad manager report data::cache data size=0
06-06 14:44:18.563 315 2585 D XM_HIDREAD: poll ret=1, event=1
06-06 14:44:18.563 315 2585 D XM_HIDREAD: [9 bytes]:01 00 00 4F 00 00 00 00 00
06-06 14:44:18.563 479 595 D TvWindowManager: key event key = KEYCODE_DPAD_RIGHT down = true
06-06 14:44:18.572 479 594 D GpioService: mFlickerEnable = true
06-06 14:44:18.573 2239 2239 I SogouIME: onKeyDown: keyoCode=22
06-06 14:44:18.574 2239 2239 I DefaultIMS: onKeyDown: keyoCode=22
06-06 14:44:18.577 2239 2239 I DefaultIMS: onStartInput attribute=android.view.inputmethod.EditorInfo@1798f1c restarting=false inputType: 0
06-06 14:44:18.582 479 529 W IorapForwardingService: No service published for: iorapd
06-06 14:44:18.755 315 2585 D XM_HIDREAD: poll ret=1, event=1
06-06 14:44:18.756 315 2585 D XM_HIDREAD: [9 bytes]:01 00 00 00 00 00 00 00 00
06-06 14:44:18.756 479 595 D TvWindowManager: key event key = KEYCODE_DPAD_RIGHT down = false
06-06 14:44:18.759 2239 2239 I SogouIME: onKeyUp: keyoCode=22
06-06 14:44:18.759 2239 2239 I DefaultIMS: onKeyUp: keyoCode=22
06-06 14:44:19.046 2874 2883 I gbei.screencas: Background concurrent copying GC freed 60775(5804KB) AllocSpace objects, 4(80KB) LOS objects, 49% free, 6005KB/11MB, paused 259us total 145.030ms
06-06 14:44:19.173 1164 1164 D bbb : onStartCommand begin !!!!!!! data分区剩余 24691MB
06-06 14:44:19.179 1121 1121 D aaa : LedStatusService onStartCommand begin
06-06 14:44:19.181 1121 3296 D aaa : topPkg is -------------- :com.dangbei.haqusetting
06-06 14:44:19.213 1095 3285 D dangbei ad sdk: HttpUtils.....::response={"msg":"no available advert","code":200}
06-06 14:44:19.585 479 529 W IorapForwardingService: No service published for: iorapd
06-06 14:44:19.722 315 2585 D XM_HIDREAD: poll ret=1, event=1
06-06 14:44:19.722 315 2585 D XM_HIDREAD: [9 bytes]:01 00 00 50 00 00 00 00 00
06-06 14:44:19.722 479 595 D TvWindowManager: key event key = KEYCODE_DPAD_LEFT down = true
06-06 14:44:19.734 479 594 D GpioService: mFlickerEnable = true
06-06 14:44:19.736 2239 2239 I SogouIME: onKeyDown: keyoCode=21
06-06 14:44:19.736 2239 2239 I DefaultIMS: onKeyDown: keyoCode=21
06-06 14:44:19.746 2239 2239 I DefaultIMS: onStartInput attribute=android.view.inputmethod.EditorInfo@604a725 restarting=false inputType: 0
06-06 14:44:19.913 315 2585 D XM_HIDREAD: poll ret=1, event=1
06-06 14:44:19.913 315 2585 D XM_HIDREAD: [9 bytes]:01 00 00 00 00 00 00 00 00
06-06 14:44:19.913 479 595 D TvWindowManager: key event key = KEYCODE_DPAD_LEFT down = false
06-06 14:44:19.916 2239 2239 I SogouIME: onKeyUp: keyoCode=21
06-06 14:44:19.916 2239 2239 I DefaultIMS: onKeyUp: keyoCode=21
06-06 14:44:20.213 3008 3075 D nStackXCoAP: CoapMessageHandler:[133] :2.01
06-06 14:44:20.261 755 765 I rkstack.proces: Background concurrent copying GC freed 762951(23MB) AllocSpace objects, 20(1200KB) LOS objects, 49% free, 3134KB/6268KB, paused 180us total 130.307ms
06-06 14:44:20.295 315 2585 D XM_HIDREAD: poll ret=1, event=1
06-06 14:44:20.295 315 2585 D XM_HIDREAD: [9 bytes]:01 00 00 52 00 00 00 00 00
06-06 14:44:20.295 479 595 D TvWindowManager: key event key = KEYCODE_DPAD_UP down = true
06-06 14:44:20.301 479 594 D GpioService: mFlickerEnable = true
06-06 14:44:20.302 2239 2239 I SogouIME: onKeyDown: keyoCode=19
06-06 14:44:20.302 2239 2239 I DefaultIMS: onKeyDown: keyoCode=19
06-06 14:44:20.332 2239 2239 I DefaultIMS: onStartInput attribute=android.view.inputmethod.EditorInfo@686a0fa restarting=false inputType: 0
06-06 14:44:20.419 315 2585 D XM_HIDREAD: poll ret=1, event=1
06-06 14:44:20.419 315 2585 D XM_HIDREAD: [9 bytes]:01 00 00 00 00 00 00 00 00
06-06 14:44:20.419 479 595 D TvWindowManager: key event key = KEYCODE_DPAD_UP down = false
06-06 14:44:20.427 2239 2239 I SogouIME: onKeyUp: keyoCode=19
06-06 14:44:20.427 2239 2239 I DefaultIMS: onKeyUp: keyoCode=19
06-06 14:44:20.588 479 529 W IorapForwardingService: No service published for: iorapd
06-06 14:44:20.692 659 659 E WifiHAL : wifi_get_link_stats: requestResponse Error:-5
06-06 14:44:20.695 479 606 E WifiVendorHal: getWifiLinkLayerStats_1_5_Internal(l.1191) failed {.code = ERROR_INVALID_ARGS, .description = }
06-06 14:44:21.342 315 2585 D XM_HIDREAD: poll ret=1, event=1
06-06 14:44:21.342 315 2585 D XM_HIDREAD: [9 bytes]:01 00 00 4F 00 00 00 00 00
06-06 14:44:21.343 479 595 D TvWindowManager: key event key = KEYCODE_DPAD_RIGHT down = true
06-06 14:44:21.353 479 594 D GpioService: mFlickerEnable = true
06-06 14:44:21.354 2239 2239 I SogouIME: onKeyDown: keyoCode=22
06-06 14:44:21.355 2239 2239 I DefaultIMS: onKeyDown: keyoCode=22
06-06 14:44:21.358 2239 2239 I DefaultIMS: onStartInput attribute=android.view.inputmethod.EditorInfo@7bae6ab restarting=false inputType: 0
06-06 14:44:21.488 315 2585 D XM_HIDREAD: poll ret=1, event=1
06-06 14:44:21.488 315 2585 D XM_HIDREAD: [9 bytes]:01 00 00 00 00 00 00 00 00
06-06 14:44:21.489 479 595 D TvWindowManager: key event key = KEYCODE_DPAD_RIGHT down = false
06-06 14:44:21.493 2239 2239 I SogouIME: onKeyUp: keyoCode=22
06-06 14:44:21.493 2239 2239 I DefaultIMS: onKeyUp: keyoCode=22
06-06 14:44:21.590 479 529 W IorapForwardingService: No service published for: iorapd
06-06 14:44:22.185 315 2585 D XM_HIDREAD: poll ret=1, event=1
06-06 14:44:22.186 315 2585 D XM_HIDREAD: [9 bytes]:01 00 00 51 00 00 00 00 00
06-06 14:44:22.186 479 595 D TvWindowManager: key event key = KEYCODE_DPAD_DOWN down = true
06-06 14:44:22.197 479 594 D GpioService: mFlickerEnable = true
06-06 14:44:22.332 315 2585 D XM_HIDREAD: poll ret=1, event=1
06-06 14:44:22.332 315 2585 D XM_HIDREAD: [9 bytes]:01 00 00 00 00 00 00 00 00
06-06 14:44:22.332 479 595 D TvWindowManager: key event key = KEYCODE_DPAD_DOWN down = false
06-06 14:44:22.337 479 594 D GpioService: mFlickerEnable = true
06-06 14:44:22.340 2239 2239 I SogouIME: onKeyDown: keyoCode=20
06-06 14:44:22.340 2239 2239 I DefaultIMS: onKeyDown: keyoCode=20
06-06 14:44:22.345 2239 2239 I SogouIME: onKeyUp: keyoCode=20
06-06 14:44:22.345 2239 2239 I DefaultIMS: onKeyUp: keyoCode=20
06-06 14:44:22.375 2239 2239 I DefaultIMS: onStartInput attribute=android.view.inputmethod.EditorInfo@1e8108 restarting=false inputType: 0
06-06 14:44:22.593 479 529 W IorapForwardingService: No service published for: iorapd
06-06 14:44:22.873 315 2585 D XM_HIDREAD: poll ret=1, event=1
06-06 14:44:22.873 315 2585 D XM_HIDREAD: [9 bytes]:01 00 00 51 00 00 00 00 00
06-06 14:44:22.873 479 595 D TvWindowManager: key event key = KEYCODE_DPAD_DOWN down = true
06-06 14:44:22.883 479 594 D GpioService: mFlickerEnable = true
06-06 14:44:23.023 479 594 D GpioService: mFlickerEnable = true
06-06 14:44:23.025 2239 2239 I SogouIME: onKeyDown: keyoCode=20
06-06 14:44:23.025 2239 2239 I DefaultIMS: onKeyDown: keyoCode=20
06-06 14:44:23.040 315 2585 D XM_HIDREAD: poll ret=1, event=1
06-06 14:44:23.040 315 2585 D XM_HIDREAD: [9 bytes]:01 00 00 00 00 00 00 00 00
06-06 14:44:23.040 479 595 D TvWindowManager: key event key = KEYCODE_DPAD_DOWN down = false
06-06 14:44:23.056 2239 2239 I SogouIME: onKeyUp: keyoCode=20
06-06 14:44:23.057 2239 2239 I DefaultIMS: onKeyUp: keyoCode=20
06-06 14:44:23.062 2239 2239 I DefaultIMS: onStartInput attribute=android.view.inputmethod.EditorInfo@c7d90a1 restarting=false inputType: 0
06-06 14:44:23.209 315 2585 D XM_HIDREAD: poll ret=1, event=1
06-06 14:44:23.209 315 2585 D XM_HIDREAD: [9 bytes]:01 00 00 51 00 00 00 00 00
06-06 14:44:23.209 479 595 D TvWindowManager: key event key = KEYCODE_DPAD_DOWN down = true
06-06 14:44:23.221 479 594 D GpioService: mFlickerEnable = true
06-06 14:44:23.333 315 2585 D XM_HIDREAD: poll ret=1, event=1
06-06 14:44:23.333 315 2585 D XM_HIDREAD: [9 bytes]:01 00 00 00 00 00 00 00 00
06-06 14:44:23.333 479 595 D TvWindowManager: key event key = KEYCODE_DPAD_DOWN down = false
06-06 14:44:23.360 479 594 D GpioService: mFlickerEnable = true
06-06 14:44:23.362 2239 2239 I SogouIME: onKeyDown: keyoCode=20
06-06 14:44:23.362 2239 2239 I DefaultIMS: onKeyDown: keyoCode=20
06-06 14:44:23.370 2239 2239 I SogouIME: onKeyUp: keyoCode=20
06-06 14:44:23.370 2239 2239 I DefaultIMS: onKeyUp: keyoCode=20
06-06 14:44:23.394 2239 2239 I DefaultIMS: onStartInput attribute=android.view.inputmethod.EditorInfo@10dd2c6 restarting=false inputType: 0
06-06 14:44:23.595 479 529 W IorapForwardingService: No service published for: iorapd
06-06 14:44:23.614 315 2585 D XM_HIDREAD: poll ret=1, event=1
06-06 14:44:23.614 315 2585 D XM_HIDREAD: [9 bytes]:01 00 00 51 00 00 00 00 00
06-06 14:44:23.614 479 595 D TvWindowManager: key event key = KEYCODE_DPAD_DOWN down = true
06-06 14:44:23.624 479 594 D GpioService: mFlickerEnable = true
06-06 14:44:23.709 659 659 E WifiHAL : wifi_get_link_stats: requestResponse Error:-5
06-06 14:44:23.712 479 606 E WifiVendorHal: getWifiLinkLayerStats_1_5_Internal(l.1191) failed {.code = ERROR_INVALID_ARGS, .description = }
06-06 14:44:23.765 479 594 D GpioService: mFlickerEnable = true
06-06 14:44:23.768 2239 2239 I SogouIME: onKeyDown: keyoCode=20
06-06 14:44:23.768 2239 2239 I DefaultIMS: onKeyDown: keyoCode=20
06-06 14:44:23.772 315 2585 D XM_HIDREAD: poll ret=1, event=1
06-06 14:44:23.772 315 2585 D XM_HIDREAD: [9 bytes]:01 00 00 00 00 00 00 00 00
06-06 14:44:23.772 479 595 D TvWindowManager: key event key = KEYCODE_DPAD_DOWN down = false
06-06 14:44:23.776 2239 2239 I SogouIME: onKeyUp: keyoCode=20
06-06 14:44:23.776 2239 2239 I DefaultIMS: onKeyUp: keyoCode=20
06-06 14:44:23.794 2239 2239 I DefaultIMS: onStartInput attribute=android.view.inputmethod.EditorInfo@43f4287 restarting=false inputType: 0
06-06 14:44:23.929 315 2585 D XM_HIDREAD: poll ret=1, event=1
06-06 14:44:23.929 315 2585 D XM_HIDREAD: [9 bytes]:01 00 00 51 00 00 00 00 00
06-06 14:44:23.929 479 595 D TvWindowManager: key event key = KEYCODE_DPAD_DOWN down = true
06-06 14:44:23.940 479 594 D GpioService: mFlickerEnable = true
06-06 14:44:24.080 479 594 D GpioService: mFlickerEnable = true
06-06 14:44:24.081 2239 2239 I SogouIME: onKeyDown: keyoCode=20
06-06 14:44:24.081 2239 2239 I DefaultIMS: onKeyDown: keyoCode=20
06-06 14:44:24.098 315 2585 D XM_HIDREAD: poll ret=1, event=1
06-06 14:44:24.098 315 2585 D XM_HIDREAD: [9 bytes]:01 00 00 00 00 00 00 00 00
06-06 14:44:24.098 479 595 D TvWindowManager: key event key = KEYCODE_DPAD_DOWN down = false
06-06 14:44:24.100 2239 2239 I SogouIME: onKeyUp: keyoCode=20
06-06 14:44:24.101 2239 2239 I DefaultIMS: onKeyUp: keyoCode=20
06-06 14:44:24.112 2239 2239 I DefaultIMS: onStartInput attribute=android.view.inputmethod.EditorInfo@9ea5b4 restarting=false inputType: 0
