06-06 14:41:04.604 371 478 D MediaCodecInfo: detail feature-tunneled-playback wasn't present to remove
06-06 14:41:04.604 382 382 W omx_vdec: <__AwOmxVdecGetExtensionIndex:1737>: GetExtensionIndex OMX.google.android.index.storeANWBufferInMetadata, err [0x80001001].
06-06 14:41:04.604 382 382 W omx_vdec_aw: <__anSetExtPara:3011>: Setparameter: unknown param 2131755011
06-06 14:41:04.604 382 382 W OMXNodeInstance: [0xe8ebb000:allwinner.decoder.avc] component does not support metadata mode; using fallback
06-06 14:41:04.604 382 706 W libc : invalid pthread_t (0) passed to pthread_join
06-06 14:41:04.604 382 706 W libc : invalid pthread_t (0) passed to pthread_join
06-06 14:41:04.604 382 706 W libc : invalid pthread_t (0) passed to pthread_join
06-06 14:41:04.600 326 326 I rainbow_flow: type=1400 audit(0.0:316): avc: denied { ioctl } for path="/dev/spidev1.0" dev="tmpfs" ino=1879 ioctlcmd=0x6b00 scontext=u:r:init:s0 tcontext=u:object_r:device:s0 tclass=chr_file permissive=1
06-06 14:41:04.610 371 478 I OMXClient: IOmx service obtained
06-06 14:41:04.610 382 382 I OMXStore: makeComponentInstance(OMX.allwinner.video.decoder.avc.secure) in android.hardwar process
06-06 14:41:04.614 674 674 D CompatibilityChangeReporter: Compat change id reported: 171979766; UID 10061; state: ENABLED
06-06 14:41:04.617 382 382 E omx_vdec: : This platform does not support secure video playback
06-06 14:41:04.617 382 382 E omx_sem : : handle is null
06-06 14:41:04.617 382 382 E omx_sem : : handle is null
06-06 14:41:04.617 382 382 E omx_sem : : handle is null
06-06 14:41:04.617 382 382 E omx_sem : : handle is null
06-06 14:41:04.617 382 382 E omx_sem : : handle is null
06-06 14:41:04.617 382 382 W omx_vdec_aw: : pdec is null
06-06 14:41:04.617 382 382 E android.hardware.media.omx@1.0-service: Failed to allocate omx component 'OMX.allwinner.video.decoder.avc.secure' err=InvalidComponentName(0x80001002)
06-06 14:41:04.618 371 478 W OmxInfoBuilder: Fail to add media type video/avc to codec OMX.allwinner.video.decoder.avc.secure
06-06 14:41:04.620 371 478 I OMXClient: IOmx service obtained
06-06 14:41:04.620 382 382 I OMXStore: makeComponentInstance(OMX.allwinner.video.decoder.hevc) in android.hardwar process
06-06 14:41:04.621 382 382 I omx_vdec_aw: : OmxDecoderCreate.
06-06 14:41:04.622 382 382 W omx_vdec: <__AwOmxVdecSetParameter:1561>: Set Parameter called in valid state
06-06 14:41:04.623 382 382 W omx_vdec: : pParamProfileLevel->nProfileIndex[0x1] error!
06-06 14:41:04.623 382 382 E OMXNodeInstance: getParameter(0xe8ebb000:allwinner.decoder.hevc, ParamVideoProfileLevelQuerySupported(0x600000f)) ERROR: BadParameter(0x80001005)
06-06 14:41:04.624 382 382 W omx_vdec: <__AwOmxVdecGetExtensionIndex:1737>: GetExtensionIndex OMX.google.android.index.describeColorFormat, err [0x80001001].
06-06 14:41:04.624 382 382 W omx_vdec: <__AwOmxVdecGetExtensionIndex:1737>: GetExtensionIndex OMX.google.android.index.describeColorFormat2, err [0x80001001].
06-06 14:41:04.624 382 382 E omx_vdec: : erro: pParamData->nIndex > m_sPortFormatType.nIndex
06-06 14:41:04.624 382 382 W omx_vdec: <__AwOmxVdecGetExtensionIndex:1737>: GetExtensionIndex OMX.google.android.index.describeColorFormat, err [0x80001001].
06-06 14:41:04.624 382 382 W omx_vdec: <__AwOmxVdecGetExtensionIndex:1737>: GetExtensionIndex OMX.google.android.index.describeColorFormat2, err [0x80001001].
06-06 14:41:04.624 382 382 E omx_vdec: : erro: pParamData->nIndex > m_sPortFormatType.nIndex
06-06 14:41:04.624 382 382 W omx_vdec: <__AwOmxVdecGetExtensionIndex:1737>: GetExtensionIndex OMX.google.android.index.describeColorFormat, err [0x80001001].
06-06 14:41:04.625 382 382 W omx_vdec: <__AwOmxVdecGetExtensionIndex:1737>: GetExtensionIndex OMX.google.android.index.describeColorFormat2, err [0x80001001].
06-06 14:41:04.625 382 382 E omx_vdec: : erro: pParamData->nIndex > m_sPortFormatType.nIndex
06-06 14:41:04.625 382 382 W omx_vdec: <__AwOmxVdecGetExtensionIndex:1737>: GetExtensionIndex OMX.google.android.index.describeColorFormat, err [0x80001001].
06-06 14:41:04.625 382 382 W omx_vdec: <__AwOmxVdecGetExtensionIndex:1737>: GetExtensionIndex OMX.google.android.index.describeColorFormat2, err [0x80001001].
06-06 14:41:04.625 382 382 E omx_vdec: : erro: pParamData->nIndex > m_sPortFormatType.nIndex
06-06 14:41:04.625 382 382 W omx_vdec: <__AwOmxVdecGetExtensionIndex:1737>: GetExtensionIndex OMX.google.android.index.describeColorFormat, err [0x80001001].
06-06 14:41:04.625 382 382 W omx_vdec: <__AwOmxVdecGetExtensionIndex:1737>: GetExtensionIndex OMX.google.android.index.describeColorFormat2, err [0x80001001].
06-06 14:41:04.625 382 382 E omx_vdec: : erro: pParamData->nIndex > m_sPortFormatType.nIndex
06-06 14:41:04.626 382 382 W omx_vdec: <__AwOmxVdecGetExtensionIndex:1737>: GetExtensionIndex OMX.google.android.index.describeColorFormat, err [0x80001001].
06-06 14:41:04.626 382 382 W omx_vdec: <__AwOmxVdecGetExtensionIndex:1737>: GetExtensionIndex OMX.google.android.index.describeColorFormat2, err [0x80001001].
06-06 14:41:04.626 382 382 E omx_vdec: : erro: pParamData->nIndex > m_sPortFormatType.nIndex
06-06 14:41:04.626 382 382 W omx_vdec: <__AwOmxVdecGetExtensionIndex:1737>: GetExtensionIndex OMX.google.android.index.describeColorFormat, err [0x80001001].
06-06 14:41:04.626 479 479 D SystemServerTiming: RegisterAppOpsPolicy took to complete: 47ms
06-06 14:41:04.626 382 382 W omx_vdec: <__AwOmxVdecGetExtensionIndex:1737>: GetExtensionIndex OMX.google.android.index.describeColorFormat2, err [0x80001001].
06-06 14:41:04.626 382 382 E omx_vdec: : erro: pParamData->nIndex > m_sPortFormatType.nIndex
06-06 14:41:04.626 382 382 W omx_vdec: <__AwOmxVdecGetExtensionIndex:1737>: GetExtensionIndex OMX.google.android.index.describeColorFormat, err [0x80001001].
06-06 14:41:04.626 479 534 I SystemServerTimingAsync: InitThreadPoolExec:WebViewFactoryPreparation
06-06 14:41:04.627 382 382 W omx_vdec: <__AwOmxVdecGetExtensionIndex:1737>: GetExtensionIndex OMX.google.android.index.describeColorFormat2, err [0x80001001].
06-06 14:41:04.627 479 479 I SystemServerTiming: MakeNetworkManagementServiceReady
06-06 14:41:04.627 479 534 D SystemServerInitThreadPool: Started executing WebViewFactoryPreparation
06-06 14:41:04.627 479 534 I SystemServer: WebViewFactoryPreparation
06-06 14:41:04.627 479 534 I SystemServerTimingAsync: WebViewFactoryPreparation
06-06 14:41:04.627 382 382 E omx_vdec: : erro: pParamData->nIndex > m_sPortFormatType.nIndex
06-06 14:41:04.627 382 382 W omx_vdec: <__AwOmxVdecGetExtensionIndex:1737>: GetExtensionIndex OMX.google.android.index.describeColorFormat, err [0x80001001].
06-06 14:41:04.627 382 382 W omx_vdec: <__AwOmxVdecGetExtensionIndex:1737>: GetExtensionIndex OMX.google.android.index.describeColorFormat2, err [0x80001001].
06-06 14:41:04.627 382 382 E omx_vdec: : erro: pParamData->nIndex > m_sPortFormatType.nIndex
06-06 14:41:04.627 382 382 W omx_vdec: <__AwOmxVdecGetExtensionIndex:1737>: GetExtensionIndex OMX.google.android.index.describeColorFormat, err [0x80001001].
06-06 14:41:04.627 382 382 W omx_vdec: <__AwOmxVdecGetExtensionIndex:1737>: GetExtensionIndex OMX.google.android.index.describeColorFormat2, err [0x80001001].
06-06 14:41:04.627 479 479 W NetworkManagement: setDataSaverMode(): already false
06-06 14:41:04.628 382 382 E omx_vdec: : erro: pParamData->nIndex > m_sPortFormatType.nIndex
06-06 14:41:04.628 382 382 W omx_vdec: <__AwOmxVdecGetExtensionIndex:1737>: GetExtensionIndex OMX.google.android.index.describeColorFormat, err [0x80001001].
06-06 14:41:04.628 240 274 I netd : firewallSetFirewallType(1) <0.01ms>
06-06 14:41:04.628 382 382 W omx_vdec: <__AwOmxVdecGetExtensionIndex:1737>: GetExtensionIndex OMX.google.android.index.describeColorFormat2, err [0x80001001].
06-06 14:41:04.628 382 382 E omx_vdec: : erro: pParamData->nIndex > m_sPortFormatType.nIndex
06-06 14:41:04.628 382 382 W omx_vdec: <__AwOmxVdecGetExtensionIndex:1737>: GetExtensionIndex OMX.google.android.index.describeColorFormat, err [0x80001001].
06-06 14:41:04.628 382 382 W omx_vdec: <__AwOmxVdecGetExtensionIndex:1737>: GetExtensionIndex OMX.google.android.index.describeColorFormat2, err [0x80001001].
06-06 14:41:04.628 382 382 E omx_vdec: : erro: pParamData->nIndex > m_sPortFormatType.nIndex
06-06 14:41:04.629 382 382 W omx_vdec: <__AwOmxVdecGetExtensionIndex:1737>: GetExtensionIndex OMX.google.android.index.describeColorFormat, err [0x80001001].
06-06 14:41:04.629 382 382 W omx_vdec: <__AwOmxVdecGetExtensionIndex:1737>: GetExtensionIndex OMX.google.android.index.describeColorFormat2, err [0x80001001].
06-06 14:41:04.629 382 382 E omx_vdec: : erro: pParamData->nIndex > m_sPortFormatType.nIndex
06-06 14:41:04.629 382 382 W omx_vdec: <__AwOmxVdecGetExtensionIndex:1737>: GetExtensionIndex OMX.google.android.index.describeColorFormat, err [0x80001001].
06-06 14:41:04.629 382 382 W omx_vdec: <__AwOmxVdecGetExtensionIndex:1737>: GetExtensionIndex OMX.google.android.index.describeColorFormat2, err [0x80001001].
06-06 14:41:04.629 382 382 E omx_vdec: : erro: pParamData->nIndex > m_sPortFormatType.nIndex
06-06 14:41:04.629 382 382 W omx_vdec: <__AwOmxVdecGetExtensionIndex:1737>: GetExtensionIndex OMX.google.android.index.describeColorFormat, err [0x80001001].
06-06 14:41:04.629 382 382 W omx_vdec: <__AwOmxVdecGetExtensionIndex:1737>: GetExtensionIndex OMX.google.android.index.describeColorFormat2, err [0x80001001].
06-06 14:41:04.629 382 382 E omx_vdec: : erro: pParamData->nIndex > m_sPortFormatType.nIndex
06-06 14:41:04.629 382 382 W omx_vdec: <__AwOmxVdecGetExtensionIndex:1737>: GetExtensionIndex OMX.google.android.index.describeColorFormat, err [0x80001001].
06-06 14:41:04.630 382 382 W omx_vdec: <__AwOmxVdecGetExtensionIndex:1737>: GetExtensionIndex OMX.google.android.index.describeColorFormat2, err [0x80001001].
06-06 14:41:04.630 382 382 E omx_vdec: : erro: pParamData->nIndex > m_sPortFormatType.nIndex
06-06 14:41:04.630 382 382 W omx_vdec: <__AwOmxVdecGetExtensionIndex:1737>: GetExtensionIndex OMX.google.android.index.describeColorFormat, err [0x80001001].
06-06 14:41:04.630 382 382 W omx_vdec: <__AwOmxVdecGetExtensionIndex:1737>: GetExtensionIndex OMX.google.android.index.describeColorFormat2, err [0x80001001].
06-06 14:41:04.630 382 382 E omx_vdec: : erro: pParamData->nIndex > m_sPortFormatType.nIndex
06-06 14:41:04.630 382 382 W omx_vdec: <__AwOmxVdecGetExtensionIndex:1737>: GetExtensionIndex OMX.google.android.index.describeColorFormat, err [0x80001001].
06-06 14:41:04.630 382 382 W omx_vdec: <__AwOmxVdecGetExtensionIndex:1737>: GetExtensionIndex OMX.google.android.index.describeColorFormat2, err [0x80001001].
06-06 14:41:04.630 382 382 E omx_vdec: : erro: pParamData->nIndex > m_sPortFormatType.nIndex
06-06 14:41:04.631 382 382 W omx_vdec: <__AwOmxVdecGetExtensionIndex:1737>: GetExtensionIndex OMX.google.android.index.describeColorFormat, err [0x80001001].
06-06 14:41:04.631 382 382 W omx_vdec: <__AwOmxVdecGetExtensionIndex:1737>: GetExtensionIndex OMX.google.android.index.describeColorFormat2, err [0x80001001].
06-06 14:41:04.631 382 382 E omx_vdec: : erro: pParamData->nIndex > m_sPortFormatType.nIndex
06-06 14:41:04.631 382 382 W omx_vdec: <__AwOmxVdecGetExtensionIndex:1737>: GetExtensionIndex OMX.google.android.index.describeColorFormat, err [0x80001001].
06-06 14:41:04.631 382 382 W omx_vdec: <__AwOmxVdecGetExtensionIndex:1737>: GetExtensionIndex OMX.google.android.index.describeColorFormat2, err [0x80001001].
06-06 14:41:04.631 479 479 D SystemServerTiming: MakeNetworkManagementServiceReady took to complete: 5ms
06-06 14:41:04.631 382 382 E omx_vdec: : erro: pParamData->nIndex > m_sPortFormatType.nIndex
06-06 14:41:04.631 479 479 I SystemServerTiming: MakeIpSecServiceReady
06-06 14:41:04.631 382 382 W omx_vdec: <__AwOmxVdecGetExtensionIndex:1737>: GetExtensionIndex OMX.google.android.index.describeColorFormat, err [0x80001001].
06-06 14:41:04.631 382 382 W omx_vdec: <__AwOmxVdecGetExtensionIndex:1737>: GetExtensionIndex OMX.google.android.index.describeColorFormat2, err [0x80001001].
06-06 14:41:04.631 382 382 E omx_vdec: : erro: pParamData->nIndex > m_sPortFormatType.nIndex
06-06 14:41:04.632 382 382 W omx_vdec: <__AwOmxVdecGetExtensionIndex:1737>: GetExtensionIndex OMX.google.android.index.describeColorFormat, err [0x80001001].
06-06 14:41:04.632 382 382 W omx_vdec: <__AwOmxVdecGetExtensionIndex:1737>: GetExtensionIndex OMX.google.android.index.describeColorFormat2, err [0x80001001].
06-06 14:41:04.632 382 382 E omx_vdec: : erro: pParamData->nIndex > m_sPortFormatType.nIndex
06-06 14:41:04.632 382 382 W omx_vdec: <__AwOmxVdecGetExtensionIndex:1737>: GetExtensionIndex OMX.google.android.index.describeColorFormat, err [0x80001001].
06-06 14:41:04.632 382 382 W omx_vdec: <__AwOmxVdecGetExtensionIndex:1737>: GetExtensionIndex OMX.google.android.index.describeColorFormat2, err [0x80001001].
06-06 14:41:04.632 382 382 E omx_vdec: : erro: pParamData->nIndex > m_sPortFormatType.nIndex
06-06 14:41:04.632 382 382 W omx_vdec: <__AwOmxVdecGetExtensionIndex:1737>: GetExtensionIndex OMX.google.android.index.describeColorFormat, err [0x80001001].
06-06 14:41:04.632 382 382 W omx_vdec: <__AwOmxVdecGetExtensionIndex:1737>: GetExtensionIndex OMX.google.android.index.describeColorFormat2, err [0x80001001].
06-06 14:41:04.632 382 382 E omx_vdec: : erro: pParamData->nIndex > m_sPortFormatType.nIndex
06-06 14:41:04.633 382 382 W omx_vdec: <__AwOmxVdecGetExtensionIndex:1737>: GetExtensionIndex OMX.google.android.index.describeColorFormat, err [0x80001001].
06-06 14:41:04.633 382 382 W omx_vdec: <__AwOmxVdecGetExtensionIndex:1737>: GetExtensionIndex OMX.google.android.index.describeColorFormat2, err [0x80001001].
06-06 14:41:04.633 382 382 E omx_vdec: : erro: pParamData->nIndex > m_sPortFormatType.nIndex
06-06 14:41:04.633 382 382 W omx_vdec: <__AwOmxVdecGetExtensionIndex:1737>: GetExtensionIndex OMX.google.android.index.describeColorFormat, err [0x80001001].
06-06 14:41:04.633 382 382 W omx_vdec: <__AwOmxVdecGetExtensionIndex:1737>: GetExtensionIndex OMX.google.android.index.describeColorFormat2, err [0x80001001].
06-06 14:41:04.633 382 382 E omx_vdec: : erro: pParamData->nIndex > m_sPortFormatType.nIndex
06-06 14:41:04.633 479 534 D CompatibilityChangeReporter: Compat change id reported: 135634846; UID 1000; state: DISABLED
06-06 14:41:04.633 382 382 W omx_vdec: <__AwOmxVdecGetExtensionIndex:1737>: GetExtensionIndex OMX.google.android.index.describeColorFormat, err [0x80001001].
06-06 14:41:04.633 382 382 W omx_vdec: <__AwOmxVdecGetExtensionIndex:1737>: GetExtensionIndex OMX.google.android.index.describeColorFormat2, err [0x80001001].
06-06 14:41:04.633 382 382 E omx_vdec: : erro: pParamData->nIndex > m_sPortFormatType.nIndex
06-06 14:41:04.634 382 382 W omx_vdec: <__AwOmxVdecGetExtensionIndex:1737>: GetExtensionIndex OMX.google.android.index.describeColorFormat, err [0x80001001].
06-06 14:41:04.634 382 382 W omx_vdec: <__AwOmxVdecGetExtensionIndex:1737>: GetExtensionIndex OMX.google.android.index.describeColorFormat2, err [0x80001001].
06-06 14:41:04.634 479 534 D CompatibilityChangeReporter: Compat change id reported: 177438394; UID 1000; state: DISABLED
06-06 14:41:04.634 382 382 E omx_vdec: : erro: pParamData->nIndex > m_sPortFormatType.nIndex
06-06 14:41:04.634 382 382 W omx_vdec: <__AwOmxVdecGetExtensionIndex:1737>: GetExtensionIndex OMX.google.android.index.describeColorFormat, err [0x80001001].
06-06 14:41:04.634 382 382 W omx_vdec: <__AwOmxVdecGetExtensionIndex:1737>: GetExtensionIndex OMX.google.android.index.describeColorFormat2, err [0x80001001].
06-06 14:41:04.634 382 382 E omx_vdec: : erro: pParamData->nIndex > m_sPortFormatType.nIndex
06-06 14:41:04.634 382 382 W omx_vdec: <__AwOmxVdecGetExtensionIndex:1737>: GetExtensionIndex OMX.google.android.index.describeColorFormat, err [0x80001001].
06-06 14:41:04.634 382 382 W omx_vdec: <__AwOmxVdecGetExtensionIndex:1737>: GetExtensionIndex OMX.google.android.index.describeColorFormat2, err [0x80001001].
06-06 14:41:04.634 382 382 E omx_vdec: : erro: pParamData->nIndex > m_sPortFormatType.nIndex
06-06 14:41:04.635 382 382 W omx_vdec: <__AwOmxVdecGetExtensionIndex:1737>: GetExtensionIndex OMX.google.android.index.describeColorFormat, err [0x80001001].
06-06 14:41:04.635 382 382 W omx_vdec: <__AwOmxVdecGetExtensionIndex:1737>: GetExtensionIndex OMX.google.android.index.describeColorFormat2, err [0x80001001].
06-06 14:41:04.635 382 382 E omx_vdec: : erro: pParamData->nIndex > m_sPortFormatType.nIndex
06-06 14:41:04.635 382 382 W omx_vdec: <__AwOmxVdecGetExtensionIndex:1737>: GetExtensionIndex OMX.google.android.index.describeColorFormat, err [0x80001001].
06-06 14:41:04.635 382 382 W omx_vdec: <__AwOmxVdecGetExtensionIndex:1737>: GetExtensionIndex OMX.google.android.index.describeColorFormat2, err [0x80001001].
06-06 14:41:04.635 382 382 E omx_vdec: : erro: pParamData->nIndex > m_sPortFormatType.nIndex
06-06 14:41:04.635 382 382 W omx_vdec: <__AwOmxVdecGetExtensionIndex:1737>: GetExtensionIndex OMX.google.android.index.describeColorFormat, err [0x80001001].
06-06 14:41:04.635 240 274 I netd : isAlive() -> {true} <0.02ms>
06-06 14:41:04.635 382 382 W omx_vdec: <__AwOmxVdecGetExtensionIndex:1737>: GetExtensionIndex OMX.google.android.index.describeColorFormat2, err [0x80001001].
06-06 14:41:04.635 371 478 W ACodec : [OMX.allwinner.video.decoder.hevc] stopping checking formats after 32: COLOR_FormatYUV420Planar(13)
06-06 14:41:04.636 382 382 W omx_vdec: <__AwOmxVdecGetExtensionIndex:1737>: GetExtensionIndex OMX.google.android.index.configureVideoTunnelMode, err [0x80001001].
06-06 14:41:04.636 382 382 E OMXNodeInstance: getExtensionIndex(0xe8ebb000:allwinner.decoder.hevc, OMX.google.android.index.configureVideoTunnelMode) ERROR: Undefined(0x80001001)
06-06 14:41:04.636 371 478 D MediaCodecInfo: detail feature-tunneled-playback wasn't present to remove
06-06 14:41:04.636 382 382 W omx_vdec: <__AwOmxVdecGetExtensionIndex:1737>: GetExtensionIndex OMX.google.android.index.storeANWBufferInMetadata, err [0x80001001].
06-06 14:41:04.636 382 382 W omx_vdec_aw: <__anSetExtPara:3011>: Setparameter: unknown param 2131755011
06-06 14:41:04.636 382 382 W OMXNodeInstance: [0xe8ebb000:allwinner.decoder.hevc] component does not support metadata mode; using fallback
06-06 14:41:04.636 382 712 W libc : invalid pthread_t (0) passed to pthread_join
06-06 14:41:04.637 382 712 W libc : invalid pthread_t (0) passed to pthread_join
06-06 14:41:04.637 382 712 W libc : invalid pthread_t (0) passed to pthread_join
06-06 14:41:04.637 479 479 D IpSecService: IpSecService is ready
06-06 14:41:04.638 479 479 D SystemServerTiming: MakeIpSecServiceReady took to complete: 6ms
06-06 14:41:04.638 479 479 I SystemServerTiming: MakeNetworkStatsServiceReady
06-06 14:41:04.639 371 478 I OMXClient: IOmx service obtained
06-06 14:41:04.639 382 382 I OMXStore: makeComponentInstance(OMX.allwinner.video.decoder.hevc.secure) in android.hardwar process
06-06 14:41:04.641 382 382 E omx_vdec: : This platform does not support secure video playback
06-06 14:41:04.641 382 382 E omx_sem : : handle is null
06-06 14:41:04.641 382 382 E omx_sem : : handle is null
06-06 14:41:04.641 382 382 E omx_sem : : handle is null
06-06 14:41:04.641 382 382 E omx_sem : : handle is null
06-06 14:41:04.641 382 382 E omx_sem : : handle is null
06-06 14:41:04.641 382 382 W omx_vdec_aw: : pdec is null
06-06 14:41:04.641 382 382 E android.hardware.media.omx@1.0-service: Failed to allocate omx component 'OMX.allwinner.video.decoder.hevc.secure' err=InvalidComponentName(0x80001002)
06-06 14:41:04.641 371 478 W OmxInfoBuilder: Fail to add media type video/hevc to codec OMX.allwinner.video.decoder.hevc.secure
06-06 14:41:04.643 479 534 D CompatibilityChangeReporter: Compat change id reported: 135772972; UID 1000; state: DISABLED
06-06 14:41:04.643 479 534 D CompatibilityChangeReporter: Compat change id reported: 178038272; UID 1000; state: DISABLED
06-06 14:41:04.643 371 478 I OMXClient: IOmx service obtained
06-06 14:41:04.644 382 382 I OMXStore: makeComponentInstance(OMX.allwinner.video.decoder.mpeg2) in android.hardwar process
06-06 14:41:04.645 382 382 I omx_vdec_aw: : OmxDecoderCreate.
06-06 14:41:04.646 479 534 D SystemServerTimingAsync: WebViewFactoryPreparation took to complete: 20ms
06-06 14:41:04.647 382 382 W omx_vdec: <__AwOmxVdecSetParameter:1561>: Set Parameter called in valid state
06-06 14:41:04.647 382 382 W omx_vdec: : pParamProfileLevel->nProfileIndex[0x2] error!
06-06 14:41:04.647 382 382 E OMXNodeInstance: getParameter(0xe8ebb000:allwinner.decoder.mpeg2, ParamVideoProfileLevelQuerySupported(0x600000f)) ERROR: BadParameter(0x80001005)
06-06 14:41:04.648 382 382 W omx_vdec: <__AwOmxVdecGetExtensionIndex:1737>: GetExtensionIndex OMX.google.android.index.describeColorFormat, err [0x80001001].
06-06 14:41:04.648 382 382 W omx_vdec: <__AwOmxVdecGetExtensionIndex:1737>: GetExtensionIndex OMX.google.android.index.describeColorFormat2, err [0x80001001].
06-06 14:41:04.648 382 382 E omx_vdec: : erro: pParamData->nIndex > m_sPortFormatType.nIndex
06-06 14:41:04.648 382 382 W omx_vdec: <__AwOmxVdecGetExtensionIndex:1737>: GetExtensionIndex OMX.google.android.index.describeColorFormat, err [0x80001001].
06-06 14:41:04.648 382 382 W omx_vdec: <__AwOmxVdecGetExtensionIndex:1737>: GetExtensionIndex OMX.google.android.index.describeColorFormat2, err [0x80001001].
06-06 14:41:04.648 382 382 E omx_vdec: : erro: pParamData->nIndex > m_sPortFormatType.nIndex
06-06 14:41:04.648 382 382 W omx_vdec: <__AwOmxVdecGetExtensionIndex:1737>: GetExtensionIndex OMX.google.android.index.describeColorFormat, err [0x80001001].
06-06 14:41:04.648 382 382 W omx_vdec: <__AwOmxVdecGetExtensionIndex:1737>: GetExtensionIndex OMX.google.android.index.describeColorFormat2, err [0x80001001].
06-06 14:41:04.649 382 382 E omx_vdec: : erro: pParamData->nIndex > m_sPortFormatType.nIndex
06-06 14:41:04.649 382 382 W omx_vdec: <__AwOmxVdecGetExtensionIndex:1737>: GetExtensionIndex OMX.google.android.index.describeColorFormat, err [0x80001001].
06-06 14:41:04.649 382 382 W omx_vdec: <__AwOmxVdecGetExtensionIndex:1737>: GetExtensionIndex OMX.google.android.index.describeColorFormat2, err [0x80001001].
06-06 14:41:04.649 382 382 E omx_vdec: : erro: pParamData->nIndex > m_sPortFormatType.nIndex
06-06 14:41:04.649 479 534 D SystemServerInitThreadPool: Finished executing WebViewFactoryPreparation
06-06 14:41:04.650 382 382 W omx_vdec: <__AwOmxVdecGetExtensionIndex:1737>: GetExtensionIndex OMX.google.android.index.describeColorFormat, err [0x80001001].
06-06 14:41:04.650 382 382 W omx_vdec: <__AwOmxVdecGetExtensionIndex:1737>: GetExtensionIndex OMX.google.android.index.describeColorFormat2, err [0x80001001].
06-06 14:41:04.650 382 382 E omx_vdec: : erro: pParamData->nIndex > m_sPortFormatType.nIndex
06-06 14:41:04.650 382 382 W omx_vdec: <__AwOmxVdecGetExtensionIndex:1737>: GetExtensionIndex OMX.google.android.index.describeColorFormat, err [0x80001001].
06-06 14:41:04.650 382 382 W omx_vdec: <__AwOmxVdecGetExtensionIndex:1737>: GetExtensionIndex OMX.google.android.index.describeColorFormat2, err [0x80001001].
06-06 14:41:04.650 479 534 D SystemServerTimingAsync: InitThreadPoolExec:WebViewFactoryPreparation took to complete: 23ms
06-06 14:41:04.650 382 382 E omx_vdec: : erro: pParamData->nIndex > m_sPortFormatType.nIndex
06-06 14:41:04.650 382 382 W omx_vdec: <__AwOmxVdecGetExtensionIndex:1737>: GetExtensionIndex OMX.google.android.index.describeColorFormat, err [0x80001001].
06-06 14:41:04.650 382 382 W omx_vdec: <__AwOmxVdecGetExtensionIndex:1737>: GetExtensionIndex OMX.google.android.index.describeColorFormat2, err [0x80001001].
06-06 14:41:04.651 382 382 E omx_vdec: : erro: pParamData->nIndex > m_sPortFormatType.nIndex
06-06 14:41:04.651 479 544 W BatteryExternalStatsWorker: error reading modem stats:ERROR_PHONE_NOT_AVAILABLE
06-06 14:41:04.651 382 382 W omx_vdec: <__AwOmxVdecGetExtensionIndex:1737>: GetExtensionIndex OMX.google.android.index.describeColorFormat, err [0x80001001].
06-06 14:41:04.651 382 382 W omx_vdec: <__AwOmxVdecGetExtensionIndex:1737>: GetExtensionIndex OMX.google.android.index.describeColorFormat2, err [0x80001001].
06-06 14:41:04.651 479 604 W NetworkPolicy: setRestrictBackgroundUL: already false
06-06 14:41:04.651 382 382 E omx_vdec: : erro: pParamData->nIndex > m_sPortFormatType.nIndex
06-06 14:41:04.651 382 382 W omx_vdec: <__AwOmxVdecGetExtensionIndex:1737>: GetExtensionIndex OMX.google.android.index.describeColorFormat, err [0x80001001].
06-06 14:41:04.652 382 382 W omx_vdec: <__AwOmxVdecGetExtensionIndex:1737>: GetExtensionIndex OMX.google.android.index.describeColorFormat2, err [0x80001001].
06-06 14:41:04.652 382 382 E omx_vdec: : erro: pParamData->nIndex > m_sPortFormatType.nIndex
06-06 14:41:04.652 382 382 W omx_vdec: <__AwOmxVdecGetExtensionIndex:1737>: GetExtensionIndex OMX.google.android.index.describeColorFormat, err [0x80001001].
06-06 14:41:04.652 382 382 W omx_vdec: <__AwOmxVdecGetExtensionIndex:1737>: GetExtensionIndex OMX.google.android.index.describeColorFormat2, err [0x80001001].
06-06 14:41:04.652 382 382 E omx_vdec: : erro: pParamData->nIndex > m_sPortFormatType.nIndex
06-06 14:41:04.652 382 382 W omx_vdec: <__AwOmxVdecGetExtensionIndex:1737>: GetExtensionIndex OMX.google.android.index.describeColorFormat, err [0x80001001].
06-06 14:41:04.652 479 479 W BestClock: java.time.DateTimeException: Missing NTP fix
06-06 14:41:04.652 382 382 W omx_vdec: <__AwOmxVdecGetExtensionIndex:1737>: GetExtensionIndex OMX.google.android.index.describeColorFormat2, err [0x80001001].
06-06 14:41:04.652 382 382 E omx_vdec: : erro: pParamData->nIndex > m_sPortFormatType.nIndex
06-06 14:41:04.652 382 382 W omx_vdec: <__AwOmxVdecGetExtensionIndex:1737>: GetExtensionIndex OMX.google.android.index.describeColorFormat, err [0x80001001].
06-06 14:41:04.653 382 382 W omx_vdec: <__AwOmxVdecGetExtensionIndex:1737>: GetExtensionIndex OMX.google.android.index.describeColorFormat2, err [0x80001001].
06-06 14:41:04.653 382 382 E omx_vdec: : erro: pParamData->nIndex > m_sPortFormatType.nIndex
06-06 14:41:04.653 382 382 W omx_vdec: <__AwOmxVdecGetExtensionIndex:1737>: GetExtensionIndex OMX.google.android.index.describeColorFormat, err [0x80001001].
06-06 14:41:04.653 382 382 W omx_vdec: <__AwOmxVdecGetExtensionIndex:1737>: GetExtensionIndex OMX.google.android.index.describeColorFormat2, err [0x80001001].
06-06 14:41:04.653 382 382 E omx_vdec: : erro: pParamData->nIndex > m_sPortFormatType.nIndex
06-06 14:41:04.654 382 382 W omx_vdec: <__AwOmxVdecGetExtensionIndex:1737>: GetExtensionIndex OMX.google.android.index.describeColorFormat, err [0x80001001].
06-06 14:41:04.654 382 382 W omx_vdec: <__AwOmxVdecGetExtensionIndex:1737>: GetExtensionIndex OMX.google.android.index.describeColorFormat2, err [0x80001001].
06-06 14:41:04.654 382 382 E omx_vdec: : erro: pParamData->nIndex > m_sPortFormatType.nIndex
06-06 14:41:04.654 382 382 W omx_vdec: <__AwOmxVdecGetExtensionIndex:1737>: GetExtensionIndex OMX.google.android.index.describeColorFormat, err [0x80001001].
06-06 14:41:04.654 382 382 W omx_vdec: <__AwOmxVdecGetExtensionIndex:1737>: GetExtensionIndex OMX.google.android.index.describeColorFormat2, err [0x80001001].
06-06 14:41:04.654 382 382 E omx_vdec: : erro: pParamData->nIndex > m_sPortFormatType.nIndex
06-06 14:41:04.655 382 382 W omx_vdec: <__AwOmxVdecGetExtensionIndex:1737>: GetExtensionIndex OMX.google.android.index.describeColorFormat, err [0x80001001].
06-06 14:41:04.655 382 382 W omx_vdec: <__AwOmxVdecGetExtensionIndex:1737>: GetExtensionIndex OMX.google.android.index.describeColorFormat2, err [0x80001001].
06-06 14:41:04.655 382 382 E omx_vdec: : erro: pParamData->nIndex > m_sPortFormatType.nIndex
06-06 14:41:04.655 382 382 W omx_vdec: <__AwOmxVdecGetExtensionIndex:1737>: GetExtensionIndex OMX.google.android.index.describeColorFormat, err [0x80001001].
06-06 14:41:04.655 382 382 W omx_vdec: <__AwOmxVdecGetExtensionIndex:1737>: GetExtensionIndex OMX.google.android.index.describeColorFormat2, err [0x80001001].
06-06 14:41:04.655 382 382 E omx_vdec: : erro: pParamData->nIndex > m_sPortFormatType.nIndex
06-06 14:41:04.655 382 382 W omx_vdec: <__AwOmxVdecGetExtensionIndex:1737>: GetExtensionIndex OMX.google.android.index.describeColorFormat, err [0x80001001].
06-06 14:41:04.655 382 382 W omx_vdec: <__AwOmxVdecGetExtensionIndex:1737>: GetExtensionIndex OMX.google.android.index.describeColorFormat2, err [0x80001001].
06-06 14:41:04.655 382 382 E omx_vdec: : erro: pParamData->nIndex > m_sPortFormatType.nIndex
06-06 14:41:04.656 382 382 W omx_vdec: <__AwOmxVdecGetExtensionIndex:1737>: GetExtensionIndex OMX.google.android.index.describeColorFormat, err [0x80001001].
06-06 14:41:04.656 382 382 W omx_vdec: <__AwOmxVdecGetExtensionIndex:1737>: GetExtensionIndex OMX.google.android.index.describeColorFormat2, err [0x80001001].
06-06 14:41:04.656 382 382 E omx_vdec: : erro: pParamData->nIndex > m_sPortFormatType.nIndex
06-06 14:41:04.656 382 382 W omx_vdec: <__AwOmxVdecGetExtensionIndex:1737>: GetExtensionIndex OMX.google.android.index.describeColorFormat, err [0x80001001].
06-06 14:41:04.656 382 382 W omx_vdec: <__AwOmxVdecGetExtensionIndex:1737>: GetExtensionIndex OMX.google.android.index.describeColorFormat2, err [0x80001001].
06-06 14:41:04.656 382 382 E omx_vdec: : erro: pParamData->nIndex > m_sPortFormatType.nIndex
06-06 14:41:04.657 382 382 W omx_vdec: <__AwOmxVdecGetExtensionIndex:1737>: GetExtensionIndex OMX.google.android.index.describeColorFormat, err [0x80001001].
06-06 14:41:04.657 382 382 W omx_vdec: <__AwOmxVdecGetExtensionIndex:1737>: GetExtensionIndex OMX.google.android.index.describeColorFormat2, err [0x80001001].
06-06 14:41:04.657 382 382 E omx_vdec: : erro: pParamData->nIndex > m_sPortFormatType.nIndex
06-06 14:41:04.656 241 241 D Zygote : Forked child process 719
06-06 14:41:04.657 382 382 W omx_vdec: <__AwOmxVdecGetExtensionIndex:1737>: GetExtensionIndex OMX.google.android.index.describeColorFormat, err [0x80001001].
06-06 14:41:04.657 382 382 W omx_vdec: <__AwOmxVdecGetExtensionIndex:1737>: GetExtensionIndex OMX.google.android.index.describeColorFormat2, err [0x80001001].
06-06 14:41:04.657 382 382 E omx_vdec: : erro: pParamData->nIndex > m_sPortFormatType.nIndex
06-06 14:41:04.657 382 382 W omx_vdec: <__AwOmxVdecGetExtensionIndex:1737>: GetExtensionIndex OMX.google.android.index.describeColorFormat, err [0x80001001].
06-06 14:41:04.657 382 382 W omx_vdec: <__AwOmxVdecGetExtensionIndex:1737>: GetExtensionIndex OMX.google.android.index.describeColorFormat2, err [0x80001001].
06-06 14:41:04.657 382 382 E omx_vdec: : erro: pParamData->nIndex > m_sPortFormatType.nIndex
06-06 14:41:04.658 382 382 W omx_vdec: <__AwOmxVdecGetExtensionIndex:1737>: GetExtensionIndex OMX.google.android.index.describeColorFormat, err [0x80001001].
06-06 14:41:04.658 382 382 W omx_vdec: <__AwOmxVdecGetExtensionIndex:1737>: GetExtensionIndex OMX.google.android.index.describeColorFormat2, err [0x80001001].
06-06 14:41:04.658 382 382 E omx_vdec: : erro: pParamData->nIndex > m_sPortFormatType.nIndex
06-06 14:41:04.658 382 382 W omx_vdec: <__AwOmxVdecGetExtensionIndex:1737>: GetExtensionIndex OMX.google.android.index.describeColorFormat, err [0x80001001].
06-06 14:41:04.658 382 382 W omx_vdec: <__AwOmxVdecGetExtensionIndex:1737>: GetExtensionIndex OMX.google.android.index.describeColorFormat2, err [0x80001001].
06-06 14:41:04.658 382 382 E omx_vdec: : erro: pParamData->nIndex > m_sPortFormatType.nIndex
06-06 14:41:04.658 382 382 W omx_vdec: <__AwOmxVdecGetExtensionIndex:1737>: GetExtensionIndex OMX.google.android.index.describeColorFormat, err [0x80001001].
06-06 14:41:04.658 382 382 W omx_vdec: <__AwOmxVdecGetExtensionIndex:1737>: GetExtensionIndex OMX.google.android.index.describeColorFormat2, err [0x80001001].
06-06 14:41:04.659 382 382 E omx_vdec: : erro: pParamData->nIndex > m_sPortFormatType.nIndex
06-06 14:41:04.659 479 538 I ActivityManager: app.processName = WebViewLoader-armeabi-v7a
06-06 14:41:04.659 479 538 I ActivityManager: Start proc 719:WebViewLoader-armeabi-v7a/1037 [android.webkit.WebViewLibraryLoader$RelroFileCreator] for null
06-06 14:41:04.659 382 382 W omx_vdec: <__AwOmxVdecGetExtensionIndex:1737>: GetExtensionIndex OMX.google.android.index.describeColorFormat, err [0x80001001].
06-06 14:41:04.659 382 382 W omx_vdec: <__AwOmxVdecGetExtensionIndex:1737>: GetExtensionIndex OMX.google.android.index.describeColorFormat2, err [0x80001001].
06-06 14:41:04.659 382 382 E omx_vdec: : erro: pParamData->nIndex > m_sPortFormatType.nIndex
06-06 14:41:04.659 382 382 W omx_vdec: <__AwOmxVdecGetExtensionIndex:1737>: GetExtensionIndex OMX.google.android.index.describeColorFormat, err [0x80001001].
06-06 14:41:04.659 382 382 W omx_vdec: <__AwOmxVdecGetExtensionIndex:1737>: GetExtensionIndex OMX.google.android.index.describeColorFormat2, err [0x80001001].
06-06 14:41:04.659 382 382 E omx_vdec: : erro: pParamData->nIndex > m_sPortFormatType.nIndex
06-06 14:41:04.659 382 382 W omx_vdec: <__AwOmxVdecGetExtensionIndex:1737>: GetExtensionIndex OMX.google.android.index.describeColorFormat, err [0x80001001].
06-06 14:41:04.659 382 382 W omx_vdec: <__AwOmxVdecGetExtensionIndex:1737>: GetExtensionIndex OMX.google.android.index.describeColorFormat2, err [0x80001001].
06-06 14:41:04.659 382 382 E omx_vdec: : erro: pParamData->nIndex > m_sPortFormatType.nIndex
06-06 14:41:04.660 382 382 W omx_vdec: <__AwOmxVdecGetExtensionIndex:1737>: GetExtensionIndex OMX.google.android.index.describeColorFormat, err [0x80001001].
06-06 14:41:04.660 382 382 W omx_vdec: <__AwOmxVdecGetExtensionIndex:1737>: GetExtensionIndex OMX.google.android.index.describeColorFormat2, err [0x80001001].
06-06 14:41:04.660 382 382 E omx_vdec: : erro: pParamData->nIndex > m_sPortFormatType.nIndex
06-06 14:41:04.660 382 382 W omx_vdec: <__AwOmxVdecGetExtensionIndex:1737>: GetExtensionIndex OMX.google.android.index.describeColorFormat, err [0x80001001].
06-06 14:41:04.660 382 382 W omx_vdec: <__AwOmxVdecGetExtensionIndex:1737>: GetExtensionIndex OMX.google.android.index.describeColorFormat2, err [0x80001001].
06-06 14:41:04.660 382 382 E omx_vdec: : erro: pParamData->nIndex > m_sPortFormatType.nIndex
06-06 14:41:04.660 382 382 W omx_vdec: <__AwOmxVdecGetExtensionIndex:1737>: GetExtensionIndex OMX.google.android.index.describeColorFormat, err [0x80001001].
06-06 14:41:04.660 382 382 W omx_vdec: <__AwOmxVdecGetExtensionIndex:1737>: GetExtensionIndex OMX.google.android.index.describeColorFormat2, err [0x80001001].
06-06 14:41:04.660 382 382 E omx_vdec: : erro: pParamData->nIndex > m_sPortFormatType.nIndex
06-06 14:41:04.661 382 382 W omx_vdec: <__AwOmxVdecGetExtensionIndex:1737>: GetExtensionIndex OMX.google.android.index.describeColorFormat, err [0x80001001].
06-06 14:41:04.661 382 382 W omx_vdec: <__AwOmxVdecGetExtensionIndex:1737>: GetExtensionIndex OMX.google.android.index.describeColorFormat2, err [0x80001001].
06-06 14:41:04.661 371 478 W ACodec : [OMX.allwinner.video.decoder.mpeg2] stopping checking formats after 32: COLOR_FormatYUV420Planar(13)
06-06 14:41:04.661 382 382 W omx_vdec: <__AwOmxVdecGetExtensionIndex:1737>: GetExtensionIndex OMX.google.android.index.configureVideoTunnelMode, err [0x80001001].
06-06 14:41:04.661 382 382 E OMXNodeInstance: getExtensionIndex(0xe8ebb000:allwinner.decoder.mpeg2, OMX.google.android.index.configureVideoTunnelMode) ERROR: Undefined(0x80001001)
06-06 14:41:04.661 371 478 D MediaCodecInfo: detail feature-tunneled-playback wasn't present to remove
06-06 14:41:04.661 382 382 W omx_vdec: <__AwOmxVdecGetExtensionIndex:1737>: GetExtensionIndex OMX.google.android.index.storeANWBufferInMetadata, err [0x80001001].
06-06 14:41:04.661 382 382 W omx_vdec_aw: <__anSetExtPara:3011>: Setparameter: unknown param 2131755011
06-06 14:41:04.661 382 382 W OMXNodeInstance: [0xe8ebb000:allwinner.decoder.mpeg2] component does not support metadata mode; using fallback
06-06 14:41:04.663 382 714 W libc : invalid pthread_t (0) passed to pthread_join
06-06 14:41:04.663 382 714 W libc : invalid pthread_t (0) passed to pthread_join
06-06 14:41:04.663 382 714 W libc : invalid pthread_t (0) passed to pthread_join
06-06 14:41:04.665 719 719 I Zygote : seccomp disabled by setenforce 0
06-06 14:41:04.665 371 478 I OMXClient: IOmx service obtained
06-06 14:41:04.665 382 382 I OMXStore: makeComponentInstance(OMX.allwinner.video.decoder.mpeg4) in android.hardwar process
06-06 14:41:04.667 382 382 I omx_vdec_aw: : OmxDecoderCreate.
06-06 14:41:04.667 382 382 W omx_vdec: <__AwOmxVdecSetParameter:1561>: Set Parameter called in valid state
06-06 14:41:04.668 382 382 W omx_vdec: : pParamProfileLevel->nProfileIndex[0x2] error!
06-06 14:41:04.668 382 382 E OMXNodeInstance: getParameter(0xe8ebb000:allwinner.decoder.mpeg4, ParamVideoProfileLevelQuerySupported(0x600000f)) ERROR: BadParameter(0x80001005)
06-06 14:41:04.668 382 382 W omx_vdec: <__AwOmxVdecGetExtensionIndex:1737>: GetExtensionIndex OMX.google.android.index.describeColorFormat, err [0x80001001].
06-06 14:41:04.668 382 382 W omx_vdec: <__AwOmxVdecGetExtensionIndex:1737>: GetExtensionIndex OMX.google.android.index.describeColorFormat2, err [0x80001001].
06-06 14:41:04.668 382 382 E omx_vdec: : erro: pParamData->nIndex > m_sPortFormatType.nIndex
06-06 14:41:04.668 382 382 W omx_vdec: <__AwOmxVdecGetExtensionIndex:1737>: GetExtensionIndex OMX.google.android.index.describeColorFormat, err [0x80001001].
06-06 14:41:04.668 382 382 W omx_vdec: <__AwOmxVdecGetExtensionIndex:1737>: GetExtensionIndex OMX.google.android.index.describeColorFormat2, err [0x80001001].
06-06 14:41:04.669 382 382 E omx_vdec: : erro: pParamData->nIndex > m_sPortFormatType.nIndex
06-06 14:41:04.669 382 382 W omx_vdec: <__AwOmxVdecGetExtensionIndex:1737>: GetExtensionIndex OMX.google.android.index.describeColorFormat, err [0x80001001].
06-06 14:41:04.669 382 382 W omx_vdec: <__AwOmxVdecGetExtensionIndex:1737>: GetExtensionIndex OMX.google.android.index.describeColorFormat2, err [0x80001001].
06-06 14:41:04.669 382 382 E omx_vdec: : erro: pParamData->nIndex > m_sPortFormatType.nIndex
06-06 14:41:04.669 382 382 W omx_vdec: <__AwOmxVdecGetExtensionIndex:1737>: GetExtensionIndex OMX.google.android.index.describeColorFormat, err [0x80001001].
06-06 14:41:04.669 382 382 W omx_vdec: <__AwOmxVdecGetExtensionIndex:1737>: GetExtensionIndex OMX.google.android.index.describeColorFormat2, err [0x80001001].
06-06 14:41:04.669 382 382 E omx_vdec: : erro: pParamData->nIndex > m_sPortFormatType.nIndex
06-06 14:41:04.669 382 382 W omx_vdec: <__AwOmxVdecGetExtensionIndex:1737>: GetExtensionIndex OMX.google.android.index.describeColorFormat, err [0x80001001].
06-06 14:41:04.669 382 382 W omx_vdec: <__AwOmxVdecGetExtensionIndex:1737>: GetExtensionIndex OMX.google.android.index.describeColorFormat2, err [0x80001001].
06-06 14:41:04.670 382 382 E omx_vdec: : erro: pParamData->nIndex > m_sPortFormatType.nIndex
06-06 14:41:04.670 382 382 W omx_vdec: <__AwOmxVdecGetExtensionIndex:1737>: GetExtensionIndex OMX.google.android.index.describeColorFormat, err [0x80001001].
06-06 14:41:04.670 382 382 W omx_vdec: <__AwOmxVdecGetExtensionIndex:1737>: GetExtensionIndex OMX.google.android.index.describeColorFormat2, err [0x80001001].
06-06 14:41:04.670 382 382 E omx_vdec: : erro: pParamData->nIndex > m_sPortFormatType.nIndex
06-06 14:41:04.670 382 382 W omx_vdec: <__AwOmxVdecGetExtensionIndex:1737>: GetExtensionIndex OMX.google.android.index.describeColorFormat, err [0x80001001].
06-06 14:41:04.670 382 382 W omx_vdec: <__AwOmxVdecGetExtensionIndex:1737>: GetExtensionIndex OMX.google.android.index.describeColorFormat2, err [0x80001001].
06-06 14:41:04.670 382 382 E omx_vdec: : erro: pParamData->nIndex > m_sPortFormatType.nIndex
06-06 14:41:04.670 382 382 W omx_vdec: <__AwOmxVdecGetExtensionIndex:1737>: GetExtensionIndex OMX.google.android.index.describeColorFormat, err [0x80001001].
06-06 14:41:04.670 382 382 W omx_vdec: <__AwOmxVdecGetExtensionIndex:1737>: GetExtensionIndex OMX.google.android.index.describeColorFormat2, err [0x80001001].
06-06 14:41:04.671 382 382 E omx_vdec: : erro: pParamData->nIndex > m_sPortFormatType.nIndex
06-06 14:41:04.671 382 382 W omx_vdec: <__AwOmxVdecGetExtensionIndex:1737>: GetExtensionIndex OMX.google.android.index.describeColorFormat, err [0x80001001].
06-06 14:41:04.671 382 382 W omx_vdec: <__AwOmxVdecGetExtensionIndex:1737>: GetExtensionIndex OMX.google.android.index.describeColorFormat2, err [0x80001001].
06-06 14:41:04.671 382 382 E omx_vdec: : erro: pParamData->nIndex > m_sPortFormatType.nIndex
06-06 14:41:04.671 382 382 W omx_vdec: <__AwOmxVdecGetExtensionIndex:1737>: GetExtensionIndex OMX.google.android.index.describeColorFormat, err [0x80001001].
06-06 14:41:04.671 382 382 W omx_vdec: <__AwOmxVdecGetExtensionIndex:1737>: GetExtensionIndex OMX.google.android.index.describeColorFormat2, err [0x80001001].
06-06 14:41:04.671 382 382 E omx_vdec: : erro: pParamData->nIndex > m_sPortFormatType.nIndex
06-06 14:41:04.671 382 382 W omx_vdec: <__AwOmxVdecGetExtensionIndex:1737>: GetExtensionIndex OMX.google.android.index.describeColorFormat, err [0x80001001].
06-06 14:41:04.671 382 382 W omx_vdec: <__AwOmxVdecGetExtensionIndex:1737>: GetExtensionIndex OMX.google.android.index.describeColorFormat2, err [0x80001001].
06-06 14:41:04.672 382 382 E omx_vdec: : erro: pParamData->nIndex > m_sPortFormatType.nIndex
06-06 14:41:04.672 382 382 W omx_vdec: <__AwOmxVdecGetExtensionIndex:1737>: GetExtensionIndex OMX.google.android.index.describeColorFormat, err [0x80001001].
06-06 14:41:04.672 382 382 W omx_vdec: <__AwOmxVdecGetExtensionIndex:1737>: GetExtensionIndex OMX.google.android.index.describeColorFormat2, err [0x80001001].
06-06 14:41:04.672 382 382 E omx_vdec: : erro: pParamData->nIndex > m_sPortFormatType.nIndex
06-06 14:41:04.672 382 382 W omx_vdec: <__AwOmxVdecGetExtensionIndex:1737>: GetExtensionIndex OMX.google.android.index.describeColorFormat, err [0x80001001].
06-06 14:41:04.672 382 382 W omx_vdec: <__AwOmxVdecGetExtensionIndex:1737>: GetExtensionIndex OMX.google.android.index.describeColorFormat2, err [0x80001001].
06-06 14:41:04.672 382 382 E omx_vdec: : erro: pParamData->nIndex > m_sPortFormatType.nIndex
06-06 14:41:04.673 382 382 W omx_vdec: <__AwOmxVdecGetExtensionIndex:1737>: GetExtensionIndex OMX.google.android.index.describeColorFormat, err [0x80001001].
06-06 14:41:04.673 382 382 W omx_vdec: <__AwOmxVdecGetExtensionIndex:1737>: GetExtensionIndex OMX.google.android.index.describeColorFormat2, err [0x80001001].
06-06 14:41:04.673 382 382 E omx_vdec: : erro: pParamData->nIndex > m_sPortFormatType.nIndex
06-06 14:41:04.673 382 382 W omx_vdec: <__AwOmxVdecGetExtensionIndex:1737>: GetExtensionIndex OMX.google.android.index.describeColorFormat, err [0x80001001].
06-06 14:41:04.673 382 382 W omx_vdec: <__AwOmxVdecGetExtensionIndex:1737>: GetExtensionIndex OMX.google.android.index.describeColorFormat2, err [0x80001001].
06-06 14:41:04.673 382 382 E omx_vdec: : erro: pParamData->nIndex > m_sPortFormatType.nIndex
06-06 14:41:04.673 382 382 W omx_vdec: <__AwOmxVdecGetExtensionIndex:1737>: GetExtensionIndex OMX.google.android.index.describeColorFormat, err [0x80001001].
06-06 14:41:04.673 382 382 W omx_vdec: <__AwOmxVdecGetExtensionIndex:1737>: GetExtensionIndex OMX.google.android.index.describeColorFormat2, err [0x80001001].
06-06 14:41:04.673 382 382 E omx_vdec: : erro: pParamData->nIndex > m_sPortFormatType.nIndex
06-06 14:41:04.674 382 382 W omx_vdec: <__AwOmxVdecGetExtensionIndex:1737>: GetExtensionIndex OMX.google.android.index.describeColorFormat, err [0x80001001].
06-06 14:41:04.674 382 382 W omx_vdec: <__AwOmxVdecGetExtensionIndex:1737>: GetExtensionIndex OMX.google.android.index.describeColorFormat2, err [0x80001001].
06-06 14:41:04.674 382 382 E omx_vdec: : erro: pParamData->nIndex > m_sPortFormatType.nIndex
06-06 14:41:04.674 382 382 W omx_vdec: <__AwOmxVdecGetExtensionIndex:1737>: GetExtensionIndex OMX.google.android.index.describeColorFormat, err [0x80001001].
06-06 14:41:04.674 382 382 W omx_vdec: <__AwOmxVdecGetExtensionIndex:1737>: GetExtensionIndex OMX.google.android.index.describeColorFormat2, err [0x80001001].
06-06 14:41:04.674 382 382 E omx_vdec: : erro: pParamData->nIndex > m_sPortFormatType.nIndex
06-06 14:41:04.674 382 382 W omx_vdec: <__AwOmxVdecGetExtensionIndex:1737>: GetExtensionIndex OMX.google.android.index.describeColorFormat, err [0x80001001].
06-06 14:41:04.674 382 382 W omx_vdec: <__AwOmxVdecGetExtensionIndex:1737>: GetExtensionIndex OMX.google.android.index.describeColorFormat2, err [0x80001001].
06-06 14:41:04.674 382 382 E omx_vdec: : erro: pParamData->nIndex > m_sPortFormatType.nIndex
06-06 14:41:04.675 382 382 W omx_vdec: <__AwOmxVdecGetExtensionIndex:1737>: GetExtensionIndex OMX.google.android.index.describeColorFormat, err [0x80001001].
06-06 14:41:04.675 382 382 W omx_vdec: <__AwOmxVdecGetExtensionIndex:1737>: GetExtensionIndex OMX.google.android.index.describeColorFormat2, err [0x80001001].
06-06 14:41:04.675 382 382 E omx_vdec: : erro: pParamData->nIndex > m_sPortFormatType.nIndex
06-06 14:41:04.675 382 382 W omx_vdec: <__AwOmxVdecGetExtensionIndex:1737>: GetExtensionIndex OMX.google.android.index.describeColorFormat, err [0x80001001].
06-06 14:41:04.675 382 382 W omx_vdec: <__AwOmxVdecGetExtensionIndex:1737>: GetExtensionIndex OMX.google.android.index.describeColorFormat2, err [0x80001001].
06-06 14:41:04.675 382 382 E omx_vdec: : erro: pParamData->nIndex > m_sPortFormatType.nIndex
06-06 14:41:04.676 382 382 W omx_vdec: <__AwOmxVdecGetExtensionIndex:1737>: GetExtensionIndex OMX.google.android.index.describeColorFormat, err [0x80001001].
06-06 14:41:04.676 382 382 W omx_vdec: <__AwOmxVdecGetExtensionIndex:1737>: GetExtensionIndex OMX.google.android.index.describeColorFormat2, err [0x80001001].
06-06 14:41:04.676 382 382 E omx_vdec: : erro: pParamData->nIndex > m_sPortFormatType.nIndex
06-06 14:41:04.676 382 382 W omx_vdec: <__AwOmxVdecGetExtensionIndex:1737>: GetExtensionIndex OMX.google.android.index.describeColorFormat, err [0x80001001].
06-06 14:41:04.676 382 382 W omx_vdec: <__AwOmxVdecGetExtensionIndex:1737>: GetExtensionIndex OMX.google.android.index.describeColorFormat2, err [0x80001001].
06-06 14:41:04.676 382 382 E omx_vdec: : erro: pParamData->nIndex > m_sPortFormatType.nIndex
06-06 14:41:04.676 382 382 W omx_vdec: <__AwOmxVdecGetExtensionIndex:1737>: GetExtensionIndex OMX.google.android.index.describeColorFormat, err [0x80001001].
06-06 14:41:04.676 382 382 W omx_vdec: <__AwOmxVdecGetExtensionIndex:1737>: GetExtensionIndex OMX.google.android.index.describeColorFormat2, err [0x80001001].
06-06 14:41:04.676 382 382 E omx_vdec: : erro: pParamData->nIndex > m_sPortFormatType.nIndex
06-06 14:41:04.676 382 382 W omx_vdec: <__AwOmxVdecGetExtensionIndex:1737>: GetExtensionIndex OMX.google.android.index.describeColorFormat, err [0x80001001].
06-06 14:41:04.676 382 382 W omx_vdec: <__AwOmxVdecGetExtensionIndex:1737>: GetExtensionIndex OMX.google.android.index.describeColorFormat2, err [0x80001001].
06-06 14:41:04.677 382 382 E omx_vdec: : erro: pParamData->nIndex > m_sPortFormatType.nIndex
06-06 14:41:04.677 382 382 W omx_vdec: <__AwOmxVdecGetExtensionIndex:1737>: GetExtensionIndex OMX.google.android.index.describeColorFormat, err [0x80001001].
06-06 14:41:04.677 382 382 W omx_vdec: <__AwOmxVdecGetExtensionIndex:1737>: GetExtensionIndex OMX.google.android.index.describeColorFormat2, err [0x80001001].
06-06 14:41:04.677 382 382 E omx_vdec: : erro: pParamData->nIndex > m_sPortFormatType.nIndex
06-06 14:41:04.677 382 382 W omx_vdec: <__AwOmxVdecGetExtensionIndex:1737>: GetExtensionIndex OMX.google.android.index.describeColorFormat, err [0x80001001].
06-06 14:41:04.677 382 382 W omx_vdec: <__AwOmxVdecGetExtensionIndex:1737>: GetExtensionIndex OMX.google.android.index.describeColorFormat2, err [0x80001001].
06-06 14:41:04.677 382 382 E omx_vdec: : erro: pParamData->nIndex > m_sPortFormatType.nIndex
06-06 14:41:04.677 382 382 W omx_vdec: <__AwOmxVdecGetExtensionIndex:1737>: GetExtensionIndex OMX.google.android.index.describeColorFormat, err [0x80001001].
06-06 14:41:04.677 382 382 W omx_vdec: <__AwOmxVdecGetExtensionIndex:1737>: GetExtensionIndex OMX.google.android.index.describeColorFormat2, err [0x80001001].
06-06 14:41:04.678 382 382 E omx_vdec: : erro: pParamData->nIndex > m_sPortFormatType.nIndex
06-06 14:41:04.678 382 382 W omx_vdec: <__AwOmxVdecGetExtensionIndex:1737>: GetExtensionIndex OMX.google.android.index.describeColorFormat, err [0x80001001].
06-06 14:41:04.678 382 382 W omx_vdec: <__AwOmxVdecGetExtensionIndex:1737>: GetExtensionIndex OMX.google.android.index.describeColorFormat2, err [0x80001001].
06-06 14:41:04.678 240 274 I netd : trafficSwapActiveStatsMap() <24.94ms>
06-06 14:41:04.678 240 240 I netd : firewallReplaceUidChain(fw_standby, false, []) -> {true} <24.62ms>
06-06 14:41:04.681 382 382 E omx_vdec: : erro: pParamData->nIndex > m_sPortFormatType.nIndex
06-06 14:41:04.683 400 419 I adbd : jdwp connection from 719
06-06 14:41:04.683 382 382 W omx_vdec: <__AwOmxVdecGetExtensionIndex:1737>: GetExtensionIndex OMX.google.android.index.describeColorFormat, err [0x80001001].
06-06 14:41:04.683 382 382 W omx_vdec: <__AwOmxVdecGetExtensionIndex:1737>: GetExtensionIndex OMX.google.android.index.describeColorFormat2, err [0x80001001].
06-06 14:41:04.684 382 382 E omx_vdec: : erro: pParamData->nIndex > m_sPortFormatType.nIndex
06-06 14:41:04.684 382 382 W omx_vdec: <__AwOmxVdecGetExtensionIndex:1737>: GetExtensionIndex OMX.google.android.index.describeColorFormat, err [0x80001001].
06-06 14:41:04.684 382 382 W omx_vdec: <__AwOmxVdecGetExtensionIndex:1737>: GetExtensionIndex OMX.google.android.index.describeColorFormat2, err [0x80001001].
06-06 14:41:04.684 382 382 E omx_vdec: : erro: pParamData->nIndex > m_sPortFormatType.nIndex
06-06 14:41:04.684 382 382 W omx_vdec: <__AwOmxVdecGetExtensionIndex:1737>: GetExtensionIndex OMX.google.android.index.describeColorFormat, err [0x80001001].
06-06 14:41:04.684 240 274 I netd : tetherGetStats() -> {[]} <3.51ms>
