06-06 14:40:55.711 1 1 I init : starting service 'health-hal-2-1'...
06-06 14:40:55.545 240 240 I netd : Enabling bandwidth control: 24904us
06-06 14:40:55.551 240 240 I netd : Initializing RouteController: 5864us
06-06 14:40:55.551 240 240 D XfrmController: XfrmController::ipSecAddXfrmInterface, line=1479
06-06 14:40:55.555 240 240 D XfrmController: XfrmController::ipSecRemoveTunnelInterface, line=1692
06-06 14:40:55.555 240 240 D XfrmController: deviceName=ipsec_test
06-06 14:40:55.590 257 257 E cutils-trace: Error opening trace file: No such file or directory (2)
06-06 14:40:55.592 256 256 E cutils-trace: Error opening trace file: No such file or directory (2)
06-06 14:40:55.597 247 247 I HidlServiceManagement: Registered android.hardware.audio@7.0::IDevicesFactory/default
06-06 14:40:55.598 240 240 D XfrmController: Sending Netlink XFRM Message: XFRM_MSG_FLUSHSA
06-06 14:40:55.598 240 240 D XfrmController: Sending Netlink XFRM Message: XFRM_MSG_FLUSHPOLICY
06-06 14:40:55.598 240 240 I netd : Initializing XfrmController: 47603us
06-06 14:40:55.606 240 240 D MDnsDS : MDnsSdListener::Hander starting up
06-06 14:40:55.607 247 247 I HidlServiceManagement: Removing namespace from process name android.hardware.audio.service to audio.service.
06-06 14:40:55.608 240 240 I netd : Registering NetdNativeService: 1005us
06-06 14:40:55.609 252 252 I android.hardware.camera.provider@2.4-external-service: External camera provider service is starting.
06-06 14:40:55.610 240 240 E cutils-trace: Error opening trace file: No such file or directory (2)
06-06 14:40:55.611 252 252 E cutils-trace: Error opening trace file: No such file or directory (2)
06-06 14:40:55.613 256 256 D Module_SUNXI: hardware/aw/gatekeeper/teeGateKeeper/module_sunxi.cpp 34, trusty_gatekeeper_open
06-06 14:40:55.614 256 256 V SUNXI_TrustyGateKeeper: Gatekeeper_Initialize
06-06 14:40:55.614 205 205 D tee_supplicant: Spawning a new thread
06-06 14:40:55.615 205 205 D tee_supplicant: failed to open the ta /vendor/lib/optee_armtz/2233b43b-cec6-449a-9509-469f5023e425.ta TA-file
06-06 14:40:55.615 205 205 D tee_supplicant: looping
06-06 14:40:55.616 247 247 I LegacySupport: Registration complete for android.hardware.audio@7.0::IDevicesFactory/default.
06-06 14:40:55.616 205 205 D tee_supplicant: looping
06-06 14:40:55.616 205 205 D tee_supplicant: failed to open the ta /vendor/lib/optee_armtz/2233b43b-cec6-449a-9509-469f5023e425.ta TA-file
06-06 14:40:55.617 240 275 D MDnsDS : MDnsSdListener starting to monitor
06-06 14:40:55.617 240 275 D MDnsDS : Going to poll with pollCount 1
06-06 14:40:55.618 240 240 I HidlServiceManagement: Registered android.system.net.netd@1.1::INetd/default
06-06 14:40:55.618 240 240 I netd : Registering NetdHwService: 10218us
06-06 14:40:55.619 240 240 I netd : Netd started in 198183us
06-06 14:40:55.620 205 205 D tee_supplicant: looping
06-06 14:40:55.624 205 280 D tee_supplicant: looping
06-06 14:40:55.624 255 255 E cutils-trace: Error opening trace file: No such file or directory (2)
06-06 14:40:55.647 255 255 I HidlServiceManagement: Registered android.hardware.cas@1.2::IMediaCasService/default
06-06 14:40:55.648 255 255 I HidlServiceManagement: Removing namespace from process name android.hardware.cas@1.2-service to cas@1.2-service.
06-06 14:40:55.658 205 205 D tee_supplicant: looping
06-06 14:40:55.663 261 261 E cutils-trace: Error opening trace file: No such file or directory (2)
06-06 14:40:55.690 262 262 I android.hardware.lights-service: Light Hal current version V2.0.0
06-06 14:40:55.698 256 256 I HidlServiceManagement: Registered android.hardware.gatekeeper@1.0::IGatekeeper/default
06-06 14:40:55.698 256 256 I HidlServiceManagement: Removing namespace from process name android.hardware.gatekeeper@1.0-service-aw to gatekeeper@1.0-service-aw.
06-06 14:40:55.699 256 256 I LegacySupport: Registration complete for android.hardware.gatekeeper@1.0::IGatekeeper/default.
06-06 14:40:55.699 262 262 D lights_device: success open disp device type=0.
06-06 14:40:55.700 263 263 I AW_PowerHAL: AW Power HAL AIDL Service is starting.
06-06 14:40:55.702 263 263 I AW_PowerHAL: PowerHAL initiated
06-06 14:40:55.859 261 261 W healthd : No battery devices found
06-06 14:40:55.703 179 179 I servicemanager: Found android.hardware.light.ILights/default in device VINTF manifest.
06-06 14:40:55.708 247 247 I HidlServiceManagement: Registered android.hardware.audio.effect@7.0::IEffectsFactory/default
06-06 14:40:55.708 179 179 I servicemanager: Found android.hardware.power.IPower/default in device VINTF manifest.
06-06 14:40:55.708 261 261 I android.hardware.health@2.1-service: default instance initializing with healthd_config...
06-06 14:40:55.712 261 261 I HidlServiceManagement: Registered android.hardware.health@2.1::IHealth/default
06-06 14:40:55.712 247 247 I LegacySupport: Registration complete for android.hardware.audio.effect@7.0::IEffectsFactory/default.
06-06 14:40:55.713 261 261 I HidlServiceManagement: Removing namespace from process name android.hardware.health@2.1-service to health@2.1-service.
06-06 14:40:55.712 264 264 E cutils-trace: Error opening trace file: No such file or directory (2)
06-06 14:40:55.715 261 261 I android.hardware.health@2.1-service: default: Hal init done
06-06 14:40:55.719 265 265 E android.hardware.usb.gadget@1.1-service.aw: configfs setup not done yet
06-06 14:40:55.720 265 265 E cutils-trace: Error opening trace file: No such file or directory (2)
06-06 14:40:55.723 180 180 I hwservicemanager: getTransport: Cannot find entry android.hardware.soundtrigger@2.3::ISoundTriggerHw/default in either framework or device VINTF manifest.
06-06 14:40:55.727 257 257 E gralloc : Arm Module v1.0
06-06 14:40:55.896 261 261 W healthd : battery none chg=
06-06 14:40:55.732 278 278 I display.output-service: DisplayOutputManagerService is started
06-06 14:40:55.734 278 278 I display.output-service: DisplayOutputManagerService current version V2.2.0
06-06 14:40:55.734 278 278 E cutils-trace: Error opening trace file: No such file or directory (2)
06-06 14:40:55.739 257 257 I HidlServiceManagement: Registered android.hardware.graphics.allocator@2.0::IAllocator/default
06-06 14:40:55.739 265 265 I HidlServiceManagement: Registered android.hardware.usb@1.0::IUsb/default
06-06 14:40:55.739 265 265 I HidlServiceManagement: Removing namespace from process name android.hardware.usb@1.0-service.aw to usb@1.0-service.aw.
06-06 14:40:55.740 257 257 I HidlServiceManagement: Removing namespace from process name android.hardware.graphics.allocator@2.0-service to allocator@2.0-service.
06-06 14:40:55.740 257 257 I LegacySupport: Registration complete for android.hardware.graphics.allocator@2.0::IAllocator/default.
06-06 14:40:55.743 264 264 D hdmi-cec: Loading: sunxi HDMI CEC module
06-06 14:40:55.745 180 180 I hwservicemanager: Since vendor.display.config@1.0::IDisplayConfig/default is not registered, trying to start it as a lazy HAL.
06-06 14:40:55.746 247 247 E LegacySupport: Could not get passthrough implementation for android.hardware.soundtrigger@2.3::ISoundTriggerHw/default.
06-06 14:40:55.750 265 265 I HidlServiceManagement: Registered android.hardware.usb.gadget@1.1::IUsbGadget/default
06-06 14:40:55.750 265 265 I android.hardware.usb@1.0-service: USB HAL Ready.
06-06 14:40:55.750 180 180 I hwservicemanager: getTransport: Cannot find entry android.hardware.soundtrigger@2.2::ISoundTriggerHw/default in either framework or device VINTF manifest.
06-06 14:40:55.751 247 247 E LegacySupport: Could not get passthrough implementation for android.hardware.soundtrigger@2.2::ISoundTriggerHw/default.
06-06 14:40:55.752 180 180 I hwservicemanager: Since vendor.display.config@1.0::IDisplayConfig/default is not registered, trying to start it as a lazy HAL.
06-06 14:40:55.752 180 295 W libc : Unable to set property "ctl.interface_start" to "vendor.display.config@1.0::IDisplayConfig/default": error code: 0x20
06-06 14:40:55.753 180 295 I hwservicemanager: Tried to start vendor.display.config@1.0::IDisplayConfig/default as a lazy service, but was unable to. Usually this happens when a service is not installed, but if the service is intended to be used as a lazy service, then it may be configured incorrectly.
06-06 14:40:55.753 278 278 I HidlServiceManagement: getService: Trying again for vendor.display.config@1.0::IDisplayConfig/default...
06-06 14:40:55.754 180 180 I hwservicemanager: getTransport: Cannot find entry android.hardware.soundtrigger@2.1::ISoundTriggerHw/default in either framework or device VINTF manifest.
06-06 14:40:55.755 247 247 E LegacySupport: Could not get passthrough implementation for android.hardware.soundtrigger@2.1::ISoundTriggerHw/default.
06-06 14:40:55.756 264 264 I HidlServiceManagement: Registered android.hardware.tv.cec@1.0::IHdmiCec/default
06-06 14:40:55.756 264 264 I HidlServiceManagement: Removing namespace from process name android.hardware.tv.cec@1.0-service to cec@1.0-service.
06-06 14:40:55.756 264 264 I LegacySupport: Registration complete for android.hardware.tv.cec@1.0::IHdmiCec/default.
06-06 14:40:55.757 180 180 I hwservicemanager: getTransport: Cannot find entry android.hardware.soundtrigger@2.0::ISoundTriggerHw/default in either framework or device VINTF manifest.
06-06 14:40:55.758 247 247 E LegacySupport: Could not get passthrough implementation for android.hardware.soundtrigger@2.0::ISoundTriggerHw/default.
06-06 14:40:55.758 247 247 W audiohalservice: Could not register Soundtrigger API
06-06 14:40:55.758 180 180 I hwservicemanager: getTransport: Cannot find entry android.hardware.bluetooth.audio@2.1::IBluetoothAudioProvidersFactory/default in either framework or device VINTF manifest.
06-06 14:40:55.758 264 294 I hdmi-cec: HDMI-CEC EventThread start
06-06 14:40:55.759 247 247 E LegacySupport: Could not get passthrough implementation for android.hardware.bluetooth.audio@2.1::IBluetoothAudioProvidersFactory/default.
06-06 14:40:55.760 180 180 I hwservicemanager: getTransport: Cannot find entry android.hardware.bluetooth.audio@2.0::IBluetoothAudioProvidersFactory/default in either framework or device VINTF manifest.
06-06 14:40:55.761 247 247 E LegacySupport: Could not get passthrough implementation for android.hardware.bluetooth.audio@2.0::IBluetoothAudioProvidersFactory/default.
06-06 14:40:55.761 247 247 W audiohalservice: Could not register Bluetooth Audio API
06-06 14:40:55.761 180 180 I hwservicemanager: getTransport: Cannot find entry android.hardware.bluetooth.a2dp@1.0::IBluetoothAudioOffload/default in either framework or device VINTF manifest.
06-06 14:40:55.762 247 247 E LegacySupport: Could not get passthrough implementation for android.hardware.bluetooth.a2dp@1.0::IBluetoothAudioOffload/default.
06-06 14:40:55.762 247 247 W audiohalservice: Could not register Bluetooth Audio Offload API
06-06 14:40:55.763 179 179 I servicemanager: Found android.hardware.rebootescrow.IRebootEscrow/default in device VINTF manifest.
06-06 14:40:55.770 180 297 W libc : Unable to set property "ctl.interface_start" to "vendor.display.config@1.0::IDisplayConfig/default": error code: 0x20
06-06 14:40:55.771 180 297 I hwservicemanager: Tried to start vendor.display.config@1.0::IDisplayConfig/default as a lazy service, but was unable to. Usually this happens when a service is not installed, but if the service is intended to be used as a lazy service, then it may be configured incorrectly.
06-06 14:40:55.799 293 293 D Sunxi_PQ: ic_id=2, de_version=201 0x2
06-06 14:40:55.799 293 293 D Sunxi_PQ: /vendor/lib/libde201.so
06-06 14:40:55.801 293 293 D Sunxi_PQ: maybe /vendor/etc/firmware/disp_firmware, fd:-1 @O_RDONLY.
06-06 14:40:55.801 260 260 I sunxihwc: open: Loading: sunxi hwcomposer module
06-06 14:40:55.802 260 260 E cutils-trace: Error opening trace file: No such file or directory (2)
06-06 14:40:55.973 163 163 I : file system registered
06-06 14:40:55.805 260 260 I HidlServiceManagement: Registered android.hardware.graphics.composer@2.2::IComposer/default
06-06 14:40:55.805 260 260 I HidlServiceManagement: Removing namespace from process name android.hardware.graphics.composer@2.2-service to composer@2.2-service.
06-06 14:40:55.810 293 293 D Sunxi_PQ: config display firmware completed...
06-06 14:40:55.810 293 293 D Sunxi_PQ: There is not the /vendor/etc/firmware/disp_firmware, creat it.
06-06 14:40:55.811 293 293 D Sunxi_PQ: sunxi PQ wait for client connect from tcp port:5005...
06-06 14:40:55.812 293 300 D Sunxi_PQ: Sunxi PQ entry tanslate thread.
06-06 14:40:55.816 293 301 D Sunxi_PQ: creat a connect thread to deal the socket.
06-06 14:40:55.837 286 286 I credstore: Registered binder service
06-06 14:40:55.808 293 293 I pqd : type=1400 audit(0.0:8): avc: denied { read write } for name="disp_firmware" dev="mmcblk0p25" ino=224 scontext=u:r:pqd:s0 tcontext=u:object_r:system_data_root_file:s0 tclass=file permissive=1
06-06 14:40:55.808 293 293 I pqd : type=1400 audit(0.0:9): avc: denied { open } for path="/data/disp_firmware" dev="mmcblk0p25" ino=224 scontext=u:r:pqd:s0 tcontext=u:object_r:system_data_root_file:s0 tclass=file permissive=1
06-06 14:40:55.808 293 293 I pqd : type=1400 audit(0.0:10): avc: denied { map } for path="/data/disp_firmware" dev="mmcblk0p25" ino=224 scontext=u:r:pqd:s0 tcontext=u:object_r:system_data_root_file:s0 tclass=file permissive=1
06-06 14:40:55.852 1 1 I init : type=1400 audit(0.0:11): avc: denied { setattr } for name="ext_csd" dev="debugfs" ino=6070 scontext=u:r:init:s0 tcontext=u:object_r:debugfs_mmc:s0 tclass=file permissive=1
06-06 14:40:55.852 304 304 I init : type=1400 audit(0.0:12): avc: denied { execute_no_trans } for path="/system/bin/check_xm_hidraw.sh" dev="dm-0" ino=930 scontext=u:r:init:s0 tcontext=u:object_r:system_file:s0 tclass=file permissive=1
06-06 14:40:56.043 163 163 I sunxi-rfkill soc@3000000: rfkill: set block: 0
06-06 14:40:55.872 302 302 I onstartup.sh: type=1400 audit(0.0:13): avc: denied { write search } for name="tmp" dev="mmcblk0p25" ino=85 scontext=u:r:onstartup:s0 tcontext=u:object_r:shell_data_file:s0 tclass=dir permissive=1
06-06 14:40:55.872 302 302 I onstartup.sh: type=1400 audit(0.0:14): avc: denied { getattr } for path="/data/local/tmp" dev="mmcblk0p25" ino=85 scontext=u:r:onstartup:s0 tcontext=u:object_r:shell_data_file:s0 tclass=dir permissive=1
06-06 14:40:56.058 163 163 I sunxi-rfkill soc@3000000: rfkill: bt power on success
06-06 14:40:55.880 304 304 I check_xm_hidraw: type=1400 audit(0.0:15): avc: denied { write } for name="tmp" dev="mmcblk0p25" ino=85 scontext=u:r:init:s0 tcontext=u:object_r:shell_data_file:s0 tclass=dir permissive=1 bug=b/77873135
06-06 14:40:55.904 288 307 E GpuMem : Failed to retrieve pinned program from /sys/fs/bpf/prog_gpu_mem_tracepoint_gpu_mem_gpu_mem_total [2(No such file or directory)]
06-06 14:40:55.905 288 307 E GpuMemTracer: Cannot initialize GpuMemTracer before GpuMem
06-06 14:40:55.948 309 309 I pgrep : type=1400 audit(0.0:16): avc: denied { read } for scontext=u:r:toolbox:s0 tcontext=u:r:init:s0 tclass=file permissive=1
06-06 14:40:55.952 309 309 I pgrep : type=1400 audit(0.0:17): avc: denied { read } for scontext=u:r:toolbox:s0 tcontext=u:r:kernel:s0 tclass=file permissive=1
06-06 14:40:55.952 309 309 I pgrep : type=1400 audit(0.0:18): avc: denied { read } for scontext=u:r:toolbox:s0 tcontext=u:r:vendor_init:s0 tclass=file permissive=1
06-06 14:40:55.952 309 309 I pgrep : type=1400 audit(0.0:19): avc: denied { sys_ptrace } for capability=19 scontext=u:r:toolbox:s0 tcontext=u:r:toolbox:s0 tclass=capability permissive=1
06-06 14:40:55.952 309 309 I pgrep : type=1400 audit(0.0:20): avc: denied { read } for scontext=u:r:toolbox:s0 tcontext=u:r:ueventd:s0 tclass=file permissive=1
06-06 14:40:55.952 309 309 I pgrep : type=1400 audit(0.0:21): avc: denied { read } for scontext=u:r:toolbox:s0 tcontext=u:r:logd:s0 tclass=file permissive=1
06-06 14:40:55.952 309 309 I pgrep : type=1400 audit(0.0:22): avc: denied { read } for scontext=u:r:toolbox:s0 tcontext=u:r:lmkd:s0 tclass=file permissive=1
06-06 14:40:55.952 309 309 I pgrep : type=1400 audit(0.0:23): avc: denied { read } for scontext=u:r:toolbox:s0 tcontext=u:r:servicemanager:s0 tclass=file permissive=1
06-06 14:40:55.952 309 309 I pgrep : type=1400 audit(0.0:24): avc: denied { read } for scontext=u:r:toolbox:s0 tcontext=u:r:hwservicemanager:s0 tclass=file permissive=1
06-06 14:40:55.956 309 309 I pgrep : type=1400 audit(0.0:25): avc: denied { getattr } for path="/proc/1" dev="proc" ino=1691 scontext=u:r:toolbox:s0 tcontext=u:r:init:s0 tclass=dir permissive=1
06-06 14:40:55.956 309 309 I pgrep : type=1400 audit(0.0:26): avc: denied { search } for name="1" dev="proc" ino=1691 scontext=u:r:toolbox:s0 tcontext=u:r:init:s0 tclass=dir permissive=1
06-06 14:40:55.960 305 305 I gsid : no DSU: No such file or directory
06-06 14:40:55.960 309 309 I pgrep : type=1400 audit(0.0:27): avc: denied { open } for path="/proc/1/stat" dev="proc" ino=932 scontext=u:r:toolbox:s0 tcontext=u:r:init:s0 tclass=file permissive=1
06-06 14:40:55.960 309 309 I pgrep : type=1400 audit(0.0:28): avc: denied { getattr } for path="/proc/2" dev="proc" ino=845 scontext=u:r:toolbox:s0 tcontext=u:r:kernel:s0 tclass=dir permissive=1
06-06 14:40:55.960 309 309 I pgrep : type=1400 audit(0.0:29): avc: denied { search } for name="2" dev="proc" ino=845 scontext=u:r:toolbox:s0 tcontext=u:r:kernel:s0 tclass=dir permissive=1
06-06 14:40:55.960 309 309 I pgrep : type=1400 audit(0.0:30): avc: denied { open } for path="/proc/2/stat" dev="proc" ino=933 scontext=u:r:toolbox:s0 tcontext=u:r:kernel:s0 tclass=file permissive=1
06-06 14:40:55.963 306 306 D XiriService: XiriService version 2.5.0.11258
06-06 14:40:55.960 302 302 I onstartup.sh: type=1400 audit(0.0:31): avc: denied { getattr } for path="/data/local/fast_apks_installed" dev="mmcblk0p25" ino=227 scontext=u:r:onstartup:s0 tcontext=u:object_r:onstartup_system_file:s0 tclass=file permissive=1
06-06 14:40:55.968 306 306 I xiriservice_All: type=1400 audit(0.0:32): avc: denied { search } for name="com.android.connectivity.resources" dev="mmcblk0p25" ino=522 scontext=u:r:init:s0 tcontext=u:object_r:privapp_data_file:s0:c512,c768 tclass=dir permissive=1
06-06 14:40:55.968 306 306 I xiriservice_All: type=1400 audit(0.0:33): avc: denied { search } for name="android" dev="mmcblk0p25" ino=526 scontext=u:r:init:s0 tcontext=u:object_r:system_app_data_file:s0 tclass=dir permissive=1
06-06 14:40:55.972 306 306 I xiriservice_All: type=1400 audit(0.0:34): avc: denied { read } for name="lib" dev="mmcblk0p25" ino=7005 scontext=u:r:init:s0 tcontext=u:object_r:system_app_data_file:s0 tclass=lnk_file permissive=1
06-06 14:40:55.972 306 306 I xiriservice_All: type=1400 audit(0.0:35): avc: denied { search } for name="android.ext.shared" dev="mmcblk0p25" ino=543 scontext=u:r:init:s0 tcontext=u:object_r:app_data_file:s0:c512,c768 tclass=dir permissive=1
06-06 14:40:55.972 306 306 I xiriservice_All: type=1400 audit(0.0:36): avc: denied { read } for name="lib" dev="mmcblk0p25" ino=7016 scontext=u:r:init:s0 tcontext=u:object_r:app_data_file:s0:c512,c768 tclass=lnk_file permissive=1
06-06 14:40:55.976 306 306 I xiriservice_All: type=1400 audit(0.0:37): avc: denied { search } for name="com.android.permissioncontroller" dev="mmcblk0p25" ino=572 scontext=u:r:init:s0 tcontext=u:object_r:privapp_data_file:s0:c73,c256,c512,c768 tclass=dir permissive=1
06-06 14:40:55.976 306 306 I xiriservice_All: type=1400 audit(0.0:38): avc: denied { read } for name="lib" dev="mmcblk0p25" ino=6995 scontext=u:r:init:s0 tcontext=u:object_r:privapp_data_file:s0:c512,c768 tclass=lnk_file permissive=1
06-06 14:40:55.976 309 309 I pgrep : type=1400 audit(0.0:39): avc: denied { getattr } for path="/proc/163" dev="proc" ino=2094 scontext=u:r:toolbox:s0 tcontext=u:r:vendor_init:s0 tclass=dir permissive=1
06-06 14:40:55.976 309 309 I pgrep : type=1400 audit(0.0:40): avc: denied { search } for name="163" dev="proc" ino=2094 scontext=u:r:toolbox:s0 tcontext=u:r:vendor_init:s0 tclass=dir permissive=1
06-06 14:40:55.976 309 309 I pgrep : type=1400 audit(0.0:41): avc: denied { open } for path="/proc/163/stat" dev="proc" ino=1021 scontext=u:r:toolbox:s0 tcontext=u:r:vendor_init:s0 tclass=file permissive=1
06-06 14:40:55.976 309 309 I pgrep : type=1400 audit(0.0:42): avc: denied { getattr } for path="/proc/166" dev="proc" ino=2136 scontext=u:r:toolbox:s0 tcontext=u:r:ueventd:s0 tclass=dir permissive=1
06-06 14:40:55.976 309 309 I pgrep : type=1400 audit(0.0:43): avc: denied { search } for name="166" dev="proc" ino=2136 scontext=u:r:toolbox:s0 tcontext=u:r:ueventd:s0 tclass=dir permissive=1
06-06 14:40:55.976 309 309 I pgrep : type=1400 audit(0.0:44): avc: denied { open } for path="/proc/166/stat" dev="proc" ino=1022 scontext=u:r:toolbox:s0 tcontext=u:r:ueventd:s0 tclass=file permissive=1
06-06 14:40:55.976 309 309 I pgrep : type=1400 audit(0.0:45): avc: denied { getattr } for path="/proc/177" dev="proc" ino=1901 scontext=u:r:toolbox:s0 tcontext=u:r:logd:s0 tclass=dir permissive=1
06-06 14:40:55.976 309 309 I pgrep : type=1400 audit(0.0:46): avc: denied { search } for name="177" dev="proc" ino=1901 scontext=u:r:toolbox:s0 tcontext=u:r:logd:s0 tclass=dir permissive=1
06-06 14:40:55.976 309 309 I pgrep : type=1400 audit(0.0:47): avc: denied { open } for path="/proc/177/stat" dev="proc" ino=1024 scontext=u:r:toolbox:s0 tcontext=u:r:logd:s0 tclass=file permissive=1
06-06 14:40:55.976 309 309 I pgrep : type=1400 audit(0.0:48): avc: denied { getattr } for path="/proc/178" dev="proc" ino=6675 scontext=u:r:toolbox:s0 tcontext=u:r:lmkd:s0 tclass=dir permissive=1
06-06 14:40:55.982 252 252 I ExtCamUtils@3.4: loadFromCfg: load external camera config succeed!
06-06 14:40:55.980 309 309 I pgrep : type=1400 audit(0.0:49): avc: denied { search } for name="178" dev="proc" ino=6675 scontext=u:r:toolbox:s0 tcontext=u:r:lmkd:s0 tclass=dir permissive=1
06-06 14:40:55.982 252 252 I ExtCamUtils@3.4: loadFromCfg: no internal ignored device specified
06-06 14:40:55.980 309 309 I pgrep : type=1400 audit(0.0:50): avc: denied { open } for path="/proc/178/stat" dev="proc" ino=9217 scontext=u:r:toolbox:s0 tcontext=u:r:lmkd:s0 tclass=file permissive=1
06-06 14:40:55.980 309 309 I pgrep : type=1400 audit(0.0:51): avc: denied { getattr } for path="/proc/179" dev="proc" ino=243 scontext=u:r:toolbox:s0 tcontext=u:r:servicemanager:s0 tclass=dir permissive=1
06-06 14:40:55.980 309 309 I pgrep : type=1400 audit(0.0:52): avc: denied { search } for name="179" dev="proc" ino=243 scontext=u:r:toolbox:s0 tcontext=u:r:servicemanager:s0 tclass=dir permissive=1
06-06 14:40:55.980 309 309 I pgrep : type=1400 audit(0.0:53): avc: denied { open } for path="/proc/179/stat" dev="proc" ino=9218 scontext=u:r:toolbox:s0 tcontext=u:r:servicemanager:s0 tclass=file permissive=1
06-06 14:40:55.980 309 309 I pgrep : type=1400 audit(0.0:54): avc: denied { read } for scontext=u:r:toolbox:s0 tcontext=u:r:vndservicemanager:s0 tclass=file permissive=1
06-06 14:40:55.980 309 309 I pgrep : type=1400 audit(0.0:55): avc: denied { read } for scontext=u:r:toolbox:s0 tcontext=u:r:shell:s0 tclass=file permissive=1
06-06 14:40:55.980 309 309 I pgrep : type=1400 audit(0.0:56): avc: denied { read } for scontext=u:r:toolbox:s0 tcontext=u:r:vold:s0 tclass=file permissive=1
06-06 14:40:55.980 309 309 I pgrep : type=1400 audit(0.0:57): avc: denied { read } for scontext=u:r:toolbox:s0 tcontext=u:r:system_suspend:s0 tclass=file permissive=1
06-06 14:40:55.983 252 252 V CamPrvdr@2.4-external: Preferred HAL 3 minor version is 4
06-06 14:40:55.980 309 309 I pgrep : type=1400 audit(0.0:58): avc: denied { read } for scontext=u:r:toolbox:s0 tcontext=u:r:keystore:s0 tclass=file permissive=1
06-06 14:40:55.980 309 309 I pgrep : type=1400 audit(0.0:59): avc: denied { read } for scontext=u:r:toolbox:s0 tcontext=u:r:hal_bootctl_default:s0 tclass=file permissive=1
06-06 14:40:55.980 309 309 I pgrep : type=1400 audit(0.0:60): avc: denied { read } for scontext=u:r:toolbox:s0 tcontext=u:r:hal_keymint_default:s0 tclass=file permissive=1
06-06 14:40:55.980 309 309 I pgrep : type=1400 audit(0.0:61): avc: denied { read } for scontext=u:r:toolbox:s0 tcontext=u:r:tee:s0 tclass=file permissive=1
06-06 14:40:55.980 309 309 I pgrep : type=1400 audit(0.0:62): avc: denied { read } for scontext=u:r:toolbox:s0 tcontext=u:r:tombstoned:s0 tclass=file permissive=1
06-06 14:40:55.980 309 309 I pgrep : type=1400 audit(0.0:63): avc: denied { read } for scontext=u:r:toolbox:s0 tcontext=u:r:statsd:s0 tclass=file permissive=1
06-06 14:40:55.980 309 309 I pgrep : type=1400 audit(0.0:64): avc: denied { read } for scontext=u:r:toolbox:s0 tcontext=u:r:netd:s0 tclass=file permissive=1
06-06 14:40:55.980 309 309 I pgrep : type=1400 audit(0.0:65): avc: denied { read } for scontext=u:r:toolbox:s0 tcontext=u:r:zygote:s0 tclass=file permissive=1
06-06 14:40:55.980 309 309 I pgrep : type=1400 audit(0.0:66): avc: denied { read } for scontext=u:r:toolbox:s0 tcontext=u:r:hal_allocator_default:s0 tclass=file permissive=1
06-06 14:40:55.980 309 309 I pgrep : type=1400 audit(0.0:67): avc: denied { read } for scontext=u:r:toolbox:s0 tcontext=u:r:hal_audio_default:s0 tclass=file permissive=1
06-06 14:40:55.980 309 309 I pgrep : type=1400 audit(0.0:68): avc: denied { read } for scontext=u:r:toolbox:s0 tcontext=u:r:hal_bluetooth_default:s0 tclass=file permissive=1
06-06 14:40:55.980 309 309 I pgrep : type=1400 audit(0.0:69): avc: denied { read } for scontext=u:r:toolbox:s0 tcontext=u:r:hal_camera_default:s0 tclass=file permissive=1
06-06 14:40:55.980 309 309 I pgrep : type=1400 audit(0.0:70): avc: denied { read } for scontext=u:r:toolbox:s0 tcontext=u:r:hal_cas_default:s0 tclass=file permissive=1
06-06 14:40:55.980 309 309 I pgrep : type=1400 audit(0.0:71): avc: denied { read } for scontext=u:r:toolbox:s0 tcontext=u:r:hal_gatekeeper_default:s0 tclass=file permissive=1
06-06 14:40:55.980 309 309 I pgrep : type=1400 audit(0.0:72): avc: denied { read } for scontext=u:r:toolbox:s0 tcontext=u:r:hal_graphics_allocator_default:s0 tclass=file permissive=1
06-06 14:40:55.980 309 309 I pgrep : type=1400 audit(0.0:73): avc: denied { read } for scontext=u:r:toolbox:s0 tcontext=u:r:hal_graphics_composer_default:s0 tclass=file permissive=1
06-06 14:40:55.980 309 309 I pgrep : type=1400 audit(0.0:74): avc: denied { read } for scontext=u:r:toolbox:s0 tcontext=u:r:hal_health_default:s0 tclass=file permissive=1
06-06 14:40:55.980 309 309 I pgrep : type=1400 audit(0.0:75): avc: denied { read } for scontext=u:r:toolbox:s0 tcontext=u:r:hal_light_default:s0 tclass=file permissive=1
06-06 14:40:55.980 309 309 I pgrep : type=1400 audit(0.0:76): avc: denied { read } for scontext=u:r:toolbox:s0 tcontext=u:r:hal_power_default:s0 tclass=file permissive=1
06-06 14:40:55.980 309 309 I pgrep : type=1400 audit(0.0:77): avc: denied { read } for scontext=u:r:toolbox:s0 tcontext=u:r:hal_tv_cec_default:s0 tclass=file permissive=1
06-06 14:40:55.980 309 309 I pgrep : type=1400 audit(0.0:79): avc: denied { read } for scontext=u:r:toolbox:s0 tcontext=u:r:hal_usb_impl:s0 tclass=file permissive=1
06-06 14:40:55.980 306 306 I xiriservice_All: type=1400 audit(0.0:78): avc: denied { search } for name="com.android.internal.systemui.navbar.gestural_wide_back" dev="mmcblk0p25" ino=645 scontext=u:r:init:s0 tcontext=u:object_r:app_data_file:s0:c11,c256,c512,c768 tclass=dir permissive=1
06-06 14:40:55.980 309 309 I pgrep : type=1400 audit(0.0:80): avc: denied { read } for scontext=u:r:toolbox:s0 tcontext=u:r:hal_awdisplayoutput_default:s0 tclass=file permissive=1
06-06 14:40:55.980 309 309 I pgrep : type=1400 audit(0.0:81): avc: denied { read } for scontext=u:r:toolbox:s0 tcontext=u:r:hal_rebootescrow_default:s0 tclass=file permissive=1
06-06 14:40:55.980 309 309 I pgrep : type=1400 audit(0.0:82): avc: denied { read } for scontext=u:r:toolbox:s0 tcontext=u:r:audioserver:s0 tclass=file permissive=1
06-06 14:40:55.980 309 309 I pgrep : type=1400 audit(0.0:83): avc: denied { read } for scontext=u:r:toolbox:s0 tcontext=u:r:credstore:s0 tclass=file permissive=1
06-06 14:40:55.980 309 309 I pgrep : type=1400 audit(0.0:84): avc: denied { read } for scontext=u:r:toolbox:s0 tcontext=u:r:gpuservice:s0 tclass=file permissive=1
06-06 14:40:55.984 309 309 I pgrep : type=1400 audit(0.0:85): avc: denied { read } for scontext=u:r:toolbox:s0 tcontext=u:r:surfaceflinger:s0 tclass=file permissive=1
06-06 14:40:55.984 309 309 I pgrep : type=1400 audit(0.0:86): avc: denied { read } for scontext=u:r:toolbox:s0 tcontext=u:r:pqd:s0 tclass=file permissive=1
06-06 14:40:55.984 309 309 I pgrep : type=1400 audit(0.0:87): avc: denied { read } for scontext=u:r:toolbox:s0 tcontext=u:r:onstartup:s0 tclass=file permissive=1
06-06 14:40:55.984 309 309 I pgrep : type=1400 audit(0.0:88): avc: denied { getattr } for path="/proc/180" dev="proc" ino=251 scontext=u:r:toolbox:s0 tcontext=u:r:hwservicemanager:s0 tclass=dir permissive=1
06-06 14:40:55.984 309 309 I pgrep : type=1400 audit(0.0:89): avc: denied { search } for name="180" dev="proc" ino=251 scontext=u:r:toolbox:s0 tcontext=u:r:hwservicemanager:s0 tclass=dir permissive=1
06-06 14:40:55.984 309 309 I pgrep : type=1400 audit(0.0:90): avc: denied { open } for path="/proc/180/stat" dev="proc" ino=9229 scontext=u:r:toolbox:s0 tcontext=u:r:hwservicemanager:s0 tclass=file permissive=1
06-06 14:40:55.984 306 306 I xiriservice_All: type=1400 audit(0.0:91): avc: denied { search } for name="com.sohu.inputmethod.sogou.tv" dev="mmcblk0p25" ino=1427 scontext=u:r:init:s0 tcontext=u:object_r:app_data_file:s0:c36,c256,c512,c768 tclass=dir permissive=1
06-06 14:40:55.984 309 309 I pgrep : type=1400 audit(0.0:92): avc: denied { getattr } for path="/proc/181" dev="proc" ino=2322 scontext=u:r:toolbox:s0 tcontext=u:r:vndservicemanager:s0 tclass=dir permissive=1
06-06 14:40:55.984 309 309 I pgrep : type=1400 audit(0.0:93): avc: denied { search } for name="181" dev="proc" ino=2322 scontext=u:r:toolbox:s0 tcontext=u:r:vndservicemanager:s0 tclass=dir permissive=1
06-06 14:40:55.984 309 309 I pgrep : type=1400 audit(0.0:94): avc: denied { open } for path="/proc/181/stat" dev="proc" ino=9230 scontext=u:r:toolbox:s0 tcontext=u:r:vndservicemanager:s0 tclass=file permissive=1
06-06 14:40:55.984 306 306 I xiriservice_All: type=1400 audit(0.0:95): avc: denied { read } for name="lib" dev="mmcblk0p25" ino=7001 scontext=u:r:init:s0 tcontext=u:object_r:app_data_file:s0:c36,c256,c512,c768 tclass=lnk_file permissive=1
06-06 14:40:55.984 309 309 I pgrep : type=1400 audit(0.0:96): avc: denied { getattr } for path="/proc/182" dev="proc" ino=1917 scontext=u:r:toolbox:s0 tcontext=u:r:shell:s0 tclass=dir permissive=1
06-06 14:40:55.984 309 309 I pgrep : type=1400 audit(0.0:97): avc: denied { search } for name="182" dev="proc" ino=1917 scontext=u:r:toolbox:s0 tcontext=u:r:shell:s0 tclass=dir permissive=1
06-06 14:40:55.984 309 309 I pgrep : type=1400 audit(0.0:98): avc: denied { open } for path="/proc/182/stat" dev="proc" ino=9231 scontext=u:r:toolbox:s0 tcontext=u:r:shell:s0 tclass=file permissive=1
06-06 14:40:55.984 306 306 I xiriservice_All: type=1400 audit(0.0:99): avc: denied { search } for name="com.android.htmlviewer" dev="mmcblk0p25" ino=711 scontext=u:r:init:s0 tcontext=u:object_r:app_data_file:s0:c48,c256,c512,c768 tclass=dir permissive=1
06-06 14:40:55.984 309 309 I pgrep : type=1400 audit(0.0:100): avc: denied { getattr } for path="/proc/187" dev="proc" ino=288 scontext=u:r:toolbox:s0 tcontext=u:r:vold:s0 tclass=dir permissive=1
06-06 14:40:55.984 309 309 I pgrep : type=1400 audit(0.0:102): avc: denied { search } for name="187" dev="proc" ino=288 scontext=u:r:toolbox:s0 tcontext=u:r:vold:s0 tclass=dir permissive=1
06-06 14:40:55.984 306 306 I xiriservice_All: type=1400 audit(0.0:101): avc: denied { search } for name="com.android.companiondevicemanager" dev="mmcblk0p25" ino=719 scontext=u:r:init:s0 tcontext=u:object_r:app_data_file:s0:c39,c256,c512,c768 tclass=dir permissive=1
06-06 14:40:55.984 309 309 I pgrep : type=1400 audit(0.0:103): avc: denied { open } for path="/proc/187/stat" dev="proc" ino=9233 scontext=u:r:toolbox:s0 tcontext=u:r:vold:s0 tclass=file permissive=1
06-06 14:40:55.984 306 306 I xiriservice_All: type=1400 audit(0.0:104): avc: denied { search } for name="com.android.internal.systemui.onehanded.gestural" dev="mmcblk0p25" ino=745 scontext=u:r:init:s0 tcontext=u:object_r:app_data_file:s0:c1,c256,c512,c768 tclass=dir permissive=1
06-06 14:40:55.984 309 309 I pgrep : type=1400 audit(0.0:105): avc: denied { getattr } for path="/proc/201" dev="proc" ino=316 scontext=u:r:toolbox:s0 tcontext=u:r:system_suspend:s0 tclass=dir permissive=1
06-06 14:40:55.984 309 309 I pgrep : type=1400 audit(0.0:106): avc: denied { search } for name="201" dev="proc" ino=316 scontext=u:r:toolbox:s0 tcontext=u:r:system_suspend:s0 tclass=dir permissive=1
06-06 14:40:55.984 309 309 I pgrep : type=1400 audit(0.0:107): avc: denied { open } for path="/proc/201/stat" dev="proc" ino=9238 scontext=u:r:toolbox:s0 tcontext=u:r:system_suspend:s0 tclass=file permissive=1
06-06 14:40:55.984 309 309 I pgrep : type=1400 audit(0.0:108): avc: denied { getattr } for path="/proc/202" dev="proc" ino=2012 scontext=u:r:toolbox:s0 tcontext=u:r:keystore:s0 tclass=dir permissive=1
06-06 14:40:55.984 309 309 I pgrep : type=1400 audit(0.0:109): avc: denied { search } for name="202" dev="proc" ino=2012 scontext=u:r:toolbox:s0 tcontext=u:r:keystore:s0 tclass=dir permissive=1
06-06 14:40:55.984 309 309 I pgrep : type=1400 audit(0.0:110): avc: denied { open } for path="/proc/202/stat" dev="proc" ino=9239 scontext=u:r:toolbox:s0 tcontext=u:r:keystore:s0 tclass=file permissive=1
06-06 14:40:55.984 309 309 I pgrep : type=1400 audit(0.0:111): avc: denied { getattr } for path="/proc/203" dev="proc" ino=329 scontext=u:r:toolbox:s0 tcontext=u:r:hal_bootctl_default:s0 tclass=dir permissive=1
06-06 14:40:55.984 309 309 I pgrep : type=1400 audit(0.0:112): avc: denied { search } for name="203" dev="proc" ino=329 scontext=u:r:toolbox:s0 tcontext=u:r:hal_bootctl_default:s0 tclass=dir permissive=1
06-06 14:40:55.984 309 309 I pgrep : type=1400 audit(0.0:113): avc: denied { open } for path="/proc/203/stat" dev="proc" ino=9240 scontext=u:r:toolbox:s0 tcontext=u:r:hal_bootctl_default:s0 tclass=file permissive=1
06-06 14:40:55.984 309 309 I pgrep : type=1400 audit(0.0:114): avc: denied { getattr } for path="/proc/204" dev="proc" ino=6750 scontext=u:r:toolbox:s0 tcontext=u:r:hal_keymint_default:s0 tclass=dir permissive=1
06-06 14:40:55.984 309 309 I pgrep : type=1400 audit(0.0:115): avc: denied { search } for name="204" dev="proc" ino=6750 scontext=u:r:toolbox:s0 tcontext=u:r:hal_keymint_default:s0 tclass=dir permissive=1
06-06 14:40:55.984 309 309 I pgrep : type=1400 audit(0.0:116): avc: denied { open } for path="/proc/204/stat" dev="proc" ino=9241 scontext=u:r:toolbox:s0 tcontext=u:r:hal_keymint_default:s0 tclass=file permissive=1
06-06 14:40:55.984 309 309 I pgrep : type=1400 audit(0.0:117): avc: denied { getattr } for path="/proc/205" dev="proc" ino=6764 scontext=u:r:toolbox:s0 tcontext=u:r:tee:s0 tclass=dir permissive=1
06-06 14:40:55.994 252 252 I HidlServiceManagement: Registered android.hardware.camera.provider@2.4::ICameraProvider/external/0
06-06 14:40:55.994 252 252 I HidlServiceManagement: Removing namespace from process name android.hardware.camera.provider@2.4-external-service to provider@2.4-external-service.
06-06 14:40:55.995 252 252 I LegacySupport: Registration complete for android.hardware.camera.provider@2.4::ICameraProvider/external/0.
06-06 14:40:56.005 252 313 I CamPrvdr@2.4-external: threadLoop start monitoring new V4L2 devices
06-06 14:40:55.984 309 309 I pgrep : type=1400 audit(0.0:118): avc: denied { search } for name="205" dev="proc" ino=6764 scontext=u:r:toolbox:s0 tcontext=u:r:tee:s0 tclass=dir permissive=1
06-06 14:40:55.984 309 309 I pgrep : type=1400 audit(0.0:119): avc: denied { open } for path="/proc/205/stat" dev="proc" ino=9242 scontext=u:r:toolbox:s0 tcontext=u:r:tee:s0 tclass=file permissive=1
06-06 14:40:55.988 309 309 I pgrep : type=1400 audit(0.0:120): avc: denied { getattr } for path="/proc/217" dev="proc" ino=7226 scontext=u:r:toolbox:s0 tcontext=u:r:tombstoned:s0 tclass=dir permissive=1
06-06 14:40:55.988 309 309 I pgrep : type=1400 audit(0.0:121): avc: denied { search } for name="217" dev="proc" ino=7226 scontext=u:r:toolbox:s0 tcontext=u:r:tombstoned:s0 tclass=dir permissive=1
06-06 14:40:55.988 309 309 I pgrep : type=1400 audit(0.0:122): avc: denied { open } for path="/proc/217/stat" dev="proc" ino=9246 scontext=u:r:toolbox:s0 tcontext=u:r:tombstoned:s0 tclass=file permissive=1
06-06 14:40:55.988 309 309 I pgrep : type=1400 audit(0.0:123): avc: denied { getattr } for path="/proc/239" dev="proc" ino=7481 scontext=u:r:toolbox:s0 tcontext=u:r:statsd:s0 tclass=dir permissive=1
06-06 14:40:55.988 309 309 I pgrep : type=1400 audit(0.0:124): avc: denied { search } for name="239" dev="proc" ino=7481 scontext=u:r:toolbox:s0 tcontext=u:r:statsd:s0 tclass=dir permissive=1
06-06 14:40:55.988 309 309 I pgrep : type=1400 audit(0.0:125): avc: denied { open } for path="/proc/239/stat" dev="proc" ino=9247 scontext=u:r:toolbox:s0 tcontext=u:r:statsd:s0 tclass=file permissive=1
06-06 14:40:55.988 309 309 I pgrep : type=1400 audit(0.0:126): avc: denied { getattr } for path="/proc/240" dev="proc" ino=2550 scontext=u:r:toolbox:s0 tcontext=u:r:netd:s0 tclass=dir permissive=1
06-06 14:40:55.988 309 309 I pgrep : type=1400 audit(0.0:127): avc: denied { search } for name="240" dev="proc" ino=2550 scontext=u:r:toolbox:s0 tcontext=u:r:netd:s0 tclass=dir permissive=1
06-06 14:40:55.988 309 309 I pgrep : type=1400 audit(0.0:128): avc: denied { open } for path="/proc/240/stat" dev="proc" ino=9248 scontext=u:r:toolbox:s0 tcontext=u:r:netd:s0 tclass=file permissive=1
06-06 14:40:55.988 309 309 I pgrep : type=1400 audit(0.0:129): avc: denied { getattr } for path="/proc/241" dev="proc" ino=7066 scontext=u:r:toolbox:s0 tcontext=u:r:zygote:s0 tclass=dir permissive=1
06-06 14:40:55.988 309 309 I pgrep : type=1400 audit(0.0:130): avc: denied { search } for name="241" dev="proc" ino=7066 scontext=u:r:toolbox:s0 tcontext=u:r:zygote:s0 tclass=dir permissive=1
06-06 14:40:55.988 309 309 I pgrep : type=1400 audit(0.0:131): avc: denied { open } for path="/proc/241/stat" dev="proc" ino=9249 scontext=u:r:toolbox:s0 tcontext=u:r:zygote:s0 tclass=file permissive=1
06-06 14:40:55.988 309 309 I pgrep : type=1400 audit(0.0:132): avc: denied { getattr } for path="/proc/246" dev="proc" ino=2584 scontext=u:r:toolbox:s0 tcontext=u:r:hal_allocator_default:s0 tclass=dir permissive=1
06-06 14:40:55.988 309 309 I pgrep : type=1400 audit(0.0:133): avc: denied { search } for name="246" dev="proc" ino=2584 scontext=u:r:toolbox:s0 tcontext=u:r:hal_allocator_default:s0 tclass=dir permissive=1
06-06 14:40:55.988 309 309 I pgrep : type=1400 audit(0.0:134): avc: denied { open } for path="/proc/246/stat" dev="proc" ino=9251 scontext=u:r:toolbox:s0 tcontext=u:r:hal_allocator_default:s0 tclass=file permissive=1
06-06 14:40:55.988 309 309 I pgrep : type=1400 audit(0.0:135): avc: denied { getattr } for path="/proc/247" dev="proc" ino=7096 scontext=u:r:toolbox:s0 tcontext=u:r:hal_audio_default:s0 tclass=dir permissive=1
06-06 14:40:55.988 309 309 I pgrep : type=1400 audit(0.0:136): avc: denied { search } for name="247" dev="proc" ino=7096 scontext=u:r:toolbox:s0 tcontext=u:r:hal_audio_default:s0 tclass=dir permissive=1
06-06 14:40:55.988 309 309 I pgrep : type=1400 audit(0.0:137): avc: denied { open } for path="/proc/247/stat" dev="proc" ino=9252 scontext=u:r:toolbox:s0 tcontext=u:r:hal_audio_default:s0 tclass=file permissive=1
06-06 14:40:55.988 309 309 I pgrep : type=1400 audit(0.0:138): avc: denied { getattr } for path="/proc/251" dev="proc" ino=7112 scontext=u:r:toolbox:s0 tcontext=u:r:hal_bluetooth_default:s0 tclass=dir permissive=1
06-06 14:40:55.988 309 309 I pgrep : type=1400 audit(0.0:139): avc: denied { search } for name="251" dev="proc" ino=7112 scontext=u:r:toolbox:s0 tcontext=u:r:hal_bluetooth_default:s0 tclass=dir permissive=1
06-06 14:40:55.988 309 309 I pgrep : type=1400 audit(0.0:140): avc: denied { open } for path="/proc/251/stat" dev="proc" ino=9255 scontext=u:r:toolbox:s0 tcontext=u:r:hal_bluetooth_default:s0 tclass=file permissive=1
06-06 14:40:55.988 309 309 I pgrep : type=1400 audit(0.0:141): avc: denied { getattr } for path="/proc/252" dev="proc" ino=7771 scontext=u:r:toolbox:s0 tcontext=u:r:hal_camera_default:s0 tclass=dir permissive=1
06-06 14:40:55.988 309 309 I pgrep : type=1400 audit(0.0:142): avc: denied { search } for name="252" dev="proc" ino=7771 scontext=u:r:toolbox:s0 tcontext=u:r:hal_camera_default:s0 tclass=dir permissive=1
06-06 14:40:55.992 309 309 I pgrep : type=1400 audit(0.0:143): avc: denied { open } for path="/proc/252/stat" dev="proc" ino=9256 scontext=u:r:toolbox:s0 tcontext=u:r:hal_camera_default:s0 tclass=file permissive=1
06-06 14:40:55.992 309 309 I pgrep : type=1400 audit(0.0:144): avc: denied { getattr } for path="/proc/255" dev="proc" ino=7783 scontext=u:r:toolbox:s0 tcontext=u:r:hal_cas_default:s0 tclass=dir permissive=1
06-06 14:40:55.992 309 309 I pgrep : type=1400 audit(0.0:145): avc: denied { search } for name="255" dev="proc" ino=7783 scontext=u:r:toolbox:s0 tcontext=u:r:hal_cas_default:s0 tclass=dir permissive=1
06-06 14:40:55.992 309 309 I pgrep : type=1400 audit(0.0:146): avc: denied { open } for path="/proc/255/stat" dev="proc" ino=9257 scontext=u:r:toolbox:s0 tcontext=u:r:hal_cas_default:s0 tclass=file permissive=1
06-06 14:40:55.992 309 309 I pgrep : type=1400 audit(0.0:147): avc: denied { getattr } for path="/proc/256" dev="proc" ino=2627 scontext=u:r:toolbox:s0 tcontext=u:r:hal_gatekeeper_default:s0 tclass=dir permissive=1
06-06 14:40:55.992 309 309 I pgrep : type=1400 audit(0.0:148): avc: denied { search } for name="256" dev="proc" ino=2627 scontext=u:r:toolbox:s0 tcontext=u:r:hal_gatekeeper_default:s0 tclass=dir permissive=1
06-06 14:40:55.992 309 309 I pgrep : type=1400 audit(0.0:149): avc: denied { open } for path="/proc/256/stat" dev="proc" ino=9258 scontext=u:r:toolbox:s0 tcontext=u:r:hal_gatekeeper_default:s0 tclass=file permissive=1
06-06 14:40:55.992 309 309 I pgrep : type=1400 audit(0.0:150): avc: denied { getattr } for path="/proc/257" dev="proc" ino=8223 scontext=u:r:toolbox:s0 tcontext=u:r:hal_graphics_allocator_default:s0 tclass=dir permissive=1
06-06 14:40:55.992 309 309 I pgrep : type=1400 audit(0.0:151): avc: denied { search } for name="257" dev="proc" ino=8223 scontext=u:r:toolbox:s0 tcontext=u:r:hal_graphics_allocator_default:s0 tclass=dir permissive=1
06-06 14:40:55.992 309 309 I pgrep : type=1400 audit(0.0:152): avc: denied { open } for path="/proc/257/stat" dev="proc" ino=9259 scontext=u:r:toolbox:s0 tcontext=u:r:hal_graphics_allocator_default:s0 tclass=file permissive=1
06-06 14:40:55.992 309 309 I pgrep : type=1400 audit(0.0:153): avc: denied { getattr } for path="/proc/260" dev="proc" ino=8238 scontext=u:r:toolbox:s0 tcontext=u:r:hal_graphics_composer_default:s0 tclass=dir permissive=1
06-06 14:40:55.992 309 309 I pgrep : type=1400 audit(0.0:154): avc: denied { read } for scontext=u:r:toolbox:s0 tcontext=u:r:hal_graphics_composer_default:s0 tclass=file permissive=1
06-06 14:40:55.992 309 309 I pgrep : type=1400 audit(0.0:155): avc: denied { search } for name="260" dev="proc" ino=8238 scontext=u:r:toolbox:s0 tcontext=u:r:hal_graphics_composer_default:s0 tclass=dir permissive=1
06-06 14:40:55.992 309 309 I pgrep : type=1400 audit(0.0:156): avc: denied { open } for path="/proc/260/stat" dev="proc" ino=9260 scontext=u:r:toolbox:s0 tcontext=u:r:hal_graphics_composer_default:s0 tclass=file permissive=1
06-06 14:40:55.992 306 306 I xiriservice_All: type=1400 audit(0.0:157): avc: denied { search } for name="com.android.simappdialog" dev="mmcblk0p25" ino=786 scontext=u:r:init:s0 tcontext=u:object_r:app_data_file:s0:c38,c256,c512,c768 tclass=dir permissive=1
06-06 14:40:55.992 309 309 I pgrep : type=1400 audit(0.0:158): avc: denied { getattr } for path="/proc/261" dev="proc" ino=8247 scontext=u:r:toolbox:s0 tcontext=u:r:hal_health_default:s0 tclass=dir permissive=1
06-06 14:40:55.992 309 309 I pgrep : type=1400 audit(0.0:159): avc: denied { search } for name="261" dev="proc" ino=8247 scontext=u:r:toolbox:s0 tcontext=u:r:hal_health_default:s0 tclass=dir permissive=1
06-06 14:40:55.992 309 309 I pgrep : type=1400 audit(0.0:160): avc: denied { open } for path="/proc/261/stat" dev="proc" ino=9261 scontext=u:r:toolbox:s0 tcontext=u:r:hal_health_default:s0 tclass=file permissive=1
06-06 14:40:55.992 306 306 I xiriservice_All: type=1400 audit(0.0:161): avc: denied { read } for name="lib" dev="mmcblk0p25" ino=7004 scontext=u:r:init:s0 tcontext=u:object_r:radio_data_file:s0 tclass=lnk_file permissive=1
06-06 14:40:55.992 309 309 I pgrep : type=1400 audit(0.0:162): avc: denied { getattr } for path="/proc/262" dev="proc" ino=8249 scontext=u:r:toolbox:s0 tcontext=u:r:hal_light_default:s0 tclass=dir permissive=1
06-06 14:40:55.992 309 309 I pgrep : type=1400 audit(0.0:163): avc: denied { search } for name="262" dev="proc" ino=8249 scontext=u:r:toolbox:s0 tcontext=u:r:hal_light_default:s0 tclass=dir permissive=1
06-06 14:40:55.992 309 309 I pgrep : type=1400 audit(0.0:164): avc: denied { open } for path="/proc/262/stat" dev="proc" ino=9262 scontext=u:r:toolbox:s0 tcontext=u:r:hal_light_default:s0 tclass=file permissive=1
06-06 14:40:55.992 306 306 I xiriservice_All: type=1400 audit(0.0:165): avc: denied { search } for name="com.android.modulemetadata" dev="mmcblk0p25" ino=802 scontext=u:r:init:s0 tcontext=u:object_r:app_data_file:s0:c59,c256,c512,c768 tclass=dir permissive=1
06-06 14:40:55.992 309 309 I pgrep : type=1400 audit(0.0:166): avc: denied { getattr } for path="/proc/263" dev="proc" ino=8251 scontext=u:r:toolbox:s0 tcontext=u:r:hal_power_default:s0 tclass=dir permissive=1
06-06 14:40:55.992 309 309 I pgrep : type=1400 audit(0.0:167): avc: denied { read } for scontext=u:r:toolbox:s0 tcontext=u:r:hal_power_default:s0 tclass=file permissive=1
06-06 14:40:55.992 309 309 I pgrep : type=1400 audit(0.0:168): avc: denied { search } for name="263" dev="proc" ino=8251 scontext=u:r:toolbox:s0 tcontext=u:r:hal_power_default:s0 tclass=dir permissive=1
06-06 14:40:55.992 309 309 I pgrep : type=1400 audit(0.0:169): avc: denied { open } for path="/proc/263/stat" dev="proc" ino=9263 scontext=u:r:toolbox:s0 tcontext=u:r:hal_power_default:s0 tclass=file permissive=1
06-06 14:40:55.992 306 306 I xiriservice_All: type=1400 audit(0.0:170): avc: denied { search } for name="com.google.android.apps.searchlite.overlay" dev="mmcblk0p25" ino=827 scontext=u:r:init:s0 tcontext=u:object_r:app_data_file:s0:c4,c256,c512,c768 tclass=dir permissive=1
06-06 14:40:55.992 306 306 I xiriservice_All: type=1400 audit(0.0:171): avc: denied { search } for name="com.android.internal.systemui.navbar.threebutton" dev="mmcblk0p25" ino=835 scontext=u:r:init:s0 tcontext=u:object_r:app_data_file:s0:c9,c256,c512,c768 tclass=dir permissive=1
06-06 14:40:55.992 309 309 I pgrep : type=1400 audit(0.0:172): avc: denied { getattr } for path="/proc/264" dev="proc" ino=7925 scontext=u:r:toolbox:s0 tcontext=u:r:hal_tv_cec_default:s0 tclass=dir permissive=1
06-06 14:40:55.992 309 309 I pgrep : type=1400 audit(0.0:173): avc: denied { search } for name="264" dev="proc" ino=7925 scontext=u:r:toolbox:s0 tcontext=u:r:hal_tv_cec_default:s0 tclass=dir permissive=1
06-06 14:40:55.992 306 306 I xiriservice_All: type=1400 audit(0.0:174): avc: denied { search } for name="com.google.android.networkstackconfig" dev="mmcblk0p25" ino=845 scontext=u:r:init:s0 tcontext=u:object_r:app_data_file:s0:c8,c256,c512,c768 tclass=dir permissive=1
06-06 14:40:55.992 309 309 I pgrep : type=1400 audit(0.0:175): avc: denied { open } for path="/proc/264/stat" dev="proc" ino=9264 scontext=u:r:toolbox:s0 tcontext=u:r:hal_tv_cec_default:s0 tclass=file permissive=1
06-06 14:40:55.992 309 309 I pgrep : type=1400 audit(0.0:176): avc: denied { getattr } for path="/proc/265" dev="proc" ino=582 scontext=u:r:toolbox:s0 tcontext=u:r:hal_usb_impl:s0 tclass=dir permissive=1
06-06 14:40:55.992 309 309 I pgrep : type=1400 audit(0.0:177): avc: denied { search } for name="265" dev="proc" ino=582 scontext=u:r:toolbox:s0 tcontext=u:r:hal_usb_impl:s0 tclass=dir permissive=1
06-06 14:40:55.992 309 309 I pgrep : type=1400 audit(0.0:178): avc: denied { open } for path="/proc/265/stat" dev="proc" ino=9265 scontext=u:r:toolbox:s0 tcontext=u:r:hal_usb_impl:s0 tclass=file permissive=1
06-06 14:40:55.992 309 309 I pgrep : type=1400 audit(0.0:179): avc: denied { getattr } for path="/proc/278" dev="proc" ino=8287 scontext=u:r:toolbox:s0 tcontext=u:r:hal_awdisplayoutput_default:s0 tclass=dir permissive=1
06-06 14:40:55.992 309 309 I pgrep : type=1400 audit(0.0:180): avc: denied { search } for name="278" dev="proc" ino=8287 scontext=u:r:toolbox:s0 tcontext=u:r:hal_awdisplayoutput_default:s0 tclass=dir permissive=1
06-06 14:40:55.992 309 309 I pgrep : type=1400 audit(0.0:181): avc: denied { open } for path="/proc/278/stat" dev="proc" ino=9266 scontext=u:r:toolbox:s0 tcontext=u:r:hal_awdisplayoutput_default:s0 tclass=file permissive=1
06-06 14:40:55.992 309 309 I pgrep : type=1400 audit(0.0:182): avc: denied { getattr } for path="/proc/282" dev="proc" ino=8300 scontext=u:r:toolbox:s0 tcontext=u:r:hal_rebootescrow_default:s0 tclass=dir permissive=1
06-06 14:40:55.992 309 309 I pgrep : type=1400 audit(0.0:183): avc: denied { search } for name="282" dev="proc" ino=8300 scontext=u:r:toolbox:s0 tcontext=u:r:hal_rebootescrow_default:s0 tclass=dir permissive=1
06-06 14:40:55.992 309 309 I pgrep : type=1400 audit(0.0:184): avc: denied { open } for path="/proc/282/stat" dev="proc" ino=9267 scontext=u:r:toolbox:s0 tcontext=u:r:hal_rebootescrow_default:s0 tclass=file permissive=1
06-06 14:40:55.992 309 309 I pgrep : type=1400 audit(0.0:185): avc: denied { getattr } for path="/proc/285" dev="proc" ino=8320 scontext=u:r:toolbox:s0 tcontext=u:r:audioserver:s0 tclass=dir permissive=1
