06-06 14:41:02.918 479 578 I SystemServerTimingAsync: StartHidlServices
06-06 14:41:02.919 479 479 I InputManager: Starting input manager
06-06 14:41:02.926 479 578 I HidlServiceManagement: Registered android.frameworks.sensorservice@1.0::ISensorManager/default
06-06 14:41:02.928 180 180 I hwservicemanager: getTransport: Cannot find entry android.frameworks.schedulerservice@1.0::ISchedulingPolicyService/default in either framework or device VINTF manifest.
06-06 14:41:02.928 479 578 W system_server: android.frameworks.schedulerservice@1.0::ISchedulingPolicyService is deprecated. Skipping registration.
06-06 14:41:02.929 479 578 D SystemServerTimingAsync: StartHidlServices took to complete: 10ms
06-06 14:41:02.929 479 578 D SystemServerInitThreadPool: Finished executing StartHidlServices
06-06 14:41:02.929 479 578 D SystemServerTimingAsync: InitThreadPoolExec:StartHidlServices took to complete: 10ms
06-06 14:41:02.930 479 479 I InputManager: Enabling motion classifier because just booted: feature enabled, long press timeout = 400
06-06 14:41:02.930 479 479 I InputClassifier: Enabling motion classifier
06-06 14:41:02.932 180 180 I hwservicemanager: getTransport: Cannot find entry android.hardware.input.classifier@1.0::IInputClassifier/default in either framework or device VINTF manifest.
06-06 14:41:02.932 479 596 I InputClassifier: Could not obtain InputClassifier HAL
06-06 14:41:02.933 479 595 D EventHub: No input device configuration file found for device 'sunxi-ir-uinput'.
06-06 14:41:02.934 479 479 D SystemServerTiming: StartInputManager took to complete: 15ms
06-06 14:41:02.934 479 479 I SystemServerTiming: DisplayManagerWindowManagerAndInputReady
06-06 14:41:02.935 479 479 D SystemServerTiming: DisplayManagerWindowManagerAndInputReady took to complete: 1ms
06-06 14:41:02.935 479 530 I LogicalDisplayMapper: Requesting Transition to state: 0
06-06 14:41:02.935 479 530 I LogicalDisplayMapper: Applying layout: [{addr: {port=0}, dispId: 0(ON)}], Previous layout: [{addr: {port=0}, dispId: 0(ON)}]
06-06 14:41:02.935 479 479 I SystemServerTiming: StartBluetoothService
06-06 14:41:02.936 479 479 I SystemServiceManager: Starting com.android.server.BluetoothService
06-06 14:41:02.938 479 479 D BluetoothManagerService: Loading stored name and address
06-06 14:41:02.939 479 479 D BluetoothManagerService: Stored bluetooth Name=DBBOX-A2,Address=B4:2F:03:15:73:7E
06-06 14:41:02.939 479 479 D BluetoothManagerService: Bluetooth persisted state: 1
06-06 14:41:02.940 479 479 D BluetoothManagerService: Startup: Bluetooth persisted state is ON.
06-06 14:41:02.940 479 479 D BluetoothManagerService: Detected SystemUiUid: 10061
06-06 14:41:02.940 479 479 D SystemServerTiming: StartBluetoothService took to complete: 5ms
06-06 14:41:02.941 479 479 I SystemServerTiming: IpConnectivityMetrics
06-06 14:41:02.941 479 479 I SystemServiceManager: Starting com.android.server.connectivity.IpConnectivityMetrics
06-06 14:41:02.942 479 479 D SystemServerTiming: IpConnectivityMetrics took to complete: 2ms
06-06 14:41:02.942 479 479 I SystemServerTiming: NetworkWatchlistService
06-06 14:41:02.943 479 479 I SystemServiceManager: Starting com.android.server.net.watchlist.NetworkWatchlistService$Lifecycle
06-06 14:41:02.944 306 306 D XiriService: check file name: /data/data/com.android.cts.priv.ctsshim/lib
06-06 14:41:02.944 306 306 D XiriService: check file name: /data/data/com.android.cts.priv.ctsshim/lib
06-06 14:41:02.940 306 306 I xiriservice_All: type=1400 audit(0.0:292): avc: denied { search } for name="com.android.cts.priv.ctsshim" dev="mmcblk0p25" ino=588 scontext=u:r:init:s0 tcontext=u:object_r:privapp_data_file:s0:c512,c768 tclass=dir permissive=1
06-06 14:41:02.946 479 595 I EventHub: usingClockIoctl=true
06-06 14:41:02.946 315 316 D XM_HIDREAD: add@ add@/devices/virtual/wakeup/wakeup23
06-06 14:41:02.946 479 595 I EventHub: New device: id=1, fd=164, path='/dev/input/event1', name='sunxi-ir-uinput', classes=KEYBOARD | ALPHAKEY | CURSOR | DPAD, configuration='', keyLayout='/system/usr/keylayout/sunxi-ir-uinput.kl', keyCharacterMap='/system/usr/keychars/Generic.kcm', builtinKeyboard=false,
06-06 14:41:02.947 479 595 D EventHub: No input device configuration file found for device 'sunxi-ir'.
06-06 14:41:02.956 241 241 E ActivityRecognitionHardware: activity_recognition HAL is deprecated. class_init is effectively a no-op
06-06 14:41:02.961 315 316 D XM_HIDREAD: add@ add@/devices/virtual/wakeup/wakeup24
06-06 14:41:02.961 479 595 I EventHub: usingClockIoctl=true
06-06 14:41:02.962 479 595 I EventHub: New device: id=2, fd=165, path='/dev/input/event0', name='sunxi-ir', classes=KEYBOARD, configuration='', keyLayout='/system/usr/keylayout/sunxi-ir.kl', keyCharacterMap='/system/usr/keychars/Generic.kcm', builtinKeyboard=false,
06-06 14:41:02.964 306 306 D XiriService: check file name: /data/data/com.android.cts.priv.ctsshim/lib
06-06 14:41:02.964 306 306 D XiriService: check file name: /data/data/com.android.dynsystem/lib
06-06 14:41:02.964 306 306 D XiriService: check file name: /data/data/com.dangbei.lerad.rocky/lib
06-06 14:41:02.968 306 306 D XiriService: check file name: /data/data/com.dangbei.lerad.rocky/lib
06-06 14:41:02.968 306 306 D XiriService: check file name: /data/data/com.dangbei.lerad.rocky/lib
06-06 14:41:02.968 306 306 D XiriService: check file name: /data/data/com.dangbei.lerad.rocky/lib
06-06 14:41:02.968 306 306 D XiriService: check file name: /data/data/com.dangbei.lerad.rocky/lib
06-06 14:41:02.973 479 595 I InputReader: Device added: id=-1, eventHubId=-1, name='Virtual', descriptor='a718a782d34bc767f4689c232d64d527998ea7fd',sources=0x00000301
06-06 14:41:02.973 479 595 I InputReader: Device added: id=2, eventHubId=2, name='sunxi-ir', descriptor='485d69228e24f5e46da1598745890b214130dbc4',sources=0x00000101
06-06 14:41:02.974 306 306 D XiriService: check file name: /data/data/com.android.tv.settings/lib
06-06 14:41:02.974 306 306 D XiriService: check file name: /data/data/com.android.tv.settings/lib
06-06 14:41:02.974 479 595 W InputReader: Can't find the designated viewport with ID 0 to update cursor input mapper. Fall back to default display
06-06 14:41:02.974 479 595 E InputReader: Still can't find a viable viewport to update cursor input mapper. Skip setting it to PointerController.
06-06 14:41:02.974 479 595 I InputReader: Device added: id=3, eventHubId=1, name='sunxi-ir-uinput', descriptor='0a253e777d1b2169367be63d7c9054e7991953a6',sources=0x00002303
06-06 14:41:02.974 306 306 D XiriService: check file name: /data/data/com.android.tv.settings/lib
06-06 14:41:02.975 306 306 D XiriService: check file name: /data/data/com.android.tv.settings/lib
06-06 14:41:02.985 306 306 D XiriService: check file name: /data/data/com.android.tv.settings/lib
06-06 14:41:02.991 306 306 D XiriService: check file name: /data/data/com.oranth.factory/lib
06-06 14:41:02.991 306 306 D XiriService: check file name: /data/data/com.oranth.factory/lib
06-06 14:41:02.991 306 306 D XiriService: check file name: /data/data/com.oranth.factory/lib
06-06 14:41:02.991 306 306 D XiriService: check file name: /data/data/com.oranth.factory/lib
06-06 14:41:02.997 306 306 D XiriService: check file name: /data/data/com.oranth.factory/lib
06-06 14:41:03.003 479 479 I WatchlistSettings: Reload watchlist settings done
06-06 14:41:03.003 306 306 D XiriService: check file name: /data/data/com.dangbei.zhushou.os/lib
06-06 14:41:03.008 479 597 I WatchlistLoggingHandler: No need to aggregate record yet.
06-06 14:41:03.008 479 597 I WatchlistLoggingHandler: Milliseconds spent on tryAggregateRecords(): 0
06-06 14:41:02.940 306 306 I xiriservice_All: type=1400 audit(0.0:293): avc: denied { read } for name="lib" dev="mmcblk0p25" ino=8232 scontext=u:r:init:s0 tcontext=u:object_r:privapp_data_file:s0:c512,c768 tclass=lnk_file permissive=1
06-06 14:41:03.009 479 479 W SystemServiceManager: Service com.android.server.net.watchlist.NetworkWatchlistService$Lifecycle took 66 ms in onStart
06-06 14:41:03.009 479 479 D SystemServerTiming: NetworkWatchlistService took to complete: 67ms
06-06 14:41:03.009 479 479 I SystemServerTiming: PinnerService
06-06 14:41:03.009 479 479 I SystemServiceManager: Starting com.android.server.PinnerService
06-06 14:41:03.009 306 306 D XiriService: check file name: /data/data/com.dangbei.zhushou.os/lib
06-06 14:41:03.010 306 306 D XiriService: check file name: /data/data/com.dangbei.zhushou.os/lib
06-06 14:41:03.010 306 306 D XiriService: check file name: /data/data/com.dangbei.zhushou.os/lib
06-06 14:41:03.010 306 306 D XiriService: check file name: /data/data/com.dangbei.zhushou.os/lib
06-06 14:41:03.012 479 479 V HistoricalRegistry: Interaction before persistence initialized
06-06 14:41:03.020 479 479 D SystemServerTiming: PinnerService took to complete: 10ms
06-06 14:41:03.020 479 479 I SystemServerTiming: IorapForwardingService
06-06 14:41:03.020 479 479 I SystemServiceManager: Starting com.google.android.startop.iorap.IorapForwardingService
06-06 14:41:03.025 479 479 W IorapForwardingService: No service published for: iorapd
06-06 14:41:03.025 479 479 D SystemServerTiming: IorapForwardingService took to complete: 5ms
06-06 14:41:03.026 479 479 I SystemServerTiming: SignedConfigService
06-06 14:41:03.027 479 479 D SystemServerTiming: SignedConfigService took to complete: 0ms
06-06 14:41:03.027 479 479 I SystemServerTiming: AppIntegrityService
06-06 14:41:03.027 479 479 I SystemServiceManager: Starting com.android.server.integrity.AppIntegrityManagerService
06-06 14:41:03.030 479 479 E IntegrityFileManager: Error creating staging and rules directory
06-06 14:41:03.034 479 479 D SystemServerTiming: AppIntegrityService took to complete: 8ms
06-06 14:41:03.035 479 479 I WindowManager: SAFE MODE not enabled
06-06 14:41:03.035 479 479 I SystemServerTiming: StartInputMethodManagerLifecycle
06-06 14:41:03.035 479 479 I SystemServiceManager: Starting com.android.server.inputmethod.InputMethodManagerService$Lifecycle
06-06 14:41:03.038 306 306 D XiriService: check file name: /data/data/com.sohu.inputmethod.sogou.tv/lib
06-06 14:41:03.038 306 306 D XiriService: check file name: /data/data/com.sohu.inputmethod.sogou.tv/lib
06-06 14:41:03.036 306 306 I xiriservice_All: type=1400 audit(0.0:294): avc: denied { search } for name="com.sohu.inputmethod.sogou.tv" dev="mmcblk0p25" ino=1427 scontext=u:r:init:s0 tcontext=u:object_r:app_data_file:s0:c36,c256,c512,c768 tclass=dir permissive=1
06-06 14:41:03.039 306 306 D XiriService: check file name: /data/data/com.sohu.inputmethod.sogou.tv/lib
06-06 14:41:03.039 306 306 D XiriService: check file name: /data/data/com.sohu.inputmethod.sogou.tv/lib
06-06 14:41:03.036 306 306 I xiriservice_All: type=1400 audit(0.0:295): avc: denied { read } for name="lib" dev="mmcblk0p25" ino=8246 scontext=u:r:init:s0 tcontext=u:object_r:app_data_file:s0:c36,c256,c512,c768 tclass=lnk_file permissive=1
06-06 14:41:03.042 479 479 D SystemServerTiming: StartInputMethodManagerLifecycle took to complete: 7ms
06-06 14:41:03.042 479 479 I SystemServerTiming: StartAccessibilityManagerService
06-06 14:41:03.042 479 479 I SystemServiceManager: Starting com.android.server.accessibility.AccessibilityManagerService$Lifecycle
06-06 14:41:03.045 306 306 D XiriService: check file name: /data/data/com.sohu.inputmethod.sogou.tv/lib
06-06 14:41:03.045 306 306 D XiriService: check file name: /data/data/com.sohu.inputmethod.sogou.tv/lib
06-06 14:41:03.046 306 306 D XiriService: check file name: /data/data/com.sohu.inputmethod.sogou.tv/lib
06-06 14:41:03.046 306 306 D XiriService: check file name: /data/data/com.sohu.inputmethod.sogou.tv/lib
06-06 14:41:03.052 479 479 D SystemServerTiming: StartAccessibilityManagerService took to complete: 10ms
06-06 14:41:03.052 479 479 I SystemServerTiming: MakeDisplayReady
06-06 14:41:03.055 479 479 W InputReader: Device sunxi-ir-uinput is associated with display ADISPLAY_ID_NONE.
06-06 14:41:03.055 479 479 W InputReader: Device sunxi-ir-uinput is associated with display ADISPLAY_ID_NONE.
06-06 14:41:03.056 479 479 I ActivityTaskManager: Config changes=20005df8 {1.0 ?mcc?mnc [zh_CN] ldltr sw720dp w1280dp h696dp 240dpi xlrg long land ?uimode ?night -touch qwerty/v/v dpad/v winConfig={ mBounds=Rect(0, 0 - 1920, 1080) mAppBounds=Rect(0, 0 - 1920, 1080) mMaxBounds=Rect(0, 0 - 1920, 1080) mWindowingMode=fullscreen mDisplayWindowingMode=fullscreen mActivityType=undefined mAlwaysOnTop=undefined mRotation=ROTATION_0} s.2 ?fontWeightAdjustment}
06-06 14:41:03.060 479 479 I WindowManager: Override config changes=60007dfc {1.0 ?mcc?mnc [zh_CN] ldltr sw720dp w1280dp h696dp 240dpi xlrg long land ?uimode ?night -touch qwerty/v/v dpad/v winConfig={ mBounds=Rect(0, 0 - 1920, 1080) mAppBounds=Rect(0, 0 - 1920, 1080) mMaxBounds=Rect(0, 0 - 1920, 1080) mWindowingMode=fullscreen mDisplayWindowingMode=fullscreen mActivityType=undefined mAlwaysOnTop=undefined mRotation=ROTATION_0} s.2 ?fontWeightAdjustment} for displayId=0
06-06 14:41:03.073 479 479 W InputReader: Device sunxi-ir-uinput is associated with display ADISPLAY_ID_NONE.
06-06 14:41:03.075 479 530 I InputManager-JNI: Viewport [0] to add: local:0, isActive: false
06-06 14:41:03.076 479 595 I InputReader: Reconfiguring input devices, changes=DISPLAY_INFO |
06-06 14:41:03.077 479 479 D SystemServerTiming: MakeDisplayReady took to complete: 25ms
06-06 14:41:03.078 479 479 I SystemServerTiming: StartStorageManagerService
06-06 14:41:03.078 479 479 I SystemServiceManager: Starting com.android.server.StorageManagerService$Lifecycle
06-06 14:41:03.254 1 1 I init : processing action (sys.sysctl.extra_free_kbytes=*) from (/system/etc/init/hw/init.rc:1139)
06-06 14:41:03.090 241 241 D MtpDeviceJNI: register_android_mtp_MtpDevice
06-06 14:41:03.092 366 366 D installd: Found quota mount /dev/block/by-name/userdata at /data
06-06 14:41:03.092 366 366 D installd: Found quota mount /dev/block/by-name/userdata at /data/user/0
06-06 14:41:03.097 479 600 D StorageManagerService: Thinking about init, mBootCompleted=false, mDaemonConnected=true
06-06 14:41:03.098 479 600 D StorageManagerService: Thinking about reset, mBootCompleted=false, mDaemonConnected=true
06-06 14:41:03.098 306 306 D XiriService: check file name: /data/data/com.oranth.ledstatus/lib
06-06 14:41:03.098 306 306 D XiriService: check file name: /data/data/com.oranth.ledstatus/lib
06-06 14:41:03.099 306 306 D XiriService: check file name: /data/data/com.oranth.ledstatus/lib
06-06 14:41:03.099 306 306 D XiriService: check file name: /data/data/com.oranth.ledstatus/lib
06-06 14:41:03.100 479 600 D StorageManagerService: Thinking about init, mBootCompleted=false, mDaemonConnected=true
06-06 14:41:03.100 479 600 D StorageManagerService: Thinking about reset, mBootCompleted=false, mDaemonConnected=true
06-06 14:41:03.100 479 479 D SystemServerTiming: StartStorageManagerService took to complete: 23ms
06-06 14:41:03.100 479 479 I SystemServerTiming: StartStorageStatsService
06-06 14:41:03.100 479 479 I SystemServiceManager: Starting com.android.server.usage.StorageStatsService$Lifecycle
06-06 14:41:03.103 366 566 D installd: Found quota mount /dev/block/by-name/userdata at /data
06-06 14:41:03.103 366 566 D installd: Found quota mount /dev/block/by-name/userdata at /data/user/0
06-06 14:41:03.104 306 306 D XiriService: check file name: /data/data/com.oranth.ledstatus/lib
06-06 14:41:03.105 306 306 D XiriService: check file name: /data/data/com.oranth.ledstatus/lib
06-06 14:41:03.105 306 306 D XiriService: check file name: /data/data/com.oranth.ledstatus/lib
06-06 14:41:03.105 306 306 D XiriService: check file name: /data/data/com.oranth.ledstatus/lib
06-06 14:41:03.105 366 566 D installd: Found quota mount /dev/block/by-name/userdata at /data
06-06 14:41:03.105 366 566 D installd: Found quota mount /dev/block/by-name/userdata at /data/user/0
06-06 14:41:03.107 306 306 D XiriService: check file name: /data/data/com.dangbei.lerad.videoposter/lib
06-06 14:41:03.112 306 306 D XiriService: check file name: /data/data/com.dangbei.lerad.videoposter/lib
06-06 14:41:03.112 306 306 D XiriService: check file name: /data/data/com.dangbei.lerad.videoposter/lib
06-06 14:41:03.112 306 306 D XiriService: check file name: /data/data/com.dangbei.lerad.videoposter/lib
06-06 14:41:03.112 306 306 D XiriService: check file name: /data/data/com.dangbei.lerad.videoposter/lib
06-06 14:41:03.114 479 479 D SystemServerTiming: StartStorageStatsService took to complete: 13ms
06-06 14:41:03.114 479 479 I SystemServerTiming: StartUiModeManager
06-06 14:41:03.114 479 479 I SystemServiceManager: Starting com.android.server.UiModeManagerService
06-06 14:41:03.119 479 526 I SystemServerTimingAsync: InitThreadPoolExec:UiModeManager.onStart
06-06 14:41:03.119 479 526 D SystemServerInitThreadPool: Started executing UiModeManager.onStart
06-06 14:41:03.122 479 479 D SystemServerTiming: StartUiModeManager took to complete: 7ms
06-06 14:41:03.122 479 479 I SystemServerTiming: UpdatePackagesIfNeeded
06-06 14:41:03.122 479 479 I Watchdog: Pausing HandlerChecker: main thread for reason: dexopt. Pause count: 1
06-06 14:41:03.122 479 479 I Watchdog: Resuming HandlerChecker: main thread for reason: dexopt. Pause count: 0
06-06 14:41:03.122 479 479 D SystemServerTiming: UpdatePackagesIfNeeded took to complete: 1ms
06-06 14:41:03.122 479 479 I SystemServerTiming: PerformFstrimIfNeeded
06-06 14:41:03.123 479 479 D SystemServerTiming: PerformFstrimIfNeeded took to complete: 1ms
06-06 14:41:03.123 479 479 I SystemServerTiming: StartLockSettingsService
06-06 14:41:03.123 479 479 I SystemServiceManager: Starting com.android.server.locksettings.LockSettingsService$Lifecycle
06-06 14:41:03.128 479 526 D SystemServerInitThreadPool: Finished executing UiModeManager.onStart
06-06 14:41:03.128 479 526 D SystemServerTimingAsync: InitThreadPoolExec:UiModeManager.onStart took to complete: 10ms
06-06 14:41:03.135 306 306 D XiriService: check file name: /data/data/com.android.networkstack/lib
06-06 14:41:03.135 306 306 D XiriService: check file name: /data/data/com.android.networkstack/lib
06-06 14:41:03.135 306 306 D XiriService: check file name: /data/data/com.android.networkstack/lib
06-06 14:41:03.132 306 306 I xiriservice_All: type=1400 audit(0.0:296): avc: denied { read } for name="lib" dev="mmcblk0p25" ino=8253 scontext=u:r:init:s0 tcontext=u:object_r:radio_data_file:s0 tclass=lnk_file permissive=1
06-06 14:41:03.144 306 306 D XiriService: check file name: /data/data/com.android.networkstack/lib
06-06 14:41:03.144 306 306 D XiriService: check file name: /data/data/com.android.networkstack/lib
06-06 14:41:03.145 306 306 D XiriService: check file name: /data/data/com.android.networkstack/lib
06-06 14:41:03.145 306 306 D XiriService: check file name: /data/data/com.android.networkstack/lib
06-06 14:41:03.152 479 479 D SystemServerTiming: StartLockSettingsService took to complete: 29ms
06-06 14:41:03.152 479 479 I SystemServerTiming: StartPersistentDataBlock
06-06 14:41:03.152 479 479 I SystemServiceManager: Starting com.android.server.PersistentDataBlockService
06-06 14:41:03.153 479 578 I SystemServerTimingAsync: InitThreadPoolExec:PersistentDataBlockService.onStart
06-06 14:41:03.153 479 578 D SystemServerInitThreadPool: Started executing PersistentDataBlockService.onStart
06-06 14:41:03.154 479 479 D SystemServerTiming: StartPersistentDataBlock took to complete: 2ms
06-06 14:41:03.155 479 479 I SystemServerTiming: StartTestHarnessMode
06-06 14:41:03.155 479 479 I SystemServiceManager: Starting com.android.server.testharness.TestHarnessModeService
06-06 14:41:03.159 479 479 D SystemServerTiming: StartTestHarnessMode took to complete: 5ms
06-06 14:41:03.159 479 479 I SystemServerTiming: StartOemLockService
06-06 14:41:03.159 479 479 I SystemServiceManager: Starting com.android.server.oemlock.OemLockService
06-06 14:41:03.160 180 180 I hwservicemanager: getTransport: Cannot find entry android.hardware.oemlock@1.0::IOemLock/default in either framework or device VINTF manifest.
06-06 14:41:03.161 479 479 I OemLock : OemLock HAL not present on device
06-06 14:41:03.161 479 479 I OemLock : Using persistent data block based lock
06-06 14:41:03.163 479 479 D SystemServerTiming: StartOemLockService took to complete: 4ms
06-06 14:41:03.163 479 479 I SystemServerTiming: StartDeviceIdleController
06-06 14:41:03.164 479 479 I SystemServiceManager: Starting com.android.server.DeviceIdleController
06-06 14:41:03.171 479 578 D SystemServerInitThreadPool: Finished executing PersistentDataBlockService.onStart
06-06 14:41:03.171 479 578 D SystemServerTimingAsync: InitThreadPoolExec:PersistentDataBlockService.onStart took to complete: 18ms
06-06 14:41:03.173 479 479 D SystemServerTiming: StartDeviceIdleController took to complete: 10ms
06-06 14:41:03.173 479 479 I SystemServerTiming: StartDevicePolicyManager
06-06 14:41:03.173 479 479 I SystemServiceManager: Starting com.android.server.devicepolicy.DevicePolicyManagerService$Lifecycle
06-06 14:41:03.185 479 479 D SystemServerTiming: StartDevicePolicyManager took to complete: 12ms
06-06 14:41:03.185 479 479 I SystemServerTiming: StartStatusBarManagerService
06-06 14:41:03.187 479 479 D SystemServerTiming: StartStatusBarManagerService took to complete: 1ms
06-06 14:41:03.187 479 479 D SystemServer: MusicRecognitionManagerService not defined by OEM or disabled by flag
06-06 14:41:03.188 479 479 D SystemServer: ContentCaptureService disabled because resource is not overlaid
06-06 14:41:03.188 479 479 D SystemServer: AttentionService is not configured on this device
06-06 14:41:03.188 479 479 D SystemServer: RotationResolverService is not configured on this device
06-06 14:41:03.188 479 479 D SystemServer: SystemCaptionsManagerService disabled because resource is not overlaid
06-06 14:41:03.188 479 479 I SystemServerTiming: StartTextToSpeechManagerService
06-06 14:41:03.188 479 479 I SystemServiceManager: Starting com.android.server.texttospeech.TextToSpeechManagerService
06-06 14:41:03.191 479 479 D SystemServerTiming: StartTextToSpeechManagerService took to complete: 2ms
06-06 14:41:03.191 479 479 I SystemServerTiming: StartSpeechRecognitionManagerService
06-06 14:41:03.192 479 479 I SystemServiceManager: Starting com.android.server.speech.SpeechRecognitionManagerService
06-06 14:41:03.195 479 479 D SystemServerTiming: StartSpeechRecognitionManagerService took to complete: 3ms
06-06 14:41:03.195 479 479 D SystemServer: AppPredictionService not defined by OEM
06-06 14:41:03.195 479 479 D SystemServer: ContentSuggestionsService not defined by OEM
06-06 14:41:03.195 479 479 I SystemServerTiming: StartSearchUiService
06-06 14:41:03.195 479 479 I SystemServiceManager: Starting com.android.server.searchui.SearchUiManagerService
06-06 14:41:03.197 479 479 D SystemServerTiming: StartSearchUiService took to complete: 2ms
06-06 14:41:03.197 479 479 I SystemServerTiming: StartSmartspaceService
06-06 14:41:03.197 479 479 I SystemServiceManager: Starting com.android.server.smartspace.SmartspaceManagerService
06-06 14:41:03.200 479 479 D SystemServerTiming: StartSmartspaceService took to complete: 2ms
06-06 14:41:03.200 479 479 I SystemServerTiming: InitConnectivityModuleConnector
06-06 14:41:03.200 479 479 D ConnectivityModuleConnector: Network stack init
06-06 14:41:03.206 479 479 D SystemServerTiming: InitConnectivityModuleConnector took to complete: 6ms
06-06 14:41:03.206 479 479 I SystemServerTiming: InitNetworkStackClient
06-06 14:41:03.208 479 479 D SystemServerTiming: InitNetworkStackClient took to complete: 1ms
06-06 14:41:03.208 479 479 I SystemServerTiming: StartNetworkManagementService
06-06 14:41:03.213 240 279 I netd : registerUnsolicitedEventListener() <0.09ms>
06-06 14:41:03.214 479 479 D SystemServerTiming: StartNetworkManagementService took to complete: 6ms
06-06 14:41:03.214 479 479 I SystemServerTiming: StartIpSecService
06-06 14:41:03.216 306 306 D XiriService: check file name: /data/data/com.dangbei.screencast/lib
06-06 14:41:03.217 306 306 D XiriService: check file name: /data/data/com.dangbei.screencast/lib
06-06 14:41:03.217 306 306 D XiriService: check file name: /data/data/com.dangbei.screencast/lib
06-06 14:41:03.217 306 306 D XiriService: check file name: /data/data/com.dangbei.screencast/lib
06-06 14:41:03.212 306 306 I xiriservice_All: type=1400 audit(0.0:297): avc: denied { read } for name="lib" dev="mmcblk0p25" ino=8266 scontext=u:r:init:s0 tcontext=u:object_r:app_data_file:s0:c512,c768 tclass=lnk_file permissive=1
06-06 14:41:03.219 479 479 D SystemServerTiming: StartIpSecService took to complete: 4ms
06-06 14:41:03.219 479 526 I SystemServerTimingAsync: InitThreadPoolExec:START_FONT_MANAGER_SERVICE
06-06 14:41:03.219 479 526 D SystemServerInitThreadPool: Started executing START_FONT_MANAGER_SERVICE
06-06 14:41:03.219 479 526 I SystemServerTimingAsync: START_FONT_MANAGER_SERVICE
06-06 14:41:03.221 479 479 I SystemServerTiming: StartTextServicesManager
06-06 14:41:03.221 479 479 I SystemServiceManager: Starting com.android.server.textservices.TextServicesManagerService$Lifecycle
06-06 14:41:03.224 479 479 D SystemServerTiming: StartTextServicesManager took to complete: 3ms
06-06 14:41:03.224 479 479 I SystemServerTiming: StartTextClassificationManagerService
06-06 14:41:03.224 479 479 I SystemServiceManager: Starting com.android.server.textclassifier.TextClassificationManagerService$Lifecycle
06-06 14:41:03.225 306 306 D XiriService: check file name: /data/data/com.dangbei.screencast/lib
06-06 14:41:03.225 306 306 D XiriService: check file name: /data/data/com.dangbei.screencast/lib
06-06 14:41:03.226 306 306 D XiriService: check file name: /data/data/com.dangbei.screencast/lib
06-06 14:41:03.226 306 306 D XiriService: check file name: /data/data/com.dangbei.screencast/lib
06-06 14:41:03.229 479 479 D SystemServerTiming: StartTextClassificationManagerService took to complete: 5ms
06-06 14:41:03.229 479 479 I SystemServerTiming: StartNetworkScoreService
06-06 14:41:03.230 479 479 I SystemServiceManager: Starting com.android.server.NetworkScoreService$Lifecycle
06-06 14:41:03.231 479 479 I NetworkScoreService: Registering network_score
06-06 14:41:03.233 479 479 D SystemServerTiming: StartNetworkScoreService took to complete: 3ms
06-06 14:41:03.233 479 479 I SystemServerTiming: StartNetworkStatsService
06-06 14:41:03.236 479 479 D SystemServerTiming: StartNetworkStatsService took to complete: 3ms
06-06 14:41:03.236 479 479 I SystemServerTiming: StartNetworkPolicyManagerService
06-06 14:41:03.239 306 306 D XiriService: check file name: /data/data/com.dangbei.leard.leradlauncher/lib
06-06 14:41:03.239 306 306 D XiriService: check file name: /data/data/com.dangbei.leard.leradlauncher/lib
06-06 14:41:03.240 306 306 D XiriService: check file name: /data/data/com.dangbei.leard.leradlauncher/lib
06-06 14:41:03.236 306 306 I xiriservice_All: type=1400 audit(0.0:298): avc: denied { read } for name="lib" dev="mmcblk0p25" ino=8268 scontext=u:r:init:s0 tcontext=u:object_r:system_app_data_file:s0 tclass=lnk_file permissive=1
06-06 14:41:03.246 479 479 D SystemServerTiming: StartNetworkPolicyManagerService took to complete: 9ms
06-06 14:41:03.246 479 479 I SystemServerTiming: StartWifi
06-06 14:41:03.247 306 306 D XiriService: check file name: /data/data/com.dangbei.leard.leradlauncher/lib
06-06 14:41:03.247 306 306 D XiriService: check file name: /data/data/com.dangbei.leard.leradlauncher/lib
06-06 14:41:03.247 306 306 D XiriService: check file name: /data/data/com.dangbei.leard.leradlauncher/lib
06-06 14:41:03.247 306 306 D XiriService: check file name: /data/data/com.dangbei.leard.leradlauncher/lib
06-06 14:41:03.254 306 306 D XiriService: check file name: /data/data/com.android.printspooler/lib
06-06 14:41:03.254 306 306 D XiriService: check file name: /data/data/com.android.printspooler/lib
06-06 14:41:03.252 306 306 I xiriservice_All: type=1400 audit(0.0:299): avc: denied { search } for name="com.android.printspooler" dev="mmcblk0p25" ino=947 scontext=u:r:init:s0 tcontext=u:object_r:app_data_file:s0:c37,c256,c512,c768 tclass=dir permissive=1
06-06 14:41:03.252 306 306 I xiriservice_All: type=1400 audit(0.0:300): avc: denied { read } for name="lib" dev="mmcblk0p25" ino=8270 scontext=u:r:init:s0 tcontext=u:object_r:app_data_file:s0:c37,c256,c512,c768 tclass=lnk_file permissive=1
06-06 14:41:03.254 306 306 D XiriService: check file name: /data/data/com.android.printspooler/lib
06-06 14:41:03.255 306 306 D XiriService: check file name: /data/data/com.android.printspooler/lib
06-06 14:41:03.261 306 306 D XiriService: check file name: /data/data/com.android.printspooler/lib
06-06 14:41:03.261 306 306 D XiriService: check file name: /data/data/com.android.printspooler/lib
06-06 14:41:03.263 306 306 D XiriService: check file name: /data/data/com.android.printspooler/lib
06-06 14:41:03.270 306 306 D XiriService: check file name: /data/data/com.android.webview/lib
06-06 14:41:03.270 306 306 D XiriService: check file name: /data/data/com.android.webview/lib
06-06 14:41:03.271 306 306 D XiriService: check file name: /data/data/com.android.webview/lib
06-06 14:41:03.271 306 306 D XiriService: check file name: /data/data/com.android.webview/lib
06-06 14:41:03.268 306 306 I xiriservice_All: type=1400 audit(0.0:301): avc: denied { search } for name="com.android.webview" dev="mmcblk0p25" ino=963 scontext=u:r:init:s0 tcontext=u:object_r:app_data_file:s0:c60,c256,c512,c768 tclass=dir permissive=1
06-06 14:41:03.268 306 306 I xiriservice_All: type=1400 audit(0.0:302): avc: denied { read } for name="lib" dev="mmcblk0p25" ino=7010 scontext=u:r:init:s0 tcontext=u:object_r:app_data_file:s0:c60,c256,c512,c768 tclass=lnk_file permissive=1
06-06 14:41:03.268 306 306 I xiriservice_All: type=1400 audit(0.0:303): avc: denied { read } for name="lib" dev="mmcblk0p25" ino=8272 scontext=u:r:init:s0 tcontext=u:object_r:app_data_file:s0 tclass=lnk_file permissive=1
06-06 14:41:03.278 306 306 D XiriService: check file name: /data/data/com.android.webview/lib
06-06 14:41:03.278 306 306 D XiriService: check file name: /data/data/com.android.webview/lib
06-06 14:41:03.279 306 306 D XiriService: check file name: /data/data/com.android.webview/lib
06-06 14:41:03.279 306 306 D XiriService: check file name: /data/data/com.android.webview/lib
06-06 14:41:03.287 479 479 I SystemServiceManager: Starting com.android.server.wifi.WifiService
06-06 14:41:03.291 306 306 D XiriService: check file name: /data/data/com.android.bips/lib
06-06 14:41:03.291 306 306 D XiriService: check file name: /data/data/com.android.bips/lib
06-06 14:41:03.288 306 306 I xiriservice_All: type=1400 audit(0.0:304): avc: denied { search } for name="com.android.bips" dev="mmcblk0p25" ino=987 scontext=u:r:init:s0 tcontext=u:object_r:privapp_data_file:s0:c512,c768 tclass=dir permissive=1
06-06 14:41:03.292 306 306 D XiriService: check file name: /data/data/com.android.bips/lib
06-06 14:41:03.292 306 306 D XiriService: check file name: /data/data/com.android.bips/lib
06-06 14:41:03.298 306 306 D XiriService: check file name: /data/data/com.android.bips/lib
06-06 14:41:03.298 306 306 D XiriService: check file name: /data/data/com.android.bips/lib
06-06 14:41:03.299 306 306 D XiriService: check file name: /data/data/com.android.bips/lib
06-06 14:41:03.299 306 306 D XiriService: check file name: /data/data/com.android.bips/lib
06-06 14:41:03.300 306 306 D XiriService: check file name: /data/data/com.oranth.inputmacsn/lib
06-06 14:41:03.300 306 306 D XiriService: check file name: /data/data/com.oranth.inputmacsn/lib
06-06 14:41:03.296 306 306 I xiriservice_All: type=1400 audit(0.0:305): avc: denied { search } for name="com.oranth.inputmacsn" dev="mmcblk0p25" ino=997 scontext=u:r:init:s0 tcontext=u:object_r:system_app_data_file:s0 tclass=dir permissive=1
06-06 14:41:03.301 306 306 D XiriService: check file name: /data/data/com.oranth.inputmacsn/lib
06-06 14:41:03.301 306 306 D XiriService: check file name: /data/data/com.oranth.inputmacsn/lib
06-06 14:41:03.308 306 306 D XiriService: check file name: /data/data/com.oranth.inputmacsn/lib
06-06 14:41:03.308 306 306 D XiriService: check file name: /data/data/com.oranth.inputmacsn/lib
06-06 14:41:03.308 306 306 D XiriService: check file name: /data/data/com.oranth.inputmacsn/lib
06-06 14:41:03.308 306 306 D XiriService: check file name: /data/data/com.oranth.inputmacsn/lib
06-06 14:41:03.320 306 306 D XiriService: check file name: /data/data/com.dangbei.hqmedia/lib
06-06 14:41:03.320 306 306 D XiriService: check file name: /data/data/com.dangbei.hqmedia/lib
06-06 14:41:03.320 306 306 D XiriService: check file name: /data/data/com.dangbei.hqmedia/lib
06-06 14:41:03.316 306 306 I xiriservice_All: type=1400 audit(0.0:306): avc: denied { search } for name="com.dangbei.hqmedia" dev="mmcblk0p25" ino=3280 scontext=u:r:init:s0 tcontext=u:object_r:app_data_file:s0:c76,c256,c512,c768 tclass=dir permissive=1
06-06 14:41:03.316 306 306 I xiriservice_All: type=1400 audit(0.0:307): avc: denied { read } for name="lib" dev="mmcblk0p25" ino=8282 scontext=u:r:init:s0 tcontext=u:object_r:app_data_file:s0:c76,c256,c512,c768 tclass=lnk_file permissive=1
06-06 14:41:03.321 479 479 I WifiContext: Found Wifi Resources APK at: com.android.wifi.resources
06-06 14:41:03.329 306 306 D XiriService: check file name: /data/data/com.android.keychain/lib
06-06 14:41:03.329 306 306 D XiriService: check file name: /data/data/com.android.keychain/lib
06-06 14:41:03.329 306 306 D XiriService: check file name: /data/data/com.android.keychain/lib
06-06 14:41:03.330 306 306 D XiriService: check file name: /data/data/com.android.keychain/lib
06-06 14:41:03.335 306 306 D XiriService: check file name: /data/data/com.android.keychain/lib
06-06 14:41:03.335 306 306 D XiriService: check file name: /data/data/com.android.keychain/lib
06-06 14:41:03.336 306 306 D XiriService: check file name: /data/data/com.android.keychain/lib
06-06 14:41:03.336 306 306 D XiriService: check file name: /data/data/com.android.keychain/lib
06-06 14:41:03.338 479 479 V NetworkScoreManager: registerNetworkScoreCallback: callback=com.android.server.wifi.WifiNetworkScoreCache@d404d6, executor=com.android.wifi.x.android.os.HandlerExecutor@7437357
06-06 14:41:03.354 306 306 D XiriService: check file name: /data/data/com.android.localtransport/lib
06-06 14:41:03.354 306 306 D XiriService: check file name: /data/data/com.android.localtransport/lib
06-06 14:41:03.354 306 306 D XiriService: check file name: /data/data/com.android.localtransport/lib
06-06 14:41:03.354 306 306 D XiriService: check file name: /data/data/com.android.localtransport/lib
06-06 14:41:03.361 306 306 D XiriService: check file name: /data/data/com.android.localtransport/lib
06-06 14:41:03.361 306 306 D XiriService: check file name: /data/data/com.android.localtransport/lib
06-06 14:41:03.361 306 306 D XiriService: check file name: /data/data/com.android.localtransport/lib
06-06 14:41:03.361 306 306 D XiriService: check file name: /data/data/com.android.localtransport/lib
06-06 14:41:03.362 306 306 D XiriService: check file name: /data/data/com.android.packageinstaller/lib
06-06 14:41:03.362 306 306 D XiriService: check file name: /data/data/com.android.packageinstaller/lib
06-06 14:41:03.363 306 306 D XiriService: check file name: /data/data/com.android.packageinstaller/lib
06-06 14:41:03.363 306 306 D XiriService: check file name: /data/data/com.android.packageinstaller/lib
06-06 14:41:03.368 479 479 D ScanMetrics: Settings package: com.android.tv.settings
06-06 14:41:03.369 479 479 E ScanMetrics: Can't get GMS uid
06-06 14:41:03.372 306 306 D XiriService: check file name: /data/data/com.android.packageinstaller/lib
06-06 14:41:03.373 306 306 D XiriService: check file name: /data/data/com.android.packageinstaller/lib
06-06 14:41:03.373 306 306 D XiriService: check file name: /data/data/com.android.packageinstaller/lib
06-06 14:41:03.381 241 241 W Zygote : Class not found for preloading: android.view.SurfaceView$2
06-06 14:41:03.389 306 306 D XiriService: check file name: /data/data/com.oranth.usbopenft/lib
06-06 14:41:03.389 306 306 D XiriService: check file name: /data/data/com.oranth.usbopenft/lib
06-06 14:41:03.389 306 306 D XiriService: check file name: /data/data/com.oranth.usbopenft/lib
06-06 14:41:03.389 306 306 D XiriService: check file name: /data/data/com.oranth.usbopenft/lib
06-06 14:41:03.394 479 479 I WifiCoexManager: Default coex algorithm is disabled.
06-06 14:41:03.396 306 306 D XiriService: check file name: /data/data/com.oranth.usbopenft/lib
06-06 14:41:03.396 306 306 D XiriService: check file name: /data/data/com.oranth.usbopenft/lib
06-06 14:41:03.396 306 306 D XiriService: check file name: /data/data/com.oranth.usbopenft/lib
06-06 14:41:03.397 306 306 D XiriService: check file name: /data/data/com.android.networkstack.tethering/lib
06-06 14:41:03.397 306 306 D XiriService: check file name: /data/data/com.android.networkstack.tethering/lib
06-06 14:41:03.397 306 306 D XiriService: check file name: /data/data/com.android.networkstack.tethering/lib
06-06 14:41:03.397 306 306 D XiriService: check file name: /data/data/com.android.networkstack.tethering/lib
06-06 14:41:03.406 306 306 D XiriService: check file name: /data/data/com.android.networkstack.tethering/lib
06-06 14:41:03.406 306 306 D XiriService: check file name: /data/data/com.android.networkstack.tethering/lib
06-06 14:41:03.406 306 306 D XiriService: check file name: /data/data/com.android.networkstack.tethering/lib
06-06 14:41:03.406 306 306 D XiriService: check file name: /data/data/com.android.networkstack.tethering/lib
06-06 14:41:03.416 306 306 D XiriService: check file name: /data/data/com.dangbei.lerad.etna.haqu/lib
06-06 14:41:03.416 306 306 D XiriService: check file name: /data/data/com.dangbei.lerad.etna.haqu/lib
06-06 14:41:03.416 306 306 D XiriService: check file name: /data/data/com.dangbei.lerad.etna.haqu/lib
06-06 14:41:03.416 306 306 D XiriService: check file name: /data/data/com.dangbei.lerad.etna.haqu/lib
06-06 14:41:03.426 306 306 D XiriService: check file name: /data/data/com.dangbei.lerad.etna.haqu/lib
06-06 14:41:03.454 306 306 D XiriService: check file name: /data/data/com.oranth.powerwindow/lib
06-06 14:41:03.454 306 306 D XiriService: check file name: /data/data/com.oranth.powerwindow/lib
06-06 14:41:03.455 306 306 D XiriService: check file name: /data/data/com.oranth.powerwindow/lib
06-06 14:41:03.455 306 306 D XiriService: check file name: /data/data/com.oranth.powerwindow/lib
06-06 14:41:03.458 479 479 D WifiOpenNetworkNotifier: Settings toggle enabled=true
06-06 14:41:03.463 306 306 D XiriService: check file name: /data/data/com.oranth.powerwindow/lib
06-06 14:41:03.464 306 306 D XiriService: check file name: /data/data/com.oranth.powerwindow/lib
06-06 14:41:03.464 306 306 D XiriService: check file name: /data/data/com.oranth.powerwindow/lib
06-06 14:41:03.464 306 306 D XiriService: check file name: /data/data/com.oranth.powerwindow/lib
06-06 14:41:03.467 479 479 D WifiNl80211Manager: registerCountryCodeEventListener called
06-06 14:41:03.467 381 381 I wificond: New wificond event callback registered
06-06 14:41:03.467 479 479 D WifiCountryCode: Default country code from system property ro.boot.wificountrycode is CN
06-06 14:41:03.475 479 479 D WakeupController: WifiWake enabled
06-06 14:41:03.478 479 479 V HistoricalRegistry: Interaction before persistence initialized
06-06 14:41:03.481 306 306 D XiriService: check file name: /data/data/com.android.networkstack.permissionconfig/lib
06-06 14:41:03.481 306 306 D XiriService: check file name: /data/data/com.android.networkstack.permissionconfig/lib
06-06 14:41:03.481 306 306 D XiriService: check file name: /data/data/com.android.networkstack.permissionconfig/lib
06-06 14:41:03.481 306 306 D XiriService: check file name: /data/data/com.android.networkstack.permissionconfig/lib
06-06 14:41:03.487 241 481 I zygote : Background young concurrent copying GC freed 25834(1114KB) AllocSpace objects, 0(0B) LOS objects, 26% free, 2704KB/3700KB, paused 84us total 133.180ms
06-06 14:41:03.490 479 479 I WifiService: Registering wifi
06-06 14:41:03.492 479 479 D SystemServerTiming: StartWifi took to complete: 246ms
06-06 14:41:03.492 306 306 D XiriService: check file name: /data/data/com.android.networkstack.permissionconfig/lib
06-06 14:41:03.492 306 306 D XiriService: check file name: /data/data/com.android.networkstack.permissionconfig/lib
06-06 14:41:03.492 479 479 I SystemServerTiming: StartWifiScanning
06-06 14:41:03.493 306 306 D XiriService: check file name: /data/data/com.android.networkstack.permissionconfig/lib
06-06 14:41:03.493 306 306 D XiriService: check file name: /data/data/com.android.networkstack.permissionconfig/lib
06-06 14:41:03.493 479 479 I SystemServiceManager: Starting com.android.server.wifi.scanner.WifiScanningService
06-06 14:41:03.493 479 479 I WifiScanningService: Creating wifiscanner
06-06 14:41:03.500 306 306 D XiriService: check file name: /data/data/com.dangbei.lerad.screensaver/lib
06-06 14:41:03.496 306 306 I xiriservice_All: type=1400 audit(0.0:308): avc: denied { search } for name="com.dangbei.lerad.screensaver" dev="mmcblk0p25" ino=1196 scontext=u:r:init:s0 tcontext=u:object_r:app_data_file:s0:c43,c256,c512,c768 tclass=dir permissive=1
06-06 14:41:03.502 306 306 D XiriService: check file name: /data/data/com.dangbei.lerad.screensaver/lib
06-06 14:41:03.496 306 306 I xiriservice_All: type=1400 audit(0.0:309): avc: denied { read } for name="lib" dev="mmcblk0p25" ino=8331 scontext=u:r:init:s0 tcontext=u:object_r:app_data_file:s0:c43,c256,c512,c768 tclass=lnk_file permissive=1
06-06 14:41:03.507 479 479 I WifiScanningService: Publishing wifiscanner
06-06 14:41:03.508 479 479 D SystemServerTiming: StartWifiScanning took to complete: 16ms
06-06 14:41:03.508 479 479 I SystemServerTiming: StartWifiP2P
06-06 14:41:03.509 479 479 I SystemServiceManager: Starting com.android.server.wifi.p2p.WifiP2pService
06-06 14:41:03.510 306 306 D XiriService: check file name: /data/data/com.dangbei.lerad.screensaver/lib
06-06 14:41:03.510 306 306 D XiriService: check file name: /data/data/com.dangbei.lerad.screensaver/lib
06-06 14:41:03.511 306 306 D XiriService: check file name: /data/data/com.dangbei.lerad.screensaver/lib
06-06 14:41:03.511 306 306 D XiriService: check file name: /data/data/com.dangbei.lerad.screensaver/lib
06-06 14:41:03.518 479 479 I WifiP2pService: Registering wifip2p
06-06 14:41:03.519 479 479 D SystemServerTiming: StartWifiP2P took to complete: 11ms
06-06 14:41:03.519 479 479 I SystemServerTiming: StartEthernet
06-06 14:41:03.521 479 479 I SystemServiceManager: Starting com.android.server.ethernet.EthernetService
06-06 14:41:03.522 479 479 I EthernetService: Registering service ethernet
06-06 14:41:03.528 479 479 D SystemServerTiming: StartEthernet took to complete: 9ms
06-06 14:41:03.528 479 479 I SystemServerTiming: StartPacProxyService
06-06 14:41:03.533 479 479 D SystemServerTiming: StartPacProxyService took to complete: 4ms
06-06 14:41:03.534 479 479 I SystemServerTiming: StartPppoe
06-06 14:41:03.535 479 479 I SystemServiceManager: Starting com.android.server.pppoe.PppoeService
06-06 14:41:03.536 479 479 I PppoeServiceImpl: Creating PppoeServiceImpl
06-06 14:41:03.539 306 306 D XiriService: check file name: /data/data/com.android.wallpaperbackup/lib
06-06 14:41:03.539 306 306 D XiriService: check file name: /data/data/com.android.wallpaperbackup/lib
06-06 14:41:03.539 306 306 D XiriService: check file name: /data/data/com.android.wallpaperbackup/lib
06-06 14:41:03.547 306 306 D XiriService: check file name: /data/data/com.android.wallpaperbackup/lib
06-06 14:41:03.547 306 306 D XiriService: check file name: /data/data/com.android.wallpaperbackup/lib
06-06 14:41:03.548 306 306 D XiriService: check file name: /data/data/com.android.wallpaperbackup/lib
06-06 14:41:03.550 479 479 I PppoeService: Registering service pppoe
06-06 14:41:03.551 479 479 D SystemServerTiming: StartPppoe took to complete: 17ms
06-06 14:41:03.551 479 479 I SystemServerTiming: StartConnectivityService
06-06 14:41:03.561 306 306 D XiriService: check file name: /data/data/com.android.providers.media.module/lib
06-06 14:41:03.561 306 306 D XiriService: check file name: /data/data/com.android.providers.media.module/lib
06-06 14:41:03.556 306 306 I xiriservice_All: type=1400 audit(0.0:310): avc: denied { search } for name="com.android.providers.media.module" dev="mmcblk0p25" ino=1278 scontext=u:r:init:s0 tcontext=u:object_r:privapp_data_file:s0:c74,c256,c512,c768 tclass=dir permissive=1
06-06 14:41:03.562 306 306 D XiriService: check file name: /data/data/com.android.providers.media.module/lib
06-06 14:41:03.556 306 306 I xiriservice_All: type=1400 audit(0.0:311): avc: denied { read } for name="lib" dev="mmcblk0p25" ino=8335 scontext=u:r:init:s0 tcontext=u:object_r:privapp_data_file:s0:c74,c256,c512,c768 tclass=lnk_file permissive=1
06-06 14:41:03.566 479 526 D SystemServerTimingAsync: START_FONT_MANAGER_SERVICE took to complete: 346ms
06-06 14:41:03.566 479 526 D SystemServerInitThreadPool: Finished executing START_FONT_MANAGER_SERVICE
06-06 14:41:03.566 479 526 D SystemServerTimingAsync: InitThreadPoolExec:START_FONT_MANAGER_SERVICE took to complete: 347ms
06-06 14:41:03.570 306 306 D XiriService: check file name: /data/data/com.android.providers.media.module/lib
06-06 14:41:03.570 306 306 D XiriService: check file name: /data/data/com.android.providers.media.module/lib
06-06 14:41:03.570 306 306 D XiriService: check file name: /data/data/com.android.providers.media.module/lib
06-06 14:41:03.570 306 306 D XiriService: check file name: /data/data/com.android.providers.media.module/lib
06-06 14:41:03.575 479 479 I SystemServiceManager: Starting com.android.server.ConnectivityServiceInitializer
06-06 14:41:03.577 306 306 D XiriService: check file name: /data/data/com.oranth.storage/lib
06-06 14:41:03.578 306 306 D XiriService: check file name: /data/data/com.oranth.storage/lib
06-06 14:41:03.578 306 306 D XiriService: check file name: /data/data/com.oranth.storage/lib
06-06 14:41:03.578 306 306 D XiriService: check file name: /data/data/com.oranth.storage/lib
06-06 14:41:03.584 306 306 D XiriService: check file name: /data/data/com.oranth.storage/lib
06-06 14:41:03.584 306 306 D XiriService: check file name: /data/data/com.oranth.storage/lib
06-06 14:41:03.585 306 306 D XiriService: check file name: /data/data/com.oranth.storage/lib
06-06 14:41:03.585 306 306 D XiriService: check file name: /data/data/com.oranth.storage/lib
06-06 14:41:03.596 306 306 D XiriService: check file name: /data/data/com.dangbei.haqusetting/lib
06-06 14:41:03.596 306 306 D XiriService: check file name: /data/data/com.dangbei.haqusetting/lib
06-06 14:41:03.597 306 306 D XiriService: check file name: /data/data/com.dangbei.haqusetting/lib
06-06 14:41:03.597 306 306 D XiriService: check file name: /data/data/com.dangbei.haqusetting/lib
06-06 14:41:03.599 479 479 D ConnectivityService: ConnectivityService starting up
06-06 14:41:03.603 479 479 D pppoeNRI:: uid/pid:1000/479 activeRequest: null callbackRequest: 5 [NetworkRequest [ REQUEST id=5, [ Transports: PPPOE Capabilities: INTERNET&NOT_RESTRICTED&TRUSTED&NOT_VPN&NOT_VCN_MANAGED RequestorUid: 1000 RequestorPkg: android] ]] callback flags: 1 priority: 2147483647
06-06 14:41:03.603 306 306 D XiriService: check file name: /data/data/com.dangbei.haqusetting/lib
06-06 14:41:03.603 306 306 D XiriService: check file name: /data/data/com.dangbei.haqusetting/lib
06-06 14:41:03.604 306 306 D XiriService: check file name: /data/data/com.dangbei.haqusetting/lib
06-06 14:41:03.604 306 306 D XiriService: check file name: /data/data/com.dangbei.haqusetting/lib
06-06 14:41:03.608 479 479 E TAG : Exception = android.content.pm.PackageManager$NameNotFoundException: android.telephony.cts
06-06 14:41:03.609 479 479 E TAG : Exception = android.content.pm.PackageManager$NameNotFoundException: android.net.cts
06-06 14:41:03.616 306 306 D XiriService: check file name: /data/data/com.softwinner.miracastReceiver/lib
06-06 14:41:03.616 306 306 D XiriService: check file name: /data/data/com.softwinner.miracastReceiver/lib
06-06 14:41:03.617 306 306 D XiriService: check file name: /data/data/com.softwinner.miracastReceiver/lib
06-06 14:41:03.620 240 279 I netd : registerUnsolicitedEventListener() <0.04ms>
06-06 14:41:03.623 306 306 D XiriService: check file name: /data/data/com.softwinner.miracastReceiver/lib
06-06 14:41:03.623 306 306 D XiriService: check file name: /data/data/com.softwinner.miracastReceiver/lib
06-06 14:41:03.623 306 306 D XiriService: check file name: /data/data/com.softwinner.miracastReceiver/lib
06-06 14:41:03.629 306 306 D XiriService: check file name: /data/data/com.android.bluetooth/lib
06-06 14:41:03.624 306 306 I xiriservice_All: type=1400 audit(0.0:312): avc: denied { read } for name="lib" dev="mmcblk0p25" ino=7031 scontext=u:r:init:s0 tcontext=u:object_r:bluetooth_data_file:s0 tclass=lnk_file permissive=1
06-06 14:41:03.629 306 306 D XiriService: check file name: /data/data/com.android.bluetooth/lib
06-06 14:41:03.631 306 306 D XiriService: check file name: /data/data/com.android.bluetooth/lib
06-06 14:41:03.631 306 306 D XiriService: check file name: /data/data/com.android.bluetooth/lib
06-06 14:41:03.637 306 306 D XiriService: check file name: /data/data/com.android.bluetooth/lib
06-06 14:41:03.637 306 306 D XiriService: check file name: /data/data/com.android.bluetooth/lib
06-06 14:41:03.638 306 306 D XiriService: check file name: /data/data/com.android.bluetooth/lib
06-06 14:41:03.638 306 306 D XiriService: check file name: /data/data/com.android.bluetooth/lib
06-06 14:41:03.639 479 479 D CompatibilityChangeReporter: Compat change id reported: 182478738; UID 1000; state: ENABLED
06-06 14:41:03.648 479 479 I ConnectivityServiceInitializer: Registering connectivity
06-06 14:41:03.650 479 479 D SystemServerTiming: StartConnectivityService took to complete: 99ms
06-06 14:41:03.650 479 479 I SystemServerTiming: StartVpnManagerService
