06-06 14:41:10.494 479 606 E WifiVendorHal: unable to enable link layer stats collection
06-06 14:41:10.495 1039 1193 W ContextImpl: Calling a method in the system process without a qualified user: android.app.ContextImpl.bindService:1895 android.content.ContextWrapper.bindService:810 com.dangbei.lerad.etna.lib.client.EtnaClient.bindServer:138 com.dangbei.lerad.etna.lib.client.EtnaClient.access$600:29 com.dangbei.lerad.etna.lib.client.EtnaClient$3.call:205
06-06 14:41:10.495 479 604 W BestClock: java.time.DateTimeException: Missing NTP fix
06-06 14:41:10.496 666 810 I AdapterState: BLE_TURNING_OFF : Unhandled message - BLE_STARTED
06-06 14:41:10.498 479 606 D WifiNl80211Manager: Setting up interface for client mode: wlan0
06-06 14:41:10.498 1039 1039 E ccc : cccccc etnaService addListener com.dangbei.lerad.etna.lib.client.EtnaServerListener@9fa26cb com.dangbei.etna.update
06-06 14:41:10.498 1039 1039 E ccc : cccccc UpdateHelper onServerConnected
06-06 14:41:10.500 381 381 I wificond: createClientInterface: wiphy_index 0 iface_name wlan0
06-06 14:41:10.502 1039 1190 E ccc : cccccc sendCycleCheckBootGuideStatusMessage
06-06 14:41:10.502 1039 1039 E ccc : cccccc etnaService addListener com.dangbei.lerad.etna.lib.client.EtnaServerListener@9fa26cb com.dangbei.etna.update
06-06 14:41:10.502 1039 1039 E ccc : cccccc UpdateHelper onServerConnected
06-06 14:41:10.505 1039 1187 W ContextImpl: Calling a method in the system process without a qualified user: android.app.ContextImpl.bindService:1895 android.content.ContextWrapper.bindService:810 com.dangbei.lerad.etna.lib.client.EtnaClient.bindServer:138 com.dangbei.lerad.etna.lib.client.EtnaClient.access$600:29 com.dangbei.lerad.etna.lib.client.EtnaClient$3.call:205
06-06 14:41:10.507 1039 1190 W ContextImpl: Calling a method in the system process without a qualified user: android.app.ContextImpl.startService:1816 android.content.ContextWrapper.startService:774 com.dangbei.etna.setting.core.SettingHelper.startRocky:260 com.dangbei.etna.setting.core.SettingHelper.sendCycleCheckBootGuideStatusMessage:206 com.dangbei.etna.setting.core.SettingHelper.startLoop:195
06-06 14:41:10.509 381 381 I wificond: create scanner for interface with index: 14
06-06 14:41:10.509 381 381 I wificond: subscribe scan result for interface with index: 14
06-06 14:41:10.511 1039 1039 E ccc : cccccc etnaService addListener com.dangbei.lerad.etna.lib.client.EtnaServerListener@c4e02bc com.dangbei.etna.setting
06-06 14:41:10.511 1039 1039 E ccc : cccccc SettingHelper onServerConnected
06-06 14:41:10.512 1039 1210 W ContextImpl: Calling a method in the system process without a qualified user: android.app.ContextImpl.bindService:1895 android.content.ContextWrapper.bindService:810 com.dangbei.lerad.etna.lib.client.EtnaClient.bindServer:138 com.dangbei.lerad.etna.lib.client.EtnaClient.access$600:29 com.dangbei.lerad.etna.lib.client.EtnaClient$3.call:205
06-06 14:41:10.516 479 502 I ActivityManager: com.dangbei.lerad.rocky is exempt from freezer
06-06 14:41:10.517 1095 1095 E hq : 检查user:::更新前的信息: null
06-06 14:41:10.517 1095 1095 E hq : 更新后的信息: Users{userId=-1, nickName='游客', avatarUrl='null', wxToken='null', vip='null', mobile='null', sex=null, description='null', city='null', province='null', country='null', launcherMode=null, token='null', token='null'}
06-06 14:41:10.517 479 502 D CompatibilityChangeReporter: Compat change id reported: 135634846; UID 1000; state: DISABLED
06-06 14:41:10.518 1039 1191 E ccc : cccccc sendCycleCheckBootGuideStatusMessage
06-06 14:41:10.519 1039 1191 W ContextImpl: Calling a method in the system process without a qualified user: android.app.ContextImpl.startService:1816 android.content.ContextWrapper.startService:774 com.dangbei.etna.setting.core.SettingHelper.startRocky:260 com.dangbei.etna.setting.core.SettingHelper.sendCycleCheckBootGuideStatusMessage:206 com.dangbei.etna.setting.core.SettingHelper.startLoop:195
06-06 14:41:10.522 1039 1190 E ccc : cccccc sendCycleCheckBroadcast
06-06 14:41:10.522 1039 1190 W ContextImpl: Calling a method in the system process without a qualified user: android.app.ContextImpl.sendBroadcast:1173 android.content.ContextWrapper.sendBroadcast:479 com.dangbei.etna.setting.core.SettingHelper.sendCycleToProjector:250 com.dangbei.etna.setting.core.SettingHelper.sendCycleCheckBroadcast:219 com.dangbei.etna.setting.core.SettingHelper.sendCycleCheckBootGuideStatusMessage:207
06-06 14:41:10.523 381 381 I wificond: add channel type 0 support at wiphy index: 0
06-06 14:41:10.523 381 381 I wificond: add channel type 1 support at wiphy index: 0
06-06 14:41:10.527 240 240 I netd : interfaceGetCfg(wlan0) -> {InterfaceConfigurationParcel{ifName: wlan0, hwAddr: b4:2f:03:15:e9:08, ipv4Addr: 0.0.0.0, prefixLength: 0, flags: [up, broadcast, running, multicast]}} <0.62ms>
06-06 14:41:10.528 1095 1095 D AdHelper: ad server environment is official? false
06-06 14:41:10.528 1095 1095 D AdHelper: ad server environment is official? false
06-06 14:41:10.528 1095 1095 D AdHelper: ad server environment is official? false
06-06 14:41:10.528 1095 1095 D AdHelper: ad server environment is official? false
06-06 14:41:10.532 479 606 I WifiNative: Interface state changed on Iface:{Name=wlan0,Id=0,Type=STA_SCAN}, isUp=true
06-06 14:41:10.535 1039 1190 W ContextImpl: Calling a method in the system process without a qualified user: android.app.ContextImpl.sendBroadcast:1173 android.content.ContextWrapper.sendBroadcast:479 com.dangbei.etna.setting.core.SettingHelper.sendCycleToVoice:235 com.dangbei.etna.setting.core.SettingHelper.sendCycleCheckBroadcast:220 com.dangbei.etna.setting.core.SettingHelper.sendCycleCheckBootGuideStatusMessage:207
06-06 14:41:10.536 479 606 I WifiNative: Successfully setup Iface:{Name=wlan0,Id=0,Type=STA_SCAN}
06-06 14:41:10.537 479 606 E SupplicantStaIfaceHal: checkHalVersionByInterfaceName: called but mServiceManager is null
06-06 14:41:10.537 479 606 E SupplicantStaIfaceHal: checkHalVersionByInterfaceName: called but mServiceManager is null
06-06 14:41:10.539 479 606 E SupplicantStaIfaceHal: Method getKeyMgmtCapabilities is not supported in existing HAL
06-06 14:41:10.540 479 606 E SupplicantStaIfaceHal: checkHalVersionByInterfaceName: called but mServiceManager is null
06-06 14:41:10.541 479 806 E ActivityManager: Sending non-protected broadcast com.dangbei.etna.setting.action_cycle_check_broadcast from system 1039:com.dangbei.lerad.etna.haqu/1000 pkg com.dangbei.lerad.etna.haqu
06-06 14:41:10.541 479 806 E ActivityManager: java.lang.Throwable
06-06 14:41:10.541 479 806 E ActivityManager: at com.android.server.am.ActivityManagerService.checkBroadcastFromSystem(ActivityManagerService.java:12816)
06-06 14:41:10.541 479 806 E ActivityManager: at com.android.server.am.ActivityManagerService.broadcastIntentLocked(ActivityManagerService.java:13513)
06-06 14:41:10.541 479 806 E ActivityManager: at com.android.server.am.ActivityManagerService.broadcastIntentLocked(ActivityManagerService.java:12833)
06-06 14:41:10.541 479 806 E ActivityManager: at com.android.server.am.ActivityManagerService.broadcastIntentWithFeature(ActivityManagerService.java:13670)
06-06 14:41:10.541 479 806 E ActivityManager: at android.app.IActivityManager$Stub.onTransact(IActivityManager.java:2326)
06-06 14:41:10.541 479 806 E ActivityManager: at com.android.server.am.ActivityManagerService.onTransact(ActivityManagerService.java:2509)
06-06 14:41:10.541 479 806 E ActivityManager: at android.os.Binder.execTransactInternal(Binder.java:1179)
06-06 14:41:10.541 479 806 E ActivityManager: at android.os.Binder.execTransact(Binder.java:1143)
06-06 14:41:10.546 241 241 D Zygote : Forked child process 1215
06-06 14:41:10.547 1039 1191 E ccc : cccccc sendCycleCheckBroadcast
06-06 14:41:10.549 1039 1191 W ContextImpl: Calling a method in the system process without a qualified user: android.app.ContextImpl.sendBroadcast:1173 android.content.ContextWrapper.sendBroadcast:479 com.dangbei.etna.setting.core.SettingHelper.sendCycleToProjector:250 com.dangbei.etna.setting.core.SettingHelper.sendCycleCheckBroadcast:219 com.dangbei.etna.setting.core.SettingHelper.sendCycleCheckBootGuideStatusMessage:207
06-06 14:41:10.549 479 537 I DropBoxManagerService: add tag=system_server_wtf isTagEnabled=true flags=0x2
06-06 14:41:10.550 1039 1039 E ccc : cccccc etnaService addListener com.dangbei.lerad.etna.lib.client.EtnaServerListener@a7da966 com.dangbei.lerad.etna.haqu.andes
06-06 14:41:10.554 1095 1095 D AdHelper: AdHelper init: end
06-06 14:41:10.554 479 538 I ActivityManager: app.processName = com.dangbei.lerad.rocky
06-06 14:41:10.555 479 538 I ActivityManager: Start proc 1215:com.dangbei.lerad.rocky/1000 for service {com.dangbei.lerad.rocky/com.dangbei.rocky.RockyService}
06-06 14:41:10.557 1039 1191 W ContextImpl: Calling a method in the system process without a qualified user: android.app.ContextImpl.sendBroadcast:1173 android.content.ContextWrapper.sendBroadcast:479 com.dangbei.etna.setting.core.SettingHelper.sendCycleToVoice:235 com.dangbei.etna.setting.core.SettingHelper.sendCycleCheckBroadcast:220 com.dangbei.etna.setting.core.SettingHelper.sendCycleCheckBootGuideStatusMessage:207
06-06 14:41:10.558 1215 1215 I Zygote : seccomp disabled by setenforce 0
06-06 14:41:10.560 479 579 E ActivityManager: Sending non-protected broadcast com.dangbei.etna.setting.action_cycle_check_broadcast from system 1039:com.dangbei.lerad.etna.haqu/1000 pkg com.dangbei.lerad.etna.haqu
06-06 14:41:10.560 479 579 E ActivityManager: java.lang.Throwable
06-06 14:41:10.560 479 579 E ActivityManager: at com.android.server.am.ActivityManagerService.checkBroadcastFromSystem(ActivityManagerService.java:12816)
06-06 14:41:10.560 479 579 E ActivityManager: at com.android.server.am.ActivityManagerService.broadcastIntentLocked(ActivityManagerService.java:13513)
06-06 14:41:10.560 479 579 E ActivityManager: at com.android.server.am.ActivityManagerService.broadcastIntentLocked(ActivityManagerService.java:12833)
06-06 14:41:10.560 479 579 E ActivityManager: at com.android.server.am.ActivityManagerService.broadcastIntentWithFeature(ActivityManagerService.java:13670)
06-06 14:41:10.560 479 579 E ActivityManager: at android.app.IActivityManager$Stub.onTransact(IActivityManager.java:2326)
06-06 14:41:10.560 479 579 E ActivityManager: at com.android.server.am.ActivityManagerService.onTransact(ActivityManagerService.java:2509)
06-06 14:41:10.560 479 579 E ActivityManager: at android.os.Binder.execTransactInternal(Binder.java:1179)
06-06 14:41:10.560 479 579 E ActivityManager: at android.os.Binder.execTransact(Binder.java:1143)
06-06 14:41:10.564 187 187 I vold : Bind mounting //data/media/0/Android/data on /mnt/user/0/emulated/0/Android/data
06-06 14:41:10.565 187 187 I vold : Bind mounted //data/media/0/Android/data on /mnt/user/0/emulated/0/Android/data
06-06 14:41:10.565 187 187 I vold : Bind mounting //data/media/0/Android/obb on /mnt/user/0/emulated/0/Android/obb
06-06 14:41:10.737 659 659 I ieee80211 phy0: sprdwl_vendor_get_support_feature
06-06 14:41:10.566 659 659 E WifiHAL : wifi_get_logger_supported_feature_set: Error -5 happened.
06-06 14:41:10.572 187 187 I vold : Bind mounted //data/media/0/Android/obb on /mnt/user/0/emulated/0/Android/obb
06-06 14:41:10.572 187 187 I vold : Configuring read_ahead of /mnt/user/0/emulated fuse filesystem to 256kb
06-06 14:41:10.572 187 187 I vold : Writing 256 to /sys/class/bdi/0:47/read_ahead_kb
06-06 14:41:10.572 187 187 I vold : Configuring max_ratio of /mnt/user/0/emulated fuse filesystem to 40
06-06 14:41:10.572 187 187 I vold : Writing 40 to /sys/class/bdi/0:47/max_ratio
06-06 14:41:10.574 479 600 I StorageManagerService: Mounted volume VolumeInfo{emulated;0}:
06-06 14:41:10.574 479 600 I StorageManagerService: type=EMULATED diskId=null partGuid= mountFlags=PRIMARY|VISIBLE
06-06 14:41:10.574 479 600 I StorageManagerService: mountUserId=0 state=MOUNTED
06-06 14:41:10.574 479 600 I StorageManagerService: fsType=null fsUuid=null fsLabel=null
06-06 14:41:10.574 479 600 I StorageManagerService: path=/storage/emulated internalPath=/data/media
06-06 14:41:10.579 479 537 I DropBoxManagerService: add tag=system_server_wtf isTagEnabled=true flags=0x2
06-06 14:41:10.581 479 600 I StorageSessionController: Notifying volume state changed for session with id: emulated;0
06-06 14:41:10.583 659 659 E WifiHAL : wifi_get_logger_supported_feature_set: Error -5 happened.
06-06 14:41:10.750 659 659 I ieee80211 phy0: sprdwl_vendor_get_support_feature
06-06 14:41:10.584 1095 1095 I nd.statics.boot: type=1400 audit(0.0:413): avc: denied { open } for path="/dev/__properties__/u:object_r:serialno_prop:s0" dev="tmpfs" ino=6480 scontext=u:r:system_app:s0 tcontext=u:object_r:serialno_prop:s0 tclass=file permissive=1
06-06 14:41:10.584 1095 1095 I nd.statics.boot: type=1400 audit(0.0:414): avc: denied { getattr } for path="/dev/__properties__/u:object_r:serialno_prop:s0" dev="tmpfs" ino=6480 scontext=u:r:system_app:s0 tcontext=u:object_r:serialno_prop:s0 tclass=file permissive=1
06-06 14:41:10.584 1095 1095 I nd.statics.boot: type=1400 audit(0.0:415): avc: denied { map } for path="/dev/__properties__/u:object_r:serialno_prop:s0" dev="tmpfs" ino=6480 scontext=u:r:system_app:s0 tcontext=u:object_r:serialno_prop:s0 tclass=file permissive=1
06-06 14:41:10.588 1095 1095 E xxxxxxxxxxxxxxx: onConfigurationChanged2===>{1.0 ?mcc?mnc [zh_CN] ldltr sw720dp w1280dp h696dp 240dpi xlrg long land television -touch qwerty/v/v dpad/v winConfig={ mBounds=Rect(0, 0 - 1920, 1080) mAppBounds=Rect(0, 0 - 1920, 1080) mMaxBounds=Rect(0, 0 - 1920, 1080) mWindowingMode=fullscreen mDisplayWindowingMode=fullscreen mActivityType=undefined mAlwaysOnTop=undefined mRotation=ROTATION_0} s.6 fontWeightAdjustment=0}
06-06 14:41:10.589 1095 1095 E memInfo.totalMem: memInfo.totalMem=2055442432 1073741824
06-06 14:41:10.592 400 419 I adbd : jdwp connection from 1215
06-06 14:41:10.600 1095 1228 D getEthernetMacAddr: getEthernetMacAddr use eth0
06-06 14:41:10.769 326 326 W audit : audit_lost=13 audit_rate_limit=5 audit_backlog_limit=64
06-06 14:41:10.778 326 326 E audit : rate limit exceeded
06-06 14:41:10.610 479 616 D NsdService: New client listening to asynchronous messages
06-06 14:41:10.612 479 616 D NsdService: New client, channel: com.android.internal.util.AsyncChannel@26bda94 messenger: android.os.Messenger@6fd593d
06-06 14:41:10.617 1039 1039 D CompatibilityChangeReporter: Compat change id reported: 191844585; UID 1000; state: DISABLED
06-06 14:41:10.619 479 616 D NsdService: mdnssd [start-service]
06-06 14:41:10.624 1011 1031 I FuseDaemon: Background young concurrent copying GC freed 14330(962KB) AllocSpace objects, 4(80KB) LOS objects, 88% free, 3133KB/27MB, paused 174us total 260.802ms
06-06 14:41:10.632 479 616 E NsdService: Failed to execute mdnssd [start-service]
06-06 14:41:10.632 479 616 E NsdService: com.android.server.NativeDaemonConnector$NativeDaemonFailureException: command '1 mdnssd start-service' failed with '402 1 Service already running'
06-06 14:41:10.632 479 616 E NsdService: at com.android.server.NativeDaemonConnector.executeForList(NativeDaemonConnector.java:516)
06-06 14:41:10.632 479 616 E NsdService: at com.android.server.NativeDaemonConnector.execute(NativeDaemonConnector.java:412)
06-06 14:41:10.632 479 616 E NsdService: at com.android.server.NativeDaemonConnector.execute(NativeDaemonConnector.java:407)
06-06 14:41:10.632 479 616 E NsdService: at com.android.server.NsdService$DaemonConnection.execute(NsdService.java:743)
06-06 14:41:10.632 479 616 E NsdService: at com.android.server.NsdService$DaemonConnection.maybeStart(NsdService.java:758)
06-06 14:41:10.632 479 616 E NsdService: at com.android.server.NsdService$NsdStateMachine.maybeStartDaemon(NsdService.java:100)
06-06 14:41:10.632 479 616 E NsdService: at com.android.server.NsdService$NsdStateMachine.access$1600(NsdService.java:88)
06-06 14:41:10.632 479 616 E NsdService: at com.android.server.NsdService$NsdStateMachine$DefaultState.processMessage(NsdService.java:223)
06-06 14:41:10.632 479 616 E NsdService: at com.android.internal.util.StateMachine$SmHandler.processMsg(StateMachine.java:993)
06-06 14:41:10.632 479 616 E NsdService: at com.android.internal.util.StateMachine$SmHandler.handleMessage(StateMachine.java:810)
06-06 14:41:10.632 479 616 E NsdService: at android.os.Handler.dispatchMessage(Handler.java:106)
06-06 14:41:10.632 479 616 E NsdService: at android.os.Looper.loopOnce(Looper.java:201)
06-06 14:41:10.632 479 616 E NsdService: at android.os.Looper.loop(Looper.java:288)
06-06 14:41:10.632 479 616 E NsdService: at android.os.HandlerThread.run(HandlerThread.java:67)
06-06 14:41:10.640 1011 1146 V MediaStore: Examining volume emulated;0 with name external_primary and state mounted
06-06 14:41:10.643 1039 1039 D WanCommander: handleConnection:
06-06 14:41:10.644 1039 1039 E EtnaListener: onServerConnected
06-06 14:41:10.817 659 659 I ieee80211 phy0: sprdwl_vendor_get_support_feature
06-06 14:41:10.649 659 659 E WifiHAL : wifi_get_logger_supported_feature_set: Error -5 happened.
06-06 14:41:10.655 479 606 E SupplicantStaIfaceHal: checkHalVersionByInterfaceName: called but mServiceManager is null
06-06 14:41:10.655 479 606 E SupplicantStaIfaceHal: checkHalVersionByInterfaceName: called but mServiceManager is null
06-06 14:41:10.655 479 606 I SupplicantStaIfaceHal: Method getWpaDriverFeatureSet is not supported in existing HAL
06-06 14:41:10.656 479 606 D WifiClientModeManager[wlan0]: entering StartedState
06-06 14:41:10.658 240 240 I netd : interfaceGetCfg(wlan0) -> {InterfaceConfigurationParcel{ifName: wlan0, hwAddr: b4:2f:03:15:e9:08, ipv4Addr: 0.0.0.0, prefixLength: 0, flags: [up, broadcast, running, multicast]}} <0.89ms>
06-06 14:41:10.660 1095 1095 D OsInitLaunch: send cache: homeCreate, null, null, null
06-06 14:41:10.665 479 579 D CompatibilityChangeReporter: Compat change id reported: 168419799; UID 1000; state: DISABLED
06-06 14:41:10.668 479 606 D WifiNetworkFactory: got request NetworkRequest [ REQUEST id=23, [ Capabilities: INTERNET&NOT_RESTRICTED&TRUSTED&NOT_VCN_MANAGED Uid: 1000 RequestorUid: 1000 RequestorPkg: android] ]
06-06 14:41:10.669 479 606 D UntrustedWifiNetworkFactory: got request NetworkRequest [ REQUEST id=23, [ Capabilities: INTERNET&NOT_RESTRICTED&TRUSTED&NOT_VCN_MANAGED Uid: 1000 RequestorUid: 1000 RequestorPkg: android] ]
06-06 14:41:10.669 479 606 D OemPaidWifiNetworkFactory: got request NetworkRequest [ REQUEST id=23, [ Capabilities: INTERNET&NOT_RESTRICTED&TRUSTED&NOT_VCN_MANAGED Uid: 1000 RequestorUid: 1000 RequestorPkg: android] ]
06-06 14:41:10.671 1095 1166 I WebViewFactory: Loading com.android.webview version 91.0.4472.114 (code 447211450)
06-06 14:41:10.672 479 606 D WifiService: updateInterfaceIpState: ifaceName=wlan0 mode=-1 previous LOHS mode= -1
06-06 14:41:10.672 479 606 D WifiService: updateInterfaceIpState: ifaceName=wlan1 mode=-1 previous LOHS mode= -1
06-06 14:41:10.678 1215 1215 D CompatibilityChangeReporter: Compat change id reported: 171979766; UID 1000; state: DISABLED
06-06 14:41:10.691 479 479 D WifiP2pService: Wifi enabled=false
06-06 14:41:10.692 479 600 I StorageSessionController: Notifying volume state changed for session with id: emulated;0
06-06 14:41:10.694 1011 1146 I ExternalStorageServiceImpl: Ignoring volume state for vol:external_primary. State: checking
06-06 14:41:10.696 1011 1146 V MediaStore: Examining volume emulated;0 with name external_primary and state mounted
06-06 14:41:10.697 479 606 I android_os_HwBinder: HwBinder: Starting thread pool for getting: android.hidl.manager@1.0::IServiceManager/default
06-06 14:41:10.710 479 600 I StorageSessionController: Notifying volume state changed for session with id: emulated;0
06-06 14:41:10.713 1011 1011 V MediaStore: Examining volume emulated;0 with name external_primary and state mounted
06-06 14:41:10.723 479 606 I SupplicantStaIfaceHal: Starting supplicant using HIDL
06-06 14:41:10.742 1215 1215 D ApplicationLoaders: Returning zygote-cached class loader: /system/framework/android.test.base.jar
06-06 14:41:10.743 1215 1215 D ApplicationLoaders: Returning zygote-cached class loader: /system/framework/android.hidl.manager-V1.0-java.jar
06-06 14:41:10.743 1215 1215 D ApplicationLoaders: Returning zygote-cached class loader: /system/framework/android.hidl.base-V1.0-java.jar
06-06 14:41:10.760 1039 1049 I lerad.etna.haq: Background young concurrent copying GC freed 16196(963KB) AllocSpace objects, 0(0B) LOS objects, 88% free, 3160KB/27MB, paused 213us total 233.429ms
06-06 14:41:10.770 180 180 I hwservicemanager: Since android.hardware.wifi.supplicant@1.0::ISupplicant/default is not registered, trying to start it as a lazy HAL.
06-06 14:41:10.771 479 606 D SupplicantStaIfaceHal: Successfully triggered start of supplicant using HIDL
06-06 14:41:10.776 1095 1166 D nativeloader: classloader namespace configured for unbundled product apk. library_path=/product/app/webview/lib/arm:/product/app/webview/webview.apk!/lib/armeabi-v7a:/product/lib:/system/product/lib
06-06 14:41:10.818 1011 1146 V MediaStore: Examining volume emulated;0 with name external_primary and state mounted
06-06 14:41:10.832 1011 1246 I MediaProvider: Begin Intent { act=com.android.providers.media.action.SCAN_VOLUME (has extras) }
06-06 14:41:10.837 479 600 D StorageManagerService: Volume emulated;0 broadcasting mounted to UserHandle{0}
06-06 14:41:10.837 366 567 D installd: Found quota mount /dev/block/by-name/userdata at /data
06-06 14:41:10.837 366 567 D installd: Found quota mount /dev/block/by-name/userdata at /data/user/0
06-06 14:41:10.838 366 567 D installd: Found quota mount /dev/block/by-name/userdata at /mnt/pass_through/0/emulated
06-06 14:41:10.838 366 567 D installd: Found quota mount /dev/block/by-name/userdata at /mnt/user/0/emulated/0/Android/data
06-06 14:41:10.838 366 567 D installd: Found quota mount /dev/block/by-name/userdata at /storage/emulated/0/Android/data
06-06 14:41:10.838 366 567 D installd: Found quota mount /dev/block/by-name/userdata at /mnt/androidwritable/0/emulated/0/Android/data
06-06 14:41:10.838 366 567 D installd: Found quota mount /dev/block/by-name/userdata at /mnt/installer/0/emulated/0/Android/data
06-06 14:41:10.838 366 567 D installd: Found quota mount /dev/block/by-name/userdata at /mnt/user/0/emulated/0/Android/obb
06-06 14:41:10.838 366 567 D installd: Found quota mount /dev/block/by-name/userdata at /storage/emulated/0/Android/obb
06-06 14:41:10.838 366 567 D installd: Found quota mount /dev/block/by-name/userdata at /mnt/androidwritable/0/emulated/0/Android/obb
06-06 14:41:10.838 366 567 D installd: Found quota mount /dev/block/by-name/userdata at /mnt/installer/0/emulated/0/Android/obb
06-06 14:41:10.840 366 567 D installd: Found storage mount /dev/block/by-name/userdata at /mnt/pass_through/0/emulated
06-06 14:41:10.843 1011 1011 V MediaStore: Examining volume emulated;0 with name external_primary and state mounted
06-06 14:41:10.854 479 600 D StorageManagerService: Volume emulated;0 broadcasting mounted to UserHandle{0}
06-06 14:41:10.859 1095 1095 E hq : LauncherCallback:::onViewCreate
06-06 14:41:10.859 1095 1095 E hq : LauncherCallback:::onAttach
06-06 14:41:10.861 1011 1011 V MediaStore: Examining volume emulated;0 with name external_primary and state mounted
06-06 14:41:10.865 674 1195 I vol.Events: writeEvent level_changed STREAM_VOICE_CALL 15
06-06 14:41:10.873 674 1195 I vol.Events: writeEvent level_changed STREAM_SYSTEM 5
06-06 14:41:10.868 264 264 I EventThread: type=1400 audit(0.0:423): avc: denied { search } for name="extcon" dev="sysfs" ino=18109 scontext=u:r:hal_tv_cec_default:s0 tcontext=u:object_r:sysfs_extcon:s0 tclass=dir permissive=1
06-06 14:41:10.878 674 1195 I vol.Events: writeEvent level_changed STREAM_RING 5
06-06 14:41:10.882 674 674 D SystemUIService: running: com.android.systemui.volume.VolumeUI@c095f12
06-06 14:41:10.896 674 1195 I vol.Events: writeEvent level_changed STREAM_ALARM 17
06-06 14:41:10.903 674 674 D SystemUIBootTiming: SystemUIService: bootcomplete com.android.systemui.volume.VolumeUI took 684 ms
06-06 14:41:10.903 674 674 D SystemUIService: loading: com.android.systemui.privacy.television.TvOngoingPrivacyChip
06-06 14:41:10.925 674 1195 I vol.Events: writeEvent level_changed STREAM_BLUETOOTH_SCO 7
06-06 14:41:10.935 1095 1242 I MobclickAgent: module init:azio
06-06 14:41:10.958 1095 1095 E hq : LauncherCallback:::inspect
06-06 14:41:10.959 388 749 D BufferPoolAccessor2.0: bufferpool2 0xf6167dd8 : 0(0 size) total buffers - 0(0 size) used buffers - 137/145 (recycle/alloc) - 8/144 (fetch/transfer)
06-06 14:41:10.962 1095 1095 E hq : AdHelper:::后台配置是否展现广告: true
06-06 14:41:10.962 388 749 D BufferPoolAccessor2.0: evictor expired: 1, evicted: 1
06-06 14:41:10.967 1095 1095 D OsInitLaunch: send cache: launchHome, launchMainActivity, null, 1
06-06 14:41:10.968 674 674 I queued-work-loo: type=1400 audit(0.0:424): avc: denied { search } for name="com.android.systemui" dev="mmcblk0p25" ino=505 scontext=u:r:platform_app:s0:c512,c768 tcontext=u:object_r:app_data_file:s0:c512,c768 tclass=dir permissive=1 app=com.softwinner.screenshot
06-06 14:41:10.979 479 889 D BufferPoolAccessor2.0: bufferpool2 0xf39a06d8 : 0(0 size) total buffers - 0(0 size) used buffers - 2/7 (recycle/alloc) - 21/294 (fetch/transfer)
06-06 14:41:10.979 479 889 D BufferPoolAccessor2.0: bufferpool2 0xf399ec98 : 0(0 size) total buffers - 0(0 size) used buffers - 1/7 (recycle/alloc) - 9/294 (fetch/transfer)
06-06 14:41:10.979 479 889 D BufferPoolAccessor2.0: evictor expired: 2, evicted: 2
06-06 14:41:10.994 479 574 D CompatibilityChangeReporter: Compat change id reported: 182734110; UID 10074; state: DISABLED
06-06 14:41:10.999 479 644 W HdmiCecController: Failed to send 40:47 with errorCode=1
06-06 14:41:11.003 674 1195 I vol.Events: writeEvent zen_mode_config_changed [disallowAlarms=false disallowMedia=false disallowSystem=true disallowRinger=false]
06-06 14:41:11.016 674 674 D SystemUIService: running: com.android.systemui.privacy.television.TvOngoingPrivacyChip@3b30c
06-06 14:41:11.016 674 674 D SystemUIBootTiming: SystemUIService: bootcomplete com.android.systemui.privacy.television.TvOngoingPrivacyChip took 113 ms
06-06 14:41:11.016 674 674 D SystemUIService: loading: com.android.systemui.statusbar.tv.TvStatusBar
06-06 14:41:11.016 674 674 D SystemUIService: running: com.android.systemui.statusbar.tv.TvStatusBar@9691455
06-06 14:41:11.030 479 806 I StatusBarManagerService: registerStatusBar bar=com.android.internal.statusbar.IStatusBar$Stub$Proxy@bae7642
06-06 14:41:11.038 674 674 D SystemUIBootTiming: SystemUIService: bootcomplete com.android.systemui.statusbar.tv.TvStatusBar took 22 ms
06-06 14:41:11.039 674 674 D SystemUIService: loading: com.android.systemui.statusbar.tv.notifications.TvNotificationPanel
06-06 14:41:11.040 674 674 D SystemUIService: running: com.android.systemui.statusbar.tv.notifications.TvNotificationPanel@4adbe6a
06-06 14:41:11.040 674 674 D SystemUIBootTiming: SystemUIService: bootcomplete com.android.systemui.statusbar.tv.notifications.TvNotificationPanel took 1 ms
06-06 14:41:11.040 674 674 D SystemUIService: loading: com.android.systemui.statusbar.tv.notifications.TvNotificationHandler
06-06 14:41:11.045 674 674 D SystemUIService: running: com.android.systemui.statusbar.tv.notifications.TvNotificationHandler@dfa8f5b
06-06 14:41:11.053 479 529 W IorapForwardingService: No service published for: iorapd
06-06 14:41:11.059 674 674 D SystemUIBootTiming: SystemUIService: bootcomplete com.android.systemui.statusbar.tv.notifications.TvNotificationHandler took 19 ms
06-06 14:41:11.059 674 674 D SystemUIService: loading: com.android.systemui.statusbar.tv.VpnStatusObserver
06-06 14:41:11.083 1011 1246 V MediaProvider: onConfigure() for internal.db
06-06 14:41:11.090 479 613 D ConnectivityService: NetReassign [no changes]
06-06 14:41:11.255 1243 1243 I capability: warning: `wpa_supplicant' uses 32-bit capabilities (legacy support in use)
06-06 14:41:11.102 1243 1243 D wpa_supplicant: wpa_supplicant v2.10-devel-12
06-06 14:41:11.104 1243 1243 D wpa_supplicant: Global control interface '@android:wpa_wlan0'
06-06 14:41:11.105 1243 1243 D wpa_supplicant: Using Android control socket 'wpa_wlan0'
06-06 14:41:11.105 1243 1243 D wpa_supplicant: Initing hidl control
06-06 14:41:11.105 674 674 D SystemUIService: running: com.android.systemui.statusbar.tv.VpnStatusObserver@1c0170e
06-06 14:41:11.105 674 674 D SystemUIBootTiming: SystemUIService: bootcomplete com.android.systemui.statusbar.tv.VpnStatusObserver took 46 ms
06-06 14:41:11.105 1243 1243 I wpa_supplicant: Processing hidl events on FD 4
06-06 14:41:11.105 674 674 D SystemUIService: loading: com.android.systemui.globalactions.GlobalActionsComponent
06-06 14:41:11.106 1243 1243 E cutils-trace: Error opening trace file: No such file or directory (2)
06-06 14:41:11.106 1011 1246 V MediaProvider: onOpen() for internal.db
06-06 14:41:11.107 817 908 D BufferPoolAccessor2.0: bufferpool2 0xf49f81d8 : 0(0 size) total buffers - 0(0 size) used buffers - 2/7 (recycle/alloc) - 5/92 (fetch/transfer)
06-06 14:41:11.107 817 908 D BufferPoolAccessor2.0: evictor expired: 1, evicted: 1
06-06 14:41:11.110 1215 1215 V GraphicsEnvironment: ANGLE Developer option for 'com.dangbei.lerad.rocky' set to: 'default'
06-06 14:41:11.110 1215 1215 V GraphicsEnvironment: Neither updatable production driver nor prerelease driver is supported.
06-06 14:41:11.112 1243 1243 I HidlServiceManagement: Registered android.hardware.wifi.supplicant@1.4::ISupplicant/default
06-06 14:41:11.113 1243 1243 I wpa_supplicant: Successfully initialized wpa_supplicant
06-06 14:41:11.113 1215 1215 D NetworkSecurityConfig: No Network Security Config specified, using platform default
06-06 14:41:11.114 479 929 I android_os_HwBinder: HwBinder: Starting thread pool for getting: android.hardware.wifi.supplicant@1.0::ISupplicant/default
06-06 14:41:11.114 1095 1166 I d.leradlaunche: Waiting for a blocking GC ClassLinker
06-06 14:41:11.115 1011 1246 V MediaProvider: onOpen() finished for internal.db
06-06 14:41:11.115 479 929 I SupplicantStaIfaceHal: Completed initialization of ISupplicant.
06-06 14:41:11.115 1215 1215 D NetworkSecurityConfig: No Network Security Config specified, using platform default
06-06 14:41:11.117 1215 1215 I MultiDex: VM with version 2.1.0 has multidex support
06-06 14:41:11.117 1215 1215 I MultiDex: Installing application
06-06 14:41:11.117 1215 1215 I MultiDex: VM has multidex support, MultiDex support library is disabled.
06-06 14:41:11.121 674 674 D SystemUIService: running: com.android.systemui.globalactions.GlobalActionsComponent@8a4452f
06-06 14:41:11.132 1215 1215 D RockyApplication: init: false
06-06 14:41:11.135 674 674 D SystemUIBootTiming: SystemUIService: bootcomplete com.android.systemui.globalactions.GlobalActionsComponent took 30 ms
06-06 14:41:11.136 674 674 D SystemUIService: loading: com.android.systemui.usb.StorageNotification
06-06 14:41:11.137 674 674 D SystemUIService: running: com.android.systemui.usb.StorageNotification@7d34b28
06-06 14:41:11.145 674 674 D StorageNotification: Notifying about private volume: VolumeInfo{private}:
06-06 14:41:11.145 674 674 D StorageNotification: type=PRIVATE diskId=null partGuid=null mountFlags=0 mountUserId=-10000
06-06 14:41:11.145 674 674 D StorageNotification: state=MOUNTED
06-06 14:41:11.145 674 674 D StorageNotification: fsType=null fsUuid=null fsLabel=null
06-06 14:41:11.145 674 674 D StorageNotification: path=/data internalPath=null
06-06 14:41:11.149 666 810 E AdapterState: BLE_TURNING_OFF : BLE_STOP_TIMEOUT
06-06 14:41:11.149 666 810 I AdapterState: OFF : entered
06-06 14:41:11.149 666 810 D AdapterProperties: Setting state to OFF
06-06 14:41:11.151 666 810 D BluetoothAdapterService: updateAdapterState() - Broadcasting state OFF to 1 receivers.
06-06 14:41:11.153 674 674 D SystemUIBootTiming: SystemUIService: bootcomplete com.android.systemui.usb.StorageNotification took 17 ms
06-06 14:41:11.154 479 529 D BluetoothManagerService: MESSAGE_BLUETOOTH_STATE_CHANGE: BLE_TURNING_OFF > OFF
06-06 14:41:11.154 479 529 D BluetoothManagerService: Bluetooth is complete send Service Down
06-06 14:41:11.154 479 529 D BluetoothManagerService: Broadcasting onBluetoothServiceDown() to 4 receivers.
06-06 14:41:11.155 479 529 D BluetoothAdapter: onBluetoothServiceDown
06-06 14:41:11.156 479 529 D BluetoothManagerService: unbindAndFinish(): android.bluetooth.IBluetooth$Stub$Proxy@c81bf2c mBinding = false mUnbinding = false
06-06 14:41:11.157 1039 1074 D BluetoothAdapter: onBluetoothServiceDown
06-06 14:41:11.157 666 682 D BluetoothAdapter: onBluetoothServiceDown
06-06 14:41:11.159 674 674 D SystemUIService: loading: com.android.systemui.power.PowerUI
06-06 14:41:11.159 674 1017 D BluetoothAdapter: onBluetoothServiceDown
06-06 14:41:11.160 674 674 D SystemUIService: running: com.android.systemui.power.PowerUI@d21ab27
06-06 14:41:11.161 666 666 D BluetoothAdapterService: onUnbind() - calling cleanup
06-06 14:41:11.161 666 666 D BluetoothAdapterService: cleanup()
06-06 14:41:11.174 479 606 E SupplicantStaIfaceHal: Can't call setupIface, ISupplicantStaIface is null for iface=wlan0
06-06 14:41:11.180 479 606 I android_os_HwBinder: HwBinder: Starting thread pool for getting: android.hardware.wifi.supplicant@1.0::ISupplicant/default
06-06 14:41:11.181 479 529 D BluetoothManagerService: Sending BLE State Change: BLE_TURNING_OFF > OFF
06-06 14:41:11.190 479 529 D BluetoothManagerService: Entering STATE_OFF but mEnabled is true; restarting.
06-06 14:41:11.191 479 529 E BluetoothManagerService: waitForState [10] time out
06-06 14:41:11.194 1243 1243 D wpa_supplicant: Override interface parameter: ctrl_interface ('(null)' -> '/data/vendor/wifi/wpa/sockets')
06-06 14:41:11.194 1243 1243 D wpa_supplicant: Initializing interface 'wlan0' conf '/data/vendor/wifi/wpa/wpa_supplicant.conf' driver 'nl80211' ctrl_interface '/data/vendor/wifi/wpa/sockets' bridge 'N/A'
06-06 14:41:11.194 1243 1243 D wpa_supplicant: Configuration file '/data/vendor/wifi/wpa/wpa_supplicant.conf' -> '/data/vendor/wifi/wpa/wpa_supplicant.conf'
06-06 14:41:11.194 1243 1243 D wpa_supplicant: Reading configuration file '/data/vendor/wifi/wpa/wpa_supplicant.conf'
06-06 14:41:11.194 1243 1243 D wpa_supplicant: update_config=1
06-06 14:41:11.194 1243 1243 D wpa_supplicant: eapol_version=1
06-06 14:41:11.194 1243 1243 D wpa_supplicant: ap_scan=1
06-06 14:41:11.194 1243 1243 D wpa_supplicant: fast_reauth=1
06-06 14:41:11.194 1243 1243 D wpa_supplicant: pmf=1
06-06 14:41:11.194 1243 1243 D wpa_supplicant: p2p_add_cli_chan=1
06-06 14:41:11.194 1243 1243 D wpa_supplicant: oce=1
06-06 14:41:11.194 1243 1243 D wpa_supplicant: sae_pwe=2
06-06 14:41:11.194 1243 1243 D wpa_supplicant: Reading configuration file '/vendor/etc/wifi/wpa_supplicant_overlay.conf'
06-06 14:41:11.194 1215 1215 D RockyManager: initFarWakeStatus isMainFarSwitch: false
06-06 14:41:11.195 666 666 W BluetoothSdpJni: Cleaning up Bluetooth SDP Interface...
06-06 14:41:11.195 666 666 W BluetoothSdpJni: Cleaning up Bluetooth SDP object
06-06 14:41:11.195 666 666 D BluetoothKeystoreService: cleanup
06-06 14:41:11.195 666 666 D BluetoothKeystoreService: setBluetoothKeystoreService(): set to: null
06-06 14:41:11.195 666 666 D BluetoothAdapterService: cleanup() - Cleaning up adapter native
06-06 14:41:11.196 1243 1243 D wpa_supplicant: disable_scan_offload=1
06-06 14:41:11.196 1243 1243 D wpa_supplicant: wowlan_triggers='any'
06-06 14:41:11.196 1243 1243 D wpa_supplicant: p2p_disabled=0
06-06 14:41:11.196 1243 1243 D wpa_supplicant: filter_rssi=-75
06-06 14:41:11.196 1243 1243 D wpa_supplicant: no_ctrl_interface -> ctrl_interface=NULL
06-06 14:41:11.200 1243 1243 D wpa_supplicant: nl80211: Supported cipher 00-0f-ac:1
06-06 14:41:11.200 1243 1243 D wpa_supplicant: nl80211: Supported cipher 00-0f-ac:5
06-06 14:41:11.200 1243 1243 D wpa_supplicant: nl80211: Supported cipher 00-0f-ac:2
06-06 14:41:11.200 1243 1243 D wpa_supplicant: nl80211: Supported cipher 00-0f-ac:4
06-06 14:41:11.200 1243 1243 D wpa_supplicant: nl80211: Supported cipher 00-14-72:1
06-06 14:41:11.200 1243 1243 D wpa_supplicant: nl80211: Supported cipher 00-0f-ac:6
06-06 14:41:11.200 1095 1095 E getHdmiStatus: sourceInputStatus=null mEtnaAdapter=null
06-06 14:41:11.200 1243 1243 D wpa_supplicant: nl80211: Supported cipher 00-0f-ac:255
06-06 14:41:11.201 1243 1243 D wpa_supplicant: nl80211: Supported vendor command: vendor_id=0x1374 subcmd=9
06-06 14:41:11.201 1243 1243 D wpa_supplicant: nl80211: Supported vendor command: vendor_id=0x1374 subcmd=12
06-06 14:41:11.200 674 674 I ndroid.systemui: type=1400 audit(0.0:425): avc: denied { search } for name="com.android.systemui" dev="mmcblk0p25" ino=505 scontext=u:r:platform_app:s0:c512,c768 tcontext=u:object_r:app_data_file:s0:c512,c768 tclass=dir permissive=1 app=com.softwinner.screenshot
06-06 14:41:11.201 1243 1243 D wpa_supplicant: nl80211: Supported vendor command: vendor_id=0x1374 subcmd=14
06-06 14:41:11.205 1243 1243 D wpa_supplicant: nl80211: Supported vendor command: vendor_id=0x1374 subcmd=15
06-06 14:41:11.205 1243 1243 D wpa_supplicant: nl80211: Supported vendor command: vendor_id=0x1374 subcmd=16
06-06 14:41:11.205 1243 1243 D wpa_supplicant: nl80211: Supported vendor command: vendor_id=0x1374 subcmd=20
06-06 14:41:11.205 1243 1243 D wpa_supplicant: nl80211: Supported vendor command: vendor_id=0x1a11 subcmd=6
06-06 14:41:11.205 1243 1243 D wpa_supplicant: nl80211: Supported vendor command: vendor_id=0x1374 subcmd=21
06-06 14:41:11.205 1243 1243 D wpa_supplicant: nl80211: Supported vendor command: vendor_id=0x1374 subcmd=22
06-06 14:41:11.205 1243 1243 D wpa_supplicant: nl80211: Supported vendor command: vendor_id=0x1374 subcmd=23
06-06 14:41:11.205 1243 1243 D wpa_supplicant: nl80211: Supported vendor command: vendor_id=0x1374 subcmd=24
06-06 14:41:11.205 1243 1243 D wpa_supplicant: nl80211: Supported vendor command: vendor_id=0x1374 subcmd=29
06-06 14:41:11.205 1243 1243 D wpa_supplicant: nl80211: Supported vendor command: vendor_id=0x1374 subcmd=30
06-06 14:41:11.205 1243 1243 D wpa_supplicant: nl80211: Supported vendor command: vendor_id=0x1374 subcmd=32
06-06 14:41:11.205 1243 1243 D wpa_supplicant: nl80211: Supported vendor command: vendor_id=0x1374 subcmd=33
06-06 14:41:11.205 1243 1243 D wpa_supplicant: nl80211: Supported vendor command: vendor_id=0x1374 subcmd=38
06-06 14:41:11.205 1243 1243 D wpa_supplicant: nl80211: Supported vendor command: vendor_id=0x1374 subcmd=39
06-06 14:41:11.205 1243 1243 D wpa_supplicant: nl80211: Supported vendor command: vendor_id=0x1374 subcmd=42
06-06 14:41:11.205 1243 1243 D wpa_supplicant: nl80211: Supported vendor command: vendor_id=0x1374 subcmd=55
06-06 14:41:11.205 1243 1243 D wpa_supplicant: nl80211: Supported vendor command: vendor_id=0x1374 subcmd=61
06-06 14:41:11.205 1243 1243 D wpa_supplicant: nl80211: Supported vendor command: vendor_id=0x1374 subcmd=62
06-06 14:41:11.205 1243 1243 D wpa_supplicant: nl80211: Supported vendor command: vendor_id=0x1374 subcmd=63
06-06 14:41:11.205 1243 1243 D wpa_supplicant: nl80211: Supported vendor command: vendor_id=0x1374 subcmd=64
06-06 14:41:11.205 1243 1243 D wpa_supplicant: nl80211: Supported vendor command: vendor_id=0x1374 subcmd=65
06-06 14:41:11.205 1243 1243 D wpa_supplicant: nl80211: Supported vendor command: vendor_id=0x1374 subcmd=66
06-06 14:41:11.205 1243 1243 D wpa_supplicant: nl80211: Supported vendor command: vendor_id=0x1374 subcmd=69
06-06 14:41:11.205 1243 1243 D wpa_supplicant: nl80211: Supported vendor command: vendor_id=0x1374 subcmd=70
06-06 14:41:11.205 1243 1243 D wpa_supplicant: nl80211: Supported vendor command: vendor_id=0x1374 subcmd=71
06-06 14:41:11.205 1243 1243 D wpa_supplicant: nl80211: Supported vendor command: vendor_id=0x1374 subcmd=76
06-06 14:41:11.205 1243 1243 D wpa_supplicant: nl80211: Supported vendor command: vendor_id=0x1374 subcmd=77
06-06 14:41:11.205 1243 1243 D wpa_supplicant: nl80211: Supported vendor command: vendor_id=0x1374 subcmd=79
06-06 14:41:11.205 1243 1243 D wpa_supplicant: nl80211: Supported vendor command: vendor_id=0x1374 subcmd=80
06-06 14:41:11.205 1243 1243 D wpa_supplicant: nl80211: Supported vendor command: vendor_id=0x1374 subcmd=82
06-06 14:41:11.205 1243 1243 D wpa_supplicant: nl80211: Supported vendor command: vendor_id=0x1374 subcmd=85
06-06 14:41:11.205 1243 1243 D wpa_supplicant: nl80211: Supported vendor command: vendor_id=0x1374 subcmd=146
06-06 14:41:11.205 1243 1243 D wpa_supplicant: nl80211: Supported vendor command: vendor_id=0x1374 subcmd=12
06-06 14:41:11.205 1243 1243 D wpa_supplicant: nl80211: Supported vendor command: vendor_id=0x1374 subcmd=128
06-06 14:41:11.205 1243 1243 D wpa_supplicant: nl80211: Supported vendor command: vendor_id=0x1374 subcmd=129
06-06 14:41:11.205 1243 1243 D wpa_supplicant: nl80211: Supported vendor command: vendor_id=0x1374 subcmd=130
06-06 14:41:11.205 1243 1243 D wpa_supplicant: nl80211: Supported vendor command: vendor_id=0x1374 subcmd=133
06-06 14:41:11.205 1243 1243 D wpa_supplicant: nl80211: Supported vendor command: vendor_id=0x1374 subcmd=176
06-06 14:41:11.205 1243 1243 D wpa_supplicant: nl80211: Supported vendor event: vendor_id=0x1374 subcmd=80
06-06 14:41:11.205 1243 1243 D wpa_supplicant: nl80211: Supported vendor event: vendor_id=0x1374 subcmd=1
06-06 14:41:11.205 1243 1243 D wpa_supplicant: nl80211: Supported vendor event: vendor_id=0x1374 subcmd=1
06-06 14:41:11.205 1243 1243 D wpa_supplicant: nl80211: Supported vendor event: vendor_id=0x1374 subcmd=1
06-06 14:41:11.205 1243 1243 D wpa_supplicant: nl80211: Supported vendor event: vendor_id=0x1374 subcmd=1
06-06 14:41:11.205 1243 1243 D wpa_supplicant: nl80211: Supported vendor event: vendor_id=0x1374 subcmd=1
06-06 14:41:11.205 1243 1243 D wpa_supplicant: nl80211: Supported vendor event: vendor_id=0x1374 subcmd=20
06-06 14:41:11.205 1243 1243 D wpa_supplicant: nl80211: Supported vendor event: vendor_id=0x1374 subcmd=21
06-06 14:41:11.205 1243 1243 D wpa_supplicant: nl80211: Supported vendor event: vendor_id=0x1374 subcmd=23
06-06 14:41:11.205 1243 1243 D wpa_supplicant: nl80211: Supported vendor event: vendor_id=0x1374 subcmd=24
06-06 14:41:11.205 1243 1243 D wpa_supplicant: nl80211: Supported vendor event: vendor_id=0x1374 subcmd=25
06-06 14:41:11.205 1243 1243 D wpa_supplicant: nl80211: Supported vendor event: vendor_id=0x1374 subcmd=26
06-06 14:41:11.205 1243 1243 D wpa_supplicant: nl80211: Supported vendor event: vendor_id=0x1374 subcmd=27
06-06 14:41:11.205 1243 1243 D wpa_supplicant: nl80211: Supported vendor event: vendor_id=0x1374 subcmd=28
06-06 14:41:11.205 1243 1243 D wpa_supplicant: nl80211: Supported vendor event: vendor_id=0x1374 subcmd=41
06-06 14:41:11.205 1243 1243 D wpa_supplicant: nl80211: Supported vendor event: vendor_id=0x1374 subcmd=29
06-06 14:41:11.205 1243 1243 D wpa_supplicant: nl80211: Supported vendor event: vendor_id=0x1374 subcmd=30
06-06 14:41:11.205 1243 1243 D wpa_supplicant: nl80211: Supported vendor event: vendor_id=0x1374 subcmd=31
06-06 14:41:11.205 1243 1243 D wpa_supplicant: nl80211: Supported vendor event: vendor_id=0x1374 subcmd=32
06-06 14:41:11.205 1243 1243 D wpa_supplicant: nl80211: Supported vendor event: vendor_id=0x1374 subcmd=33
06-06 14:41:11.205 1243 1243 D wpa_supplicant: nl80211: Supported vendor event: vendor_id=0x0 subcmd=0
06-06 14:41:11.205 1243 1243 D wpa_supplicant: nl80211: Supported vendor event: vendor_id=0x0 subcmd=0
06-06 14:41:11.205 1243 1243 D wpa_supplicant: nl80211: Supported vendor event: vendor_id=0x0 subcmd=0
06-06 14:41:11.205 1243 1243 D wpa_supplicant: nl80211: Supported vendor event: vendor_id=0x0 subcmd=0
06-06 14:41:11.205 1243 1243 D wpa_supplicant: nl80211: Supported vendor event: vendor_id=0x0 subcmd=0
06-06 14:41:11.205 1243 1243 D wpa_supplicant: nl80211: Supported vendor event: vendor_id=0x0 subcmd=0
06-06 14:41:11.205 1243 1243 D wpa_supplicant: nl80211: Supported vendor event: vendor_id=0x0 subcmd=0
06-06 14:41:11.206 1243 1243 D wpa_supplicant: nl80211: Supported vendor event: vendor_id=0x0 subcmd=0
06-06 14:41:11.206 1243 1243 D wpa_supplicant: nl80211: Supported vendor event: vendor_id=0x0 subcmd=0
06-06 14:41:11.206 1243 1243 D wpa_supplicant: nl80211: Supported vendor event: vendor_id=0x0 subcmd=0
06-06 14:41:11.206 1243 1243 D wpa_supplicant: nl80211: Supported vendor event: vendor_id=0x0 subcmd=0
06-06 14:41:11.206 1243 1243 D wpa_supplicant: nl80211: Supported vendor event: vendor_id=0x0 subcmd=0
06-06 14:41:11.206 1243 1243 D wpa_supplicant: nl80211: Supported vendor event: vendor_id=0x1374 subcmd=5120
06-06 14:41:11.206 1243 1243 D wpa_supplicant: nl80211: Supported vendor event: vendor_id=0x0 subcmd=0
06-06 14:41:11.206 1243 1243 D wpa_supplicant: nl80211: Supported vendor event: vendor_id=0x0 subcmd=0
06-06 14:41:11.206 1243 1243 D wpa_supplicant: nl80211: Supported vendor event: vendor_id=0x0 subcmd=0
06-06 14:41:11.206 1243 1243 D wpa_supplicant: nl80211: Supported vendor event: vendor_id=0x0 subcmd=0
06-06 14:41:11.206 1243 1243 D wpa_supplicant: nl80211: Supported vendor event: vendor_id=0x0 subcmd=0
06-06 14:41:11.206 1243 1243 D wpa_supplicant: nl80211: Supported vendor event: vendor_id=0x0 subcmd=0
06-06 14:41:11.206 1243 1243 D wpa_supplicant: nl80211: Supported vendor event: vendor_id=0x0 subcmd=0
06-06 14:41:11.206 1243 1243 D wpa_supplicant: nl80211: Supported vendor event: vendor_id=0x0 subcmd=0
06-06 14:41:11.206 1243 1243 D wpa_supplicant: nl80211: Supported vendor event: vendor_id=0x0 subcmd=0
06-06 14:41:11.206 1243 1243 D wpa_supplicant: nl80211: Supported vendor event: vendor_id=0x0 subcmd=0
06-06 14:41:11.206 1243 1243 D wpa_supplicant: nl80211: Supported vendor event: vendor_id=0x0 subcmd=0
06-06 14:41:11.206 1243 1243 D wpa_supplicant: nl80211: Supported vendor event: vendor_id=0x0 subcmd=0
06-06 14:41:11.206 1243 1243 D wpa_supplicant: nl80211: Supported vendor event: vendor_id=0x0 subcmd=0
06-06 14:41:11.206 1243 1243 D wpa_supplicant: nl80211: Supported vendor event: vendor_id=0x0 subcmd=0
06-06 14:41:11.206 1243 1243 D wpa_supplicant: nl80211: Supported vendor event: vendor_id=0x0 subcmd=0
06-06 14:41:11.206 1243 1243 D wpa_supplicant: nl80211: Supported vendor event: vendor_id=0x0 subcmd=0
06-06 14:41:11.206 1243 1243 D wpa_supplicant: nl80211: Supported vendor event: vendor_id=0x0 subcmd=0
06-06 14:41:11.206 1243 1243 D wpa_supplicant: nl80211: Supported vendor event: vendor_id=0x0 subcmd=0
06-06 14:41:11.206 1243 1243 D wpa_supplicant: nl80211: Supported vendor event: vendor_id=0x0 subcmd=0
06-06 14:41:11.206 1243 1243 D wpa_supplicant: nl80211: Supported vendor event: vendor_id=0x0 subcmd=0
06-06 14:41:11.206 1243 1243 D wpa_supplicant: nl80211: Supported vendor event: vendor_id=0x0 subcmd=0
06-06 14:41:11.206 1243 1243 D wpa_supplicant: nl80211: Supported vendor event: vendor_id=0x0 subcmd=0
06-06 14:41:11.206 1243 1243 D wpa_supplicant: nl80211: Supported vendor event: vendor_id=0x0 subcmd=0
06-06 14:41:11.206 1243 1243 D wpa_supplicant: nl80211: Supported vendor event: vendor_id=0x0 subcmd=0
06-06 14:41:11.206 1243 1243 D wpa_supplicant: nl80211: Supported vendor event: vendor_id=0x0 subcmd=0
06-06 14:41:11.206 1243 1243 D wpa_supplicant: nl80211: Supported vendor event: vendor_id=0x0 subcmd=0
06-06 14:41:11.206 1243 1243 D wpa_supplicant: nl80211: Supported vendor event: vendor_id=0x0 subcmd=0
06-06 14:41:11.206 1243 1243 D wpa_supplicant: nl80211: Supported vendor event: vendor_id=0x0 subcmd=0
06-06 14:41:11.206 1243 1243 D wpa_supplicant: nl80211: Supported vendor event: vendor_id=0x0 subcmd=0
06-06 14:41:11.206 1243 1243 D wpa_supplicant: nl80211: Supported vendor event: vendor_id=0x0 subcmd=0
06-06 14:41:11.206 1243 1243 D wpa_supplicant: nl80211: Supported vendor event: vendor_id=0x0 subcmd=0
06-06 14:41:11.206 1243 1243 D wpa_supplicant: nl80211: Supported vendor event: vendor_id=0x1374 subcmd=131
06-06 14:41:11.206 1243 1243 D wpa_supplicant: nl80211: Supported vendor event: vendor_id=0x1374 subcmd=132
06-06 14:41:11.206 1243 1243 D wpa_supplicant: nl80211: Supported vendor event: vendor_id=0x0 subcmd=0
06-06 14:41:11.206 1243 1243 D wpa_supplicant: nl80211: Supported vendor event: vendor_id=0x0 subcmd=0
06-06 14:41:11.206 1243 1243 D wpa_supplicant: nl80211: Supported vendor event: vendor_id=0x0 subcmd=0
06-06 14:41:11.206 1243 1243 D wpa_supplicant: nl80211: Supported vendor event: vendor_id=0x0 subcmd=0
06-06 14:41:11.206 1243 1243 D wpa_supplicant: nl80211: Supported vendor event: vendor_id=0x0 subcmd=0
06-06 14:41:11.206 1243 1243 D wpa_supplicant: nl80211: Supported vendor event: vendor_id=0x0 subcmd=0
06-06 14:41:11.206 1243 1243 D wpa_supplicant: nl80211: Supported vendor event: vendor_id=0x1374 subcmd=72
06-06 14:41:11.206 1215 1215 I RockyManager: isFarWake: false
06-06 14:41:11.207 1243 1243 D wpa_supplicant: nl80211: Use separate P2P group interface (driver advertised support)
06-06 14:41:11.207 1243 1243 D wpa_supplicant: nl80211: Enable multi-channel concurrent (driver advertised support)
06-06 14:41:11.207 1243 1243 D wpa_supplicant: nl80211: use P2P_DEVICE support
06-06 14:41:11.207 1243 1243 D wpa_supplicant: nl80211: key_mgmt=0xd0f enc=0x10f auth=0x7 flags=0x100100007a007ac0 rrm_flags=0x0 probe_resp_offloads=0x0 max_stations=10 max_remain_on_chan=5000 max_scan_ssids=12
06-06 14:41:11.207 1243 1243 D wpa_supplicant: nl80211: interface wlan0 in phy phy0
06-06 14:41:11.207 1243 1243 D wpa_supplicant: nl80211: Set mode ifindex 14 iftype 2 (STATION)
06-06 14:41:11.208 1243 1243 D wpa_supplicant: nl80211: Subscribe to mgmt frames with non-AP handle 0xf73057a0
06-06 14:41:11.208 1243 1243 D wpa_supplicant: nl80211: Register frame type=0xb0 (WLAN_FC_STYPE_AUTH) nl_handle=0xf73057a0 match=0300 multicast=0
06-06 14:41:11.208 1243 1243 D wpa_supplicant: nl80211: Register frame command failed (type=176): ret=-22 (Invalid argument)
06-06 14:41:11.208 1243 1243 D wpa_supplicant: nl80211: Register frame match - hexdump(len=2): 03 00
