06-06 14:41:31.068 1427 1557 I bt_btif_dm: system/bt/btif/src/btif_dm.cc:384 get_cod: get_cod remote_cod = 0x00001f00
06-06 14:41:31.068 1427 1557 I bt_btif_dm: system/bt/btif/src/btif_dm.cc:384 get_cod: get_cod remote_cod = 0x00001f00
06-06 14:41:31.069 1427 1557 W bt_btif : system/bt/main/bte_logmsg.cc:194 LogMsg: btif_hh_upstreams_evt: name = Dangbei
06-06 14:41:31.069 1427 1557 W bt_btif : system/bt/main/bte_logmsg.cc:194 LogMsg: bta_hh_co_send_hid_info: fd = 208, name = [Dangbei], dscp_len = 80
06-06 14:41:31.069 1427 1557 W bt_btif : system/bt/main/bte_logmsg.cc:194 LogMsg: bta_hh_co_send_hid_info: vendor_id = 0x000d, product_id = 0x3838, version= 0x0000,ctry_code=0x00
06-06 14:41:31.069 1427 1427 D BluetoothAdapterService: isQuetModeEnabled() - Enabled = false
06-06 14:41:31.069 1427 1427 V BluetoothDatabase: getProfileConnectionPolicy: E4:BB:D3:57:C0:22, profile=4, connectionPolicy = 100
06-06 14:41:31.070 1427 1557 W bt_btif : system/bt/main/bte_logmsg.cc:194 LogMsg: bta_hh_co_send_hid_info: wrote descriptor to fd = 208, dscp_len = 80, result = 0
06-06 14:41:31.070 1427 1557 W bt_stack: [WARNING:btif_hh.cc(397)] Device e4:bb:d3:57:c0:22 already added
06-06 14:41:31.070 1427 1557 W bt_btif : system/bt/main/bte_logmsg.cc:194 LogMsg: btif_hh_upstreams_evt: Device already added
06-06 14:41:31.070 315 316 D XM_HIDREAD: add@ add@/devices/virtual/misc/uhid/0005:000D:3838.0001
06-06 14:41:31.073 1427 1427 D BluetoothHidHostService: Connection state E4:BB:D3:57:C0:22: 0->2
06-06 14:41:31.080 315 316 D XM_HIDREAD: add@ add@/devices/virtual/misc/uhid/0005:000D:3838.0001/input/input2
06-06 14:41:31.085 1427 1427 D AdapterProperties: PROFILE_CONNECTION_STATE_CHANGE: profile=4, device=E4:BB:D3:57:C0:22, 0 -> 2
06-06 14:41:31.085 1427 1427 W AdapterProperties: PROFILE_CONNECTION_STATE_CHANGE: unexpected transition for profile=4, device=E4:BB:D3:57:C0:22, 0 -> 2
06-06 14:41:31.086 674 890 D CachedBluetoothDevice: onProfileStateChanged: profile HID, device Dangbei, newProfileState 2
06-06 14:41:31.088 1427 1427 D AdapterProperties: ADAPTER_CONNECTION_STATE_CHANGE: E4:BB:D3:57:C0:22: 0 -> 2
06-06 14:41:31.088 1427 1427 W AdapterProperties: ADAPTER_CONNECTION_STATE_CHANGE: unexpected transition for profile=4, device=E4:BB:D3:57:C0:22, 0 -> 2
06-06 14:41:31.090 1427 1624 I bt_stack: [INFO:gatt_sr.cc(815)] MTU request PDU with MTU size 247
06-06 14:41:31.068 315 315 I xm_hidread: type=1400 audit(0.0:1172): avc: denied { read } for scontext=u:r:init:s0 tcontext=u:r:init:s0 tclass=netlink_kobject_uevent_socket permissive=1
06-06 14:41:31.091 1427 1624 W bt_stack: [WARNING:gatt_utils.cc(790)] Call back not found for application conn_id=3
06-06 14:41:31.091 1427 1624 W bt_stack: [WARNING:gatt_utils.cc(790)] Call back not found for application conn_id=4
06-06 14:41:31.091 1427 1624 W bt_stack: [WARNING:gatt_utils.cc(790)] Call back not found for application conn_id=5
06-06 14:41:31.255 56 56 I input : Dangbei as /devices/virtual/misc/uhid/0005:000D:3838.0001/input/input2
06-06 14:41:31.106 315 316 D XM_HIDREAD: add@ add@/devices/virtual/misc/uhid/0005:000D:3838.0001/input/input2/event2
06-06 14:41:31.107 315 316 D XM_HIDREAD: add@ add@/devices/virtual/misc/uhid/0005:000D:3838.0001/input/input4
06-06 14:41:31.114 479 595 D EventHub: No input device configuration file found for device 'Dangbei'.
06-06 14:41:31.120 315 316 D XM_HIDREAD: add@ add@/devices/virtual/misc/uhid/0005:000D:3838.0001/input/input4/event3
06-06 14:41:31.288 56 56 I input : Dangbei Consumer Control as /devices/virtual/misc/uhid/0005:000D:3838.0001/input/input4
06-06 14:41:31.293 2176 2176 W audit : audit_lost=685 audit_rate_limit=5 audit_backlog_limit=64
06-06 14:41:31.123 315 316 D XM_HIDREAD: add@ add@/devices/virtual/misc/uhid/0005:000D:3838.0001/hidraw/hidraw0
06-06 14:41:31.124 315 316 D XM_HIDREAD: ready open:/dev/hidraw0
06-06 14:41:31.124 315 316 D XM_HIDREAD: open:/dev/hidraw0 resultFD:-1
06-06 14:41:31.124 315 316 E XM_HIDREAD: open hidraw error: No such file or directory, wait to retry...
06-06 14:41:31.129 479 595 I EventHub: usingClockIoctl=true
06-06 14:41:31.129 479 595 I EventHub: New device: id=3, fd=345, path='/dev/input/event2', name='Dangbei', classes=KEYBOARD | EXTERNAL, configuration='', keyLayout='/system/usr/keylayout/Vendor_000d_Product_3838.kl', keyCharacterMap='/system/usr/keychars/Generic.kcm', builtinKeyboard=false,
06-06 14:41:31.130 479 595 I InputReader: Device added: id=4, eventHubId=3, name='Dangbei', descriptor='3b5a3e9d598bafe39ea755ce316acc64fb33ff4e',sources=0x00000101
06-06 14:41:31.139 479 595 D EventHub: No input device configuration file found for device 'Dangbei Consumer Control'.
06-06 14:41:31.304 56 56 I hid-generic 0005: 000D:3838.0001: input,hidraw0: BLUETOOTH HID v0.00 Keyboard [Dangbei] on
06-06 14:41:31.309 2176 2176 E audit : rate limit exceeded
06-06 14:41:31.144 321 323 D DONGLE_SERVICE: check_smartctrl_hidraw_node, vid=13, pid =14392
06-06 14:41:31.144 321 323 E DONGLE_SERVICE: not supported: /dev/hidraw0
06-06 14:41:31.148 479 595 W EventHub: Unable to disable kernel key repeat for /dev/input/event3: Function not implemented
06-06 14:41:31.148 479 595 I EventHub: usingClockIoctl=true
06-06 14:41:31.148 479 595 I EventHub: New device: id=4, fd=349, path='/dev/input/event3', name='Dangbei Consumer Control', classes=KEYBOARD | JOYSTICK | EXTERNAL, configuration='', keyLayout='/system/usr/keylayout/Vendor_000d_Product_3838.kl', keyCharacterMap='/system/usr/keychars/Generic.kcm', builtinKeyboard=false,
06-06 14:41:31.148 479 595 I InputReader: Device added: id=4, eventHubId=4, name='Dangbei Consumer Control', descriptor='3b5a3e9d598bafe39ea755ce316acc64fb33ff4e',sources=0x01000111
06-06 14:41:31.159 479 644 W HdmiCecController: Failed to send 40:90:02 with errorCode=1
06-06 14:41:31.198 479 529 W IorapForwardingService: No service published for: iorapd
06-06 14:41:31.224 315 316 E XM_HIDREAD: trying to reopen hidraw: /dev/hidraw0
06-06 14:41:31.224 315 316 D XM_HIDREAD: ready open:/dev/hidraw0
06-06 14:41:31.224 315 316 D XM_HIDREAD: open:/dev/hidraw0 resultFD:8
06-06 14:41:31.224 315 316 D XM_HIDREAD: 1 ready ioctl hidrawFD 8
06-06 14:41:31.224 315 316 D XM_HIDREAD: 2 ready ioctl hidrawFD 8
06-06 14:41:31.224 315 316 D XM_HIDREAD: 3 ready ioctl hidrawFD 8
06-06 14:41:31.224 315 316 D XM_HIDREAD: 4 ready ioctl hidrawFD 8
06-06 14:41:31.224 315 316 D XM_HIDREAD: ioctl hidrawFD HIDIOCGRDESC ret 0
06-06 14:41:31.224 315 316 D XM_HIDREAD: dinfo.vendor:13,dinfo.product:14392
06-06 14:41:31.224 315 316 D XM_HIDREAD: m_pid:0x3838,m_vid:0x000d
06-06 14:41:31.225 315 316 D XM_HIDREAD: /dev/hidraw0 open succussfully!
06-06 14:41:31.225 315 316 D XM_HIDREAD: add@ add@/devices/virtual/wakeup/wakeup26
06-06 14:41:31.225 315 316 D XM_HIDREAD: add@ add@/devices/virtual/wakeup/wakeup27
06-06 14:41:31.248 315 2585 D XM_HIDREAD: poll ret=1, event=1
06-06 14:41:31.248 479 595 D TvWindowManager: key event key = KEYCODE_DPAD_RIGHT down = true
06-06 14:41:31.249 315 2585 D XM_HIDREAD: [9 bytes]:01 00 00 4F 00 00 00 00 00
06-06 14:41:31.250 479 595 W SoundPool: Use of stream types is deprecated for operations other than volume control
06-06 14:41:31.250 479 595 W SoundPool: See the documentation of SoundPool() for what to use instead with android.media.AudioAttributes to qualify your playback use case
06-06 14:41:31.252 479 595 W SoundPool: play soundID 2 not READY
06-06 14:41:31.253 479 594 D GpioService: mFlickerEnable = true
06-06 14:41:31.256 2239 2239 I SogouIME: onKeyDown: keyoCode=22
06-06 14:41:31.256 2239 2239 I DefaultIMS: onKeyDown: keyoCode=22
06-06 14:41:31.271 1095 1095 E SecondScreen: FirstScreenLayoutView dispatchKeyEvent 22
06-06 14:41:31.274 479 2589 D MediaCodecList: codecHandlesFormat: no format, so no extra checks
06-06 14:41:31.278 479 2588 D MediaCodecList: codecHandlesFormat: no format, so no extra checks
06-06 14:41:31.278 479 2591 D CCodec : allocate(c2.android.vorbis.decoder)
06-06 14:41:31.279 388 409 V C2Store : in init
06-06 14:41:31.279 388 409 V C2Store : loading dll
06-06 14:41:31.280 479 2593 D CCodec : allocate(c2.android.vorbis.decoder)
06-06 14:41:31.282 285 445 W AudioFlinger: createTrack_l(): mismatch between requested flags (00000004) and output flags (00000002)
06-06 14:41:31.288 285 445 D AF::TrackHandle: OpPlayAudio: track:55 usage:13 not muted
06-06 14:41:31.288 479 2593 I CCodec : Created component [c2.android.vorbis.decoder]
06-06 14:41:31.289 479 2593 D CCodecConfig: read media type: audio/vorbis
06-06 14:41:31.290 479 2591 I CCodec : Created component [c2.android.vorbis.decoder]
06-06 14:41:31.290 479 2591 D CCodecConfig: read media type: audio/vorbis
06-06 14:41:31.291 2239 2239 I DefaultIMS: onStartInput attribute=android.view.inputmethod.EditorInfo@99695ea restarting=false inputType: 0
06-06 14:41:31.294 479 2593 D ReflectedParamUpdater: extent() != 1 for single value type: algo.buffers.max-count.values
06-06 14:41:31.294 479 2593 D ReflectedParamUpdater: extent() != 1 for single value type: output.subscribed-indices.values
06-06 14:41:31.294 479 2593 D ReflectedParamUpdater: extent() != 1 for single value type: input.buffers.allocator-ids.values
06-06 14:41:31.295 479 2593 D ReflectedParamUpdater: extent() != 1 for single value type: output.buffers.allocator-ids.values
06-06 14:41:31.295 479 2593 D ReflectedParamUpdater: extent() != 1 for single value type: algo.buffers.allocator-ids.values
06-06 14:41:31.295 479 2593 D ReflectedParamUpdater: extent() != 1 for single value type: output.buffers.pool-ids.values
06-06 14:41:31.295 479 621 D AudioTrack: createTrack_l(0): AUDIO_OUTPUT_FLAG_FAST denied by server; frameCount 0 -> 147456
06-06 14:41:31.295 479 2593 D ReflectedParamUpdater: extent() != 1 for single value type: algo.buffers.pool-ids.values
06-06 14:41:31.296 479 2591 D ReflectedParamUpdater: extent() != 1 for single value type: algo.buffers.max-count.values
06-06 14:41:31.296 479 2591 D ReflectedParamUpdater: extent() != 1 for single value type: output.subscribed-indices.values
06-06 14:41:31.297 479 2591 D ReflectedParamUpdater: extent() != 1 for single value type: input.buffers.allocator-ids.values
06-06 14:41:31.297 479 2591 D ReflectedParamUpdater: extent() != 1 for single value type: output.buffers.allocator-ids.values
06-06 14:41:31.297 479 2591 D ReflectedParamUpdater: extent() != 1 for single value type: algo.buffers.allocator-ids.values
06-06 14:41:31.297 479 2591 D ReflectedParamUpdater: extent() != 1 for single value type: output.buffers.pool-ids.values
06-06 14:41:31.297 479 2591 D ReflectedParamUpdater: extent() != 1 for single value type: algo.buffers.pool-ids.values
06-06 14:41:31.298 479 2593 I CCodecConfig: query failed after returning 7 values (BAD_INDEX)
06-06 14:41:31.298 479 2593 D CCodecConfig: c2 config diff is Dict {
06-06 14:41:31.298 479 2593 D CCodecConfig: c2::u32 coded.bitrate.value = 64000
06-06 14:41:31.298 479 2593 D CCodecConfig: c2::u32 input.buffers.max-size.value = 32768
06-06 14:41:31.298 479 2593 D CCodecConfig: c2::u32 input.delay.value = 0
06-06 14:41:31.298 479 2593 D CCodecConfig: string input.media-type.value = "audio/vorbis"
06-06 14:41:31.298 479 2593 D CCodecConfig: string output.media-type.value = "audio/raw"
06-06 14:41:31.298 479 2593 D CCodecConfig: c2::u32 raw.channel-count.value = 1
06-06 14:41:31.298 479 2593 D CCodecConfig: c2::u32 raw.sample-rate.value = 48000
06-06 14:41:31.298 479 2593 D CCodecConfig: }
06-06 14:41:31.300 479 2591 I CCodecConfig: query failed after returning 7 values (BAD_INDEX)
06-06 14:41:31.301 479 2593 D CCodec : [c2.android.vorbis.decoder] buffers are bound to CCodec for this session
06-06 14:41:31.301 479 2591 D CCodecConfig: c2 config diff is Dict {
06-06 14:41:31.301 479 2591 D CCodecConfig: c2::u32 coded.bitrate.value = 64000
06-06 14:41:31.301 479 2591 D CCodecConfig: c2::u32 input.buffers.max-size.value = 32768
06-06 14:41:31.301 479 2591 D CCodecConfig: c2::u32 input.delay.value = 0
06-06 14:41:31.301 479 2591 D CCodecConfig: string input.media-type.value = "audio/vorbis"
06-06 14:41:31.301 479 2591 D CCodecConfig: string output.media-type.value = "audio/raw"
06-06 14:41:31.301 479 2591 D CCodecConfig: c2::u32 raw.channel-count.value = 1
06-06 14:41:31.301 479 2591 D CCodecConfig: c2::u32 raw.sample-rate.value = 48000
06-06 14:41:31.301 479 2591 D CCodecConfig: }
06-06 14:41:31.301 479 2593 D CCodecConfig: no c2 equivalents for durationUs
06-06 14:41:31.301 479 2593 D CCodecConfig: no c2 equivalents for track-id
06-06 14:41:31.303 479 2593 D CCodecConfig: no c2 equivalents for csd-1
06-06 14:41:31.303 479 2593 D CCodecConfig: no c2 equivalents for channel-mask
06-06 14:41:31.303 479 2593 D CCodecConfig: no c2 equivalents for flags
06-06 14:41:31.307 479 2591 D CCodec : [c2.android.vorbis.decoder] buffers are bound to CCodec for this session
06-06 14:41:31.307 479 2591 D CCodecConfig: no c2 equivalents for durationUs
06-06 14:41:31.307 479 2591 D CCodecConfig: no c2 equivalents for track-id
06-06 14:41:31.307 479 2591 D CCodecConfig: no c2 equivalents for csd-1
06-06 14:41:31.307 479 2591 D CCodecConfig: no c2 equivalents for channel-mask
06-06 14:41:31.307 479 2591 D CCodecConfig: no c2 equivalents for flags
06-06 14:41:31.308 479 2591 D CCodecConfig: c2 config diff is c2::u32 coded.bitrate.value = 112000
06-06 14:41:31.308 479 2591 D CCodecConfig: c2::u32 raw.channel-count.value = 2
06-06 14:41:31.308 479 2591 D CCodecConfig: c2::u32 raw.sample-rate.value = 44100
06-06 14:41:31.308 479 2593 D CCodecConfig: c2 config diff is c2::u32 coded.bitrate.value = 112000
06-06 14:41:31.308 479 2593 D CCodecConfig: c2::u32 raw.channel-count.value = 2
06-06 14:41:31.308 479 2593 D CCodecConfig: c2::u32 raw.sample-rate.value = 44100
06-06 14:41:31.309 479 2591 W Codec2Client: query -- param skipped: index = 1107298332.
06-06 14:41:31.310 479 2591 D CCodec : setup formats input: AMessage(what = 0x00000000) = {
06-06 14:41:31.310 479 2591 D CCodec : int32_t bitrate = 112000
06-06 14:41:31.310 479 2591 D CCodec : int32_t channel-count = 2
06-06 14:41:31.310 479 2591 D CCodec : int32_t max-input-size = 32768
06-06 14:41:31.310 479 2591 D CCodec : string mime = "audio/vorbis"
06-06 14:41:31.310 479 2591 D CCodec : int32_t sample-rate = 44100
06-06 14:41:31.310 479 2591 D CCodec : }
06-06 14:41:31.310 479 2591 D CCodec : setup formats output: AMessage(what = 0x00000000) = {
06-06 14:41:31.310 479 2591 D CCodec : int32_t channel-count = 2
06-06 14:41:31.310 479 2591 D CCodec : string mime = "audio/raw"
06-06 14:41:31.310 479 2591 D CCodec : int32_t sample-rate = 44100
06-06 14:41:31.310 479 2591 D CCodec : int32_t channel-mask = 3
06-06 14:41:31.310 479 2591 D CCodec : }
06-06 14:41:31.310 479 2591 I CCodecConfig: query failed after returning 7 values (BAD_INDEX)
06-06 14:41:31.311 479 2591 W Codec2Client: query -- param skipped: index = 1342179345.
06-06 14:41:31.311 479 2591 W Codec2Client: query -- param skipped: index = 2415921170.
06-06 14:41:31.311 479 2593 W Codec2Client: query -- param skipped: index = 1107298332.
06-06 14:41:31.311 479 2593 D CCodec : setup formats input: AMessage(what = 0x00000000) = {
06-06 14:41:31.311 479 2593 D CCodec : int32_t bitrate = 112000
06-06 14:41:31.311 479 2593 D CCodec : int32_t channel-count = 2
06-06 14:41:31.311 479 2593 D CCodec : int32_t max-input-size = 32768
06-06 14:41:31.311 479 2593 D CCodec : string mime = "audio/vorbis"
06-06 14:41:31.311 479 2593 D CCodec : int32_t sample-rate = 44100
06-06 14:41:31.311 479 2593 D CCodec : }
06-06 14:41:31.312 479 2593 D CCodec : setup formats output: AMessage(what = 0x00000000) = {
06-06 14:41:31.312 479 2593 D CCodec : int32_t channel-count = 2
06-06 14:41:31.312 479 2593 D CCodec : string mime = "audio/raw"
06-06 14:41:31.312 479 2593 D CCodec : int32_t sample-rate = 44100
06-06 14:41:31.312 479 2593 D CCodec : int32_t channel-mask = 3
06-06 14:41:31.312 479 2593 D CCodec : }
06-06 14:41:31.312 479 2593 I CCodecConfig: query failed after returning 7 values (BAD_INDEX)
06-06 14:41:31.312 388 408 D BufferPoolAccessor2.0: bufferpool2 0xf6167dd8 : 0(0 size) total buffers - 0(0 size) used buffers - 137/145 (recycle/alloc) - 8/144 (fetch/transfer)
06-06 14:41:31.313 388 388 D BufferPoolAccessor2.0: bufferpool2 0xf61682d8 : 0(0 size) total buffers - 0(0 size) used buffers - 131/145 (recycle/alloc) - 14/144 (fetch/transfer)
06-06 14:41:31.313 388 388 D BufferPoolAccessor2.0: Destruction - bufferpool2 0xf61682d8 cached: 0/0M, 0/0% in use; allocs: 145, 90% recycled; transfers: 144, 90% unfetched
06-06 14:41:31.313 479 2591 D CCodecBufferChannel: [c2.android.vorbis.decoder#6] Created input block pool with allocatorID 16 => poolID 23 - OK (0)
06-06 14:41:31.313 388 388 D BufferPoolAccessor2.0: bufferpool2 0xf6169318 : 0(0 size) total buffers - 0(0 size) used buffers - 16/19 (recycle/alloc) - 3/18 (fetch/transfer)
06-06 14:41:31.314 388 816 D BufferPoolAccessor2.0: Destruction - bufferpool2 0xf6169318 cached: 0/0M, 0/0% in use; allocs: 19, 84% recycled; transfers: 18, 83% unfetched
06-06 14:41:31.314 388 388 D BufferPoolAccessor2.0: bufferpool2 0xf6168558 : 0(0 size) total buffers - 0(0 size) used buffers - 28/32 (recycle/alloc) - 4/31 (fetch/transfer)
06-06 14:41:31.314 388 388 D BufferPoolAccessor2.0: Destruction - bufferpool2 0xf6168558 cached: 0/0M, 0/0% in use; allocs: 32, 88% recycled; transfers: 31, 87% unfetched
06-06 14:41:31.314 388 816 D BufferPoolAccessor2.0: bufferpool2 0xf6168418 : 0(0 size) total buffers - 0(0 size) used buffers - 15/21 (recycle/alloc) - 6/20 (fetch/transfer)
06-06 14:41:31.314 388 408 D BufferPoolAccessor2.0: Destruction - bufferpool2 0xf6167dd8 cached: 0/0M, 0/0% in use; allocs: 145, 94% recycled; transfers: 144, 94% unfetched
06-06 14:41:31.314 388 816 D BufferPoolAccessor2.0: Destruction - bufferpool2 0xf6168418 cached: 0/0M, 0/0% in use; allocs: 21, 71% recycled; transfers: 20, 70% unfetched
06-06 14:41:31.314 388 816 D BufferPoolAccessor2.0: bufferpool2 0xf6168698 : 0(0 size) total buffers - 0(0 size) used buffers - 32/36 (recycle/alloc) - 5/35 (fetch/transfer)
06-06 14:41:31.314 388 816 D BufferPoolAccessor2.0: Destruction - bufferpool2 0xf6168698 cached: 0/0M, 0/0% in use; allocs: 36, 89% recycled; transfers: 35, 86% unfetched
06-06 14:41:31.314 247 2597 D audio_hw_primary: start_output_stream out->format : 0x00000000
06-06 14:41:31.316 479 637 D BufferPoolAccessor2.0: bufferpool2 0xf399ec98 : 0(0 size) total buffers - 0(0 size) used buffers - 1/7 (recycle/alloc) - 9/294 (fetch/transfer)
06-06 14:41:31.316 479 637 D BufferPoolAccessor2.0: Destruction - bufferpool2 0xf399ec98 cached: 0/0M, 0/0% in use; allocs: 7, 14% recycled; transfers: 294, 97% unfetched
06-06 14:41:31.317 817 909 D BufferPoolAccessor2.0: bufferpool2 0xf49f81d8 : 0(0 size) total buffers - 0(0 size) used buffers - 2/7 (recycle/alloc) - 5/92 (fetch/transfer)
06-06 14:41:31.317 817 909 D BufferPoolAccessor2.0: Destruction - bufferpool2 0xf49f81d8 cached: 0/0M, 0/0% in use; allocs: 7, 29% recycled; transfers: 92, 95% unfetched
06-06 14:41:31.317 479 2591 I CCodecBufferChannel: [c2.android.vorbis.decoder#6] Created output block pool with allocatorID 16 => poolID 25 - OK
06-06 14:41:31.317 479 2591 D CCodecBufferChannel: [c2.android.vorbis.decoder#6] Configured output block pool ids 25 => OK
06-06 14:41:31.317 817 909 D BufferPoolAccessor2.0: bufferpool2 0xf49f90d8 : 0(0 size) total buffers - 0(0 size) used buffers - 2/7 (recycle/alloc) - 5/96 (fetch/transfer)
06-06 14:41:31.317 817 909 D BufferPoolAccessor2.0: Destruction - bufferpool2 0xf49f90d8 cached: 0/0M, 0/0% in use; allocs: 7, 29% recycled; transfers: 96, 95% unfetched
06-06 14:41:31.319 479 2593 W Codec2Client: query -- param skipped: index = 1342179345.
06-06 14:41:31.319 479 2593 W Codec2Client: query -- param skipped: index = 2415921170.
06-06 14:41:31.319 479 635 D BufferPoolAccessor2.0: bufferpool2 0xf2fb7558 : 0(0 size) total buffers - 0(0 size) used buffers - 2/7 (recycle/alloc) - 5/68 (fetch/transfer)
06-06 14:41:31.319 479 635 D BufferPoolAccessor2.0: Destruction - bufferpool2 0xf2fb7558 cached: 0/0M, 0/0% in use; allocs: 7, 29% recycled; transfers: 68, 93% unfetched
06-06 14:41:31.319 479 664 D BufferPoolAccessor2.0: bufferpool2 0xf328ab18 : 0(0 size) total buffers - 0(0 size) used buffers - 2/7 (recycle/alloc) - 5/46 (fetch/transfer)
06-06 14:41:31.319 479 664 D BufferPoolAccessor2.0: Destruction - bufferpool2 0xf328ab18 cached: 0/0M, 0/0% in use; allocs: 7, 29% recycled; transfers: 46, 89% unfetched
06-06 14:41:31.319 479 664 D BufferPoolAccessor2.0: bufferpool2 0xf2fb7418 : 0(0 size) total buffers - 0(0 size) used buffers - 2/7 (recycle/alloc) - 8/76 (fetch/transfer)
06-06 14:41:31.319 479 664 D BufferPoolAccessor2.0: Destruction - bufferpool2 0xf2fb7418 cached: 0/0M, 0/0% in use; allocs: 7, 29% recycled; transfers: 76, 89% unfetched
06-06 14:41:31.320 479 637 D BufferPoolAccessor2.0: bufferpool2 0xf39a06d8 : 0(0 size) total buffers - 0(0 size) used buffers - 2/7 (recycle/alloc) - 21/294 (fetch/transfer)
06-06 14:41:31.320 479 637 D BufferPoolAccessor2.0: Destruction - bufferpool2 0xf39a06d8 cached: 0/0M, 0/0% in use; allocs: 7, 29% recycled; transfers: 294, 93% unfetched
06-06 14:41:31.320 479 637 D BufferPoolAccessor2.0: bufferpool2 0xf2fb6158 : 0(0 size) total buffers - 0(0 size) used buffers - 2/7 (recycle/alloc) - 5/42 (fetch/transfer)
06-06 14:41:31.320 479 637 D BufferPoolAccessor2.0: Destruction - bufferpool2 0xf2fb6158 cached: 0/0M, 0/0% in use; allocs: 7, 29% recycled; transfers: 42, 88% unfetched
06-06 14:41:31.326 479 2593 D CCodecBufferChannel: [c2.android.vorbis.decoder#947] Created input block pool with allocatorID 16 => poolID 24 - OK (0)
06-06 14:41:31.328 479 2593 I CCodecBufferChannel: [c2.android.vorbis.decoder#947] Created output block pool with allocatorID 16 => poolID 26 - OK
06-06 14:41:31.328 479 2593 D CCodecBufferChannel: [c2.android.vorbis.decoder#947] Configured output block pool ids 26 => OK
06-06 14:41:31.335 247 2597 V audio_hw_primary: start_output_stream, line: 1503
06-06 14:41:31.335 247 2597 V audio_hw_primary: use AUDIO_HDMI to playback audio
06-06 14:41:31.335 247 2597 D audio_hw_primary: open card=3, port=0
06-06 14:41:31.335 247 2597 D audio_hw_primary: config:2 44100 960 2 0 5760 1 0
06-06 14:41:31.335 247 2597 D audio_hw_primary: set_raw_flag(card=3, raw_flag=1)
06-06 14:41:31.335 247 2597 D audio_hw_primary: set_raw_flag control_name = audio data format control_value PCM)
06-06 14:41:31.312 247 247 I writer : type=1400 audit(0.0:1176): avc: denied { read } for name="u:object_r:default_prop:s0" dev="tmpfs" ino=6369 scontext=u:r:hal_audio_default:s0 tcontext=u:object_r:default_prop:s0 tclass=file permissive=1
06-06 14:41:31.516 2597 2597 I : HDMI Audio Enable Successfully
06-06 14:41:31.341 315 2585 D XM_HIDREAD: poll ret=1, event=1
06-06 14:41:31.341 315 2585 D XM_HIDREAD: [9 bytes]:01 00 00 00 00 00 00 00 00
06-06 14:41:31.341 479 595 D TvWindowManager: key event key = KEYCODE_DPAD_RIGHT down = false
06-06 14:41:31.344 479 479 W NotificationHistory: Attempted to add notif for locked/gone/disabled user 0
06-06 14:41:31.346 247 2597 V audio_hw_primary: do not use out resampler
06-06 14:41:31.347 674 674 V TvNotificationHandler: Notification not added because it isn't relevant for tv
06-06 14:41:31.368 285 455 D AudioFlinger: mixer(0xeb89b140) throttle end: throttle time(10)
06-06 14:41:31.320 247 247 I writer : type=1400 audit(0.0:1177): avc: denied { open } for path="/dev/__properties__/u:object_r:default_prop:s0" dev="tmpfs" ino=6369 scontext=u:r:hal_audio_default:s0 tcontext=u:object_r:default_prop:s0 tclass=file permissive=1
06-06 14:41:31.376 2239 2239 I SogouIME: onKeyUp: keyoCode=22
06-06 14:41:31.376 2239 2239 I DefaultIMS: onKeyUp: keyoCode=22
06-06 14:41:31.377 1095 1095 E SecondScreen: FirstScreenLayoutView dispatchKeyEvent 22
06-06 14:41:31.320 247 247 I writer : type=1400 audit(0.0:1178): avc: denied { getattr } for path="/dev/__properties__/u:object_r:default_prop:s0" dev="tmpfs" ino=6369 scontext=u:r:hal_audio_default:s0 tcontext=u:object_r:default_prop:s0 tclass=file permissive=1
06-06 14:41:31.320 247 247 I writer : type=1400 audit(0.0:1179): avc: denied { map } for path="/dev/__properties__/u:object_r:default_prop:s0" dev="tmpfs" ino=6369 scontext=u:r:hal_audio_default:s0 tcontext=u:object_r:default_prop:s0 tclass=file permissive=1
06-06 14:41:31.431 315 2585 D XM_HIDREAD: poll ret=1, event=1
06-06 14:41:31.431 315 2585 D XM_HIDREAD: [9 bytes]:01 00 00 4F 00 00 00 00 00
06-06 14:41:31.432 479 595 D TvWindowManager: key event key = KEYCODE_DPAD_RIGHT down = true
06-06 14:41:31.432 479 595 W SoundPool: play soundID 2 not READY
06-06 14:41:31.434 479 594 D GpioService: mFlickerEnable = true
06-06 14:41:31.435 388 2594 D SimpleC2Component: Using output block pool with poolID 25 => got 25 - 0
06-06 14:41:31.437 2239 2239 I SogouIME: onKeyDown: keyoCode=22
06-06 14:41:31.437 2239 2239 I DefaultIMS: onKeyDown: keyoCode=22
06-06 14:41:31.438 1095 1095 E SecondScreen: FirstScreenLayoutView dispatchKeyEvent 22
06-06 14:41:31.445 388 2595 D SimpleC2Component: Using output block pool with poolID 26 => got 26 - 0
06-06 14:41:31.452 2239 2239 I DefaultIMS: onStartInput attribute=android.view.inputmethod.EditorInfo@3c750db restarting=false inputType: 0
06-06 14:41:31.453 285 445 W AudioFlinger: createTrack_l(): mismatch between requested flags (00000004) and output flags (00000002)
06-06 14:41:31.461 285 445 D AF::TrackHandle: OpPlayAudio: track:56 usage:13 not muted
06-06 14:41:31.463 285 455 D AudioFlinger: mixer(0xeb89b140) throttle end: throttle time(4)
06-06 14:41:31.465 479 621 D AudioTrack: createTrack_l(0): AUDIO_OUTPUT_FLAG_FAST denied by server; frameCount 0 -> 147456
06-06 14:41:31.498 479 2591 D CCodecBufferChannel: [c2.android.vorbis.decoder#6] MediaCodec discarded an unknown buffer
06-06 14:41:31.498 479 2591 D CCodecBufferChannel: [c2.android.vorbis.decoder#6] MediaCodec discarded an unknown buffer
06-06 14:41:31.498 479 2591 D CCodecBufferChannel: [c2.android.vorbis.decoder#6] MediaCodec discarded an unknown buffer
06-06 14:41:31.500 479 2591 I hw-BpHwBinder: onLastStrongRef automatically unlinking death recipients
06-06 14:41:31.503 479 2593 D CCodecBufferChannel: [c2.android.vorbis.decoder#947] MediaCodec discarded an unknown buffer
06-06 14:41:31.503 479 2593 D CCodecBufferChannel: [c2.android.vorbis.decoder#947] MediaCodec discarded an unknown buffer
06-06 14:41:31.503 315 2585 D XM_HIDREAD: poll ret=1, event=1
06-06 14:41:31.503 315 2585 D XM_HIDREAD: [9 bytes]:01 00 00 00 00 00 00 00 00
06-06 14:41:31.503 479 595 D TvWindowManager: key event key = KEYCODE_DPAD_RIGHT down = false
06-06 14:41:31.505 2239 2239 I SogouIME: onKeyUp: keyoCode=22
06-06 14:41:31.505 2239 2239 I DefaultIMS: onKeyUp: keyoCode=22
06-06 14:41:31.506 479 2593 I hw-BpHwBinder: onLastStrongRef automatically unlinking death recipients
06-06 14:41:31.506 388 2598 I hw-BpHwBinder: onLastStrongRef automatically unlinking death recipients
06-06 14:41:31.507 1095 1095 E SecondScreen: FirstScreenLayoutView dispatchKeyEvent 22
06-06 14:41:31.509 388 2598 V C2Store : in ~ComponentModule
06-06 14:41:31.509 388 2598 V C2Store : unloading dll
06-06 14:41:31.518 479 2589 D MediaCodecList: codecHandlesFormat: no format, so no extra checks
06-06 14:41:31.519 479 2604 D CCodec : allocate(c2.android.vorbis.decoder)
06-06 14:41:31.520 388 2598 V C2Store : in init
06-06 14:41:31.520 388 2598 V C2Store : loading dll
06-06 14:41:31.525 479 2604 I CCodec : Created component [c2.android.vorbis.decoder]
06-06 14:41:31.525 479 2604 D CCodecConfig: read media type: audio/vorbis
06-06 14:41:31.528 479 2604 D ReflectedParamUpdater: extent() != 1 for single value type: algo.buffers.max-count.values
06-06 14:41:31.528 479 2604 D ReflectedParamUpdater: extent() != 1 for single value type: output.subscribed-indices.values
06-06 14:41:31.528 479 2604 D ReflectedParamUpdater: extent() != 1 for single value type: input.buffers.allocator-ids.values
06-06 14:41:31.528 479 2604 D ReflectedParamUpdater: extent() != 1 for single value type: output.buffers.allocator-ids.values
06-06 14:41:31.529 479 2604 D ReflectedParamUpdater: extent() != 1 for single value type: algo.buffers.allocator-ids.values
06-06 14:41:31.529 479 2604 D ReflectedParamUpdater: extent() != 1 for single value type: output.buffers.pool-ids.values
06-06 14:41:31.529 479 2604 D ReflectedParamUpdater: extent() != 1 for single value type: algo.buffers.pool-ids.values
06-06 14:41:31.531 479 2604 I CCodecConfig: query failed after returning 7 values (BAD_INDEX)
06-06 14:41:31.532 479 2604 D CCodecConfig: c2 config diff is Dict {
06-06 14:41:31.532 479 2604 D CCodecConfig: c2::u32 coded.bitrate.value = 64000
06-06 14:41:31.532 479 2604 D CCodecConfig: c2::u32 input.buffers.max-size.value = 32768
06-06 14:41:31.532 479 2604 D CCodecConfig: c2::u32 input.delay.value = 0
06-06 14:41:31.532 479 2604 D CCodecConfig: string input.media-type.value = "audio/vorbis"
06-06 14:41:31.532 479 2604 D CCodecConfig: string output.media-type.value = "audio/raw"
06-06 14:41:31.532 479 2604 D CCodecConfig: c2::u32 raw.channel-count.value = 1
06-06 14:41:31.532 479 2604 D CCodecConfig: c2::u32 raw.sample-rate.value = 48000
06-06 14:41:31.532 479 2604 D CCodecConfig: }
06-06 14:41:31.533 479 2604 D CCodec : [c2.android.vorbis.decoder] buffers are bound to CCodec for this session
06-06 14:41:31.533 479 2604 D CCodecConfig: no c2 equivalents for durationUs
06-06 14:41:31.533 479 2604 D CCodecConfig: no c2 equivalents for track-id
06-06 14:41:31.533 479 2604 D CCodecConfig: no c2 equivalents for csd-1
06-06 14:41:31.533 479 2604 D CCodecConfig: no c2 equivalents for channel-mask
06-06 14:41:31.533 479 2604 D CCodecConfig: no c2 equivalents for flags
06-06 14:41:31.534 479 2604 D CCodecConfig: c2 config diff is c2::u32 coded.bitrate.value = 112000
06-06 14:41:31.534 479 2604 D CCodecConfig: c2::u32 raw.channel-count.value = 2
06-06 14:41:31.534 479 2604 D CCodecConfig: c2::u32 raw.sample-rate.value = 44100
06-06 14:41:31.535 479 2604 W Codec2Client: query -- param skipped: index = 1107298332.
06-06 14:41:31.536 479 2604 D CCodec : setup formats input: AMessage(what = 0x00000000) = {
06-06 14:41:31.536 479 2604 D CCodec : int32_t bitrate = 112000
06-06 14:41:31.536 479 2604 D CCodec : int32_t channel-count = 2
06-06 14:41:31.536 479 2604 D CCodec : int32_t max-input-size = 32768
06-06 14:41:31.536 479 2604 D CCodec : string mime = "audio/vorbis"
06-06 14:41:31.536 479 2604 D CCodec : int32_t sample-rate = 44100
06-06 14:41:31.536 479 2604 D CCodec : }
06-06 14:41:31.536 479 2604 D CCodec : setup formats output: AMessage(what = 0x00000000) = {
06-06 14:41:31.536 479 2604 D CCodec : int32_t channel-count = 2
06-06 14:41:31.536 479 2604 D CCodec : string mime = "audio/raw"
06-06 14:41:31.536 479 2604 D CCodec : int32_t sample-rate = 44100
06-06 14:41:31.536 479 2604 D CCodec : int32_t channel-mask = 3
06-06 14:41:31.536 479 2604 D CCodec : }
06-06 14:41:31.536 479 2604 I CCodecConfig: query failed after returning 7 values (BAD_INDEX)
06-06 14:41:31.537 479 2604 W Codec2Client: query -- param skipped: index = 1342179345.
06-06 14:41:31.537 479 2604 W Codec2Client: query -- param skipped: index = 2415921170.
06-06 14:41:31.538 479 2604 D CCodecBufferChannel: [c2.android.vorbis.decoder#721] Created input block pool with allocatorID 16 => poolID 25 - OK (0)
06-06 14:41:31.539 479 2604 I CCodecBufferChannel: [c2.android.vorbis.decoder#721] Created output block pool with allocatorID 16 => poolID 27 - OK
06-06 14:41:31.539 479 2604 D CCodecBufferChannel: [c2.android.vorbis.decoder#721] Configured output block pool ids 27 => OK
06-06 14:41:31.542 388 2605 D SimpleC2Component: Using output block pool with poolID 27 => got 27 - 0
06-06 14:41:31.544 2138 2138 I cling--ap-2: type=1400 audit(0.0:1180): avc: denied { read } for name="address" dev="sysfs" ino=27403 scontext=u:r:platform_app:s0:c512,c768 tcontext=u:object_r:sysfs:s0 tclass=file permissive=1 app=com.dangbei.screencast
06-06 14:41:31.607 479 2604 D CCodecBufferChannel: [c2.android.vorbis.decoder#721] MediaCodec discarded an unknown buffer
06-06 14:41:31.607 479 2604 D CCodecBufferChannel: [c2.android.vorbis.decoder#721] MediaCodec discarded an unknown buffer
06-06 14:41:31.607 479 2604 D CCodecBufferChannel: [c2.android.vorbis.decoder#721] MediaCodec discarded an unknown buffer
06-06 14:41:31.609 479 2604 I hw-BpHwBinder: onLastStrongRef automatically unlinking death recipients
06-06 14:41:31.609 388 2598 I hw-BpHwBinder: onLastStrongRef automatically unlinking death recipients
06-06 14:41:31.609 388 2598 V C2Store : in ~ComponentModule
06-06 14:41:31.609 388 2598 V C2Store : unloading dll
06-06 14:41:31.690 659 659 E WifiHAL : wifi_get_link_stats: requestResponse Error:-5
06-06 14:41:31.692 479 606 E WifiVendorHal: getWifiLinkLayerStats_1_5_Internal(l.1191) failed {.code = ERROR_INVALID_ARGS, .description = }
06-06 14:41:31.863 1427 1624 I bt_stack: [INFO:hearing_aid.cc(1796)] GetDeviceCount: Not initialized yet
06-06 14:41:32.201 479 529 W IorapForwardingService: No service published for: iorapd
06-06 14:41:32.475 479 756 D SntpClient: request time failed: java.net.SocketTimeoutException: Poll timed out
06-06 14:41:32.617 315 2585 D XM_HIDREAD: poll ret=1, event=1
06-06 14:41:32.617 315 2585 D XM_HIDREAD: [9 bytes]:01 00 00 3F 00 00 00 00 00
06-06 14:41:32.617 479 595 D TvWindowManager: key event key = KEYCODE_F6 down = true
06-06 14:41:32.618 479 595 W ContextImpl: Calling a method in the system process without a qualified user: android.app.ContextImpl.sendBroadcast:1173 com.android.server.policy.TvWindowManager.interceptKeyBeforeQueueing:686 com.android.server.wm.InputManagerCallback.interceptKeyBeforeQueueing:149 com.android.server.input.InputManagerService.interceptKeyBeforeQueueing:2816
06-06 14:41:32.620 479 595 E ActivityManager: Sending non-protected broadcast com.dangbei.specialkey from system 479:system/1000 pkg android
06-06 14:41:32.620 479 595 E ActivityManager: java.lang.Throwable
06-06 14:41:32.620 479 595 E ActivityManager: at com.android.server.am.ActivityManagerService.checkBroadcastFromSystem(ActivityManagerService.java:12816)
06-06 14:41:32.620 479 595 E ActivityManager: at com.android.server.am.ActivityManagerService.broadcastIntentLocked(ActivityManagerService.java:13416)
06-06 14:41:32.620 479 595 E ActivityManager: at com.android.server.am.ActivityManagerService.broadcastIntentLocked(ActivityManagerService.java:12833)
06-06 14:41:32.620 479 595 E ActivityManager: at com.android.server.am.ActivityManagerService.broadcastIntentWithFeature(ActivityManagerService.java:13670)
06-06 14:41:32.620 479 595 E ActivityManager: at android.app.ContextImpl.sendBroadcast(ContextImpl.java:1177)
06-06 14:41:32.620 479 595 E ActivityManager: at com.android.server.policy.TvWindowManager.interceptKeyBeforeQueueing(TvWindowManager.java:686)
06-06 14:41:32.620 479 595 E ActivityManager: at com.android.server.wm.InputManagerCallback.interceptKeyBeforeQueueing(InputManagerCallback.java:149)
06-06 14:41:32.620 479 595 E ActivityManager: at com.android.server.input.InputManagerService.interceptKeyBeforeQueueing(InputManagerService.java:2816)
06-06 14:41:32.626 479 595 E ActivityManager: Sending non-protected broadcast com.dangbei.specialkey from system 479:system/1000 pkg android
06-06 14:41:32.626 479 595 E ActivityManager: java.lang.Throwable
06-06 14:41:32.626 479 595 E ActivityManager: at com.android.server.am.ActivityManagerService.checkBroadcastFromSystem(ActivityManagerService.java:12816)
06-06 14:41:32.626 479 595 E ActivityManager: at com.android.server.am.ActivityManagerService.broadcastIntentLocked(ActivityManagerService.java:13513)
06-06 14:41:32.626 479 595 E ActivityManager: at com.android.server.am.ActivityManagerService.broadcastIntentLocked(ActivityManagerService.java:12833)
06-06 14:41:32.626 479 595 E ActivityManager: at com.android.server.am.ActivityManagerService.broadcastIntentWithFeature(ActivityManagerService.java:13670)
06-06 14:41:32.626 479 595 E ActivityManager: at android.app.ContextImpl.sendBroadcast(ContextImpl.java:1177)
06-06 14:41:32.626 479 595 E ActivityManager: at com.android.server.policy.TvWindowManager.interceptKeyBeforeQueueing(TvWindowManager.java:686)
06-06 14:41:32.626 479 595 E ActivityManager: at com.android.server.wm.InputManagerCallback.interceptKeyBeforeQueueing(InputManagerCallback.java:149)
06-06 14:41:32.626 479 595 E ActivityManager: at com.android.server.input.InputManagerService.interceptKeyBeforeQueueing(InputManagerService.java:2816)
06-06 14:41:32.628 479 594 D GpioService: mFlickerEnable = true
06-06 14:41:32.629 479 537 I DropBoxManagerService: add tag=system_server_wtf isTagEnabled=true flags=0x2
06-06 14:41:32.636 479 537 I DropBoxManagerService: add tag=system_server_wtf isTagEnabled=true flags=0x2
06-06 14:41:32.648 2239 2239 I SogouIME: onKeyDown: keyoCode=136
06-06 14:41:32.648 2239 2239 I DefaultIMS: onKeyDown: keyoCode=136
06-06 14:41:32.672 1095 1095 E SecondScreen: FirstScreenLayoutView dispatchKeyEvent 136
06-06 14:41:32.674 1095 1095 E hq : HomeKeyReceiver:::onReceive com.dangbei.specialkey
06-06 14:41:32.729 1039 1039 E ccc : cccccc LifecycleFrameLayout onAttachedToWindow com.dangbei.etna.setting.ui.side.view.SideLayout{e6d756b V.E...... ......I. 0,0-0,0}
06-06 14:41:32.744 180 180 I hwservicemanager: getTransport: Cannot find entry android.hardware.graphics.mapper@4.0::IMapper/default in either framework or device VINTF manifest.
06-06 14:41:32.746 1039 1039 I Gralloc4: mapper 4.x is not supported
06-06 14:41:32.747 180 180 I hwservicemanager: getTransport: Cannot find entry android.hardware.graphics.mapper@3.0::IMapper/default in either framework or device VINTF manifest.
06-06 14:41:32.748 1039 1039 W Gralloc3: mapper 3.x is not supported
06-06 14:41:32.754 1039 1039 E gralloc : Arm Module v1.0
06-06 14:41:32.757 180 180 I hwservicemanager: getTransport: Cannot find entry android.hardware.graphics.allocator@4.0::IAllocator/default in either framework or device VINTF manifest.
06-06 14:41:32.759 1039 1039 W Gralloc4: allocator 4.x is not supported
06-06 14:41:32.760 180 180 I hwservicemanager: getTransport: Cannot find entry android.hardware.graphics.allocator@3.0::IAllocator/default in either framework or device VINTF manifest.
06-06 14:41:32.760 1039 1039 W Gralloc3: allocator 3.x is not supported
06-06 14:41:32.765 257 292 I gralloc : alloc buffer:W:1920 H:1080 S:1920 PL[1920 1080] SZ:8294400 fmt:1 if:0 af:1 usg:966 fg:00000004
06-06 14:41:32.766 1039 1039 E ion : ioctl c0044901 failed with code -1: Inappropriate ioctl for device
06-06 14:41:32.774 315 2585 D XM_HIDREAD: poll ret=1, event=1
06-06 14:41:32.775 315 2585 D XM_HIDREAD: [9 bytes]:01 00 00 00 00 00 00 00 00
06-06 14:41:32.775 479 595 D TvWindowManager: key event key = KEYCODE_F6 down = false
06-06 14:41:32.777 479 594 W InputDispatcher: Waiting because no window has focus but ActivityRecord{efa2cde u0 com.dangbei.leard.leradlauncher/com.dangbei.launcher.home.LauncherActivity t44} may eventually add a window when it finishes starting up. Will wait for 10000ms
06-06 14:41:32.783 2239 2239 I SogouIME: onKeyUp: keyoCode=136
06-06 14:41:32.784 2239 2239 I DefaultIMS: onKeyUp: keyoCode=136
06-06 14:41:32.790 1095 1095 E SecondScreen: FirstScreenLayoutView dispatchKeyEvent 136
06-06 14:41:32.830 257 292 I gralloc : alloc buffer:W:1920 H:1080 S:1920 PL[1920 1080] SZ:8294400 fmt:1 if:0 af:1 usg:966 fg:00000004
06-06 14:41:32.867 2239 2239 I DefaultIMS: onStartInput attribute=android.view.inputmethod.EditorInfo@ae25778 restarting=false inputType: 0
06-06 14:41:32.907 479 579 D ConnectivityService: requestNetwork for uid/pid:1000/1039 activeRequest: null callbackRequest: 35 [NetworkRequest [ REQUEST id=36, [ Capabilities: INTERNET&NOT_RESTRICTED&TRUSTED&NOT_VCN_MANAGED Uid: 1000 RequestorUid: 1000 RequestorPkg: com.dangbei.lerad.etna.haqu] ]] callback flags: 0 priority: 2147483647
06-06 14:41:32.908 479 613 D ConnectivityService: NetReassign [36 : null → 100]
06-06 14:41:32.911 479 649 D Ethernet: got request NetworkRequest [ REQUEST id=36, [ Capabilities: INTERNET&NOT_RESTRICTED&TRUSTED&NOT_VCN_MANAGED Uid: 1000 RequestorUid: 1000 RequestorPkg: com.dangbei.lerad.etna.haqu] ]
06-06 14:41:32.911 479 649 D EthernetNetworkFactory: acceptRequest, request: NetworkRequest [ REQUEST id=36, [ Capabilities: INTERNET&NOT_RESTRICTED&TRUSTED&NOT_VCN_MANAGED Uid: 1000 RequestorUid: 1000 RequestorPkg: com.dangbei.lerad.etna.haqu] ]
06-06 14:41:32.911 479 606 D WifiNetworkFactory: got request NetworkRequest [ REQUEST id=36, [ Capabilities: INTERNET&NOT_RESTRICTED&TRUSTED&NOT_VCN_MANAGED Uid: 1000 RequestorUid: 1000 RequestorPkg: com.dangbei.lerad.etna.haqu] ]
06-06 14:41:32.911 479 649 I EthernetNetworkFactory: networkForRequest, request: NetworkRequest [ REQUEST id=36, [ Capabilities: INTERNET&NOT_RESTRICTED&TRUSTED&NOT_VCN_MANAGED Uid: 1000 RequestorUid: 1000 RequestorPkg: com.dangbei.lerad.etna.haqu] ], network: null
06-06 14:41:32.911 479 606 D UntrustedWifiNetworkFactory: got request NetworkRequest [ REQUEST id=36, [ Capabilities: INTERNET&NOT_RESTRICTED&TRUSTED&NOT_VCN_MANAGED Uid: 1000 RequestorUid: 1000 RequestorPkg: com.dangbei.lerad.etna.haqu] ]
06-06 14:41:32.912 479 606 D OemPaidWifiNetworkFactory: got request NetworkRequest [ REQUEST id=36, [ Capabilities: INTERNET&NOT_RESTRICTED&TRUSTED&NOT_VCN_MANAGED Uid: 1000 RequestorUid: 1000 RequestorPkg: com.dangbei.lerad.etna.haqu] ]
06-06 14:41:32.964 2138 2147 I gbei.screencas: Background concurrent copying GC freed 278435(20MB) AllocSpace objects, 51(2856KB) LOS objects, 49% free, 6615KB/12MB, paused 153us total 260.957ms
06-06 14:41:32.979 1039 2616 D skia : --- Failed to create image decoder with message 'unimplemented'
06-06 14:41:32.979 1039 2614 D skia : --- Failed to create image decoder with message 'unimplemented'
06-06 14:41:32.980 1039 2615 D skia : --- Failed to create image decoder with message 'unimplemented'
06-06 14:41:32.981 1039 2617 D skia : --- Failed to create image decoder with message 'unimplemented'
06-06 14:41:32.993 1039 2615 D skia : --- Failed to create image decoder with message 'unimplemented'
06-06 14:41:32.993 1039 2614 D skia : --- Failed to create image decoder with message 'unimplemented'
06-06 14:41:32.994 1039 2616 D skia : --- Failed to create image decoder with message 'unimplemented'
06-06 14:41:32.994 1039 2617 D skia : --- Failed to create image decoder with message 'unimplemented'
06-06 14:41:32.994 1039 2615 D skia : --- Failed to create image decoder with message 'unimplemented'
06-06 14:41:32.994 1039 2617 D skia : --- Failed to create image decoder with message 'unimplemented'
06-06 14:41:32.996 1039 2617 D skia : --- Failed to create image decoder with message 'unimplemented'
06-06 14:41:32.997 1039 2614 D skia : --- Failed to create image decoder with message 'unimplemented'
06-06 14:41:32.997 1039 2615 D skia : --- Failed to create image decoder with message 'unimplemented'
06-06 14:41:32.997 1039 2615 D skia : --- Failed to create image decoder with message 'unimplemented'
06-06 14:41:32.997 1039 2614 D skia : --- Failed to create image decoder with message 'unimplemented'
06-06 14:41:32.998 1039 2614 D skia : --- Failed to create image decoder with message 'unimplemented'
06-06 14:41:32.998 1039 2615 D skia : --- Failed to create image decoder with message 'unimplemented'
06-06 14:41:32.999 1039 2614 D skia : --- Failed to create image decoder with message 'unimplemented'
06-06 14:41:32.999 1039 2616 D skia : --- Failed to create image decoder with message 'unimplemented'
06-06 14:41:33.001 1039 2616 D skia : --- Failed to create image decoder with message 'unimplemented'
06-06 14:41:33.002 1039 2616 D skia : --- Failed to create image decoder with message 'unimplemented'
06-06 14:41:33.002 1039 2617 D skia : --- Failed to create image decoder with message 'unimplemented'
06-06 14:41:33.003 1039 2616 D skia : --- Failed to create image decoder with message 'unimplemented'
06-06 14:41:33.003 1039 2617 D skia : --- Failed to create image decoder with message 'unimplemented'
06-06 14:41:33.026 1039 2615 D skia : --- Failed to create image decoder with message 'unimplemented'
06-06 14:41:33.028 1039 2615 D skia : --- Failed to create image decoder with message 'unimplemented'
06-06 14:41:33.029 1039 2617 D skia : --- Failed to create image decoder with message 'unimplemented'
06-06 14:41:33.029 1039 2615 D skia : --- Failed to create image decoder with message 'unimplemented'
06-06 14:41:33.030 1039 2614 D skia : --- Failed to create image decoder with message 'unimplemented'
06-06 14:41:33.030 1039 2615 D skia : --- Failed to create image decoder with message 'unimplemented'
06-06 14:41:33.030 1039 2617 D skia : --- Failed to create image decoder with message 'unimplemented'
06-06 14:41:33.031 1039 2614 D skia : --- Failed to create image decoder with message 'unimplemented'
06-06 14:41:33.031 1039 2616 D skia : --- Failed to create image decoder with message 'unimplemented'
06-06 14:41:33.031 1039 2615 D skia : --- Failed to create image decoder with message 'unimplemented'
06-06 14:41:33.031 1039 2614 D skia : --- Failed to create image decoder with message 'unimplemented'
06-06 14:41:33.032 1039 2616 D skia : --- Failed to create image decoder with message 'unimplemented'
06-06 14:41:33.032 1039 2615 D skia : --- Failed to create image decoder with message 'unimplemented'
06-06 14:41:33.032 1039 2614 D skia : --- Failed to create image decoder with message 'unimplemented'
06-06 14:41:33.032 1039 2616 D skia : --- Failed to create image decoder with message 'unimplemented'
06-06 14:41:33.032 1039 2614 D skia : --- Failed to create image decoder with message 'unimplemented'
06-06 14:41:33.033 1039 2616 D skia : --- Failed to create image decoder with message 'unimplemented'
06-06 14:41:33.033 1039 2614 D skia : --- Failed to create image decoder with message 'unimplemented'
06-06 14:41:33.033 1039 2616 D skia : --- Failed to create image decoder with message 'unimplemented'
06-06 14:41:33.034 1039 2617 D skia : --- Failed to create image decoder with message 'unimplemented'
06-06 14:41:33.035 1039 2617 D skia : --- Failed to create image decoder with message 'unimplemented'
06-06 14:41:33.035 1039 2617 D skia : --- Failed to create image decoder with message 'unimplemented'
06-06 14:41:33.036 1039 2617 D skia : --- Failed to create image decoder with message 'unimplemented'
06-06 14:41:33.037 1039 2616 D skia : --- Failed to create image decoder with message 'unimplemented'
06-06 14:41:33.119 479 529 D CompatibilityChangeReporter: Compat change id reported: 168419799; UID 10075; state: DISABLED
06-06 14:41:33.123 257 292 I gralloc : alloc buffer:W:1920 H:1080 S:1920 PL[1920 1080] SZ:8294400 fmt:1 if:0 af:1 usg:966 fg:00000004
06-06 14:41:33.202 479 529 W IorapForwardingService: No service published for: iorapd
06-06 14:41:33.404 315 2585 D XM_HIDREAD: poll ret=1, event=1
06-06 14:41:33.404 315 2585 D XM_HIDREAD: [9 bytes]:01 00 00 28 00 00 00 00 00
06-06 14:41:33.405 479 595 D TvWindowManager: key event key = KEYCODE_DPAD_CENTER down = true
06-06 14:41:33.411 285 445 W AudioFlinger: createTrack_l(): mismatch between requested flags (00000004) and output flags (00000002)
06-06 14:41:33.417 285 445 D AF::TrackHandle: OpPlayAudio: track:57 usage:1 not muted
06-06 14:41:33.420 479 595 D AudioTrack: createTrack_l(1768911460): AUDIO_OUTPUT_FLAG_FAST denied by server; frameCount 0 -> 6912
06-06 14:41:33.430 479 594 D GpioService: mFlickerEnable = true
06-06 14:41:33.551 315 2585 D XM_HIDREAD: poll ret=1, event=1
06-06 14:41:33.551 315 2585 D XM_HIDREAD: [9 bytes]:01 00 00 00 00 00 00 00 00
06-06 14:41:33.551 479 595 D TvWindowManager: key event key = KEYCODE_DPAD_CENTER down = false
06-06 14:41:33.555 479 594 D GpioService: mFlickerEnable = true
06-06 14:41:33.559 2239 2239 I SogouIME: onKeyDown: keyoCode=23
06-06 14:41:33.559 2239 2239 I DefaultIMS: onKeyDown: keyoCode=23
06-06 14:41:33.562 2239 2239 I SogouIME: onKeyUp: keyoCode=23
06-06 14:41:33.562 2239 2239 I DefaultIMS: onKeyUp: keyoCode=23
06-06 14:41:33.568 1039 2154 E ccc : cccccc SideHelper onMessage side_function_tag_pre_setting do
06-06 14:41:33.568 1039 2154 E ccc : cccccc doSetting uri is haqu://setting:8080/home
06-06 14:41:33.570 1039 2154 W ContextImpl: Calling a method in the system process without a qualified user: android.app.ContextImpl.startActivity:1055 android.content.ContextWrapper.startActivity:411 com.dangbei.etna.setting.function.side.SideHelper.doSetting:182 com.dangbei.etna.setting.function.side.SideHelper.onMessage:45 com.dangbei.etna.setting.ui.side.view.SideItemView$onClick$1$1.invokeSuspend:82
06-06 14:41:33.571 1039 2154 W ContextImpl: Calling a method in the system process without a qualified user: android.app.ContextImpl.startActivity:1067 android.app.ContextImpl.startActivity:1056 android.content.ContextWrapper.startActivity:411 com.dangbei.etna.setting.function.side.SideHelper.doSetting:182 com.dangbei.etna.setting.function.side.SideHelper.onMessage:45
06-06 14:41:33.573 285 444 W AudioFlinger: createTrack_l(): mismatch between requested flags (00000004) and output flags (00000002)
06-06 14:41:33.573 479 1372 I ActivityStarter: ---START u0 {dat=haqu://setting:8080/home flg=0x10000000 pkg=com.dangbei.haqusetting cmp=com.dangbei.haqusetting/.ui.HomeActivity} from uid 1000
06-06 14:41:33.576 285 444 D AF::TrackHandle: OpPlayAudio: track:58 usage:13 not muted
06-06 14:41:33.578 479 621 D AudioTrack: createTrack_l(0): AUDIO_OUTPUT_FLAG_FAST denied by server; frameCount 0 -> 147456
06-06 14:41:33.583 479 1372 W ActivityTaskManager: Can't find TaskDisplayArea to determine support for multi window. Task id=45 attached=false
06-06 14:41:33.588 479 1372 D CompatibilityChangeReporter: Compat change id reported: 174042980; UID 1000; state: DISABLED
06-06 14:41:33.593 263 263 I AW_PowerHAL: Power setMode: LAUNCH to: 1
06-06 14:41:33.603 1039 1039 E ccc : cccccc LifecycleFrameLayout onDetachedFromWindow
