06-06 13:42:47.999 2278 2590 I ConnectAuthJNI: [HKS] hks_rkc_init root key component init success
06-06 13:42:47.999 2278 2590 I ConnectAuthJNI: [HKS] hks_rkc_init RKC init:end,rc=0
06-06 13:42:47.999 2278 2590 I ConnectAuthJNI: [HKS] hks_service_key_info_init hks init : end
06-06 13:42:47.999 2278 2590 I ConnectAuthJNI: GetHiChainProtocolParamsCallback 371 GetHiChainProtocolParamsCallback operation_code= 99
06-06 13:42:47.999 2278 2590 I ConnectAuthJNI: paramLen is ,=0
06-06 13:42:47.999 2278 2590 I ConnectAuthJNI: paramLen is ,=0
06-06 13:42:47.999 2278 2590 I ConnectAuthJNI: GetHiChainProtocolParamsCallback 402 GetHiChainProtocolParamsCallback end
06-06 13:42:47.999 2278 2590 I ConnectAuthJNI: [HiChain] get_instance Get instance success
06-06 13:42:47.999 2278 2590 I ConnectAuthJNI: Java_com_huawei_hisight_security_ConnectAuthNative_nativeGetHiChainInstance 598 get instance success
06-06 13:42:47.999 2278 2590 D Hisight-HiChainAuthControl: destroyAuth
06-06 13:42:47.999 2278 2590 I ConnectAuthJNI: Java_com_huawei_hisight_security_ConnectAuthNative_nativeDestroy 603 destroy
06-06 13:42:47.999 2278 2590 D Hisight-HiChainAuthControl: setupAuthIfNeeded, HiChainInstance hasn't been initialized
06-06 13:42:47.999 2278 2590 I ConnectAuthJNI: Java_com_huawei_hisight_security_ConnectAuthNative_nativeSetup 795 call HiChainNativeSetup
06-06 13:42:47.999 2278 2590 I ConnectAuthJNI: HiChainNativeSetup 565 registe_log
06-06 13:42:47.999 2278 2590 I ConnectAuthJNI: HksStorageRegisterFileCallbacks 245 register hks file callback status =0
06-06 13:42:48.000 2278 2590 I ConnectAuthJNI: HksRegisterGetDeviceIdCallback 268 register hks get hardware udid callback status =0
06-06 13:42:48.000 2278 2590 D ConnectAuthJNI: [HiChain] get_instance Begin get instance
06-06 13:42:48.000 2278 2590 I ConnectAuthJNI: [HKS] hks_service_key_info_init hks init : begin
06-06 13:42:48.000 2278 2590 I ConnectAuthJNI: [HKS] hks_service_key_info_init hks init : end
06-06 13:42:48.000 2278 2590 I ConnectAuthJNI: GetHiChainProtocolParamsCallback 371 GetHiChainProtocolParamsCallback operation_code= 99
06-06 13:42:48.000 2278 2590 I ConnectAuthJNI: paramLen is ,=0
06-06 13:42:48.000 2278 2590 I ConnectAuthJNI: paramLen is ,=0
06-06 13:42:48.000 2278 2590 I ConnectAuthJNI: GetHiChainProtocolParamsCallback 402 GetHiChainProtocolParamsCallback end
06-06 13:42:48.000 2278 2590 I ConnectAuthJNI: [HiChain] get_instance Get instance success
06-06 13:42:48.000 2278 2590 I ConnectAuthJNI: Java_com_huawei_hisight_security_ConnectAuthNative_nativeGetHiChainInstance 598 get instance success
01-01 08:00:40.514 774 774 E sprdwl : sprdwl_rx_rsp_process ctx_id 0 recv rsp[WIFI_CMD_TX_DATA] status[SPRDWL_CMD_STATUS_ERROR]
06-06 13:42:48.000 2278 2590 W ConnectAuthJNI: GetListTrustPeers 899 trustPeerSize=0
06-06 13:42:48.000 2278 2590 D Hisight-HiChainAuthControl: destroyAuth
06-06 13:42:48.000 2278 2590 I ConnectAuthJNI: Java_com_huawei_hisight_security_ConnectAuthNative_nativeDestroy 603 destroy
06-06 13:42:48.000 2278 2590 D Hisight-HiChainAuthControl: setupAuthIfNeeded, HiChainInstance hasn't been initialized
06-06 13:42:48.000 2278 2590 I ConnectAuthJNI: Java_com_huawei_hisight_security_ConnectAuthNative_nativeSetup 795 call HiChainNativeSetup
06-06 13:42:48.000 2278 2590 I ConnectAuthJNI: HiChainNativeSetup 565 registe_log
06-06 13:42:48.000 2278 2590 I ConnectAuthJNI: HksStorageRegisterFileCallbacks 245 register hks file callback status =0
06-06 13:42:48.000 2278 2590 I ConnectAuthJNI: HksRegisterGetDeviceIdCallback 268 register hks get hardware udid callback status =0
06-06 13:42:48.000 2278 2590 D ConnectAuthJNI: [HiChain] get_instance Begin get instance
06-06 13:42:48.000 2278 2590 I ConnectAuthJNI: [HKS] hks_service_key_info_init hks init : begin
06-06 13:42:48.000 2278 2590 I ConnectAuthJNI: [HKS] hks_service_key_info_init hks init : end
06-06 13:42:48.000 2278 2590 I ConnectAuthJNI: GetHiChainProtocolParamsCallback 371 GetHiChainProtocolParamsCallback operation_code= 99
06-06 13:42:48.001 2278 2590 I ConnectAuthJNI: paramLen is ,=0
06-06 13:42:48.001 2278 2590 I ConnectAuthJNI: paramLen is ,=0
06-06 13:42:48.001 2278 2590 I ConnectAuthJNI: GetHiChainProtocolParamsCallback 402 GetHiChainProtocolParamsCallback end
06-06 13:42:48.001 2278 2590 I ConnectAuthJNI: [HiChain] get_instance Get instance success
06-06 13:42:48.001 2278 2590 I ConnectAuthJNI: Java_com_huawei_hisight_security_ConnectAuthNative_nativeGetHiChainInstance 598 get instance success
06-06 13:42:48.001 2278 2590 W ConnectAuthJNI: GetListTrustPeers 899 trustPeerSize=0
06-06 13:42:48.001 2278 2590 D Hisight-DeviceListManager: init trusted list size: 0
06-06 13:42:48.002 2278 2590 D HiSight-ConnectionManager: setAuthInfo, authMode: 1
01-01 08:00:40.531 774 774 E sprdwl : sprdwl_rx_rsp_process ctx_id 0 recv rsp[WIFI_CMD_TX_DATA] status[SPRDWL_CMD_STATUS_ERROR]
01-01 08:00:40.550 774 774 E sprdwl : sprdwl_rx_rsp_process ctx_id 0 recv rsp[WIFI_CMD_TX_DATA] status[SPRDWL_CMD_STATUS_ERROR]
06-06 13:42:48.367 478 752 W TelephonyPermissions: reportAccessDeniedToReadIdentifiers:com.dangbei.screencast:getSerial:-1
06-06 13:42:48.402 2591 2683 V NFC : this device does not have NFC support
06-06 13:42:48.410 478 521 W IorapForwardingService: No service published for: iorapd
06-06 13:42:48.429 2278 2387 E raop : JavaCallback init
01-01 08:00:41.108 1 1 I init : processing action (debug.launcher3.exit=1) from (/vendor/etc/init/init.scheduler.rc:1)
06-06 13:42:48.632 2278 2278 I pool-5-thread-1: type=1400 audit(0.0:1031): avc: denied { read } for name="td_database2SaaS" dev="mmcblk0p25" ino=2072 scontext=u:r:platform_app:s0:c512,c768 tcontext=u:object_r:app_data_file:s0:c512,c768 tclass=dir permissive=1 app=com.dangbei.screencast
06-06 13:42:48.632 2278 2278 I pool-5-thread-1: type=1400 audit(0.0:1032): avc: denied { open } for path="/data/user/0/com.dangbei.screencast/files/__database_reborn_January_one__/td_database2SaaS" dev="mmcblk0p25" ino=2072 scontext=u:r:platform_app:s0:c512,c768 tcontext=u:object_r:app_data_file:s0:c512,c768 tclass=dir permissive=1 app=com.dangbei.screencast
01-01 08:00:41.312 774 774 E sprdwl : sprdwl_rx_rsp_process ctx_id 0 recv rsp[WIFI_CMD_TX_DATA] status[SPRDWL_CMD_STATUS_ERROR]
01-01 08:00:41.330 774 774 E sprdwl : sprdwl_rx_rsp_process ctx_id 0 recv rsp[WIFI_CMD_TX_DATA] status[SPRDWL_CMD_STATUS_ERROR]
01-01 08:00:41.356 774 774 E sprdwl : sprdwl_rx_rsp_process ctx_id 0 recv rsp[WIFI_CMD_TX_DATA] status[SPRDWL_CMD_STATUS_ERROR]
01-01 08:00:41.379 774 774 E sprdwl : sprdwl_rx_rsp_process ctx_id 0 recv rsp[WIFI_CMD_TX_DATA] status[SPRDWL_CMD_STATUS_ERROR]
01-01 08:00:41.395 774 774 E sprdwl : sprdwl_rx_rsp_process ctx_id 0 recv rsp[WIFI_CMD_TX_DATA] status[SPRDWL_CMD_STATUS_ERROR]
01-01 08:00:41.415 774 774 E sprdwl : sprdwl_rx_rsp_process ctx_id 0 recv rsp[WIFI_CMD_TX_DATA] status[SPRDWL_CMD_STATUS_ERROR]
01-01 08:00:41.441 774 774 E sprdwl : sprdwl_rx_rsp_process ctx_id 0 recv rsp[WIFI_CMD_TX_DATA] status[SPRDWL_CMD_STATUS_ERROR]
06-06 13:42:49.326 262 288 I gralloc : alloc buffer:W:662 H:392 S:672 PL[662 392] SZ:1053696 fmt:1 if:0 af:1 usg:966 fg:00000004
06-06 13:42:49.339 478 603 W InputManager-JNI: Input channel object '3302482 com.dangbei.leard.leradlauncher (client)' was disposed without first being removed with the input manager!
06-06 13:42:49.379 2034 2034 I DefaultIMS: onStartInput attribute=android.view.inputmethod.EditorInfo@4449da3 restarting=false inputType: 0
06-06 13:42:49.413 478 521 W IorapForwardingService: No service published for: iorapd
06-06 13:42:49.619 2591 2600 I awei.connectio: Background young concurrent copying GC freed 79473(6075KB) AllocSpace objects, 25(500KB) LOS objects, 85% free, 4097KB/28MB, paused 185us total 111.298ms
01-01 08:00:42.340 774 774 E sprdwl : sprdwl_rx_rsp_process ctx_id 0 recv rsp[WIFI_CMD_TX_DATA] status[SPRDWL_CMD_STATUS_ERROR]
01-01 08:00:42.369 774 774 E sprdwl : sprdwl_rx_rsp_process ctx_id 0 recv rsp[WIFI_CMD_TX_DATA] status[SPRDWL_CMD_STATUS_ERROR]
01-01 08:00:42.397 774 774 E sprdwl : sprdwl_rx_rsp_process ctx_id 0 recv rsp[WIFI_CMD_TX_DATA] status[SPRDWL_CMD_STATUS_ERROR]
06-06 13:42:49.908 478 478 W NotificationHistory: Attempted to add notif for locked/gone/disabled user 0
06-06 13:42:49.912 679 679 V TvNotificationHandler: Notification not added because it isn't relevant for tv
01-01 08:00:42.428 774 774 E sprdwl : sprdwl_rx_rsp_process ctx_id 0 recv rsp[WIFI_CMD_TX_DATA] status[SPRDWL_CMD_STATUS_ERROR]
01-01 08:00:42.456 774 774 E sprdwl : sprdwl_rx_rsp_process ctx_id 0 recv rsp[WIFI_CMD_TX_DATA] status[SPRDWL_CMD_STATUS_ERROR]
06-06 13:42:50.161 656 656 E WifiHAL : wifi_get_link_stats: requestResponse Error:-5
06-06 13:42:50.163 478 610 E WifiVendorHal: getWifiLinkLayerStats_1_5_Internal(l.1191) failed {.code = ERROR_INVALID_ARGS, .description = }
06-06 13:42:50.197 2157 2194 D UtilLog : 日志批量上报 进行正常循环 !!!!!!本次有0次请求,共0条数据
06-06 13:42:50.415 478 521 W IorapForwardingService: No service published for: iorapd
06-06 13:42:50.481 2278 2704 I PlatformDependent: Your platform does not provide complete low-level API for accessing direct buffers reliably. Unless explicitly requested, heap buffer will always be preferred to avoid potential system instability.
06-06 13:42:50.507 2278 2387 W VideoCapabilities: Unrecognized profile/level 0/3 for video/mpeg2
06-06 13:42:50.527 478 620 D NsdService: Register service
06-06 13:42:50.528 478 620 D NsdService: registerService: 4 name: 当贝投屏D8, type: _airplay._tcp, host: null, port: 43599, txtRecord: srcvers=220.68features=0x527FFFF7,0x1E'pi=2e388006-13ba-4041-9a67-25dd4a43d536Cpk=b07727d6f6cd6e08b58ede525ec3cdeaa252ad9f683feb212ef8a205246554e7vv=2 flags=0x4model=AppleTV2,1deviceid=b4:2f:03:15:e9:b5
06-06 13:42:50.528 478 620 D NsdService: mdnssd [register, 4, 当贝投屏D8, _airplay._tcp, 43599, DnNyY3ZlcnM9MjIwLjY4GGZlYXR1cmVzPTB4NTI3RkZGRjcsMHgxRSdwaT0yZTM4ODAwNi0xM2JhLTQwNDEtOWE2Ny0yNWRkNGE0M2Q1MzZDcGs9YjA3NzI3ZDZmNmNkNmUwOGI1OGVkZTUyNWVjM2NkZWFhMjUyYWQ5ZjY4M2ZlYjIxMmVmOGEyMDUyNDY1NTRlNwR2dj0yCWZsYWdzPTB4NBBtb2RlbD1BcHBsZVRWMiwxGmRldmljZWlkPWI0OjJmOjAzOjE1OmU5OmI1]
06-06 13:42:50.528 2157 2230 D UtilLog : 日志批量上报 进行正常循环 !!!!!!本次有0次请求,共0条数据
06-06 13:42:50.530 478 620 D NsdService: Register 2 4
06-06 13:42:50.539 478 620 D NsdService: Register service
06-06 13:42:50.539 478 620 D NsdService: registerService: 5 name: b42f0315e9b5@当贝投屏D8, type: _raop._tcp, host: null, port: 34775, txtRecord: txtvers=1 am=AppleTV2,1ch=2
06-06 13:42:50.539 478 620 D NsdService: cn=0,1,2,3da=trueet=0,3,5ft=0x527FFFF7,0x1Emd=0,1,2Cpk=b07727d6f6cd6e08b58ede525ec3cdeaa252ad9f683feb212ef8a205246554e7pw=falsesf=0x4sr=44100ss=16sv=falsetp=UDPvn=65537 vs=220.68vv=2 rhd=5.6.0.0
06-06 13:42:50.539 478 620 D NsdService: mdnssd [register, 5, b42f0315e9b5@当贝投屏D8, _raop._tcp, 34775, CXR4dHZlcnM9MQ1hbT1BcHBsZVRWMiwxBGNoPTIKY249MCwxLDIsMwdkYT10cnVlCGV0PTAsMyw1EmZ0PTB4NTI3RkZGRjcsMHgxRQhtZD0wLDEsMkNwaz1iMDc3MjdkNmY2Y2Q2ZTA4YjU4ZWRlNTI1ZWMzY2RlYWEyNTJhZDlmNjgzZmViMjEyZWY4YTIwNTI0NjU1NGU3CHB3PWZhbHNlBnNmPTB4NAhzcj00NDEwMAVzcz0xNghzdj1mYWxzZQZ0cD1VRFAIdm49NjU1MzcJdnM9MjIwLjY4BHZ2PTILcmhkPTUuNi4wLjA=]
06-06 13:42:50.540 478 620 D NsdService: Register 3 5
06-06 13:42:50.985 478 620 D NsdService: Register service
06-06 13:42:50.985 478 620 D NsdService: registerService: 6 name: 当贝投屏D8, type: _db_cast_screen._tcp, host: null, port: 42125, txtRecord: au=1cV=20830mV=100h265=0maxR=4096-3152model=DBBOX-A2deviceid=20:02:FE:19:C1:F9
06-06 13:42:50.985 478 620 D NsdService: mdnssd [register, 6, 当贝投屏D8, _db_cast_screen._tcp, 42125, BGF1PTEIY1Y9MjA4MzAGbVY9MTAwBmgyNjU9MA5tYXhSPTQwOTYtMzE1Mg5tb2RlbD1EQkJPWC1BMhpkZXZpY2VpZD0yMDowMjpGRToxOTpDMTpGOQ==]
06-06 13:42:50.987 478 620 D NsdService: Register 4 6
06-06 13:42:51.036 478 755 D SntpClient: request time failed: java.net.SocketTimeoutException: Poll timed out
06-06 13:42:51.100 2278 2278 I queued-work-loo: type=1400 audit(0.0:1033): avc: denied { remove_name } for name="screencast.xml" dev="mmcblk0p25" ino=3549 scontext=u:r:platform_app:s0:c512,c768 tcontext=u:object_r:app_data_file:s0:c512,c768 tclass=dir permissive=1 app=com.dangbei.screencast
06-06 13:42:51.100 2278 2278 I queued-work-loo: type=1400 audit(0.0:1034): avc: denied { rename } for name="screencast.xml" dev="mmcblk0p25" ino=3549 scontext=u:r:platform_app:s0:c512,c768 tcontext=u:object_r:app_data_file:s0:c512,c768 tclass=file permissive=1 app=com.dangbei.screencast
06-06 13:42:51.104 2278 2278 I queued-work-loo: type=1400 audit(0.0:1035): avc: denied { setattr } for name="screencast.xml" dev="mmcblk0p25" ino=3651 scontext=u:r:platform_app:s0:c512,c768 tcontext=u:object_r:app_data_file:s0:c512,c768 tclass=file permissive=1 app=com.dangbei.screencast
06-06 13:42:51.108 2278 2278 I queued-work-loo: type=1400 audit(0.0:1036): avc: denied { unlink } for name="screencast.xml.bak" dev="mmcblk0p25" ino=3549 scontext=u:r:platform_app:s0:c512,c768 tcontext=u:object_r:app_data_file:s0:c512,c768 tclass=file permissive=1 app=com.dangbei.screencast
06-06 13:42:51.247 478 620 D NsdService: Native daemon message SERVICE_REGISTERED: 606 5 "b42f0315e9b5@当贝投屏D8"
06-06 13:42:51.248 478 620 D NsdService: Native daemon message SERVICE_REGISTERED: 606 4 "当贝投屏D8"
06-06 13:42:51.418 478 521 W IorapForwardingService: No service published for: iorapd
06-06 13:42:51.432 2709 2709 I Thread-2: type=1400 audit(0.0:1037): avc: denied { execute } for name="am" dev="dm-1" ino=1160 scontext=u:r:system_app:s0 tcontext=u:object_r:vendor_file:s0 tclass=file permissive=1
06-06 13:42:51.432 2709 2709 I Thread-2: type=1400 audit(0.0:1038): avc: denied { read open } for path="/vendor/xbin/am" dev="dm-1" ino=1160 scontext=u:r:system_app:s0 tcontext=u:object_r:vendor_file:s0 tclass=file permissive=1
06-06 13:42:51.432 2709 2709 I Thread-2: type=1400 audit(0.0:1039): avc: denied { execute_no_trans } for path="/vendor/xbin/am" dev="dm-1" ino=1160 scontext=u:r:system_app:s0 tcontext=u:object_r:vendor_file:s0 tclass=file permissive=1
06-06 13:42:51.456 2278 2425 E accept : myIp:10.192.35.42
06-06 13:42:51.466 2278 2425 E accept : connect error
06-06 13:42:51.472 2278 2425 I UpnpServiceImpl: >>> Starting UPnP service...
06-06 13:42:51.473 2278 2425 I UpnpServiceImpl: Using configuration: org.fourthline.cling.android.AndroidUpnpServiceConfiguration
06-06 13:42:51.477 2278 2425 I Router : Creating Router: org.fourthline.cling.android.AndroidRouter
06-06 13:42:51.480 2278 2425 W Router : enable lock:org.fourthline.cling.android.AndroidRouter@285a4bc_java.util.concurrent.locks.ReentrantReadWriteLock$WriteLock@809c45[Unlocked]
06-06 13:42:51.498 2278 2425 W tworkAddressFactoryImpl: Network interface may not be multicast capable: dummy0
06-06 13:42:51.503 1128 1128 D aaa : LedStatusService onStartCommand begin
06-06 13:42:51.503 2278 2425 I MulticastReceiver: Creating wildcard socket (for receiving multicast datagrams) on port: 1900
06-06 13:42:51.504 2278 2425 I MulticastReceiver: Joining multicast group: /239.255.255.250:1900 on network interface: wlan0
06-06 13:42:51.505 1177 1177 D bbb : onStartCommand begin !!!!!!! data分区剩余 24983MB
06-06 13:42:51.528 1128 2720 D aaa : topPkg is -------------- :com.dangbei.leard.leradlauncher
06-06 13:42:51.537 1128 2720 D aaa : WiFi is connect
06-06 13:42:51.550 2278 2425 E accept : Adding connector try: 10.192.35.42/10.192.35.42:43375
06-06 13:42:51.554 2278 2425 E accept : Adding connector result: 10.192.35.42/10.192.35.42:43375
06-06 13:42:51.663 2278 2425 I JettyServletContainer: Registering UPnP servlet under context path: /upnp
06-06 13:42:51.667 2278 2425 I DatagramIO: Creating bound socket (for datagram input/output) on: 10.192.35.42/10.192.35.42
06-06 13:42:51.668 2278 2722 E JettyServletContainer: gogogo
06-06 13:42:51.668 2278 2722 I JettyServletContainer: Starting Jetty server...
06-06 13:42:51.670 2278 2722 W System.err: 2025-06-06 13:42:51.669:INFO:lcaf.p:jetty-8.y.z-SNAPSHOT
06-06 13:42:51.673 2278 2425 I Router : WiFi multicast lock acquired
06-06 13:42:51.674 478 813 I WifiService: acquireMulticastLock uid=10022
06-06 13:42:51.676 2278 2425 I Router : WiFi lock acquired
06-06 13:42:51.677 478 813 I WifiService: acquireWifiLock uid=10022 lockMode=3
06-06 13:42:51.681 2278 2425 W Router : enable unlock:org.fourthline.cling.android.AndroidRouter@285a4bc
06-06 13:42:51.682 2278 2425 I UpnpServiceImpl: <<< UPnP service started successfully
06-06 13:42:51.724 2278 2722 W System.err: 2025-06-06 13:42:51.723:INFO:lcaf.a:Started @10.192.35.42:43375
06-06 13:42:51.762 2278 2425 E g : channel :os
06-06 13:42:51.819 478 620 D NsdService: Native daemon message SERVICE_REGISTERED: 606 6 "当贝投屏D8"
06-06 13:42:52.164 2278 2278 I efs-base: type=1400 audit(0.0:1040): avc: denied { rmdir } for name="2290" dev="mmcblk0p25" ino=3517 scontext=u:r:platform_app:s0:c512,c768 tcontext=u:object_r:app_data_file:s0:c512,c768 tclass=dir permissive=1 app=com.dangbei.screencast
06-06 13:42:52.173 2278 2415 I efs.base: lt=event`ev_ct=efs_core`ev_ac=log_lag`tm=2025-06-06 13:42:17`dn=798f4b1a-32e1-4c19-aa8a-1925ec2e952c`ps=com.dangbei.screencast`um_os=android`stime=1749188561507`pid=2278`fr=android`pkg=com.dangbei.screencast`vcode=20830`dsp_w=1920`uid=798f4b1a-32e1-4c19-aa8a-1925ec2e952c`rom=12`wid=798f4b1a-32e1-4c19-aa8a-1925ec2e952c`um_app_carrier=`um_access=wifi`um_app_channel=os`um_crash_sdk_version=1.4.0`ctime=1749188572`model=dbbox-a2`lang=zh`net=wifi`brand=dangbei`dsp_h=1080`um_network_type=0`ver=v2.8.3`cnt=1`build_model=DBBOX-A2`w_tm=1749188572`appid=5fc60c21094d637f3130af19`um_umid_header=aifbce3a738f99956e68fc7ef05f44e401`sdk=31`tzone=Asia/Shanghai`sdk_ver=1.3.6.umeng
06-06 13:42:52.278 478 478 W NotificationHistory: Attempted to add notif for locked/gone/disabled user 0
06-06 13:42:52.281 679 679 V TvNotificationHandler: Notification not added because it isn't relevant for tv
06-06 13:42:52.337 2278 2400 I efs.base: wa upload succ, HttpResponse {succ=true, code=200, data='暂不支持该服务', extra={req_url=https://errlog.umeng.com/api/crashsdk/logcollect}}
06-06 13:42:52.358 269 282 D hdmi-cec: receive invalid cec message!
06-06 13:42:52.358 269 282 D hdmi-cec: receive poll message [04], skip!
06-06 13:42:52.420 478 521 W IorapForwardingService: No service published for: iorapd
01-01 08:00:45.081 388 388 W hdr10p_Configure: 105 callbacks suppressed
01-01 08:00:45.081 388 388 I : DVI mode selected: packets not configured
01-01 08:00:45.081 388 388 W set_vsif_config: 105 callbacks suppressed
01-01 08:00:45.081 388 388 I : Error: set vsif failed
01-01 08:00:45.099 388 388 I : DVI mode selected: packets not configured
01-01 08:00:45.099 388 388 I : Error: set vsif failed
01-01 08:00:45.115 388 388 I : DVI mode selected: packets not configured
01-01 08:00:45.115 388 388 I : Error: set vsif failed
01-01 08:00:45.131 388 388 I : DVI mode selected: packets not configured
01-01 08:00:45.131 388 388 I : Error: set vsif failed
01-01 08:00:45.147 388 388 I : DVI mode selected: packets not configured
01-01 08:00:45.147 388 388 I : Error: set vsif failed
01-01 08:00:45.164 388 388 I : DVI mode selected: packets not configured
01-01 08:00:45.164 388 388 I : Error: set vsif failed
01-01 08:00:45.180 388 388 I : DVI mode selected: packets not configured
01-01 08:00:45.180 388 388 I : Error: set vsif failed
01-01 08:00:45.198 388 388 I : DVI mode selected: packets not configured
01-01 08:00:45.198 388 388 I : Error: set vsif failed
01-01 08:00:45.214 388 388 I : DVI mode selected: packets not configured
01-01 08:00:45.214 388 388 I : Error: set vsif failed
01-01 08:00:45.231 388 388 I : DVI mode selected: packets not configured
01-01 08:00:45.231 388 388 I : Error: set vsif failed
06-06 13:42:53.177 656 656 E WifiHAL : wifi_get_link_stats: requestResponse Error:-5
06-06 13:42:53.178 478 610 E WifiVendorHal: getWifiLinkLayerStats_1_5_Internal(l.1191) failed {.code = ERROR_INVALID_ARGS, .description = }
06-06 13:42:53.423 478 521 W IorapForwardingService: No service published for: iorapd
06-06 13:42:54.399 478 521 D CompatibilityChangeReporter: Compat change id reported: 168419799; UID 10075; state: DISABLED
06-06 13:42:54.423 478 521 W IorapForwardingService: No service published for: iorapd
06-06 13:42:55.426 478 521 W IorapForwardingService: No service published for: iorapd
06-06 13:42:55.948 1878 1878 I rainbow_flow: type=1400 audit(0.0:1041): avc: denied { ioctl } for path="/dev/spidev1.0" dev="tmpfs" ino=208 ioctlcmd=0x6b00 scontext=u:r:init:s0 tcontext=u:object_r:device:s0 tclass=chr_file permissive=1
06-06 13:42:56.042 478 755 D SntpClient: request time failed: java.net.SocketTimeoutException: Poll timed out
06-06 13:42:56.043 478 755 D SntpClient: request time failed
06-06 13:42:56.189 656 656 E WifiHAL : wifi_get_link_stats: requestResponse Error:-5
06-06 13:42:56.190 478 610 E WifiVendorHal: getWifiLinkLayerStats_1_5_Internal(l.1191) failed {.code = ERROR_INVALID_ARGS, .description = }
06-06 13:42:56.429 478 521 W IorapForwardingService: No service published for: iorapd
06-06 13:42:56.877 2278 2354 I crashsdk: crashsdk uploading logs
06-06 13:42:57.430 478 521 W IorapForwardingService: No service published for: iorapd
06-06 13:42:58.433 478 521 W IorapForwardingService: No service published for: iorapd
06-06 13:42:58.479 211 227 I keystore2: keystore2::watchdog: Watchdog thread idle -> terminating. Have a great day.
01-01 08:00:51.098 388 388 W hdr10p_Configure: 64 callbacks suppressed
01-01 08:00:51.098 388 388 I : DVI mode selected: packets not configured
01-01 08:00:51.098 388 388 W set_vsif_config: 64 callbacks suppressed
01-01 08:00:51.098 388 388 I : Error: set vsif failed
01-01 08:00:51.116 388 388 I : DVI mode selected: packets not configured
01-01 08:00:51.116 388 388 I : Error: set vsif failed
06-06 13:42:58.591 478 1000 W ZramWriteback: Writeback device is not set
06-06 13:42:58.591 478 1000 D ZramWriteback: wait to flush
01-01 08:00:51.132 388 388 I : DVI mode selected: packets not configured
01-01 08:00:51.132 388 388 I : Error: set vsif failed
01-01 08:00:51.148 388 388 I : DVI mode selected: packets not configured
01-01 08:00:51.148 388 388 I : Error: set vsif failed
01-01 08:00:51.166 388 388 I : DVI mode selected: packets not configured
01-01 08:00:51.166 388 388 I : Error: set vsif failed
01-01 08:00:51.182 388 388 I : DVI mode selected: packets not configured
01-01 08:00:51.182 388 388 I : Error: set vsif failed
01-01 08:00:51.197 388 388 I : DVI mode selected: packets not configured
01-01 08:00:51.197 388 388 I : Error: set vsif failed
01-01 08:00:51.213 388 388 I : DVI mode selected: packets not configured
01-01 08:00:51.213 388 388 I : Error: set vsif failed
01-01 08:00:51.231 388 388 I : DVI mode selected: packets not configured
01-01 08:00:51.231 388 388 I : Error: set vsif failed
01-01 08:00:51.247 388 388 I : DVI mode selected: packets not configured
01-01 08:00:51.247 388 388 I : Error: set vsif failed
06-06 13:42:59.206 656 656 E WifiHAL : wifi_get_link_stats: requestResponse Error:-5
06-06 13:42:59.207 478 610 E WifiVendorHal: getWifiLinkLayerStats_1_5_Internal(l.1191) failed {.code = ERROR_INVALID_ARGS, .description = }
06-06 13:42:59.435 478 521 W IorapForwardingService: No service published for: iorapd
06-06 13:42:59.544 1128 1128 D aaa : LedStatusService onStartCommand begin
06-06 13:42:59.546 1128 2755 D aaa : topPkg is -------------- :com.dangbei.leard.leradlauncher
06-06 13:42:59.547 1177 1177 D bbb : onStartCommand begin !!!!!!! data分区剩余 24983MB
06-06 13:42:59.552 1128 2755 D aaa : WiFi is connect
06-06 13:43:00.437 478 521 W IorapForwardingService: No service published for: iorapd
06-06 13:43:00.525 2157 2230 D UtilLog : 日志批量上报 进行正常循环 !!!!!!本次有0次请求,共0条数据
06-06 13:43:01.066 478 755 D SntpClient: request time failed: java.net.SocketTimeoutException: Poll timed out
06-06 13:43:01.121 478 606 W BestClock: java.time.DateTimeException: Missing NTP fix
06-06 13:43:01.121 478 592 D CompatibilityChangeReporter: Compat change id reported: 168419799; UID 10023; state: DISABLED
06-06 13:43:01.126 1872 2756 D EpgDataCleanupService: Received intent: Intent { act=com.android.providers.tv.intent.CLEAN_UP_EPG_DATA cmp=com.android.providers.tv/.EpgDataCleanupService }
06-06 13:43:01.127 478 610 E WifiHealthMonitor: Hit PackageManager exception
06-06 13:43:01.127 478 610 E WifiHealthMonitor: android.content.pm.PackageManager$NameNotFoundException: No module info for package: com.android.wifi
06-06 13:43:01.127 478 610 E WifiHealthMonitor: at android.app.ApplicationPackageManager.getModuleInfo(ApplicationPackageManager.java:1079)
06-06 13:43:01.127 478 610 E WifiHealthMonitor: at com.android.server.wifi.WifiHealthMonitor.getWifiStackVersion(WifiHealthMonitor.java:366)
06-06 13:43:01.127 478 610 E WifiHealthMonitor: at com.android.server.wifi.WifiHealthMonitor.extractCurrentSoftwareBuildInfo(WifiHealthMonitor.java:587)
06-06 13:43:01.127 478 610 E WifiHealthMonitor: at com.android.server.wifi.WifiHealthMonitor.postBootSwBuildCheck(WifiHealthMonitor.java:522)
06-06 13:43:01.127 478 610 E WifiHealthMonitor: at com.android.server.wifi.WifiHealthMonitor.postBootDetectionHandler(WifiHealthMonitor.java:513)
06-06 13:43:01.127 478 610 E WifiHealthMonitor: at com.android.server.wifi.WifiHealthMonitor.access$500(WifiHealthMonitor.java:71)
06-06 13:43:01.127 478 610 E WifiHealthMonitor: at com.android.server.wifi.WifiHealthMonitor$2.onAlarm(WifiHealthMonitor.java:190)
06-06 13:43:01.127 478 610 E WifiHealthMonitor: at android.app.AlarmManager$ListenerWrapper.run(AlarmManager.java:323)
06-06 13:43:01.127 478 610 E WifiHealthMonitor: at android.os.Handler.handleCallback(Handler.java:938)
06-06 13:43:01.127 478 610 E WifiHealthMonitor: at android.os.Handler.dispatchMessage(Handler.java:99)
06-06 13:43:01.127 478 610 E WifiHealthMonitor: at android.os.Looper.loopOnce(Looper.java:201)
06-06 13:43:01.127 478 610 E WifiHealthMonitor: at android.os.Looper.loop(Looper.java:288)
06-06 13:43:01.127 478 610 E WifiHealthMonitor: at android.os.HandlerThread.run(HandlerThread.java:67)
06-06 13:43:01.132 656 656 E WifiHAL : wifi_get_driver_version: Error -5 happened.
06-06 13:43:01.132 656 656 E android.hardware.wifi@1.0-service-lazy: Failed to get driver version: INVALID_ARGS
06-06 13:43:01.134 478 610 E WifiVendorHal: requestChipDebugInfo(l.2167) failed {.code = ERROR_INVALID_ARGS, .description = failed to get driver version}
06-06 13:43:01.134 478 610 I WifiVendorHal: Driver: null Firmware: null
06-06 13:43:01.135 656 656 E WifiHAL : wifi_get_driver_version: Error -5 happened.
06-06 13:43:01.136 656 656 E android.hardware.wifi@1.0-service-lazy: Failed to get driver version: INVALID_ARGS
06-06 13:43:01.138 478 610 E WifiVendorHal: requestChipDebugInfo(l.2167) failed {.code = ERROR_INVALID_ARGS, .description = failed to get driver version}
06-06 13:43:01.138 478 610 I WifiVendorHal: Driver: null Firmware: null
06-06 13:43:01.168 478 606 W BestClock: java.time.DateTimeException: Missing NTP fix
06-06 13:43:01.168 248 248 I Binder:248_3: type=1400 audit(0.0:1042): avc: denied { add_name } for name="globalAlert" scontext=u:r:netd:s0 tcontext=u:object_r:proc_net:s0 tclass=dir permissive=1
06-06 13:43:01.168 248 248 I Binder:248_3: type=1400 audit(0.0:1043): avc: denied { create } for name="globalAlert" scontext=u:r:netd:s0 tcontext=u:object_r:proc_net:s0 tclass=file permissive=1
06-06 13:43:01.177 478 607 W BestClock: java.time.DateTimeException: Missing NTP fix
06-06 13:43:01.178 478 607 W BestClock: java.time.DateTimeException: Missing NTP fix
06-06 13:43:01.270 478 755 D SntpClient: round trip: 200ms, clock offset: 7778588ms
06-06 13:43:01.276 478 519 D AlarmManagerService: Setting time of day to sec=1749196359
06-06 15:52:39.912 478 592 E LazyAlarmStore: Removed TIME_TICK alarm
06-06 15:52:39.917 478 532 I DropBoxManagerService: add tag=system_server_wtf isTagEnabled=true flags=0x2
06-06 15:52:39.925 478 532 I ActivityManager: Killing 1408:com.android.localtransport/1000 (adj 985): empty #17
06-06 15:52:39.927 478 532 I ActivityManager: Killing 1218:android.process.acore/u0a18 (adj 995): empty #18
06-06 15:52:39.961 478 478 I JobScheduler: RTC now valid; recalculating persisted job windows
06-06 15:52:39.962 249 249 I Zygote : Process 1408 exited due to signal 9 (Killed)
06-06 15:52:39.972 478 534 I libprocessgroup: Successfully killed process cgroup uid 1000 pid 1408 in 46ms
06-06 15:52:39.973 478 534 I libprocessgroup: Successfully killed process cgroup uid 10018 pid 1218 in 0ms
06-06 15:52:39.974 478 532 D CompatibilityChangeReporter: Compat change id reported: 168419799; UID 10027; state: DISABLED
06-06 15:52:39.979 478 752 D CountryDetector: No listener is left
06-06 15:52:39.983 1177 1177 D bbb : onStartCommand begin !!!!!!! data分区剩余 24983MB
06-06 15:52:39.989 249 249 I Zygote : Process 1218 exited due to signal 9 (Killed)
06-06 15:52:39.999 478 478 W SyncManager: Clock is valid now.
06-06 15:52:39.999 478 478 D ConditionProviders.SCP: onReceive android.intent.action.TIME_SET
06-06 15:52:40.024 478 478 D ConditionProviders.SCP: evaluateSubscriptionLocked cal=ScheduleCalendar[mDays={1, 2, 3, 4, 5, 6, 7}, mSchedule=ScheduleInfo{days=[1, 2, 3, 4, 5, 6, 7], startHour=22, startMinute=0, endHour=7, endMinute=0, exitAtAlarm=true, nextAlarm=Thu Jan 01 08:00:00 GMT+08:00 1970 (0)}], now=Fri Jun 06 15:52:39 GMT+08:00 2025 (1749196359999), nextUserAlarmTime=Thu Jan 01 08:00:00 GMT+08:00 1970 (0)
06-06 15:52:40.024 478 623 D CompatibilityChangeReporter: Compat change id reported: 143231523; UID 1000; state: DISABLED
06-06 15:52:40.026 478 478 D ConditionProviders.SCP: notifyCondition condition://android/schedule?days=1.2.3.4.5.6.7&start=22.0&end=7.0&exitAtAlarm=true STATE_FALSE reason=!meetsSchedule
06-06 15:52:40.026 478 521 W IorapForwardingService: No service published for: iorapd
06-06 15:52:40.027 478 478 D ConditionProviders.SCP: Scheduling evaluate for Fri Jun 06 22:00:00 GMT+08:00 2025 (1749218400000), in +6h7m20s1ms, now=Fri Jun 06 15:52:39 GMT+08:00 2025 (1749196359999)
06-06 15:52:40.136 478 2757 D WifiNl80211Manager: Scan result ready event
06-06 15:52:40.136 478 2757 D WifiNative: Scan result ready event
06-06 15:52:40.148 478 531 I UsageStatsService: User[0] Time changed in by 7778 seconds
06-06 15:52:40.148 478 531 I UsageStatsService: User[0] Flushing usage stats to disk
06-06 15:52:40.180 478 614 W IE_Capabilities: Unknown RSN cipher suite: 6ac0f00
06-06 15:52:40.182 478 531 I UsageStatsDatabase: Time changed by +2h9m38s587ms. files deleted: 0 files moved: 4
06-06 15:52:40.184 478 614 W IE_Capabilities: Unknown RSN cipher suite: 6ac0f00
06-06 15:52:40.194 478 614 W IE_Capabilities: Unknown RSN cipher suite: 6ac0f00
06-06 15:52:40.195 478 531 I UsageStatsService: User[0] Rollover scheduled @ 2025-06-07 15:52:07(1749282727820)
06-06 15:52:40.205 478 614 W IE_Capabilities: Unknown RSN cipher suite: 6ac0f00
06-06 15:52:40.209 478 614 W IE_Capabilities: Unknown RSN cipher suite: 6ac0f00
06-06 15:52:40.211 478 614 W IE_Capabilities: Unknown RSN cipher suite: 6ac0f00
06-06 15:52:40.238 656 656 E WifiHAL : wifi_get_link_stats: requestResponse Error:-5
06-06 15:52:40.239 478 610 E WifiVendorHal: getWifiLinkLayerStats_1_5_Internal(l.1191) failed {.code = ERROR_INVALID_ARGS, .description = }
06-06 15:52:40.263 478 495 I system_server: Background young concurrent copying GC freed 157589(8851KB) AllocSpace objects, 111(2892KB) LOS objects, 46% free, 12MB/23MB, paused 431us total 228.215ms
06-06 15:52:40.783 2278 2278 I cling--ap-2: type=1400 audit(0.0:1044): avc: denied { read } for name="address" dev="sysfs" ino=26267 scontext=u:r:platform_app:s0:c512,c768 tcontext=u:object_r:sysfs:s0 tclass=file permissive=1 app=com.dangbei.screencast
06-06 15:52:40.783 2278 2278 I cling--ap-2: type=1400 audit(0.0:1045): avc: denied { open } for path="/sys/devices/platform/unisoc_wifi/net/wlan1/address" dev="sysfs" ino=26267 scontext=u:r:platform_app:s0:c512,c768 tcontext=u:object_r:sysfs:s0 tclass=file permissive=1 app=com.dangbei.screencast
06-06 15:52:40.783 2278 2278 I cling--ap-2: type=1400 audit(0.0:1046): avc: denied { getattr } for path="/sys/devices/platform/unisoc_wifi/net/wlan1/address" dev="sysfs" ino=26267 scontext=u:r:platform_app:s0:c512,c768 tcontext=u:object_r:sysfs:s0 tclass=file permissive=1 app=com.dangbei.screencast
06-06 15:52:40.807 656 656 E WifiHAL : wifi_get_link_stats: requestResponse Error:-5
06-06 15:52:40.808 478 610 E WifiVendorHal: getWifiLinkLayerStats_1_5_Internal(l.1191) failed {.code = ERROR_INVALID_ARGS, .description = }
06-06 15:52:41.028 478 521 W IorapForwardingService: No service published for: iorapd
06-06 15:52:41.579 1952 2005 E ServerInterface: Server timed out
06-06 15:52:41.579 1952 2005 E ServerInterface: java.net.SocketTimeoutException: failed to connect to remoteprovisioning.googleapis.com/142.251.33.74 (port 443) from /10.192.35.42 (port 44736) after 5000ms
06-06 15:52:41.579 1952 2005 E ServerInterface: at libcore.io.IoBridge.connectErrno(IoBridge.java:236)
06-06 15:52:41.579 1952 2005 E ServerInterface: at libcore.io.IoBridge.connect(IoBridge.java:180)
06-06 15:52:41.579 1952 2005 E ServerInterface: at java.net.PlainSocketImpl.socketConnect(PlainSocketImpl.java:142)
06-06 15:52:41.579 1952 2005 E ServerInterface: at java.net.AbstractPlainSocketImpl.doConnect(AbstractPlainSocketImpl.java:390)
06-06 15:52:41.579 1952 2005 E ServerInterface: at java.net.AbstractPlainSocketImpl.connectToAddress(AbstractPlainSocketImpl.java:230)
06-06 15:52:41.579 1952 2005 E ServerInterface: at java.net.AbstractPlainSocketImpl.connect(AbstractPlainSocketImpl.java:212)
06-06 15:52:41.579 1952 2005 E ServerInterface: at java.net.SocksSocketImpl.connect(SocksSocketImpl.java:436)
06-06 15:52:41.579 1952 2005 E ServerInterface: at java.net.Socket.connect(Socket.java:621)
06-06 15:52:41.579 1952 2005 E ServerInterface: at com.android.okhttp.internal.Platform.connectSocket(Platform.java:182)
06-06 15:52:41.579 1952 2005 E ServerInterface: at com.android.okhttp.internal.io.RealConnection.connectSocket(RealConnection.java:145)
06-06 15:52:41.579 1952 2005 E ServerInterface: at com.android.okhttp.internal.io.RealConnection.connect(RealConnection.java:116)
06-06 15:52:41.579 1952 2005 E ServerInterface: at com.android.okhttp.internal.http.StreamAllocation.findConnection(StreamAllocation.java:186)
06-06 15:52:41.579 1952 2005 E ServerInterface: at com.android.okhttp.internal.http.StreamAllocation.findHealthyConnection(StreamAllocation.java:128)
06-06 15:52:41.579 1952 2005 E ServerInterface: at com.android.okhttp.internal.http.StreamAllocation.newStream(StreamAllocation.java:97)
06-06 15:52:41.579 1952 2005 E ServerInterface: at com.android.okhttp.internal.http.HttpEngine.connect(HttpEngine.java:289)
06-06 15:52:41.579 1952 2005 E ServerInterface: at com.android.okhttp.internal.http.HttpEngine.sendRequest(HttpEngine.java:232)
06-06 15:52:41.579 1952 2005 E ServerInterface: at com.android.okhttp.internal.huc.HttpURLConnectionImpl.execute(HttpURLConnectionImpl.java:465)
06-06 15:52:41.579 1952 2005 E ServerInterface: at com.android.okhttp.internal.huc.HttpURLConnectionImpl.connect(HttpURLConnectionImpl.java:131)
06-06 15:52:41.579 1952 2005 E ServerInterface: at com.android.okhttp.internal.huc.HttpURLConnectionImpl.getOutputStream(HttpURLConnectionImpl.java:262)
06-06 15:52:41.579 1952 2005 E ServerInterface: at com.android.okhttp.internal.huc.DelegatingHttpsURLConnection.getOutputStream(DelegatingHttpsURLConnection.java:219)
06-06 15:52:41.579 1952 2005 E ServerInterface: at com.android.okhttp.internal.huc.HttpsURLConnectionImpl.getOutputStream(HttpsURLConnectionImpl.java:30)
06-06 15:52:41.579 1952 2005 E ServerInterface: at com.android.remoteprovisioner.ServerInterface.fetchGeek(ServerInterface.java:120)
06-06 15:52:41.579 1952 2005 E ServerInterface: at com.android.remoteprovisioner.PeriodicProvisioner$ProvisionerThread.run(PeriodicProvisioner.java:135)
06-06 15:52:41.580 1952 2005 E RemoteProvisioningService: Failed to get a response from the server.
06-06 15:52:42.029 478 521 W IorapForwardingService: No service published for: iorapd
06-06 15:52:42.338 2278 2291 I gbei.screencas: Background concurrent copying GC freed 244775(19MB) AllocSpace objects, 32(2092KB) LOS objects, 49% free, 6776KB/13MB, paused 148us total 200.784ms
06-06 15:52:43.032 478 521 W IorapForwardingService: No service published for: iorapd
01-01 08:00:57.098 388 388 W hdr10p_Configure: 64 callbacks suppressed
01-01 08:00:57.098 388 388 I : DVI mode selected: packets not configured
01-01 08:00:57.098 388 388 W set_vsif_config: 64 callbacks suppressed
01-01 08:00:57.098 388 388 I : Error: set vsif failed
01-01 08:00:57.118 388 388 I : DVI mode selected: packets not configured
01-01 08:00:57.118 388 388 I : Error: set vsif failed
01-01 08:00:57.133 388 388 I : DVI mode selected: packets not configured
01-01 08:00:57.134 388 388 I : Error: set vsif failed
01-01 08:00:57.149 388 388 I : DVI mode selected: packets not configured
01-01 08:00:57.149 388 388 I : Error: set vsif failed
01-01 08:00:57.166 388 388 I : DVI mode selected: packets not configured
01-01 08:00:57.166 388 388 I : Error: set vsif failed
01-01 08:00:57.181 388 388 I : DVI mode selected: packets not configured
01-01 08:00:57.181 388 388 I : Error: set vsif failed
01-01 08:00:57.198 388 388 I : DVI mode selected: packets not configured
01-01 08:00:57.198 388 388 I : Error: set vsif failed
01-01 08:00:57.214 388 388 I : DVI mode selected: packets not configured
01-01 08:00:57.214 388 388 I : Error: set vsif failed
01-01 08:00:57.230 388 388 I : DVI mode selected: packets not configured
01-01 08:00:57.230 388 388 I : Error: set vsif failed
01-01 08:00:57.247 388 388 I : DVI mode selected: packets not configured
01-01 08:00:57.247 388 388 I : Error: set vsif failed
06-06 15:52:43.821 656 656 E WifiHAL : wifi_get_link_stats: requestResponse Error:-5
06-06 15:52:43.823 478 610 E WifiVendorHal: getWifiLinkLayerStats_1_5_Internal(l.1191) failed {.code = ERROR_INVALID_ARGS, .description = }
06-06 15:52:44.034 478 521 W IorapForwardingService: No service published for: iorapd
06-06 15:52:45.035 478 521 W IorapForwardingService: No service published for: iorapd
06-06 15:52:45.970 269 282 D hdmi-cec: receive invalid cec message!
06-06 15:52:45.971 269 282 D hdmi-cec: receive poll message [04], skip!
06-06 15:52:46.038 478 521 W IorapForwardingService: No service published for: iorapd
06-06 15:52:46.115 2772 2772 I Thread-2: type=1400 audit(0.0:1047): avc: denied { execute } for name="am" dev="dm-1" ino=1160 scontext=u:r:system_app:s0 tcontext=u:object_r:vendor_file:s0 tclass=file permissive=1
06-06 15:52:46.115 2772 2772 I Thread-2: type=1400 audit(0.0:1048): avc: denied { read open } for path="/vendor/xbin/am" dev="dm-1" ino=1160 scontext=u:r:system_app:s0 tcontext=u:object_r:vendor_file:s0 tclass=file permissive=1
06-06 15:52:46.115 2772 2772 I Thread-2: type=1400 audit(0.0:1049): avc: denied { execute_no_trans } for path="/vendor/xbin/am" dev="dm-1" ino=1160 scontext=u:r:system_app:s0 tcontext=u:object_r:vendor_file:s0 tclass=file permissive=1
06-06 15:52:46.186 1128 1128 D aaa : LedStatusService onStartCommand begin
06-06 15:52:46.188 1177 1177 D bbb : onStartCommand begin !!!!!!! data分区剩余 24983MB
06-06 15:52:46.188 1128 2781 D aaa : topPkg is -------------- :com.dangbei.leard.leradlauncher
06-06 15:52:46.201 1128 2781 D aaa : WiFi is connect
06-06 15:52:46.839 656 656 E WifiHAL : wifi_get_link_stats: requestResponse Error:-5
06-06 15:52:46.841 478 610 E WifiVendorHal: getWifiLinkLayerStats_1_5_Internal(l.1191) failed {.code = ERROR_INVALID_ARGS, .description = }
06-06 15:52:47.040 478 521 W IorapForwardingService: No service published for: iorapd
06-06 15:52:48.043 478 521 W IorapForwardingService: No service published for: iorapd
06-06 15:52:49.046 478 521 W IorapForwardingService: No service published for: iorapd
06-06 15:52:49.119 2157 2230 D UtilLog : 日志批量上报 进行正常循环 !!!!!!本次有0次请求,共0条数据
01-01 08:01:03.119 388 388 W hdr10p_Configure: 65 callbacks suppressed
01-01 08:01:03.119 388 388 I : DVI mode selected: packets not configured
01-01 08:01:03.119 388 388 W set_vsif_config: 65 callbacks suppressed
01-01 08:01:03.119 388 388 I : Error: set vsif failed
01-01 08:01:03.139 388 388 I : DVI mode selected: packets not configured
01-01 08:01:03.139 388 388 I : Error: set vsif failed
01-01 08:01:03.159 388 388 I : DVI mode selected: packets not configured
01-01 08:01:03.159 388 388 I : Error: set vsif failed
01-01 08:01:03.175 388 388 I : DVI mode selected: packets not configured
01-01 08:01:03.175 388 388 I : Error: set vsif failed
01-01 08:01:03.181 388 388 I : DVI mode selected: packets not configured
01-01 08:01:03.181 388 388 I : Error: set vsif failed
01-01 08:01:03.197 388 388 I : DVI mode selected: packets not configured
01-01 08:01:03.197 388 388 I : Error: set vsif failed
01-01 08:01:03.214 388 388 I : DVI mode selected: packets not configured
01-01 08:01:03.214 388 388 I : Error: set vsif failed
01-01 08:01:03.231 388 388 I : DVI mode selected: packets not configured
01-01 08:01:03.231 388 388 I : Error: set vsif failed
01-01 08:01:03.247 388 388 I : DVI mode selected: packets not configured
01-01 08:01:03.247 388 388 I : Error: set vsif failed
01-01 08:01:03.264 388 388 I : DVI mode selected: packets not configured
01-01 08:01:03.264 388 388 I : Error: set vsif failed
06-06 15:52:49.857 656 656 E WifiHAL : wifi_get_link_stats: requestResponse Error:-5
06-06 15:52:49.859 478 610 E WifiVendorHal: getWifiLinkLayerStats_1_5_Internal(l.1191) failed {.code = ERROR_INVALID_ARGS, .description = }
06-06 15:52:50.047 478 521 W IorapForwardingService: No service published for: iorapd
06-06 15:52:51.049 478 521 W IorapForwardingService: No service published for: iorapd
06-06 15:52:52.051 478 521 W IorapForwardingService: No service published for: iorapd
06-06 15:52:52.874 656 656 E WifiHAL : wifi_get_link_stats: requestResponse Error:-5
06-06 15:52:52.877 478 610 E WifiVendorHal: getWifiLinkLayerStats_1_5_Internal(l.1191) failed {.code = ERROR_INVALID_ARGS, .description = }
06-06 15:52:53.054 478 521 W IorapForwardingService: No service published for: iorapd
06-06 15:52:54.056 478 521 W IorapForwardingService: No service published for: iorapd
06-06 15:52:54.223 1177 1177 D bbb : onStartCommand begin !!!!!!! data分区剩余 24983MB
06-06 15:52:54.227 1128 1128 D aaa : LedStatusService onStartCommand begin
06-06 15:52:54.229 1128 2795 D aaa : topPkg is -------------- :com.dangbei.leard.leradlauncher
06-06 15:52:54.234 1128 2795 D aaa : WiFi is connect
06-06 15:52:55.058 478 521 W IorapForwardingService: No service published for: iorapd
01-01 08:01:09.119 388 388 W hdr10p_Configure: 66 callbacks suppressed
01-01 08:01:09.119 388 388 I : DVI mode selected: packets not configured
01-01 08:01:09.119 388 388 W set_vsif_config: 66 callbacks suppressed
01-01 08:01:09.119 388 388 I : Error: set vsif failed
01-01 08:01:09.141 388 388 I : DVI mode selected: packets not configured
01-01 08:01:09.141 388 388 I : Error: set vsif failed
01-01 08:01:09.157 388 388 I : DVI mode selected: packets not configured
01-01 08:01:09.157 388 388 I : Error: set vsif failed
01-01 08:01:09.172 388 388 I : DVI mode selected: packets not configured
01-01 08:01:09.172 388 388 I : Error: set vsif failed
01-01 08:01:09.181 388 388 I : DVI mode selected: packets not configured
01-01 08:01:09.181 388 388 I : Error: set vsif failed
01-01 08:01:09.207 388 388 I : DVI mode selected: packets not configured
01-01 08:01:09.207 388 388 I : Error: set vsif failed
01-01 08:01:09.222 388 388 I : DVI mode selected: packets not configured
01-01 08:01:09.222 388 388 I : Error: set vsif failed
01-01 08:01:09.237 388 388 I : DVI mode selected: packets not configured
01-01 08:01:09.237 388 388 I : Error: set vsif failed
01-01 08:01:09.247 388 388 I : DVI mode selected: packets not configured
01-01 08:01:09.247 388 388 I : Error: set vsif failed
01-01 08:01:09.264 388 388 I : DVI mode selected: packets not configured
01-01 08:01:09.264 388 388 I : Error: set vsif failed
06-06 15:52:55.890 656 656 E WifiHAL : wifi_get_link_stats: requestResponse Error:-5
06-06 15:52:55.891 478 610 E WifiVendorHal: getWifiLinkLayerStats_1_5_Internal(l.1191) failed {.code = ERROR_INVALID_ARGS, .description = }
06-06 15:52:56.061 478 521 W IorapForwardingService: No service published for: iorapd
06-06 15:52:57.063 478 521 W IorapForwardingService: No service published for: iorapd
06-06 15:52:57.115 2278 2278 I cling--ap-2: type=1400 audit(0.0:1050): avc: denied { search } for name="net" dev="sysfs" ino=10442 scontext=u:r:platform_app:s0:c512,c768 tcontext=u:object_r:sysfs_net:s0 tclass=dir permissive=1 app=com.dangbei.screencast
06-06 15:52:58.066 478 521 W IorapForwardingService: No service published for: iorapd
06-06 15:52:58.907 656 656 E WifiHAL : wifi_get_link_stats: requestResponse Error:-5
06-06 15:52:58.909 478 610 E WifiVendorHal: getWifiLinkLayerStats_1_5_Internal(l.1191) failed {.code = ERROR_INVALID_ARGS, .description = }
06-06 15:52:59.068 478 521 W IorapForwardingService: No service published for: iorapd
06-06 15:52:59.136 2157 2230 D UtilLog : 日志批量上报 进行正常循环 !!!!!!本次有0次请求,共0条数据
06-06 15:53:00.057 478 582 I ActivityManager: Killing 1216:com.android.music/u0a42 (adj 985): empty #17
06-06 15:53:00.059 478 534 I libprocessgroup: Successfully killed process cgroup uid 10042 pid 1216 in 0ms
06-06 15:53:00.060 478 582 I ActivityManager: Killing 1477:com.android.dynsystem/1000 (adj 995): empty #18
06-06 15:53:00.071 478 521 W IorapForwardingService: No service published for: iorapd
06-06 15:53:00.106 249 249 I Zygote : Process 1216 exited due to signal 9 (Killed)
06-06 15:53:00.121 249 249 I Zygote : Process 1477 exited due to signal 9 (Killed)
06-06 15:53:00.149 478 534 I libprocessgroup: Successfully killed process cgroup uid 1000 pid 1477 in 0ms
06-06 15:53:00.996 269 282 D hdmi-cec: receive invalid cec message!
06-06 15:53:00.996 269 282 D hdmi-cec: receive poll message [04], skip!
06-06 15:53:01.074 478 521 W IorapForwardingService: No service published for: iorapd
01-01 08:01:15.134 388 388 W hdr10p_Configure: 64 callbacks suppressed
01-01 08:01:15.134 388 388 I : DVI mode selected: packets not configured
01-01 08:01:15.134 388 388 W set_vsif_config: 64 callbacks suppressed
01-01 08:01:15.134 388 388 I : Error: set vsif failed
01-01 08:01:15.153 388 388 I : DVI mode selected: packets not configured
01-01 08:01:15.153 388 388 I : Error: set vsif failed
01-01 08:01:15.169 388 388 I : DVI mode selected: packets not configured
01-01 08:01:15.169 388 388 I : Error: set vsif failed
01-01 08:01:15.184 388 388 I : DVI mode selected: packets not configured
01-01 08:01:15.184 388 388 I : Error: set vsif failed
01-01 08:01:15.201 388 388 I : DVI mode selected: packets not configured
01-01 08:01:15.201 388 388 I : Error: set vsif failed
01-01 08:01:15.216 388 388 I : DVI mode selected: packets not configured
01-01 08:01:15.216 388 388 I : Error: set vsif failed
01-01 08:01:15.232 388 388 I : DVI mode selected: packets not configured
01-01 08:01:15.232 388 388 I : Error: set vsif failed
01-01 08:01:15.247 388 388 I : DVI mode selected: packets not configured
01-01 08:01:15.247 388 388 I : Error: set vsif failed
01-01 08:01:15.264 388 388 I : DVI mode selected: packets not configured
01-01 08:01:15.264 388 388 I : Error: set vsif failed
01-01 08:01:15.280 388 388 I : DVI mode selected: packets not configured
01-01 08:01:15.280 388 388 I : Error: set vsif failed
06-06 15:53:01.925 656 656 E WifiHAL : wifi_get_link_stats: requestResponse Error:-5
06-06 15:53:01.927 478 610 E WifiVendorHal: getWifiLinkLayerStats_1_5_Internal(l.1191) failed {.code = ERROR_INVALID_ARGS, .description = }
06-06 15:53:02.076 478 521 W IorapForwardingService: No service published for: iorapd
06-06 15:53:02.266 1128 1128 D aaa : LedStatusService onStartCommand begin
06-06 15:53:02.267 1177 1177 D bbb : onStartCommand begin !!!!!!! data分区剩余 24983MB
06-06 15:53:02.268 1128 2813 D aaa : topPkg is -------------- :com.dangbei.leard.leradlauncher
06-06 15:53:02.273 1128 2813 D aaa : WiFi is connect
06-06 15:53:03.077 478 521 W IorapForwardingService: No service published for: iorapd
06-06 15:53:04.080 478 521 W IorapForwardingService: No service published for: iorapd
06-06 15:53:04.180 478 531 I UsageStatsService: Time changed in by 7778 seconds
06-06 15:53:04.192 478 519 D CompatibilityChangeReporter: Compat change id reported: 168419799; UID 10073; state: DISABLED
06-06 15:53:04.206 1684 1698 I PermissionControllerServiceImpl: Updating user sensitive for user 0
06-06 15:53:04.942 656 656 E WifiHAL : wifi_get_link_stats: requestResponse Error:-5
06-06 15:53:04.944 478 610 E WifiVendorHal: getWifiLinkLayerStats_1_5_Internal(l.1191) failed {.code = ERROR_INVALID_ARGS, .description = }
06-06 15:53:05.082 478 521 W IorapForwardingService: No service published for: iorapd
06-06 15:53:06.084 478 521 W IorapForwardingService: No service published for: iorapd
06-06 15:53:07.086 478 521 W IorapForwardingService: No service published for: iorapd
06-06 15:53:07.180 478 1000 W ZramWriteback: Writeback device is not set
06-06 15:53:07.181 478 1000 D ZramWriteback: wait to flush
01-01 08:01:21.131 388 388 W hdr10p_Configure: 64 callbacks suppressed
01-01 08:01:21.131 388 388 I : DVI mode selected: packets not configured
01-01 08:01:21.131 388 388 W set_vsif_config: 64 callbacks suppressed
01-01 08:01:21.131 388 388 I : Error: set vsif failed
01-01 08:01:21.150 388 388 I : DVI mode selected: packets not configured
01-01 08:01:21.150 388 388 I : Error: set vsif failed
01-01 08:01:21.166 388 388 I : DVI mode selected: packets not configured
01-01 08:01:21.166 388 388 I : Error: set vsif failed
01-01 08:01:21.181 388 388 I : DVI mode selected: packets not configured
01-01 08:01:21.181 388 388 I : Error: set vsif failed
01-01 08:01:21.197 388 388 I : DVI mode selected: packets not configured
01-01 08:01:21.197 388 388 I : Error: set vsif failed
01-01 08:01:21.225 388 388 I : DVI mode selected: packets not configured
01-01 08:01:21.225 388 388 I : Error: set vsif failed
