06-06 13:42:35.764 1684 1684 D NetworkSecurityConfig: No Network Security Config specified, using platform default
06-06 13:42:35.764 1684 1684 D NetworkSecurityConfig: No Network Security Config specified, using platform default
06-06 13:42:35.765 478 750 D WifiMemoryStoreImpl: Set cluster Gda4ff8892a4841be for Wda4ff8892a4841be: SUCCESS
06-06 13:42:35.797 1447 1459 I d.process.medi: Background young concurrent copying GC freed 11701(671KB) AllocSpace objects, 0(0B) LOS objects, 89% free, 3031KB/26MB, paused 160us total 426.336ms
06-06 13:42:35.826 478 617 W BestClock: java.time.DateTimeException: Missing NTP fix
06-06 13:42:35.829 478 607 W BestClock: java.time.DateTimeException: Missing NTP fix
06-06 13:42:35.830 478 607 W BestClock: java.time.DateTimeException: Missing NTP fix
06-06 13:42:35.840 478 610 D WifiClientModeImpl[wlan0]: Received signal strength thresholds: []
06-06 13:42:35.843 478 610 E WifiVendorHal: stopRssiMonitoring(l.2617) failed {.code = ERROR_NOT_AVAILABLE, .description = }
06-06 13:42:35.845 756 1753 D NetworkMonitor/100: Validation disabled.
06-06 13:42:35.845 478 617 D ConnectivityService: NetReassign [17 : null → 100, 19 : null → 100, 3 : null → 100, 10 : null → 100, 28 : null → 100, 21 : null → 100, 1 : null → 100, 23 : null → 100]
06-06 13:42:35.853 478 617 D ConnectivityService: Switching to new default network for: uid/pid:1000/478 activeRequest: 1 callbackRequest: 1 [NetworkRequest [ REQUEST id=1, [ Capabilities: INTERNET&NOT_RESTRICTED&TRUSTED&NOT_VPN&NOT_VCN_MANAGED RequestorUid: 1000 RequestorPkg: android] ]] callback flags: 1 priority: 2147483647 using NetworkAgentInfo{network{100} handle{432902426637} ni{WIFI CONNECTED extra: } Score(60 ; KeepConnected : 0 ; Policies : TRANSPORT_PRIMARY&IS_UNMETERED) lp{{InterfaceName: wlan0 LinkAddresses: [ fe80::485f:1720:44f8:e48e/64,10.192.35.42/24 ] DnsAddresses: [ /223.5.5.5,/119.29.29.29 ] Domains: null MTU: 0 ServerAddress: /10.192.35.1 TcpBufferSizes: 524288,1048576,2097152,262144,524288,1048576 Routes: [ fe80::/64 -> :: wlan0 mtu 0,10.192.35.0/24 -> 0.0.0.0 wlan0 mtu 0,0.0.0.0/0 -> 10.192.35.1 wlan0 mtu 0 ]}} nc{[ Transports: WIFI Capabilities: NOT_METERED&INTERNET&NOT_RESTRICTED&TRUSTED&NOT_VPN&NOT_ROAMING&FOREGROUND&NOT_CONGESTED&NOT_SUSPENDED&NOT_VCN_MANAGED LinkUpBandwidth>=12000Kbps LinkDnBandwidth>=60000Kbps Specifier: TransportInfo: SignalStrength: -41 OwnerUid: 10031 AdminUids: [10031] SSID: "DB-AN"]}}
06-06 13:42:35.861 1684 1684 I CarUiInstaller: CarUiInstaller started for com.android.permissioncontroller
06-06 13:42:35.880 478 617 W BestClock: java.time.DateTimeException: Missing NTP fix
06-06 13:42:35.919 756 1627 W UnsafeUtil: platform method missing - proto runtime falling back to safer methods: java.lang.NoSuchMethodException: sun.misc.Unsafe.copyMemory [class java.lang.Object, long, class java.lang.Object, long, long]
06-06 13:42:35.936 478 617 W BestClock: java.time.DateTimeException: Missing NTP fix
06-06 13:42:35.940 478 607 W BestClock: java.time.DateTimeException: Missing NTP fix
06-06 13:42:35.941 478 755 D NetworkTimeUpdateService: New default network 100; checking time.
06-06 13:42:35.943 478 607 W BestClock: java.time.DateTimeException: Missing NTP fix
06-06 13:42:35.966 756 863 D UpstreamNetworkMonitor: New default Internet network: 100
06-06 13:42:35.967 1684 1684 W Role : Cannot get ApplicationInfo for default holder: com.android.messaging
06-06 13:42:36.015 478 607 W BestClock: java.time.DateTimeException: Missing NTP fix
06-06 13:42:36.017 1684 1684 I HibernationPolicy: scheduleHibernationJob with frequency 1296000000ms and threshold 7776000000ms
06-06 13:42:36.021 478 617 D ConnectivityService: Sending CONNECTED broadcast for type 1 [100 WIFI] isDefaultNetwork=true
06-06 13:42:36.022 478 617 W ContextImpl: Calling a method in the system process without a qualified user: android.app.ContextImpl.sendStickyBroadcast:1559 com.android.server.ConnectivityService.sendStickyBroadcast:2884 com.android.server.ConnectivityService.sendGeneralBroadcast:2859 com.android.server.ConnectivityService.sendConnectedBroadcast:2832 com.android.server.ConnectivityService.sendLegacyNetworkBroadcast:8784
06-06 13:42:36.023 1684 1684 I HibernationPolicy: user 0 is a profileowner. Running hibernation job.
06-06 13:42:36.025 1684 1684 I HibernationPolicy: Job already scheduled.
06-06 13:42:36.033 1128 1128 D aaa : action:android.net.conn.CONNECTIVITY_CHANGE
06-06 13:42:36.038 1272 1272 D RockyReceiver: action: android.net.conn.CONNECTIVITY_CHANGE
06-06 13:42:36.039 478 813 D CompatibilityChangeReporter: Compat change id reported: 135634846; UID 10017; state: DISABLED
06-06 13:42:36.040 478 813 D CompatibilityChangeReporter: Compat change id reported: 177438394; UID 10017; state: DISABLED
06-06 13:42:36.040 478 813 D CompatibilityChangeReporter: Compat change id reported: 135772972; UID 10017; state: DISABLED
06-06 13:42:36.040 478 813 D CompatibilityChangeReporter: Compat change id reported: 135754954; UID 10017; state: ENABLED
06-06 13:42:36.040 478 750 E ConnectivityService: Exception = android.content.pm.PackageManager$NameNotFoundException: android.net.cts
06-06 13:42:36.040 478 533 D CompatibilityChangeReporter: Compat change id reported: 143937733; UID 10017; state: ENABLED
06-06 13:42:36.043 478 607 W BestClock: java.time.DateTimeException: Missing NTP fix
06-06 13:42:36.046 1272 1272 I Receiver: 网络连接成功
06-06 13:42:36.050 478 607 W BestClock: java.time.DateTimeException: Missing NTP fix
06-06 13:42:36.058 1029 1029 D LanSocketServer: connect
06-06 13:42:36.073 249 249 D Zygote : Forked child process 1781
06-06 13:42:36.079 478 533 I ActivityManager: app.processName = com.android.providers.calendar
06-06 13:42:36.079 478 533 I ActivityManager: Start proc 1781:com.android.providers.calendar/u0a17 for broadcast {com.android.providers.calendar/com.android.providers.calendar.CalendarReceiver}
06-06 13:42:36.091 478 617 W ContextImpl: Calling a method in the system process without a qualified user: android.app.ContextImpl.sendStickyBroadcast:1559 com.android.server.ConnectivityService.sendStickyBroadcast:2884 com.android.server.ConnectivityService.sendGeneralBroadcast:2859 com.android.server.ConnectivityService.sendConnectedBroadcast:2832 com.android.server.ConnectivityService.sendLegacyNetworkBroadcast:8784
06-06 13:42:36.096 1781 1781 I Zygote : seccomp disabled by setenforce 0
06-06 13:42:36.100 1272 1272 D RockyReceiver: action: android.net.conn.CONNECTIVITY_CHANGE
06-06 13:42:36.100 1128 1128 D aaa : action:android.net.conn.CONNECTIVITY_CHANGE
06-06 13:42:36.102 248 1728 W resolv : validateDnsTlsServer returned 1 for 223.5.5.5
06-06 13:42:36.103 248 1728 W resolv : Validation success
06-06 13:42:36.105 478 813 E ConnectivityService: Exception = android.content.pm.PackageManager$NameNotFoundException: android.net.cts
06-06 13:42:36.107 478 607 W BestClock: java.time.DateTimeException: Missing NTP fix
06-06 13:42:36.108 478 607 W BestClock: java.time.DateTimeException: Missing NTP fix
06-06 13:42:36.115 1272 1272 I Receiver: 网络连接成功
06-06 13:42:36.116 1784 1784 I pm : type=1400 audit(0.0:534): avc: denied { write search } for name="tmp" dev="mmcblk0p25" ino=85 scontext=u:r:preinstall:s0 tcontext=u:object_r:shell_data_file:s0 tclass=dir permissive=1
06-06 13:42:36.116 1784 1784 I pm : type=1400 audit(0.0:535): avc: denied { getattr } for path="/data/local/tmp" dev="mmcblk0p25" ino=85 scontext=u:r:preinstall:s0 tcontext=u:object_r:shell_data_file:s0 tclass=dir permissive=1
06-06 13:42:36.123 478 617 D ConnectivityService: [100 WIFI] validation passed
06-06 13:42:36.136 397 417 I adbd : jdwp connection from 1781
06-06 13:42:36.153 1062 1062 E hq : NetWorkStateReceiver:::NetWorkStateReceiver onReceive: 网络变化广播 >>>> intent.action=android.net.conn.CONNECTIVITY_CHANGE
06-06 13:42:36.171 1062 1062 E hq : NetWorkStateReceiver:::Network is available. isConnect=false 是否频次过快=false t=1749188556170
06-06 13:42:36.171 1062 1062 W eventbuscore: post Event:com.dangbei.leard.base.entity.event.NetStateEvent
06-06 13:42:36.168 1790 1790 I cmd : type=1400 audit(0.0:536): avc: denied { call } for scontext=u:r:preinstall:s0 tcontext=u:r:system_server:s0 tclass=binder permissive=1
06-06 13:42:36.168 1790 1790 I cmd : type=1400 audit(0.0:537): avc: denied { transfer } for scontext=u:r:preinstall:s0 tcontext=u:r:system_server:s0 tclass=binder permissive=1
06-06 13:42:36.168 1793 1793 I rgb_led_ctl: type=1400 audit(0.0:538): avc: denied { write } for name="spidev1.0" dev="tmpfs" ino=208 scontext=u:r:init:s0 tcontext=u:object_r:device:s0 tclass=chr_file permissive=1
06-06 13:42:36.196 1062 1443 E DangXiaoBeiManager: setMessageList: true
06-06 13:42:36.203 1062 1189 D yc_test : refreshWeather: null
06-06 13:42:36.225 1062 1443 E hq : 当小贝:::message list add complete data.messageList:[]
06-06 13:42:36.225 1062 1443 E hq : data.tabList=[]
06-06 13:42:36.225 1062 1443 I hq : 当小贝:::showMessage from=net_change
06-06 13:42:36.228 1062 1377 I hq : 当小贝:::showMessage 没有消息需要显示
06-06 13:42:36.279 478 812 D CompatibilityChangeReporter: Compat change id reported: 168419799; UID 10017; state: DISABLED
06-06 13:42:36.289 478 617 D ConnectivityService: Setting DNS servers for network 100 to [/223.5.5.5, /119.29.29.29]
06-06 13:42:36.294 478 617 D DnsManager: sendDnsConfigurationForNetwork(100, [223.5.5.5, 119.29.29.29], [], 1800, 25, 8, 64, 0, 0, , [223.5.5.5, 119.29.29.29])
06-06 13:42:36.298 1781 1781 D CompatibilityChangeReporter: Compat change id reported: 171979766; UID 10017; state: ENABLED
06-06 13:42:36.303 478 617 W ContextImpl: Calling a method in the system process without a qualified user: android.app.ContextImpl.sendStickyBroadcast:1559 com.android.server.ConnectivityService.sendStickyBroadcast:2884 com.android.server.ConnectivityService.sendGeneralBroadcast:2859 com.android.server.ConnectivityService.sendInetConditionBroadcast:2836 com.android.server.ConnectivityService.updateInetCondition:8529
06-06 13:42:36.307 478 610 W LastMileLogger: Failed to stop event tracing: /sys/kernel/debug/tracing/instances/wifi/tracing_on: open failed: ENOENT (No such file or directory)
06-06 13:42:36.313 478 813 D CompatibilityChangeReporter: Compat change id reported: 172100307; UID 10074; state: DISABLED
06-06 13:42:36.316 478 617 W BestClock: java.time.DateTimeException: Missing NTP fix
06-06 13:42:36.325 478 812 D WifiMemoryStoreImpl: Set cluster Gda4ff8892a4841be for W27e35ab283c825cf: SUCCESS
06-06 13:42:36.327 1029 1029 W System.err: SLF4J: Failed to load class "org.slf4j.impl.StaticLoggerBinder".
06-06 13:42:36.328 1029 1029 W System.err: SLF4J: Defaulting to no-operation (NOP) logger implementation
06-06 13:42:36.328 1029 1029 W System.err: SLF4J: See http://www.slf4j.org/codes.html#StaticLoggerBinder for further details.
06-06 13:42:36.333 478 610 I WifiClientModeImpl: Default Gateway MAC address of 8c:7a:15:3e:ad:5d from routes is : ec:a1:d1:d8:94:86
06-06 13:42:36.337 1029 1029 D LanSocketServer: connect /10.192.35.42:6689
06-06 13:42:36.338 1029 1029 D LanSocketServer: connect start
06-06 13:42:36.338 1029 1029 E LanCommander: onNetWorkChanged: true
06-06 13:42:36.350 478 610 D WifiConfigStore: Writing to stores completed in 11 ms.
06-06 13:42:36.351 1029 1815 E LanCommander: onServerCreatedSuccess 10.192.35.42:6689
06-06 13:42:36.353 478 617 W BestClock: java.time.DateTimeException: Missing NTP fix
06-06 13:42:36.358 478 607 W BestClock: java.time.DateTimeException: Missing NTP fix
06-06 13:42:36.359 478 607 W BestClock: java.time.DateTimeException: Missing NTP fix
06-06 13:42:36.362 1062 1062 E hq : NetWorkStateReceiver:::NetWorkStateReceiver onReceive: 网络变化广播 >>>> intent.action=android.net.conn.CONNECTIVITY_CHANGE
06-06 13:42:36.364 1062 1062 E hq : NetWorkStateReceiver:::Network is available. isConnect=true 是否频次过快=true t=1749188556364
06-06 13:42:36.365 1062 1062 W eventbuscore: post Event:com.dangbei.leard.base.entity.event.NetChangeEvent
06-06 13:42:36.369 478 521 W IorapForwardingService: No service published for: iorapd
06-06 13:42:36.391 1781 1781 V GraphicsEnvironment: ANGLE Developer option for 'com.android.providers.calendar' set to: 'default'
06-06 13:42:36.391 1781 1781 V GraphicsEnvironment: Neither updatable production driver nor prerelease driver is supported.
06-06 13:42:36.394 1781 1781 D NetworkSecurityConfig: No Network Security Config specified, using platform default
06-06 13:42:36.395 1781 1781 D NetworkSecurityConfig: No Network Security Config specified, using platform default
06-06 13:42:36.408 1062 1824 D dangbei ad sdk: HttpUtils.....::response=http://esw.tymcdn.com/dbGold/os/v2/sdkSwitch.do
06-06 13:42:36.430 1029 1815 E RCInfo : vid:
06-06 13:42:36.430 1029 1815 E RCInfo : pid:
06-06 13:42:36.430 1029 1815 E RCInfo : RCBrand:NA
06-06 13:42:36.431 1029 1815 E RCInfo : vid:
06-06 13:42:36.431 1029 1815 E RCInfo : pid:
06-06 13:42:36.432 1029 1815 E RCInfo : vid:
06-06 13:42:36.432 1029 1815 E RCInfo : pid:
06-06 13:42:36.437 1029 1815 E RCInfo : vid:
06-06 13:42:36.437 1029 1815 E RCInfo : pid:
06-06 13:42:36.437 1029 1815 E RCInfo : RCBrand:NA
06-06 13:42:36.438 1029 1815 E RCInfo : vid:
06-06 13:42:36.438 1029 1815 E RCInfo : pid:
06-06 13:42:36.438 1029 1815 E RCInfo : vid:
06-06 13:42:36.438 1029 1815 E RCInfo : pid:
06-06 13:42:36.450 1062 1062 E hq : listenerNet:::重新来网了 key=image_error isConnect=true
06-06 13:42:36.451 1062 1062 E hq : listenerNet:::重新来网了 key=requestAppWhiteList isConnect=true
06-06 13:42:36.453 1062 1062 E hq : listenerNet:::重新来网了 key=ConfigureInterface:Init isConnect=true
06-06 13:42:36.461 1062 1062 E hq : listenerNet:::重新来网了 key=requestGetMessageRemind isConnect=true
06-06 13:42:36.474 1029 1815 D getEthernetMacAddr: getEthernetMacAddr use eth0
06-06 13:42:36.477 1062 1062 E hq : listenerNet:::重新来网了 key=requestMessageConfig isConnect=true
06-06 13:42:36.479 1062 1062 E hq : listenerNet:::重新来网了 key=requestMessageDialog isConnect=true
06-06 13:42:36.480 1062 1062 E hq : listenerNet:::重新来网了 key=requestNetAppAdInfo isConnect=true
06-06 13:42:36.482 1029 1215 D getEthernetMacAddr: getEthernetMacAddr use eth0
06-06 13:42:36.485 1062 1411 D yc_test : refreshWeather: null
06-06 13:42:36.507 1029 1815 D getEthernetMacAddr: getEthernetMacAddr use eth0
06-06 13:42:36.537 1781 1781 I CalendarProvider2: Created com.android.providers.calendar.CalendarAlarmManager@d551e5b(com.android.providers.calendar.CalendarProvider2@1dfd6f8)
06-06 13:42:36.546 1029 1215 D getEthernetMacAddr: getEthernetMacAddr use eth0
06-06 13:42:36.584 1781 1849 D CompatibilityChangeReporter: Compat change id reported: 160794467; UID 10017; state: ENABLED
06-06 13:42:36.586 1128 1128 D aaa : WiFi is connect
06-06 13:42:36.590 1128 1128 D aaa : WiFi is connect
06-06 13:42:36.597 478 603 D CompatibilityChangeReporter: Compat change id reported: 171306433; UID 10017; state: ENABLED
06-06 13:42:36.637 1029 1215 I okhttp.OkHttpClient: --> POST http://tymsgapi.qun7.com/v1/core/logip (588-byte body)
06-06 13:42:36.648 1128 1128 D aaa : WiFi is connect
06-06 13:42:36.653 1272 1272 I Receiver: ----------netConnectInitSDK--------------
06-06 13:42:36.653 1272 1272 D RockyNetMessageUtil: initTipsList tipEntity = TipEntity{movieType=[我想看喜剧片, 动作片, 枪战片], movie=[庆余年, 误杀, 美丽人生, 爆笑虫子, 哪吒, 小猪佩奇, 胡歌的电视剧, 张艺谋导演的电影, 切换到1080P, 收藏], appController=[打开当贝市场, 下载哈趣影视, 爱奇艺, 卸载腾讯视频], weather=[今天的天气, 未来五天的天气, 杭州天气怎么样, 明天下不下雨], music=[我要听歌, 周杰伦的歌, 上一首, 下一首, 快进一分钟, 暂停], liveAppDownload='非常抱歉,根据监管部门政策管理要求,暂不提供相应服务。', subscreen=null, wakeUpVoiceResponse=[ProbabilityEntity{word='在呢', probability=30}, ProbabilityEntity{word='我在', probability=35}, ProbabilityEntity{word='你说', probability=15}, ProbabilityEntity{word='来啦', probability=20}], unrecognizedVoiceResponse=[ProbabilityEntity{word='可以再说一遍么', probability=45}, ProbabilityEntity{word='可以说的详细一点么', probability=30}, ProbabilityEntity{word='请问有什么可以帮您', probability=25}], notUnderstandVoiceResponse=[ProbabilityEntity{word='换个说法试试吧', probability=100}]} isRequestTipSuccess = false
06-06 13:42:36.654 1128 1128 D aaa : WiFi is connect
06-06 13:42:36.660 478 813 D CompatibilityChangeReporter: Compat change id reported: 168419799; UID 10074; state: DISABLED
06-06 13:42:36.662 1272 1516 D XHttpObservable: handleRequest: start https://tyapi.qun7.com/v1/voice/getsoundshowmsg ,,, isCache = false
06-06 13:42:36.664 1272 1272 D RockyNetMessageUtil: initMediaControlPage pageEntity = PageEntity{list=[ContentEntity{packageName='com.dangbei.leard.leradlauncher', activityName='FilmDetailActivity'}, ContentEntity{packageName='com.dangbei.leard.leradlauncher', activityName='FullScreenDetailActivity'}, ContentEntity{packageName='com.dangbei.leard.leradlauncher', activityName='TencentSportActivity'}, ContentEntity{packageName='com.dangbei.leradVideoPlugins', activityName='FilmDetailActivity'}, ContentEntity{packageName='com.dangbei.leradVideoPlugins', activityName='FullScreenDetailActivity'}, ContentEntity{packageName='com.dangbei.leradVideoPlugins', activityName='TencentSportActivity'}, ContentEntity{packageName='com.dangbei.leradVideoPlugins', activityName='ShortPlayActivity'}, ContentEntity{packageName='com.dangbei.hqmedia', activityName='FilmDetailActivity'}, ContentEntity{packageName='com.dangbei.hqmedia', activityName='FullScreenDetailActivity'}, ContentEntity{packageName='com.dangbei.leradVideoPlugins', activityName='MangoMediaActivity'}, ContentEntity{packageName='com.dangbei.leradVideoPlugins', activityName='VcinemaActivity'}]} isRequestPageControlSuccess = false
06-06 13:42:36.668 1272 1513 D XHttpObservable: handleRequest: start https://tyapi.qun7.com/v1/voice/getResponseControlPage ,,, isCache = false
06-06 13:42:36.679 1029 1815 E HigherBroadcastServer: {"bluetoothBoot":false,"bluetoothController":false,"bluetoothMac":"B4:2F:03:15:74:2B","deviceModel":"DBBOX-A2","deviceModelNumber":"H5232","deviceName":"客厅的当贝盒子","findController":1,"hostName":"10.192.35.42","inetAddress":"10.192.35.42","mac":"20:02:FE:19:C1:F9","port":6689,"romCode":5008,"romVersion":"5.0.0.8","wifiMac":"B4:2F:03:15:E9:B5","deviceId":"1e3a052a7efe7674c1a3abec968efde1","sn":"DZOH58251938669"}
06-06 13:42:36.680 1029 1815 W NsdServiceInfo: Key lengths > 9 are discouraged: deviceModel
06-06 13:42:36.680 1029 1815 W NsdServiceInfo: Key lengths > 9 are discouraged: deviceModelNumber
06-06 13:42:36.680 1029 1815 W NsdServiceInfo: Key lengths > 9 are discouraged: deviceName
06-06 13:42:36.681 1029 1815 W NsdServiceInfo: Key lengths > 9 are discouraged: romVersion
06-06 13:42:36.681 1029 1815 W NsdServiceInfo: Key lengths > 9 are discouraged: findController
06-06 13:42:36.686 478 812 D CompatibilityChangeReporter: Compat change id reported: 143231523; UID 10017; state: DISABLED
06-06 13:42:36.702 478 750 D CompatibilityChangeReporter: Compat change id reported: 135634846; UID 10023; state: DISABLED
06-06 13:42:36.707 478 750 D CompatibilityChangeReporter: Compat change id reported: 177438394; UID 10023; state: DISABLED
06-06 13:42:36.713 1046 1137 W MediaProvider: getVolumePath for unknown volume: internal
06-06 13:42:36.717 478 750 D CompatibilityChangeReporter: Compat change id reported: 135772972; UID 10023; state: DISABLED
06-06 13:42:36.724 478 750 D CompatibilityChangeReporter: Compat change id reported: 135754954; UID 10023; state: ENABLED
06-06 13:42:36.726 478 533 D CompatibilityChangeReporter: Compat change id reported: 143937733; UID 10023; state: ENABLED
06-06 13:42:36.730 1046 1137 W MediaProvider: getVolumePath for unknown volume: internal
06-06 13:42:36.753 249 249 D Zygote : Forked child process 1872
06-06 13:42:36.757 478 533 W ActivityManager: Slow operation: 59ms so far, now at startProcess: returned from zygote!
06-06 13:42:36.758 478 533 W ActivityManager: Slow operation: 59ms so far, now at startProcess: done updating battery stats
06-06 13:42:36.758 478 533 W ActivityManager: Slow operation: 60ms so far, now at startProcess: building log message
06-06 13:42:36.758 478 533 I ActivityManager: app.processName = com.android.providers.tv
06-06 13:42:36.758 478 533 I ActivityManager: Start proc 1872:com.android.providers.tv/u0a23 for broadcast {com.android.providers.tv/com.android.providers.tv.BootCompletedReceiver}
06-06 13:42:36.758 478 533 W ActivityManager: Slow operation: 60ms so far, now at startProcess: starting to update pids map
06-06 13:42:36.761 478 533 W ActivityManager: Slow operation: 63ms so far, now at startProcess: done updating pids map
06-06 13:42:36.771 1872 1872 I Zygote : seccomp disabled by setenforce 0
01-01 08:00:29.318 282 282 W audit : audit_lost=135 audit_rate_limit=5 audit_backlog_limit=64
01-01 08:00:29.318 282 282 E audit : rate limit exceeded
06-06 13:42:36.827 478 620 D NsdService: Register service
06-06 13:42:36.828 478 620 D NsdService: registerService: 2 name: 10.192.35.42, type: _db_controller._tcp, host: /10.192.35.42, port: 6689, txtRecord: deviceModel=DBBOX-A2romVersion=5.0.0.8findController=1sn=DZOH58251938669mac=20:02:FE:19:C1:F9 deviceName=客厅的当贝盒子)deviceId=1e3a052a7efe7674c1a3abec968efde1deviceModelNumber=H5232 romCode=5008
06-06 13:42:36.828 478 620 D NsdService: mdnssd [register, 2, 10.192.35.42, _db_controller._tcp, 6689, FGRldmljZU1vZGVsPURCQk9YLUEyEnJvbVZlcnNpb249NS4wLjAuOBBmaW5kQ29udHJvbGxlcj0xEnNuPURaT0g1ODI1MTkzODY2ORVtYWM9MjA6MDI6RkU6MTk6QzE6RjkgZGV2aWNlTmFtZT3lrqLljoXnmoTlvZPotJ3nm5LlrZApZGV2aWNlSWQ9MWUzYTA1MmE3ZWZlNzY3NGMxYTNhYmVjOTY4ZWZkZTEXZGV2aWNlTW9kZWxOdW1iZXI9SDUyMzIMcm9tQ29kZT01MDA4]
06-06 13:42:36.831 478 620 D NsdService: Register 2 2
06-06 13:42:36.840 1029 1215 I okhttp.OkHttpClient: <-- 200 OK http://tymsgapi.qun7.com/v1/core/logip (196ms, 81-byte body)
06-06 13:42:36.851 397 417 I adbd : jdwp connection from 1872
06-06 13:42:36.861 1029 1215 I HttpUtil: success
06-06 13:42:36.875 478 603 D CompatibilityChangeReporter: Compat change id reported: 168419799; UID 10023; state: DISABLED
06-06 13:42:36.886 1029 1029 D LanSocketServer: connect
06-06 13:42:36.900 1872 1872 D CompatibilityChangeReporter: Compat change id reported: 171979766; UID 10023; state: ENABLED
06-06 13:42:36.938 1029 1029 D LanSocketServer: connect /10.192.35.42:6689
06-06 13:42:36.939 1029 1029 D LanSocketServer: connect start
06-06 13:42:36.939 1029 1029 E LanCommander: onNetWorkChanged: true
06-06 13:42:36.944 1029 1905 E LanCommander: onServerCreatedSuccess 10.192.35.42:6689
06-06 13:42:36.958 1029 1905 E RCInfo : vid:
06-06 13:42:36.958 1029 1905 E RCInfo : pid:
06-06 13:42:36.958 1029 1905 E RCInfo : RCBrand:NA
06-06 13:42:36.961 1029 1905 E RCInfo : vid:
06-06 13:42:36.961 1029 1905 E RCInfo : pid:
06-06 13:42:36.961 1029 1905 E RCInfo : vid:
06-06 13:42:36.961 1029 1905 E RCInfo : pid:
06-06 13:42:36.987 1062 1824 D dangbei ad sdk: HttpUtils.....::response={"msg":"success","code":200,"nexttime":"1749226814000","status":0}
06-06 13:42:36.995 1872 1872 V GraphicsEnvironment: ANGLE Developer option for 'com.android.providers.tv' set to: 'default'
06-06 13:42:36.995 1872 1872 V GraphicsEnvironment: Neither updatable production driver nor prerelease driver is supported.
06-06 13:42:37.003 1029 1215 I okhttp.OkHttpClient: --> POST http://tymsgapi.qun7.com/v1/core/logip (588-byte body)
06-06 13:42:37.013 1872 1872 D NetworkSecurityConfig: No Network Security Config specified, using platform default
06-06 13:42:37.013 1029 1224 I okhttp.OkHttpClient: --> POST http://tymsgapi.qun7.com/v1/core/rom (523-byte body)
06-06 13:42:37.013 1872 1872 D NetworkSecurityConfig: No Network Security Config specified, using platform default
06-06 13:42:37.015 478 620 D NsdService: unregister service
06-06 13:42:37.016 1029 1905 E HigherBroadcastServer: {"bluetoothBoot":false,"bluetoothController":false,"bluetoothMac":"B4:2F:03:15:74:2B","deviceModel":"DBBOX-A2","deviceModelNumber":"H5232","deviceName":"客厅的当贝盒子","findController":1,"hostName":"10.192.35.42","inetAddress":"10.192.35.42","mac":"20:02:FE:19:C1:F9","port":6689,"romCode":5008,"romVersion":"5.0.0.8","wifiMac":"B4:2F:03:15:E9:B5","deviceId":"1e3a052a7efe7674c1a3abec968efde1","sn":"DZOH58251938669"}
06-06 13:42:37.016 1029 1905 W NsdServiceInfo: Key lengths > 9 are discouraged: deviceModel
06-06 13:42:37.017 1029 1905 W NsdServiceInfo: Key lengths > 9 are discouraged: deviceModelNumber
06-06 13:42:37.017 1029 1905 W NsdServiceInfo: Key lengths > 9 are discouraged: deviceName
06-06 13:42:37.017 1029 1905 W NsdServiceInfo: Key lengths > 9 are discouraged: romVersion
06-06 13:42:37.017 1029 1905 W NsdServiceInfo: Key lengths > 9 are discouraged: findController
06-06 13:42:37.018 478 620 D NsdService: mdnssd [stop-register, 2]
06-06 13:42:37.018 248 302 W netd : dnssd_clientstub DNSServiceProcessResult called with NULL DNSServiceRef
06-06 13:42:37.026 1872 1872 D CompatibilityChangeReporter: Compat change id reported: 160794467; UID 10023; state: ENABLED
06-06 13:42:37.057 478 620 D NsdService: Register service
06-06 13:42:37.057 478 620 D NsdService: registerService: 3 name: 10.192.35.42, type: _db_controller._tcp, host: /10.192.35.42, port: 6689, txtRecord: deviceModel=DBBOX-A2romVersion=5.0.0.8findController=1sn=DZOH58251938669mac=20:02:FE:19:C1:F9 deviceName=客厅的当贝盒子)deviceId=1e3a052a7efe7674c1a3abec968efde1deviceModelNumber=H5232 romCode=5008
06-06 13:42:37.057 478 620 D NsdService: mdnssd [register, 3, 10.192.35.42, _db_controller._tcp, 6689, FGRldmljZU1vZGVsPURCQk9YLUEyEnJvbVZlcnNpb249NS4wLjAuOBBmaW5kQ29udHJvbGxlcj0xEnNuPURaT0g1ODI1MTkzODY2ORVtYWM9MjA6MDI6RkU6MTk6QzE6RjkgZGV2aWNlTmFtZT3lrqLljoXnmoTlvZPotJ3nm5LlrZApZGV2aWNlSWQ9MWUzYTA1MmE3ZWZlNzY3NGMxYTNhYmVjOTY4ZWZkZTEXZGV2aWNlTW9kZWxOdW1iZXI9SDUyMzIMcm9tQ29kZT01MDA4]
06-06 13:42:37.060 478 620 D NsdService: Register 3 3
06-06 13:42:37.062 1029 1215 I okhttp.OkHttpClient: <-- 200 OK http://tymsgapi.qun7.com/v1/core/logip (52ms, 81-byte body)
06-06 13:42:37.064 1029 1215 I HttpUtil: success
06-06 13:42:37.067 1029 1922 I okhttp.OkHttpClient: --> POST http://tyapi.qun7.com/v1/core/launcherota (523-byte body)
06-06 13:42:37.128 1029 1929 I okhttp.OkHttpClient: --> POST http://tyapi.qun7.com/v1/core/launcherota (523-byte body)
06-06 13:42:37.138 1029 1921 I okhttp.OkHttpClient: --> POST http://tymsgapi.qun7.com/v1/core/rom (523-byte body)
06-06 13:42:37.141 1029 1224 I okhttp.OkHttpClient: <-- 200 OK http://tymsgapi.qun7.com/v1/core/rom (127ms, unknown-length body)
06-06 13:42:37.173 1029 1029 E ccc : cccccc requestOtaInfo result BaseResponse{message='success', data=OtaUpdateBean{downloadId='3870', updateType=1, romVersionName='5.0.0.8', romCode=5555, current=0, romMd5v='dad49d84fb78f6d4db9df3dac87d110c', romLength=695962708, romSize='663.7 MB', downUrl='http://dl.qun7.com/H5/H5/5.0.0.8-20250606-j2iu/H5_618_20250606_ota.zip', reUrl='http://dl.v5tv.com/H5/H5/5.0.0.8-20250606-j2iu/H5_618_20250606_ota.zip', reUrl2='http://dl.tymcdn.com/H5/H5/5.0.0.8-20250606-j2iu/H5_618_20250606_ota.zip', tempUrl='null', remark='H5_618_20250606
06-06 13:42:37.173 1029 1029 E ccc : 链接: https://pan.baidu.com/s/1h7cSngjNbKAVFyQxbHdztA?pwd=j2iu 提取码: j2iu
06-06 13:42:37.173 1029 1029 E ccc : 1.修复调节音量大小后,断电上电开机后,音量大小又恢复默认 BUG编号:#84
06-06 13:42:37.173 1029 1029 E ccc : 2.添加全志原厂关于‘盒子上电开机,概率性界面蓝屏’的补丁,待复测 BUG编号:#116', status=idle, progress=0.0, filterMac=[], localPath='null', popup=1, isPaused=false, cancelled=false, extraInfo='null'}, code=0}
06-06 13:42:37.192 478 478 I Binder:478_A: type=1400 audit(0.0:572): avc: denied { call } for scontext=u:r:system_server:s0 tcontext=u:r:preinstall:s0 tclass=binder permissive=1
06-06 13:42:37.214 1029 1029 E ccc : cccccc com.dangbei.haqusetting not connect
06-06 13:42:37.214 1029 1029 E ccc : cccccc updateHelper 通知更新
06-06 13:42:37.214 1029 1029 E ccc : cccccc OtaUpdateHelper 普通更新 1
06-06 13:42:37.218 1062 1596 E hq : WeatherRefresh:::请求网络地址后,更新的地理位置为:null
06-06 13:42:37.220 1029 1029 I lerad.etna.haqu: type=1400 audit(0.0:573): avc: denied { read } for name="cache" dev="dm-0" ino=17 scontext=u:r:system_app:s0 tcontext=u:object_r:cache_file:s0 tclass=lnk_file permissive=1
06-06 13:42:37.225 1029 1215 I okhttp.OkHttpClient: --> POST http://tymsgapi.qun7.com/v1/core/appupdate (3238-byte body)
06-06 13:42:37.239 1029 1921 I okhttp.OkHttpClient: <-- 200 OK http://tymsgapi.qun7.com/v1/core/rom (101ms, unknown-length body)
06-06 13:42:37.256 1062 1593 E hq : WeatherRefresh:::请求网络地址后,更新的地理位置为:null
06-06 13:42:37.259 1029 1029 E ccc : cccccc requestOtaInfo result BaseResponse{message='success', data=OtaUpdateBean{downloadId='3870', updateType=1, romVersionName='5.0.0.8', romCode=5555, current=0, romMd5v='dad49d84fb78f6d4db9df3dac87d110c', romLength=695962708, romSize='663.7 MB', downUrl='http://dl.qun7.com/H5/H5/5.0.0.8-20250606-j2iu/H5_618_20250606_ota.zip', reUrl='http://dl.v5tv.com/H5/H5/5.0.0.8-20250606-j2iu/H5_618_20250606_ota.zip', reUrl2='http://dl.tymcdn.com/H5/H5/5.0.0.8-20250606-j2iu/H5_618_20250606_ota.zip', tempUrl='null', remark='H5_618_20250606
06-06 13:42:37.259 1029 1029 E ccc : 链接: https://pan.baidu.com/s/1h7cSngjNbKAVFyQxbHdztA?pwd=j2iu 提取码: j2iu
06-06 13:42:37.259 1029 1029 E ccc : 1.修复调节音量大小后,断电上电开机后,音量大小又恢复默认 BUG编号:#84
06-06 13:42:37.259 1029 1029 E ccc : 2.添加全志原厂关于‘盒子上电开机,概率性界面蓝屏’的补丁,待复测 BUG编号:#116', status=idle, progress=0.0, filterMac=[], localPath='null', popup=1, isPaused=false, cancelled=false, extraInfo='null'}, code=0}
06-06 13:42:37.272 1029 1029 E ccc : cccccc com.dangbei.haqusetting not connect
06-06 13:42:37.272 1029 1029 E ccc : cccccc updateHelper 通知更新
06-06 13:42:37.272 1029 1029 E ccc : cccccc OtaUpdateHelper 普通更新 1
01-01 08:00:29.799 388 388 W hdr10p_Configure: 222 callbacks suppressed
01-01 08:00:29.799 388 388 I : DVI mode selected: packets not configured
01-01 08:00:29.799 388 388 W set_vsif_config: 222 callbacks suppressed
01-01 08:00:29.799 388 388 I : Error: set vsif failed
06-06 13:42:37.291 1029 1213 I okhttp.OkHttpClient: --> POST http://tymsgapi.qun7.com/v1/core/appupdate (3238-byte body)
06-06 13:42:37.302 478 603 D CompatibilityChangeReporter: Compat change id reported: 135634846; UID 10062; state: DISABLED
06-06 13:42:37.302 478 603 D CompatibilityChangeReporter: Compat change id reported: 177438394; UID 10062; state: DISABLED
06-06 13:42:37.302 478 603 D CompatibilityChangeReporter: Compat change id reported: 135772972; UID 10062; state: DISABLED
06-06 13:42:37.302 478 603 D CompatibilityChangeReporter: Compat change id reported: 135754954; UID 10062; state: ENABLED
06-06 13:42:37.303 478 533 D CompatibilityChangeReporter: Compat change id reported: 143937733; UID 10062; state: ENABLED
06-06 13:42:37.288 1585 1585 I preinstall.sh: type=1400 audit(0.0:574): avc: denied { getattr } for path="/data/local/pre_apks_installed" dev="mmcblk0p25" ino=2015 scontext=u:r:preinstall:s0 tcontext=u:object_r:preinstall_system_file:s0 tclass=file permissive=1
06-06 13:42:37.288 1585 1585 I preinstall.sh: type=1400 audit(0.0:575): avc: denied { search } for name="data" dev="mmcblk0p25" ino=87 scontext=u:r:preinstall:s0 tcontext=u:object_r:system_data_file:s0:c512,c768 tclass=dir permissive=1
06-06 13:42:37.288 1585 1585 I preinstall.sh: type=1400 audit(0.0:576): avc: denied { getattr } for path="/data/data/com.oranth.ledstatus" dev="mmcblk0p25" ino=739 scontext=u:r:preinstall:s0 tcontext=u:object_r:system_app_data_file:s0 tclass=dir permissive=1
06-06 13:42:37.315 1029 1922 I okhttp.OkHttpClient: <-- 200 OK http://tyapi.qun7.com/v1/core/launcherota (247ms, unknown-length body)
06-06 13:42:37.328 1029 1029 E ccc : cccccc launcher ota response is BaseResponse{message='success', data=UpgradeInfoEntity{contentLength=0, versionName='', versionCode=0, remark='', list=[]}, code=0}
06-06 13:42:37.329 249 249 D Zygote : Forked child process 1952
06-06 13:42:37.330 1029 1029 W System.err: java.lang.IndexOutOfBoundsException: Index: 0, Size: 0
06-06 13:42:37.330 478 533 I ActivityManager: app.processName = com.android.remoteprovisioner
06-06 13:42:37.330 478 533 I ActivityManager: Start proc 1952:com.android.remoteprovisioner/u0a62 for broadcast {com.android.remoteprovisioner/com.android.remoteprovisioner.BootReceiver}
06-06 13:42:37.332 1029 1029 W System.err: at java.util.ArrayList.get(ArrayList.java:437)
06-06 13:42:37.333 1029 1029 W System.err: at com.dangbei.etna.update.launcher.LauncherUpdateHelper$requestLauncherUpdateInfo$1$2.invoke(LauncherUpdateHelper.kt:198)
06-06 13:42:37.333 1029 1029 W System.err: at com.dangbei.etna.update.launcher.LauncherUpdateHelper$requestLauncherUpdateInfo$1$2.invoke(LauncherUpdateHelper.kt:189)
06-06 13:42:37.333 1029 1029 W System.err: at com.etna.haqu.support.ext.FlowExtKt$safeCollect$3.emit(FlowExt.kt:52)
06-06 13:42:37.333 1029 1029 W System.err: at kotlinx.coroutines.flow.FlowKt__ErrorsKt$catchImpl$2.emit(Errors.kt:158)
06-06 13:42:37.333 1029 1029 W System.err: at kotlinx.coroutines.flow.FlowKt__ChannelsKt.emitAllImpl$FlowKt__ChannelsKt(Channels.kt:62)
06-06 13:42:37.333 1029 1029 W System.err: at kotlinx.coroutines.flow.FlowKt__ChannelsKt.access$emitAllImpl$FlowKt__ChannelsKt(Channels.kt:1)
06-06 13:42:37.333 1029 1029 W System.err: at kotlinx.coroutines.flow.FlowKt__ChannelsKt$emitAllImpl$1.invokeSuspend(Unknown Source:14)
06-06 13:42:37.333 1029 1029 W System.err: at kotlin.coroutines.jvm.internal.BaseContinuationImpl.resumeWith(ContinuationImpl.kt:33)
06-06 13:42:37.333 1029 1029 W System.err: at kotlinx.coroutines.DispatchedTask.run(DispatchedTask.kt:106)
06-06 13:42:37.333 1029 1029 W System.err: at android.os.Handler.handleCallback(Handler.java:938)
06-06 13:42:37.333 1029 1029 W System.err: at android.os.Handler.dispatchMessage(Handler.java:99)
06-06 13:42:37.333 1029 1029 W System.err: at android.os.Looper.loopOnce(Looper.java:201)
06-06 13:42:37.333 1029 1029 W System.err: at android.os.Looper.loop(Looper.java:288)
06-06 13:42:37.333 1029 1029 W System.err: at android.app.ActivityThread.main(ActivityThread.java:7854)
06-06 13:42:37.333 1029 1029 W System.err: at java.lang.reflect.Method.invoke(Native Method)
06-06 13:42:37.333 1029 1029 W System.err: at com.android.internal.os.RuntimeInit$MethodAndArgsCaller.run(RuntimeInit.java:548)
06-06 13:42:37.333 1029 1029 W System.err: at com.android.internal.os.ZygoteInit.main(ZygoteInit.java:1182)
06-06 13:42:37.334 1029 1929 I okhttp.OkHttpClient: <-- 200 OK http://tyapi.qun7.com/v1/core/launcherota (206ms, unknown-length body)
06-06 13:42:37.338 1029 1215 I okhttp.OkHttpClient: <-- 200 OK http://tymsgapi.qun7.com/v1/core/appupdate (111ms, unknown-length body)
06-06 13:42:37.339 1029 1029 E ccc : cccccc com.dangbei.haqusetting not connect
06-06 13:42:37.339 1029 1029 E ccc : cccccc updateHelper 通知更新
06-06 13:42:37.346 1952 1952 I Zygote : seccomp disabled by setenforce 0
06-06 13:42:37.360 1029 1029 E ccc : cccccc launcher ota response is BaseResponse{message='success', data=UpgradeInfoEntity{contentLength=0, versionName='', versionCode=0, remark='', list=[]}, code=0}
06-06 13:42:37.361 1029 1029 W System.err: java.lang.IndexOutOfBoundsException: Index: 0, Size: 0
06-06 13:42:37.361 1029 1029 W System.err: at java.util.ArrayList.get(ArrayList.java:437)
06-06 13:42:37.361 1029 1029 W System.err: at com.dangbei.etna.update.launcher.LauncherUpdateHelper$requestLauncherUpdateInfo$1$2.invoke(LauncherUpdateHelper.kt:198)
06-06 13:42:37.361 1029 1029 W System.err: at com.dangbei.etna.update.launcher.LauncherUpdateHelper$requestLauncherUpdateInfo$1$2.invoke(LauncherUpdateHelper.kt:189)
06-06 13:42:37.361 1029 1029 W System.err: at com.etna.haqu.support.ext.FlowExtKt$safeCollect$3.emit(FlowExt.kt:52)
06-06 13:42:37.361 1029 1029 W System.err: at kotlinx.coroutines.flow.FlowKt__ErrorsKt$catchImpl$2.emit(Errors.kt:158)
06-06 13:42:37.361 1029 1029 W System.err: at kotlinx.coroutines.flow.FlowKt__ChannelsKt.emitAllImpl$FlowKt__ChannelsKt(Channels.kt:62)
06-06 13:42:37.361 1029 1029 W System.err: at kotlinx.coroutines.flow.FlowKt__ChannelsKt.access$emitAllImpl$FlowKt__ChannelsKt(Channels.kt:1)
06-06 13:42:37.361 1029 1029 W System.err: at kotlinx.coroutines.flow.FlowKt__ChannelsKt$emitAllImpl$1.invokeSuspend(Unknown Source:14)
06-06 13:42:37.369 186 186 E SELinux : avc: denied { find } for pid=1953 uid=0 name=activity scontext=u:r:preinstall:s0 tcontext=u:object_r:activity_service:s0 tclass=service_manager permissive=1
06-06 13:42:37.372 478 521 W IorapForwardingService: No service published for: iorapd
06-06 13:42:37.376 1029 1029 W System.err: at kotlin.coroutines.jvm.internal.BaseContinuationImpl.resumeWith(ContinuationImpl.kt:33)
06-06 13:42:37.376 1029 1029 W System.err: at kotlinx.coroutines.DispatchedTask.run(DispatchedTask.kt:106)
06-06 13:42:37.376 1029 1029 W System.err: at android.os.Handler.handleCallback(Handler.java:938)
06-06 13:42:37.376 1029 1029 W System.err: at android.os.Handler.dispatchMessage(Handler.java:99)
06-06 13:42:37.376 1029 1029 W System.err: at android.os.Looper.loopOnce(Looper.java:201)
06-06 13:42:37.376 1029 1029 W System.err: at android.os.Looper.loop(Looper.java:288)
06-06 13:42:37.377 1029 1029 W System.err: at android.app.ActivityThread.main(ActivityThread.java:7854)
06-06 13:42:37.377 1029 1029 W System.err: at java.lang.reflect.Method.invoke(Native Method)
06-06 13:42:37.377 1029 1029 W System.err: at com.android.internal.os.RuntimeInit$MethodAndArgsCaller.run(RuntimeInit.java:548)
06-06 13:42:37.377 1029 1029 W System.err: at com.android.internal.os.ZygoteInit.main(ZygoteInit.java:1182)
06-06 13:42:37.379 1029 1029 E ccc : cccccc com.dangbei.haqusetting not connect
06-06 13:42:37.379 1029 1029 E ccc : cccccc updateHelper 通知更新
06-06 13:42:37.380 1029 1213 I okhttp.OkHttpClient: <-- 200 OK http://tymsgapi.qun7.com/v1/core/appupdate (89ms, unknown-length body)
06-06 13:42:37.381 1128 1128 D aaa : LedStatusService onStartCommand begin
06-06 13:42:37.385 1128 1963 D aaa : topPkg is -------------- :com.dangbei.leard.leradlauncher
06-06 13:42:37.386 1272 1513 D XHttpObservable: createNetWorkObservable subscribe: MediaControlEntity{code=0, data=PageEntity{list=[ContentEntity{packageName='com.dangbei.leard.leradlauncher', activityName='FilmDetailActivity'}, ContentEntity{packageName='com.dangbei.leard.leradlauncher', activityName='FullScreenDetailActivity'}, ContentEntity{packageName='com.dangbei.leard.leradlauncher', activityName='TencentSportActivity'}, ContentEntity{packageName='com.dangbei.leradVideoPlugins', activityName='FilmDetailActivity'}, ContentEntity{packageName='com.dangbei.leradVideoPlugins', activityName='FullScreenDetailActivity'}, ContentEntity{packageName='com.dangbei.leradVideoPlugins', activityName='TencentSportActivity'}, ContentEntity{packageName='com.dangbei.leradVideoPlugins', activityName='ShortPlayActivity'}, ContentEntity{packageName='com.dangbei.hqmedia', activityName='FilmDetailActivity'}, ContentEntity{packageName='com.dangbei.hqmedia', activityName='FullScreenDetailActivity'}, ContentEntity{packageName='com.dangbei.leradVideoPlugins', activityName='MangoMediaActivity'}, ContentEntity{packageName='com.dangbei.leradVideoPlugins', activityName='VcinemaActivity'}]}, message='success'} ,,, isDisposed = false
06-06 13:42:37.392 1128 1963 D aaa : WiFi is connect
01-01 08:00:29.922 388 388 I : DVI mode selected: packets not configured
01-01 08:00:29.922 388 388 I : Error: set vsif failed
06-06 13:42:37.421 397 417 I adbd : jdwp connection from 1952
06-06 13:42:37.424 1062 1593 E hq : WeatherRefresh:::请求网络地址后,更新的地理位置为:101210101
06-06 13:42:37.425 1062 1187 D AppManager: checkLocalAppsIsValid: size
06-06 13:42:37.425 1062 1187 D AppManager: AppManager resetData:
06-06 13:42:37.496 1062 1586 I dangbei ad sdk: AdSplashView::show offline ad
06-06 13:42:37.516 1272 1516 D XHttpObservable: createNetWorkObservable subscribe: ShowMessageEntity{code=0, data=TipEntity{movieType=[我想看喜剧片, 动作片, 枪战片], movie=[庆余年, 误杀, 美丽人生, 爆笑虫子, 哪吒, 小猪佩奇, 胡歌的电视剧, 张艺谋导演的电影, 切换到1080P, 收藏], appController=[打开当贝市场, 下载哈趣影视, 爱奇艺, 卸载腾讯视频], weather=[今天的天气, 未来五天的天气, 杭州天气怎么样, 明天下不下雨], music=[我要听歌, 周杰伦的歌, 上一首, 下一首, 快进一分钟, 暂停], liveAppDownload='非常抱歉,根据监管部门政策管理要求,暂不提供相应服务。', subscreen=null, wakeUpVoiceResponse=[ProbabilityEntity{word='在呢', probability=30}, ProbabilityEntity{word='我在', probability=35}, ProbabilityEntity{word='你说', probability=15}, ProbabilityEntity{word='来啦', probability=20}], unrecognizedVoiceResponse=[ProbabilityEntity{word='可以再说一遍么', probability=45}, ProbabilityEntity{word='可以说的详细一点么', probability=30}, ProbabilityEntity{word='请问有什么可以帮您', probability=25}], notUnderstandVoiceResponse=[ProbabilityEntity{word='换个说法试试吧', probability=100}]}, message='success'} ,,, isDisposed = false
06-06 13:42:37.523 478 603 D CompatibilityChangeReporter: Compat change id reported: 168419799; UID 10062; state: DISABLED
06-06 13:42:37.542 478 478 W InputMethodManagerService: Illegal subtype state: old subtype = null, new subtype = android.view.inputmethod.InputMethodSubtype@129f21f8
06-06 13:42:37.544 478 520 D AW_CODE : rotation =0
06-06 13:42:37.556 478 520 D AW_CODE : rotation =0
06-06 13:42:37.561 1062 1593 E hq : ErrorCoroutineExceptionHandler:::runTry error:com.dangbei.leard.base.proider.error.EmptyApiException: 数据为空 from=requestMessageDialog from=requestMessageDialog
06-06 13:42:37.577 478 620 D NsdService: Native daemon message SERVICE_REGISTERED: 606 3 "10.192.35.42"
06-06 13:42:37.579 1029 1029 D LanCommander: com.dangbei.andes.bean.RegistrationData@93277c----------------onServiceRegistered
06-06 13:42:37.583 478 520 D AW_CODE : rotation =0
06-06 13:42:37.586 1952 1952 D CompatibilityChangeReporter: Compat change id reported: 171979766; UID 10062; state: ENABLED
06-06 13:42:37.588 1062 1189 E hq : Etna:::sendInspectLauncherUpdate
06-06 13:42:37.603 1029 1044 E ccc : cccccc SystemUpdateHelper launcherUpdate {"launcherCodeLocal":102941,"launcherCodeNet":0,"launcherVersionLocal":"2.9.4.1","launcherVersionNet":"","otaCodeLocal":0,"otaCodeNet":0,"remoteNeedUpdate":false,"updateType":""}
06-06 13:42:37.614 1062 1189 D etnaManager: 不需要更新桌面
01-01 08:00:30.163 388 388 I : DVI mode selected: packets not configured
01-01 08:00:30.163 388 388 I : Error: set vsif failed
06-06 13:42:37.661 1952 1952 V GraphicsEnvironment: ANGLE Developer option for 'com.android.remoteprovisioner' set to: 'default'
06-06 13:42:37.661 1952 1952 V GraphicsEnvironment: Neither updatable production driver nor prerelease driver is supported.
06-06 13:42:37.664 1952 1952 D NetworkSecurityConfig: No Network Security Config specified, using platform default
06-06 13:42:37.665 1952 1952 D NetworkSecurityConfig: No Network Security Config specified, using platform default
06-06 13:42:37.670 1952 1952 I RemoteProvisioningBootReceiver: Caught boot intent, waking up.
01-01 08:00:30.217 388 388 I : DVI mode selected: packets not configured
01-01 08:00:30.217 388 388 I : Error: set vsif failed
06-06 13:42:37.696 478 813 D ConnectivityService: requestNetwork for uid/pid:1000/478 asUid: 10062 activeRequest: null callbackRequest: 29 [NetworkRequest [ REQUEST id=30, [ Capabilities: INTERNET&NOT_RESTRICTED&TRUSTED&NOT_VCN_MANAGED Uid: 10062 RequestorUid: 1000 RequestorPkg: android] ]] callback flags: 0 priority: 2147483647
06-06 13:42:37.697 478 617 D ConnectivityService: NetReassign [30 : null → 100]
06-06 13:42:37.700 478 652 D Ethernet: got request NetworkRequest [ REQUEST id=30, [ Capabilities: INTERNET&NOT_RESTRICTED&TRUSTED&NOT_VCN_MANAGED Uid: 10062 RequestorUid: 1000 RequestorPkg: android] ]
06-06 13:42:37.700 478 652 D EthernetNetworkFactory: acceptRequest, request: NetworkRequest [ REQUEST id=30, [ Capabilities: INTERNET&NOT_RESTRICTED&TRUSTED&NOT_VCN_MANAGED Uid: 10062 RequestorUid: 1000 RequestorPkg: android] ]
06-06 13:42:37.701 478 652 I EthernetNetworkFactory: networkForRequest, request: NetworkRequest [ REQUEST id=30, [ Capabilities: INTERNET&NOT_RESTRICTED&TRUSTED&NOT_VCN_MANAGED Uid: 10062 RequestorUid: 1000 RequestorPkg: android] ], network: null
06-06 13:42:37.701 478 813 I ActivityManager: com.android.shell is exempt from freezer
06-06 13:42:37.701 478 610 D WifiNetworkFactory: got request NetworkRequest [ REQUEST id=30, [ Capabilities: INTERNET&NOT_RESTRICTED&TRUSTED&NOT_VCN_MANAGED Uid: 10062 RequestorUid: 1000 RequestorPkg: android] ]
06-06 13:42:37.701 478 610 D UntrustedWifiNetworkFactory: got request NetworkRequest [ REQUEST id=30, [ Capabilities: INTERNET&NOT_RESTRICTED&TRUSTED&NOT_VCN_MANAGED Uid: 10062 RequestorUid: 1000 RequestorPkg: android] ]
06-06 13:42:37.702 478 813 D CompatibilityChangeReporter: Compat change id reported: 135634846; UID 2000; state: DISABLED
06-06 13:42:37.702 478 610 D OemPaidWifiNetworkFactory: got request NetworkRequest [ REQUEST id=30, [ Capabilities: INTERNET&NOT_RESTRICTED&TRUSTED&NOT_VCN_MANAGED Uid: 10062 RequestorUid: 1000 RequestorPkg: android] ]
06-06 13:42:37.702 478 813 D CompatibilityChangeReporter: Compat change id reported: 177438394; UID 2000; state: DISABLED
06-06 13:42:37.702 478 813 D CompatibilityChangeReporter: Compat change id reported: 135772972; UID 2000; state: DISABLED
06-06 13:42:37.702 478 813 D CompatibilityChangeReporter: Compat change id reported: 135754954; UID 2000; state: ENABLED
01-01 08:00:30.264 388 388 I : DVI mode selected: packets not configured
01-01 08:00:30.264 388 388 I : Error: set vsif failed
06-06 13:42:37.741 249 249 D Zygote : Forked child process 2003
06-06 13:42:37.742 478 533 I ActivityManager: app.processName = com.android.shell
06-06 13:42:37.742 478 533 I ActivityManager: Start proc 2003:com.android.shell/2000 for broadcast {com.android.shell/com.android.shell.HeapDumpReceiver}
06-06 13:42:37.749 2003 2003 I Zygote : seccomp disabled by setenforce 0
06-06 13:42:37.751 1952 1952 I RemoteProvisioningService: Starting provisioning job
06-06 13:42:37.761 1062 1062 E SecondScreen: isShowSecondScreen()=0 getCurrentPageState()=com.monster.gamma.core.LoadService@a7045e4
06-06 13:42:37.789 397 417 I adbd : jdwp connection from 2003
06-06 13:42:37.798 269 282 D hdmi-cec: receive invalid cec message!
06-06 13:42:37.798 269 282 D hdmi-cec: receive poll message [04], skip!
01-01 08:00:30.327 282 282 W audit : audit_lost=168 audit_rate_limit=5 audit_backlog_limit=64
01-01 08:00:30.327 282 282 E audit : rate limit exceeded
06-06 13:42:37.818 478 813 D CompatibilityChangeReporter: Compat change id reported: 168419799; UID 2000; state: DISABLED
06-06 13:42:37.834 2003 2003 D CompatibilityChangeReporter: Compat change id reported: 171979766; UID 2000; state: ENABLED
06-06 13:42:37.873 1062 1592 E hq : WeatherRefresh:::请求网络地址后,更新的地理位置为:101210101
06-06 13:42:37.891 1062 1062 W View : requestLayout() improperly called by com.dangbei.launcher.home.view.second.view.AppRecyclerView{3edd8f1 V.ED..... ......I. 80,0-1840,1080} during layout: running second layout pass
06-06 13:42:37.923 2003 2003 V GraphicsEnvironment: ANGLE Developer option for 'com.android.shell' set to: 'default'
06-06 13:42:37.923 2003 2003 V GraphicsEnvironment: Neither updatable production driver nor prerelease driver is supported.
06-06 13:42:37.936 478 813 D CompatibilityChangeReporter: Compat change id reported: 135634846; UID 10048; state: DISABLED
06-06 13:42:37.938 478 533 D CompatibilityChangeReporter: Compat change id reported: 143937733; UID 10048; state: DISABLED
06-06 13:42:37.946 2003 2003 D NetworkSecurityConfig: No Network Security Config specified, using platform default
01-01 08:00:30.481 388 388 I : DVI mode selected: packets not configured
01-01 08:00:30.481 388 388 I : Error: set vsif failed
01-01 08:00:30.497 388 388 I : DVI mode selected: packets not configured
01-01 08:00:30.497 388 388 I : Error: set vsif failed
06-06 13:42:37.954 2003 2003 D NetworkSecurityConfig: No Network Security Config specified, using platform default
06-06 13:42:37.957 1062 1596 E hq : 当小贝:::message list add complete data.messageList:[{"id":-19, "date":null, "innerType":null, "isForce":null, "img":"null", "title":"您是否继续播放《大秦赋》", "subTitle":"null", "userId":"null", "createTime":"null", "jumpConfig":JumpConfig{type=0, link='db://mediadetail?id=60001033&type=12', param=null, limitVipId=null, appInfo=null}, "status":0, "category":"null", "msgPosition":"HOME_PAGE", "userGroupId":"null", "ruleId":"null", "groupTagId":"null", "messageType":2, "isShowJumpButton":true, "jumpButtonText":"立即查看", "coverImg":"null", "jumpImage":"null"}]
06-06 13:42:37.957 1062 1596 E hq : data.tabList=[]
06-06 13:42:37.957 1062 1596 I hq : 当小贝:::showMessage from=requestGetMessageRemind
06-06 13:42:37.964 249 249 D Zygote : Forked child process 2034
06-06 13:42:37.967 478 533 I ActivityManager: app.processName = com.sohu.inputmethod.sogou.tv
06-06 13:42:37.967 478 533 I ActivityManager: Start proc 2034:com.sohu.inputmethod.sogou.tv/u0a48 for service {com.sohu.inputmethod.sogou.tv/com.sohu.inputmethod.sogou.tv.SogouIME}
06-06 13:42:37.979 2034 2034 I Zygote : seccomp disabled by setenforce 0
06-06 13:42:37.989 1062 1062 E hq : 当小贝:::显示消息type=SIMPLE_TEXT ,data.isShowInCur=false ,delay=5000 ,message.mandatoryMessage=true , message={"id":-19, "date":null, "innerType":null, "isForce":null, "img":"null", "title":"您是否继续播放《大秦赋》", "subTitle":"null", "userId":"null", "createTime":"null", "jumpConfig":JumpConfig{type=0, link='db://mediadetail?id=60001033&type=12', param=null, limitVipId=null, appInfo=null}, "status":0, "category":"null", "msgPosition":"HOME_PAGE", "userGroupId":"null", "ruleId":"null", "groupTagId":"null", "messageType":2, "isShowJumpButton":true, "jumpButtonText":"立即查看", "coverImg":"null", "jumpImage":"null"}
06-06 13:42:37.999 656 656 E WifiHAL : wifi_get_link_stats: requestResponse Error:-5
06-06 13:42:38.001 478 610 E WifiVendorHal: getWifiLinkLayerStats_1_5_Internal(l.1191) failed {.code = ERROR_INVALID_ARGS, .description = }
06-06 13:42:38.006 397 417 I adbd : jdwp connection from 2034
06-06 13:42:38.045 2003 2003 D HeapDumpReceiver: onReceive(): Intent { act=android.intent.action.BOOT_COMPLETED flg=0x89000010 cmp=com.android.shell/.HeapDumpReceiver (has extras) }
06-06 13:42:38.052 2003 2050 D HeapDumpReceiver: Deleting from /data/user_de/0/com.android.shell/files/heapdumps
01-01 08:00:30.580 388 388 I : DVI mode selected: packets not configured
01-01 08:00:30.580 388 388 I : Error: set vsif failed
