06-06 13:42:30.863 478 533 I ActivityManager: Start proc 1216:com.android.music/u0a42 for service {com.android.music/com.android.music.MediaPlaybackService}
06-06 13:42:30.865 478 533 D CompatibilityChangeReporter: Compat change id reported: 143937733; UID 10018; state: ENABLED
06-06 13:42:30.867 666 666 I BluetoothAdapterService: initProfileServices: Initializing all bluetooth profile services
06-06 13:42:30.867 666 666 I BluetoothA2dpSinkServiceJni: classInitNative: succeeds
06-06 13:42:30.871 666 666 W HeadsetClientService: getHeadsetClientService(): service is null
06-06 13:42:30.871 666 666 W MapClientService: getMapClientService(): service is null
06-06 13:42:30.872 666 666 W PbapClientService: getPbapClientService(): service is null
06-06 13:42:30.872 666 666 W HearingAidService: getHearingAidService(): service is NULL
06-06 13:42:30.872 666 666 W SapService: getSapService(): service is null
06-06 13:42:30.873 666 882 D AdapterProperties: Scan Mode:21
06-06 13:42:30.872 1216 1216 I Zygote : seccomp disabled by setenforce 0
06-06 13:42:30.878 666 864 I AdapterState: ON : entered
06-06 13:42:30.879 666 864 D AdapterProperties: Setting state to ON
06-06 13:42:30.880 666 864 D BluetoothAdapterService: updateAdapterState() - Broadcasting state ON to 1 receivers.
06-06 13:42:30.890 249 249 D Zygote : Forked child process 1218
06-06 13:42:30.891 478 533 W ActivityManager: Slow operation: 56ms so far, now at startProcess: returned from zygote!
06-06 13:42:30.915 1218 1218 I Zygote : seccomp disabled by setenforce 0
06-06 13:42:30.929 1029 1217 W ContextImpl: Calling a method in the system process without a qualified user: android.app.ContextImpl.bindService:1895 android.content.ContextWrapper.bindService:810 com.dangbei.lerad.etna.lib.client.EtnaClient.bindServer:138 com.dangbei.lerad.etna.lib.client.EtnaClient.access$600:29 com.dangbei.lerad.etna.lib.client.EtnaClient$3.call:205
06-06 13:42:30.945 478 533 W ActivityManager: Slow operation: 109ms so far, now at startProcess: done updating battery stats
06-06 13:42:30.945 478 533 W ActivityManager: Slow operation: 109ms so far, now at startProcess: building log message
06-06 13:42:30.945 478 533 I ActivityManager: app.processName = android.process.acore
06-06 13:42:30.945 478 533 I ActivityManager: Start proc 1218:android.process.acore/u0a18 for content provider {com.android.providers.contacts/com.android.providers.contacts.ContactsProvider2}
06-06 13:42:30.945 478 533 W ActivityManager: Slow operation: 109ms so far, now at startProcess: starting to update pids map
06-06 13:42:30.945 478 533 W ActivityManager: Slow operation: 110ms so far, now at startProcess: done updating pids map
06-06 13:42:30.946 478 521 D BluetoothManagerService: MESSAGE_BLUETOOTH_STATE_CHANGE: TURNING_ON > ON
06-06 13:42:30.946 478 521 D BluetoothManagerService: Broadcasting onBluetoothStateChange(true) to 4 receivers.
06-06 13:42:30.946 478 521 D BluetoothHeadset: onBluetoothStateChange: up=true
06-06 13:42:30.946 478 521 D BluetoothManagerService: Creating new ProfileServiceConnections object for profile: 1
06-06 13:42:30.949 1177 1177 D CompatibilityChangeReporter: Compat change id reported: 171979766; UID 1000; state: ENABLED
06-06 13:42:30.957 397 417 I adbd : jdwp connection from 1216
06-06 13:42:30.958 397 417 I adbd : jdwp connection from 1218
06-06 13:42:30.959 478 521 D BluetoothManagerService: Sending BLE State Change: TURNING_ON > ON
06-06 13:42:30.966 666 882 D AdapterProperties: Discoverable Timeout:120
06-06 13:42:30.976 478 521 D BluetoothManagerService: Sending State Change: TURNING_ON > ON
06-06 13:42:30.989 666 901 D BluetoothActiveDeviceManager: handleMessage(MESSAGE_ADAPTER_ACTION_STATE_CHANGED): newState=12
06-06 13:42:30.991 679 875 D LocalBluetoothProfileManager: Adding local A2DP profile
06-06 13:42:31.007 666 666 I BluetoothPhonePolicy: Received ACTION_UUID for device E4:BB:D3:57:C0:49
06-06 13:42:31.007 666 666 I BluetoothPhonePolicy: index=0uuid=00001812-0000-1000-8000-00805f9b34fb
06-06 13:42:31.007 666 666 I BluetoothPhonePolicy: processInitProfilePriorities() - device E4:BB:D3:57:C0:49
06-06 13:42:31.007 666 666 W HearingAidService: getHearingAidService(): service is NULL
06-06 13:42:31.007 666 666 V BluetoothDatabase: getProfileConnectionPolicy: E4:BB:D3:57:C0:49, profile=4, connectionPolicy = 100
06-06 13:42:31.008 666 666 D BluetoothAdapterService: isQuetModeEnabled() - Enabled = false
06-06 13:42:31.008 666 666 I BluetoothPhonePolicy: autoConnect: Initiate auto connection on BT on...
06-06 13:42:31.008 666 666 D BluetoothDatabase: getMostRecentlyConnectedA2dpDevice: Invalid address for device LocalStorage
06-06 13:42:31.008 666 666 E BluetoothPhonePolicy: autoConnect: most recently active a2dp device is null
06-06 13:42:31.009 666 666 D BtOppService: start Socket Listeners
06-06 13:42:31.009 666 666 D BtOppService: stopListeners: mServerSocket is null
06-06 13:42:31.009 666 666 D ObexServerSockets: create(rfcomm = -2, l2capPsm = -2)
06-06 13:42:31.010 666 882 D AdapterProperties: mLocalIOCapability set to 1
06-06 13:42:31.010 666 882 D AdapterProperties: mLocalIOCapabilityBLE set to 4
06-06 13:42:31.012 666 666 I bt_btif_sock_rfcomm: system/bt/btif/src/btif_sock_rfc.cc:303 btsock_rfc_listen: Adding listening socket service_name: (null) - channel: -2
06-06 13:42:31.012 666 958 I bt_stack: [INFO:port_api.cc(234)] RFCOMM_CreateConnection: bd_addr=ff:ff:ff:ff:ff:ff, scn=5, is_server=1, mtu=990, uuid=000000, dlci=10, signal_state=0x0b, p_port=0xc5529a9c
06-06 13:42:31.013 666 666 D BluetoothAdapter: listenUsingInsecureL2capOn: port=-2
06-06 13:42:31.015 666 666 I bluetooth: system/bt/btif/src/btif_sock_l2cap.cc:316 btsock_l2cap_alloc_l: Allocated l2cap socket structure socket_id:2
06-06 13:42:31.015 478 811 D CompatibilityChangeReporter: Compat change id reported: 168419799; UID 10042; state: DISABLED
06-06 13:42:31.015 666 958 I bt_l2cap: system/bt/stack/l2cap/l2c_api.cc:134 L2CA_Register: L2CAP Registered service classic PSM: 0x1003
06-06 13:42:31.015 666 958 I bluetooth: system/bt/btif/src/btif_sock_l2cap.cc:341 send_app_psm_or_chan_l: Sending l2cap socket socket_id:2 channel:4099
06-06 13:42:31.016 666 666 D BluetoothAdapter: listenUsingInsecureL2capOn: set assigned channel to 4099
06-06 13:42:31.016 666 666 D ObexServerSockets: Succeed to create listening sockets
06-06 13:42:31.016 666 666 D ObexServerSockets1: startAccept()
06-06 13:42:31.017 666 666 D BluetoothSdpJni: sdpCreateOppOpsRecordNative
06-06 13:42:31.017 666 958 I bt_bta_dm: system/bt/bta/dm/bta_dm_act.cc:3191 bta_dm_eir_update_uuid: EIR Adding UUID=0x1105 into extended inquiry response
06-06 13:42:31.017 666 958 I bt_bta_dm: system/bt/bta/dm/bta_dm_act.cc:2890 bta_dm_set_eir: Generating extended inquiry response packet EIR
06-06 13:42:31.017 666 666 D BluetoothSdpJni: SDP Create record success - handle: 1
06-06 13:42:31.017 666 666 D BtOppService: mOppSdpHandle :1
06-06 13:42:31.018 666 1250 D ObexServerSockets1: Accepting socket connection...
06-06 13:42:31.024 666 1251 D ObexServerSockets1: Accepting socket connection...
06-06 13:42:31.029 382 382 E update_engine: [ERROR:update_attempter_android.cc(-1)] unknown(...): Domain=update_engine, Code=generic_error, Message=No ongoing update to cancel.
06-06 13:42:31.031 382 382 E update_engine: [ERROR:update_attempter_android.cc(90)] Replying with failure: pc:0x82fea79: No ongoing update to cancel.
06-06 13:42:31.032 679 875 D BluetoothA2dp: Binding service...
06-06 13:42:31.038 1029 1029 E ccc : cccccc 故意做的cancel 捕获 No ongoing update to cancel.
06-06 13:42:31.038 1029 1029 W System.err: android.os.ServiceSpecificException: No ongoing update to cancel. (code 1)
06-06 13:42:31.039 1029 1029 W System.err: at android.os.Parcel.createExceptionOrNull(Parcel.java:2439)
06-06 13:42:31.039 1029 1029 W System.err: at android.os.Parcel.createException(Parcel.java:2409)
06-06 13:42:31.040 1029 1029 W System.err: at android.os.Parcel.readException(Parcel.java:2392)
06-06 13:42:31.040 1029 1029 W System.err: at android.os.Parcel.readException(Parcel.java:2334)
06-06 13:42:31.040 1029 1029 W System.err: at android.os.IUpdateEngine$Stub$Proxy.cancel(IUpdateEngine.java:480)
06-06 13:42:31.040 1029 1029 W System.err: at android.os.UpdateEngine.cancel(UpdateEngine.java:381)
06-06 13:42:31.040 1029 1029 W System.err: at com.oranth.otalibrary.OTAManager.cancel(OTAManager.java:54)
06-06 13:42:31.040 1029 1029 W System.err: at com.dangbei.etna.update.ota.OtaUpdateHelper.cancelInstalling(OtaUpdateHelper.kt:134)
06-06 13:42:31.040 1029 1029 W System.err: at com.dangbei.etna.update.ota.OtaUpdateHelper.init(OtaUpdateHelper.kt:72)
06-06 13:42:31.040 1029 1029 W System.err: at com.dangbei.etna.update.UpdateHelper.init(UpdateHelper.kt:60)
06-06 13:42:31.040 1029 1029 W System.err: at com.dangbei.lerad.etna.haqu.EtnaApplication.init(EtnaApplication.kt:97)
06-06 13:42:31.040 1029 1029 W System.err: at com.dangbei.lerad.etna.haqu.EtnaApplication.onCreate(EtnaApplication.kt:59)
06-06 13:42:31.040 1029 1029 W System.err: at android.app.Instrumentation.callApplicationOnCreate(Instrumentation.java:1211)
06-06 13:42:31.040 1029 1029 W System.err: at android.app.ActivityThread.handleBindApplication(ActivityThread.java:6740)
06-06 13:42:31.040 1029 1029 W System.err: at android.app.ActivityThread.access$1500(ActivityThread.java:247)
06-06 13:42:31.040 1029 1029 W System.err: at android.app.ActivityThread$H.handleMessage(ActivityThread.java:2053)
06-06 13:42:31.040 1029 1029 W System.err: at android.os.Handler.dispatchMessage(Handler.java:106)
06-06 13:42:31.040 1029 1029 W System.err: at android.os.Looper.loopOnce(Looper.java:201)
06-06 13:42:31.040 1029 1029 W System.err: at android.os.Looper.loop(Looper.java:288)
06-06 13:42:31.040 1029 1029 W System.err: at android.app.ActivityThread.main(ActivityThread.java:7854)
06-06 13:42:31.040 1029 1029 W System.err: at java.lang.reflect.Method.invoke(Native Method)
06-06 13:42:31.040 1029 1029 W System.err: at com.android.internal.os.RuntimeInit$MethodAndArgsCaller.run(RuntimeInit.java:548)
06-06 13:42:31.040 1029 1029 W System.err: at com.android.internal.os.ZygoteInit.main(ZygoteInit.java:1182)
06-06 13:42:31.041 382 382 I update_engine: [INFO:update_attempter_android.cc(365)] Attempting to reset state from UPDATE_STATUS_IDLE to UpdateStatus::IDLE
06-06 13:42:31.043 382 382 I update_engine: [INFO:update_attempter_android.cc(369)] Cleaning up reserved space for compressed APEX (if any)
06-06 13:42:31.045 382 382 I update_engine: [INFO:dynamic_partition_control_android.cc(1284)] ResetUpdate resetting update state and deleting snapshots.
06-06 13:42:31.051 1216 1216 D CompatibilityChangeReporter: Compat change id reported: 171979766; UID 10042; state: DISABLED
06-06 13:42:31.061 679 679 D BluetoothA2dp: Proxy object connected
06-06 13:42:31.062 478 521 D BluetoothHeadset: Proxy object connected
06-06 13:42:31.062 382 382 I update_engine: [INFO:delta_performer.cc(1389)] Resetting recorded hash for prepared partitions.
06-06 13:42:31.065 382 382 E update_engine: Read state file failed: No such file or directory
06-06 13:42:31.067 478 812 D CompatibilityChangeReporter: Compat change id reported: 168419799; UID 10018; state: DISABLED
06-06 13:42:31.068 1029 1029 E ccc : cccccc 只是做下reset 哈
06-06 13:42:31.071 1029 1029 I MMKV : loading [mmkv.default] with 1340 actual size, file size 4096, InterProcess 0, meta info version:3
06-06 13:42:31.071 1029 1029 I MMKV : loading [mmkv.default] with crc 2938149819 sequence 1 version 3
06-06 13:42:31.071 1029 1029 I MMKV : loaded [mmkv.default] with 9 key-values
06-06 13:42:31.071 478 628 I AS.BtHelper: setBtScoActiveDevice: (null) -> (null)
06-06 13:42:31.084 1216 1216 D ApplicationLoaders: Returning zygote-cached class loader: /system/framework/android.test.base.jar
06-06 13:42:31.085 1218 1218 D CompatibilityChangeReporter: Compat change id reported: 171979766; UID 10018; state: ENABLED
06-06 13:42:31.090 679 875 D LocalBluetoothProfileManager: Adding local HEADSET profile
06-06 13:42:31.095 1029 1029 E ccc : cccccc updateHelper 通知更新
06-06 13:42:31.099 1029 1029 E ccc : cccccc updateHelper 通知更新
06-06 13:42:31.105 1029 1029 E ccc : cccccc updateHelper 通知更新
06-06 13:42:31.118 679 875 D LocalBluetoothProfileManager: Adding local MAP profile
06-06 13:42:31.116 329 329 I rainbow_flow: type=1400 audit(0.0:400): avc: denied { ioctl } for path="/dev/spidev1.0" dev="tmpfs" ino=208 ioctlcmd=0x6b00 scontext=u:r:init:s0 tcontext=u:object_r:device:s0 tclass=chr_file permissive=1
06-06 13:42:31.122 679 875 D BluetoothMap: Create BluetoothMap proxy object
06-06 13:42:31.127 679 875 D BluetoothMap: Binding service...
06-06 13:42:31.129 1177 1177 V GraphicsEnvironment: ANGLE Developer option for 'com.oranth.storage' set to: 'default'
06-06 13:42:31.130 1177 1177 V GraphicsEnvironment: Neither updatable production driver nor prerelease driver is supported.
06-06 13:42:31.140 679 679 D BluetoothMap: Proxy object connected
06-06 13:42:31.140 679 679 D BluetoothMap: getConnectedDevices()
06-06 13:42:31.145 679 875 D LocalBluetoothProfileManager: Adding local OPP profile
06-06 13:42:31.145 679 875 D LocalBluetoothProfileManager: Adding local HID_HOST profile
06-06 13:42:31.145 1177 1177 D NetworkSecurityConfig: No Network Security Config specified, using platform default
06-06 13:42:31.148 679 875 D BluetoothHidHost: Binding service...
06-06 13:42:31.152 1177 1177 D NetworkSecurityConfig: No Network Security Config specified, using platform default
06-06 13:42:31.159 1177 1177 I aaa : low stroage service is start !!!
06-06 13:42:31.160 679 679 D BluetoothHidHost: Proxy object connected
06-06 13:42:31.161 1177 1177 W ContextImpl: Calling a method in the system process without a qualified user: android.app.ContextImpl.startService:1816 android.content.ContextWrapper.startService:774 android.content.ContextWrapper.startService:774 com.oranth.storage.BootCompletedReceiver.onReceive:15 android.app.ActivityThread.handleReceiver:4308
06-06 13:42:31.177 679 875 D LocalBluetoothProfileManager: Adding local HID_DEVICE profile
06-06 13:42:31.181 679 679 V SystemUIService: BOOT_COMPLETED received
06-06 13:42:31.181 1177 1177 D bbb : onCreate()
06-06 13:42:31.183 679 679 D SystemUIBootTiming: SystemUIService: bootcomplete com.android.systemui.util.NotificationChannels took 0 ms
06-06 13:42:31.183 679 679 D SystemUIService: loading: com.android.systemui.volume.VolumeUI
06-06 13:42:31.183 1177 1177 D CompatibilityChangeReporter: Compat change id reported: 160794467; UID 1000; state: ENABLED
06-06 13:42:31.185 679 875 D BluetoothHidDevice: Binding service...
06-06 13:42:31.190 1029 1029 E ccc : cccccc etna-service onCreate
06-06 13:42:31.191 1029 1029 W ContextImpl: Calling a method in the system process without a qualified user: android.app.ContextImpl.sendBroadcast:1173 android.content.ContextWrapper.sendBroadcast:479 com.dangbei.lerad.etna.core.EtnaManager.sendRebootBroadcast:82 com.dangbei.lerad.etna.core.EtnaService.onStartCommand:89 android.app.ActivityThread.handleServiceArgs:4639
06-06 13:42:31.192 1216 1216 V GraphicsEnvironment: ANGLE Developer option for 'com.android.music' set to: 'default'
06-06 13:42:31.193 1216 1216 V GraphicsEnvironment: Neither updatable production driver nor prerelease driver is supported.
06-06 13:42:31.193 1177 1177 D bbb : onStartCommand begin !!!!!!! data分区剩余 24983MB
06-06 13:42:31.201 478 750 E ActivityManager: Sending non-protected broadcast lerad.service.etna.haqu from system 1029:com.dangbei.lerad.etna.haqu/1000 pkg com.dangbei.lerad.etna.haqu
06-06 13:42:31.201 478 750 E ActivityManager: java.lang.Throwable
06-06 13:42:31.201 478 750 E ActivityManager: at com.android.server.am.ActivityManagerService.checkBroadcastFromSystem(ActivityManagerService.java:12816)
06-06 13:42:31.201 478 750 E ActivityManager: at com.android.server.am.ActivityManagerService.broadcastIntentLocked(ActivityManagerService.java:13416)
06-06 13:42:31.201 478 750 E ActivityManager: at com.android.server.am.ActivityManagerService.broadcastIntentLocked(ActivityManagerService.java:12833)
06-06 13:42:31.201 478 750 E ActivityManager: at com.android.server.am.ActivityManagerService.broadcastIntentWithFeature(ActivityManagerService.java:13670)
06-06 13:42:31.201 478 750 E ActivityManager: at android.app.IActivityManager$Stub.onTransact(IActivityManager.java:2326)
06-06 13:42:31.201 478 750 E ActivityManager: at com.android.server.am.ActivityManagerService.onTransact(ActivityManagerService.java:2509)
06-06 13:42:31.201 478 750 E ActivityManager: at android.os.Binder.execTransactInternal(Binder.java:1179)
06-06 13:42:31.201 478 750 E ActivityManager: at android.os.Binder.execTransact(Binder.java:1143)
06-06 13:42:31.202 478 750 E ActivityManager: Sending non-protected broadcast lerad.service.etna.haqu from system 1029:com.dangbei.lerad.etna.haqu/1000 pkg com.dangbei.lerad.etna.haqu
06-06 13:42:31.202 478 750 E ActivityManager: java.lang.Throwable
06-06 13:42:31.202 478 750 E ActivityManager: at com.android.server.am.ActivityManagerService.checkBroadcastFromSystem(ActivityManagerService.java:12816)
06-06 13:42:31.202 478 750 E ActivityManager: at com.android.server.am.ActivityManagerService.broadcastIntentLocked(ActivityManagerService.java:13513)
06-06 13:42:31.202 478 750 E ActivityManager: at com.android.server.am.ActivityManagerService.broadcastIntentLocked(ActivityManagerService.java:12833)
06-06 13:42:31.202 478 750 E ActivityManager: at com.android.server.am.ActivityManagerService.broadcastIntentWithFeature(ActivityManagerService.java:13670)
06-06 13:42:31.202 478 750 E ActivityManager: at android.app.IActivityManager$Stub.onTransact(IActivityManager.java:2326)
06-06 13:42:31.202 478 750 E ActivityManager: at com.android.server.am.ActivityManagerService.onTransact(ActivityManagerService.java:2509)
06-06 13:42:31.202 478 750 E ActivityManager: at android.os.Binder.execTransactInternal(Binder.java:1179)
06-06 13:42:31.202 478 750 E ActivityManager: at android.os.Binder.execTransact(Binder.java:1143)
06-06 13:42:31.203 478 811 D CompatibilityChangeReporter: Compat change id reported: 171306433; UID 1000; state: ENABLED
06-06 13:42:31.209 1216 1216 D NetworkSecurityConfig: No Network Security Config specified, using platform default
06-06 13:42:31.211 1216 1216 D NetworkSecurityConfig: No Network Security Config specified, using platform default
06-06 13:42:31.213 1029 1029 E ccc : cccccc etna-service onStartCommand
06-06 13:42:31.214 478 532 I DropBoxManagerService: add tag=system_server_wtf isTagEnabled=true flags=0x2
06-06 13:42:31.216 1218 1218 V GraphicsEnvironment: ANGLE Developer option for 'com.android.providers.contacts' set to: 'default'
06-06 13:42:31.216 1218 1218 V GraphicsEnvironment: Neither updatable production driver nor prerelease driver is supported.
06-06 13:42:31.222 1029 1029 E CoreService: onStartCommand
06-06 13:42:31.226 1218 1218 D NetworkSecurityConfig: No Network Security Config specified, using platform default
06-06 13:42:31.225 679 696 D BluetoothHeadset: Proxy object connected
06-06 13:42:31.229 1029 1260 W ContextImpl: Calling a method in the system process without a qualified user: android.app.ContextImpl.bindService:1895 android.content.ContextWrapper.bindService:810 com.dangbei.lerad.etna.lib.client.EtnaClient.bindServer:138 com.dangbei.lerad.etna.lib.client.EtnaClient.access$600:29 com.dangbei.lerad.etna.lib.client.EtnaClient$3.call:205
06-06 13:42:31.233 1029 1029 E ccc : cccccc etnaService addListener com.dangbei.lerad.etna.lib.client.EtnaServerListener@eb991cd com.dangbei.etna.setting
06-06 13:42:31.233 1029 1029 E ccc : cccccc SettingHelper onServerConnected
06-06 13:42:31.234 478 532 I DropBoxManagerService: add tag=system_server_wtf isTagEnabled=true flags=0x2
06-06 13:42:31.236 1029 1203 W ContextImpl: Calling a method in the system process without a qualified user: android.app.ContextImpl.bindService:1895 android.content.ContextWrapper.bindService:810 com.dangbei.lerad.etna.lib.client.EtnaClient.bindServer:138 com.dangbei.lerad.etna.lib.client.EtnaClient.access$600:29 com.dangbei.lerad.etna.lib.client.EtnaClient$3.call:205
06-06 13:42:31.237 1029 1029 E ccc : cccccc etnaService addListener com.dangbei.lerad.etna.lib.client.EtnaServerListener@d683593 com.dangbei.etna.update
06-06 13:42:31.238 1218 1218 D NetworkSecurityConfig: No Network Security Config specified, using platform default
06-06 13:42:31.239 679 875 D LocalBluetoothProfileManager: Adding local PAN profile
06-06 13:42:31.240 1216 1216 D music_MediaPlaybackSer: onCreate()
06-06 13:42:31.240 1062 1062 E hq : USBReceiver:::USBReceiver onReceive: list=1
06-06 13:42:31.240 1216 1216 D music_MediaPlaybackSer: Create MusicProvider
06-06 13:42:31.241 679 679 I vol.Events: writeEvent collection_started
06-06 13:42:31.241 1216 1216 D music_MediaPlaybackSer: Create MediaSession
06-06 13:42:31.246 1029 1029 E ccc : cccccc UpdateHelper onServerConnected
06-06 13:42:31.249 1029 1029 E ccc : cccccc etnaService addListener com.dangbei.lerad.etna.lib.client.EtnaServerListener@da7dc9 com.dangbei.etna.setting
06-06 13:42:31.249 1029 1029 E ccc : cccccc SettingHelper onServerConnected
06-06 13:42:31.251 1029 1217 W ContextImpl: Calling a method in the system process without a qualified user: android.app.ContextImpl.bindService:1895 android.content.ContextWrapper.bindService:810 com.dangbei.lerad.etna.lib.client.EtnaClient.bindServer:138 com.dangbei.lerad.etna.lib.client.EtnaClient.access$600:29 com.dangbei.lerad.etna.lib.client.EtnaClient$3.call:205
06-06 13:42:31.254 1029 1029 E ccc : cccccc etnaService addListener com.dangbei.lerad.etna.lib.client.EtnaServerListener@85697ef com.dangbei.lerad.etna.haqu.andes
06-06 13:42:31.257 1062 1187 D hq : NetWorkStateReceiver:::检查网络,并且持续更新 isConnect=false
06-06 13:42:31.259 666 666 V MediaPlayerList: onActiveSessionsChanged: number of controllers: 0
06-06 13:42:31.260 269 269 I EventThread: type=1400 audit(0.0:401): avc: denied { search } for name="extcon" dev="sysfs" ino=18109 scontext=u:r:hal_tv_cec_default:s0 tcontext=u:object_r:sysfs_extcon:s0 tclass=dir permissive=1
06-06 13:42:31.263 1062 1062 E DispatcherManager: publishMode=DBBOX-A2 piDispatcher=com.dangbei.launcher.dispatcher.function.BOXAXDispatcher@39fbe46
06-06 13:42:31.264 1029 1224 E ccc : cccccc sendCycleCheckBootGuideStatusMessage
06-06 13:42:31.265 1029 1215 E ccc : cccccc sendCycleCheckBootGuideStatusMessage
06-06 13:42:31.266 1029 1215 W ContextImpl: Calling a method in the system process without a qualified user: android.app.ContextImpl.startService:1816 android.content.ContextWrapper.startService:774 com.dangbei.etna.setting.core.SettingHelper.startRocky:260 com.dangbei.etna.setting.core.SettingHelper.sendCycleCheckBootGuideStatusMessage:206 com.dangbei.etna.setting.core.SettingHelper.startLoop:195
06-06 13:42:31.267 1062 1062 I hq : 当前的服务模式是,serviceMode=0
06-06 13:42:31.268 1029 1224 W ContextImpl: Calling a method in the system process without a qualified user: android.app.ContextImpl.startService:1816 android.content.ContextWrapper.startService:774 com.dangbei.etna.setting.core.SettingHelper.startRocky:260 com.dangbei.etna.setting.core.SettingHelper.sendCycleCheckBootGuideStatusMessage:206 com.dangbei.etna.setting.core.SettingHelper.startLoop:195
06-06 13:42:31.270 478 812 I ActivityManager: com.dangbei.lerad.rocky is exempt from freezer
06-06 13:42:31.271 478 812 D CompatibilityChangeReporter: Compat change id reported: 135634846; UID 1000; state: DISABLED
06-06 13:42:31.272 1029 1215 E ccc : cccccc sendCycleCheckBroadcast
06-06 13:42:31.273 1029 1224 E ccc : cccccc sendCycleCheckBroadcast
06-06 13:42:31.273 1029 1224 W ContextImpl: Calling a method in the system process without a qualified user: android.app.ContextImpl.sendBroadcast:1173 android.content.ContextWrapper.sendBroadcast:479 com.dangbei.etna.setting.core.SettingHelper.sendCycleToProjector:250 com.dangbei.etna.setting.core.SettingHelper.sendCycleCheckBroadcast:219 com.dangbei.etna.setting.core.SettingHelper.sendCycleCheckBootGuideStatusMessage:207
06-06 13:42:31.277 1029 1224 W ContextImpl: Calling a method in the system process without a qualified user: android.app.ContextImpl.sendBroadcast:1173 android.content.ContextWrapper.sendBroadcast:479 com.dangbei.etna.setting.core.SettingHelper.sendCycleToVoice:235 com.dangbei.etna.setting.core.SettingHelper.sendCycleCheckBroadcast:220 com.dangbei.etna.setting.core.SettingHelper.sendCycleCheckBootGuideStatusMessage:207
06-06 13:42:31.283 478 812 E ActivityManager: Sending non-protected broadcast com.dangbei.etna.setting.action_cycle_check_broadcast from system 1029:com.dangbei.lerad.etna.haqu/1000 pkg com.dangbei.lerad.etna.haqu
06-06 13:42:31.283 478 812 E ActivityManager: java.lang.Throwable
06-06 13:42:31.283 478 812 E ActivityManager: at com.android.server.am.ActivityManagerService.checkBroadcastFromSystem(ActivityManagerService.java:12816)
06-06 13:42:31.283 478 812 E ActivityManager: at com.android.server.am.ActivityManagerService.broadcastIntentLocked(ActivityManagerService.java:13513)
06-06 13:42:31.283 478 812 E ActivityManager: at com.android.server.am.ActivityManagerService.broadcastIntentLocked(ActivityManagerService.java:12833)
06-06 13:42:31.283 478 812 E ActivityManager: at com.android.server.am.ActivityManagerService.broadcastIntentWithFeature(ActivityManagerService.java:13670)
06-06 13:42:31.283 478 812 E ActivityManager: at android.app.IActivityManager$Stub.onTransact(IActivityManager.java:2326)
06-06 13:42:31.283 478 812 E ActivityManager: at com.android.server.am.ActivityManagerService.onTransact(ActivityManagerService.java:2509)
06-06 13:42:31.283 478 812 E ActivityManager: at android.os.Binder.execTransactInternal(Binder.java:1179)
06-06 13:42:31.283 478 812 E ActivityManager: at android.os.Binder.execTransact(Binder.java:1143)
06-06 13:42:31.287 478 620 D NsdService: New client listening to asynchronous messages
06-06 13:42:31.288 679 875 D BluetoothPan: Binding service...
06-06 13:42:31.288 478 620 D NsdService: New client, channel: com.android.internal.util.AsyncChannel@d1a4fbb messenger: android.os.Messenger@e211cd8
06-06 13:42:31.293 1029 1029 D CompatibilityChangeReporter: Compat change id reported: 191844585; UID 1000; state: DISABLED
06-06 13:42:31.293 478 532 I DropBoxManagerService: add tag=system_server_wtf isTagEnabled=true flags=0x2
06-06 13:42:31.298 478 620 D NsdService: mdnssd [start-service]
06-06 13:42:31.303 478 620 E NsdService: Failed to execute mdnssd [start-service]
06-06 13:42:31.303 478 620 E NsdService: com.android.server.NativeDaemonConnector$NativeDaemonFailureException: command '1 mdnssd start-service' failed with '402 1 Service already running'
06-06 13:42:31.303 478 620 E NsdService: at com.android.server.NativeDaemonConnector.executeForList(NativeDaemonConnector.java:516)
06-06 13:42:31.303 478 620 E NsdService: at com.android.server.NativeDaemonConnector.execute(NativeDaemonConnector.java:412)
06-06 13:42:31.303 478 620 E NsdService: at com.android.server.NativeDaemonConnector.execute(NativeDaemonConnector.java:407)
06-06 13:42:31.303 478 620 E NsdService: at com.android.server.NsdService$DaemonConnection.execute(NsdService.java:743)
06-06 13:42:31.303 478 620 E NsdService: at com.android.server.NsdService$DaemonConnection.maybeStart(NsdService.java:758)
06-06 13:42:31.303 478 620 E NsdService: at com.android.server.NsdService$NsdStateMachine.maybeStartDaemon(NsdService.java:100)
06-06 13:42:31.303 478 620 E NsdService: at com.android.server.NsdService$NsdStateMachine.access$1600(NsdService.java:88)
06-06 13:42:31.303 478 620 E NsdService: at com.android.server.NsdService$NsdStateMachine$DefaultState.processMessage(NsdService.java:223)
06-06 13:42:31.303 478 620 E NsdService: at com.android.internal.util.StateMachine$SmHandler.processMsg(StateMachine.java:993)
06-06 13:42:31.303 478 620 E NsdService: at com.android.internal.util.StateMachine$SmHandler.handleMessage(StateMachine.java:810)
06-06 13:42:31.303 478 620 E NsdService: at android.os.Handler.dispatchMessage(Handler.java:106)
06-06 13:42:31.303 478 620 E NsdService: at android.os.Looper.loopOnce(Looper.java:201)
06-06 13:42:31.303 478 620 E NsdService: at android.os.Looper.loop(Looper.java:288)
06-06 13:42:31.303 478 620 E NsdService: at android.os.HandlerThread.run(HandlerThread.java:67)
06-06 13:42:31.310 1029 1215 W ContextImpl: Calling a method in the system process without a qualified user: android.app.ContextImpl.sendBroadcast:1173 android.content.ContextWrapper.sendBroadcast:479 com.dangbei.etna.setting.core.SettingHelper.sendCycleToProjector:250 com.dangbei.etna.setting.core.SettingHelper.sendCycleCheckBroadcast:219 com.dangbei.etna.setting.core.SettingHelper.sendCycleCheckBootGuideStatusMessage:207
06-06 13:42:31.308 249 249 D Zygote : Forked child process 1272
06-06 13:42:31.317 1062 1091 I hq : getCurrentUser: visitorBean=Users{userId=-1, nickName='游客', avatarUrl='null', wxToken='null', vip='null', mobile='null', sex=null, description='null', city='null', province='null', country='null', launcherMode=null, token='null', token='null'}
06-06 13:42:31.318 1029 1215 W ContextImpl: Calling a method in the system process without a qualified user: android.app.ContextImpl.sendBroadcast:1173 android.content.ContextWrapper.sendBroadcast:479 com.dangbei.etna.setting.core.SettingHelper.sendCycleToVoice:235 com.dangbei.etna.setting.core.SettingHelper.sendCycleCheckBroadcast:220 com.dangbei.etna.setting.core.SettingHelper.sendCycleCheckBootGuideStatusMessage:207
06-06 13:42:31.318 1272 1272 I Zygote : seccomp disabled by setenforce 0
06-06 13:42:31.318 478 533 I ActivityManager: app.processName = com.dangbei.lerad.rocky
06-06 13:42:31.318 478 533 I ActivityManager: Start proc 1272:com.dangbei.lerad.rocky/1000 for service {com.dangbei.lerad.rocky/com.dangbei.rocky.RockyService}
06-06 13:42:31.321 478 812 E ActivityManager: Sending non-protected broadcast com.dangbei.etna.setting.action_cycle_check_broadcast from system 1029:com.dangbei.lerad.etna.haqu/1000 pkg com.dangbei.lerad.etna.haqu
06-06 13:42:31.321 478 812 E ActivityManager: java.lang.Throwable
06-06 13:42:31.321 478 812 E ActivityManager: at com.android.server.am.ActivityManagerService.checkBroadcastFromSystem(ActivityManagerService.java:12816)
06-06 13:42:31.321 478 812 E ActivityManager: at com.android.server.am.ActivityManagerService.broadcastIntentLocked(ActivityManagerService.java:13513)
06-06 13:42:31.321 478 812 E ActivityManager: at com.android.server.am.ActivityManagerService.broadcastIntentLocked(ActivityManagerService.java:12833)
06-06 13:42:31.321 478 812 E ActivityManager: at com.android.server.am.ActivityManagerService.broadcastIntentWithFeature(ActivityManagerService.java:13670)
06-06 13:42:31.321 478 812 E ActivityManager: at android.app.IActivityManager$Stub.onTransact(IActivityManager.java:2326)
06-06 13:42:31.321 478 812 E ActivityManager: at com.android.server.am.ActivityManagerService.onTransact(ActivityManagerService.java:2509)
06-06 13:42:31.321 478 812 E ActivityManager: at android.os.Binder.execTransactInternal(Binder.java:1179)
06-06 13:42:31.321 478 812 E ActivityManager: at android.os.Binder.execTransact(Binder.java:1143)
06-06 13:42:31.324 1029 1029 D WanCommander: handleConnection:
06-06 13:42:31.328 1216 1216 D CompatibilityChangeReporter: Compat change id reported: 160794467; UID 10042; state: DISABLED
06-06 13:42:31.331 1029 1029 E EtnaListener: onServerConnected
06-06 13:42:31.331 1216 1216 D music_MediaPlaybackSer: updatePlaybackState, playback state=0
06-06 13:42:31.334 478 521 W IorapForwardingService: No service published for: iorapd
06-06 13:42:31.344 1029 1029 E ccc : cccccc etnaService addListener com.dangbei.lerad.etna.lib.client.EtnaServerListener@a5f1d01 com.dangbei.etna.update
06-06 13:42:31.344 1029 1029 E ccc : cccccc UpdateHelper onServerConnected
06-06 13:42:31.352 397 417 I adbd : jdwp connection from 1272
06-06 13:42:31.353 1216 1216 D music_MusicApp: add mount callback: com.android.music.MediaPlaybackService@d54d5e3
06-06 13:42:31.375 1216 1216 D music_MediaPlaybackSer: OnGetRoot: clientPackageName=com.android.bluetooth; clientUid=1002 ; rootHints=null
06-06 13:42:31.378 1062 1062 E hq : 检查user:::switchDao id=2
06-06 13:42:31.378 666 666 I AvrcpBrowsedPlayerWrapper: onConnected: com.android.music is connected
06-06 13:42:31.379 666 666 D AvrcpBrowsablePlayerConnector: Browse player callback called: package=com.android.music : status=0
06-06 13:42:31.379 666 666 D AvrcpBrowsablePlayerConnector: Received a message: msg.what=1
06-06 13:42:31.380 666 666 I AvrcpBrowsablePlayerConnector: Checking root contents for com.android.music
06-06 13:42:31.387 1216 1216 D music_MediaPlaybackSer: onDestroy
06-06 13:42:31.387 1216 1216 D music_MusicApp: remove mount callback: com.android.music.MediaPlaybackService@d54d5e3
06-06 13:42:31.387 1216 1216 D music_MediaPlaybackSer: handleStopRequest: mState=0 error=destroy
06-06 13:42:31.387 1216 1216 D music_MediaPlaybackSer: updatePlaybackState, playback state=1
06-06 13:42:31.389 1216 1216 D Playback: giveUpAudioFocus
06-06 13:42:31.389 1216 1216 D Playback: relaxResources. releaseMediaPlayer=true
06-06 13:42:31.390 1216 1216 D music_MediaPlaybackSer: updatePlaybackState, playback state=1
06-06 13:42:31.395 196 196 I vold : Bind mounting //data/media/0/Android/data on /mnt/user/0/emulated/0/Android/data
06-06 13:42:31.397 196 196 I vold : Bind mounted //data/media/0/Android/data on /mnt/user/0/emulated/0/Android/data
06-06 13:42:31.397 196 196 I vold : Bind mounting //data/media/0/Android/obb on /mnt/user/0/emulated/0/Android/obb
06-06 13:42:31.402 196 196 I vold : Bind mounted //data/media/0/Android/obb on /mnt/user/0/emulated/0/Android/obb
06-06 13:42:31.402 196 196 I vold : Configuring read_ahead of /mnt/user/0/emulated fuse filesystem to 256kb
06-06 13:42:31.402 196 196 I vold : Writing 256 to /sys/class/bdi/0:47/read_ahead_kb
06-06 13:42:31.402 196 196 I vold : Configuring max_ratio of /mnt/user/0/emulated fuse filesystem to 40
06-06 13:42:31.402 196 196 I vold : Writing 40 to /sys/class/bdi/0:47/max_ratio
06-06 13:42:31.405 478 602 I StorageManagerService: Mounted volume VolumeInfo{emulated;0}:
06-06 13:42:31.405 478 602 I StorageManagerService: type=EMULATED diskId=null partGuid= mountFlags=PRIMARY|VISIBLE
06-06 13:42:31.405 478 602 I StorageManagerService: mountUserId=0 state=MOUNTED
06-06 13:42:31.405 478 602 I StorageManagerService: fsType=null fsUuid=null fsLabel=null
06-06 13:42:31.405 478 602 I StorageManagerService: path=/storage/emulated internalPath=/data/media
06-06 13:42:31.410 478 602 I StorageSessionController: Notifying volume state changed for session with id: emulated;0
06-06 13:42:31.415 666 666 V MediaPlayerList: onActiveSessionsChanged: number of controllers: 0
06-06 13:42:31.418 478 750 D CompatibilityChangeReporter: Compat change id reported: 168419799; UID 1000; state: DISABLED
06-06 13:42:31.428 1216 1216 D music_MediaPlaybackSer: onCreate()
06-06 13:42:31.428 1216 1216 D music_MediaPlaybackSer: Create MusicProvider
06-06 13:42:31.428 1216 1216 D music_MediaPlaybackSer: Create MediaSession
06-06 13:42:31.431 666 666 V MediaPlayerList: onActiveSessionsChanged: number of controllers: 0
06-06 13:42:31.436 1216 1216 D music_MediaPlaybackSer: updatePlaybackState, playback state=0
06-06 13:42:31.442 478 752 D WifiNl80211Manager: Scan result ready event
06-06 13:42:31.442 478 752 D WifiNative: Scan result ready event
06-06 13:42:31.446 679 875 D LocalBluetoothProfileManager: Adding local PBAP profile
06-06 13:42:31.455 1272 1272 D CompatibilityChangeReporter: Compat change id reported: 171979766; UID 1000; state: DISABLED
06-06 13:42:31.468 1046 1151 V MediaStore: Examining volume emulated;0 with name external_primary and state mounted
06-06 13:42:31.471 1216 1216 D music_MusicApp: add mount callback: com.android.music.MediaPlaybackService@e9155e
06-06 13:42:31.482 1216 1216 D music_MediaPlaybackSer: OnGetRoot: clientPackageName=com.android.bluetooth; clientUid=1002 ; rootHints=null
06-06 13:42:31.483 666 666 I AvrcpBrowsedPlayerWrapper: onConnected: com.android.music is connected
06-06 13:42:31.483 666 666 I AvrcpBrowsedPlayerWrapper: getFolderItems: Connected to browsable player: com.android.music
06-06 13:42:31.482 1272 1272 D ApplicationLoaders: Returning zygote-cached class loader: /system/framework/android.test.base.jar
06-06 13:42:31.485 1272 1272 D ApplicationLoaders: Returning zygote-cached class loader: /system/framework/android.hidl.manager-V1.0-java.jar
06-06 13:42:31.485 1216 1216 D music_MediaPlaybackSer: OnLoadChildren: parentMediaId=__ROOT__
06-06 13:42:31.486 1062 1062 E hq : 检查user:::更新前的信息: null
06-06 13:42:31.486 1062 1062 E hq : 更新后的信息: Users{userId=2, nickName='用户903053', avatarUrl='https://thirdwx.qlogo.cn/mmopen/vi_32/AzcqEtJSicKLX8dYmqRWSHwQt4k6SicWl0ic9H5fibFSUG2ZF0qViaUdPDWicqUjCmq8brChUrzXIFRPdTEf6CvM2olxvqRTRMumianG8Z8A8x9vmk/132', wxToken='oV3gIwVh2Ypl790TsFMF1HRhkHYY', vip='[{"id":30,"memberCode":"bestv","mlUserId":"cc2420e8cc6a2e7ba16f179f079a7f32","token":"","status":1,"endDate":"2025-09-09","pic":"http://dbimgsou.bestv.com.cn/newos/20240125/65b213276894c.png"},{"id":33,"memberCode":"dbmusic","mlUserId":"2","token":"","status":0,"endDate":"2025-06-06","pic":""},{"id":13,"memberCode":"dbmusic","mlUserId":"2","token":"","status":2,"endDate":"2024-12-19","pic":""},{"id":1,"memberCode":"iqiyi","mlUserId":"4af406389bea4cc60827f99c9c9314fe","token":"","status":1,"endDate":"2025-09-09","pic":"http://dbimgsou.bestv.com.cn/newos/20240125/65b213276894c.png"},{"id":35,"memberCode":"mitu","mlUserId":"","token":"","status":0,"endDate":"2025-06-06","pic":""}]', mobile='13636854274', sex=1, description='null', city='', province='', country='', launcherMode=null, token='', token='8cc4e4ff98be624d00843c8e0f77841b'}
06-06 13:42:31.486 1216 1216 D MusicProvider: retrieveMediaAsync called
06-06 13:42:31.491 1272 1272 D ApplicationLoaders: Returning zygote-cached class loader: /system/framework/android.hidl.base-V1.0-java.jar
06-06 13:42:31.493 1062 1062 D AdHelper: ad server environment is official? false
06-06 13:42:31.494 1062 1062 D AdHelper: ad server environment is official? false
06-06 13:42:31.494 1062 1062 D AdHelper: ad server environment is official? false
06-06 13:42:31.494 1062 1062 D AdHelper: ad server environment is official? false
06-06 13:42:31.511 1062 1062 D AdHelper: AdHelper init: end
06-06 13:42:31.514 478 602 I StorageSessionController: Notifying volume state changed for session with id: emulated;0
06-06 13:42:31.519 1218 1218 I ContactsPerf: VoicemailContentProvider.onCreate start
06-06 13:42:31.529 1062 1062 E xxxxxxxxxxxxxxx: onConfigurationChanged2===>{1.0 ?mcc?mnc [zh_CN] ldltr sw720dp w1280dp h696dp 240dpi xlrg long land television -touch qwerty/v/v dpad/v winConfig={ mBounds=Rect(0, 0 - 1920, 1080) mAppBounds=Rect(0, 0 - 1920, 1080) mMaxBounds=Rect(0, 0 - 1920, 1080) mWindowingMode=fullscreen mDisplayWindowingMode=fullscreen mActivityType=undefined mAlwaysOnTop=undefined mRotation=ROTATION_0} s.6 fontWeightAdjustment=0}
06-06 13:42:31.524 1062 1062 I nd.statics.boot: type=1400 audit(0.0:402): avc: denied { read } for name="u:object_r:serialno_prop:s0" dev="tmpfs" ino=3989 scontext=u:r:system_app:s0 tcontext=u:object_r:serialno_prop:s0 tclass=file permissive=1
06-06 13:42:31.524 1062 1062 I nd.statics.boot: type=1400 audit(0.0:403): avc: denied { open } for path="/dev/__properties__/u:object_r:serialno_prop:s0" dev="tmpfs" ino=3989 scontext=u:r:system_app:s0 tcontext=u:object_r:serialno_prop:s0 tclass=file permissive=1
01-01 08:00:24.057 1296 1296 W audit : audit_lost=2 audit_rate_limit=5 audit_backlog_limit=64
01-01 08:00:24.057 1296 1296 E audit : rate limit exceeded
06-06 13:42:31.545 1062 1062 E memInfo.totalMem: memInfo.totalMem=2055442432 1073741824
06-06 13:42:31.549 1046 1151 I ExternalStorageServiceImpl: Ignoring volume state for vol:external_primary. State: checking
06-06 13:42:31.561 1062 1296 D getEthernetMacAddr: getEthernetMacAddr use eth0
06-06 13:42:31.600 1218 1218 I ContactsPerf: VoicemailContentProvider.onCreate finish
06-06 13:42:31.647 1062 1062 D OsInitLaunch: send cache: homeCreate, null, null, null
06-06 13:42:31.662 1272 1272 V GraphicsEnvironment: ANGLE Developer option for 'com.dangbei.lerad.rocky' set to: 'default'
06-06 13:42:31.662 1272 1272 V GraphicsEnvironment: Neither updatable production driver nor prerelease driver is supported.
06-06 13:42:31.665 1272 1272 D NetworkSecurityConfig: No Network Security Config specified, using platform default
06-06 13:42:31.665 1272 1272 D NetworkSecurityConfig: No Network Security Config specified, using platform default
06-06 13:42:31.682 1272 1272 I MultiDex: VM with version 2.1.0 has multidex support
06-06 13:42:31.683 1272 1272 I MultiDex: Installing application
06-06 13:42:31.683 1272 1272 I MultiDex: VM has multidex support, MultiDex support library is disabled.
06-06 13:42:31.691 1046 1151 V MediaStore: Examining volume emulated;0 with name external_primary and state mounted
06-06 13:42:31.726 478 752 D CountryDetector: The first listener is added
06-06 13:42:31.730 1218 1218 I ContactsDatabaseHelper: updateUseStrictPhoneNumberComparison: CN
06-06 13:42:31.739 1062 1187 I WebViewFactory: Loading com.android.webview version 91.0.4472.114 (code 447211450)
06-06 13:42:31.742 679 875 D LocalBluetoothProfileManager: Current Profiles[]
06-06 13:42:31.743 679 875 D BluetoothMap: getConnectionState(E4:BB:D3:57:C0:49)
06-06 13:42:31.771 1272 1272 D RockyApplication: init: false
06-06 13:42:31.775 478 602 I StorageSessionController: Notifying volume state changed for session with id: emulated;0
06-06 13:42:31.809 478 614 W IE_Capabilities: Unknown RSN cipher suite: 6ac0f00
06-06 13:42:31.820 478 614 W IE_Capabilities: Unknown RSN cipher suite: 6ac0f00
06-06 13:42:31.855 679 875 D LocalBluetoothProfileManager: New Profiles[HID]
06-06 13:42:31.857 1062 1187 D nativeloader: classloader namespace configured for unbundled product apk. library_path=/product/app/webview/lib/arm:/product/app/webview/webview.apk!/lib/armeabi-v7a:/product/lib:/system/product/lib
06-06 13:42:31.868 1062 1310 I MobclickAgent: module init:azio
06-06 13:42:31.885 679 1263 I vol.Events: writeEvent level_changed STREAM_VOICE_CALL 15
01-01 08:00:24.421 388 388 W hdr10p_Configure: 291 callbacks suppressed
01-01 08:00:24.421 388 388 I : DVI mode selected: packets not configured
01-01 08:00:24.421 388 388 W set_vsif_config: 291 callbacks suppressed
01-01 08:00:24.421 388 388 I : Error: set vsif failed
01-01 08:00:24.421 388 388 I : DVI mode selected: packets not configured
01-01 08:00:24.421 388 388 I : Error: set vsif failed
01-01 08:00:24.421 388 388 I : DVI mode selected: packets not configured
01-01 08:00:24.421 388 388 I : Error: set vsif failed
06-06 13:42:31.892 679 1263 I vol.Events: writeEvent level_changed STREAM_SYSTEM 5
06-06 13:42:31.902 679 1263 I vol.Events: writeEvent level_changed STREAM_RING 5
06-06 13:42:31.904 679 1263 I vol.Events: writeEvent level_changed STREAM_MUSIC 20
06-06 13:42:31.910 478 614 W IE_Capabilities: Unknown RSN cipher suite: 6ac0f00
01-01 08:00:24.456 388 388 I : DVI mode selected: packets not configured
01-01 08:00:24.456 388 388 I : Error: set vsif failed
01-01 08:00:24.456 388 388 I : DVI mode selected: packets not configured
01-01 08:00:24.456 388 388 I : Error: set vsif failed
01-01 08:00:24.456 388 388 I : DVI mode selected: packets not configured
01-01 08:00:24.456 388 388 I : Error: set vsif failed
06-06 13:42:31.936 679 1263 I vol.Events: writeEvent level_changed STREAM_ALARM 17
06-06 13:42:31.936 329 329 I rainbow_flow: type=1400 audit(0.0:409): avc: denied { ioctl } for path="/dev/spidev1.0" dev="tmpfs" ino=208 ioctlcmd=0x6b00 scontext=u:r:init:s0 tcontext=u:object_r:device:s0 tclass=chr_file permissive=1
06-06 13:42:31.965 1062 1062 E hq : LauncherCallback:::onViewCreate
06-06 13:42:31.965 1062 1062 E hq : LauncherCallback:::onAttach
01-01 08:00:24.506 388 388 I : DVI mode selected: packets not configured
01-01 08:00:24.506 388 388 I : Error: set vsif failed
01-01 08:00:24.506 388 388 I : DVI mode selected: packets not configured
01-01 08:00:24.506 388 388 I : Error: set vsif failed
01-01 08:00:24.506 388 388 I : DVI mode selected: packets not configured
01-01 08:00:24.506 388 388 I : Error: set vsif failed
06-06 13:42:31.987 1046 1151 V MediaStore: Examining volume emulated;0 with name external_primary and state mounted
06-06 13:42:31.994 679 1263 I vol.Events: writeEvent level_changed STREAM_BLUETOOTH_SCO 7
01-01 08:00:24.539 388 388 I : DVI mode selected: packets not configured
01-01 08:00:24.539 388 388 I : Error: set vsif failed
06-06 13:42:32.019 679 875 D CachedBluetoothDevice: updating profiles for Dangbei
06-06 13:42:32.026 679 679 D SystemUIService: running: com.android.systemui.volume.VolumeUI@119e531
06-06 13:42:32.024 679 679 I queued-work-loo: type=1400 audit(0.0:410): avc: denied { search } for name="com.android.systemui" dev="mmcblk0p25" ino=484 scontext=u:r:platform_app:s0:c512,c768 tcontext=u:object_r:app_data_file:s0:c512,c768 tclass=dir permissive=1 app=com.softwinner.screenshot
06-06 13:42:32.041 478 614 W IE_Capabilities: Unknown RSN cipher suite: 6ac0f00
06-06 13:42:32.046 478 614 W IE_Capabilities: Unknown RSN cipher suite: 6ac0f00
06-06 13:42:32.057 679 679 D SystemUIBootTiming: SystemUIService: bootcomplete com.android.systemui.volume.VolumeUI took 874 ms
06-06 13:42:32.057 679 679 D SystemUIService: loading: com.android.systemui.privacy.television.TvOngoingPrivacyChip
06-06 13:42:32.059 679 1263 I vol.Events: writeEvent zen_mode_config_changed [disallowAlarms=false disallowMedia=false disallowSystem=true disallowRinger=false]
06-06 13:42:32.061 1062 1062 E hq : LauncherCallback:::inspect
06-06 13:42:32.063 1062 1062 E hq : AdHelper:::后台配置是否展现广告: true
06-06 13:42:32.063 679 875 V CachedBluetoothDevice: Class: 1f00
06-06 13:42:32.063 679 875 V CachedBluetoothDevice: UUID:
06-06 13:42:32.063 679 875 V CachedBluetoothDevice: 00001812-0000-1000-8000-00805f9b34fb
06-06 13:42:32.067 1062 1062 D OsInitLaunch: send cache: launchHome, launchMainActivity, null, 1
06-06 13:42:32.070 478 614 W IE_Capabilities: Unknown RSN cipher suite: 6ac0f00
06-06 13:42:32.071 478 614 W IE_Capabilities: Unknown RSN cipher suite: 6ac0f00
06-06 13:42:32.109 679 679 D SystemUIService: running: com.android.systemui.privacy.television.TvOngoingPrivacyChip@a4eb033
06-06 13:42:32.109 679 679 D SystemUIBootTiming: SystemUIService: bootcomplete com.android.systemui.privacy.television.TvOngoingPrivacyChip took 52 ms
06-06 13:42:32.109 679 679 D SystemUIService: loading: com.android.systemui.statusbar.tv.TvStatusBar
06-06 13:42:32.109 679 679 D SystemUIService: running: com.android.systemui.statusbar.tv.TvStatusBar@7a2bff0
06-06 13:42:32.114 1218 1303 I CallLogProvider: Syncing call composer pics -- source user=0, isShadow=true, forAllUser=false
06-06 13:42:32.114 1218 1303 I CallLogProvider: Fetching list of Uris to sync
06-06 13:42:32.127 478 812 I StatusBarManagerService: registerStatusBar bar=com.android.internal.statusbar.IStatusBar$Stub$Proxy@cf851e6
06-06 13:42:32.132 1029 1040 I lerad.etna.haq: Background young concurrent copying GC freed 20421(1307KB) AllocSpace objects, 0(0B) LOS objects, 88% free, 3264KB/27MB, paused 5.576ms total 693.774ms
06-06 13:42:32.134 679 679 D SystemUIBootTiming: SystemUIService: bootcomplete com.android.systemui.statusbar.tv.TvStatusBar took 25 ms
06-06 13:42:32.134 679 679 D SystemUIService: loading: com.android.systemui.statusbar.tv.notifications.TvNotificationPanel
06-06 13:42:32.134 679 679 D SystemUIService: running: com.android.systemui.statusbar.tv.notifications.TvNotificationPanel@a670969
06-06 13:42:32.135 679 679 D SystemUIBootTiming: SystemUIService: bootcomplete com.android.systemui.statusbar.tv.notifications.TvNotificationPanel took 1 ms
06-06 13:42:32.135 679 679 D SystemUIService: loading: com.android.systemui.statusbar.tv.notifications.TvNotificationHandler
06-06 13:42:32.166 361 361 D installd: Found quota mount /dev/block/by-name/userdata at /data
06-06 13:42:32.166 361 361 D installd: Found quota mount /dev/block/by-name/userdata at /data/user/0
06-06 13:42:32.166 361 361 D installd: Found quota mount /dev/block/by-name/userdata at /mnt/pass_through/0/emulated
06-06 13:42:32.166 361 361 D installd: Found quota mount /dev/block/by-name/userdata at /mnt/user/0/emulated/0/Android/data
06-06 13:42:32.166 361 361 D installd: Found quota mount /dev/block/by-name/userdata at /storage/emulated/0/Android/data
06-06 13:42:32.167 361 361 D installd: Found quota mount /dev/block/by-name/userdata at /mnt/androidwritable/0/emulated/0/Android/data
06-06 13:42:32.167 361 361 D installd: Found quota mount /dev/block/by-name/userdata at /mnt/installer/0/emulated/0/Android/data
06-06 13:42:32.167 361 361 D installd: Found quota mount /dev/block/by-name/userdata at /mnt/user/0/emulated/0/Android/obb
06-06 13:42:32.167 361 361 D installd: Found quota mount /dev/block/by-name/userdata at /storage/emulated/0/Android/obb
06-06 13:42:32.167 361 361 D installd: Found quota mount /dev/block/by-name/userdata at /mnt/androidwritable/0/emulated/0/Android/obb
06-06 13:42:32.167 361 361 D installd: Found quota mount /dev/block/by-name/userdata at /mnt/installer/0/emulated/0/Android/obb
06-06 13:42:32.168 679 679 D SystemUIService: running: com.android.systemui.statusbar.tv.notifications.TvNotificationHandler@2f32fee
06-06 13:42:32.169 361 361 D installd: Found storage mount /dev/block/by-name/userdata at /mnt/pass_through/0/emulated
06-06 13:42:32.170 478 602 D StorageManagerService: Volume emulated;0 broadcasting checking to UserHandle{0}
06-06 13:42:32.175 1046 1340 I MediaProvider: Begin Intent { act=com.android.providers.media.action.SCAN_VOLUME (has extras) }
06-06 13:42:32.176 679 679 D SystemUIBootTiming: SystemUIService: bootcomplete com.android.systemui.statusbar.tv.notifications.TvNotificationHandler took 41 ms
