06-06 13:42:28.295 478 977 D ReflectedParamUpdater: extent() != 1 for single value type: output.subscribed-indices.values
06-06 13:42:28.295 478 977 D ReflectedParamUpdater: extent() != 1 for single value type: input.buffers.allocator-ids.values
06-06 13:42:28.295 478 977 D ReflectedParamUpdater: extent() != 1 for single value type: output.buffers.allocator-ids.values
06-06 13:42:28.295 478 977 D ReflectedParamUpdater: extent() != 1 for single value type: algo.buffers.allocator-ids.values
06-06 13:42:28.296 478 977 D ReflectedParamUpdater: extent() != 1 for single value type: output.buffers.pool-ids.values
06-06 13:42:28.296 478 977 D ReflectedParamUpdater: extent() != 1 for single value type: algo.buffers.pool-ids.values
06-06 13:42:28.298 478 977 I CCodecConfig: query failed after returning 7 values (BAD_INDEX)
06-06 13:42:28.299 478 977 D CCodecConfig: c2 config diff is Dict {
06-06 13:42:28.299 478 977 D CCodecConfig: c2::u32 coded.bitrate.value = 64000
06-06 13:42:28.299 478 977 D CCodecConfig: c2::u32 input.buffers.max-size.value = 32768
06-06 13:42:28.299 478 977 D CCodecConfig: c2::u32 input.delay.value = 0
06-06 13:42:28.299 478 977 D CCodecConfig: string input.media-type.value = "audio/vorbis"
06-06 13:42:28.299 478 977 D CCodecConfig: string output.media-type.value = "audio/raw"
06-06 13:42:28.299 478 977 D CCodecConfig: c2::u32 raw.channel-count.value = 1
06-06 13:42:28.299 478 977 D CCodecConfig: c2::u32 raw.sample-rate.value = 48000
06-06 13:42:28.299 478 977 D CCodecConfig: }
06-06 13:42:28.304 478 977 D CCodec : [c2.android.vorbis.decoder] buffers are bound to CCodec for this session
06-06 13:42:28.304 478 977 D CCodecConfig: no c2 equivalents for durationUs
06-06 13:42:28.304 478 977 D CCodecConfig: no c2 equivalents for track-id
06-06 13:42:28.304 478 977 D CCodecConfig: no c2 equivalents for csd-1
06-06 13:42:28.304 478 977 D CCodecConfig: no c2 equivalents for channel-mask
06-06 13:42:28.304 478 977 D CCodecConfig: no c2 equivalents for flags
06-06 13:42:28.305 478 977 D CCodecConfig: c2 config diff is c2::u32 coded.bitrate.value = 499821
06-06 13:42:28.305 478 977 D CCodecConfig: c2::u32 raw.channel-count.value = 2
06-06 13:42:28.305 478 977 D CCodecConfig: c2::u32 raw.sample-rate.value = 44100
06-06 13:42:28.306 478 977 W Codec2Client: query -- param skipped: index = 1107298332.
06-06 13:42:28.307 478 977 D CCodec : setup formats input: AMessage(what = 0x00000000) = {
06-06 13:42:28.307 478 977 D CCodec : int32_t bitrate = 499821
06-06 13:42:28.307 478 977 D CCodec : int32_t channel-count = 2
06-06 13:42:28.307 478 977 D CCodec : int32_t max-input-size = 32768
06-06 13:42:28.307 478 977 D CCodec : string mime = "audio/vorbis"
06-06 13:42:28.307 478 977 D CCodec : int32_t sample-rate = 44100
06-06 13:42:28.307 478 977 D CCodec : }
06-06 13:42:28.307 478 977 D CCodec : setup formats output: AMessage(what = 0x00000000) = {
06-06 13:42:28.307 478 977 D CCodec : int32_t channel-count = 2
06-06 13:42:28.307 478 977 D CCodec : string mime = "audio/raw"
06-06 13:42:28.307 478 977 D CCodec : int32_t sample-rate = 44100
06-06 13:42:28.307 478 977 D CCodec : int32_t channel-mask = 3
06-06 13:42:28.307 478 977 D CCodec : }
06-06 13:42:28.307 478 977 I CCodecConfig: query failed after returning 7 values (BAD_INDEX)
06-06 13:42:28.308 478 977 W Codec2Client: query -- param skipped: index = 1342179345.
06-06 13:42:28.308 478 977 W Codec2Client: query -- param skipped: index = 2415921170.
06-06 13:42:28.309 478 977 D CCodecBufferChannel: [c2.android.vorbis.decoder#605] Created input block pool with allocatorID 16 => poolID 21 - OK (0)
06-06 13:42:28.310 478 977 I CCodecBufferChannel: [c2.android.vorbis.decoder#605] Created output block pool with allocatorID 16 => poolID 23 - OK
06-06 13:42:28.311 478 977 D CCodecBufferChannel: [c2.android.vorbis.decoder#605] Configured output block pool ids 23 => OK
06-06 13:42:28.312 478 698 D MediaCodecList: codecHandlesFormat: no format, so no extra checks
06-06 13:42:28.314 478 980 D CCodec : allocate(c2.android.vorbis.decoder)
06-06 13:42:28.315 378 978 D SimpleC2Component: Using output block pool with poolID 23 => got 23 - 0
06-06 13:42:28.318 478 980 I CCodec : Created component [c2.android.vorbis.decoder]
06-06 13:42:28.319 478 980 D CCodecConfig: read media type: audio/vorbis
06-06 13:42:28.319 478 521 W IorapForwardingService: No service published for: iorapd
06-06 13:42:28.322 478 980 D ReflectedParamUpdater: extent() != 1 for single value type: algo.buffers.max-count.values
06-06 13:42:28.322 478 980 D ReflectedParamUpdater: extent() != 1 for single value type: output.subscribed-indices.values
06-06 13:42:28.322 478 980 D ReflectedParamUpdater: extent() != 1 for single value type: input.buffers.allocator-ids.values
06-06 13:42:28.322 478 980 D ReflectedParamUpdater: extent() != 1 for single value type: output.buffers.allocator-ids.values
06-06 13:42:28.323 478 980 D ReflectedParamUpdater: extent() != 1 for single value type: algo.buffers.allocator-ids.values
06-06 13:42:28.323 478 980 D ReflectedParamUpdater: extent() != 1 for single value type: output.buffers.pool-ids.values
06-06 13:42:28.323 478 980 D ReflectedParamUpdater: extent() != 1 for single value type: algo.buffers.pool-ids.values
06-06 13:42:28.330 478 980 I CCodecConfig: query failed after returning 7 values (BAD_INDEX)
06-06 13:42:28.331 478 980 D CCodecConfig: c2 config diff is Dict {
06-06 13:42:28.331 478 980 D CCodecConfig: c2::u32 coded.bitrate.value = 64000
06-06 13:42:28.331 478 980 D CCodecConfig: c2::u32 input.buffers.max-size.value = 32768
06-06 13:42:28.331 478 980 D CCodecConfig: c2::u32 input.delay.value = 0
06-06 13:42:28.331 478 980 D CCodecConfig: string input.media-type.value = "audio/vorbis"
06-06 13:42:28.331 478 980 D CCodecConfig: string output.media-type.value = "audio/raw"
06-06 13:42:28.331 478 980 D CCodecConfig: c2::u32 raw.channel-count.value = 1
06-06 13:42:28.331 478 980 D CCodecConfig: c2::u32 raw.sample-rate.value = 48000
06-06 13:42:28.331 478 980 D CCodecConfig: }
06-06 13:42:28.343 478 980 D CCodec : [c2.android.vorbis.decoder] buffers are bound to CCodec for this session
06-06 13:42:28.343 478 980 D CCodecConfig: no c2 equivalents for durationUs
06-06 13:42:28.343 478 980 D CCodecConfig: no c2 equivalents for track-id
06-06 13:42:28.343 478 980 D CCodecConfig: no c2 equivalents for csd-1
06-06 13:42:28.343 478 980 D CCodecConfig: no c2 equivalents for channel-mask
06-06 13:42:28.343 478 980 D CCodecConfig: no c2 equivalents for flags
06-06 13:42:28.345 478 980 D CCodecConfig: c2 config diff is c2::u32 coded.bitrate.value = 239920
06-06 13:42:28.345 478 980 D CCodecConfig: c2::u32 raw.sample-rate.value = 44100
06-06 13:42:28.348 478 980 W Codec2Client: query -- param skipped: index = 1107298332.
06-06 13:42:28.348 478 980 D CCodec : setup formats input: AMessage(what = 0x00000000) = {
06-06 13:42:28.348 478 980 D CCodec : int32_t bitrate = 239920
06-06 13:42:28.348 478 980 D CCodec : int32_t channel-count = 1
06-06 13:42:28.348 478 980 D CCodec : int32_t max-input-size = 32768
06-06 13:42:28.348 478 980 D CCodec : string mime = "audio/vorbis"
06-06 13:42:28.348 478 980 D CCodec : int32_t sample-rate = 44100
06-06 13:42:28.348 478 980 D CCodec : }
06-06 13:42:28.348 478 980 D CCodec : setup formats output: AMessage(what = 0x00000000) = {
06-06 13:42:28.348 478 980 D CCodec : int32_t channel-count = 1
06-06 13:42:28.348 478 980 D CCodec : string mime = "audio/raw"
06-06 13:42:28.348 478 980 D CCodec : int32_t sample-rate = 44100
06-06 13:42:28.348 478 980 D CCodec : int32_t channel-mask = 1
06-06 13:42:28.348 478 980 D CCodec : }
06-06 13:42:28.348 478 980 I CCodecConfig: query failed after returning 7 values (BAD_INDEX)
06-06 13:42:28.349 478 980 W Codec2Client: query -- param skipped: index = 1342179345.
06-06 13:42:28.349 478 980 W Codec2Client: query -- param skipped: index = 2415921170.
06-06 13:42:28.350 478 980 D CCodecBufferChannel: [c2.android.vorbis.decoder#470] Created input block pool with allocatorID 16 => poolID 22 - OK (0)
06-06 13:42:28.352 478 980 I CCodecBufferChannel: [c2.android.vorbis.decoder#470] Created output block pool with allocatorID 16 => poolID 24 - OK
06-06 13:42:28.352 478 980 D CCodecBufferChannel: [c2.android.vorbis.decoder#470] Configured output block pool ids 24 => OK
06-06 13:42:28.355 378 981 D SimpleC2Component: Using output block pool with poolID 24 => got 24 - 0
06-06 13:42:28.356 269 269 D hdmi-cec: cec physical address: 4.0.0.0
06-06 13:42:28.358 478 478 W Looper : Slow dispatch took 108ms main h=android.os.Handler c=com.android.server.hdmi.WorkSourceUidPreservingRunnable@c4d715e m=0
06-06 13:42:28.398 478 977 D CCodecBufferChannel: [c2.android.vorbis.decoder#605] MediaCodec discarded an unknown buffer
06-06 13:42:28.398 478 977 D CCodecBufferChannel: [c2.android.vorbis.decoder#605] MediaCodec discarded an unknown buffer
06-06 13:42:28.399 478 977 D CCodecBufferChannel: [c2.android.vorbis.decoder#605] MediaCodec discarded an unknown buffer
06-06 13:42:28.401 478 977 I hw-BpHwBinder: onLastStrongRef automatically unlinking death recipients
06-06 13:42:28.419 478 647 W HdmiCecController: Failed to send 45:7D with errorCode=1
06-06 13:42:28.438 478 523 D CompatibilityChangeReporter: Compat change id reported: 158002302; UID 10061; state: ENABLED
06-06 13:42:28.438 679 679 V WallpaperService: Setting wallpaper dimming: 0
06-06 13:42:28.452 187 187 I hwservicemanager: getTransport: Cannot find entry android.hardware.configstore@1.0::ISurfaceFlingerConfigs/default in either framework or device VINTF manifest.
06-06 13:42:28.455 679 960 D EglHelper: createEglContext start
06-06 13:42:28.468 679 960 D EglHelper: createEglContext done
06-06 13:42:28.472 679 960 D EglHelper: createEglSurface start
06-06 13:42:28.474 679 960 D EglHelper: createEglSurface done
06-06 13:42:28.482 478 980 D CCodecBufferChannel: [c2.android.vorbis.decoder#470] MediaCodec discarded an unknown buffer
06-06 13:42:28.482 478 980 D CCodecBufferChannel: [c2.android.vorbis.decoder#470] MediaCodec discarded an unknown buffer
06-06 13:42:28.482 478 980 D CCodecBufferChannel: [c2.android.vorbis.decoder#470] MediaCodec discarded an unknown buffer
06-06 13:42:28.487 378 839 I hw-BpHwBinder: onLastStrongRef automatically unlinking death recipients
06-06 13:42:28.487 478 990 I hw-BpHwBinder: onLastStrongRef automatically unlinking death recipients
06-06 13:42:28.487 378 839 V C2Store : in ~ComponentModule
06-06 13:42:28.487 378 839 V C2Store : unloading dll
06-06 13:42:28.499 478 522 I ActivityManagerTiming: FinishBooting
06-06 13:42:28.501 249 249 W Zygote : forkRepeatedly terminated due to non-simple command
06-06 13:42:28.501 249 249 D Zygote : mbuffer starts with 1 , nice name is , mEnd = 19, mNext = 19, mLinesLeft = 0, mFd = 4
06-06 13:42:28.504 478 522 I ActivityManager: About to commit checkpoint
06-06 13:42:28.505 478 522 I SystemServiceManager: Starting phase 1000
06-06 13:42:28.505 478 522 I ActivityManagerTiming: OnBootPhase_1000
06-06 13:42:28.505 478 522 E PowerStatsService: Failed to start PowerStatsService loggers
06-06 13:42:28.509 478 582 D AppStandbyController: Loading headless system app cache. appIdleEnabled=false
06-06 13:42:28.510 478 557 V DisplayPowerController[0]: Brightness [0.39763778] reason changing to: 'manual', previous reason: 'override'.
06-06 13:42:28.516 478 586 D RollbackManager: mRollbackLifetimeDurationInMillis=1209600000
06-06 13:42:28.523 478 522 D IorapForwardingService: BgJob Scheduled (jobId=283673059, interval: 86400000ms)
06-06 13:42:28.526 478 602 D StorageManagerService: Thinking about init, mBootCompleted=true, mDaemonConnected=true
06-06 13:42:28.526 478 522 D TestHarnessModeService: Completing Test Harness Mode setup.
06-06 13:42:28.526 478 602 D StorageManagerService: Setting up emulation state, initlocked=false
06-06 13:42:28.529 196 196 D vold : fscrypt_unlock_user_key 0 serial=0
06-06 13:42:28.531 478 602 D StorageManagerService: Thinking about reset, mBootCompleted=true, mDaemonConnected=true
06-06 13:42:28.532 478 602 I StorageSessionController: Started resetting external storage service...
06-06 13:42:28.532 478 602 I StorageSessionController: Finished resetting external storage service
06-06 13:42:28.532 478 602 I StorageManagerService: Resetting vold...
06-06 13:42:28.533 478 602 I StorageManagerService: Reset vold
06-06 13:42:28.534 196 196 I vold : onUserAdded: 0
06-06 13:42:28.553 478 519 D AdbService: boot completed
06-06 13:42:28.554 478 522 D SoundTriggerService: onBootPhase: 1000 : false
06-06 13:42:28.556 478 997 I HibernationStateDiskStore: No hibernation file on disk for file /data/system/hibernation/states
06-06 13:42:28.556 756 863 I Tethering: USB bcast connected:false configured:false rndis:false ncm:false
06-06 13:42:28.557 478 522 D CompatibilityChangeReporter: Compat change id reported: 168936375; UID 1000; state: ENABLED
06-06 13:42:28.557 478 522 D CompatibilityChangeReporter: Compat change id reported: 168936375; UID 1000; state: DISABLED
06-06 13:42:28.557 478 519 E AdbDebuggingManager: Expected keyStore, but got tag=adbKey
06-06 13:42:28.558 478 519 E AdbDebuggingManager: Expected keyStore, but got tag=adbKey
06-06 13:42:28.563 397 412 I adbd : adbd_auth: received a new framework connection
06-06 13:42:28.563 397 412 I adbd : adbd_auth: received new framework fd 31 (current = -1)
06-06 13:42:28.564 478 522 D CompatibilityChangeReporter: Compat change id reported: 73144566; UID 1000; state: ENABLED
06-06 13:42:28.564 478 522 D CompatibilityChangeReporter: Compat change id reported: 73144566; UID 1000; state: DISABLED
06-06 13:42:28.571 478 522 D GameManagerService: onBootCompleted
06-06 13:42:28.575 478 522 D AppSearchStatsCollector: atoms registered
06-06 13:42:28.575 478 522 D ActivityManagerTiming: TotalBootTime took to complete: 7553ms
06-06 13:42:28.575 478 522 D SystemServerInitThreadPool: Shutdown requested
06-06 13:42:28.575 478 522 I SystemServerTiming: WaitInitThreadPoolShutdown
06-06 13:42:28.576 478 522 D SystemServerInitThreadPool: Shutdown successful
06-06 13:42:28.578 478 522 D ActivityManager: refreshZramWriteback
06-06 13:42:28.578 478 522 D ActivityManager: real start flush
06-06 13:42:28.582 478 522 I ActivityManager: User 0 state changed from BOOTING to RUNNING_LOCKED
06-06 13:42:28.584 478 522 W ActivityManager: UserLifecycleEvent 4 received without an active userJourneySession.
06-06 13:42:28.586 478 1000 W ZramWriteback: Writeback device is not set
06-06 13:42:28.586 478 1000 D ZramWriteback: wait to flush
01-01 08:00:21.114 1 1 I init : SVC_EXEC service 'exec 16 (/bin/rm -rf /data/per_boot)' pid 1001 (uid 1000 gid 1000+0 context default) started; waiting...
06-06 13:42:28.590 478 522 D StorageManagerService: unlockUserKey: 0 isFileEncryptedNativeOrEmulated: false hasToken: false hasSecret: false
06-06 13:42:28.591 478 522 W ActivityManager: UserLifecycleEvent 5 received without an active userJourneySession.
06-06 13:42:28.591 478 522 D ActivityManager: Started unlocking user 0
06-06 13:42:28.591 478 522 D ActivityManager: Unlocking user 0 progress 0
06-06 13:42:28.591 478 522 D ActivityManager: Unlocking user 0 progress 5
06-06 13:42:28.592 196 196 D vold : fscrypt_prepare_user_storage for volume null, user 0, serial 0, flags 2
06-06 13:42:28.592 196 196 D vold : Preparing: /data/system_ce/0
06-06 13:42:28.592 196 196 D vold : Preparing: /data/misc_ce/0
06-06 13:42:28.592 196 196 D vold : Preparing: /data/vendor_ce/0
06-06 13:42:28.593 196 196 D vold : Preparing: /data/media/0
06-06 13:42:28.594 196 196 D vold : Preparing: /data/data
06-06 13:42:28.594 196 196 D vold : Starting restorecon of /data/system_ce/0
06-06 13:42:28.599 196 196 D vold : Finished restorecon of /data/system_ce/0
06-06 13:42:28.599 196 196 D vold : Starting restorecon of /data/vendor_ce/0
01-01 08:00:21.127 1002 1002 I selinux : SELinux: Skipping restorecon on directory(/data/system_ce/0)
01-01 08:00:21.127 1002 1002 I selinux :
01-01 08:00:21.130 1003 1003 I selinux : SELinux: Skipping restorecon on directory(/data/vendor_ce/0)
01-01 08:00:21.130 1003 1003 I selinux :
06-06 13:42:28.602 196 196 D vold : Finished restorecon of /data/vendor_ce/0
06-06 13:42:28.602 196 196 D vold : Starting restorecon of /data/misc_ce/0
06-06 13:42:28.606 196 196 D vold : Finished restorecon of /data/misc_ce/0
06-06 13:42:28.606 196 196 D vold : /system/bin/vold_prepare_subdirs
06-06 13:42:28.606 196 196 D vold : prepare
06-06 13:42:28.606 196 196 D vold :
06-06 13:42:28.606 196 196 D vold : 0
06-06 13:42:28.606 196 196 D vold : 2
01-01 08:00:21.134 1004 1004 I selinux : SELinux: Skipping restorecon on directory(/data/misc_ce/0)
01-01 08:00:21.134 1004 1004 I selinux :
01-01 08:00:21.146 1 1 I init : Service 'exec 16 (/bin/rm -rf /data/per_boot)' (pid 1001) exited with status 0 waiting took 0.036000 seconds
01-01 08:00:21.146 1 1 I init : Sending signal 9 to service 'exec 16 (/bin/rm -rf /data/per_boot)' (pid 1001) process group...
01-01 08:00:21.146 1 1 I libprocessgroup: Successfully killed process cgroup uid 1000 pid 1001 in 0ms
06-06 13:42:28.657 1005 1005 D vold_prepare_subdirs: Setting up mode 771 uid 1000 gid 1000 context u:object_r:system_data_file:s0:c512,c768 on path: /data/data
06-06 13:42:28.658 1005 1005 D vold_prepare_subdirs: Setting up mode 700 uid 0 gid 0 context u:object_r:vold_data_file:s0 on path: /data/misc_ce/0/vold
06-06 13:42:28.659 1005 1005 D vold_prepare_subdirs: Setting up mode 700 uid 0 gid 0 context u:object_r:storaged_data_file:s0 on path: /data/misc_ce/0/storaged
06-06 13:42:28.660 1005 1005 D vold_prepare_subdirs: Setting up mode 700 uid 0 gid 0 context u:object_r:rollback_data_file:s0 on path: /data/misc_ce/0/rollback
06-06 13:42:28.661 1005 1005 D vold_prepare_subdirs: Setting up mode 700 uid 0 gid 0 context u:object_r:apex_rollback_data_file:s0 on path: /data/misc_ce/0/apexrollback
06-06 13:42:28.662 1005 1005 D vold_prepare_subdirs: Setting up mode 711 uid 0 gid 0 context u:object_r:apex_module_data_file:s0 on path: /data/misc_ce/0/apexdata
06-06 13:42:28.663 1005 1005 D vold_prepare_subdirs: Setting up mode 771 uid 0 gid 1000 context u:object_r:apex_wifi_data_file:s0 on path: /data/misc_ce/0/apexdata/com.android.wifi
06-06 13:42:28.664 1005 1005 D vold_prepare_subdirs: Setting up mode 771 uid 0 gid 1000 context u:object_r:apex_module_data_file:s0 on path: /data/misc_ce/0/apexdata/com.android.vndk.v31
06-06 13:42:28.665 1005 1005 D vold_prepare_subdirs: Setting up mode 771 uid 0 gid 1000 context u:object_r:apex_module_data_file:s0 on path: /data/misc_ce/0/apexdata/com.android.tzdata
06-06 13:42:28.666 1005 1005 D vold_prepare_subdirs: Setting up mode 771 uid 0 gid 1000 context u:object_r:apex_module_data_file:s0 on path: /data/misc_ce/0/apexdata/com.android.tethering
06-06 13:42:28.668 1005 1005 D vold_prepare_subdirs: Setting up mode 771 uid 0 gid 1000 context u:object_r:apex_module_data_file:s0 on path: /data/misc_ce/0/apexdata/com.android.sdkext
06-06 13:42:28.670 1005 1005 D vold_prepare_subdirs: Setting up mode 771 uid 0 gid 1000 context u:object_r:apex_module_data_file:s0 on path: /data/misc_ce/0/apexdata/com.android.scheduling
06-06 13:42:28.671 1005 1005 D vold_prepare_subdirs: Setting up mode 771 uid 0 gid 1000 context u:object_r:apex_module_data_file:s0 on path: /data/misc_ce/0/apexdata/com.android.runtime
06-06 13:42:28.671 1005 1005 D vold_prepare_subdirs: Setting up mode 771 uid 0 gid 1000 context u:object_r:apex_module_data_file:s0 on path: /data/misc_ce/0/apexdata/com.android.resolv
06-06 13:42:28.673 1005 1005 D vold_prepare_subdirs: Setting up mode 771 uid 0 gid 1000 context u:object_r:apex_permission_data_file:s0 on path: /data/misc_ce/0/apexdata/com.android.permission
06-06 13:42:28.673 1005 1005 D vold_prepare_subdirs: Setting up mode 771 uid 0 gid 1000 context u:object_r:apex_module_data_file:s0 on path: /data/misc_ce/0/apexdata/com.android.os.statsd
06-06 13:42:28.674 1005 1005 D vold_prepare_subdirs: Setting up mode 771 uid 0 gid 1000 context u:object_r:apex_module_data_file:s0 on path: /data/misc_ce/0/apexdata/com.android.neuralnetworks
06-06 13:42:28.675 1005 1005 D vold_prepare_subdirs: Setting up mode 771 uid 0 gid 1000 context u:object_r:apex_module_data_file:s0 on path: /data/misc_ce/0/apexdata/com.android.mediaprovider
06-06 13:42:28.676 1005 1005 D vold_prepare_subdirs: Setting up mode 771 uid 0 gid 1000 context u:object_r:apex_module_data_file:s0 on path: /data/misc_ce/0/apexdata/com.android.media.swcodec
06-06 13:42:28.677 1005 1005 D vold_prepare_subdirs: Setting up mode 771 uid 0 gid 1000 context u:object_r:apex_module_data_file:s0 on path: /data/misc_ce/0/apexdata/com.android.media
06-06 13:42:28.678 1005 1005 D vold_prepare_subdirs: Setting up mode 771 uid 0 gid 1000 context u:object_r:apex_module_data_file:s0 on path: /data/misc_ce/0/apexdata/com.android.ipsec
06-06 13:42:28.678 1005 1005 D vold_prepare_subdirs: Setting up mode 771 uid 0 gid 1000 context u:object_r:apex_module_data_file:s0 on path: /data/misc_ce/0/apexdata/com.android.i18n
06-06 13:42:28.679 1005 1005 D vold_prepare_subdirs: Setting up mode 771 uid 0 gid 1000 context u:object_r:apex_module_data_file:s0 on path: /data/misc_ce/0/apexdata/com.android.extservices
06-06 13:42:28.680 1005 1005 D vold_prepare_subdirs: Setting up mode 771 uid 0 gid 1000 context u:object_r:apex_module_data_file:s0 on path: /data/misc_ce/0/apexdata/com.android.conscrypt
06-06 13:42:28.681 1005 1005 D vold_prepare_subdirs: Setting up mode 771 uid 0 gid 1000 context u:object_r:apex_module_data_file:s0 on path: /data/misc_ce/0/apexdata/com.android.art
06-06 13:42:28.682 1005 1005 D vold_prepare_subdirs: Setting up mode 771 uid 0 gid 1000 context u:object_r:apex_appsearch_data_file:s0 on path: /data/misc_ce/0/apexdata/com.android.appsearch
06-06 13:42:28.682 1005 1005 D vold_prepare_subdirs: Setting up mode 771 uid 0 gid 1000 context u:object_r:apex_module_data_file:s0 on path: /data/misc_ce/0/apexdata/com.android.adbd
06-06 13:42:28.683 1005 1005 D vold_prepare_subdirs: Setting up mode 700 uid 1000 gid 1000 context u:object_r:backup_data_file:s0 on path: /data/system_ce/0/backup
06-06 13:42:28.684 1005 1005 D vold_prepare_subdirs: Setting up mode 700 uid 1000 gid 1000 context u:object_r:backup_data_file:s0 on path: /data/system_ce/0/backup_stage
06-06 13:42:28.685 1005 1005 D vold_prepare_subdirs: Setting up mode 700 uid 1000 gid 1000 context u:object_r:face_vendor_data_file:s0 on path: /data/vendor_ce/0/facedata
06-06 13:42:28.688 478 522 V UserDataPreparer: Found /data/user/0 with serial number 0
06-06 13:42:28.688 478 522 V UserDataPreparer: Found /data/system_ce/0 with serial number 0
06-06 13:42:28.689 478 522 D UserDataPreparer: Setting property: sys.user.0.ce_available=true
06-06 13:42:28.690 478 522 V PackageManager: reconcileAppsData for null u0 0x2 migrateAppData=false
06-06 13:42:28.859 254 254 V audio_hw_primary: adev_set_parameters, A2dpSuspended=false
06-06 13:42:28.865 254 254 V audio_hw_primary: adev_set_parameters, BT_SCO=off
06-06 13:42:28.866 478 628 I AS.AudioDeviceInventory: removePreferredDevicesForStrategySync, strategy: 14
06-06 13:42:28.937 824 834 I oid.tv.setting: Background young concurrent copying GC freed 11305(927KB) AllocSpace objects, 0(0B) LOS objects, 88% free, 3085KB/27MB, paused 176us total 115.980ms
01-01 08:00:21.477 169 169 I init (169): drop_caches: 3
06-06 13:42:28.948 169 169 I init : type=1400 audit(0.0:362): avc: denied { write } for name="dirty_expire_centisecs" dev="proc" ino=14569 scontext=u:r:vendor_init:s0 tcontext=u:object_r:proc_dirty:s0 tclass=file permissive=1
06-06 13:42:28.971 326 327 D XM_HIDREAD: add@ add@/kernel/slab/:0000008
06-06 13:42:28.968 326 326 I xm_hidread: type=1400 audit(0.0:363): avc: denied { read } for scontext=u:r:init:s0 tcontext=u:r:init:s0 tclass=netlink_kobject_uevent_socket permissive=1
01-01 08:00:21.500 1 1 I zram0 : detected capacity change from 0 to 1541578752
06-06 13:42:28.994 679 679 D Tonal : Tonal Palette - index: 4. Main color: ff1e447a
06-06 13:42:28.994 679 679 D Tonal : Colors: ff060d1a, ff0b162e, ff102343, ff17305c, ff1e447a, ff254a99, ff2d58b7, ff6180c3, ff6f8adc, ff889ce2, ffa5b0e9, ffced4f3, ffeaedfa
06-06 13:42:28.994 679 679 D Tonal : Gradients:
06-06 13:42:28.994 679 679 D Tonal : Normal GradientColors(ff1e447a, ff1e447a)
06-06 13:42:28.994 679 679 D Tonal : Dark GradientColors(ff17305c, ff17305c)
06-06 13:42:28.994 679 679 D Tonal : Extra dark: GradientColors(ff102343, ff102343)
06-06 13:42:28.995 679 679 D Tonal : Tonal Palette - index: 4. Main color: ff1e447a
06-06 13:42:28.995 679 679 D Tonal : Colors: ff060d1a, ff0b162e, ff102343, ff17305c, ff1e447a, ff254a99, ff2d58b7, ff6180c3, ff6f8adc, ff889ce2, ffa5b0e9, ffced4f3, ffeaedfa
06-06 13:42:28.995 679 679 D Tonal : Gradients:
06-06 13:42:28.995 679 679 D Tonal : Normal GradientColors(ff1e447a, ff1e447a)
06-06 13:42:28.995 679 679 D Tonal : Dark GradientColors(ff17305c, ff17305c)
06-06 13:42:28.995 679 679 D Tonal : Extra dark: GradientColors(ff102343, ff102343)
01-01 08:00:21.562 1 1 I mkswap : Swapspace size: 1505444k, UUID=bd8ce228-6399-440f-a57f-c9952a25eaf8
01-01 08:00:21.585 1 1 I : Adding 1505444k swap on /dev/block/zram0. Priority:-2 extents:1 across:1505444k SS
06-06 13:42:29.068 1007 1007 I init : type=1400 audit(0.0:364): avc: denied { entrypoint } for path="/system/bin/appsdisable" dev="dm-0" ino=892 scontext=u:r:shell:s0 tcontext=u:object_r:system_file:s0 tclass=file permissive=1
06-06 13:42:29.075 319 319 D XiriService: check file name: /data/data/com.android.cts.priv.ctsshim/lib
06-06 13:42:29.072 319 319 I xiriservice_All: type=1400 audit(0.0:365): avc: denied { search } for name="com.android.cts.priv.ctsshim" dev="mmcblk0p25" ino=567 scontext=u:r:init:s0 tcontext=u:object_r:privapp_data_file:s0:c512,c768 tclass=dir permissive=1
06-06 13:42:29.076 319 319 I xiriservice_All: type=1400 audit(0.0:366): avc: denied { read } for name="lib" dev="mmcblk0p25" ino=3237 scontext=u:r:init:s0 tcontext=u:object_r:privapp_data_file:s0:c512,c768 tclass=lnk_file permissive=1
06-06 13:42:29.078 319 319 D XiriService: check file name: /data/data/com.android.cts.priv.ctsshim/lib
06-06 13:42:29.078 319 319 D XiriService: check file name: /data/data/com.android.dynsystem/lib
06-06 13:42:29.076 319 319 I xiriservice_All: type=1400 audit(0.0:367): avc: denied { search } for name="com.android.dynsystem" dev="mmcblk0p25" ino=575 scontext=u:r:init:s0 tcontext=u:object_r:system_app_data_file:s0 tclass=dir permissive=1
06-06 13:42:29.076 319 319 I xiriservice_All: type=1400 audit(0.0:368): avc: denied { read } for name="lib" dev="mmcblk0p25" ino=3239 scontext=u:r:init:s0 tcontext=u:object_r:system_app_data_file:s0 tclass=lnk_file permissive=1
06-06 13:42:29.081 319 319 D XiriService: check file name: /data/data/com.android.dynsystem/lib
06-06 13:42:29.082 319 319 D XiriService: check file name: /data/data/com.dangbei.lerad.rocky/lib
06-06 13:42:29.084 319 319 D XiriService: check file name: /data/data/com.dangbei.lerad.rocky/lib
06-06 13:42:29.086 319 319 D XiriService: check file name: /data/data/com.android.tv.settings/lib
06-06 13:42:29.087 319 319 D XiriService: check file name: /data/data/com.android.tv.settings/lib
06-06 13:42:29.090 319 319 D XiriService: check file name: /data/data/com.longs.adbenable/lib
06-06 13:42:29.088 319 319 I xiriservice_All: type=1400 audit(0.0:369): avc: denied { search } for name="com.longs.adbenable" dev="mmcblk0p25" ino=2986 scontext=u:r:init:s0 tcontext=u:object_r:app_data_file:s0:c76,c256,c512,c768 tclass=dir permissive=1
06-06 13:42:29.088 319 319 I xiriservice_All: type=1400 audit(0.0:370): avc: denied { read } for name="lib" dev="mmcblk0p25" ino=3341 scontext=u:r:init:s0 tcontext=u:object_r:app_data_file:s0:c76,c256,c512,c768 tclass=lnk_file permissive=1
06-06 13:42:29.094 319 319 D XiriService: check file name: /data/data/com.longs.adbenable/lib
06-06 13:42:29.095 319 319 D XiriService: check file name: /data/data/com.oranth.factory/lib
06-06 13:42:29.096 319 319 D XiriService: check file name: /data/data/com.oranth.factory/lib
06-06 13:42:29.096 319 319 D XiriService: check file name: /data/data/com.dangbei.zhushou.os/lib
06-06 13:42:29.098 319 319 D XiriService: check file name: /data/data/com.dangbei.zhushou.os/lib
06-06 13:42:29.098 319 319 D XiriService: check file name: /data/data/com.dangbei.zhushou.os/lib
06-06 13:42:29.100 319 319 D XiriService: check file name: /data/data/com.sohu.inputmethod.sogou.tv/lib
06-06 13:42:29.100 319 319 I xiriservice_All: type=1400 audit(0.0:371): avc: denied { search } for name="com.sohu.inputmethod.sogou.tv" dev="mmcblk0p25" ino=1406 scontext=u:r:init:s0 tcontext=u:object_r:app_data_file:s0:c48,c256,c512,c768 tclass=dir permissive=1
06-06 13:42:29.103 478 495 I system_server: Background young concurrent copying GC freed 176015(6201KB) AllocSpace objects, 19(1236KB) LOS objects, 40% free, 10MB/17MB, paused 357us total 225.693ms
06-06 13:42:29.100 319 319 I xiriservice_All: type=1400 audit(0.0:372): avc: denied { read } for name="lib" dev="mmcblk0p25" ino=3344 scontext=u:r:init:s0 tcontext=u:object_r:app_data_file:s0:c48,c256,c512,c768 tclass=lnk_file permissive=1
06-06 13:42:29.105 319 319 D XiriService: check file name: /data/data/com.sohu.inputmethod.sogou.tv/lib
06-06 13:42:29.105 319 319 D XiriService: check file name: /data/data/com.oranth.ledstatus/lib
06-06 13:42:29.106 319 319 D XiriService: check file name: /data/data/com.dangbei.lerad.videoposter/lib
06-06 13:42:29.104 319 319 I xiriservice_All: type=1400 audit(0.0:373): avc: denied { search } for name="com.dangbei.lerad.videoposter" dev="mmcblk0p25" ino=747 scontext=u:r:init:s0 tcontext=u:object_r:app_data_file:s0:c512,c768 tclass=dir permissive=1
06-06 13:42:29.104 319 319 I xiriservice_All: type=1400 audit(0.0:374): avc: denied { read } for name="lib" dev="mmcblk0p25" ino=3266 scontext=u:r:init:s0 tcontext=u:object_r:app_data_file:s0:c512,c768 tclass=lnk_file permissive=1
06-06 13:42:29.107 319 319 D XiriService: check file name: /data/data/com.dangbei.lerad.videoposter/lib
06-06 13:42:29.108 319 319 D XiriService: check file name: /data/data/com.dangbei.lerad.videoposter/lib
06-06 13:42:29.108 319 319 D XiriService: check file name: /data/data/com.dangbei.lerad.videoposter/lib
06-06 13:42:29.109 319 319 D XiriService: check file name: /data/data/com.android.networkstack/lib
06-06 13:42:29.108 319 319 I xiriservice_All: type=1400 audit(0.0:375): avc: denied { read } for name="lib" dev="mmcblk0p25" ino=3351 scontext=u:r:init:s0 tcontext=u:object_r:radio_data_file:s0 tclass=lnk_file permissive=1
06-06 13:42:29.112 319 319 D XiriService: check file name: /data/data/com.android.networkstack/lib
06-06 13:42:29.113 319 319 D XiriService: check file name: /data/data/android/lib
06-06 13:42:29.114 319 319 D XiriService: check file name: /data/data/android/lib
06-06 13:42:29.117 319 319 D XiriService: check file name: /data/data/com.dangbei.screencast/lib
06-06 13:42:29.120 319 319 D XiriService: check file name: /data/data/com.dangbei.screencast/lib
06-06 13:42:29.120 319 319 D XiriService: check file name: /data/data/com.dangbei.leard.leradlauncher/lib
06-06 13:42:29.123 319 319 D XiriService: check file name: /data/data/com.dangbei.leard.leradlauncher/lib
06-06 13:42:29.125 319 319 D XiriService: check file name: /data/data/com.android.providers.settings/lib
06-06 13:42:29.127 319 319 D XiriService: check file name: /data/data/com.android.providers.settings/lib
06-06 13:42:29.129 319 319 D XiriService: check file name: /data/data/com.android.printspooler/lib
06-06 13:42:29.128 319 319 I xiriservice_All: type=1400 audit(0.0:376): avc: denied { search } for name="com.android.printspooler" dev="mmcblk0p25" ino=935 scontext=u:r:init:s0 tcontext=u:object_r:app_data_file:s0:c52,c256,c512,c768 tclass=dir permissive=1
06-06 13:42:29.128 319 319 I xiriservice_All: type=1400 audit(0.0:377): avc: denied { read } for name="lib" dev="mmcblk0p25" ino=3363 scontext=u:r:init:s0 tcontext=u:object_r:app_data_file:s0:c52,c256,c512,c768 tclass=lnk_file permissive=1
06-06 13:42:29.136 319 319 D XiriService: check file name: /data/data/com.android.webview/lib
06-06 13:42:29.136 319 319 I xiriservice_All: type=1400 audit(0.0:378): avc: denied { search } for name="com.android.webview" dev="mmcblk0p25" ino=951 scontext=u:r:init:s0 tcontext=u:object_r:app_data_file:s0:c60,c256,c512,c768 tclass=dir permissive=1
06-06 13:42:29.136 319 319 I xiriservice_All: type=1400 audit(0.0:379): avc: denied { read } for name="lib" dev="mmcblk0p25" ino=3364 scontext=u:r:init:s0 tcontext=u:object_r:app_data_file:s0:c60,c256,c512,c768 tclass=lnk_file permissive=1
06-06 13:42:29.138 319 319 D XiriService: check file name: /data/data/com.android.webview/lib
06-06 13:42:29.138 319 319 D XiriService: check file name: /data/data/com.android.inputdevices/lib
06-06 13:42:29.147 319 319 D XiriService: check file name: /data/data/com.android.bips/lib
06-06 13:42:29.150 319 319 D XiriService: check file name: /data/data/com.android.bips/lib
06-06 13:42:29.150 319 319 D XiriService: check file name: /data/data/com.oranth.inputmacsn/lib
06-06 13:42:29.151 319 319 D XiriService: check file name: /data/data/com.oranth.inputmacsn/lib
06-06 13:42:29.152 319 319 D XiriService: check file name: /data/data/com.android.keychain/lib
06-06 13:42:29.153 319 319 D XiriService: check file name: /data/data/com.android.keychain/lib
06-06 13:42:29.154 319 319 D XiriService: check file name: /data/data/android.ext.services/lib
06-06 13:42:29.155 319 319 D XiriService: check file name: /data/data/android.ext.services/lib
06-06 13:42:29.155 319 319 D XiriService: check file name: /data/data/com.android.localtransport/lib
06-06 13:42:29.156 319 319 D XiriService: check file name: /data/data/com.android.localtransport/lib
06-06 13:42:29.157 319 319 D XiriService: check file name: /data/data/com.android.packageinstaller/lib
06-06 13:42:29.157 478 497 W System : A resource failed to call release.
06-06 13:42:29.161 319 319 D XiriService: check file name: /data/data/com.android.packageinstaller/lib
06-06 13:42:29.161 319 319 D XiriService: check file name: /data/data/com.oranth.usbopenft/lib
06-06 13:42:29.163 319 319 D XiriService: check file name: /data/data/com.android.networkstack.tethering/lib
06-06 13:42:29.164 319 319 D XiriService: check file name: /data/data/com.dangbei.lerad.etna.haqu/lib
06-06 13:42:29.166 319 319 D XiriService: check file name: /data/data/com.dangbei.lerad.etna.haqu/lib
06-06 13:42:29.167 319 319 D XiriService: check file name: /data/data/com.oranth.powerwindow/lib
06-06 13:42:29.168 319 319 D XiriService: check file name: /data/data/com.oranth.powerwindow/lib
06-06 13:42:29.169 319 319 D XiriService: check file name: /data/data/com.android.networkstack.permissionconfig/lib
06-06 13:42:29.169 1008 1008 I bootstat: Service started: /system/bin/bootstat --record_boot_complete --record_boot_reason --record_time_since_factory_reset -l
06-06 13:42:29.171 319 319 D XiriService: check file name: /data/data/com.android.networkstack.permissionconfig/lib
06-06 13:42:29.173 319 319 D XiriService: check file name: /data/data/com.dangbei.lerad.screensaver/lib
06-06 13:42:29.172 319 319 I xiriservice_All: type=1400 audit(0.0:380): avc: denied { search } for name="com.dangbei.lerad.screensaver" dev="mmcblk0p25" ino=1185 scontext=u:r:init:s0 tcontext=u:object_r:app_data_file:s0:c36,c256,c512,c768 tclass=dir permissive=1
06-06 13:42:29.172 319 319 I xiriservice_All: type=1400 audit(0.0:381): avc: denied { read } for name="lib" dev="mmcblk0p25" ino=3420 scontext=u:r:init:s0 tcontext=u:object_r:app_data_file:s0:c36,c256,c512,c768 tclass=lnk_file permissive=1
06-06 13:42:29.174 319 319 D XiriService: check file name: /data/data/com.dangbei.lerad.screensaver/lib
06-06 13:42:29.175 319 319 D XiriService: check file name: /data/data/com.android.wallpaperbackup/lib
06-06 13:42:29.176 319 319 D XiriService: check file name: /data/data/com.android.wallpaperbackup/lib
06-06 13:42:29.177 478 497 W System : A resource failed to call release.
06-06 13:42:29.177 478 497 W System : A resource failed to call release.
06-06 13:42:29.177 478 497 W System : A resource failed to call release.
06-06 13:42:29.178 319 319 D XiriService: check file name: /data/data/com.android.providers.media.module/lib
06-06 13:42:29.176 319 319 I xiriservice_All: type=1400 audit(0.0:382): avc: denied { search } for name="com.android.providers.media.module" dev="mmcblk0p25" ino=1257 scontext=u:r:init:s0 tcontext=u:object_r:privapp_data_file:s0:c74,c256,c512,c768 tclass=dir permissive=1
06-06 13:42:29.179 1008 1008 E bootstat: Failed to read /data/misc/bootstat/post_decrypt_time_elapsed: No such file or directory
06-06 13:42:29.179 1008 1008 E bootstat: Failed to parse boot time record: /data/misc/bootstat/post_decrypt_time_elapsed
06-06 13:42:29.180 319 319 I xiriservice_All: type=1400 audit(0.0:383): avc: denied { read } for name="lib" dev="mmcblk0p25" ino=3422 scontext=u:r:init:s0 tcontext=u:object_r:privapp_data_file:s0:c74,c256,c512,c768 tclass=lnk_file permissive=1
06-06 13:42:29.193 1008 1008 W bootstat: LogBootEvents, atomInfo not defined for events:last_boot_time_utc,build_date,ro.boottime.init.cold_boot_wait,boot_reason,system_boot_reason,time_since_last_boot
06-06 13:42:29.193 478 522 V PackageManager: reconcileAppsData finished 113 packages
06-06 13:42:29.194 478 522 I ActivityManager: User 0 state changed from RUNNING_LOCKED to RUNNING_UNLOCKING
06-06 13:42:29.195 319 319 D XiriService: check file name: /data/data/com.android.providers.media.module/lib
06-06 13:42:29.192 319 319 I xiriservice_All: type=1400 audit(0.0:384): avc: denied { search } for name="com.android.providers.media.module" dev="mmcblk0p25" ino=1257 scontext=u:r:init:s0 tcontext=u:object_r:privapp_data_file:s0:c74,c256,c512,c768 tclass=dir permissive=1
06-06 13:42:29.195 319 319 D XiriService: check file name: /data/data/com.oranth.storage/lib
06-06 13:42:29.196 478 522 D ActivityManager: Unlocking user 0 progress 20
06-06 13:42:29.198 319 319 D XiriService: check file name: /data/data/com.android.location.fused/lib
06-06 13:42:29.198 319 319 D XiriService: check file name: /data/data/com.dangbei.haqusetting/lib
06-06 13:42:29.203 319 319 D XiriService: check file name: /data/data/com.softwinner.miracastReceiver/lib
06-06 13:42:29.204 319 319 D XiriService: check file name: /data/data/com.android.bluetooth/lib
06-06 13:42:29.204 319 319 I xiriservice_All: type=1400 audit(0.0:385): avc: denied { read } for name="lib" dev="mmcblk0p25" ino=3436 scontext=u:r:init:s0 tcontext=u:object_r:bluetooth_data_file:s0 tclass=lnk_file permissive=1
06-06 13:42:29.213 478 532 I SystemServerTimingAsync: ssm.UnlockingUser-0
06-06 13:42:29.213 478 532 I SystemServiceManager: Calling onUnlockingUser 0
06-06 13:42:29.216 478 522 D AW_CODE : rotation =0
06-06 13:42:29.223 478 532 D BluetoothManagerService: User 0 unlocked
06-06 13:42:29.223 478 521 D BluetoothManagerService: MESSAGE_USER_UNLOCKED
06-06 13:42:29.226 478 522 D AW_CODE : rotation =0
06-06 13:42:29.231 478 522 D ColorDisplayService: setUp: currentUser=0
06-06 13:42:29.235 478 532 D StorageManagerService: onUnlockUser 0
06-06 13:42:29.236 478 532 I StorageSessionController: On user unlock 0
06-06 13:42:29.236 478 532 I StorageSessionController: Initialialising...
06-06 13:42:29.239 478 522 D ColorDisplayService: onNightDisplayAutoModeChanged: autoMode=0
06-06 13:42:29.239 478 522 I ColorDisplayService: Turning off night display
06-06 13:42:29.239 478 522 D ColorDisplayService: Setting bright color reduction level: 50
06-06 13:42:29.248 679 679 I ndroid.systemui: type=1400 audit(0.0:386): avc: denied { search } for name="com.android.systemui" dev="mmcblk0p25" ino=484 scontext=u:r:platform_app:s0:c512,c768 tcontext=u:object_r:app_data_file:s0:c512,c768 tclass=dir permissive=1 app=com.softwinner.screenshot
06-06 13:42:29.248 269 269 I EventThread: type=1400 audit(0.0:387): avc: denied { search } for name="extcon" dev="sysfs" ino=18109 scontext=u:r:hal_tv_cec_default:s0 tcontext=u:object_r:sysfs_extcon:s0 tclass=dir permissive=1
06-06 13:42:29.248 478 531 I UsageStatsService: User[0] Rollover scheduled @ 2025-06-07 13:42:29(1749274949233)
06-06 13:42:29.248 196 196 I vold : onUserStarted: 0
06-06 13:42:29.250 679 679 D SystemUIService: Starting Wifi now
06-06 13:42:29.255 478 531 I UsageStatsService: Time changed in by 1749188527 seconds
06-06 13:42:29.256 478 531 W AppHibernationService: Attempt to call setHibernatingForUser before states have been read from disk
06-06 13:42:29.257 478 531 W AppHibernationService: Attempt to call setHibernatingForUser before states have been read from disk
06-06 13:42:29.257 478 531 W AppHibernationService: Attempt to call setHibernatingForUser before states have been read from disk
06-06 13:42:29.258 478 532 W TextServicesManagerService: no available spell checker services found
06-06 13:42:29.258 478 532 D WifiService: Handle user unlock 0
06-06 13:42:29.259 478 532 I WallpaperManagerService: on-unlock-user-0
06-06 13:42:29.260 679 679 I SharedPreferenc: type=1400 audit(0.0:388): avc: denied { open } for path="/data/user_de/0/com.android.systemui/shared_prefs/com.android.systemui.xml" dev="mmcblk0p25" ino=2173 scontext=u:r:platform_app:s0:c512,c768 tcontext=u:object_r:app_data_file:s0:c512,c768 tclass=file permissive=1 app=com.softwinner.screenshot
06-06 13:42:29.262 478 531 W AppHibernationService: Attempt to call setHibernatingForUser before states have been read from disk
06-06 13:42:29.263 478 531 W AppHibernationService: Attempt to call setHibernatingForUser before states have been read from disk
06-06 13:42:29.264 478 531 W AppHibernationService: Attempt to call setHibernatingForUser before states have been read from disk
06-06 13:42:29.264 478 531 W AppHibernationService: Attempt to call setHibernatingForUser before states have been read from disk
06-06 13:42:29.264 478 531 W AppHibernationService: Attempt to call setHibernatingForUser before states have been read from disk
06-06 13:42:29.264 478 531 W AppHibernationService: Attempt to call setHibernatingForUser before states have been read from disk
06-06 13:42:29.265 478 531 W AppHibernationService: Attempt to call setHibernatingForUser before states have been read from disk
06-06 13:42:29.265 478 531 W AppHibernationService: Attempt to call setHibernatingForUser before states have been read from disk
06-06 13:42:29.265 478 531 W AppHibernationService: Attempt to call setHibernatingForUser before states have been read from disk
06-06 13:42:29.274 824 824 W ContextImpl: Calling a method in the system process without a qualified user: android.app.ContextImpl.startService:1816 android.content.ContextWrapper.startService:774 android.content.ContextWrapper.startService:774 com.android.tv.settings.users.UserSwitchListenerService$BootReceiver.onReceive:50 android.app.ActivityThread.handleReceiver:4308
06-06 13:42:29.277 478 814 V StorageManagerService: Found primary storage at VolumeInfo{emulated;0}:
06-06 13:42:29.277 478 814 V StorageManagerService: type=EMULATED diskId=null partGuid= mountFlags=0 mountUserId=0
06-06 13:42:29.277 478 814 V StorageManagerService: state=UNMOUNTED
06-06 13:42:29.277 478 814 V StorageManagerService: fsType=null fsUuid=null fsLabel=null
06-06 13:42:29.277 478 814 V StorageManagerService: path=null internalPath=null
06-06 13:42:29.277 478 640 I BackupManagerService: Starting service for user: 0
06-06 13:42:29.277 478 532 W VoiceInteractionManager: no available voice recognition services found for user 0
06-06 13:42:29.278 478 640 V BackupManagerService: [UserID:0] Starting with transport com.android.localtransport/.LocalTransport
06-06 13:42:29.278 478 531 W AppHibernationService: Attempt to call setHibernatingForUser before states have been read from disk
06-06 13:42:29.278 478 531 W AppHibernationService: Attempt to call setHibernatingForUser before states have been read from disk
06-06 13:42:29.279 478 997 I HibernationStateDiskStore: No hibernation file on disk for file /data/system_ce/0/hibernation/states
06-06 13:42:29.280 478 532 D AutofillManagerServiceImpl: Reset component for user 0:
06-06 13:42:29.280 478 520 D AutofillUI: destroySaveUiUiThread(): already destroyed
06-06 13:42:29.281 326 327 D XM_HIDREAD: add@ add@/class/hci_reg
06-06 13:42:29.281 326 327 D XM_HIDREAD: add@ add@/module/sunxi_hci
06-06 13:42:29.284 478 531 W AppHibernationService: Attempt to call setHibernatingForUser before states have been read from disk
06-06 13:42:29.285 478 640 D BackupManagerService: [UserID:0] Started thread backup-0
06-06 13:42:29.287 478 602 I StorageManagerService: Mounting volume VolumeInfo{emulated;0}:
06-06 13:42:29.287 478 602 I StorageManagerService: type=EMULATED diskId=null partGuid= mountFlags=PRIMARY|VISIBLE
06-06 13:42:29.287 478 602 I StorageManagerService: mountUserId=0 state=UNMOUNTED
06-06 13:42:29.287 478 602 I StorageManagerService: fsType=null fsUuid=null fsLabel=null
06-06 13:42:29.287 478 602 I StorageManagerService: path=null internalPath=null
06-06 13:42:29.288 196 196 I vold : Mounting emulated fuse volume
06-06 13:42:29.300 478 531 I UsageStatsService: User[0] Flushing usage stats to disk
06-06 13:42:29.305 478 532 D FieldClassificationStrategy: reset(): service is not bound. Do nothing.
06-06 13:42:29.304 331 331 I xiriservice_All: type=1400 audit(0.0:389): avc: denied { read } for scontext=u:r:init:s0 tcontext=u:r:init:s0 tclass=netlink_kobject_uevent_socket permissive=1
06-06 13:42:29.306 478 532 W AppBindingService: [Default SMS app] u0 Target package not found
06-06 13:42:29.306 326 327 D XM_HIDREAD: add@ add@/devices/virtual/bdi/0:47
01-01 08:00:21.838 169 169 W sunxi-ehci: EHCI SUNXI driver
01-01 08:00:21.839 169 169 W : sunxi ehci0-controller don't init wakeup source
01-01 08:00:21.839 169 169 W [sunxi-ehci0]: probe, pdev->name: 5101000.ehci0-controller, sunxi_ehci: 0xffffffc008f81018, 0x:ffffffc013763000, irq_no:32
01-01 08:00:21.843 169 169 I sunxi-ehci 5101000.ehci0-controller: EHCI Host Controller
01-01 08:00:21.843 169 169 I sunxi-ehci 5101000.ehci0-controller: new USB bus registered, assigned bus number 1
01-01 08:00:21.844 169 169 I sunxi-ehci 5101000.ehci0-controller: irq 50, io mem 0x05101000
06-06 13:42:29.312 326 327 D XM_HIDREAD: add@ add@/devices/virtual/devlink/regulator.8--5101000.ehci0-controller
06-06 13:42:29.317 196 196 I vold : Bind mounting /data/media to /mnt/pass_through/0/emulated
06-06 13:42:29.320 478 478 W InputMethodUtils: Found no fallback locale. imis=[InputMethodInfo{com.sohu.inputmethod.sogou.tv/.SogouIME, settings: com.sohu.inputmethod.sogou.SogouIMESettingsLauncher}]
06-06 13:42:29.321 478 602 I StorageSessionController: On volume mount VolumeInfo{emulated;0}:
06-06 13:42:29.321 478 602 I StorageSessionController: type=EMULATED diskId=null partGuid= mountFlags=PRIMARY|VISIBLE
06-06 13:42:29.321 478 602 I StorageSessionController: mountUserId=0 state=CHECKING
06-06 13:42:29.321 478 602 I StorageSessionController: fsType=null fsUuid=null fsLabel=null
06-06 13:42:29.321 478 602 I StorageSessionController: path=/storage/emulated internalPath=/data/media
06-06 13:42:29.321 478 478 W InputMethodUtils: No software keyboard is found. imis=[InputMethodInfo{com.sohu.inputmethod.sogou.tv/.SogouIME, settings: com.sohu.inputmethod.sogou.SogouIMESettingsLauncher}] systemLocale=zh_CN fallbackLocale=null
06-06 13:42:29.322 478 478 I NotificationHistory: Attempted to unlock gone/disabled user 0
06-06 13:42:29.322 478 602 I StorageSessionController: Creating connection for user: 0
06-06 13:42:29.322 478 602 I StorageSessionController: Creating and starting session with id: emulated;0
06-06 13:42:29.323 478 602 I StorageUserConnection: Binding to the ExternalStorageService for user 0
06-06 13:42:29.323 478 532 I ActivityTaskManager: Loading recents for user 0 into memory.
06-06 13:42:29.327 478 521 W IorapForwardingService: No service published for: iorapd
06-06 13:42:29.330 326 327 D XM_HIDREAD: add@ add@/devices/platform/soc@3000000/5101000.ehci0-controller/usb1
06-06 13:42:29.334 326 327 D XM_HIDREAD: add@ add@/devices/platform/soc@3000000/5101000.ehci0-controller/usb1/1-0:1.0
06-06 13:42:29.342 478 532 V PackageConfigPersister: loadPackages: empty list files from /data/system_ce/0/package_configs
06-06 13:42:29.343 478 532 W ActivityManager: UserLifecycleEvent 5 received without an active userJourneySession.
06-06 13:42:29.343 478 532 W ActivityManager: UserLifecycleEvent 6 received without an active userJourneySession.
06-06 13:42:29.343 478 532 I ActivityManager: User 0 state changed from RUNNING_UNLOCKING to RUNNING_UNLOCKED
06-06 13:42:29.344 326 327 D XM_HIDREAD: add@ add@/devices/virtual/devlink/regulator.8--5200000.ehci1-controller
06-06 13:42:29.344 478 532 D SystemServerTiming: SystemUserUnlock took to complete: 752ms
01-01 08:00:21.857 169 169 I sunxi-ehci 5101000.ehci0-controller: USB 2.0 started, EHCI 1.00
01-01 08:00:21.858 169 169 I usb1 : New USB device found, idVendor=1d6b, idProduct=0002, bcdDevice= 5.04
01-01 08:00:21.858 169 169 I usb1 : New USB device strings: Mfr=3, Product=2, SerialNumber=1
01-01 08:00:21.858 169 169 I usb1 : Product: EHCI Host Controller
01-01 08:00:21.858 169 169 I usb1 : Manufacturer: Linux 5.4.125+ ehci_hcd
01-01 08:00:21.858 169 169 I usb1 : SerialNumber: sunxi-ehci
01-01 08:00:21.862 169 169 I hub 1-0 : 1.0: USB hub found
01-01 08:00:21.863 169 169 I hub 1-0 : 1.0: 1 port detected
01-01 08:00:21.870 169 169 W : sunxi ehci1-controller don't init wakeup source
01-01 08:00:21.870 169 169 W [sunxi-ehci1]: probe, pdev->name: 5200000.ehci1-controller, sunxi_ehci: 0xffffffc008f816d8, 0x:ffffffc0154bd000, irq_no:34
01-01 08:00:21.871 169 169 I sunxi-ehci 5200000.ehci1-controller: EHCI Host Controller
01-01 08:00:21.871 169 169 I sunxi-ehci 5200000.ehci1-controller: new USB bus registered, assigned bus number 2
01-01 08:00:21.871 169 169 I sunxi-ehci 5200000.ehci1-controller: irq 52, io mem 0x05200000
