06-06 13:42:30.126 666 958 I bt_bte_conf: system/bt/main/bte_conf.cc:47 bte_load_did_conf: bte_load_did_conf no section named DID2.
06-06 13:42:30.126 666 958 I bt_btif_core: system/bt/btif/src/btif_core.cc:312 btif_enable_bluetooth_evt: Bluetooth enable event completed
06-06 13:42:30.126 666 958 I bt_bta_dm: system/bt/bta/dm/bta_dm_act.cc:2890 bta_dm_set_eir: Generating extended inquiry response packet EIR
06-06 13:42:30.126 666 869 I bt_stack_manager: system/bt/btif/src/stack_manager.cc:311 event_start_up_stack: event_start_up_stack finished
06-06 13:42:30.117 478 519 W Looper : Drained
06-06 13:42:30.134 249 249 D Zygote : Forked child process 1128
06-06 13:42:30.139 478 478 D BluetoothManagerService: Bluetooth Adapter address changed to B4:2F:03:15:74:2B
06-06 13:42:30.139 478 478 D BluetoothManagerService: Stored Bluetoothaddress: B4:2F:03:15:74:2B
06-06 13:42:30.141 478 533 I ActivityManager: app.processName = com.oranth.ledstatus
06-06 13:42:30.141 478 533 I ActivityManager: Start proc 1128:com.oranth.ledstatus/1000 for broadcast {com.oranth.ledstatus/com.oranth.ledstatus.BootCompletedReceiver}
06-06 13:42:30.142 666 882 D AdapterProperties: Name is: DBBOX-A2
06-06 13:42:30.143 478 478 D BluetoothManagerService: Bluetooth Adapter name changed to DBBOX-A2 by android
06-06 13:42:30.143 478 478 D BluetoothManagerService: Stored Bluetooth name: DBBOX-A2
06-06 13:42:30.144 1128 1128 I Zygote : seccomp disabled by setenforce 0
06-06 13:42:30.145 666 882 D AdapterProperties: Scan Mode:20
06-06 13:42:30.145 666 882 D AdapterProperties: Discoverable Timeout:120
06-06 13:42:30.147 666 882 D AdapterProperties: Adding bonded device:E4:BB:D3:57:C0:49
06-06 13:42:30.155 1128 1128 I ranth.ledstatu: Late-enabling -Xcheck:jni
06-06 13:42:30.152 329 329 I rainbow_flow: type=1400 audit(0.0:397): avc: denied { ioctl } for path="/dev/spidev1.0" dev="tmpfs" ino=208 ioctlcmd=0x6b00 scontext=u:r:init:s0 tcontext=u:object_r:device:s0 tclass=chr_file permissive=1
06-06 13:42:30.186 666 864 I AdapterState: BLE_ON : entered
06-06 13:42:30.187 666 864 D AdapterProperties: Setting state to BLE_ON
06-06 13:42:30.188 666 864 D BluetoothAdapterService: updateAdapterState() - Broadcasting state BLE_ON to 1 receivers.
06-06 13:42:30.189 478 521 D BluetoothManagerService: MESSAGE_BLUETOOTH_STATE_CHANGE: BLE_TURNING_ON > BLE_ON
06-06 13:42:30.189 478 521 D BluetoothManagerService: Bluetooth is in LE only mode
06-06 13:42:30.189 478 521 D BluetoothManagerService: Binding Bluetooth GATT service
06-06 13:42:30.194 478 521 D BluetoothManagerService: Sending BLE State Change: BLE_TURNING_ON > BLE_ON
06-06 13:42:30.208 1105 1105 V GraphicsEnvironment: ANGLE Developer option for 'com.android.keychain' set to: 'default'
06-06 13:42:30.209 1105 1105 V GraphicsEnvironment: Neither updatable production driver nor prerelease driver is supported.
06-06 13:42:30.211 1105 1105 D NetworkSecurityConfig: No Network Security Config specified, using platform default
06-06 13:42:30.212 1105 1105 D NetworkSecurityConfig: No Network Security Config specified, using platform default
06-06 13:42:30.217 1046 1046 I TranscodeHelper: Empty transcode compat stale
06-06 13:42:30.219 1046 1046 I TranscodeHelper: Parsed 0 packages from resource
06-06 13:42:30.219 1046 1046 I TranscodeHelper: Empty device config transcode compat manifest
06-06 13:42:30.225 397 417 I adbd : jdwp connection from 1128
06-06 13:42:30.244 1046 1046 V MediaStore: Examining volume emulated;0 with name external_primary and state checking
06-06 13:42:30.258 1046 1046 D CompatibilityChangeReporter: Compat change id reported: 148180766; UID 10074; state: ENABLED
01-01 08:00:22.782 282 282 W audit : audit_lost=1 audit_rate_limit=5 audit_backlog_limit=64
01-01 08:00:22.782 282 282 E audit : rate limit exceeded
06-06 13:42:30.265 1046 1046 D PulledMetrics: Registering callback with StatsManager
06-06 13:42:30.272 478 811 D CompatibilityChangeReporter: Compat change id reported: 168419799; UID 1000; state: DISABLED
06-06 13:42:30.298 478 1026 I StorageUserConnection: Service: [ComponentInfo{com.android.providers.media.module/com.android.providers.media.fuse.ExternalStorageServiceImpl}] connected. User [0]
06-06 13:42:30.300 1046 1151 I ExternalStorageServiceImpl: Starting session for id: emulated;0
06-06 13:42:30.301 1046 1151 V FuseDaemonThread: Waiting 1000ms for FUSE start. Count 4
06-06 13:42:30.303 1046 1152 I FuseDaemonThread: Starting thread for emulated;0 ...
06-06 13:42:30.304 1046 1152 I FuseDaemon: Starting fuse...
06-06 13:42:30.321 666 666 D GattService: Unlocked userId 0
06-06 13:42:30.321 1046 1149 V MediaProvider: onConfigure() for external.db
06-06 13:42:30.322 478 478 D BluetoothManagerService: BluetoothServiceConnection: com.android.bluetooth.gatt.GattService
06-06 13:42:30.323 478 521 D BluetoothManagerService: MESSAGE_BLUETOOTH_SERVICE_CONNECTED: 2
06-06 13:42:30.324 478 521 D BluetoothManagerService: continueFromBleOnState()
06-06 13:42:30.328 666 864 I AdapterState: TURNING_ON : entered
06-06 13:42:30.328 666 864 D AdapterProperties: Setting state to TURNING_ON
06-06 13:42:30.329 666 864 D BluetoothAdapterService: updateAdapterState() - Broadcasting state TURNING_ON to 1 receivers.
06-06 13:42:30.330 478 521 D BluetoothManagerService: Persisting Bluetooth Setting: 1
06-06 13:42:30.331 478 521 W IorapForwardingService: No service published for: iorapd
06-06 13:42:30.332 666 864 D BluetoothAdapterService: startCoreServices()
06-06 13:42:30.334 1128 1128 D CompatibilityChangeReporter: Compat change id reported: 171979766; UID 1000; state: DISABLED
06-06 13:42:30.342 478 521 D BluetoothManagerService: MESSAGE_BLUETOOTH_STATE_CHANGE: BLE_ON > TURNING_ON
06-06 13:42:30.342 478 521 D BluetoothManagerService: Sending BLE State Change: BLE_ON > TURNING_ON
06-06 13:42:30.346 478 521 D BluetoothManagerService: Sending State Change: OFF > TURNING_ON
06-06 13:42:30.356 478 603 D CompatibilityChangeReporter: Compat change id reported: 149924527; UID 1000; state: ENABLED
06-06 13:42:30.359 1046 1149 V MediaProvider: onOpen() for external.db
06-06 13:42:30.361 478 603 D CompatibilityChangeReporter: Compat change id reported: 132649864; UID 1000; state: DISABLED
06-06 13:42:30.364 1046 1149 V MediaProvider: onOpen() finished for external.db
06-06 13:42:30.365 666 666 I HeadsetService: create()
06-06 13:42:30.387 666 666 I HeadsetService: start()
06-06 13:42:30.413 666 666 I BluetoothHeadsetServiceJni: classInitNative: succeeds
06-06 13:42:30.413 666 666 I bt_btif : system/bt/btif/src/bluetooth.cc:417 get_profile_interface: get_profile_interface: id = handsfree
06-06 13:42:30.413 666 666 I bt_stack: [INFO:btif_hf.cc(1491)] GetInterface
06-06 13:42:30.414 666 666 I bt_btif_storage: system/bt/btif/src/btif_storage.cc:661 btif_storage_get_adapter_property: btif_storage_get_adapter_property service_mask:0x20000040
06-06 13:42:30.414 666 958 I bt_bta_dm: system/bt/bta/dm/bta_dm_act.cc:3191 bta_dm_eir_update_uuid: EIR Adding UUID=0x1112 into extended inquiry response
06-06 13:42:30.414 666 958 I bt_bta_dm: system/bt/bta/dm/bta_dm_act.cc:2890 bta_dm_set_eir: Generating extended inquiry response packet EIR
06-06 13:42:30.414 666 958 I bt_bta_dm: system/bt/bta/dm/bta_dm_act.cc:3191 bta_dm_eir_update_uuid: EIR Adding UUID=0x111F into extended inquiry response
06-06 13:42:30.414 666 958 I bt_bta_dm: system/bt/bta/dm/bta_dm_act.cc:2890 bta_dm_set_eir: Generating extended inquiry response packet EIR
06-06 13:42:30.414 666 958 I bt_stack: [INFO:port_api.cc(234)] RFCOMM_CreateConnection: bd_addr=ff:ff:ff:ff:ff:ff, scn=2, is_server=1, mtu=256, uuid=0x1112, dlci=4, signal_state=0x0b, p_port=0xc55293b4
06-06 13:42:30.415 666 958 I bt_stack: [INFO:port_api.cc(234)] RFCOMM_CreateConnection: bd_addr=ff:ff:ff:ff:ff:ff, scn=3, is_server=1, mtu=256, uuid=0x111f, dlci=6, signal_state=0x0b, p_port=0xc552943c
06-06 13:42:30.415 666 958 I bt_stack: [INFO:port_api.cc(234)] RFCOMM_CreateConnection: bd_addr=ff:ff:ff:ff:ff:ff, scn=2, is_server=1, mtu=256, uuid=0x1112, dlci=4, signal_state=0x0b, p_port=0xc55294c4
06-06 13:42:30.415 666 958 I bt_stack: [INFO:port_api.cc(234)] RFCOMM_CreateConnection: bd_addr=ff:ff:ff:ff:ff:ff, scn=3, is_server=1, mtu=256, uuid=0x111f, dlci=6, signal_state=0x0b, p_port=0xc552954c
06-06 13:42:30.415 666 882 I bt_stack: [INFO:btif_hf.cc(289)] btif_hf_upstreams_evt: AG enable/disable event 0
06-06 13:42:30.434 1128 1128 D ApplicationLoaders: Returning zygote-cached class loader: /system/framework/android.test.base.jar
06-06 13:42:30.434 1128 1128 D ApplicationLoaders: Returning zygote-cached class loader: /system/framework/android.hidl.manager-V1.0-java.jar
06-06 13:42:30.434 1128 1128 D ApplicationLoaders: Returning zygote-cached class loader: /system/framework/android.hidl.base-V1.0-java.jar
06-06 13:42:30.438 666 901 D BluetoothActiveDeviceManager: handleMessage(MESSAGE_ADAPTER_ACTION_STATE_CHANGED): newState=11
06-06 13:42:30.440 666 958 I bt_stack: [INFO:port_api.cc(234)] RFCOMM_CreateConnection: bd_addr=ff:ff:ff:ff:ff:ff, scn=2, is_server=1, mtu=256, uuid=0x1112, dlci=4, signal_state=0x0b, p_port=0xc55295d4
06-06 13:42:30.441 666 958 I bt_stack: [INFO:port_api.cc(234)] RFCOMM_CreateConnection: bd_addr=ff:ff:ff:ff:ff:ff, scn=3, is_server=1, mtu=256, uuid=0x111f, dlci=6, signal_state=0x0b, p_port=0xc552965c
06-06 13:42:30.441 666 958 I bt_stack: [INFO:port_api.cc(234)] RFCOMM_CreateConnection: bd_addr=ff:ff:ff:ff:ff:ff, scn=2, is_server=1, mtu=256, uuid=0x1112, dlci=4, signal_state=0x0b, p_port=0xc55296e4
06-06 13:42:30.441 666 958 I bt_stack: [INFO:port_api.cc(234)] RFCOMM_CreateConnection: bd_addr=ff:ff:ff:ff:ff:ff, scn=3, is_server=1, mtu=256, uuid=0x111f, dlci=6, signal_state=0x0b, p_port=0xc552976c
06-06 13:42:30.441 666 958 I bt_stack: [INFO:port_api.cc(234)] RFCOMM_CreateConnection: bd_addr=ff:ff:ff:ff:ff:ff, scn=2, is_server=1, mtu=256, uuid=0x1112, dlci=4, signal_state=0x0b, p_port=0xc55297f4
06-06 13:42:30.441 666 958 I bt_stack: [INFO:port_api.cc(234)] RFCOMM_CreateConnection: bd_addr=ff:ff:ff:ff:ff:ff, scn=3, is_server=1, mtu=256, uuid=0x111f, dlci=6, signal_state=0x0b, p_port=0xc552987c
06-06 13:42:30.441 666 958 I bt_stack: [INFO:port_api.cc(234)] RFCOMM_CreateConnection: bd_addr=ff:ff:ff:ff:ff:ff, scn=2, is_server=1, mtu=256, uuid=0x1112, dlci=4, signal_state=0x0b, p_port=0xc5529904
06-06 13:42:30.441 666 958 I bt_stack: [INFO:port_api.cc(234)] RFCOMM_CreateConnection: bd_addr=ff:ff:ff:ff:ff:ff, scn=3, is_server=1, mtu=256, uuid=0x111f, dlci=6, signal_state=0x0b, p_port=0xc552998c
06-06 13:42:30.445 666 666 I A2dpService: create()
06-06 13:42:30.447 478 478 D BluetoothA2dp: Proxy object connected
06-06 13:42:30.448 478 478 D BluetoothA2dp: Proxy object connected
06-06 13:42:30.448 478 478 D BluetoothA2dp: Proxy object connected
06-06 13:42:30.461 666 666 I A2dpService: start()
06-06 13:42:30.461 666 666 I BluetoothA2dpServiceJni: classInitNative: succeeds
06-06 13:42:30.462 666 666 I A2dpService: Max connected audio devices set to 5
06-06 13:42:30.464 666 666 I bt_btif : system/bt/btif/src/bluetooth.cc:417 get_profile_interface: get_profile_interface: id = a2dp
06-06 13:42:30.464 666 666 I btif_av : system/bt/btif/src/btif_av.cc:965 Init: bt_status_t BtifAvSource::Init(btav_source_callbacks_t *, int, const std::vector &, const std::vector &): max_connected_audio_devices=5
06-06 13:42:30.465 666 666 I a2dp_codec: system/bt/stack/a2dp/a2dp_codec_config.cc:569 init: init
06-06 13:42:30.465 666 666 I a2dp_codec: system/bt/stack/a2dp/a2dp_codec_config.cc:113 createCodec: createCodec: codec SBC
06-06 13:42:30.465 666 666 I a2dp_codec: system/bt/stack/a2dp/a2dp_codec_config.cc:633 init: init: updated SBC codec priority to 1001
06-06 13:42:30.465 666 666 I a2dp_codec: system/bt/stack/a2dp/a2dp_codec_config.cc:113 createCodec: createCodec: codec AAC
06-06 13:42:30.465 666 666 I a2dp_codec: system/bt/stack/a2dp/a2dp_codec_config.cc:633 init: init: updated AAC codec priority to 2001
06-06 13:42:30.465 666 666 I a2dp_codec: system/bt/stack/a2dp/a2dp_codec_config.cc:113 createCodec: createCodec: codec aptX
06-06 13:42:30.467 666 666 E a2dp_vendor_aptx_encoder: system/bt/stack/a2dp/a2dp_vendor_aptx_encoder.cc:123 A2DP_VendorLoadEncoderAptx: A2DP_VendorLoadEncoderAptx: cannot open aptX encoder library libaptX_encoder.so: dlopen failed: library "libaptX_encoder.so" not found
06-06 13:42:30.467 666 666 E a2dp_vendor_aptx: system/bt/stack/a2dp/a2dp_vendor_aptx.cc:465 init: init: cannot load the encoder
06-06 13:42:30.467 666 666 I a2dp_codec: system/bt/stack/a2dp/a2dp_codec_config.cc:113 createCodec: createCodec: codec aptX-HD
06-06 13:42:30.469 666 666 E a2dp_vendor_aptx_hd_encoder: system/bt/stack/a2dp/a2dp_vendor_aptx_hd_encoder.cc:123 A2DP_VendorLoadEncoderAptxHd: A2DP_VendorLoadEncoderAptxHd: cannot open aptX-HD encoder library libaptXHD_encoder.so: dlopen failed: library "libaptXHD_encoder.so" not found
06-06 13:42:30.469 666 666 E a2dp_vendor_aptx_hd: system/bt/stack/a2dp/a2dp_vendor_aptx_hd.cc:483 init: init: cannot load the encoder
06-06 13:42:30.469 666 666 I a2dp_codec: system/bt/stack/a2dp/a2dp_codec_config.cc:113 createCodec: createCodec: codec LDAC
06-06 13:42:30.478 1128 1128 W ranth.ledstatu: ClassLoaderContext shared library size mismatch. Expected=0, found=4 (PCL[] | PCL[]{PCL[/system/framework/android.test.base.jar*3790657674]#PCL[/system/framework/android.hidl.manager-V1.0-java.jar*1809561547]#PCL[/system/framework/android.hidl.base-V1.0-java.jar*2233032481]#PCL[/system/framework/org.apache.http.legacy.jar*2058259660]})
06-06 13:42:30.481 1029 1029 E ccc : cccccc etna EtnaApplication init com.dangbei.lerad.etna.haqu.EtnaApplication@6674b55
06-06 13:42:30.482 666 666 I a2dp_codec: system/bt/stack/a2dp/a2dp_codec_config.cc:633 init: init: updated LDAC codec priority to 5001
06-06 13:42:30.482 666 666 I a2dp_codec: system/bt/stack/a2dp/a2dp_codec_config.cc:113 createCodec: createCodec: codec SBC SINK
06-06 13:42:30.482 666 666 I a2dp_codec: system/bt/stack/a2dp/a2dp_codec_config.cc:113 createCodec: createCodec: codec AAC SINK
06-06 13:42:30.484 666 666 I a2dp_codec: system/bt/stack/a2dp/a2dp_codec_config.cc:113 createCodec: createCodec: codec LDAC SINK
06-06 13:42:30.490 1029 1029 I MMKV : Disable checkProcessMode()
06-06 13:42:30.493 666 666 E a2dp_vendor_ldac_decoder: system/bt/stack/a2dp/a2dp_vendor_ldac_decoder.cc:134 A2DP_VendorLoadDecoderLdac: A2DP_VendorLoadDecoderLdac: cannot open LDAC decoder library libldacBT_bco.so: dlopen failed: library "libldacBT_bco.so" not found
06-06 13:42:30.493 666 666 E a2dp_vendor_ldac: system/bt/stack/a2dp/a2dp_vendor_ldac.cc:1418 init: init: cannot load the decoder
06-06 13:42:30.493 666 666 I a2dp_codec: system/bt/stack/a2dp/a2dp_codec_config.cc:658 init: init: initialized Source codec LDAC
06-06 13:42:30.493 666 666 I a2dp_codec: system/bt/stack/a2dp/a2dp_codec_config.cc:658 init: init: initialized Source codec AAC
06-06 13:42:30.493 666 666 I a2dp_codec: system/bt/stack/a2dp/a2dp_codec_config.cc:658 init: init: initialized Source codec SBC
06-06 13:42:30.493 666 666 I a2dp_codec: system/bt/stack/a2dp/a2dp_codec_config.cc:665 init: init: initialized Sink codec AAC SINK
06-06 13:42:30.493 666 666 I a2dp_codec: system/bt/stack/a2dp/a2dp_codec_config.cc:665 init: init: initialized Sink codec SBC SINK
06-06 13:42:30.493 666 666 I a2dp_codec: system/bt/stack/a2dp/a2dp_codec_config.cc:569 init: init
06-06 13:42:30.494 666 666 I a2dp_codec: system/bt/stack/a2dp/a2dp_codec_config.cc:113 createCodec: createCodec: codec SBC
06-06 13:42:30.494 666 666 I a2dp_codec: system/bt/stack/a2dp/a2dp_codec_config.cc:633 init: init: updated SBC codec priority to 1001
06-06 13:42:30.494 666 666 I a2dp_codec: system/bt/stack/a2dp/a2dp_codec_config.cc:113 createCodec: createCodec: codec AAC
06-06 13:42:30.494 666 666 I a2dp_codec: system/bt/stack/a2dp/a2dp_codec_config.cc:633 init: init: updated AAC codec priority to 2001
06-06 13:42:30.494 666 666 I a2dp_codec: system/bt/stack/a2dp/a2dp_codec_config.cc:113 createCodec: createCodec: codec aptX
06-06 13:42:30.496 666 666 E a2dp_vendor_aptx_encoder: system/bt/stack/a2dp/a2dp_vendor_aptx_encoder.cc:123 A2DP_VendorLoadEncoderAptx: A2DP_VendorLoadEncoderAptx: cannot open aptX encoder library libaptX_encoder.so: dlopen failed: library "libaptX_encoder.so" not found
06-06 13:42:30.496 666 666 E a2dp_vendor_aptx: system/bt/stack/a2dp/a2dp_vendor_aptx.cc:465 init: init: cannot load the encoder
06-06 13:42:30.496 666 666 I a2dp_codec: system/bt/stack/a2dp/a2dp_codec_config.cc:113 createCodec: createCodec: codec aptX-HD
06-06 13:42:30.497 666 666 E a2dp_vendor_aptx_hd_encoder: system/bt/stack/a2dp/a2dp_vendor_aptx_hd_encoder.cc:123 A2DP_VendorLoadEncoderAptxHd: A2DP_VendorLoadEncoderAptxHd: cannot open aptX-HD encoder library libaptXHD_encoder.so: dlopen failed: library "libaptXHD_encoder.so" not found
06-06 13:42:30.497 666 666 E a2dp_vendor_aptx_hd: system/bt/stack/a2dp/a2dp_vendor_aptx_hd.cc:483 init: init: cannot load the encoder
06-06 13:42:30.497 666 666 I a2dp_codec: system/bt/stack/a2dp/a2dp_codec_config.cc:113 createCodec: createCodec: codec LDAC
06-06 13:42:30.497 666 666 I a2dp_codec: system/bt/stack/a2dp/a2dp_codec_config.cc:633 init: init: updated LDAC codec priority to 5001
06-06 13:42:30.497 666 666 I a2dp_codec: system/bt/stack/a2dp/a2dp_codec_config.cc:113 createCodec: createCodec: codec SBC SINK
06-06 13:42:30.497 666 666 I a2dp_codec: system/bt/stack/a2dp/a2dp_codec_config.cc:113 createCodec: createCodec: codec AAC SINK
06-06 13:42:30.497 666 666 I a2dp_codec: system/bt/stack/a2dp/a2dp_codec_config.cc:113 createCodec: createCodec: codec LDAC SINK
06-06 13:42:30.499 666 666 E a2dp_vendor_ldac_decoder: system/bt/stack/a2dp/a2dp_vendor_ldac_decoder.cc:134 A2DP_VendorLoadDecoderLdac: A2DP_VendorLoadDecoderLdac: cannot open LDAC decoder library libldacBT_bco.so: dlopen failed: library "libldacBT_bco.so" not found
06-06 13:42:30.500 666 666 E a2dp_vendor_ldac: system/bt/stack/a2dp/a2dp_vendor_ldac.cc:1418 init: init: cannot load the decoder
06-06 13:42:30.500 666 666 I a2dp_codec: system/bt/stack/a2dp/a2dp_codec_config.cc:658 init: init: initialized Source codec LDAC
06-06 13:42:30.500 666 666 I a2dp_codec: system/bt/stack/a2dp/a2dp_codec_config.cc:658 init: init: initialized Source codec AAC
06-06 13:42:30.500 666 666 I a2dp_codec: system/bt/stack/a2dp/a2dp_codec_config.cc:658 init: init: initialized Source codec SBC
06-06 13:42:30.500 666 666 I a2dp_codec: system/bt/stack/a2dp/a2dp_codec_config.cc:665 init: init: initialized Sink codec AAC SINK
06-06 13:42:30.500 666 666 I a2dp_codec: system/bt/stack/a2dp/a2dp_codec_config.cc:665 init: init: initialized Sink codec SBC SINK
06-06 13:42:30.500 666 666 I a2dp_codec: system/bt/stack/a2dp/a2dp_codec_config.cc:569 init: init
06-06 13:42:30.500 666 666 I a2dp_codec: system/bt/stack/a2dp/a2dp_codec_config.cc:113 createCodec: createCodec: codec SBC
06-06 13:42:30.500 666 666 I a2dp_codec: system/bt/stack/a2dp/a2dp_codec_config.cc:633 init: init: updated SBC codec priority to 1001
06-06 13:42:30.500 666 666 I a2dp_codec: system/bt/stack/a2dp/a2dp_codec_config.cc:113 createCodec: createCodec: codec AAC
06-06 13:42:30.500 666 666 I a2dp_codec: system/bt/stack/a2dp/a2dp_codec_config.cc:633 init: init: updated AAC codec priority to 2001
06-06 13:42:30.500 666 666 I a2dp_codec: system/bt/stack/a2dp/a2dp_codec_config.cc:113 createCodec: createCodec: codec aptX
06-06 13:42:30.501 1029 1029 I MMKV : current API level = 31
06-06 13:42:30.501 666 666 E a2dp_vendor_aptx_encoder: system/bt/stack/a2dp/a2dp_vendor_aptx_encoder.cc:123 A2DP_VendorLoadEncoderAptx: A2DP_VendorLoadEncoderAptx: cannot open aptX encoder library libaptX_encoder.so: dlopen failed: library "libaptX_encoder.so" not found
06-06 13:42:30.501 666 666 E a2dp_vendor_aptx: system/bt/stack/a2dp/a2dp_vendor_aptx.cc:465 init: init: cannot load the encoder
06-06 13:42:30.501 666 666 I a2dp_codec: system/bt/stack/a2dp/a2dp_codec_config.cc:113 createCodec: createCodec: codec aptX-HD
06-06 13:42:30.502 1029 1029 I MMKV : version v1.2.8 page size:4096
06-06 13:42:30.503 666 666 E a2dp_vendor_aptx_hd_encoder: system/bt/stack/a2dp/a2dp_vendor_aptx_hd_encoder.cc:123 A2DP_VendorLoadEncoderAptxHd: A2DP_VendorLoadEncoderAptxHd: cannot open aptX-HD encoder library libaptXHD_encoder.so: dlopen failed: library "libaptXHD_encoder.so" not found
06-06 13:42:30.503 666 666 E a2dp_vendor_aptx_hd: system/bt/stack/a2dp/a2dp_vendor_aptx_hd.cc:483 init: init: cannot load the encoder
06-06 13:42:30.503 666 666 I a2dp_codec: system/bt/stack/a2dp/a2dp_codec_config.cc:113 createCodec: createCodec: codec LDAC
06-06 13:42:30.503 666 666 I a2dp_codec: system/bt/stack/a2dp/a2dp_codec_config.cc:633 init: init: updated LDAC codec priority to 5001
06-06 13:42:30.503 666 666 I a2dp_codec: system/bt/stack/a2dp/a2dp_codec_config.cc:113 createCodec: createCodec: codec SBC SINK
06-06 13:42:30.503 666 666 I a2dp_codec: system/bt/stack/a2dp/a2dp_codec_config.cc:113 createCodec: createCodec: codec AAC SINK
06-06 13:42:30.503 666 666 I a2dp_codec: system/bt/stack/a2dp/a2dp_codec_config.cc:113 createCodec: createCodec: codec LDAC SINK
06-06 13:42:30.503 1029 1029 I MMKV : root dir: /data/user/0/com.dangbei.lerad.etna.haqu/files/mmkv
06-06 13:42:30.504 666 666 E a2dp_vendor_ldac_decoder: system/bt/stack/a2dp/a2dp_vendor_ldac_decoder.cc:134 A2DP_VendorLoadDecoderLdac: A2DP_VendorLoadDecoderLdac: cannot open LDAC decoder library libldacBT_bco.so: dlopen failed: library "libldacBT_bco.so" not found
06-06 13:42:30.505 666 666 E a2dp_vendor_ldac: system/bt/stack/a2dp/a2dp_vendor_ldac.cc:1418 init: init: cannot load the decoder
06-06 13:42:30.505 666 666 I a2dp_codec: system/bt/stack/a2dp/a2dp_codec_config.cc:658 init: init: initialized Source codec LDAC
06-06 13:42:30.505 666 666 I a2dp_codec: system/bt/stack/a2dp/a2dp_codec_config.cc:658 init: init: initialized Source codec AAC
06-06 13:42:30.505 666 666 I a2dp_codec: system/bt/stack/a2dp/a2dp_codec_config.cc:658 init: init: initialized Source codec SBC
06-06 13:42:30.505 666 666 I a2dp_codec: system/bt/stack/a2dp/a2dp_codec_config.cc:665 init: init: initialized Sink codec AAC SINK
06-06 13:42:30.505 666 666 I a2dp_codec: system/bt/stack/a2dp/a2dp_codec_config.cc:665 init: init: initialized Sink codec SBC SINK
06-06 13:42:30.505 666 666 I a2dp_codec: system/bt/stack/a2dp/a2dp_codec_config.cc:569 init: init
06-06 13:42:30.505 666 666 I a2dp_codec: system/bt/stack/a2dp/a2dp_codec_config.cc:113 createCodec: createCodec: codec SBC
06-06 13:42:30.505 666 666 I a2dp_codec: system/bt/stack/a2dp/a2dp_codec_config.cc:633 init: init: updated SBC codec priority to 1001
06-06 13:42:30.505 666 666 I a2dp_codec: system/bt/stack/a2dp/a2dp_codec_config.cc:113 createCodec: createCodec: codec AAC
06-06 13:42:30.505 666 666 I a2dp_codec: system/bt/stack/a2dp/a2dp_codec_config.cc:633 init: init: updated AAC codec priority to 2001
06-06 13:42:30.505 666 666 I a2dp_codec: system/bt/stack/a2dp/a2dp_codec_config.cc:113 createCodec: createCodec: codec aptX
06-06 13:42:30.506 666 666 E a2dp_vendor_aptx_encoder: system/bt/stack/a2dp/a2dp_vendor_aptx_encoder.cc:123 A2DP_VendorLoadEncoderAptx: A2DP_VendorLoadEncoderAptx: cannot open aptX encoder library libaptX_encoder.so: dlopen failed: library "libaptX_encoder.so" not found
06-06 13:42:30.506 666 666 E a2dp_vendor_aptx: system/bt/stack/a2dp/a2dp_vendor_aptx.cc:465 init: init: cannot load the encoder
06-06 13:42:30.506 666 666 I a2dp_codec: system/bt/stack/a2dp/a2dp_codec_config.cc:113 createCodec: createCodec: codec aptX-HD
06-06 13:42:30.508 666 666 E a2dp_vendor_aptx_hd_encoder: system/bt/stack/a2dp/a2dp_vendor_aptx_hd_encoder.cc:123 A2DP_VendorLoadEncoderAptxHd: A2DP_VendorLoadEncoderAptxHd: cannot open aptX-HD encoder library libaptXHD_encoder.so: dlopen failed: library "libaptXHD_encoder.so" not found
06-06 13:42:30.508 666 666 E a2dp_vendor_aptx_hd: system/bt/stack/a2dp/a2dp_vendor_aptx_hd.cc:483 init: init: cannot load the encoder
06-06 13:42:30.508 666 666 I a2dp_codec: system/bt/stack/a2dp/a2dp_codec_config.cc:113 createCodec: createCodec: codec LDAC
06-06 13:42:30.508 666 666 I a2dp_codec: system/bt/stack/a2dp/a2dp_codec_config.cc:633 init: init: updated LDAC codec priority to 5001
06-06 13:42:30.508 666 666 I a2dp_codec: system/bt/stack/a2dp/a2dp_codec_config.cc:113 createCodec: createCodec: codec SBC SINK
06-06 13:42:30.508 666 666 I a2dp_codec: system/bt/stack/a2dp/a2dp_codec_config.cc:113 createCodec: createCodec: codec AAC SINK
06-06 13:42:30.508 666 666 I a2dp_codec: system/bt/stack/a2dp/a2dp_codec_config.cc:113 createCodec: createCodec: codec LDAC SINK
06-06 13:42:30.509 666 666 E a2dp_vendor_ldac_decoder: system/bt/stack/a2dp/a2dp_vendor_ldac_decoder.cc:134 A2DP_VendorLoadDecoderLdac: A2DP_VendorLoadDecoderLdac: cannot open LDAC decoder library libldacBT_bco.so: dlopen failed: library "libldacBT_bco.so" not found
06-06 13:42:30.509 666 666 E a2dp_vendor_ldac: system/bt/stack/a2dp/a2dp_vendor_ldac.cc:1418 init: init: cannot load the decoder
06-06 13:42:30.509 666 666 I a2dp_codec: system/bt/stack/a2dp/a2dp_codec_config.cc:658 init: init: initialized Source codec LDAC
06-06 13:42:30.509 666 666 I a2dp_codec: system/bt/stack/a2dp/a2dp_codec_config.cc:658 init: init: initialized Source codec AAC
06-06 13:42:30.509 666 666 I a2dp_codec: system/bt/stack/a2dp/a2dp_codec_config.cc:658 init: init: initialized Source codec SBC
06-06 13:42:30.509 666 666 I a2dp_codec: system/bt/stack/a2dp/a2dp_codec_config.cc:665 init: init: initialized Sink codec AAC SINK
06-06 13:42:30.509 666 666 I a2dp_codec: system/bt/stack/a2dp/a2dp_codec_config.cc:665 init: init: initialized Sink codec SBC SINK
06-06 13:42:30.509 666 666 I a2dp_codec: system/bt/stack/a2dp/a2dp_codec_config.cc:569 init: init
06-06 13:42:30.509 666 666 I a2dp_codec: system/bt/stack/a2dp/a2dp_codec_config.cc:113 createCodec: createCodec: codec SBC
06-06 13:42:30.509 666 666 I a2dp_codec: system/bt/stack/a2dp/a2dp_codec_config.cc:633 init: init: updated SBC codec priority to 1001
06-06 13:42:30.509 666 666 I a2dp_codec: system/bt/stack/a2dp/a2dp_codec_config.cc:113 createCodec: createCodec: codec AAC
06-06 13:42:30.509 666 666 I a2dp_codec: system/bt/stack/a2dp/a2dp_codec_config.cc:633 init: init: updated AAC codec priority to 2001
06-06 13:42:30.509 666 666 I a2dp_codec: system/bt/stack/a2dp/a2dp_codec_config.cc:113 createCodec: createCodec: codec aptX
06-06 13:42:30.510 666 666 E a2dp_vendor_aptx_encoder: system/bt/stack/a2dp/a2dp_vendor_aptx_encoder.cc:123 A2DP_VendorLoadEncoderAptx: A2DP_VendorLoadEncoderAptx: cannot open aptX encoder library libaptX_encoder.so: dlopen failed: library "libaptX_encoder.so" not found
06-06 13:42:30.510 666 666 E a2dp_vendor_aptx: system/bt/stack/a2dp/a2dp_vendor_aptx.cc:465 init: init: cannot load the encoder
06-06 13:42:30.510 666 666 I a2dp_codec: system/bt/stack/a2dp/a2dp_codec_config.cc:113 createCodec: createCodec: codec aptX-HD
06-06 13:42:30.511 666 666 E a2dp_vendor_aptx_hd_encoder: system/bt/stack/a2dp/a2dp_vendor_aptx_hd_encoder.cc:123 A2DP_VendorLoadEncoderAptxHd: A2DP_VendorLoadEncoderAptxHd: cannot open aptX-HD encoder library libaptXHD_encoder.so: dlopen failed: library "libaptXHD_encoder.so" not found
06-06 13:42:30.511 666 666 E a2dp_vendor_aptx_hd: system/bt/stack/a2dp/a2dp_vendor_aptx_hd.cc:483 init: init: cannot load the encoder
06-06 13:42:30.511 666 666 I a2dp_codec: system/bt/stack/a2dp/a2dp_codec_config.cc:113 createCodec: createCodec: codec LDAC
06-06 13:42:30.511 666 666 I a2dp_codec: system/bt/stack/a2dp/a2dp_codec_config.cc:633 init: init: updated LDAC codec priority to 5001
06-06 13:42:30.511 666 666 I a2dp_codec: system/bt/stack/a2dp/a2dp_codec_config.cc:113 createCodec: createCodec: codec SBC SINK
06-06 13:42:30.512 666 666 I a2dp_codec: system/bt/stack/a2dp/a2dp_codec_config.cc:113 createCodec: createCodec: codec AAC SINK
06-06 13:42:30.512 666 666 I a2dp_codec: system/bt/stack/a2dp/a2dp_codec_config.cc:113 createCodec: createCodec: codec LDAC SINK
06-06 13:42:30.515 666 666 E a2dp_vendor_ldac_decoder: system/bt/stack/a2dp/a2dp_vendor_ldac_decoder.cc:134 A2DP_VendorLoadDecoderLdac: A2DP_VendorLoadDecoderLdac: cannot open LDAC decoder library libldacBT_bco.so: dlopen failed: library "libldacBT_bco.so" not found
06-06 13:42:30.515 666 666 E a2dp_vendor_ldac: system/bt/stack/a2dp/a2dp_vendor_ldac.cc:1418 init: init: cannot load the decoder
06-06 13:42:30.515 666 666 I a2dp_codec: system/bt/stack/a2dp/a2dp_codec_config.cc:658 init: init: initialized Source codec LDAC
06-06 13:42:30.515 666 666 I a2dp_codec: system/bt/stack/a2dp/a2dp_codec_config.cc:658 init: init: initialized Source codec AAC
06-06 13:42:30.515 666 666 I a2dp_codec: system/bt/stack/a2dp/a2dp_codec_config.cc:658 init: init: initialized Source codec SBC
06-06 13:42:30.515 666 666 I a2dp_codec: system/bt/stack/a2dp/a2dp_codec_config.cc:665 init: init: initialized Sink codec AAC SINK
06-06 13:42:30.515 666 666 I a2dp_codec: system/bt/stack/a2dp/a2dp_codec_config.cc:665 init: init: initialized Sink codec SBC SINK
06-06 13:42:30.515 666 666 I a2dp_codec: system/bt/stack/a2dp/a2dp_codec_config.cc:569 init: init
06-06 13:42:30.515 666 666 I a2dp_codec: system/bt/stack/a2dp/a2dp_codec_config.cc:113 createCodec: createCodec: codec SBC
06-06 13:42:30.515 666 666 I a2dp_codec: system/bt/stack/a2dp/a2dp_codec_config.cc:633 init: init: updated SBC codec priority to 1001
06-06 13:42:30.515 666 666 I a2dp_codec: system/bt/stack/a2dp/a2dp_codec_config.cc:113 createCodec: createCodec: codec AAC
06-06 13:42:30.515 666 666 I a2dp_codec: system/bt/stack/a2dp/a2dp_codec_config.cc:633 init: init: updated AAC codec priority to 2001
06-06 13:42:30.515 666 666 I a2dp_codec: system/bt/stack/a2dp/a2dp_codec_config.cc:113 createCodec: createCodec: codec aptX
06-06 13:42:30.518 666 666 E a2dp_vendor_aptx_encoder: system/bt/stack/a2dp/a2dp_vendor_aptx_encoder.cc:123 A2DP_VendorLoadEncoderAptx: A2DP_VendorLoadEncoderAptx: cannot open aptX encoder library libaptX_encoder.so: dlopen failed: library "libaptX_encoder.so" not found
06-06 13:42:30.518 666 666 E a2dp_vendor_aptx: system/bt/stack/a2dp/a2dp_vendor_aptx.cc:465 init: init: cannot load the encoder
06-06 13:42:30.518 666 666 I a2dp_codec: system/bt/stack/a2dp/a2dp_codec_config.cc:113 createCodec: createCodec: codec aptX-HD
06-06 13:42:30.527 666 666 E a2dp_vendor_aptx_hd_encoder: system/bt/stack/a2dp/a2dp_vendor_aptx_hd_encoder.cc:123 A2DP_VendorLoadEncoderAptxHd: A2DP_VendorLoadEncoderAptxHd: cannot open aptX-HD encoder library libaptXHD_encoder.so: dlopen failed: library "libaptXHD_encoder.so" not found
06-06 13:42:30.527 666 666 E a2dp_vendor_aptx_hd: system/bt/stack/a2dp/a2dp_vendor_aptx_hd.cc:483 init: init: cannot load the encoder
06-06 13:42:30.527 666 666 I a2dp_codec: system/bt/stack/a2dp/a2dp_codec_config.cc:113 createCodec: createCodec: codec LDAC
06-06 13:42:30.527 666 666 I a2dp_codec: system/bt/stack/a2dp/a2dp_codec_config.cc:633 init: init: updated LDAC codec priority to 5001
06-06 13:42:30.527 666 666 I a2dp_codec: system/bt/stack/a2dp/a2dp_codec_config.cc:113 createCodec: createCodec: codec SBC SINK
06-06 13:42:30.527 666 666 I a2dp_codec: system/bt/stack/a2dp/a2dp_codec_config.cc:113 createCodec: createCodec: codec AAC SINK
06-06 13:42:30.527 666 666 I a2dp_codec: system/bt/stack/a2dp/a2dp_codec_config.cc:113 createCodec: createCodec: codec LDAC SINK
06-06 13:42:30.528 666 666 E a2dp_vendor_ldac_decoder: system/bt/stack/a2dp/a2dp_vendor_ldac_decoder.cc:134 A2DP_VendorLoadDecoderLdac: A2DP_VendorLoadDecoderLdac: cannot open LDAC decoder library libldacBT_bco.so: dlopen failed: library "libldacBT_bco.so" not found
06-06 13:42:30.528 666 666 E a2dp_vendor_ldac: system/bt/stack/a2dp/a2dp_vendor_ldac.cc:1418 init: init: cannot load the decoder
06-06 13:42:30.528 666 666 I a2dp_codec: system/bt/stack/a2dp/a2dp_codec_config.cc:658 init: init: initialized Source codec LDAC
06-06 13:42:30.528 666 666 I a2dp_codec: system/bt/stack/a2dp/a2dp_codec_config.cc:658 init: init: initialized Source codec AAC
06-06 13:42:30.528 666 666 I a2dp_codec: system/bt/stack/a2dp/a2dp_codec_config.cc:658 init: init: initialized Source codec SBC
06-06 13:42:30.528 666 666 I a2dp_codec: system/bt/stack/a2dp/a2dp_codec_config.cc:665 init: init: initialized Sink codec AAC SINK
06-06 13:42:30.528 666 666 I a2dp_codec: system/bt/stack/a2dp/a2dp_codec_config.cc:665 init: init: initialized Sink codec SBC SINK
06-06 13:42:30.528 666 666 I bt_btif_a2dp_source: system/bt/btif/src/btif_a2dp_source.cc:325 btif_a2dp_source_init: btif_a2dp_source_init
06-06 13:42:30.529 666 1170 I bt_stack: [INFO:message_loop_thread.cc(224)] Run: message loop starting for thread bt_a2dp_source_worker_thread
06-06 13:42:30.529 666 666 I bt_btif_storage: system/bt/btif/src/btif_storage.cc:661 btif_storage_get_adapter_property: btif_storage_get_adapter_property service_mask:0x20000048
06-06 13:42:30.529 666 958 I bt_bta_av: system/bt/bta/av/bta_av_main.cc:418 bta_av_api_register: bta_av_api_register: AVRCP version used for sdp: "avrcp15"
06-06 13:42:30.530 666 958 I bt_l2cap: system/bt/stack/l2cap/l2c_api.cc:134 L2CA_Register: L2CAP Registered service classic PSM: 0x0019
06-06 13:42:30.530 666 1170 I bt_btif_a2dp_source: system/bt/btif/src/btif_a2dp_source.cc:335 btif_a2dp_source_init_delayed: btif_a2dp_source_init_delayed
06-06 13:42:30.530 666 958 I bt_l2cap: system/bt/stack/l2cap/l2c_api.cc:134 L2CA_Register: L2CAP Registered service classic PSM: 0x0017
06-06 13:42:30.530 666 958 I bt_l2cap: system/bt/stack/l2cap/l2c_api.cc:134 L2CA_Register: L2CAP Registered service classic PSM: 0x001b
06-06 13:42:30.530 666 958 I bt_bta_dm: system/bt/bta/dm/bta_dm_act.cc:3191 bta_dm_eir_update_uuid: EIR Adding UUID=0x110A into extended inquiry response
06-06 13:42:30.530 666 958 I bt_bta_dm: system/bt/bta/dm/bta_dm_act.cc:2890 bta_dm_set_eir: Generating extended inquiry response packet EIR
06-06 13:42:30.530 666 958 I bt_bta_av: system/bt/bta/av/bta_av_act.cc:304 bta_av_rc_create: Skipping RC creation for the old AVRCP profile
06-06 13:42:30.530 666 958 I bt_bta_dm: system/bt/bta/dm/bta_dm_act.cc:3191 bta_dm_eir_update_uuid: EIR Adding UUID=0x110E into extended inquiry response
06-06 13:42:30.530 666 958 I bt_bta_dm: system/bt/bta/dm/bta_dm_act.cc:2890 bta_dm_set_eir: Generating extended inquiry response packet EIR
06-06 13:42:30.530 666 958 I bt_bta_av: system/bt/bta/av/bta_av_main.cc:418 bta_av_api_register: bta_av_api_register: AVRCP version used for sdp: "avrcp15"
06-06 13:42:30.530 666 958 I bt_bta_av: system/bt/bta/av/bta_av_main.cc:418 bta_av_api_register: bta_av_api_register: AVRCP version used for sdp: "avrcp15"
06-06 13:42:30.530 666 666 D A2dpService: A2DP offload flag set to false
06-06 13:42:30.530 666 958 I bt_bta_av: system/bt/bta/av/bta_av_main.cc:418 bta_av_api_register: bta_av_api_register: AVRCP version used for sdp: "avrcp15"
06-06 13:42:30.530 666 958 I bt_bta_av: system/bt/bta/av/bta_av_main.cc:418 bta_av_api_register: bta_av_api_register: AVRCP version used for sdp: "avrcp15"
06-06 13:42:30.530 666 958 I bt_bta_av: system/bt/bta/av/bta_av_main.cc:418 bta_av_api_register: bta_av_api_register: AVRCP version used for sdp: "avrcp15"
06-06 13:42:30.535 1128 1128 V GraphicsEnvironment: ANGLE Developer option for 'com.oranth.ledstatus' set to: 'default'
06-06 13:42:30.535 666 666 D A2dpService: setA2dpService(): set to: com.android.bluetooth.a2dp.A2dpService@fdba82
06-06 13:42:30.536 1128 1128 V GraphicsEnvironment: Neither updatable production driver nor prerelease driver is supported.
06-06 13:42:30.539 666 666 I BluetoothHidHostServiceJni: classInitNative: succeeds
06-06 13:42:30.543 666 666 I bt_btif : system/bt/btif/src/bluetooth.cc:417 get_profile_interface: get_profile_interface: id = hidhost
06-06 13:42:30.543 666 958 I bt_l2cap: system/bt/stack/l2cap/l2c_api.cc:134 L2CA_Register: L2CAP Registered service classic PSM: 0x0011
06-06 13:42:30.544 666 958 I bt_l2cap: system/bt/stack/l2cap/l2c_api.cc:134 L2CA_Register: L2CAP Registered service classic PSM: 0x0013
06-06 13:42:30.544 1128 1128 D NetworkSecurityConfig: No Network Security Config specified, using platform default
06-06 13:42:30.544 666 958 I bluetooth: system/bt/stack/gatt/gatt_api.cc:1019 GATT_Register: Allocated name:GattClient uuid:33dac2fd-d657-e2a5-c0d0-068a668743ec gatt_if:4 eatt_support:0
06-06 13:42:30.544 666 882 W bt_stack: [WARNING:btif_hh.cc(403)] Added device e4:bb:d3:57:c0:49
06-06 13:42:30.546 666 882 W bt_btif : system/bt/main/bte_logmsg.cc:194 LogMsg: BTA_HH_ADD_DEV_EVT: status = 0, handle = 16
06-06 13:42:30.546 666 666 I bt_btif_storage: system/bt/btif/src/btif_storage.cc:661 btif_storage_get_adapter_property: btif_storage_get_adapter_property service_mask:0x20100048
06-06 13:42:30.549 1128 1128 D NetworkSecurityConfig: No Network Security Config specified, using platform default
06-06 13:42:30.551 666 666 I BluetoothPanServiceJni: classInitNative(L110): succeeds
06-06 13:42:30.561 1128 1128 I aaa : BootCompleteService is start !!!
06-06 13:42:30.563 1128 1128 W ContextImpl: Calling a method in the system process without a qualified user: android.app.ContextImpl.startService:1816 android.content.ContextWrapper.startService:774 android.content.ContextWrapper.startService:774 com.oranth.ledstatus.BootCompletedReceiver.onReceive:15 android.app.ActivityThread.handleReceiver:4308
06-06 13:42:30.570 666 666 D BluetoothPanServiceJni: initializeNative(L115): pan
06-06 13:42:30.571 666 666 I bt_btif : system/bt/btif/src/bluetooth.cc:417 get_profile_interface: get_profile_interface: id = pan
06-06 13:42:30.571 666 958 I bt_l2cap: system/bt/stack/l2cap/l2c_api.cc:134 L2CA_Register: L2CAP Registered service classic PSM: 0x000f
06-06 13:42:30.571 666 958 I bt_bta_dm: system/bt/bta/dm/bta_dm_act.cc:3191 bta_dm_eir_update_uuid: EIR Adding UUID=0x1116 into extended inquiry response
06-06 13:42:30.571 666 958 I bt_bta_dm: system/bt/bta/dm/bta_dm_act.cc:2890 bta_dm_set_eir: Generating extended inquiry response packet EIR
06-06 13:42:30.571 666 958 I bt_bta_dm: system/bt/bta/dm/bta_dm_act.cc:3191 bta_dm_eir_update_uuid: EIR Adding UUID=0x1115 into extended inquiry response
06-06 13:42:30.571 666 958 I bt_bta_dm: system/bt/bta/dm/bta_dm_act.cc:2890 bta_dm_set_eir: Generating extended inquiry response packet EIR
06-06 13:42:30.571 666 958 I bt_bta_dm: system/bt/bta/dm/bta_dm_act.cc:3191 bta_dm_eir_update_uuid: EIR Adding UUID=0x1116 into extended inquiry response
06-06 13:42:30.571 666 958 I bt_bta_dm: system/bt/bta/dm/bta_dm_act.cc:2890 bta_dm_set_eir: Generating extended inquiry response packet EIR
06-06 13:42:30.571 666 958 I bt_bta_dm: system/bt/bta/dm/bta_dm_act.cc:3191 bta_dm_eir_update_uuid: EIR Adding UUID=0x1115 into extended inquiry response
06-06 13:42:30.571 666 958 I bt_bta_dm: system/bt/bta/dm/bta_dm_act.cc:2890 bta_dm_set_eir: Generating extended inquiry response packet EIR
06-06 13:42:30.573 666 882 D BluetoothPanServiceJni: control_state_callback(L62): state:0, local_role:3, ifname:bt-pan
06-06 13:42:30.586 478 603 I ActivityManager: com.oranth.storage is exempt from freezer
06-06 13:42:30.587 478 603 D CompatibilityChangeReporter: Compat change id reported: 135634846; UID 1000; state: DISABLED
06-06 13:42:30.590 1128 1128 D aaa : onCreate()
06-06 13:42:30.597 186 186 E SELinux : avc: denied { find } for pid=1128 uid=1000 name=MyLedService scontext=u:r:system_app:s0 tcontext=u:object_r:default_android_service:s0 tclass=service_manager permissive=1
06-06 13:42:30.598 186 186 E SELinux : avc: denied { add } for pid=1128 uid=1000 name=MyLedService scontext=u:r:system_app:s0 tcontext=u:object_r:default_android_service:s0 tclass=service_manager permissive=1
06-06 13:42:30.613 666 666 I AvrcpTargetService: User unlocked, initializing the service
06-06 13:42:30.613 666 666 I AvrcpTargetService: Starting the AVRCP Target Service
06-06 13:42:30.619 249 249 D Zygote : Forked child process 1177
06-06 13:42:30.625 478 533 I ActivityManager: app.processName = com.oranth.storage
06-06 13:42:30.625 478 533 I ActivityManager: Start proc 1177:com.oranth.storage/1000 for broadcast {com.oranth.storage/com.oranth.storage.BootCompletedReceiver}
06-06 13:42:30.628 1128 1128 D aaa : LedStatusService onStartCommand begin
06-06 13:42:30.632 1177 1177 I Zygote : seccomp disabled by setenforce 0
06-06 13:42:30.634 1128 1178 D aaa : topPkg is -------------- :com.android.tv.settings
06-06 13:42:30.635 666 666 V MediaPlayerList: Creating MediaPlayerList
06-06 13:42:30.644 1177 1177 I .oranth.storag: Late-enabling -Xcheck:jni
06-06 13:42:30.672 478 812 D MediaSessionService: The MediaKeyEventSessionChangedListener (android.os.BinderProxy@fc28f80) is added by com.android.bluetooth
06-06 13:42:30.673 666 666 I AvrcpTargetJni: classInitNative: AvrcpTargetJni initialized!
06-06 13:42:30.673 666 666 D AvrcpNativeInterface: Init AvrcpNativeInterface
06-06 13:42:30.673 666 666 D AvrcpTargetJni: initNative
06-06 13:42:30.673 666 958 I bt_stack: [INFO:avrcp_service.cc(287)] AVRCP Target Service started
06-06 13:42:30.674 666 958 I bt_bta_dm: system/bt/bta/dm/bta_dm_act.cc:3191 bta_dm_eir_update_uuid: EIR Adding UUID=0x110C into extended inquiry response
06-06 13:42:30.674 666 958 I bt_bta_dm: system/bt/bta/dm/bta_dm_act.cc:2890 bta_dm_set_eir: Generating extended inquiry response packet EIR
06-06 13:42:30.674 666 958 I bt_stack: [INFO:connection_handler.cc(197)] Connect to device ff:ff:ff:ff:ff:ff
06-06 13:42:30.674 666 958 I bt_stack: [INFO:connection_handler.cc(219)] virtual bool bluetooth::avrcp::ConnectionHandler::AvrcpConnect(bool, const RawAddress &): handle=0000 status= 000000
06-06 13:42:30.691 1062 1062 I FrameWorkHelper: userHttps:
06-06 13:42:30.709 1029 1029 E ccc : cccccc ota-path is cache/recovery/
06-06 13:42:30.716 1029 1029 W ContextImpl: Calling a method in the system process without a qualified user: android.app.ContextImpl.startService:1816 android.content.ContextWrapper.startService:774 com.dangbei.lerad.etna.core.EtnaManager.startService:64 com.dangbei.lerad.etna.core.EtnaManager.init:39 com.dangbei.lerad.etna.haqu.EtnaApplication.init:87
06-06 13:42:30.720 666 666 V MediaPlayerList: Initializing MediaPlayerList
06-06 13:42:30.726 666 666 I AvrcpBrowsedPlayerWrapper: Wrapping Media Browser com.android.music
06-06 13:42:30.729 1029 1029 W ContextImpl: Calling a method in the system process without a qualified user: android.app.ContextImpl.startService:1816 android.content.ContextWrapper.startService:774 com.dangbei.andes.CoreService$Companion.start:29 com.dangbei.lerad.etna.haqu.EtnaApplication.init:88 com.dangbei.lerad.etna.haqu.EtnaApplication.onCreate:59
06-06 13:42:30.730 666 666 E AvrcpTargetService: Please use AVRCP version 1.6 to enable cover art
06-06 13:42:30.742 397 417 I adbd : jdwp connection from 1177
06-06 13:42:30.744 1029 1029 D DisplayOutputManager: ro.build.characteristics=homlet
06-06 13:42:30.744 666 666 V BluetoothHidDeviceServiceJni: classInitNative: done
06-06 13:42:30.745 666 666 V BluetoothHidDeviceServiceJni: initNative enter
06-06 13:42:30.745 666 666 I bt_btif : system/bt/btif/src/bluetooth.cc:417 get_profile_interface: get_profile_interface: id = hiddev
06-06 13:42:30.745 666 666 I bt_btif_storage: system/bt/btif/src/btif_storage.cc:661 btif_storage_get_adapter_property: btif_storage_get_adapter_property service_mask:0x60100048
06-06 13:42:30.745 666 666 V BluetoothHidDeviceServiceJni: initNative done
06-06 13:42:30.746 186 186 I servicemanager: Found vendor.display.output.IDisplayOutputManager/default in device VINTF manifest.
06-06 13:42:30.750 1029 1029 D HomletDisplayOutputManager: get IDisplayOutputManager service success
06-06 13:42:30.752 1029 1029 D AudioManagerEx: AudioManagerEx
06-06 13:42:30.757 254 299 D audio_hw_primary: Mic get_audio_devices_active:
06-06 13:42:30.757 254 299 D audio_hw_primary: get_audio_devices_active: AUDIO_HDMI
06-06 13:42:30.758 254 299 D xm_audio: adev_get_parameters
06-06 13:42:30.758 273 273 I hash_map_utils: system/bt/osi/src/hash_map_utils.cc:81 hash_map_utils_dump_string_keys_string_values: key: 'audio_devices_out_active' value: ''
06-06 13:42:30.759 1029 1029 D AudioManagerEx: type audio_devices_out_active list AUDIO_HDMI=
06-06 13:42:30.766 254 299 D audio_hw_primary: getAudioDevices()
06-06 13:42:30.766 254 299 D audio_hw_primary: out dev:AUDIO_CODEC
06-06 13:42:30.766 254 299 D audio_hw_primary: in dev:AUDIO_SPDIF
06-06 13:42:30.766 254 299 D audio_hw_primary: out dev:AUDIO_SPDIF
06-06 13:42:30.766 254 299 D audio_hw_primary: in dev:AUDIO_HDMI
06-06 13:42:30.766 254 299 D audio_hw_primary: out dev:AUDIO_HDMI
06-06 13:42:30.766 254 299 D audio_hw_primary: in dev:AUDIO_I2S2
06-06 13:42:30.766 254 299 D audio_hw_primary: out playback: AUDIO_CODEC,AUDIO_SPDIF,AUDIO_HDMI
06-06 13:42:30.767 254 299 D xm_audio: adev_get_parameters
06-06 13:42:30.767 273 273 I hash_map_utils: system/bt/osi/src/hash_map_utils.cc:81 hash_map_utils_dump_string_keys_string_values: key: 'audio_devices_out' value: ''
06-06 13:42:30.768 1029 1029 D AudioManagerEx: type audio_devices_out list AUDIO_CODEC,AUDIO_SPDIF,AUDIO_HDMI=
06-06 13:42:30.775 666 666 D BtOppService: setBluetoothOppService(): set to: com.android.bluetooth.opp.BluetoothOppService@7684871
06-06 13:42:30.784 1029 1203 W ContextImpl: Calling a method in the system process without a qualified user: android.app.ContextImpl.bindService:1895 android.content.ContextWrapper.bindService:810 com.dangbei.lerad.etna.lib.client.EtnaClient.bindServer:138 com.dangbei.lerad.etna.lib.client.EtnaClient.access$600:29 com.dangbei.lerad.etna.lib.client.EtnaClient$3.call:205
06-06 13:42:30.785 478 617 D ConnectivityService: NetReassign [no changes]
06-06 13:42:30.791 666 666 I BluetoothPbapService: setCurrentUser(0)
06-06 13:42:30.793 478 617 D ConnectivityService: NetReassign [no changes]
06-06 13:42:30.795 666 666 I BluetoothPbapService: setUserUnlocked(0)
06-06 13:42:30.795 666 666 I BluetoothPbapService: setUserUnlocked(0)
06-06 13:42:30.804 478 603 D CompatibilityChangeReporter: Compat change id reported: 168419799; UID 1000; state: DISABLED
06-06 13:42:30.806 666 666 D BluetoothPbapService: setBluetoothPbapService(): set to: com.android.bluetooth.pbap.BluetoothPbapService@e4c5f5c
06-06 13:42:30.807 666 666 D AvrcpVolumeManager: onAudioDevicesAdded: Not expecting device changed
06-06 13:42:30.813 666 1206 D ObexServerSockets: create(rfcomm = -2, l2capPsm = -2)
06-06 13:42:30.817 666 1206 I bt_btif_sock_rfcomm: system/bt/btif/src/btif_sock_rfc.cc:303 btsock_rfc_listen: Adding listening socket service_name: (null) - channel: -2
06-06 13:42:30.818 666 958 I bt_stack: [INFO:port_api.cc(234)] RFCOMM_CreateConnection: bd_addr=ff:ff:ff:ff:ff:ff, scn=4, is_server=1, mtu=990, uuid=000000, dlci=8, signal_state=0x0b, p_port=0xc5529a14
06-06 13:42:30.828 666 1206 I bluetooth: system/bt/btif/src/btif_sock_l2cap.cc:316 btsock_l2cap_alloc_l: Allocated l2cap socket structure socket_id:1
06-06 13:42:30.831 666 958 I bt_l2cap: system/bt/stack/l2cap/l2c_api.cc:134 L2CA_Register: L2CAP Registered service classic PSM: 0x1001
06-06 13:42:30.831 666 958 I bluetooth: system/bt/btif/src/btif_sock_l2cap.cc:341 send_app_psm_or_chan_l: Sending l2cap socket socket_id:1 channel:4097
06-06 13:42:30.834 478 750 D CompatibilityChangeReporter: Compat change id reported: 135634846; UID 10042; state: DISABLED
06-06 13:42:30.834 478 750 D CompatibilityChangeReporter: Compat change id reported: 177438394; UID 10042; state: DISABLED
06-06 13:42:30.834 478 750 D CompatibilityChangeReporter: Compat change id reported: 135772972; UID 10042; state: DISABLED
06-06 13:42:30.834 478 750 D CompatibilityChangeReporter: Compat change id reported: 135754954; UID 10042; state: DISABLED
06-06 13:42:30.836 478 533 D CompatibilityChangeReporter: Compat change id reported: 143937733; UID 10042; state: DISABLED
06-06 13:42:30.836 666 666 D CompatibilityChangeReporter: Compat change id reported: 150939131; UID 1002; state: ENABLED
06-06 13:42:30.837 478 811 D CompatibilityChangeReporter: Compat change id reported: 135634846; UID 10018; state: DISABLED
06-06 13:42:30.837 478 811 D CompatibilityChangeReporter: Compat change id reported: 177438394; UID 10018; state: DISABLED
06-06 13:42:30.837 478 811 D CompatibilityChangeReporter: Compat change id reported: 135772972; UID 10018; state: DISABLED
06-06 13:42:30.837 478 811 D CompatibilityChangeReporter: Compat change id reported: 135754954; UID 10018; state: ENABLED
06-06 13:42:30.837 666 666 D AdapterProperties: onBluetoothReady, state=TURNING_ON, ScanMode=20
06-06 13:42:30.880 329 329 I rainbow_flow: type=1400 audit(0.0:399): avc: denied { ioctl } for path="/dev/spidev1.0" dev="tmpfs" ino=208 ioctlcmd=0x6b00 scontext=u:r:init:s0 tcontext=u:object_r:device:s0 tclass=chr_file permissive=1
06-06 13:42:30.847 666 666 D BluetoothAdapterService: updateUuids() - Updating UUIDs for bonded devices
06-06 13:42:30.852 666 1206 D BluetoothAdapter: listenUsingL2capOn: set assigned channel to 4097
06-06 13:42:30.852 666 1206 D ObexServerSockets: Succeed to create listening sockets
06-06 13:42:30.852 666 1206 D ObexServerSockets0: startAccept()
06-06 13:42:30.856 666 1206 D BluetoothSdpJni: sdpCreatePbapPseRecordNative
06-06 13:42:30.858 666 1206 D BluetoothSdpJni: SDP Create record success - handle: 0
06-06 13:42:30.858 666 958 I bt_bta_dm: system/bt/bta/dm/bta_dm_act.cc:3191 bta_dm_eir_update_uuid: EIR Adding UUID=0x112F into extended inquiry response
06-06 13:42:30.858 666 958 I bt_bta_dm: system/bt/bta/dm/bta_dm_act.cc:2890 bta_dm_set_eir: Generating extended inquiry response packet EIR
06-06 13:42:30.859 666 1206 D BluetoothPbapService: created Sdp record, mSdpHandle=0
06-06 13:42:30.861 249 249 D Zygote : Forked child process 1216
06-06 13:42:30.862 666 1212 D ObexServerSockets0: Accepting socket connection...
06-06 13:42:30.862 666 1211 D ObexServerSockets0: Accepting socket connection...
06-06 13:42:30.863 478 533 I ActivityManager: app.processName = com.android.music
