01-01 08:07:32.304 388 388 I : Error: set vsif failed
01-01 08:07:32.323 388 388 I : DVI mode selected: packets not configured
01-01 08:07:32.323 388 388 I : Error: set vsif failed
06-06 15:59:18.905 656 656 E WifiHAL : wifi_get_link_stats: requestResponse Error:-5
06-06 15:59:18.906 478 610 E WifiVendorHal: getWifiLinkLayerStats_1_5_Internal(l.1191) failed {.code = ERROR_INVALID_ARGS, .description = }
06-06 15:59:18.980 478 521 W IorapForwardingService: No service published for: iorapd
06-06 15:59:19.147 2157 2230 D UtilLog : 日志批量上报 进行正常循环 !!!!!!本次有0次请求,共0条数据
06-06 15:59:19.983 478 521 W IorapForwardingService: No service published for: iorapd
06-06 15:59:20.241 1128 1128 D aaa : LedStatusService onStartCommand begin
06-06 15:59:20.243 1128 3959 D aaa : topPkg is -------------- :com.dangbei.leard.leradlauncher
06-06 15:59:20.244 1177 1177 D bbb : onStartCommand begin !!!!!!! data分区剩余 24981MB
06-06 15:59:20.248 1128 3959 D aaa : WiFi is connect
01-01 08:07:34.289 388 388 I : DVI mode selected: packets not configured
01-01 08:07:34.289 388 388 I : Error: set vsif failed
01-01 08:07:34.324 388 388 I : DVI mode selected: packets not configured
01-01 08:07:34.324 388 388 I : Error: set vsif failed
01-01 08:07:34.362 388 388 I : DVI mode selected: packets not configured
01-01 08:07:34.362 388 388 I : Error: set vsif failed
01-01 08:07:34.383 388 388 I : DVI mode selected: packets not configured
01-01 08:07:34.384 388 388 I : Error: set vsif failed
01-01 08:07:34.404 388 388 I : DVI mode selected: packets not configured
01-01 08:07:34.404 388 388 I : Error: set vsif failed
01-01 08:07:34.424 388 388 I : DVI mode selected: packets not configured
01-01 08:07:34.424 388 388 I : Error: set vsif failed
01-01 08:07:34.445 388 388 I : DVI mode selected: packets not configured
01-01 08:07:34.445 388 388 I : Error: set vsif failed
06-06 15:59:20.986 478 521 W IorapForwardingService: No service published for: iorapd
06-06 15:59:21.921 656 656 E WifiHAL : wifi_get_link_stats: requestResponse Error:-5
06-06 15:59:21.923 478 610 E WifiVendorHal: getWifiLinkLayerStats_1_5_Internal(l.1191) failed {.code = ERROR_INVALID_ARGS, .description = }
06-06 15:59:21.991 478 521 W IorapForwardingService: No service published for: iorapd
06-06 15:59:22.993 478 521 W IorapForwardingService: No service published for: iorapd
06-06 15:59:23.578 478 557 V DisplayPowerController[0]: Brightness [0.05] reason changing to: 'manual [ dim ]', previous reason: 'manual'.
06-06 15:59:23.587 267 267 I android.hardware.lights-service: Lights setting state for id=0 to color ff686868
06-06 15:59:23.603 267 267 I android.hardware.lights-service: Lights setting state for id=0 to color ff666666
06-06 15:59:23.621 267 267 I android.hardware.lights-service: Lights setting state for id=0 to color ff636363
06-06 15:59:23.638 267 267 I android.hardware.lights-service: Lights setting state for id=0 to color ff606060
06-06 15:59:23.654 267 267 I android.hardware.lights-service: Lights setting state for id=0 to color ff5d5d5d
06-06 15:59:23.671 267 267 I android.hardware.lights-service: Lights setting state for id=0 to color ff5a5a5a
06-06 15:59:23.688 267 267 I android.hardware.lights-service: Lights setting state for id=0 to color ff575757
06-06 15:59:23.704 267 267 I android.hardware.lights-service: Lights setting state for id=0 to color ff545454
06-06 15:59:23.721 267 267 I android.hardware.lights-service: Lights setting state for id=0 to color ff515151
06-06 15:59:23.738 267 267 I android.hardware.lights-service: Lights setting state for id=0 to color ff4e4e4e
06-06 15:59:23.754 267 267 I android.hardware.lights-service: Lights setting state for id=0 to color ff4b4b4b
06-06 15:59:23.771 267 267 I android.hardware.lights-service: Lights setting state for id=0 to color ff494949
06-06 15:59:23.788 267 267 I android.hardware.lights-service: Lights setting state for id=0 to color ff464646
06-06 15:59:23.804 267 267 I android.hardware.lights-service: Lights setting state for id=0 to color ff434343
06-06 15:59:23.821 267 267 I android.hardware.lights-service: Lights setting state for id=0 to color ff404040
06-06 15:59:23.839 267 267 I android.hardware.lights-service: Lights setting state for id=0 to color ff3d3d3d
01-01 08:07:37.794 388 388 W hdr10p_Configure: 68 callbacks suppressed
01-01 08:07:37.794 388 388 I : DVI mode selected: packets not configured
01-01 08:07:37.794 388 388 W set_vsif_config: 68 callbacks suppressed
01-01 08:07:37.794 388 388 I : Error: set vsif failed
06-06 15:59:23.855 267 267 I android.hardware.lights-service: Lights setting state for id=0 to color ff3a3a3a
06-06 15:59:23.871 267 267 I android.hardware.lights-service: Lights setting state for id=0 to color ff373737
01-01 08:07:37.828 388 388 I : DVI mode selected: packets not configured
01-01 08:07:37.828 388 388 I : Error: set vsif failed
06-06 15:59:23.888 267 267 I android.hardware.lights-service: Lights setting state for id=0 to color ff343434
06-06 15:59:23.904 267 267 I android.hardware.lights-service: Lights setting state for id=0 to color ff313131
06-06 15:59:23.920 267 267 I android.hardware.lights-service: Lights setting state for id=0 to color ff2e2e2e
01-01 08:07:37.867 388 388 I : DVI mode selected: packets not configured
01-01 08:07:37.867 388 388 I : Error: set vsif failed
06-06 15:59:23.941 267 267 I android.hardware.lights-service: Lights setting state for id=0 to color ff2c2c2c
06-06 15:59:23.954 267 267 I android.hardware.lights-service: Lights setting state for id=0 to color ff292929
01-01 08:07:37.905 388 388 I : DVI mode selected: packets not configured
01-01 08:07:37.905 388 388 I : Error: set vsif failed
06-06 15:59:23.971 267 267 I android.hardware.lights-service: Lights setting state for id=0 to color ff262626
06-06 15:59:23.987 267 267 I android.hardware.lights-service: Lights setting state for id=0 to color ff232323
01-01 08:07:37.933 388 388 I : DVI mode selected: packets not configured
01-01 08:07:37.934 388 388 I : Error: set vsif failed
06-06 15:59:23.995 478 521 W IorapForwardingService: No service published for: iorapd
06-06 15:59:24.004 267 267 I android.hardware.lights-service: Lights setting state for id=0 to color ff202020
01-01 08:07:37.954 388 388 I : DVI mode selected: packets not configured
01-01 08:07:37.954 388 388 I : Error: set vsif failed
06-06 15:59:24.020 267 267 I android.hardware.lights-service: Lights setting state for id=0 to color ff1d1d1d
01-01 08:07:37.974 388 388 I : DVI mode selected: packets not configured
01-01 08:07:37.974 388 388 I : Error: set vsif failed
06-06 15:59:24.040 267 267 I android.hardware.lights-service: Lights setting state for id=0 to color ff1a1a1a
06-06 15:59:24.053 267 267 I android.hardware.lights-service: Lights setting state for id=0 to color ff171717
01-01 08:07:37.995 388 388 I : DVI mode selected: packets not configured
01-01 08:07:37.995 388 388 I : Error: set vsif failed
06-06 15:59:24.071 267 267 I android.hardware.lights-service: Lights setting state for id=0 to color ff141414
01-01 08:07:38.015 388 388 I : DVI mode selected: packets not configured
01-01 08:07:38.015 388 388 I : Error: set vsif failed
01-01 08:07:38.036 388 388 I : DVI mode selected: packets not configured
01-01 08:07:38.036 388 388 I : Error: set vsif failed
06-06 15:59:24.934 656 656 E WifiHAL : wifi_get_link_stats: requestResponse Error:-5
06-06 15:59:24.935 478 610 E WifiVendorHal: getWifiLinkLayerStats_1_5_Internal(l.1191) failed {.code = ERROR_INVALID_ARGS, .description = }
06-06 15:59:24.998 478 521 W IorapForwardingService: No service published for: iorapd
06-06 15:59:25.999 478 521 W IorapForwardingService: No service published for: iorapd
06-06 15:59:27.001 478 521 W IorapForwardingService: No service published for: iorapd
06-06 15:59:27.949 656 656 E WifiHAL : wifi_get_link_stats: requestResponse Error:-5
06-06 15:59:27.951 478 610 E WifiVendorHal: getWifiLinkLayerStats_1_5_Internal(l.1191) failed {.code = ERROR_INVALID_ARGS, .description = }
06-06 15:59:28.003 478 521 W IorapForwardingService: No service published for: iorapd
06-06 15:59:28.285 1177 1177 D bbb : onStartCommand begin !!!!!!! data分区剩余 24981MB
06-06 15:59:28.289 1128 1128 D aaa : LedStatusService onStartCommand begin
06-06 15:59:28.293 1128 3968 D aaa : topPkg is -------------- :com.dangbei.leard.leradlauncher
06-06 15:59:28.298 1128 3968 D aaa : WiFi is connect
01-01 08:07:42.806 388 388 W hdr10p_Configure: 129 callbacks suppressed
01-01 08:07:42.806 388 388 I : DVI mode selected: packets not configured
01-01 08:07:42.806 388 388 W set_vsif_config: 129 callbacks suppressed
01-01 08:07:42.806 388 388 I : Error: set vsif failed
01-01 08:07:42.825 388 388 I : DVI mode selected: packets not configured
01-01 08:07:42.825 388 388 I : Error: set vsif failed
06-06 15:59:29.006 478 521 W IorapForwardingService: No service published for: iorapd
06-06 15:59:29.131 2157 2230 D UtilLog : 日志批量上报 进行正常循环 !!!!!!本次有0次请求,共0条数据
06-06 15:59:30.008 478 521 W IorapForwardingService: No service published for: iorapd
06-06 15:59:30.579 478 557 I PowerManagerService: Napping display group (groupId=0, uid=1000)...
06-06 15:59:30.579 478 557 I PowerManagerService: Nap time (uid 1000)...
06-06 15:59:30.582 478 557 I DreamManagerService: Entering dreamland.
06-06 15:59:30.589 478 557 W ContextImpl: Calling a method in the system process without a qualified user: android.app.ContextImpl.sendBroadcast:1173 com.android.server.dreams.DreamManagerService.startDreamLocked:411 com.android.server.dreams.DreamManagerService.startDreamInternal:245 com.android.server.dreams.DreamManagerService.access$2200:71 com.android.server.dreams.DreamManagerService$LocalService.startDream:737
06-06 15:59:30.591 478 557 E ActivityManager: Sending non-protected broadcast com.android.screen_off from system 478:system/1000 pkg android
06-06 15:59:30.591 478 557 E ActivityManager: java.lang.Throwable
06-06 15:59:30.591 478 557 E ActivityManager: at com.android.server.am.ActivityManagerService.checkBroadcastFromSystem(ActivityManagerService.java:12816)
06-06 15:59:30.591 478 557 E ActivityManager: at com.android.server.am.ActivityManagerService.broadcastIntentLocked(ActivityManagerService.java:13416)
06-06 15:59:30.591 478 557 E ActivityManager: at com.android.server.am.ActivityManagerService.broadcastIntentLocked(ActivityManagerService.java:12833)
06-06 15:59:30.591 478 557 E ActivityManager: at com.android.server.am.ActivityManagerService.broadcastIntentWithFeature(ActivityManagerService.java:13670)
06-06 15:59:30.591 478 557 E ActivityManager: at android.app.ContextImpl.sendBroadcast(ContextImpl.java:1177)
06-06 15:59:30.591 478 557 E ActivityManager: at com.android.server.dreams.DreamManagerService.startDreamLocked(DreamManagerService.java:411)
06-06 15:59:30.591 478 557 E ActivityManager: at com.android.server.dreams.DreamManagerService.startDreamInternal(DreamManagerService.java:245)
06-06 15:59:30.591 478 557 E ActivityManager: at com.android.server.dreams.DreamManagerService.access$2200(DreamManagerService.java:71)
06-06 15:59:30.591 478 557 E ActivityManager: at com.android.server.dreams.DreamManagerService$LocalService.startDream(DreamManagerService.java:737)
06-06 15:59:30.591 478 557 E ActivityManager: at com.android.server.power.PowerManagerService.handleSandman(PowerManagerService.java:3033)
06-06 15:59:30.591 478 557 E ActivityManager: at com.android.server.power.PowerManagerService.access$3700(PowerManagerService.java:144)
06-06 15:59:30.591 478 557 E ActivityManager: at com.android.server.power.PowerManagerService$PowerManagerHandlerCallback.handleMessage(PowerManagerService.java:4848)
06-06 15:59:30.591 478 557 E ActivityManager: at android.os.Handler.dispatchMessage(Handler.java:102)
06-06 15:59:30.591 478 557 E ActivityManager: at android.os.Looper.loopOnce(Looper.java:201)
06-06 15:59:30.591 478 557 E ActivityManager: at android.os.Looper.loop(Looper.java:288)
06-06 15:59:30.591 478 557 E ActivityManager: at android.os.HandlerThread.run(HandlerThread.java:67)
06-06 15:59:30.591 478 557 E ActivityManager: at com.android.server.ServiceThread.run(ServiceThread.java:44)
06-06 15:59:30.594 478 557 E ActivityManager: Sending non-protected broadcast com.android.screen_off from system 478:system/1000 pkg android
06-06 15:59:30.594 478 557 E ActivityManager: java.lang.Throwable
06-06 15:59:30.594 478 557 E ActivityManager: at com.android.server.am.ActivityManagerService.checkBroadcastFromSystem(ActivityManagerService.java:12816)
06-06 15:59:30.594 478 557 E ActivityManager: at com.android.server.am.ActivityManagerService.broadcastIntentLocked(ActivityManagerService.java:13513)
06-06 15:59:30.594 478 557 E ActivityManager: at com.android.server.am.ActivityManagerService.broadcastIntentLocked(ActivityManagerService.java:12833)
06-06 15:59:30.594 478 557 E ActivityManager: at com.android.server.am.ActivityManagerService.broadcastIntentWithFeature(ActivityManagerService.java:13670)
06-06 15:59:30.594 478 557 E ActivityManager: at android.app.ContextImpl.sendBroadcast(ContextImpl.java:1177)
06-06 15:59:30.594 478 557 E ActivityManager: at com.android.server.dreams.DreamManagerService.startDreamLocked(DreamManagerService.java:411)
06-06 15:59:30.594 478 557 E ActivityManager: at com.android.server.dreams.DreamManagerService.startDreamInternal(DreamManagerService.java:245)
06-06 15:59:30.594 478 557 E ActivityManager: at com.android.server.dreams.DreamManagerService.access$2200(DreamManagerService.java:71)
06-06 15:59:30.594 478 557 E ActivityManager: at com.android.server.dreams.DreamManagerService$LocalService.startDream(DreamManagerService.java:737)
06-06 15:59:30.594 478 557 E ActivityManager: at com.android.server.power.PowerManagerService.handleSandman(PowerManagerService.java:3033)
06-06 15:59:30.594 478 557 E ActivityManager: at com.android.server.power.PowerManagerService.access$3700(PowerManagerService.java:144)
06-06 15:59:30.594 478 557 E ActivityManager: at com.android.server.power.PowerManagerService$PowerManagerHandlerCallback.handleMessage(PowerManagerService.java:4848)
06-06 15:59:30.594 478 557 E ActivityManager: at android.os.Handler.dispatchMessage(Handler.java:102)
06-06 15:59:30.594 478 557 E ActivityManager: at android.os.Looper.loopOnce(Looper.java:201)
06-06 15:59:30.594 478 557 E ActivityManager: at android.os.Looper.loop(Looper.java:288)
06-06 15:59:30.594 478 557 E ActivityManager: at android.os.HandlerThread.run(HandlerThread.java:67)
06-06 15:59:30.594 478 557 E ActivityManager: at com.android.server.ServiceThread.run(ServiceThread.java:44)
06-06 15:59:30.595 478 532 I DropBoxManagerService: add tag=system_server_wtf isTagEnabled=true flags=0x2
06-06 15:59:30.600 478 519 I DreamController: Starting dream: name=ComponentInfo{com.dangbei.lerad.screensaver/com.dangbei.lerad.screensaver.service.ScreenSaverService}, isTest=false, canDoze=false, userId=0
06-06 15:59:30.602 478 557 I PowerManagerService: Dreaming...
01-01 08:07:44.538 1 1 I init : processing action (vendor.led_switch=*) from (/vendor/etc/init/hw/init.oranth.rc:133)
01-01 08:07:44.540 1 1 I init : starting service 'exec 21 (/vendor/bin/led_switch.sh 3)'...
06-06 15:59:30.610 478 519 D CompatibilityChangeReporter: Compat change id reported: 135634846; UID 10036; state: DISABLED
06-06 15:59:30.607 3972 3972 I init : type=1400 audit(0.0:1141): avc: denied { execute } for name="led_switch.sh" dev="dm-1" ino=129 scontext=u:r:init:s0 tcontext=u:object_r:vendor_file:s0 tclass=file permissive=1
06-06 15:59:30.611 3972 3972 I init : type=1400 audit(0.0:1142): avc: denied { execute_no_trans } for path="/vendor/bin/led_switch.sh" dev="dm-1" ino=129 scontext=u:r:init:s0 tcontext=u:object_r:vendor_file:s0 tclass=file permissive=1
06-06 15:59:30.614 478 533 D CompatibilityChangeReporter: Compat change id reported: 143937733; UID 10036; state: ENABLED
01-01 08:07:44.557 1 1 I init : SVC_EXEC service 'exec 21 (/vendor/bin/led_switch.sh 3)' pid 3972 (uid 0 gid 0+0 context default) started; waiting...
06-06 15:59:30.618 1128 1128 D aaa : aaa screen off
06-06 15:59:30.623 679 679 D TvPipMenuController: hideMenu(), movePipWindow=true
06-06 15:59:30.624 1062 1062 E hq : HomeKeyReceiver:::onReceive android.intent.action.CLOSE_SYSTEM_DIALOGS
06-06 15:59:30.625 1062 1062 D HomeKeyReceiver: reason:-----------dream
06-06 15:59:30.630 478 532 I DropBoxManagerService: add tag=system_server_wtf isTagEnabled=true flags=0x2
06-06 15:59:30.632 478 519 D AutofillManagerService: Close system dialogs
06-06 15:59:30.642 249 249 D Zygote : Forked child process 3973
06-06 15:59:30.644 478 533 I ActivityManager: app.processName = com.dangbei.lerad.screensaver
06-06 15:59:30.644 478 533 I ActivityManager: Start proc 3973:com.dangbei.lerad.screensaver/u0a36 for service {com.dangbei.lerad.screensaver/com.dangbei.lerad.screensaver.service.ScreenSaverService}
06-06 15:59:30.643 3972 3972 I led_switch.sh: type=1400 audit(0.0:1143): avc: denied { write } for name="tmp" dev="mmcblk0p25" ino=85 scontext=u:r:init:s0 tcontext=u:object_r:shell_data_file:s0 tclass=dir permissive=1 bug=b/77873135
06-06 15:59:30.647 3972 3972 I led_switch.sh: type=1400 audit(0.0:1144): avc: denied { write } for name="led_swith.txt" dev="mmcblk0p25" ino=220 scontext=u:r:init:s0 tcontext=u:object_r:shell_data_file:s0 tclass=file permissive=1 bug=b/77873135
06-06 15:59:30.647 3972 3972 I led_switch.sh: type=1400 audit(0.0:1145): avc: denied { open } for path="/data/local/tmp/led_swith.txt" dev="mmcblk0p25" ino=220 scontext=u:r:init:s0 tcontext=u:object_r:shell_data_file:s0 tclass=file permissive=1 bug=b/77873135
06-06 15:59:30.651 3974 3974 I led_switch.sh: type=1400 audit(0.0:1146): avc: denied { execute_no_trans } for path="/vendor/bin/toolbox" dev="dm-1" ino=229 scontext=u:r:init:s0 tcontext=u:object_r:vendor_toolbox_exec:s0 tclass=file permissive=1
06-06 15:59:30.662 3973 3973 I Zygote : seccomp disabled by setenforce 0
01-01 08:07:44.620 282 282 W audit : audit_lost=590 audit_rate_limit=5 audit_backlog_limit=64
01-01 08:07:44.620 282 282 E audit : rate limit exceeded
01-01 08:07:44.623 1 1 I init : Sending signal 9 to service 'rainbow_flow' (pid 1878) process group...
01-01 08:07:44.632 1 1 I libprocessgroup: Successfully killed process cgroup uid 0 pid 1878 in 6ms
01-01 08:07:44.633 1 1 I init : Control message: Processed ctl.stop for 'rainbow_flow' from pid: 3974 (stop rainbow_flow voice breathe flow_led net_disconnect)
01-01 08:07:44.634 1 1 I init : Service 'rainbow_flow' (pid 1878) received signal 9 oneshot service took 435.343994 seconds in background
06-06 15:59:30.696 397 417 I adbd : jdwp connection from 3973
01-01 08:07:44.639 1 1 I init : Control message: Processed ctl.stop for 'voice' from pid: 3974 (stop rainbow_flow voice breathe flow_led net_disconnect)
01-01 08:07:44.640 1 1 I init : Control message: Processed ctl.stop for 'breathe' from pid: 3974 (stop rainbow_flow voice breathe flow_led net_disconnect)
01-01 08:07:44.641 1 1 I init : Control message: Processed ctl.stop for 'flow_led' from pid: 3974 (stop rainbow_flow voice breathe flow_led net_disconnect)
06-06 15:59:30.713 478 1388 D CompatibilityChangeReporter: Compat change id reported: 168419799; UID 10036; state: DISABLED
06-06 15:59:30.727 3973 3973 D CompatibilityChangeReporter: Compat change id reported: 171979766; UID 10036; state: ENABLED
06-06 15:59:30.859 3973 3973 V GraphicsEnvironment: ANGLE Developer option for 'com.dangbei.lerad.screensaver' set to: 'default'
06-06 15:59:30.860 3973 3973 V GraphicsEnvironment: Neither updatable production driver nor prerelease driver is supported.
06-06 15:59:30.862 3973 3973 D NetworkSecurityConfig: No Network Security Config specified, using platform default
06-06 15:59:30.862 3973 3973 D NetworkSecurityConfig: No Network Security Config specified, using platform default
01-01 08:07:44.812 388 388 I : DVI mode selected: packets not configured
01-01 08:07:44.812 388 388 I : Error: set vsif failed
01-01 08:07:44.847 388 388 I : DVI mode selected: packets not configured
01-01 08:07:44.847 388 388 I : Error: set vsif failed
06-06 15:59:30.918 478 1388 D CompatibilityChangeReporter: Compat change id reported: 149924527; UID 10036; state: ENABLED
06-06 15:59:30.919 478 1388 D CompatibilityChangeReporter: Compat change id reported: 132649864; UID 10036; state: DISABLED
01-01 08:07:44.885 388 388 I : DVI mode selected: packets not configured
01-01 08:07:44.885 388 388 I : Error: set vsif failed
06-06 15:59:30.964 656 656 E WifiHAL : wifi_get_link_stats: requestResponse Error:-5
06-06 15:59:30.966 478 610 E WifiVendorHal: getWifiLinkLayerStats_1_5_Internal(l.1191) failed {.code = ERROR_INVALID_ARGS, .description = }
01-01 08:07:44.910 388 388 I : DVI mode selected: packets not configured
01-01 08:07:44.910 388 388 I : Error: set vsif failed
01-01 08:07:44.931 388 388 I : DVI mode selected: packets not configured
01-01 08:07:44.931 388 388 I : Error: set vsif failed
01-01 08:07:44.953 388 388 I : DVI mode selected: packets not configured
01-01 08:07:44.953 388 388 I : Error: set vsif failed
06-06 15:59:31.010 478 521 W IorapForwardingService: No service published for: iorapd
06-06 15:59:31.034 3973 3973 I UMConfigure: common version is 9.4.4
06-06 15:59:31.035 3973 3973 I UMConfigure: common type is 0
01-01 08:07:44.974 388 388 I : DVI mode selected: packets not configured
01-01 08:07:44.974 388 388 I : Error: set vsif failed
01-01 08:07:44.996 388 388 I : DVI mode selected: packets not configured
01-01 08:07:44.996 388 388 I : Error: set vsif failed
06-06 15:59:31.056 3973 3973 I UMConfigure: current appkey is 6419107bba6a5259c42248e8, last appkey is null
06-06 15:59:31.061 3973 3973 I UMConfigure: channel is screensaver2
06-06 15:59:31.068 3973 3973 D UMLog : 统计SDK常见问题索引贴 详见链接 http://developer.umeng.com/docs/66650/cate/66650
06-06 15:59:31.071 3973 3973 I UMLog : 统计SDK初始化成功
06-06 15:59:31.098 3973 3973 E caisq : replace itconfig 0 6363189
06-06 15:59:31.124 3973 4016 I crashsdk: version unique build id: 1f4e1581
06-06 15:59:31.128 3973 4016 I crashsdk: Is new version ('' -> '5.0.0.0.01/release/1f4e1581'), deleting old stats data!
06-06 15:59:31.142 3973 4017 D crashsdk: Native log stat thread 4017 setup, waiting
06-06 15:59:31.147 3973 3973 I crashsdk: Catcher mask: 5000, 20480
06-06 15:59:31.148 3973 3973 I crashsdk: Catcher thread 3979
06-06 15:59:31.148 3973 3973 D crashsdk: Register ANR handler ...
06-06 15:59:31.148 3973 3973 I crashsdk: begin hack android.os.Process
06-06 15:59:31.148 3973 3973 I crashsdk: end hack android.os.Process
06-06 15:59:31.148 3973 3973 I crashsdk: LibcMalloc detail: disabled.
06-06 15:59:31.166 3973 3973 E rad.screensave: Invalid ID 0x00000000.
06-06 15:59:31.173 3973 3973 E rad.screensave: Invalid ID 0x00000000.
06-06 15:59:31.179 3973 3973 E caisq : replace paconfig 0 105426321
06-06 15:59:31.180 3973 3973 I Matrix.AnrTracer: anrTrace, final mAnrBeatTime:400, mAnrBeatRate:400
06-06 15:59:31.184 269 282 D hdmi-cec: receive invalid cec message!
06-06 15:59:31.184 269 282 D hdmi-cec: receive poll message [04], skip!
06-06 15:59:31.185 3973 4020 W efs.send_log: tryFileLock start!
06-06 15:59:31.189 3973 3973 D LaunchConfigManager: random check in
06-06 15:59:31.192 3973 4024 W efs.send_log: tryFileLock sendlock sucess! processname: com.dangbei.lerad.screensaver
06-06 15:59:31.194 3973 4020 I efs.config: delete old config is false
06-06 15:59:31.199 3973 4020 E caisq : replace Y29uZmlnXzY0MTkxMDdiYmE2YTUyNTljNDIyNDhlOA 0 30473422
06-06 15:59:31.200 3973 4020 I efs.config: current config to same.
06-06 15:59:31.204 3973 3973 I UMCrash : begin register common callback. key is umid.
06-06 15:59:31.204 3973 4031 I LaunchTrace: begin sendLaunchCache
06-06 15:59:31.208 3973 3973 I UMCrash : inner config : net rate is -1
06-06 15:59:31.209 3973 3973 I UMLog : APM SDK初始化成功
06-06 15:59:31.210 3973 3973 E UMConfigure: 检测到SDK初始化过程遗漏UMConfigure.preInit函数,请参考【友盟+】合规指南: https://developer.umeng.com/docs/119267/detail/182050
06-06 15:59:31.210 3973 3973 E UMConfigure: 检测到未调用隐私授权API,详情见:https://developer.umeng.com/docs/119267/detail/182050
06-06 15:59:31.224 3973 3973 E dangbei ad sdk: AdSdk::change server success, current =online
06-06 15:59:31.288 1128 1128 D aaa : ScreenSaver is start !!!!
06-06 15:59:31.310 3973 4050 W efs.info.manager: network change: wifi
06-06 15:59:31.327 478 813 I ActivityStarter: ---START u0 {flg=0x10000000 pkg=com.dangbei.lerad.screensaver cmp=com.dangbei.lerad.screensaver/android.service.dreams.DreamActivity (has extras)} from uid 10036
06-06 15:59:31.352 1046 1420 E MediaProvider: Permission to access file: /storage/emulated/0/.db/app is denied
06-06 15:59:31.364 478 813 D CompatibilityChangeReporter: Compat change id reported: 184838306; UID 10036; state: DISABLED
06-06 15:59:31.364 3973 4044 W System.err: java.io.FileNotFoundException: /storage/emulated/0/.db/app: open failed: EACCES (Permission denied)
06-06 15:59:31.366 3973 4044 W System.err: at libcore.io.IoBridge.open(IoBridge.java:575)
06-06 15:59:31.366 3973 4044 W System.err: at java.io.FileInputStream.(FileInputStream.java:160)
06-06 15:59:31.368 3973 4044 W System.err: at h7.n1.D(UtilCommon.java:16)
06-06 15:59:31.368 3973 4044 W System.err: at h7.n1.e(UtilCommon.java:52)
06-06 15:59:31.368 3973 4044 W System.err: at h7.a1.X(HttpBasicParamsInterceptor.java:5)
06-06 15:59:31.368 478 813 D CompatibilityChangeReporter: Compat change id reported: 185004937; UID 10036; state: DISABLED
06-06 15:59:31.368 3973 4044 W System.err: at h7.a1.A(Unknown Source:0)
06-06 15:59:31.368 3973 4044 W System.err: at h7.e0.call(Unknown Source:2)
06-06 15:59:31.368 3973 4044 W System.err: at i7.d.a(Helper.java:1)
06-06 15:59:31.368 3973 4044 W System.err: at h7.a1.C(HttpBasicParamsInterceptor.java:42)
06-06 15:59:31.368 3973 4044 W System.err: at h7.a1.d0(HttpBasicParamsInterceptor.java:1)
06-06 15:59:31.369 3973 4044 W System.err: at h7.a1.c(Unknown Source:0)
06-06 15:59:31.369 3973 4044 W System.err: at h7.z.accept(Unknown Source:2)
06-06 15:59:31.369 3973 4044 W System.err: at wa.t$a.f(SingleDoOnSuccess.java:5)
06-06 15:59:31.369 3973 4044 W System.err: at wa.n0$a.run(SingleObserveOn.java:15)
06-06 15:59:31.369 3973 4044 W System.err: at da.j0$a.run(Scheduler.java:10)
06-06 15:59:31.369 3973 4044 W System.err: at ya.n.run(ScheduledRunnable.java:14)
06-06 15:59:31.369 3973 4044 W System.err: at ya.n.call(ScheduledRunnable.java:1)
06-06 15:59:31.369 3973 4044 W System.err: at java.util.concurrent.FutureTask.run(FutureTask.java:266)
06-06 15:59:31.369 3973 4044 W System.err: at java.util.concurrent.ScheduledThreadPoolExecutor$ScheduledFutureTask.run(ScheduledThreadPoolExecutor.java:301)
06-06 15:59:31.369 3973 4044 W System.err: at java.util.concurrent.ThreadPoolExecutor.runWorker(ThreadPoolExecutor.java:1167)
06-06 15:59:31.369 3973 4044 W System.err: at java.util.concurrent.ThreadPoolExecutor$Worker.run(ThreadPoolExecutor.java:641)
06-06 15:59:31.369 3973 4044 W System.err: at java.lang.Thread.run(Thread.java:920)
06-06 15:59:31.369 3973 4044 W System.err: Caused by: android.system.ErrnoException: open failed: EACCES (Permission denied)
06-06 15:59:31.369 3973 4044 W System.err: at libcore.io.Linux.open(Native Method)
06-06 15:59:31.369 3973 4044 W System.err: at libcore.io.ForwardingOs.open(ForwardingOs.java:567)
06-06 15:59:31.369 3973 4044 W System.err: at libcore.io.BlockGuardOs.open(BlockGuardOs.java:273)
06-06 15:59:31.369 3973 4044 W System.err: at libcore.io.ForwardingOs.open(ForwardingOs.java:567)
06-06 15:59:31.369 3973 4044 W System.err: at android.app.ActivityThread$AndroidOs.open(ActivityThread.java:7740)
06-06 15:59:31.369 3973 4044 W System.err: at libcore.io.IoBridge.open(IoBridge.java:561)
06-06 15:59:31.369 3973 4044 W System.err: ... 21 more
06-06 15:59:31.373 478 813 D CompatibilityChangeReporter: Compat change id reported: 181136395; UID 10036; state: DISABLED
06-06 15:59:31.376 478 813 D CompatibilityChangeReporter: Compat change id reported: 174042936; UID 10036; state: DISABLED
06-06 15:59:31.380 478 813 D CompatibilityChangeReporter: Compat change id reported: 174042980; UID 10036; state: DISABLED
06-06 15:59:31.385 478 813 W ActivityTaskManager: Can't find TaskDisplayArea to determine support for multi window. Task id=15 attached=false
06-06 15:59:31.413 268 268 I AW_PowerHAL: Power setMode: LAUNCH to: 1
06-06 15:59:31.447 268 268 I AW_PowerHAL: cur-mode:LAUNCH
06-06 15:59:31.473 478 813 D AW_CODE : rotation =0
06-06 15:59:31.497 2985 2994 I gbei.screencas: Background young concurrent copying GC freed 56671(5687KB) AllocSpace objects, 0(0B) LOS objects, 45% free, 6409KB/11MB, paused 213us total 185.832ms
06-06 15:59:31.503 283 283 I BpBinder: onLastStrongRef automatically unlinking death recipients:
06-06 15:59:31.543 1062 1310 W SQLiteLog: (28) double-quoted string literal: "
06-06 15:59:31.544 1062 1310 W SQLiteLog: (28) double-quoted string literal: "159C1B60F9013DB1728FF7C1F774C574"
06-06 15:59:31.566 3973 4033 I UMLog : 基础组件库完整性自检通过。
06-06 15:59:31.567 1046 1420 E MediaProvider: Permission to access file: /storage/emulated/0/.db/app is denied
06-06 15:59:31.568 3973 4044 W System.err: java.io.FileNotFoundException: /storage/emulated/0/.db/app: open failed: EACCES (Permission denied)
06-06 15:59:31.579 3973 4044 W System.err: at libcore.io.IoBridge.open(IoBridge.java:575)
06-06 15:59:31.579 3973 4044 W System.err: at java.io.FileOutputStream.(FileOutputStream.java:236)
06-06 15:59:31.579 3973 4044 W System.err: at java.io.FileOutputStream.(FileOutputStream.java:157)
06-06 15:59:31.579 3973 4044 W System.err: at h7.n1.S(UtilCommon.java:61)
06-06 15:59:31.580 3973 4044 W System.err: at h7.n1.e(UtilCommon.java:144)
06-06 15:59:31.583 3973 4044 W System.err: at h7.a1.X(HttpBasicParamsInterceptor.java:5)
06-06 15:59:31.583 3973 4044 W System.err: at h7.a1.A(Unknown Source:0)
06-06 15:59:31.583 3973 4044 W System.err: at h7.e0.call(Unknown Source:2)
06-06 15:59:31.583 3973 4044 W System.err: at i7.d.a(Helper.java:1)
06-06 15:59:31.583 3973 4044 W System.err: at h7.a1.C(HttpBasicParamsInterceptor.java:42)
06-06 15:59:31.583 3973 4044 W System.err: at h7.a1.d0(HttpBasicParamsInterceptor.java:1)
06-06 15:59:31.583 3973 4044 W System.err: at h7.a1.c(Unknown Source:0)
06-06 15:59:31.583 3973 4044 W System.err: at h7.z.accept(Unknown Source:2)
06-06 15:59:31.583 679 679 D TvPipController: onTaskStackChanged()
06-06 15:59:31.585 3973 4044 W System.err: at wa.t$a.f(SingleDoOnSuccess.java:5)
06-06 15:59:31.585 3973 4044 W System.err: at wa.n0$a.run(SingleObserveOn.java:15)
06-06 15:59:31.585 3973 4044 W System.err: at da.j0$a.run(Scheduler.java:10)
06-06 15:59:31.586 3973 4044 W System.err: at ya.n.run(ScheduledRunnable.java:14)
06-06 15:59:31.586 3973 4044 W System.err: at ya.n.call(ScheduledRunnable.java:1)
06-06 15:59:31.586 3973 4044 W System.err: at java.util.concurrent.FutureTask.run(FutureTask.java:266)
06-06 15:59:31.596 3973 4044 W System.err: at java.util.concurrent.ScheduledThreadPoolExecutor$ScheduledFutureTask.run(ScheduledThreadPoolExecutor.java:301)
06-06 15:59:31.596 3973 4044 W System.err: at java.util.concurrent.ThreadPoolExecutor.runWorker(ThreadPoolExecutor.java:1167)
06-06 15:59:31.596 3973 4044 W System.err: at java.util.concurrent.ThreadPoolExecutor$Worker.run(ThreadPoolExecutor.java:641)
06-06 15:59:31.596 3973 4044 W System.err: at java.lang.Thread.run(Thread.java:920)
06-06 15:59:31.597 3973 4044 W System.err: Caused by: android.system.ErrnoException: open failed: EACCES (Permission denied)
06-06 15:59:31.597 3973 4044 W System.err: at libcore.io.Linux.open(Native Method)
06-06 15:59:31.603 3973 4044 W System.err: at libcore.io.ForwardingOs.open(ForwardingOs.java:567)
06-06 15:59:31.603 3973 4044 W System.err: at libcore.io.BlockGuardOs.open(BlockGuardOs.java:273)
06-06 15:59:31.603 3973 4044 W System.err: at libcore.io.ForwardingOs.open(ForwardingOs.java:567)
06-06 15:59:31.603 3973 4044 W System.err: at android.app.ActivityThread$AndroidOs.open(ActivityThread.java:7740)
06-06 15:59:31.603 3973 4044 W System.err: at libcore.io.IoBridge.open(IoBridge.java:561)
06-06 15:59:31.603 3973 4044 W System.err: ... 22 more
06-06 15:59:31.615 3973 3973 I RxCachedThreadS: type=1400 audit(0.0:1170): avc: denied { search } for name="net" dev="sysfs" ino=10442 scontext=u:r:untrusted_app:s0:c36,c256,c512,c768 tcontext=u:object_r:sysfs_net:s0 tclass=dir permissive=1 app=com.dangbei.lerad.screensaver
06-06 15:59:31.634 3973 4044 D getEthernetMacAddr: getEthernetMacAddr use eth1
06-06 15:59:31.637 3973 3973 I crashsdk: Unexp log not enabled, skip update unexp info!
06-06 15:59:31.650 3973 4044 W System.err: java.lang.NullPointerException: Attempt to invoke virtual method 'byte[] java.net.NetworkInterface.getHardwareAddress()' on a null object reference
06-06 15:59:31.650 3973 4044 W System.err: at h7.n1.p(UtilCommon.java:33)
06-06 15:59:31.650 3973 4044 W System.err: at h7.n1.t(UtilCommon.java:11)
06-06 15:59:31.650 3973 4044 W System.err: at h7.a1.Y(HttpBasicParamsInterceptor.java:5)
06-06 15:59:31.650 3973 4044 W System.err: at h7.a1.x(Unknown Source:0)
06-06 15:59:31.650 3973 4044 W System.err: at h7.j0.call(Unknown Source:2)
06-06 15:59:31.650 3973 4044 W System.err: at i7.d.a(Helper.java:1)
06-06 15:59:31.650 3973 4044 W System.err: at h7.a1.C(HttpBasicParamsInterceptor.java:50)
06-06 15:59:31.650 3973 4044 W System.err: at h7.a1.d0(HttpBasicParamsInterceptor.java:1)
06-06 15:59:31.650 3973 4044 W System.err: at h7.a1.c(Unknown Source:0)
06-06 15:59:31.650 3973 4044 W System.err: at h7.z.accept(Unknown Source:2)
06-06 15:59:31.650 3973 4044 W System.err: at wa.t$a.f(SingleDoOnSuccess.java:5)
06-06 15:59:31.650 3973 4044 W System.err: at wa.n0$a.run(SingleObserveOn.java:15)
06-06 15:59:31.650 3973 4044 W System.err: at da.j0$a.run(Scheduler.java:10)
06-06 15:59:31.651 3973 4044 W System.err: at ya.n.run(ScheduledRunnable.java:14)
06-06 15:59:31.651 3973 4044 W System.err: at ya.n.call(ScheduledRunnable.java:1)
06-06 15:59:31.652 3973 4044 W System.err: at java.util.concurrent.FutureTask.run(FutureTask.java:266)
06-06 15:59:31.652 3973 4044 W System.err: at java.util.concurrent.ScheduledThreadPoolExecutor$ScheduledFutureTask.run(ScheduledThreadPoolExecutor.java:301)
06-06 15:59:31.652 3973 4044 W System.err: at java.util.concurrent.ThreadPoolExecutor.runWorker(ThreadPoolExecutor.java:1167)
06-06 15:59:31.652 3973 4044 W System.err: at java.util.concurrent.ThreadPoolExecutor$Worker.run(ThreadPoolExecutor.java:641)
06-06 15:59:31.652 3973 4044 W System.err: at java.lang.Thread.run(Thread.java:920)
06-06 15:59:31.674 478 813 W WindowManager: Failed looking up window session=Session{9a98d21 3973:u0a10036} callers=com.android.server.wm.WindowManagerService.windowForClientLocked:5702 com.android.server.wm.Session.insetsModified:629 android.view.IWindowSession$Stub.onTransact:1151
06-06 15:59:31.714 1046 1164 E MediaProvider: Permission to access file: /storage/emulated/0/.db/secret is denied
06-06 15:59:31.720 3973 4044 W System.err: java.io.FileNotFoundException: /storage/emulated/0/.db/secret: open failed: EACCES (Permission denied)
06-06 15:59:31.726 3973 4044 W System.err: at libcore.io.IoBridge.open(IoBridge.java:575)
06-06 15:59:31.727 3973 4044 W System.err: at java.io.FileInputStream.(FileInputStream.java:160)
06-06 15:59:31.727 3973 4044 W System.err: at h7.n1.D(UtilCommon.java:16)
06-06 15:59:31.727 3973 4044 W System.err: at h7.n1.m(UtilCommon.java:72)
06-06 15:59:31.727 3973 4044 W System.err: at h7.a1.a0(HttpBasicParamsInterceptor.java:5)
06-06 15:59:31.727 3973 4044 W System.err: at h7.a1.b(Unknown Source:0)
06-06 15:59:31.727 3973 4044 W System.err: at h7.m0.call(Unknown Source:2)
06-06 15:59:31.727 3973 4044 W System.err: at i7.d.a(Helper.java:1)
06-06 15:59:31.727 3973 4044 W System.err: at h7.a1.C(HttpBasicParamsInterceptor.java:66)
06-06 15:59:31.727 3973 4044 W System.err: at h7.a1.d0(HttpBasicParamsInterceptor.java:1)
06-06 15:59:31.727 3973 4044 W System.err: at h7.a1.c(Unknown Source:0)
06-06 15:59:31.727 3973 4044 W System.err: at h7.z.accept(Unknown Source:2)
06-06 15:59:31.728 3973 4044 W System.err: at wa.t$a.f(SingleDoOnSuccess.java:5)
06-06 15:59:31.728 3973 4044 W System.err: at wa.n0$a.run(SingleObserveOn.java:15)
06-06 15:59:31.728 3973 4044 W System.err: at da.j0$a.run(Scheduler.java:10)
06-06 15:59:31.728 3973 4044 W System.err: at ya.n.run(ScheduledRunnable.java:14)
06-06 15:59:31.729 3973 4044 W System.err: at ya.n.call(ScheduledRunnable.java:1)
06-06 15:59:31.729 3973 4044 W System.err: at java.util.concurrent.FutureTask.run(FutureTask.java:266)
06-06 15:59:31.729 3973 4044 W System.err: at java.util.concurrent.ScheduledThreadPoolExecutor$ScheduledFutureTask.run(ScheduledThreadPoolExecutor.java:301)
06-06 15:59:31.729 3973 4044 W System.err: at java.util.concurrent.ThreadPoolExecutor.runWorker(ThreadPoolExecutor.java:1167)
06-06 15:59:31.729 3973 4044 W System.err: at java.util.concurrent.ThreadPoolExecutor$Worker.run(ThreadPoolExecutor.java:641)
06-06 15:59:31.729 3973 4044 W System.err: at java.lang.Thread.run(Thread.java:920)
06-06 15:59:31.729 3973 4044 W System.err: Caused by: android.system.ErrnoException: open failed: EACCES (Permission denied)
06-06 15:59:31.729 3973 4044 W System.err: at libcore.io.Linux.open(Native Method)
06-06 15:59:31.730 3973 4044 W System.err: at libcore.io.ForwardingOs.open(ForwardingOs.java:567)
06-06 15:59:31.730 3973 4044 W System.err: at libcore.io.BlockGuardOs.open(BlockGuardOs.java:273)
06-06 15:59:31.730 3973 4044 W System.err: at libcore.io.ForwardingOs.open(ForwardingOs.java:567)
06-06 15:59:31.730 3973 4044 W System.err: at android.app.ActivityThread$AndroidOs.open(ActivityThread.java:7740)
06-06 15:59:31.730 3973 4044 W System.err: at libcore.io.IoBridge.open(IoBridge.java:561)
06-06 15:59:31.730 3973 4044 W System.err: ... 21 more
06-06 15:59:31.732 283 334 W ServiceManager: Permission failure: android.permission.ACCESS_SURFACE_FLINGER from uid=10036 pid=3973
06-06 15:59:31.732 283 334 D PermissionCache: checking android.permission.ACCESS_SURFACE_FLINGER for uid=10036 => denied (683 us)
06-06 15:59:31.732 283 334 W ServiceManager: Permission failure: android.permission.ROTATE_SURFACE_FLINGER from uid=10036 pid=3973
06-06 15:59:31.732 283 334 D PermissionCache: checking android.permission.ROTATE_SURFACE_FLINGER for uid=10036 => denied (326 us)
06-06 15:59:31.732 478 523 D CompatibilityChangeReporter: Compat change id reported: 158002302; UID 10036; state: ENABLED
06-06 15:59:31.750 187 187 I hwservicemanager: getTransport: Cannot find entry android.hardware.configstore@1.0::ISurfaceFlingerConfigs/default in either framework or device VINTF manifest.
06-06 15:59:31.757 3973 4091 D screen_saver2: useTime 1749196771709 1
06-06 15:59:31.782 283 335 E HWComposer: getSupportedContentTypes: getSupportedContentTypes failed for display 0: Unsupported (8)
06-06 15:59:31.803 3973 4033 W SQLiteLog: (28) double-quoted string literal: "1749196771705"
06-06 15:59:31.803 3973 4033 W SQLiteLog: (28) double-quoted string literal: "0"
06-06 15:59:31.803 3973 4033 W SQLiteLog: (28) double-quoted string literal: ""
06-06 15:59:31.804 3973 4033 W SQLiteLog: (28) double-quoted string literal: ""
06-06 15:59:31.804 3973 4033 W SQLiteLog: (28) double-quoted string literal: ""
06-06 15:59:31.814 187 187 I hwservicemanager: getTransport: Cannot find entry android.hardware.graphics.mapper@4.0::IMapper/default in either framework or device VINTF manifest.
06-06 15:59:31.824 3973 4106 I Gralloc4: mapper 4.x is not supported
06-06 15:59:31.827 187 187 I hwservicemanager: getTransport: Cannot find entry android.hardware.graphics.mapper@3.0::IMapper/default in either framework or device VINTF manifest.
06-06 15:59:31.829 3973 4106 W Gralloc3: mapper 3.x is not supported
06-06 15:59:31.836 3973 4044 D getEthernetMacAddr: getEthernetMacAddr use eth1
06-06 15:59:31.843 2985 2985 I ModuleDataForwa: type=1400 audit(0.0:1171): avc: denied { search } for name="com.dangbei.screencast" dev="mmcblk0p25" ino=889 scontext=u:r:platform_app:s0:c512,c768 tcontext=u:object_r:app_data_file:s0:c512,c768 tclass=dir permissive=1 app=com.dangbei.screencast
06-06 15:59:31.854 3973 4106 E gralloc : Arm Module v1.0
06-06 15:59:31.864 187 187 I hwservicemanager: getTransport: Cannot find entry android.hardware.graphics.allocator@4.0::IAllocator/default in either framework or device VINTF manifest.
06-06 15:59:31.865 3973 4106 W Gralloc4: allocator 4.x is not supported
06-06 15:59:31.865 187 187 I hwservicemanager: getTransport: Cannot find entry android.hardware.graphics.allocator@3.0::IAllocator/default in either framework or device VINTF manifest.
06-06 15:59:31.866 3973 4106 W Gralloc3: allocator 3.x is not supported
06-06 15:59:31.867 2985 2985 I ModuleDataForwa: type=1400 audit(0.0:1172): avc: denied { read } for name="td_database2SaaS" dev="mmcblk0p25" ino=2072 scontext=u:r:platform_app:s0:c512,c768 tcontext=u:object_r:app_data_file:s0:c512,c768 tclass=dir permissive=1 app=com.dangbei.screencast
06-06 15:59:31.871 262 3384 I gralloc : alloc buffer:W:1920 H:1080 S:1920 PL[1920 1080] SZ:8294400 fmt:1 if:0 af:1 usg:20000b00 fg:00000004
06-06 15:59:31.867 2985 2985 I ModuleDataForwa: type=1400 audit(0.0:1173): avc: denied { open } for path="/data/user/0/com.dangbei.screencast/files/__database_reborn_January_one__/td_database2SaaS" dev="mmcblk0p25" ino=2072 scontext=u:r:platform_app:s0:c512,c768 tcontext=u:object_r:app_data_file:s0:c512,c768 tclass=dir permissive=1 app=com.dangbei.screencast
06-06 15:59:31.872 3973 4106 E ion : ioctl c0044901 failed with code -1: Inappropriate ioctl for device
06-06 15:59:31.881 262 3384 I gralloc : alloc buffer:W:1920 H:1080 S:1920 PL[1920 1080] SZ:8294400 fmt:1 if:0 af:1 usg:20000b00 fg:00000004
06-06 15:59:31.883 262 3384 I gralloc : alloc buffer:W:1920 H:1080 S:1920 PL[1920 1080] SZ:8294400 fmt:1 if:0 af:1 usg:20000b00 fg:00000004
06-06 15:59:31.900 3973 4044 W System.err: java.lang.NullPointerException: Attempt to invoke virtual method 'byte[] java.net.NetworkInterface.getHardwareAddress()' on a null object reference
06-06 15:59:31.901 3973 4044 W System.err: at h7.n1.p(UtilCommon.java:33)
06-06 15:59:31.901 3973 4044 W System.err: at h7.n1.t(UtilCommon.java:11)
06-06 15:59:31.901 3973 4044 W System.err: at h7.n1.m(UtilCommon.java:90)
06-06 15:59:31.901 3973 4044 W System.err: at h7.a1.a0(HttpBasicParamsInterceptor.java:5)
06-06 15:59:31.901 3973 4044 W System.err: at h7.a1.b(Unknown Source:0)
06-06 15:59:31.901 3973 4044 W System.err: at h7.m0.call(Unknown Source:2)
06-06 15:59:31.901 3973 4044 W System.err: at i7.d.a(Helper.java:1)
06-06 15:59:31.901 3973 4044 W System.err: at h7.a1.C(HttpBasicParamsInterceptor.java:66)
06-06 15:59:31.901 3973 4044 W System.err: at h7.a1.d0(HttpBasicParamsInterceptor.java:1)
06-06 15:59:31.901 3973 4044 W System.err: at h7.a1.c(Unknown Source:0)
06-06 15:59:31.901 3973 4044 W System.err: at h7.z.accept(Unknown Source:2)
06-06 15:59:31.901 3973 4044 W System.err: at wa.t$a.f(SingleDoOnSuccess.java:5)
06-06 15:59:31.901 3973 4044 W System.err: at wa.n0$a.run(SingleObserveOn.java:15)
06-06 15:59:31.901 3973 4044 W System.err: at da.j0$a.run(Scheduler.java:10)
06-06 15:59:31.901 3973 4044 W System.err: at ya.n.run(ScheduledRunnable.java:14)
06-06 15:59:31.901 3973 4044 W System.err: at ya.n.call(ScheduledRunnable.java:1)
06-06 15:59:31.901 3973 4044 W System.err: at java.util.concurrent.FutureTask.run(FutureTask.java:266)
06-06 15:59:31.901 3973 4044 W System.err: at java.util.concurrent.ScheduledThreadPoolExecutor$ScheduledFutureTask.run(ScheduledThreadPoolExecutor.java:301)
06-06 15:59:31.901 3973 4044 W System.err: at java.util.concurrent.ThreadPoolExecutor.runWorker(ThreadPoolExecutor.java:1167)
06-06 15:59:31.901 3973 4044 W System.err: at java.util.concurrent.ThreadPoolExecutor$Worker.run(ThreadPoolExecutor.java:641)
06-06 15:59:31.901 3973 4044 W System.err: at java.lang.Thread.run(Thread.java:920)
06-06 15:59:31.902 268 268 I AW_PowerHAL: Power setMode: LAUNCH to: 0
06-06 15:59:31.911 268 268 I AW_PowerHAL: cur-mode:SCHEDUTIL
06-06 15:59:31.938 478 557 V DisplayPowerController[0]: Brightness [0.39763778] reason changing to: 'manual', previous reason: 'manual [ dim ]'.
06-06 15:59:31.948 478 519 I ActivityTaskManager: +++Displayed com.dangbei.lerad.screensaver/android.service.dreams.DreamActivity: +597ms
06-06 15:59:31.954 267 267 I android.hardware.lights-service: Lights setting state for id=0 to color ff171717
06-06 15:59:31.971 267 267 I android.hardware.lights-service: Lights setting state for id=0 to color ff1a1a1a
06-06 15:59:31.976 3973 4033 W SQLiteLog: (28) double-quoted string literal: "C565E5A129E0E3663FC24A4972645E2D"
06-06 15:59:31.976 3973 4033 W SQLiteLog: (28) double-quoted string literal: ""
06-06 15:59:31.977 3973 4033 W SQLiteLog: (28) double-quoted string literal: "C565E5A129E0E3663FC24A4972645E2D"
06-06 15:59:31.977 3973 4033 W SQLiteLog: (28) double-quoted string literal: "-1"
06-06 15:59:31.987 267 267 I android.hardware.lights-service: Lights setting state for id=0 to color ff1d1d1d
06-06 15:59:31.992 2034 2034 I DefaultIMS: onStartInput attribute=android.view.inputmethod.EditorInfo@455e9f8 restarting=false inputType: 0
06-06 15:59:32.004 267 267 I android.hardware.lights-service: Lights setting state for id=0 to color ff202020
06-06 15:59:32.012 478 521 W IorapForwardingService: No service published for: iorapd
06-06 15:59:32.028 267 267 I android.hardware.lights-service: Lights setting state for id=0 to color ff232323
06-06 15:59:32.039 267 267 I android.hardware.lights-service: Lights setting state for id=0 to color ff262626
06-06 15:59:32.057 3973 4033 D UMLog : 当前发送策略为:启动时发送。详见链接 https://developer.umeng.com/docs/66632/detail/66976?um_channel=sdk
06-06 15:59:32.058 267 267 I android.hardware.lights-service: Lights setting state for id=0 to color ff282828
06-06 15:59:32.061 3973 4033 D MobclickAgent: 创建新会话: C565E5A129E0E3663FC24A4972645E2D
06-06 15:59:32.067 1046 1169 E MediaProvider: Permission to access file: /storage/emulated/0/.db/secret is denied
06-06 15:59:32.067 3973 4044 W System.err: java.io.FileNotFoundException: /storage/emulated/0/.db/secret: open failed: EACCES (Permission denied)
06-06 15:59:32.068 3973 4044 W System.err: at libcore.io.IoBridge.open(IoBridge.java:575)
06-06 15:59:32.068 3973 4044 W System.err: at java.io.FileOutputStream.(FileOutputStream.java:236)
06-06 15:59:32.068 3973 4044 W System.err: at java.io.FileOutputStream.(FileOutputStream.java:157)
06-06 15:59:32.068 3973 4044 W System.err: at h7.n1.S(UtilCommon.java:61)
06-06 15:59:32.068 3973 4044 W System.err: at h7.n1.m(UtilCommon.java:181)
06-06 15:59:32.068 3973 4044 W System.err: at h7.a1.a0(HttpBasicParamsInterceptor.java:5)
06-06 15:59:32.068 3973 4044 W System.err: at h7.a1.b(Unknown Source:0)
06-06 15:59:32.068 3973 4044 W System.err: at h7.m0.call(Unknown Source:2)
06-06 15:59:32.068 3973 4044 W System.err: at i7.d.a(Helper.java:1)
06-06 15:59:32.068 3973 4044 W System.err: at h7.a1.C(HttpBasicParamsInterceptor.java:66)
06-06 15:59:32.068 3973 4044 W System.err: at h7.a1.d0(HttpBasicParamsInterceptor.java:1)
06-06 15:59:32.068 3973 4044 W System.err: at h7.a1.c(Unknown Source:0)
06-06 15:59:32.068 3973 4044 W System.err: at h7.z.accept(Unknown Source:2)
06-06 15:59:32.068 3973 4044 W System.err: at wa.t$a.f(SingleDoOnSuccess.java:5)
06-06 15:59:32.068 3973 4044 W System.err: at wa.n0$a.run(SingleObserveOn.java:15)
06-06 15:59:32.068 3973 4044 W System.err: at da.j0$a.run(Scheduler.java:10)
06-06 15:59:32.068 3973 4044 W System.err: at ya.n.run(ScheduledRunnable.java:14)
06-06 15:59:32.068 3973 4044 W System.err: at ya.n.call(ScheduledRunnable.java:1)
06-06 15:59:32.068 3973 4044 W System.err: at java.util.concurrent.FutureTask.run(FutureTask.java:266)
06-06 15:59:32.068 3973 4044 W System.err: at java.util.concurrent.ScheduledThreadPoolExecutor$ScheduledFutureTask.run(ScheduledThreadPoolExecutor.java:301)
06-06 15:59:32.069 3973 4044 W System.err: at java.util.concurrent.ThreadPoolExecutor.runWorker(ThreadPoolExecutor.java:1167)
06-06 15:59:32.069 3973 4044 W System.err: at java.util.concurrent.ThreadPoolExecutor$Worker.run(ThreadPoolExecutor.java:641)
06-06 15:59:32.069 3973 4044 W System.err: at java.lang.Thread.run(Thread.java:920)
06-06 15:59:32.070 3973 4044 W System.err: Caused by: android.system.ErrnoException: open failed: EACCES (Permission denied)
06-06 15:59:32.070 3973 4044 W System.err: at libcore.io.Linux.open(Native Method)
06-06 15:59:32.070 3973 4044 W System.err: at libcore.io.ForwardingOs.open(ForwardingOs.java:567)
06-06 15:59:32.070 3973 4044 W System.err: at libcore.io.BlockGuardOs.open(BlockGuardOs.java:273)
06-06 15:59:32.070 3973 4044 W System.err: at libcore.io.ForwardingOs.open(ForwardingOs.java:567)
06-06 15:59:32.070 3973 4044 W System.err: at android.app.ActivityThread$AndroidOs.open(ActivityThread.java:7740)
06-06 15:59:32.070 3973 4044 W System.err: at libcore.io.IoBridge.open(IoBridge.java:561)
06-06 15:59:32.070 3973 4044 W System.err: ... 22 more
06-06 15:59:32.074 267 267 I android.hardware.lights-service: Lights setting state for id=0 to color ff2b2b2b
06-06 15:59:32.087 267 267 I android.hardware.lights-service: Lights setting state for id=0 to color ff2e2e2e
06-06 15:59:32.104 267 267 I android.hardware.lights-service: Lights setting state for id=0 to color ff313131
06-06 15:59:32.112 1046 1154 E MediaProvider: Permission to access file: /storage/emulated/0/.db/secret2 is denied
06-06 15:59:32.114 3973 4044 W System.err: java.io.FileNotFoundException: /storage/emulated/0/.db/secret2: open failed: EACCES (Permission denied)
06-06 15:59:32.115 3973 4044 W System.err: at libcore.io.IoBridge.open(IoBridge.java:575)
06-06 15:59:32.119 3973 4044 W System.err: at java.io.FileInputStream.(FileInputStream.java:160)
06-06 15:59:32.120 3973 4044 W System.err: at h7.n1.D(UtilCommon.java:16)
06-06 15:59:32.121 3973 4044 W System.err: at h7.n1.n(UtilCommon.java:72)
06-06 15:59:32.121 3973 4044 W System.err: at h7.a1.b0(HttpBasicParamsInterceptor.java:5)
