06-06 15:53:30.065 478 2757 D CompatibilityChangeReporter: Compat change id reported: 135634846; UID 10022; state: DISABLED
06-06 15:53:30.067 478 533 D CompatibilityChangeReporter: Compat change id reported: 143937733; UID 10022; state: DISABLED
06-06 15:53:30.067 2985 2985 D NearFieldManager: bind nearfield service true
06-06 15:53:30.069 2985 2985 D NearFieldManager: registerCallback true
06-06 15:53:30.069 2985 2985 D HiSight-Discovery: set deviceInfo type:46
06-06 15:53:30.069 2985 2985 D HiSight-Discovery: startAdvertise 1
06-06 15:53:30.085 249 249 D Zygote : Forked child process 3158
06-06 15:53:30.087 478 533 I ActivityManager: app.processName = com.huawei.connection
06-06 15:53:30.087 478 533 I ActivityManager: Start proc 3158:com.huawei.connection/u0a22 for service {com.dangbei.screencast/com.huawei.connection.service.NearFieldManagerService}
06-06 15:53:30.097 3158 3158 I Zygote : seccomp disabled by setenforce 0
06-06 15:53:30.099 1878 1878 I rainbow_flow: type=1400 audit(0.0:1097): avc: denied { ioctl } for path="/dev/spidev1.0" dev="tmpfs" ino=208 ioctlcmd=0x6b00 scontext=u:r:init:s0 tcontext=u:object_r:device:s0 tclass=chr_file permissive=1
06-06 15:53:30.116 397 417 I adbd : jdwp connection from 3158
06-06 15:53:30.136 3158 3158 D CompatibilityChangeReporter: Compat change id reported: 171979766; UID 10022; state: DISABLED
06-06 15:53:30.140 478 521 W IorapForwardingService: No service published for: iorapd
06-06 15:53:30.143 3158 3158 D ApplicationLoaders: Returning zygote-cached class loader: /system/framework/android.test.base.jar
06-06 15:53:30.143 3158 3158 D ApplicationLoaders: Returning zygote-cached class loader: /system/framework/android.hidl.manager-V1.0-java.jar
06-06 15:53:30.143 3158 3158 D ApplicationLoaders: Returning zygote-cached class loader: /system/framework/android.hidl.base-V1.0-java.jar
06-06 15:53:30.166 3158 3158 V GraphicsEnvironment: ANGLE Developer option for 'com.dangbei.screencast' set to: 'default'
06-06 15:53:30.167 3158 3158 V GraphicsEnvironment: Neither updatable production driver nor prerelease driver is supported.
06-06 15:53:30.168 3158 3158 D NetworkSecurityConfig: Using Network Security Config from resource network_security_config debugBuild: false
06-06 15:53:30.170 3158 3158 D NetworkSecurityConfig: Using Network Security Config from resource network_security_config debugBuild: false
06-06 15:53:30.172 3158 3158 I MultiDex: VM with version 2.1.0 has multidex support
06-06 15:53:30.172 3158 3158 I MultiDex: Installing application
06-06 15:53:30.172 3158 3158 I MultiDex: VM has multidex support, MultiDex support library is disabled.
06-06 15:53:30.227 2985 2985 D HiSight-SinkService: setDiscoverable true
06-06 15:53:30.228 2985 2985 D HiSight-Discovery: set deviceInfo type:46
06-06 15:53:30.228 2985 2985 D HiSight-Discovery: startAdvertise 1
06-06 15:53:30.229 1062 1411 D wenhc : getScreenInfo uri = content://com.dangbei.screencast.parts.info/screen_cast
06-06 15:53:30.231 3158 3158 I awei.connection: type=1400 audit(0.0:1098): avc: denied { read } for name="address" dev="sysfs" ino=26267 scontext=u:r:platform_app:s0:c512,c768 tcontext=u:object_r:sysfs:s0 tclass=file permissive=1 app=com.dangbei.screencast
06-06 15:53:30.231 3158 3158 I awei.connection: type=1400 audit(0.0:1099): avc: denied { open } for path="/sys/devices/platform/unisoc_wifi/net/wlan1/address" dev="sysfs" ino=26267 scontext=u:r:platform_app:s0:c512,c768 tcontext=u:object_r:sysfs:s0 tclass=file permissive=1 app=com.dangbei.screencast
06-06 15:53:30.231 3158 3158 I awei.connection: type=1400 audit(0.0:1100): avc: denied { getattr } for path="/sys/devices/platform/unisoc_wifi/net/wlan1/address" dev="sysfs" ino=26267 scontext=u:r:platform_app:s0:c512,c768 tcontext=u:object_r:sysfs:s0 tclass=file permissive=1 app=com.dangbei.screencast
06-06 15:53:30.259 2985 2985 D HiSight-SinkService: setDiscoverable true
06-06 15:53:30.259 1062 1411 D wenhc : getScreenInfo uri = content://com.dangbei.screencast.parts.info/screen_cast
06-06 15:53:30.259 2985 2985 D HiSight-Discovery: set deviceInfo type:46
06-06 15:53:30.259 2985 2985 D HiSight-Discovery: startAdvertise 1
06-06 15:53:30.260 2985 2985 E HuaweiCastService: onStartCommand in 0
06-06 15:53:30.264 3158 3179 I crashsdk: version unique build id: 6230cced
01-01 08:01:44.207 3179 3179 W audit : audit_lost=581 audit_rate_limit=5 audit_backlog_limit=64
06-06 15:53:30.263 3158 3158 I Thread-3: type=1400 audit(0.0:1101): avc: denied { read } for name="version" dev="proc" ino=4026532049 scontext=u:r:platform_app:s0:c512,c768 tcontext=u:object_r:proc_version:s0 tclass=file permissive=1 app=com.dangbei.screencast
01-01 08:01:44.207 3179 3179 E audit : rate limit exceeded
06-06 15:53:30.263 3158 3158 I Thread-3: type=1400 audit(0.0:1102): avc: denied { open } for path="/proc/version" dev="proc" ino=4026532049 scontext=u:r:platform_app:s0:c512,c768 tcontext=u:object_r:proc_version:s0 tclass=file permissive=1 app=com.dangbei.screencast
06-06 15:53:30.273 3158 3198 D crashsdk: Native log stat thread 3198 setup, waiting
06-06 15:53:30.275 3158 3179 I crashsdk: begin hack android.os.Process
06-06 15:53:30.275 3158 3179 I crashsdk: end hack android.os.Process
06-06 15:53:30.278 3158 3158 I TDLog : setReportUncaughtExceptions: true
06-06 15:53:30.280 3158 3158 E Application: onCreate:Version:v2.8.3/20830/883432e
06-06 15:53:30.303 3158 3179 I Matrix.AnrTracer: anrTrace, final mAnrBeatTime:400, mAnrBeatRate:400
06-06 15:53:30.307 3158 3179 E LaunchManager: Non main process !
06-06 15:53:30.308 478 1388 W ServiceManager: Permission failure: android.permission.HIGH_SAMPLING_RATE_SENSORS from uid=10022 pid=3158
06-06 15:53:30.308 3158 3179 W System.err: java.lang.NullPointerException: Attempt to invoke virtual method 'boolean com.efs.sdk.launch.LaunchConfigManager.enableTracer()' on a null object reference
06-06 15:53:30.308 3158 3179 W System.err: at com.umeng.umcrash.UMCrash.init(Unknown Source:403)
06-06 15:53:30.308 3158 3179 W System.err: at java.lang.reflect.Method.invoke(Native Method)
06-06 15:53:30.308 3158 3179 W System.err: at com.umeng.commonsdk.UMConfigure.init(Unknown Source:811)
06-06 15:53:30.308 3158 3179 W System.err: at b.f.f.b.a(:4)
06-06 15:53:30.308 3158 3179 W System.err: at h.o.a.run(Unknown Source:2)
06-06 15:53:30.310 3158 3180 I TDLog : TalkingData SDK init...
06-06 15:53:30.310 3158 3180 I TDLog : SDK_VERSION is: Android+TD+V5.0.7 gp Type:Native Build_Num:2141
06-06 15:53:30.310 3158 3180 I TDLog : App ID is: B9D7815EC975466AB1332111FCE62DF5
06-06 15:53:30.310 3158 3180 I TDLog : App Channel is: os
06-06 15:53:30.310 3158 3180 I TDLog : App Custom is:
06-06 15:53:30.310 3158 3180 I TDLog : SDK_OVC is: TDOVC+a3bb7754719798526508b6caad480dd7+SaaS
06-06 15:53:30.315 3158 3158 D NearFieldManagerService: NearFieldManagerService.
06-06 15:53:30.317 3158 3206 W efs.send_log: tryFileLock start!
06-06 15:53:30.318 3158 3158 D NearFieldManagerService: onCreate, enter.
06-06 15:53:30.322 3158 3158 I NearFieldManagerService: onBind, enter.
06-06 15:53:30.322 3158 3158 D NearFieldManagerService: initService
06-06 15:53:30.323 3158 3158 D NearFieldManagerService: NearField starting...
06-06 15:53:30.332 3158 3158 D NearFieldUtils: checkSystemProperty in
06-06 15:53:30.332 3158 3158 D NearFieldUtils: checkSystemProperty: systemProperties:
06-06 15:53:30.333 3158 3158 E NearFieldUtils: validProperty: priority is null
06-06 15:53:30.336 3158 3206 I efs.config: --->>> 删除旧的配置文件 false
01-01 08:01:44.274 774 774 E sprdwl : sprdwl_rx_rsp_process ctx_id 0 recv rsp[WIFI_CMD_TX_DATA] status[SPRDWL_CMD_STATUS_ERROR]
06-06 15:53:30.364 2985 2985 D NearFieldManager: service connected.
06-06 15:53:30.365 2985 2985 D HiSight-Discovery: eventId: 4001
06-06 15:53:30.365 2985 3157 D HiSight-Discovery: msg 4001
06-06 15:53:30.366 2985 3157 D HiSight-Discovery: bind success, status Ready
06-06 15:53:30.366 2985 3157 D HiSight-Discovery: startAdvertise 2
06-06 15:53:30.366 2985 3157 D HiSight-Discovery: stopAdvertise.
06-06 15:53:30.366 2985 3157 D HiSight-Discovery: nearFieldStartListen deviceType 46
06-06 15:53:30.368 3158 3173 I NearFieldManagerImpl: setDeviceInfo, sDeviceId changes
06-06 15:53:30.369 3158 3173 I NearFieldManagerImpl: setDeviceInfo, sDeviceName changes
06-06 15:53:30.369 3158 3173 D NearFieldManagerImpl: setServiceData, sServiceData=[], serviceData=[32]
06-06 15:53:30.369 2985 3157 E NearFieldManager: setIdnNetworkPriority: networkPortPriority is empty
06-06 15:53:30.370 2985 3157 D NearFieldManager: StartListen moduleId: CastPlusDiscoveryModule
06-06 15:53:30.370 3158 3221 I efs.base: lt=event`ev_ct=efs_core`ev_ac=pvuv`tm=2025-06-06 15:53:32`dn=798f4b1a-32e1-4c19-aa8a-1925ec2e952c`ps=com.huawei.connection`um_os=android`stime=1749196410005`pid=3158`fr=android`pkg=com.dangbei.screencast`vcode=20830`dsp_w=1920`uid=798f4b1a-32e1-4c19-aa8a-1925ec2e952c`rom=12`wid=798f4b1a-32e1-4c19-aa8a-1925ec2e952c`um_app_carrier=`um_access=wifi`um_app_channel=os`um_crash_sdk_version=1.4.0`ctime=1749196410`model=dbbox-a2`lang=zh`net=wifi`brand=dangbei`dsp_h=1080`um_network_type=0`ver=v2.8.3`build_model=DBBOX-A2`w_tm=1749196410`appid=5fc60c21094d637f3130af19`um_umid_header=aifbce3a738f99956e68fc7ef05f44e401`sdk=31`tzone=Asia/Shanghai`sdk_ver=1.3.6.umeng
06-06 15:53:30.371 3158 3173 D NearFieldManagerImpl: startListen: moduleId: CastPlusDiscoveryModule
06-06 15:53:30.372 3158 3173 D NearFieldUtils: getPreferredIpAddress exec
06-06 15:53:30.372 3158 3173 D NearFieldUtils: getPreferredIpAddress by custom priority
06-06 15:53:30.372 3158 3173 D NearFieldUtils: getIpByInterfaceSetting customIdnNetworkPriority:[]
06-06 15:53:30.372 3158 3173 D NearFieldUtils: getPreferredIpAddress by default priority
06-06 15:53:30.373 3158 3206 I efs.config: current config version (-1) is older than another (1735614866)
06-06 15:53:30.373 3158 3206 I efs.config: load config from storage and notify observer
01-01 08:01:44.305 774 774 E sprdwl : sprdwl_rx_rsp_process ctx_id 0 recv rsp[WIFI_CMD_TX_DATA] status[SPRDWL_CMD_STATUS_ERROR]
06-06 15:53:30.395 3158 3158 I crashsdk: Catcher mask: 5000, 20480
06-06 15:53:30.397 3158 3158 I crashsdk: Catcher thread 3163
06-06 15:53:30.397 3158 3158 D crashsdk: Register ANR handler ...
06-06 15:53:30.397 3158 3158 D NearFieldManagerImpl: onReceive action get:android.net.conn.CONNECTIVITY_CHANGE
06-06 15:53:30.398 3158 3221 W efs.info.manager: network change: wifi
06-06 15:53:30.400 3158 3158 D NearFieldUtils: getPreferredIpAddress exec
06-06 15:53:30.400 3158 3158 D NearFieldUtils: getPreferredIpAddress by custom priority
06-06 15:53:30.400 3158 3158 D NearFieldUtils: getIpByInterfaceSetting customIdnNetworkPriority:[]
06-06 15:53:30.400 3158 3158 D NearFieldUtils: getPreferredIpAddress by default priority
01-01 08:01:44.334 774 774 E sprdwl : sprdwl_rx_rsp_process ctx_id 0 recv rsp[WIFI_CMD_TX_DATA] status[SPRDWL_CMD_STATUS_ERROR]
06-06 15:53:30.419 3158 3158 D NearFieldUtils: to get wlan0 ip address
06-06 15:53:30.419 3158 3158 D NearFieldUtils: get wlan0 IP succeed.
06-06 15:53:30.419 3158 3158 E NearFieldManagerImpl: notifyByPriority: interfaceNameInUse is null
06-06 15:53:30.419 3158 3158 D NearFieldManagerImpl: handleConnectivityAction: notified by default
06-06 15:53:30.421 3158 3173 D NearFieldUtils: to get wlan0 ip address
06-06 15:53:30.421 3158 3173 D NearFieldUtils: get wlan0 IP succeed.
06-06 15:53:30.421 3158 3173 D NearFieldManagerImpl: sDeviceType: 46
06-06 15:53:30.422 3158 3173 D NearFieldManagerImpl: registerDevice() is called.
06-06 15:53:30.422 3158 3173 E NearFieldManagerUtilsNative: Begin System.loadLibrary()
01-01 08:01:44.355 774 774 E sprdwl : sprdwl_rx_rsp_process ctx_id 0 recv rsp[WIFI_CMD_TX_DATA] status[SPRDWL_CMD_STATUS_ERROR]
06-06 15:53:30.432 3158 3173 I HicomNfTimerManager: epoll fd:122 create success
06-06 15:53:30.432 3158 3173 I HicomNfTimerManager: epoll add fd:127--->122 success
06-06 15:53:30.432 3158 3173 I HicomNfTimerManager: time fd:127 add to epoll success
06-06 15:53:30.432 3158 3158 D NearFieldUtils: to get wlan0 ip address
06-06 15:53:30.432 3158 3158 D NearFieldUtils: get wlan0 IP succeed.
06-06 15:53:30.432 3158 3158 I NearFieldManagerImpl: wlan Connected
06-06 15:53:30.441 3158 3158 I HicomNf_java_to_c: notifyNetworkStateChanged with maskStr, networkType: 0, networkState: 0, mask:
06-06 15:53:30.441 3158 3173 D nStackXDFinder: NSTACKX_Init:[146] :nstack ctrl creat epollfd 130
06-06 15:53:30.442 3158 3158 I HicomNfMainCtrlManager: NotifyNetworkStateChanged is called with networkState: 0
06-06 15:53:30.442 3158 3158 I HicomNfMainCtrlManager: P2P and USB are both disconnected
06-06 15:53:30.442 3158 3158 I HicomNfSecureManager: stop listening
06-06 15:53:30.442 3158 3158 I HicomNfSecureManager: StopListening, m_sessionInfoLock out, before calling NSTACKX_DMsgClose 2
06-06 15:53:30.442 3158 3158 I HicomNfSecureManager: StopListening, after calling NSTACKX_DMsgClose 2
06-06 15:53:30.442 3158 3173 I nStackXDFinder: InitDefaultInterfaceName:[779] :InitDefaultInterfaceName exec
06-06 15:53:30.442 3158 3173 D nStackXCoAP: CoapServerInit:[174] :CoapServerInit is called
06-06 15:53:30.442 3158 3173 E nStackXDFinder: GetLocalIp:[401] :GetLocalIp exec
06-06 15:53:30.442 3158 3173 E nStackXDFinder: GetLocalIp:[407] :GetLocalIp, ifInfo is null
06-06 15:53:30.442 3158 3173 I HicomNfMainCtrlManager: NSTACKX_RegisterDevice is called
06-06 15:53:30.442 3158 3232 I nStackXDFinder: UpdateLocalNetworkInterface:[472] :UpdateLocalNetworkInterface exec,initerfaceName:wlan0
06-06 15:53:30.443 3158 3173 D NearFieldManagerImpl: Register device success.
06-06 15:53:30.443 3158 3232 E nStackXDFinder: GetLocalIp:[401] :GetLocalIp exec
06-06 15:53:30.443 3158 3173 I NearFieldManagerImpl: serviceName is castPlus
06-06 15:53:30.443 3158 3232 E nStackXDFinder: GetLocalIp:[407] :GetLocalIp, ifInfo is null
06-06 15:53:30.443 3158 3232 I nStackXDFinder: UpdateLocalNetworkInterface:[498] :UpdateLocalNetworkInterface copy ip value in default process
06-06 15:53:30.443 3158 3232 E nStackXDFinder: GetLocalIp:[401] :GetLocalIp exec
06-06 15:53:30.443 3158 3232 D nStackXCoAP: CoapServerInit:[174] :CoapServerInit is called
06-06 15:53:30.443 3158 3232 E nStackXDFinder: GetLocalIp:[401] :GetLocalIp exec
06-06 15:53:30.443 3158 3173 D NearFieldManagerImpl: registerCapability() called with: capabilityBitmapNum = 1, capabilityBitmap = [8]
06-06 15:53:30.444 3158 3232 I nStackXUtil: BindToDevice:[352] :BindToDevice exec
06-06 15:53:30.444 3158 3173 I HicomNf_java_to_c: registerCapability, capabilityBitmapNum: 1
06-06 15:53:30.444 3158 3232 I nStackXUtil: GetInterfaceByPriority:[279] :GetInterfaceByPriority exec
06-06 15:53:30.444 3158 3173 I HicomNfMainCtrlManager: RegisterCapability: 1, 8
06-06 15:53:30.444 3158 3232 I nStackXUtil: GetInterfaceByDefault:[309] :GetInterfaceByDefault exec
06-06 15:53:30.444 3158 3232 I nStackXUtil: GetInterfaceByDefault:[316] :GetInterfaceByDefault, ndevice name: lo
06-06 15:53:30.444 3158 3232 I nStackXUtil: GetInterfaceByDefault:[316] :GetInterfaceByDefault, ndevice name: wlan0
06-06 15:53:30.444 3158 3173 D NearFieldManagerImpl: Register capability succeed with capabilityBitmapNum = 1, capabilityBitmap = [8]
06-06 15:53:30.444 3158 3232 I nStackXUtil: BindToDevice:[374] :BindToDevice, Bind localAddr name: wlan0
06-06 15:53:30.444 3158 3232 E nStackXUtil: BindToDeviceInner:[188] :setsockopt fail, errno = 1
06-06 15:53:30.444 3158 3173 D NearFieldManagerImpl: registerServiceData() called with: serviceData = 32
06-06 15:53:30.444 3158 3232 E nStackXCoAP: CoapGetContext:[250] :bind to device fail
06-06 15:53:30.444 3158 3232 D nStackXCoAP: CoapInitResources:[744] :CoapInitResources g_wlanOrEthContext update
06-06 15:53:30.445 3158 3232 I nStackXDFinder: RegisterServiceData:[728] :RegisterServiceData, serviceData=[32]
06-06 15:53:30.445 3158 3173 D NearFieldManagerImpl: registerModule() called with: packageModuleName = com.huawei.connection+CastPlusDiscoveryModule
06-06 15:53:30.445 3158 3173 I HicomNf_java_to_c: registerModule, moduleName: com.huawei.connection+CastPlusDiscoveryModule
06-06 15:53:30.445 3158 3173 I HicomNfMainCtrlManager: Enter RegisterModule
06-06 15:53:30.445 3158 3173 I HicomNfRegManager: RegisterModule OK, add module name com.huawei.connection+CastPlusDiscoveryModule
06-06 15:53:30.447 2985 3157 I Hisight-DeviceListManager: init DeviceListManager.
06-06 15:53:30.452 3158 3158 I HicomNf_java_to_c: notifyNetworkStateChanged with maskStr, networkType: 0, networkState: 1, mask: 255.255.255.0
06-06 15:53:30.452 3158 3158 I HicomNfMainCtrlManager: NotifyNetworkStateChanged is called with networkState: 1
06-06 15:53:30.452 3158 3158 I HicomNfSecureManager: StartListening, before calling NSTACKX_DMsgServer
06-06 15:53:30.452 3158 3158 I nStackXDMsg: NSTACKX_DMsgServer:[1335] :msgReceiver is not NULL
06-06 15:53:30.453 3158 3158 D nStackXDMsg: StartDMsgMainThread:[1274] :pthread_create
06-06 15:53:30.453 3158 3158 I HicomNfSecureManager: StartListening, after calling NSTACKX_DMsgServer
06-06 15:53:30.453 3158 3158 I HicomNfSecureManager: OnehopSecureCtrlManager: succeeded to StartListening with type 0
06-06 15:53:30.455 2985 3157 D Hisight-DeviceListManager: get old secret key
06-06 15:53:30.461 2985 3157 E Hisight-ConnectAuthCallBack: readSecureFile failed, no such file
06-06 15:53:30.462 2985 3157 W Hisight-DeviceListManager: deviceRecords is empty
06-06 15:53:30.462 2985 3157 W Hisight-DeviceListManager: occur error, clear all the list
06-06 15:53:30.462 2985 3157 D Hisight-HiChainAuthControl: start HiChainAuthControl
06-06 15:53:30.466 2985 3157 I ConnectAuthJNI: JNI_OnLoad begin load
06-06 15:53:30.466 2985 3157 I ConnectAuthJNI: RegisterNativeMethod begin
06-06 15:53:30.466 2985 3157 I ConnectAuthJNI: RegisterNativeMethod end
06-06 15:53:30.466 2985 3157 I ConnectAuthJNI: RegisterNativeMethod 1004 methodLen=10
06-06 15:53:30.466 2985 3157 I ConnectAuthJNI: RegisterNativeMethod 1007 RegisterNatives=0
06-06 15:53:30.466 2985 3157 I ConnectAuthJNI: InitArraylist 1013
06-06 15:53:30.467 2985 3157 I ConnectAuthJNI: InitConnectAuthStaticJNIMethod 1114 methodRet=0
06-06 15:53:30.467 2985 3157 E ConnectAuthJNI: JNI_OnLoad finish....1138
06-06 15:53:30.467 2985 3157 D Hisight-HiChainAuthControl: setupAuthIfNeeded, HiChainInstance hasn't been initialized
06-06 15:53:30.467 2985 3157 I ConnectAuthJNI: Java_com_huawei_hisight_security_ConnectAuthNative_nativeSetup 795 call HiChainNativeSetup
06-06 15:53:30.467 2985 3157 I ConnectAuthJNI: HiChainNativeSetup 565 registe_log
06-06 15:53:30.467 2985 3157 I ConnectAuthJNI: HksStorageRegisterFileCallbacks 245 register hks file callback status =0
06-06 15:53:30.467 2985 3157 I ConnectAuthJNI: HksRegisterGetDeviceIdCallback 268 register hks get hardware udid callback status =0
06-06 15:53:30.467 2985 3157 D ConnectAuthJNI: [HiChain] get_instance Begin get instance
06-06 15:53:30.467 2985 3157 I ConnectAuthJNI: [HKS] hks_service_key_info_init hks init : begin
06-06 15:53:30.467 2985 3157 I ConnectAuthJNI: FileRead 113 FileRead
06-06 15:53:30.467 2985 3157 I ConnectAuthJNI: FileRead 122 FileRead call readSecureFile begin
06-06 15:53:30.468 2985 3157 E Hisight-ConnectAuthCallBack: readSecureFile failed, no such file
06-06 15:53:30.468 2985 3157 W ConnectAuthJNI: FileRead 132 FileRead call readSecureFile byteArray is null
06-06 15:53:30.468 2985 3157 I ConnectAuthJNI: [HKS] hks_rkc_init RKC init:begin, is_key_info_exist=0
06-06 15:53:30.468 2985 3157 I ConnectAuthJNI: [HKS] hks_rkc_init_entropy the entropy is empty
06-06 15:53:30.468 2985 3157 I ConnectAuthJNI: FileSize 214 FileSize
06-06 15:53:30.468 2985 3157 I ConnectAuthJNI: FileSize 230 fileSize=258
06-06 15:53:30.468 2985 3157 I ConnectAuthJNI: FileRead 113 FileRead
06-06 15:53:30.468 2985 3157 I ConnectAuthJNI: FileRead 122 FileRead call readSecureFile begin
06-06 15:53:30.469 2985 3157 I ConnectAuthJNI: FileRead 135 FileRead call readSecureFile end
06-06 15:53:30.469 2985 3157 I ConnectAuthJNI: FileRead 150 fileBuff size 258, buf len 258
06-06 15:53:30.469 2985 3157 I ConnectAuthJNI: FileSize 214 FileSize
06-06 15:53:30.469 2985 3157 I ConnectAuthJNI: FileSize 230 fileSize=258
06-06 15:53:30.469 2985 3157 I ConnectAuthJNI: FileRead 113 FileRead
06-06 15:53:30.469 2985 3157 I ConnectAuthJNI: FileRead 122 FileRead call readSecureFile begin
06-06 15:53:30.469 2985 3157 I ConnectAuthJNI: FileRead 135 FileRead call readSecureFile end
06-06 15:53:30.469 2985 3157 I ConnectAuthJNI: FileRead 150 fileBuff size 258, buf len 258
06-06 15:53:30.469 2985 3157 I ConnectAuthJNI: [HKS] hks_rkc_load_ksf load ksf success
06-06 15:53:30.469 2985 3157 I ConnectAuthJNI: [HKS] hks_rkc_init root key component init success
06-06 15:53:30.469 2985 3157 I ConnectAuthJNI: [HKS] hks_rkc_init RKC init:end,rc=0
06-06 15:53:30.469 2985 3157 I ConnectAuthJNI: [HKS] hks_service_key_info_init hks init : end
06-06 15:53:30.469 2985 3157 I ConnectAuthJNI: GetHiChainProtocolParamsCallback 371 GetHiChainProtocolParamsCallback operation_code= 99
06-06 15:53:30.469 2985 3157 I ConnectAuthJNI: paramLen is ,=0
06-06 15:53:30.469 2985 3157 I ConnectAuthJNI: paramLen is ,=0
06-06 15:53:30.469 2985 3157 I ConnectAuthJNI: GetHiChainProtocolParamsCallback 402 GetHiChainProtocolParamsCallback end
06-06 15:53:30.469 2985 3157 I ConnectAuthJNI: [HiChain] get_instance Get instance success
06-06 15:53:30.469 2985 3157 I ConnectAuthJNI: Java_com_huawei_hisight_security_ConnectAuthNative_nativeGetHiChainInstance 598 get instance success
06-06 15:53:30.470 2985 3157 D Hisight-HiChainAuthControl: destroyAuth
06-06 15:53:30.470 2985 3157 I ConnectAuthJNI: Java_com_huawei_hisight_security_ConnectAuthNative_nativeDestroy 603 destroy
06-06 15:53:30.470 2985 3157 D Hisight-HiChainAuthControl: setupAuthIfNeeded, HiChainInstance hasn't been initialized
06-06 15:53:30.470 2985 3157 I ConnectAuthJNI: Java_com_huawei_hisight_security_ConnectAuthNative_nativeSetup 795 call HiChainNativeSetup
06-06 15:53:30.470 2985 3157 I ConnectAuthJNI: HiChainNativeSetup 565 registe_log
06-06 15:53:30.470 2985 3157 I ConnectAuthJNI: HksStorageRegisterFileCallbacks 245 register hks file callback status =0
06-06 15:53:30.470 2985 3157 I ConnectAuthJNI: HksRegisterGetDeviceIdCallback 268 register hks get hardware udid callback status =0
06-06 15:53:30.470 2985 3157 D ConnectAuthJNI: [HiChain] get_instance Begin get instance
06-06 15:53:30.470 2985 3157 I ConnectAuthJNI: [HKS] hks_service_key_info_init hks init : begin
06-06 15:53:30.470 2985 3157 I ConnectAuthJNI: [HKS] hks_service_key_info_init hks init : end
06-06 15:53:30.470 2985 3157 I ConnectAuthJNI: GetHiChainProtocolParamsCallback 371 GetHiChainProtocolParamsCallback operation_code= 99
06-06 15:53:30.470 2985 3157 I ConnectAuthJNI: paramLen is ,=0
06-06 15:53:30.470 2985 3157 I ConnectAuthJNI: paramLen is ,=0
06-06 15:53:30.470 2985 3157 I ConnectAuthJNI: GetHiChainProtocolParamsCallback 402 GetHiChainProtocolParamsCallback end
06-06 15:53:30.470 2985 3157 I ConnectAuthJNI: [HiChain] get_instance Get instance success
06-06 15:53:30.470 2985 3157 I ConnectAuthJNI: Java_com_huawei_hisight_security_ConnectAuthNative_nativeGetHiChainInstance 598 get instance success
06-06 15:53:30.470 2985 3157 W ConnectAuthJNI: GetListTrustPeers 899 trustPeerSize=0
06-06 15:53:30.470 2985 3157 D Hisight-HiChainAuthControl: destroyAuth
06-06 15:53:30.470 2985 3157 I ConnectAuthJNI: Java_com_huawei_hisight_security_ConnectAuthNative_nativeDestroy 603 destroy
06-06 15:53:30.470 2985 3157 D Hisight-HiChainAuthControl: setupAuthIfNeeded, HiChainInstance hasn't been initialized
06-06 15:53:30.470 2985 3157 I ConnectAuthJNI: Java_com_huawei_hisight_security_ConnectAuthNative_nativeSetup 795 call HiChainNativeSetup
06-06 15:53:30.470 2985 3157 I ConnectAuthJNI: HiChainNativeSetup 565 registe_log
06-06 15:53:30.470 2985 3157 I ConnectAuthJNI: HksStorageRegisterFileCallbacks 245 register hks file callback status =0
06-06 15:53:30.470 2985 3157 I ConnectAuthJNI: HksRegisterGetDeviceIdCallback 268 register hks get hardware udid callback status =0
06-06 15:53:30.470 2985 3157 D ConnectAuthJNI: [HiChain] get_instance Begin get instance
06-06 15:53:30.470 2985 3157 I ConnectAuthJNI: [HKS] hks_service_key_info_init hks init : begin
06-06 15:53:30.470 2985 3157 I ConnectAuthJNI: [HKS] hks_service_key_info_init hks init : end
06-06 15:53:30.470 2985 3157 I ConnectAuthJNI: GetHiChainProtocolParamsCallback 371 GetHiChainProtocolParamsCallback operation_code= 99
06-06 15:53:30.470 2985 3157 I ConnectAuthJNI: paramLen is ,=0
06-06 15:53:30.470 2985 3157 I ConnectAuthJNI: paramLen is ,=0
06-06 15:53:30.470 2985 3157 I ConnectAuthJNI: GetHiChainProtocolParamsCallback 402 GetHiChainProtocolParamsCallback end
06-06 15:53:30.470 2985 3157 I ConnectAuthJNI: [HiChain] get_instance Get instance success
06-06 15:53:30.470 2985 3157 I ConnectAuthJNI: Java_com_huawei_hisight_security_ConnectAuthNative_nativeGetHiChainInstance 598 get instance success
06-06 15:53:30.470 2985 3157 W ConnectAuthJNI: GetListTrustPeers 899 trustPeerSize=0
06-06 15:53:30.471 2985 3157 D Hisight-DeviceListManager: init trusted list size: 0
06-06 15:53:30.471 2985 3157 D HiSight-ConnectionManager: setAuthInfo, authMode: 1
06-06 15:53:30.781 478 1388 W TelephonyPermissions: reportAccessDeniedToReadIdentifiers:com.dangbei.screencast:getSerial:-1
06-06 15:53:30.805 3158 3236 V NFC : this device does not have NFC support
06-06 15:53:31.023 2985 3056 E raop : JavaCallback init
06-06 15:53:31.049 269 282 D hdmi-cec: receive invalid cec message!
06-06 15:53:31.049 269 282 D hdmi-cec: receive poll message [04], skip!
06-06 15:53:31.141 478 521 W IorapForwardingService: No service published for: iorapd
01-01 08:01:45.165 388 388 W hdr10p_Configure: 64 callbacks suppressed
01-01 08:01:45.165 388 388 I : DVI mode selected: packets not configured
01-01 08:01:45.165 388 388 W set_vsif_config: 64 callbacks suppressed
01-01 08:01:45.165 388 388 I : Error: set vsif failed
01-01 08:01:45.182 388 388 I : DVI mode selected: packets not configured
01-01 08:01:45.182 388 388 I : Error: set vsif failed
01-01 08:01:45.198 388 388 I : DVI mode selected: packets not configured
01-01 08:01:45.198 388 388 I : Error: set vsif failed
01-01 08:01:45.214 388 388 I : DVI mode selected: packets not configured
01-01 08:01:45.214 388 388 I : Error: set vsif failed
01-01 08:01:45.230 388 388 I : DVI mode selected: packets not configured
01-01 08:01:45.230 388 388 I : Error: set vsif failed
01-01 08:01:45.252 388 388 I : DVI mode selected: packets not configured
01-01 08:01:45.252 388 388 I : Error: set vsif failed
01-01 08:01:45.268 388 388 I : DVI mode selected: packets not configured
01-01 08:01:45.268 388 388 I : Error: set vsif failed
01-01 08:01:45.280 774 774 E sprdwl : sprdwl_rx_rsp_process ctx_id 0 recv rsp[WIFI_CMD_TX_DATA] status[SPRDWL_CMD_STATUS_ERROR]
01-01 08:01:45.283 388 388 I : DVI mode selected: packets not configured
01-01 08:01:45.292 388 388 I : Error: set vsif failed
01-01 08:01:45.297 388 388 I : DVI mode selected: packets not configured
01-01 08:01:45.297 388 388 I : Error: set vsif failed
01-01 08:01:45.313 774 774 E sprdwl : sprdwl_rx_rsp_process ctx_id 0 recv rsp[WIFI_CMD_TX_DATA] status[SPRDWL_CMD_STATUS_ERROR]
01-01 08:01:45.314 388 388 I : DVI mode selected: packets not configured
01-01 08:01:45.324 388 388 I : Error: set vsif failed
01-01 08:01:45.343 774 774 E sprdwl : sprdwl_rx_rsp_process ctx_id 0 recv rsp[WIFI_CMD_TX_DATA] status[SPRDWL_CMD_STATUS_ERROR]
01-01 08:01:45.363 774 774 E sprdwl : sprdwl_rx_rsp_process ctx_id 0 recv rsp[WIFI_CMD_TX_DATA] status[SPRDWL_CMD_STATUS_ERROR]
01-01 08:01:45.380 774 774 E sprdwl : sprdwl_rx_rsp_process ctx_id 0 recv rsp[WIFI_CMD_TX_DATA] status[SPRDWL_CMD_STATUS_ERROR]
06-06 15:53:31.465 756 766 I rkstack.proces: Background concurrent copying GC freed 784183(23MB) AllocSpace objects, 8(480KB) LOS objects, 49% free, 3173KB/6347KB, paused 89us total 121.674ms
01-01 08:01:45.397 774 774 E sprdwl : sprdwl_rx_rsp_process ctx_id 0 recv rsp[WIFI_CMD_TX_DATA] status[SPRDWL_CMD_STATUS_ERROR]
06-06 15:53:31.827 2868 2868 E GuardService: killMyselfRunnable:
06-06 15:53:31.827 2868 2868 I crashsdk: android_os_Process_sendSignal. PID: 2868 SIG: 9
06-06 15:53:31.827 2868 2868 I crashsdk: onKillProcess. SIG: 9
06-06 15:53:31.830 2868 2868 I crashsdk: Kill PID: 2868 (com.dangbei.screencast:bg_guard) by pid: 2868 (com.dangbei.screencast:bg_guard) tid: 2868 (main)
06-06 15:53:31.830 2868 2868 I crashsdk: SIG: 9, fg: false, exiting: false, main process: false, time: 20250606155331
06-06 15:53:31.830 2868 2868 I crashsdk: State in disk: 'b'
06-06 15:53:31.830 2868 2868 I crashsdk: at android.os.Process.sendSignal(Native Method)
06-06 15:53:31.830 2868 2868 I crashsdk: at android.os.Process.killProcess(Process.java:1153)
06-06 15:53:31.830 2868 2868 I crashsdk: at com.dangbei.screencast.startup.GuardService$a.run(:2)
06-06 15:53:31.830 2868 2868 I crashsdk: at android.os.Handler.handleCallback(Handler.java:938)
06-06 15:53:31.830 2868 2868 I crashsdk: at android.os.Handler.dispatchMessage(Handler.java:99)
06-06 15:53:31.830 2868 2868 I crashsdk: at android.os.Looper.loopOnce(Looper.java:201)
06-06 15:53:31.830 2868 2868 I crashsdk: at android.os.Looper.loop(Looper.java:288)
06-06 15:53:31.830 2868 2868 I crashsdk: at android.app.ActivityThread.main(ActivityThread.java:7854)
06-06 15:53:31.830 2868 2868 I crashsdk: at java.lang.reflect.Method.invoke(Native Method)
06-06 15:53:31.830 2868 2868 I crashsdk: at com.android.internal.os.RuntimeInit$MethodAndArgsCaller.run(RuntimeInit.java:548)
06-06 15:53:31.830 2868 2868 I crashsdk: at com.android.internal.os.ZygoteInit.main(ZygoteInit.java:1182)
06-06 15:53:31.831 2868 2868 I Process : Sending signal. PID: 2868 SIG: 9
01-01 08:01:45.780 1 1 I init : Untracked pid 2948 exited with status 0
06-06 15:53:31.882 2985 3042 W efs.send_log: tryFileLock sendlock sucess! processname: com.dangbei.screencast
06-06 15:53:31.883 478 2757 I ActivityManager: Process com.dangbei.screencast:bg_guard (pid 2868) has died: prcp FGS
06-06 15:53:31.883 478 534 I libprocessgroup: Successfully killed process cgroup uid 10022 pid 2868 in 0ms
06-06 15:53:31.885 249 249 I Zygote : Process 2868 exited due to signal 9 (Killed)
06-06 15:53:32.078 656 656 E WifiHAL : wifi_get_link_stats: requestResponse Error:-5
06-06 15:53:32.080 478 610 E WifiVendorHal: getWifiLinkLayerStats_1_5_Internal(l.1191) failed {.code = ERROR_INVALID_ARGS, .description = }
06-06 15:53:32.142 478 521 W IorapForwardingService: No service published for: iorapd
06-06 15:53:32.233 3158 3167 I awei.connectio: Background young concurrent copying GC freed 79570(6058KB) AllocSpace objects, 25(500KB) LOS objects, 85% free, 4088KB/27MB, paused 303us total 126.822ms
01-01 08:01:46.304 774 774 E sprdwl : sprdwl_rx_rsp_process ctx_id 0 recv rsp[WIFI_CMD_TX_DATA] status[SPRDWL_CMD_STATUS_ERROR]
01-01 08:01:46.337 774 774 E sprdwl : sprdwl_rx_rsp_process ctx_id 0 recv rsp[WIFI_CMD_TX_DATA] status[SPRDWL_CMD_STATUS_ERROR]
06-06 15:53:32.936 666 882 I bt_btif_dm: system/bt/btif/src/btif_dm.cc:548 btif_update_remote_properties: cod from storage is also unclassified
06-06 15:53:33.143 478 521 W IorapForwardingService: No service published for: iorapd
06-06 15:53:33.296 2985 3270 I PlatformDependent: Your platform does not provide complete low-level API for accessing direct buffers reliably. Unless explicitly requested, heap buffer will always be preferred to avoid potential system instability.
06-06 15:53:33.334 2985 3056 W VideoCapabilities: Unrecognized profile/level 0/3 for video/mpeg2
06-06 15:53:33.346 478 620 D NsdService: Register service
06-06 15:53:33.346 478 620 D NsdService: registerService: 7 name: 当贝投屏D8, type: _airplay._tcp, host: null, port: 35413, txtRecord: srcvers=220.68features=0x527FFFF7,0x1E'pi=2e388006-13ba-4041-9a67-25dd4a43d536Cpk=b07727d6f6cd6e08b58ede525ec3cdeaa252ad9f683feb212ef8a205246554e7vv=2 flags=0x4model=AppleTV2,1deviceid=b4:2f:03:15:e9:b5
06-06 15:53:33.347 478 620 D NsdService: mdnssd [register, 7, 当贝投屏D8, _airplay._tcp, 35413, DnNyY3ZlcnM9MjIwLjY4GGZlYXR1cmVzPTB4NTI3RkZGRjcsMHgxRSdwaT0yZTM4ODAwNi0xM2JhLTQwNDEtOWE2Ny0yNWRkNGE0M2Q1MzZDcGs9YjA3NzI3ZDZmNmNkNmUwOGI1OGVkZTUyNWVjM2NkZWFhMjUyYWQ5ZjY4M2ZlYjIxMmVmOGEyMDUyNDY1NTRlNwR2dj0yCWZsYWdzPTB4NBBtb2RlbD1BcHBsZVRWMiwxGmRldmljZWlkPWI0OjJmOjAzOjE1OmU5OmI1]
06-06 15:53:33.348 478 620 D NsdService: Register 2 7
06-06 15:53:33.357 478 620 D NsdService: Register service
06-06 15:53:33.357 478 620 D NsdService: registerService: 8 name: b42f0315e9b5@当贝投屏D8, type: _raop._tcp, host: null, port: 42421, txtRecord: txtvers=1 am=AppleTV2,1ch=2
06-06 15:53:33.357 478 620 D NsdService: cn=0,1,2,3da=trueet=0,3,5ft=0x527FFFF7,0x1Emd=0,1,2Cpk=b07727d6f6cd6e08b58ede525ec3cdeaa252ad9f683feb212ef8a205246554e7pw=falsesf=0x4sr=44100ss=16sv=falsetp=UDPvn=65537 vs=220.68vv=2 rhd=5.6.0.0
06-06 15:53:33.358 478 620 D NsdService: mdnssd [register, 8, b42f0315e9b5@当贝投屏D8, _raop._tcp, 42421, CXR4dHZlcnM9MQ1hbT1BcHBsZVRWMiwxBGNoPTIKY249MCwxLDIsMwdkYT10cnVlCGV0PTAsMyw1EmZ0PTB4NTI3RkZGRjcsMHgxRQhtZD0wLDEsMkNwaz1iMDc3MjdkNmY2Y2Q2ZTA4YjU4ZWRlNTI1ZWMzY2RlYWEyNTJhZDlmNjgzZmViMjEyZWY4YTIwNTI0NjU1NGU3CHB3PWZhbHNlBnNmPTB4NAhzcj00NDEwMAVzcz0xNghzdj1mYWxzZQZ0cD1VRFAIdm49NjU1MzcJdnM9MjIwLjY4BHZ2PTILcmhkPTUuNi4wLjA=]
06-06 15:53:33.359 478 620 D NsdService: Register 3 8
06-06 15:53:33.811 478 620 D NsdService: Register service
06-06 15:53:33.812 478 620 D NsdService: registerService: 9 name: 当贝投屏D8, type: _db_cast_screen._tcp, host: null, port: 35551, txtRecord: au=1cV=20830mV=100h265=0maxR=4096-3152model=DBBOX-A2deviceid=20:02:FE:19:C1:F9
06-06 15:53:33.812 478 620 D NsdService: mdnssd [register, 9, 当贝投屏D8, _db_cast_screen._tcp, 35551, BGF1PTEIY1Y9MjA4MzAGbVY9MTAwBmgyNjU9MA5tYXhSPTQwOTYtMzE1Mg5tb2RlbD1EQkJPWC1BMhpkZXZpY2VpZD0yMDowMjpGRToxOTpDMTpGOQ==]
06-06 15:53:33.813 478 620 D NsdService: Register 4 9
06-06 15:53:34.012 478 620 D NsdService: Native daemon message SERVICE_REGISTERED: 606 8 "b42f0315e9b5@当贝投屏D8"
06-06 15:53:34.013 478 620 D NsdService: Native daemon message SERVICE_REGISTERED: 606 7 "当贝投屏D8"
06-06 15:53:34.146 478 521 W IorapForwardingService: No service published for: iorapd
06-06 15:53:34.282 2985 3072 E accept : myIp:10.192.35.42
06-06 15:53:34.286 2985 3072 E accept : connect error
06-06 15:53:34.295 2985 3072 I UpnpServiceImpl: >>> Starting UPnP service...
06-06 15:53:34.296 2985 3072 I UpnpServiceImpl: Using configuration: org.fourthline.cling.android.AndroidUpnpServiceConfiguration
06-06 15:53:34.300 2985 3072 I Router : Creating Router: org.fourthline.cling.android.AndroidRouter
06-06 15:53:34.303 2985 3072 W Router : enable lock:org.fourthline.cling.android.AndroidRouter@189965a_java.util.concurrent.locks.ReentrantReadWriteLock$WriteLock@700a08b[Unlocked]
06-06 15:53:34.325 2985 3072 W tworkAddressFactoryImpl: Network interface may not be multicast capable: dummy0
06-06 15:53:34.331 2985 3072 I MulticastReceiver: Creating wildcard socket (for receiving multicast datagrams) on port: 1900
06-06 15:53:34.332 2985 3072 I MulticastReceiver: Joining multicast group: /239.255.255.250:1900 on network interface: wlan0
06-06 15:53:34.354 2985 3072 E accept : Adding connector try: 10.192.35.42/10.192.35.42:43375
06-06 15:53:34.355 3279 3279 I Thread-2: type=1400 audit(0.0:1104): avc: denied { execute } for name="am" dev="dm-1" ino=1160 scontext=u:r:system_app:s0 tcontext=u:object_r:vendor_file:s0 tclass=file permissive=1
06-06 15:53:34.355 3279 3279 I Thread-2: type=1400 audit(0.0:1105): avc: denied { read open } for path="/vendor/xbin/am" dev="dm-1" ino=1160 scontext=u:r:system_app:s0 tcontext=u:object_r:vendor_file:s0 tclass=file permissive=1
06-06 15:53:34.355 3279 3279 I Thread-2: type=1400 audit(0.0:1106): avc: denied { execute_no_trans } for path="/vendor/xbin/am" dev="dm-1" ino=1160 scontext=u:r:system_app:s0 tcontext=u:object_r:vendor_file:s0 tclass=file permissive=1
06-06 15:53:34.359 2985 3072 E accept : Adding connector result: 10.192.35.42/10.192.35.42:43375
06-06 15:53:34.426 1128 1128 D aaa : LedStatusService onStartCommand begin
06-06 15:53:34.428 1128 3286 D aaa : topPkg is -------------- :com.dangbei.leard.leradlauncher
06-06 15:53:34.438 1128 3286 D aaa : WiFi is connect
06-06 15:53:34.447 1177 1177 D bbb : onStartCommand begin !!!!!!! data分区剩余 24983MB
06-06 15:53:34.459 2985 2985 I queued-work-loo: type=1400 audit(0.0:1107): avc: denied { search } for name="com.dangbei.screencast" dev="mmcblk0p25" ino=889 scontext=u:r:platform_app:s0:c512,c768 tcontext=u:object_r:app_data_file:s0:c512,c768 tclass=dir permissive=1 app=com.dangbei.screencast
06-06 15:53:34.472 2985 3072 I JettyServletContainer: Registering UPnP servlet under context path: /upnp
06-06 15:53:34.477 2985 3072 I DatagramIO: Creating bound socket (for datagram input/output) on: 10.192.35.42/10.192.35.42
06-06 15:53:34.479 2985 3289 E JettyServletContainer: gogogo
06-06 15:53:34.479 2985 3289 I JettyServletContainer: Starting Jetty server...
06-06 15:53:34.480 2985 3289 W System.err: 2025-06-06 15:53:34.480:INFO:lcaf.p:jetty-8.y.z-SNAPSHOT
06-06 15:53:34.483 2985 3072 I Router : WiFi multicast lock acquired
06-06 15:53:34.484 478 1388 I WifiService: acquireMulticastLock uid=10022
06-06 15:53:34.487 2985 3072 I Router : WiFi lock acquired
06-06 15:53:34.489 478 1388 I WifiService: acquireWifiLock uid=10022 lockMode=3
06-06 15:53:34.493 2985 3072 W Router : enable unlock:org.fourthline.cling.android.AndroidRouter@189965a
06-06 15:53:34.495 2985 3072 I UpnpServiceImpl: <<< UPnP service started successfully
06-06 15:53:34.511 478 620 D NsdService: Native daemon message SERVICE_REGISTERED: 606 9 "当贝投屏D8"
06-06 15:53:34.551 2985 3289 W System.err: 2025-06-06 15:53:34.551:INFO:lcaf.a:Started @10.192.35.42:43375
06-06 15:53:34.605 2985 3072 E g : channel :os
01-01 08:01:48.878 3035 3035 W audit : audit_lost=582 audit_rate_limit=5 audit_backlog_limit=64
06-06 15:53:34.935 2985 2985 I efs-base: type=1400 audit(0.0:1108): avc: denied { getattr } for path="/data/user/0/com.dangbei.screencast/app_UApm/5fc60c21094d637f3130af19/ready" dev="mmcblk0p25" ino=1965 scontext=u:r:platform_app:s0:c512,c768 tcontext=u:object_r:app_data_file:s0:c512,c768 tclass=dir permissive=1 app=com.dangbei.screencast
01-01 08:01:48.878 3035 3035 E audit : rate limit exceeded
06-06 15:53:34.954 2985 3057 I efs.base: lt=event`ev_ct=efs_core`ev_ac=log_lag`tm=2025-06-06 15:53:95`dn=798f4b1a-32e1-4c19-aa8a-1925ec2e952c`ps=com.dangbei.screencast`um_os=android`stime=1749196404567`pid=2985`fr=android`pkg=com.dangbei.screencast`vcode=20830`dsp_w=1920`uid=798f4b1a-32e1-4c19-aa8a-1925ec2e952c`rom=12`wid=798f4b1a-32e1-4c19-aa8a-1925ec2e952c`um_app_carrier=`um_access=wifi`um_app_channel=os`um_crash_sdk_version=1.4.0`ctime=1749196414`model=dbbox-a2`lang=zh`net=wifi`brand=dangbei`dsp_h=1080`um_network_type=0`ver=v2.8.3`cnt=2`build_model=DBBOX-A2`w_tm=1749196414`appid=5fc60c21094d637f3130af19`um_umid_header=aifbce3a738f99956e68fc7ef05f44e401`sdk=31`tzone=Asia/Shanghai`sdk_ver=1.3.6.umeng
06-06 15:53:35.070 2985 3047 I efs.base: wa upload succ, HttpResponse {succ=true, code=200, data='暂不支持该服务', extra={req_url=https://errlog.umeng.com/api/crashsdk/logcollect}}
06-06 15:53:35.078 2985 3057 I efs.base: wa upload succ, HttpResponse {succ=true, code=200, data='暂不支持该服务', extra={req_url=https://errlog.umeng.com/api/crashsdk/logcollect}}
06-06 15:53:35.092 656 656 E WifiHAL : wifi_get_link_stats: requestResponse Error:-5
06-06 15:53:35.093 478 610 E WifiVendorHal: getWifiLinkLayerStats_1_5_Internal(l.1191) failed {.code = ERROR_INVALID_ARGS, .description = }
06-06 15:53:35.148 478 521 W IorapForwardingService: No service published for: iorapd
06-06 15:53:36.151 478 521 W IorapForwardingService: No service published for: iorapd
06-06 15:53:37.153 478 521 W IorapForwardingService: No service published for: iorapd
06-06 15:53:37.183 478 1000 W ZramWriteback: Writeback device is not set
06-06 15:53:37.183 478 1000 D ZramWriteback: wait to flush
01-01 08:01:51.182 388 388 W hdr10p_Configure: 65 callbacks suppressed
01-01 08:01:51.182 388 388 I : DVI mode selected: packets not configured
01-01 08:01:51.182 388 388 W set_vsif_config: 65 callbacks suppressed
01-01 08:01:51.182 388 388 I : Error: set vsif failed
01-01 08:01:51.199 388 388 I : DVI mode selected: packets not configured
01-01 08:01:51.199 388 388 I : Error: set vsif failed
01-01 08:01:51.214 388 388 I : DVI mode selected: packets not configured
01-01 08:01:51.214 388 388 I : Error: set vsif failed
01-01 08:01:51.231 388 388 I : DVI mode selected: packets not configured
01-01 08:01:51.231 388 388 I : Error: set vsif failed
01-01 08:01:51.248 388 388 I : DVI mode selected: packets not configured
01-01 08:01:51.248 388 388 I : Error: set vsif failed
01-01 08:01:51.264 388 388 I : DVI mode selected: packets not configured
01-01 08:01:51.264 388 388 I : Error: set vsif failed
01-01 08:01:51.281 388 388 I : DVI mode selected: packets not configured
01-01 08:01:51.281 388 388 I : Error: set vsif failed
01-01 08:01:51.297 388 388 I : DVI mode selected: packets not configured
01-01 08:01:51.297 388 388 I : Error: set vsif failed
01-01 08:01:51.314 388 388 I : DVI mode selected: packets not configured
01-01 08:01:51.314 388 388 I : Error: set vsif failed
01-01 08:01:51.331 388 388 I : DVI mode selected: packets not configured
01-01 08:01:51.331 388 388 I : Error: set vsif failed
06-06 15:53:38.077 2985 3310 W ServiceDescriptorBinder: UPnP specification violation: Not producing element to be compatible with WMP12: (ActionArgument, OUT) Actions
06-06 15:53:38.081 2985 3297 W ServiceDescriptorBinder: UPnP specification violation: Not producing element to be compatible with WMP12: (ActionArgument, OUT) Actions
06-06 15:53:38.088 2985 3309 W ServiceDescriptorBinder: UPnP specification violation: Not producing element to be compatible with WMP12: (ActionArgument, OUT) Actions
06-06 15:53:38.105 656 656 E WifiHAL : wifi_get_link_stats: requestResponse Error:-5
06-06 15:53:38.107 478 610 E WifiVendorHal: getWifiLinkLayerStats_1_5_Internal(l.1191) failed {.code = ERROR_INVALID_ARGS, .description = }
06-06 15:53:38.156 478 521 W IorapForwardingService: No service published for: iorapd
06-06 15:53:38.270 2985 3310 W ServiceDescriptorBinder: UPnP specification violation: Not producing element to be compatible with WMP12: (ActionArgument, OUT) Actions
06-06 15:53:38.270 2985 3309 W ServiceDescriptorBinder: UPnP specification violation: Not producing element to be compatible with WMP12: (ActionArgument, OUT) Actions
06-06 15:53:38.285 2985 3297 W ServiceDescriptorBinder: UPnP specification violation: Not producing element to be compatible with WMP12: (ActionArgument, OUT) CurrentVolume
06-06 15:53:38.286 2985 3297 W ServiceDescriptorBinder: UPnP specification violation: Not producing element to be compatible with WMP12: (ActionArgument, OUT) CurrentMute
06-06 15:53:38.287 2985 3314 W ServiceDescriptorBinder: UPnP specification violation: Not producing element to be compatible with WMP12: (ActionArgument, OUT) CurrentVolume
06-06 15:53:38.288 2985 3314 W ServiceDescriptorBinder: UPnP specification violation: Not producing element to be compatible with WMP12: (ActionArgument, OUT) CurrentMute
06-06 15:53:38.289 2985 3314 W ServiceDescriptorBinder: UPnP specification violation: Not producing element to be compatible with WMP12: (ActionArgument, OUT) CurrentPresetNameList
06-06 15:53:38.289 2985 3314 W ServiceDescriptorBinder: UPnP specification violation: Not producing element to be compatible with WMP12: (ActionArgument, OUT) CurrentLoudness
06-06 15:53:38.290 2985 3314 W ServiceDescriptorBinder: UPnP specification violation: Not producing element to be compatible with WMP12: (ActionArgument, OUT) CurrentVolume
06-06 15:53:38.290 2985 3297 W ServiceDescriptorBinder: UPnP specification violation: Not producing element to be compatible with WMP12: (ActionArgument, OUT) CurrentPresetNameList
06-06 15:53:38.291 2985 3297 W ServiceDescriptorBinder: UPnP specification violation: Not producing element to be compatible with WMP12: (ActionArgument, OUT) CurrentLoudness
06-06 15:53:38.292 2985 3297 W ServiceDescriptorBinder: UPnP specification violation: Not producing element to be compatible with WMP12: (ActionArgument, OUT) CurrentVolume
06-06 15:53:38.298 2985 3315 W ServiceDescriptorBinder: UPnP specification violation: Not producing element to be compatible with WMP12: (ActionArgument, OUT) CurrentVolume
06-06 15:53:38.299 2985 3315 W ServiceDescriptorBinder: UPnP specification violation: Not producing element to be compatible with WMP12: (ActionArgument, OUT) CurrentMute
06-06 15:53:38.299 2985 3315 W ServiceDescriptorBinder: UPnP specification violation: Not producing element to be compatible with WMP12: (ActionArgument, OUT) CurrentPresetNameList
06-06 15:53:38.299 2985 3315 W ServiceDescriptorBinder: UPnP specification violation: Not producing element to be compatible with WMP12: (ActionArgument, OUT) CurrentLoudness
06-06 15:53:38.300 2985 3315 W ServiceDescriptorBinder: UPnP specification violation: Not producing element to be compatible with WMP12: (ActionArgument, OUT) CurrentVolume
06-06 15:53:38.382 2985 3315 W ServiceDescriptorBinder: UPnP specification violation: Not producing element to be compatible with WMP12: (ActionArgument, OUT) ConnectionIDs
06-06 15:53:38.383 2985 3297 W ServiceDescriptorBinder: UPnP specification violation: Not producing element to be compatible with WMP12: (ActionArgument, OUT) ConnectionIDs
06-06 15:53:38.411 2985 3315 W ServiceDescriptorBinder: UPnP specification violation: Not producing element to be compatible with WMP12: (ActionArgument, OUT) ConnectionIDs
06-06 15:53:38.556 2985 3315 W ServiceDescriptorBinder: UPnP specification violation: Not producing element to be compatible with WMP12: (ActionArgument, OUT) CurrentVolume
06-06 15:53:38.556 2985 3315 W ServiceDescriptorBinder: UPnP specification violation: Not producing element to be compatible with WMP12: (ActionArgument, OUT) CurrentMute
06-06 15:53:38.556 2985 3315 W ServiceDescriptorBinder: UPnP specification violation: Not producing element to be compatible with WMP12: (ActionArgument, OUT) CurrentPresetNameList
06-06 15:53:38.557 2985 3315 W ServiceDescriptorBinder: UPnP specification violation: Not producing element to be compatible with WMP12: (ActionArgument, OUT) CurrentLoudness
06-06 15:53:38.557 2985 3315 W ServiceDescriptorBinder: UPnP specification violation: Not producing element to be compatible with WMP12: (ActionArgument, OUT) CurrentVolume
06-06 15:53:38.598 2985 2994 I gbei.screencas: Background concurrent copying GC freed 315187(20MB) AllocSpace objects, 75(2956KB) LOS objects, 49% free, 8179KB/15MB, paused 122us total 264.232ms
06-06 15:53:38.812 2985 3309 W ServiceDescriptorBinder: UPnP specification violation: Not producing element to be compatible with WMP12: (ActionArgument, OUT) ConnectionIDs
06-06 15:53:38.812 2985 3315 W ServiceDescriptorBinder: UPnP specification violation: Not producing element to be compatible with WMP12: (ActionArgument, OUT) CurrentVolume
06-06 15:53:38.813 2985 3315 W ServiceDescriptorBinder: UPnP specification violation: Not producing element to be compatible with WMP12: (ActionArgument, OUT) CurrentMute
06-06 15:53:38.813 2985 3315 W ServiceDescriptorBinder: UPnP specification violation: Not producing element to be compatible with WMP12: (ActionArgument, OUT) CurrentPresetNameList
06-06 15:53:38.814 2985 3315 W ServiceDescriptorBinder: UPnP specification violation: Not producing element to be compatible with WMP12: (ActionArgument, OUT) CurrentLoudness
06-06 15:53:38.814 2985 3315 W ServiceDescriptorBinder: UPnP specification violation: Not producing element to be compatible with WMP12: (ActionArgument, OUT) CurrentVolume
06-06 15:53:38.964 2985 3315 W ServiceDescriptorBinder: UPnP specification violation: Not producing element to be compatible with WMP12: (ActionArgument, OUT) ConnectionIDs
06-06 15:53:39.124 2157 2230 D UtilLog : 日志批量上报 进行正常循环 !!!!!!本次有0次请求,共0条数据
06-06 15:53:39.159 478 521 W IorapForwardingService: No service published for: iorapd
06-06 15:53:39.806 666 958 I bluetooth: system/bt/stack/gatt/connection_manager.cc:185 on_connection_complete: Le connection completed to device:e4:bb:d3:57:c0:49
06-06 15:53:39.806 666 958 I bt_btm_ble: system/bt/stack/btm/btm_ble.cc:1699 btm_ble_connected: Updating device record timestamp for existing ble connection
06-06 15:53:39.806 255 1125 E bt_upio : upio_set : /proc/bluetooth/sleep/btwrite(-1) incorrent
06-06 15:53:39.946 2985 3026 I crashsdk: crashsdk uploading logs
06-06 15:53:40.001 666 958 I bt_stack: [INFO:gatt_attr.cc(880)] gatt_sr_init_cl_status: bda=e4:bb:d3:57:c0:49, cl_supp_feat=0000, aware=1
06-06 15:53:40.001 666 958 I bluetooth: system/bt/stack/gap/gap_ble.cc:298 client_connect_cback: No active GAP service found for peer:xx:xx:xx:xx:c0:49 callback:Connected
06-06 15:53:40.001 666 958 I bt_bta_gattc: system/bt/bta/gatt/bta_gattc_act.cc:1110 bta_gattc_conn_cback: Connected att_id:3 transport:le reason:GATT_CONN_OK
06-06 15:53:40.001 666 958 I bt_bta_gattc: system/bt/bta/gatt/bta_gattc_act.cc:1110 bta_gattc_conn_cback: Connected att_id:4 transport:le reason:GATT_CONN_OK
06-06 15:53:40.001 666 958 I bt_bta_gattc: system/bt/bta/gatt/bta_gattc_act.cc:1110 bta_gattc_conn_cback: Connected att_id:5 transport:le reason:GATT_CONN_OK
06-06 15:53:40.001 666 958 I bluetooth: system/bt/stack/gatt/connection_manager.cc:185 on_connection_complete: Le connection completed to device:e4:bb:d3:57:c0:49
06-06 15:53:40.001 666 958 I bt_stack: [INFO:eatt_impl.h(634)] connect device e4:bb:d3:57:c0:49 rolecentral
06-06 15:53:40.002 666 958 E bt_stack: [ERROR:bta_gattc_act.cc(1310)] bta_gattc_process_indicate: indication/notif for unknown device, ignore
06-06 15:53:40.002 666 958 E bt_stack: [ERROR:bta_gattc_act.cc(1310)] bta_gattc_process_indicate: indication/notif for unknown device, ignore
