06-06 15:59:33.309 3973 3983 I rad.screensave: Background young concurrent copying GC freed 105692(6609KB) AllocSpace objects, 77(3736KB) LOS objects, 75% free, 7795KB/31MB, paused 4.139ms total 628.152ms
06-06 15:59:33.311 3973 4033 D MobclickAgent: 本次启动会话:{"sessions":[{"id":"C565E5A129E0E3663FC24A4972645E2D","start_time":"1749196771643"}]}
06-06 15:59:33.311 3973 4033 D MobclickAgent: 本次启动基础信息:{"sdk_version":"9.4.4","device_id":"61992b4b243bfa99","device_model":"DBBOX-A2","version":500001,"appkey":"6419107bba6a5259c42248e8","channel":"screensaver2"}
06-06 15:59:33.322 3973 4033 W SQLiteLog: (28) double-quoted string literal: "C565E5A129E0E3663FC24A4972645E2D"
06-06 15:59:33.345 3973 4033 W SQLiteLog: (28) double-quoted string literal: "C565E5A129E0E3663FC24A4972645E2D"
06-06 15:59:33.345 3973 4033 W SQLiteLog: (28) double-quoted string literal: ""
06-06 15:59:33.346 3973 4033 W SQLiteLog: (28) double-quoted string literal: "C565E5A129E0E3663FC24A4972645E2D"
06-06 15:59:33.346 3973 4033 W SQLiteLog: (28) double-quoted string literal: "-1"
06-06 15:59:33.347 3973 4033 D UMLog : 当前发送策略为:启动时发送。详见链接 https://developer.umeng.com/docs/66632/detail/66976?um_channel=sdk
06-06 15:59:33.348 3973 4033 D MobclickAgent: 数据发送策略 : ReportAtLaunch
06-06 15:59:33.348 3973 4033 D UMLog : 当前发送策略为:启动时发送。详见链接 https://developer.umeng.com/docs/66632/detail/66976?um_channel=sdk
06-06 15:59:33.425 372 4194 D omx_vdec_aw: : video pts(1.000)
06-06 15:59:33.477 3973 4034 I UMCrash : common callback. key is umid; value is ai2b617cea631dcde5dbfd69e647fcc0f9
06-06 15:59:33.478 3973 4034 I LaunchTrace: begin sendLaunchCache
06-06 15:59:33.732 3973 4034 D MobclickAgent: 本次启动数据: 发送成功!
01-01 08:07:47.816 388 388 W hdr10p_Configure: 135 callbacks suppressed
01-01 08:07:47.816 388 388 I : DVI mode selected: packets not configured
01-01 08:07:47.816 388 388 W set_vsif_config: 135 callbacks suppressed
01-01 08:07:47.816 388 388 I : Error: set vsif failed
01-01 08:07:47.848 388 388 I : DVI mode selected: packets not configured
01-01 08:07:47.848 388 388 I : Error: set vsif failed
01-01 08:07:47.881 388 388 I : DVI mode selected: packets not configured
01-01 08:07:47.881 388 388 I : Error: set vsif failed
01-01 08:07:47.916 388 388 I : DVI mode selected: packets not configured
01-01 08:07:47.916 388 388 I : Error: set vsif failed
06-06 15:59:33.990 656 656 E WifiHAL : wifi_get_link_stats: requestResponse Error:-5
06-06 15:59:33.994 478 610 E WifiVendorHal: getWifiLinkLayerStats_1_5_Internal(l.1191) failed {.code = ERROR_INVALID_ARGS, .description = }
06-06 15:59:34.018 478 521 W IorapForwardingService: No service published for: iorapd
01-01 08:07:47.964 388 388 I : DVI mode selected: packets not configured
01-01 08:07:47.964 388 388 I : Error: set vsif failed
01-01 08:07:47.981 388 388 I : DVI mode selected: packets not configured
01-01 08:07:47.981 388 388 I : Error: set vsif failed
01-01 08:07:48.032 388 388 I : DVI mode selected: packets not configured
01-01 08:07:48.032 388 388 I : Error: set vsif failed
01-01 08:07:48.047 388 388 I : DVI mode selected: packets not configured
01-01 08:07:48.047 388 388 I : Error: set vsif failed
01-01 08:07:48.081 388 388 I : DVI mode selected: packets not configured
01-01 08:07:48.081 388 388 I : Error: set vsif failed
01-01 08:07:48.116 388 388 I : DVI mode selected: packets not configured
01-01 08:07:48.116 388 388 I : Error: set vsif failed
06-06 15:59:34.435 372 4194 D omx_vdec_aw: : video pts(2.000)
06-06 15:59:35.021 478 521 W IorapForwardingService: No service published for: iorapd
06-06 15:59:35.429 372 4194 D omx_vdec_aw: : video pts(3.000)
06-06 15:59:36.024 478 521 W IorapForwardingService: No service published for: iorapd
06-06 15:59:36.237 3973 4020 D efs.config: app=6419107bba6a5259c42248e8&cver=-1&os=android&sd=FC9BE5d2Pq1buKdy-fvT_w&sver=-1&tm=1749196776&um_sdk_ver=1.5.2&ver=5.0.0.0.01&sign=5cea089e8578b6d6ab710283dc31bda9
06-06 15:59:36.238 3973 4020 I efs.px.api: get config from server, url is https://errlog.umeng.com/apm_cc
06-06 15:59:36.339 3973 4248 D ProfileInstaller: Installing profile for com.dangbei.lerad.screensaver
06-06 15:59:36.349 1128 1128 D aaa : LedStatusService onStartCommand begin
06-06 15:59:36.351 1128 4249 D aaa : topPkg is -------------- :com.dangbei.lerad.screensaver
06-06 15:59:36.384 1177 1177 D bbb : onStartCommand begin !!!!!!! data分区剩余 24980MB
06-06 15:59:36.430 372 4194 D omx_vdec_aw: : video pts(4.000)
06-06 15:59:36.510 3973 4020 I efs.config: config request succ, config is:
06-06 15:59:36.510 3973 4020 I efs.config: {"msg":"成功","code":0,"cip":"127.0.0.1","config":{"common":{"updateInteval":480,"gate_way_https":true},"sign":"f3NTUA1FcFFRaF0WAg==","app_configs":[{"conditions":[{"val":"0.0.0.0","opc":">=","fld":"ver"}],"actions":[{"opt":"apm_netperf_state","set":100},{"opt":"apm_netperf_day_limit","set":100},{"opt":"apm_netperf_res_bd_state","set":100},{"opt":"apm_oom_state","set":0},{"opt":"apm_netperf_data_rate","set":10},{"opt":"apm_native_h5perf_sampling_rate","set":5},{"opt":"apm_netperf_req_hd_state","set":100},{"opt":"apm_netperf_sampling_rate","set":1},{"opt":"flutter_dart_exception_max_count","set":20},{"opt":"flutter_pv_sampling_rate","set":5},{"opt":"apm_netperf_res_hd_state","set":100},{"opt":"flutter_page_state","set":100},{"opt":"flutter_page_rate","set":5},{"opt":"apm_memperf_sampling_rate","set":0},{"opt":"apm_crash_user_upload_type","set":1},{"opt":"apm_memperf_collect_max_period_sec","set":600},{"opt":"apm_crash_user_max_count","set":20},{"opt":"apm_netperf_bd_state","set":100},{"opt":"apm_native_h5_state","set":0},{"opt":"apm_mem_state","set":0},{"opt":"flutter_dart_exception_state","set":100},{"opt":"flutter_pv_max_count","set":200},{"opt":"apm_memperf_collect_interval","set":5},{"opt":"apm_flutter_state","set":100},{"opt":"apm_patrace_switch_rate","set":5},{"opt":"record_accumulation_time","set":60},{"opt":"apm_net_state","set":0},{"opt":"apm_startperf_sampling_rate","set":5},{"opt":"apm_oom_sampling_rate","set":5}]}]},"stm":1749196776,"cver":1735614866}
06-06 15:59:36.510 3973 4020 I efs.config: from server. efs config is {"msg":"成功","code":0,"cip":"127.0.0.1","config":{"common":{"updateInteval":480,"gate_way_https":true},"sign":"f3NTUA1FcFFRaF0WAg==","app_configs":[{"conditions":[{"val":"0.0.0.0","opc":">=","fld":"ver"}],"actions":[{"opt":"apm_netperf_state","set":100},{"opt":"apm_netperf_day_limit","set":100},{"opt":"apm_netperf_res_bd_state","set":100},{"opt":"apm_oom_state","set":0},{"opt":"apm_netperf_data_rate","set":10},{"opt":"apm_native_h5perf_sampling_rate","set":5},{"opt":"apm_netperf_req_hd_state","set":100},{"opt":"apm_netperf_sampling_rate","set":1},{"opt":"flutter_dart_exception_max_count","set":20},{"opt":"flutter_pv_sampling_rate","set":5},{"opt":"apm_netperf_res_hd_state","set":100},{"opt":"flutter_page_state","set":100},{"opt":"flutter_page_rate","set":5},{"opt":"apm_memperf_sampling_rate","set":0},{"opt":"apm_crash_user_upload_type","set":1},{"opt":"apm_memperf_collect_max_period_sec","set":600},{"opt":"apm_crash_user_max_count","set":20},{"opt":"apm_netperf_bd_state","set":100},{"opt":"apm_native_h5_state","set":0},{"opt":"apm_mem_state","set":0},{"opt":"flutter_dart_exception_state","set":100},{"opt":"flutter_pv_max_count","set":200},{"opt":"apm_memperf_collect_interval","set":5},{"opt":"apm_flutter_state","set":100},{"opt":"apm_patrace_switch_rate","set":5},{"opt":"record_accumulation_time","set":60},{"opt":"apm_net_state","set":0},{"opt":"apm_startperf_sampling_rate","set":5},{"opt":"apm_oom_sampling_rate","set":5}]}]},"stm":1749196776,"cver":1735614866}
06-06 15:59:36.513 3973 4020 I efs.config: current config version (-1) is older than another (1735614866)
06-06 15:59:36.514 3973 3973 I efs.config: --->>> configCallback key is apm_memperf_sampling_rate ## value is 0
06-06 15:59:36.514 3973 3973 I efs.config: --->>> configCallback key is apm_memperf_collect_interval ## value is 5
06-06 15:59:36.514 3973 3973 I efs.config: --->>> configCallback key is apm_memperf_collect_max_period_sec ## value is 600
06-06 15:59:36.514 3973 3973 I efs.config: --->>> configCallback key is apm_net_state ## value is 0
06-06 15:59:36.514 3973 3973 I efs.config: callback net rate is 0
06-06 15:59:36.524 3973 3973 I efs.config: --->>> configCallback key is apm_patrace_switch_rate ## value is 5
06-06 15:59:36.525 3973 3973 I efs.config: --->>> configCallback key is apm_startperf_sampling_rate ## value is 5
06-06 15:59:37.016 656 656 E WifiHAL : wifi_get_link_stats: requestResponse Error:-5
06-06 15:59:37.017 478 610 E WifiVendorHal: getWifiLinkLayerStats_1_5_Internal(l.1191) failed {.code = ERROR_INVALID_ARGS, .description = }
06-06 15:59:37.027 478 521 W IorapForwardingService: No service published for: iorapd
06-06 15:59:37.208 478 1000 W ZramWriteback: Writeback device is not set
06-06 15:59:37.209 478 1000 D ZramWriteback: wait to flush
06-06 15:59:37.424 372 4194 D omx_vdec_aw: : video pts(5.000)
06-06 15:59:37.707 756 766 I rkstack.proces: Background concurrent copying GC freed 85525(2629KB) AllocSpace objects, 0(0B) LOS objects, 49% free, 3138KB/6276KB, paused 100us total 124.563ms
06-06 15:59:37.723 2985 2985 I efs-base: type=1400 audit(0.0:1189): avc: denied { getattr } for path="/data/user/0/com.dangbei.screencast/app_UApm/5fc60c21094d637f3130af19/ready" dev="mmcblk0p25" ino=1965 scontext=u:r:platform_app:s0:c512,c768 tcontext=u:object_r:app_data_file:s0:c512,c768 tclass=dir permissive=1 app=com.dangbei.screencast
06-06 15:59:38.030 478 521 W IorapForwardingService: No service published for: iorapd
06-06 15:59:38.203 2985 2994 I gbei.screencas: Background concurrent copying GC freed 47673(5701KB) AllocSpace objects, 4(80KB) LOS objects, 49% free, 5923KB/11MB, paused 192us total 188.147ms
06-06 15:59:38.361 3973 4188 I virtual Data FFDemuxer::read(): read frame ret: End of file latestReceivedTime: 187433 getTotalTimeMillis: 7500 is exit: 0
06-06 15:59:38.361 3973 4188 I virtual Data FFDemuxer::read(): smooth loop
06-06 15:59:38.361 3973 4188 D virtual Data FFDemuxer::read(): seekTargetTime :0 seek_by_bytes: 0 protocolName: file isNetworkProtocol: 0
06-06 15:59:38.361 3973 4188 D virtual Data FFDemuxer::read(): seekTime :0
06-06 15:59:38.361 3973 4188 D virtual Data FFDemuxer::read(): avformat_seek_file ret: 0
06-06 15:59:38.423 372 4194 D omx_vdec_aw: : video pts(6.000)
01-01 08:07:52.848 388 388 W hdr10p_Configure: 141 callbacks suppressed
01-01 08:07:52.848 388 388 I : DVI mode selected: packets not configured
01-01 08:07:52.848 388 388 W set_vsif_config: 141 callbacks suppressed
01-01 08:07:52.848 388 388 I : Error: set vsif failed
01-01 08:07:52.882 388 388 I : DVI mode selected: packets not configured
01-01 08:07:52.882 388 388 I : Error: set vsif failed
01-01 08:07:52.914 388 388 I : DVI mode selected: packets not configured
01-01 08:07:52.914 388 388 I : Error: set vsif failed
01-01 08:07:52.966 388 388 I : DVI mode selected: packets not configured
01-01 08:07:52.966 388 388 I : Error: set vsif failed
06-06 15:59:39.032 478 521 W IorapForwardingService: No service published for: iorapd
01-01 08:07:53.000 388 388 I : DVI mode selected: packets not configured
01-01 08:07:53.000 388 388 I : Error: set vsif failed
01-01 08:07:53.014 388 388 I : DVI mode selected: packets not configured
01-01 08:07:53.014 388 388 I : Error: set vsif failed
01-01 08:07:53.067 388 388 I : DVI mode selected: packets not configured
01-01 08:07:53.067 388 388 I : Error: set vsif failed
01-01 08:07:53.081 388 388 I : DVI mode selected: packets not configured
01-01 08:07:53.081 388 388 I : Error: set vsif failed
06-06 15:59:39.160 2157 2230 D UtilLog : 日志批量上报 进行正常循环 !!!!!!本次有0次请求,共0条数据
01-01 08:07:53.114 388 388 I : DVI mode selected: packets not configured
01-01 08:07:53.114 388 388 I : Error: set vsif failed
01-01 08:07:53.147 388 388 I : DVI mode selected: packets not configured
01-01 08:07:53.147 388 388 I : Error: set vsif failed
06-06 15:59:39.426 372 4194 D omx_vdec_aw: : video pts(7.000)
06-06 15:59:40.031 656 656 E WifiHAL : wifi_get_link_stats: requestResponse Error:-5
06-06 15:59:40.033 478 610 E WifiVendorHal: getWifiLinkLayerStats_1_5_Internal(l.1191) failed {.code = ERROR_INVALID_ARGS, .description = }
06-06 15:59:40.034 478 521 W IorapForwardingService: No service published for: iorapd
06-06 15:59:40.429 372 4194 D omx_vdec_aw: : video pts(8.000)
06-06 15:59:41.036 478 521 W IorapForwardingService: No service published for: iorapd
06-06 15:59:41.459 372 4194 D omx_vdec_aw: : video pts(9.000)
06-06 15:59:42.037 478 521 W IorapForwardingService: No service published for: iorapd
06-06 15:59:42.426 372 4194 D omx_vdec_aw: : video pts(10.000)
06-06 15:59:43.040 478 521 W IorapForwardingService: No service published for: iorapd
06-06 15:59:43.045 656 656 E WifiHAL : wifi_get_link_stats: requestResponse Error:-5
06-06 15:59:43.046 478 610 E WifiVendorHal: getWifiLinkLayerStats_1_5_Internal(l.1191) failed {.code = ERROR_INVALID_ARGS, .description = }
06-06 15:59:43.425 372 4194 D omx_vdec_aw: : video pts(11.000)
01-01 08:07:57.881 388 388 W hdr10p_Configure: 141 callbacks suppressed
01-01 08:07:57.881 388 388 I : DVI mode selected: packets not configured
01-01 08:07:57.881 388 388 W set_vsif_config: 141 callbacks suppressed
01-01 08:07:57.881 388 388 I : Error: set vsif failed
01-01 08:07:57.914 388 388 I : DVI mode selected: packets not configured
01-01 08:07:57.914 388 388 I : Error: set vsif failed
01-01 08:07:57.948 388 388 I : DVI mode selected: packets not configured
01-01 08:07:57.948 388 388 I : Error: set vsif failed
01-01 08:07:57.980 388 388 I : DVI mode selected: packets not configured
01-01 08:07:57.980 388 388 I : Error: set vsif failed
06-06 15:59:44.041 478 521 W IorapForwardingService: No service published for: iorapd
01-01 08:07:58.014 388 388 I : DVI mode selected: packets not configured
01-01 08:07:58.014 388 388 I : Error: set vsif failed
01-01 08:07:58.048 388 388 I : DVI mode selected: packets not configured
01-01 08:07:58.048 388 388 I : Error: set vsif failed
01-01 08:07:58.081 388 388 I : DVI mode selected: packets not configured
01-01 08:07:58.081 388 388 I : Error: set vsif failed
01-01 08:07:58.114 388 388 I : DVI mode selected: packets not configured
01-01 08:07:58.114 388 388 I : Error: set vsif failed
01-01 08:07:58.148 388 388 I : DVI mode selected: packets not configured
01-01 08:07:58.148 388 388 I : Error: set vsif failed
01-01 08:07:58.181 388 388 I : DVI mode selected: packets not configured
01-01 08:07:58.181 388 388 I : Error: set vsif failed
06-06 15:59:44.402 1177 1177 D bbb : onStartCommand begin !!!!!!! data分区剩余 24980MB
06-06 15:59:44.404 1128 1128 D aaa : LedStatusService onStartCommand begin
06-06 15:59:44.405 1128 4263 D aaa : topPkg is -------------- :com.dangbei.lerad.screensaver
06-06 15:59:44.463 372 4194 D omx_vdec_aw: : video pts(12.000)
06-06 15:59:45.042 478 521 W IorapForwardingService: No service published for: iorapd
06-06 15:59:45.456 372 4194 D omx_vdec_aw: : video pts(13.000)
06-06 15:59:45.864 3973 4188 I virtual Data FFDemuxer::read(): read frame ret: End of file latestReceivedTime: 194933 getTotalTimeMillis: 7500 is exit: 0
06-06 15:59:45.865 3973 4188 I virtual Data FFDemuxer::read(): smooth loop
06-06 15:59:45.865 3973 4188 D virtual Data FFDemuxer::read(): seekTargetTime :0 seek_by_bytes: 0 protocolName: file isNetworkProtocol: 0
06-06 15:59:45.865 3973 4188 D virtual Data FFDemuxer::read(): seekTime :0
06-06 15:59:45.865 3973 4188 D virtual Data FFDemuxer::read(): avformat_seek_file ret: 0
06-06 15:59:46.044 478 521 W IorapForwardingService: No service published for: iorapd
06-06 15:59:46.060 656 656 E WifiHAL : wifi_get_link_stats: requestResponse Error:-5
06-06 15:59:46.065 478 610 E WifiVendorHal: getWifiLinkLayerStats_1_5_Internal(l.1191) failed {.code = ERROR_INVALID_ARGS, .description = }
06-06 15:59:46.214 269 282 D hdmi-cec: receive invalid cec message!
06-06 15:59:46.214 269 282 D hdmi-cec: receive poll message [04], skip!
06-06 15:59:46.237 3973 4016 I crashsdk: crashsdk uploading logs
06-06 15:59:46.423 372 4194 D omx_vdec_aw: : video pts(14.000)
06-06 15:59:47.046 478 521 W IorapForwardingService: No service published for: iorapd
06-06 15:59:47.181 3158 3232 D nStackXCoAP: IsInSameNetwork:[276] :IsInSameNetwork exec
06-06 15:59:47.182 3158 3232 I nStackXDFinder: GetLocalInterfaceDetail:[461] :GetLocalInterfaceDetail in
06-06 15:59:47.182 3158 3232 E nStackXCoAP: IsInSameNetwork:[281] :IsInSameNetwork: not priority process
06-06 15:59:47.182 3158 3232 D nStackXCoAP: ParseServiceDiscover:[330] :new device join
06-06 15:59:47.182 3158 3232 I nStackXDFinder: NotifyDeviceListChanged:[540] :notify callback: device list changed callback is null
06-06 15:59:47.182 3158 3232 E nStackXDFinder: GetLocalIp:[401] :GetLocalIp exec
06-06 15:59:47.293 3158 3232 D nStackXCoAP: IsInSameNetwork:[276] :IsInSameNetwork exec
06-06 15:59:47.293 3158 3232 I nStackXDFinder: GetLocalInterfaceDetail:[461] :GetLocalInterfaceDetail in
06-06 15:59:47.293 3158 3232 E nStackXCoAP: IsInSameNetwork:[281] :IsInSameNetwork: not priority process
06-06 15:59:47.293 3158 3232 D nStackXCoAP: ParseServiceDiscover:[330] :new device join
06-06 15:59:47.294 3158 3232 E nStackXDFinder: GetLocalIp:[401] :GetLocalIp exec
06-06 15:59:47.302 3158 3232 D nStackXCoAP: CoapMessageHandler:[133] :2.01
06-06 15:59:47.320 3158 3232 D nStackXCoAP: CoapMessageHandler:[133] :2.01
06-06 15:59:47.429 372 4194 D omx_vdec_aw: : video pts(15.000)
06-06 15:59:48.048 478 521 W IorapForwardingService: No service published for: iorapd
06-06 15:59:48.306 3158 3232 D nStackXCoAP: IsInSameNetwork:[276] :IsInSameNetwork exec
06-06 15:59:48.306 3158 3232 I nStackXDFinder: GetLocalInterfaceDetail:[461] :GetLocalInterfaceDetail in
06-06 15:59:48.306 3158 3232 E nStackXCoAP: IsInSameNetwork:[281] :IsInSameNetwork: not priority process
06-06 15:59:48.306 3158 3232 D nStackXCoAP: ParseServiceDiscover:[330] :new device join
06-06 15:59:48.307 3158 3232 I nStackXDFinder: NotifyDeviceListChanged:[540] :notify callback: device list changed callback is null
06-06 15:59:48.307 3158 3232 E nStackXDFinder: GetLocalIp:[401] :GetLocalIp exec
06-06 15:59:48.425 372 4194 D omx_vdec_aw: : video pts(16.000)
06-06 15:59:48.432 756 766 I rkstack.proces: Background concurrent copying GC freed 85868(2630KB) AllocSpace objects, 0(0B) LOS objects, 49% free, 3202KB/6405KB, paused 213us total 122.003ms
01-01 08:08:02.882 388 388 W hdr10p_Configure: 140 callbacks suppressed
01-01 08:08:02.882 388 388 I : DVI mode selected: packets not configured
01-01 08:08:02.882 388 388 W set_vsif_config: 140 callbacks suppressed
01-01 08:08:02.882 388 388 I : Error: set vsif failed
01-01 08:08:02.916 388 388 I : DVI mode selected: packets not configured
01-01 08:08:02.916 388 388 I : Error: set vsif failed
01-01 08:08:02.947 388 388 I : DVI mode selected: packets not configured
01-01 08:08:02.948 388 388 I : Error: set vsif failed
01-01 08:08:02.980 388 388 I : DVI mode selected: packets not configured
01-01 08:08:02.980 388 388 I : Error: set vsif failed
06-06 15:59:49.051 478 521 W IorapForwardingService: No service published for: iorapd
01-01 08:08:03.013 388 388 I : DVI mode selected: packets not configured
01-01 08:08:03.013 388 388 I : Error: set vsif failed
06-06 15:59:49.079 3973 3983 I rad.screensave: Background concurrent copying GC freed 116283(20MB) AllocSpace objects, 231(7244KB) LOS objects, 49% free, 4341KB/8682KB, paused 366us total 193.036ms
06-06 15:59:49.081 656 656 E WifiHAL : wifi_get_link_stats: requestResponse Error:-5
06-06 15:59:49.082 478 610 E WifiVendorHal: getWifiLinkLayerStats_1_5_Internal(l.1191) failed {.code = ERROR_INVALID_ARGS, .description = }
01-01 08:08:03.047 388 388 I : DVI mode selected: packets not configured
01-01 08:08:03.047 388 388 I : Error: set vsif failed
01-01 08:08:03.080 388 388 I : DVI mode selected: packets not configured
01-01 08:08:03.080 388 388 I : Error: set vsif failed
06-06 15:59:49.156 2157 2230 D UtilLog : 日志批量上报 进行正常循环 !!!!!!本次有0次请求,共0条数据
01-01 08:08:03.114 388 388 I : DVI mode selected: packets not configured
01-01 08:08:03.114 388 388 I : Error: set vsif failed
01-01 08:08:03.148 388 388 I : DVI mode selected: packets not configured
01-01 08:08:03.148 388 388 I : Error: set vsif failed
01-01 08:08:03.182 388 388 I : DVI mode selected: packets not configured
01-01 08:08:03.182 388 388 I : Error: set vsif failed
06-06 15:59:49.440 372 4194 D omx_vdec_aw: : video pts(17.000)
06-06 15:59:49.847 3158 3232 D nStackXCoAP: IsInSameNetwork:[276] :IsInSameNetwork exec
06-06 15:59:49.847 3158 3232 I nStackXDFinder: GetLocalInterfaceDetail:[461] :GetLocalInterfaceDetail in
06-06 15:59:49.847 3158 3232 E nStackXCoAP: IsInSameNetwork:[281] :IsInSameNetwork: not priority process
06-06 15:59:49.848 3158 3232 D nStackXCoAP: ParseServiceDiscover:[330] :new device join
06-06 15:59:49.848 3158 3232 E nStackXDFinder: GetLocalIp:[401] :GetLocalIp exec
06-06 15:59:50.011 3158 3232 D nStackXCoAP: CoapMessageHandler:[133] :2.01
06-06 15:59:50.053 478 521 W IorapForwardingService: No service published for: iorapd
06-06 15:59:50.425 372 4194 D omx_vdec_aw: : video pts(18.000)
06-06 15:59:50.854 3158 3232 D nStackXCoAP: CoapMessageHandler:[133] :2.01
06-06 15:59:50.866 3158 3232 D nStackXCoAP: IsInSameNetwork:[276] :IsInSameNetwork exec
06-06 15:59:50.867 3158 3232 I nStackXDFinder: GetLocalInterfaceDetail:[461] :GetLocalInterfaceDetail in
06-06 15:59:50.867 3158 3232 E nStackXCoAP: IsInSameNetwork:[281] :IsInSameNetwork: not priority process
06-06 15:59:50.868 3158 3232 D nStackXCoAP: ParseServiceDiscover:[330] :new device join
06-06 15:59:50.868 3158 3232 E nStackXDFinder: GetLocalIp:[401] :GetLocalIp exec
06-06 15:59:51.056 478 521 W IorapForwardingService: No service published for: iorapd
06-06 15:59:51.378 3158 3232 D nStackXCoAP: IsInSameNetwork:[276] :IsInSameNetwork exec
06-06 15:59:51.379 3158 3232 I nStackXDFinder: GetLocalInterfaceDetail:[461] :GetLocalInterfaceDetail in
06-06 15:59:51.379 3158 3232 E nStackXCoAP: IsInSameNetwork:[281] :IsInSameNetwork: not priority process
06-06 15:59:51.379 3158 3232 D nStackXCoAP: ParseServiceDiscover:[330] :new device join
06-06 15:59:51.379 3158 3232 E nStackXDFinder: GetLocalIp:[401] :GetLocalIp exec
06-06 15:59:51.427 372 4194 D omx_vdec_aw: : video pts(19.000)
06-06 15:59:51.430 3158 3232 D nStackXCoAP: CoapMessageHandler:[133] :2.01
06-06 15:59:51.788 3158 3232 D nStackXCoAP: IsInSameNetwork:[276] :IsInSameNetwork exec
06-06 15:59:51.788 3158 3232 I nStackXDFinder: GetLocalInterfaceDetail:[461] :GetLocalInterfaceDetail in
06-06 15:59:51.788 3158 3232 E nStackXCoAP: IsInSameNetwork:[281] :IsInSameNetwork: not priority process
06-06 15:59:51.788 3158 3232 D nStackXCoAP: ParseServiceDiscover:[330] :new device join
06-06 15:59:51.788 3158 3232 E nStackXDFinder: GetLocalIp:[401] :GetLocalIp exec
06-06 15:59:52.042 3158 3232 D nStackXCoAP: CoapMessageHandler:[133] :2.01
06-06 15:59:52.060 478 521 W IorapForwardingService: No service published for: iorapd
06-06 15:59:52.102 656 656 E WifiHAL : wifi_get_link_stats: requestResponse Error:-5
06-06 15:59:52.105 478 610 E WifiVendorHal: getWifiLinkLayerStats_1_5_Internal(l.1191) failed {.code = ERROR_INVALID_ARGS, .description = }
06-06 15:59:52.363 4265 4265 I Thread-2: type=1400 audit(0.0:1190): avc: denied { execute } for name="am" dev="dm-1" ino=1160 scontext=u:r:system_app:s0 tcontext=u:object_r:vendor_file:s0 tclass=file permissive=1
06-06 15:59:52.363 4265 4265 I Thread-2: type=1400 audit(0.0:1191): avc: denied { read open } for path="/vendor/xbin/am" dev="dm-1" ino=1160 scontext=u:r:system_app:s0 tcontext=u:object_r:vendor_file:s0 tclass=file permissive=1
06-06 15:59:52.363 4265 4265 I Thread-2: type=1400 audit(0.0:1192): avc: denied { execute_no_trans } for path="/vendor/xbin/am" dev="dm-1" ino=1160 scontext=u:r:system_app:s0 tcontext=u:object_r:vendor_file:s0 tclass=file permissive=1
06-06 15:59:52.433 372 4194 D omx_vdec_aw: : video pts(20.000)
06-06 15:59:52.449 1128 1128 D aaa : LedStatusService onStartCommand begin
06-06 15:59:52.451 1177 1177 D bbb : onStartCommand begin !!!!!!! data分区剩余 24980MB
06-06 15:59:52.453 1128 4273 D aaa : topPkg is -------------- :com.dangbei.lerad.screensaver
06-06 15:59:53.063 478 521 W IorapForwardingService: No service published for: iorapd
06-06 15:59:53.175 3158 3232 D nStackXCoAP: CoapMessageHandler:[133] :2.01
06-06 15:59:53.367 3973 4188 I virtual Data FFDemuxer::read(): read frame ret: End of file latestReceivedTime: 202433 getTotalTimeMillis: 7500 is exit: 0
06-06 15:59:53.367 3973 4188 I virtual Data FFDemuxer::read(): smooth loop
06-06 15:59:53.367 3973 4188 D virtual Data FFDemuxer::read(): seekTargetTime :0 seek_by_bytes: 0 protocolName: file isNetworkProtocol: 0
06-06 15:59:53.367 3973 4188 D virtual Data FFDemuxer::read(): seekTime :0
06-06 15:59:53.367 3973 4188 D virtual Data FFDemuxer::read(): avformat_seek_file ret: 0
06-06 15:59:53.428 372 4194 D omx_vdec_aw: : video pts(21.000)
01-01 08:08:07.914 388 388 W hdr10p_Configure: 141 callbacks suppressed
01-01 08:08:07.914 388 388 I : DVI mode selected: packets not configured
01-01 08:08:07.914 388 388 W set_vsif_config: 141 callbacks suppressed
01-01 08:08:07.914 388 388 I : Error: set vsif failed
01-01 08:08:07.949 388 388 I : DVI mode selected: packets not configured
01-01 08:08:07.949 388 388 I : Error: set vsif failed
01-01 08:08:07.982 388 388 I : DVI mode selected: packets not configured
01-01 08:08:07.982 388 388 I : Error: set vsif failed
06-06 15:59:54.065 478 521 W IorapForwardingService: No service published for: iorapd
01-01 08:08:08.014 388 388 I : DVI mode selected: packets not configured
01-01 08:08:08.015 388 388 I : Error: set vsif failed
01-01 08:08:08.047 388 388 I : DVI mode selected: packets not configured
01-01 08:08:08.047 388 388 I : Error: set vsif failed
01-01 08:08:08.081 388 388 I : DVI mode selected: packets not configured
01-01 08:08:08.081 388 388 I : Error: set vsif failed
01-01 08:08:08.115 388 388 I : DVI mode selected: packets not configured
01-01 08:08:08.115 388 388 I : Error: set vsif failed
01-01 08:08:08.149 388 388 I : DVI mode selected: packets not configured
01-01 08:08:08.149 388 388 I : Error: set vsif failed
01-01 08:08:08.181 388 388 I : DVI mode selected: packets not configured
01-01 08:08:08.181 388 388 I : Error: set vsif failed
01-01 08:08:08.214 388 388 I : DVI mode selected: packets not configured
01-01 08:08:08.214 388 388 I : Error: set vsif failed
06-06 15:59:54.428 372 4194 D omx_vdec_aw: : video pts(22.000)
06-06 15:59:55.068 478 521 W IorapForwardingService: No service published for: iorapd
06-06 15:59:55.122 656 656 E WifiHAL : wifi_get_link_stats: requestResponse Error:-5
06-06 15:59:55.125 478 610 E WifiVendorHal: getWifiLinkLayerStats_1_5_Internal(l.1191) failed {.code = ERROR_INVALID_ARGS, .description = }
06-06 15:59:55.166 3973 3983 I rad.screensave: Background concurrent copying GC freed 3552(2819KB) AllocSpace objects, 63(1852KB) LOS objects, 49% free, 4059KB/8118KB, paused 116us total 130.066ms
06-06 15:59:55.427 372 4194 D omx_vdec_aw: : video pts(23.000)
06-06 15:59:56.071 478 521 W IorapForwardingService: No service published for: iorapd
06-06 15:59:56.458 372 4194 D omx_vdec_aw: : video pts(24.000)
06-06 15:59:57.073 478 521 W IorapForwardingService: No service published for: iorapd
06-06 15:59:57.425 372 4194 D omx_vdec_aw: : video pts(25.000)
06-06 15:59:58.075 478 521 W IorapForwardingService: No service published for: iorapd
06-06 15:59:58.143 656 656 E WifiHAL : wifi_get_link_stats: requestResponse Error:-5
06-06 15:59:58.144 478 610 E WifiVendorHal: getWifiLinkLayerStats_1_5_Internal(l.1191) failed {.code = ERROR_INVALID_ARGS, .description = }
06-06 15:59:58.423 372 4194 D omx_vdec_aw: : video pts(26.000)
01-01 08:08:12.947 388 388 W hdr10p_Configure: 141 callbacks suppressed
01-01 08:08:12.947 388 388 I : DVI mode selected: packets not configured
01-01 08:08:12.947 388 388 W set_vsif_config: 141 callbacks suppressed
01-01 08:08:12.947 388 388 I : Error: set vsif failed
01-01 08:08:12.981 388 388 I : DVI mode selected: packets not configured
01-01 08:08:12.981 388 388 I : Error: set vsif failed
01-01 08:08:13.015 388 388 I : DVI mode selected: packets not configured
01-01 08:08:13.015 388 388 I : Error: set vsif failed
06-06 15:59:59.078 478 521 W IorapForwardingService: No service published for: iorapd
01-01 08:08:13.047 388 388 I : DVI mode selected: packets not configured
01-01 08:08:13.047 388 388 I : Error: set vsif failed
01-01 08:08:13.082 388 388 I : DVI mode selected: packets not configured
01-01 08:08:13.082 388 388 I : Error: set vsif failed
06-06 15:59:59.156 2157 2230 D UtilLog : 日志批量上报 进行正常循环 !!!!!!本次有0次请求,共0条数据
01-01 08:08:13.114 388 388 I : DVI mode selected: packets not configured
01-01 08:08:13.114 388 388 I : Error: set vsif failed
01-01 08:08:13.148 388 388 I : DVI mode selected: packets not configured
01-01 08:08:13.149 388 388 I : Error: set vsif failed
01-01 08:08:13.181 388 388 I : DVI mode selected: packets not configured
01-01 08:08:13.181 388 388 I : Error: set vsif failed
01-01 08:08:13.214 388 388 I : DVI mode selected: packets not configured
01-01 08:08:13.214 388 388 I : Error: set vsif failed
01-01 08:08:13.248 388 388 I : DVI mode selected: packets not configured
01-01 08:08:13.248 388 388 I : Error: set vsif failed
06-06 15:59:59.458 372 4194 D omx_vdec_aw: : video pts(27.000)
06-06 16:00:00.080 478 521 W IorapForwardingService: No service published for: iorapd
06-06 16:00:00.457 372 4194 D omx_vdec_aw: : video pts(28.000)
06-06 16:00:00.506 1177 1177 D bbb : onStartCommand begin !!!!!!! data分区剩余 24980MB
06-06 16:00:00.506 1128 1128 D aaa : LedStatusService onStartCommand begin
06-06 16:00:00.510 1128 4282 D aaa : topPkg is -------------- :com.dangbei.lerad.screensaver
06-06 16:00:00.833 3973 4188 I virtual Data FFDemuxer::read(): read frame ret: End of file latestReceivedTime: 209933 getTotalTimeMillis: 7500 is exit: 0
06-06 16:00:00.833 3973 4188 I virtual Data FFDemuxer::read(): smooth loop
06-06 16:00:00.833 3973 4188 D virtual Data FFDemuxer::read(): seekTargetTime :0 seek_by_bytes: 0 protocolName: file isNetworkProtocol: 0
06-06 16:00:00.833 3973 4188 D virtual Data FFDemuxer::read(): seekTime :0
06-06 16:00:00.833 3973 4188 D virtual Data FFDemuxer::read(): avformat_seek_file ret: 0
06-06 16:00:01.082 478 521 W IorapForwardingService: No service published for: iorapd
06-06 16:00:01.165 656 656 E WifiHAL : wifi_get_link_stats: requestResponse Error:-5
06-06 16:00:01.166 478 610 E WifiVendorHal: getWifiLinkLayerStats_1_5_Internal(l.1191) failed {.code = ERROR_INVALID_ARGS, .description = }
06-06 16:00:01.240 269 282 D hdmi-cec: receive invalid cec message!
06-06 16:00:01.240 269 282 D hdmi-cec: receive poll message [04], skip!
06-06 16:00:01.425 372 4194 D omx_vdec_aw: : video pts(29.000)
06-06 16:00:01.547 3973 3983 I rad.screensave: Background concurrent copying GC freed 2432(3572KB) AllocSpace objects, 34(568KB) LOS objects, 49% free, 3958KB/7917KB, paused 218us total 143.628ms
06-06 16:00:02.083 478 521 W IorapForwardingService: No service published for: iorapd
06-06 16:00:02.425 2985 2994 I gbei.screencas: Background concurrent copying GC freed 67461(5851KB) AllocSpace objects, 0(0B) LOS objects, 49% free, 5854KB/11MB, paused 130us total 190.654ms
06-06 16:00:02.427 372 4194 D omx_vdec_aw: : video pts(30.000)
06-06 16:00:03.085 478 521 W IorapForwardingService: No service published for: iorapd
06-06 16:00:03.329 756 766 I rkstack.proces: Background concurrent copying GC freed 87475(2694KB) AllocSpace objects, 2(120KB) LOS objects, 49% free, 4115KB/8230KB, paused 275us total 127.968ms
06-06 16:00:03.427 372 4194 D omx_vdec_aw: : video pts(31.000)
01-01 08:08:17.981 388 388 W hdr10p_Configure: 141 callbacks suppressed
01-01 08:08:17.981 388 388 I : DVI mode selected: packets not configured
01-01 08:08:17.981 388 388 W set_vsif_config: 141 callbacks suppressed
01-01 08:08:17.981 388 388 I : Error: set vsif failed
01-01 08:08:18.015 388 388 I : DVI mode selected: packets not configured
01-01 08:08:18.015 388 388 I : Error: set vsif failed
06-06 16:00:04.089 478 521 W IorapForwardingService: No service published for: iorapd
01-01 08:08:18.049 388 388 I : DVI mode selected: packets not configured
01-01 08:08:18.049 388 388 I : Error: set vsif failed
01-01 08:08:18.081 388 388 I : DVI mode selected: packets not configured
01-01 08:08:18.081 388 388 I : Error: set vsif failed
01-01 08:08:18.114 388 388 I : DVI mode selected: packets not configured
01-01 08:08:18.114 388 388 I : Error: set vsif failed
06-06 16:00:04.188 656 656 E WifiHAL : wifi_get_link_stats: requestResponse Error:-5
06-06 16:00:04.190 478 610 E WifiVendorHal: getWifiLinkLayerStats_1_5_Internal(l.1191) failed {.code = ERROR_INVALID_ARGS, .description = }
01-01 08:08:18.182 388 388 I : DVI mode selected: packets not configured
01-01 08:08:18.182 388 388 I : Error: set vsif failed
01-01 08:08:18.198 388 388 I : DVI mode selected: packets not configured
01-01 08:08:18.198 388 388 I : Error: set vsif failed
01-01 08:08:18.231 388 388 I : DVI mode selected: packets not configured
01-01 08:08:18.231 388 388 I : Error: set vsif failed
01-01 08:08:18.248 388 388 I : DVI mode selected: packets not configured
01-01 08:08:18.248 388 388 I : Error: set vsif failed
01-01 08:08:18.281 388 388 I : DVI mode selected: packets not configured
01-01 08:08:18.281 388 388 I : Error: set vsif failed
06-06 16:00:04.435 372 4194 D omx_vdec_aw: : video pts(32.000)
06-06 16:00:04.935 3973 3983 I rad.screensave: Background concurrent copying GC freed 1764(2583KB) AllocSpace objects, 79(1396KB) LOS objects, 49% free, 3939KB/7879KB, paused 122us total 119.803ms
06-06 16:00:05.093 478 521 W IorapForwardingService: No service published for: iorapd
06-06 16:00:05.424 372 4194 D omx_vdec_aw: : video pts(33.000)
06-06 16:00:06.096 478 521 W IorapForwardingService: No service published for: iorapd
06-06 16:00:06.430 372 4194 D omx_vdec_aw: : video pts(34.000)
06-06 16:00:07.098 478 521 W IorapForwardingService: No service published for: iorapd
06-06 16:00:07.208 656 656 E WifiHAL : wifi_get_link_stats: requestResponse Error:-5
06-06 16:00:07.210 478 610 E WifiVendorHal: getWifiLinkLayerStats_1_5_Internal(l.1191) failed {.code = ERROR_INVALID_ARGS, .description = }
06-06 16:00:07.210 478 1000 W ZramWriteback: Writeback device is not set
06-06 16:00:07.210 478 1000 D ZramWriteback: wait to flush
06-06 16:00:07.426 372 4194 D omx_vdec_aw: : video pts(35.000)
06-06 16:00:08.101 478 521 W IorapForwardingService: No service published for: iorapd
06-06 16:00:08.365 3973 4188 I virtual Data FFDemuxer::read(): read frame ret: End of file latestReceivedTime: 217433 getTotalTimeMillis: 7500 is exit: 0
06-06 16:00:08.365 3973 4188 I virtual Data FFDemuxer::read(): smooth loop
06-06 16:00:08.365 3973 4188 D virtual Data FFDemuxer::read(): seekTargetTime :0 seek_by_bytes: 0 protocolName: file isNetworkProtocol: 0
06-06 16:00:08.365 3973 4188 D virtual Data FFDemuxer::read(): seekTime :0
06-06 16:00:08.365 3973 4188 D virtual Data FFDemuxer::read(): avformat_seek_file ret: 0
06-06 16:00:08.426 372 4194 D omx_vdec_aw: : video pts(36.000)
06-06 16:00:08.539 1128 1128 D aaa : LedStatusService onStartCommand begin
06-06 16:00:08.540 1177 1177 D bbb : onStartCommand begin !!!!!!! data分区剩余 24980MB
06-06 16:00:08.542 1128 4291 D aaa : topPkg is -------------- :com.dangbei.lerad.screensaver
01-01 08:08:23.015 388 388 W hdr10p_Configure: 141 callbacks suppressed
01-01 08:08:23.015 388 388 I : DVI mode selected: packets not configured
01-01 08:08:23.015 388 388 W set_vsif_config: 141 callbacks suppressed
01-01 08:08:23.015 388 388 I : Error: set vsif failed
06-06 16:00:09.104 478 521 W IorapForwardingService: No service published for: iorapd
01-01 08:08:23.048 388 388 I : DVI mode selected: packets not configured
01-01 08:08:23.048 388 388 I : Error: set vsif failed
01-01 08:08:23.081 388 388 I : DVI mode selected: packets not configured
01-01 08:08:23.081 388 388 I : Error: set vsif failed
06-06 16:00:09.156 2157 2230 D UtilLog : 日志批量上报 进行正常循环 !!!!!!本次有0次请求,共0条数据
01-01 08:08:23.115 388 388 I : DVI mode selected: packets not configured
01-01 08:08:23.115 388 388 I : Error: set vsif failed
01-01 08:08:23.148 388 388 I : DVI mode selected: packets not configured
01-01 08:08:23.148 388 388 I : Error: set vsif failed
01-01 08:08:23.181 388 388 I : DVI mode selected: packets not configured
01-01 08:08:23.181 388 388 I : Error: set vsif failed
01-01 08:08:23.234 388 388 I : DVI mode selected: packets not configured
01-01 08:08:23.234 388 388 I : Error: set vsif failed
01-01 08:08:23.248 388 388 I : DVI mode selected: packets not configured
01-01 08:08:23.248 388 388 I : Error: set vsif failed
01-01 08:08:23.281 388 388 I : DVI mode selected: packets not configured
01-01 08:08:23.281 388 388 I : Error: set vsif failed
01-01 08:08:23.314 388 388 I : DVI mode selected: packets not configured
01-01 08:08:23.314 388 388 I : Error: set vsif failed
06-06 16:00:09.429 372 4194 D omx_vdec_aw: : video pts(37.000)
06-06 16:00:10.106 478 521 W IorapForwardingService: No service published for: iorapd
06-06 16:00:10.231 656 656 E WifiHAL : wifi_get_link_stats: requestResponse Error:-5
06-06 16:00:10.233 478 610 E WifiVendorHal: getWifiLinkLayerStats_1_5_Internal(l.1191) failed {.code = ERROR_INVALID_ARGS, .description = }
06-06 16:00:10.245 3973 3983 I rad.screensave: Background concurrent copying GC freed 1764(2710KB) AllocSpace objects, 36(1412KB) LOS objects, 49% free, 3981KB/7962KB, paused 122us total 148.901ms
06-06 16:00:10.428 372 4194 D omx_vdec_aw: : video pts(38.000)
06-06 16:00:11.109 478 521 W IorapForwardingService: No service published for: iorapd
06-06 16:00:11.458 372 4194 D omx_vdec_aw: : video pts(39.000)
06-06 16:00:12.110 478 521 W IorapForwardingService: No service published for: iorapd
06-06 16:00:12.423 372 4194 D omx_vdec_aw: : video pts(40.000)
06-06 16:00:13.111 478 521 W IorapForwardingService: No service published for: iorapd
06-06 16:00:13.243 656 656 E WifiHAL : wifi_get_link_stats: requestResponse Error:-5
06-06 16:00:13.244 478 610 E WifiVendorHal: getWifiLinkLayerStats_1_5_Internal(l.1191) failed {.code = ERROR_INVALID_ARGS, .description = }
06-06 16:00:13.422 372 4194 D omx_vdec_aw: : video pts(41.000)
01-01 08:08:28.047 388 388 W hdr10p_Configure: 141 callbacks suppressed
01-01 08:08:28.047 388 388 I : DVI mode selected: packets not configured
01-01 08:08:28.047 388 388 W set_vsif_config: 141 callbacks suppressed
01-01 08:08:28.047 388 388 I : Error: set vsif failed
06-06 16:00:14.114 478 521 W IorapForwardingService: No service published for: iorapd
01-01 08:08:28.116 388 388 I : DVI mode selected: packets not configured
01-01 08:08:28.116 388 388 I : Error: set vsif failed
01-01 08:08:28.133 388 388 I : DVI mode selected: packets not configured
01-01 08:08:28.133 388 388 I : Error: set vsif failed
01-01 08:08:28.165 388 388 I : DVI mode selected: packets not configured
01-01 08:08:28.165 388 388 I : Error: set vsif failed
01-01 08:08:28.182 388 388 I : DVI mode selected: packets not configured
01-01 08:08:28.182 388 388 I : Error: set vsif failed
01-01 08:08:28.213 388 388 I : DVI mode selected: packets not configured
01-01 08:08:28.213 388 388 I : Error: set vsif failed
01-01 08:08:28.247 388 388 I : DVI mode selected: packets not configured
01-01 08:08:28.247 388 388 I : Error: set vsif failed
01-01 08:08:28.281 388 388 I : DVI mode selected: packets not configured
01-01 08:08:28.281 388 388 I : Error: set vsif failed
01-01 08:08:28.313 388 388 I : DVI mode selected: packets not configured
01-01 08:08:28.313 388 388 I : Error: set vsif failed
01-01 08:08:28.348 388 388 I : DVI mode selected: packets not configured
01-01 08:08:28.348 388 388 I : Error: set vsif failed
06-06 16:00:14.455 372 4194 D omx_vdec_aw: : video pts(42.000)
06-06 16:00:15.116 478 521 W IorapForwardingService: No service published for: iorapd
06-06 16:00:15.455 372 4194 D omx_vdec_aw: : video pts(43.000)
06-06 16:00:15.867 3973 4188 I virtual Data FFDemuxer::read(): read frame ret: End of file latestReceivedTime: 224933 getTotalTimeMillis: 7500 is exit: 0
06-06 16:00:15.867 3973 4188 I virtual Data FFDemuxer::read(): smooth loop
06-06 16:00:15.867 3973 4188 D virtual Data FFDemuxer::read(): seekTargetTime :0 seek_by_bytes: 0 protocolName: file isNetworkProtocol: 0
06-06 16:00:15.867 3973 4188 D virtual Data FFDemuxer::read(): seekTime :0
06-06 16:00:15.867 3973 4188 D virtual Data FFDemuxer::read(): avformat_seek_file ret: 0
06-06 16:00:16.118 478 521 W IorapForwardingService: No service published for: iorapd
06-06 16:00:16.263 656 656 E WifiHAL : wifi_get_link_stats: requestResponse Error:-5
06-06 16:00:16.265 478 610 E WifiVendorHal: getWifiLinkLayerStats_1_5_Internal(l.1191) failed {.code = ERROR_INVALID_ARGS, .description = }
06-06 16:00:16.269 269 282 D hdmi-cec: receive invalid cec message!
06-06 16:00:16.269 269 282 D hdmi-cec: receive poll message [04], skip!
06-06 16:00:16.345 3973 3983 I rad.screensave: Background concurrent copying GC freed 2348(3281KB) AllocSpace objects, 40(680KB) LOS objects, 49% free, 4040KB/8081KB, paused 227us total 158.080ms
06-06 16:00:16.424 372 4194 D omx_vdec_aw: : video pts(44.000)
06-06 16:00:16.578 1177 1177 D bbb : onStartCommand begin !!!!!!! data分区剩余 24980MB
06-06 16:00:16.580 1128 1128 D aaa : LedStatusService onStartCommand begin
06-06 16:00:16.582 1128 4300 D aaa : topPkg is -------------- :com.dangbei.lerad.screensaver
06-06 16:00:17.121 478 521 W IorapForwardingService: No service published for: iorapd
06-06 16:00:17.428 372 4194 D omx_vdec_aw: : video pts(45.000)
06-06 16:00:18.125 478 521 W IorapForwardingService: No service published for: iorapd
06-06 16:00:18.429 372 4194 D omx_vdec_aw: : video pts(46.000)
01-01 08:08:33.049 388 388 W hdr10p_Configure: 140 callbacks suppressed
01-01 08:08:33.049 388 388 I : DVI mode selected: packets not configured
01-01 08:08:33.049 388 388 W set_vsif_config: 140 callbacks suppressed
01-01 08:08:33.049 388 388 I : Error: set vsif failed
06-06 16:00:19.129 478 521 W IorapForwardingService: No service published for: iorapd
01-01 08:08:33.081 388 388 I : DVI mode selected: packets not configured
01-01 08:08:33.081 388 388 I : Error: set vsif failed
06-06 16:00:19.159 2157 2230 D UtilLog : 日志批量上报 进行正常循环 !!!!!!本次有0次请求,共0条数据
01-01 08:08:33.114 388 388 I : DVI mode selected: packets not configured
01-01 08:08:33.114 388 388 I : Error: set vsif failed
01-01 08:08:33.148 388 388 I : DVI mode selected: packets not configured
01-01 08:08:33.148 388 388 I : Error: set vsif failed
01-01 08:08:33.182 388 388 I : DVI mode selected: packets not configured
01-01 08:08:33.182 388 388 I : Error: set vsif failed
01-01 08:08:33.215 388 388 I : DVI mode selected: packets not configured
01-01 08:08:33.215 388 388 I : Error: set vsif failed
06-06 16:00:19.284 656 656 E WifiHAL : wifi_get_link_stats: requestResponse Error:-5
06-06 16:00:19.286 478 610 E WifiVendorHal: getWifiLinkLayerStats_1_5_Internal(l.1191) failed {.code = ERROR_INVALID_ARGS, .description = }
01-01 08:08:33.248 388 388 I : DVI mode selected: packets not configured
01-01 08:08:33.248 388 388 I : Error: set vsif failed
01-01 08:08:33.282 388 388 I : DVI mode selected: packets not configured
01-01 08:08:33.282 388 388 I : Error: set vsif failed
01-01 08:08:33.314 388 388 I : DVI mode selected: packets not configured
01-01 08:08:33.314 388 388 I : Error: set vsif failed
01-01 08:08:33.348 388 388 I : DVI mode selected: packets not configured
01-01 08:08:33.348 388 388 I : Error: set vsif failed
06-06 16:00:19.437 372 4194 D omx_vdec_aw: : video pts(47.000)
06-06 16:00:20.132 478 521 W IorapForwardingService: No service published for: iorapd
06-06 16:00:20.423 372 4194 D omx_vdec_aw: : video pts(48.000)
06-06 16:00:21.134 478 521 W IorapForwardingService: No service published for: iorapd
06-06 16:00:21.427 372 4194 D omx_vdec_aw: : video pts(49.000)
06-06 16:00:21.602 3973 3983 I rad.screensave: Background concurrent copying GC freed 2310(3453KB) AllocSpace objects, 41(756KB) LOS objects, 49% free, 3940KB/7881KB, paused 241us total 146.673ms
06-06 16:00:22.136 478 521 W IorapForwardingService: No service published for: iorapd
06-06 16:00:22.301 656 656 E WifiHAL : wifi_get_link_stats: requestResponse Error:-5
06-06 16:00:22.304 478 610 E WifiVendorHal: getWifiLinkLayerStats_1_5_Internal(l.1191) failed {.code = ERROR_INVALID_ARGS, .description = }
06-06 16:00:22.423 372 4194 D omx_vdec_aw: : video pts(50.000)
06-06 16:00:23.138 478 521 W IorapForwardingService: No service published for: iorapd
06-06 16:00:23.366 3973 4188 I virtual Data FFDemuxer::read(): read frame ret: End of file latestReceivedTime: 232433 getTotalTimeMillis: 7500 is exit: 0
06-06 16:00:23.366 3973 4188 I virtual Data FFDemuxer::read(): smooth loop
06-06 16:00:23.366 3973 4188 D virtual Data FFDemuxer::read(): seekTargetTime :0 seek_by_bytes: 0 protocolName: file isNetworkProtocol: 0
06-06 16:00:23.366 3973 4188 D virtual Data FFDemuxer::read(): seekTime :0
06-06 16:00:23.366 3973 4188 D virtual Data FFDemuxer::read(): avformat_seek_file ret: 0
06-06 16:00:23.423 372 4194 D omx_vdec_aw: : video pts(51.000)
01-01 08:08:38.081 388 388 W hdr10p_Configure: 141 callbacks suppressed
01-01 08:08:38.081 388 388 I : DVI mode selected: packets not configured
01-01 08:08:38.081 388 388 W set_vsif_config: 141 callbacks suppressed
01-01 08:08:38.081 388 388 I : Error: set vsif failed
06-06 16:00:24.140 478 521 W IorapForwardingService: No service published for: iorapd
01-01 08:08:38.114 388 388 I : DVI mode selected: packets not configured
01-01 08:08:38.114 388 388 I : Error: set vsif failed
01-01 08:08:38.148 388 388 I : DVI mode selected: packets not configured
01-01 08:08:38.148 388 388 I : Error: set vsif failed
01-01 08:08:38.182 388 388 I : DVI mode selected: packets not configured
01-01 08:08:38.182 388 388 I : Error: set vsif failed
01-01 08:08:38.214 388 388 I : DVI mode selected: packets not configured
01-01 08:08:38.214 388 388 I : Error: set vsif failed
01-01 08:08:38.247 388 388 I : DVI mode selected: packets not configured
01-01 08:08:38.247 388 388 I : Error: set vsif failed
01-01 08:08:38.298 388 388 I : DVI mode selected: packets not configured
01-01 08:08:38.298 388 388 I : Error: set vsif failed
01-01 08:08:38.332 388 388 I : DVI mode selected: packets not configured
01-01 08:08:38.332 388 388 I : Error: set vsif failed
01-01 08:08:38.347 388 388 I : DVI mode selected: packets not configured
01-01 08:08:38.347 388 388 I : Error: set vsif failed
06-06 16:00:24.422 372 4194 D omx_vdec_aw: : video pts(52.000)
01-01 08:08:38.380 388 388 I : DVI mode selected: packets not configured
01-01 08:08:38.380 388 388 I : Error: set vsif failed
06-06 16:00:24.640 1128 1128 D aaa : LedStatusService onStartCommand begin
06-06 16:00:24.641 1128 4311 D aaa : topPkg is -------------- :com.dangbei.lerad.screensaver
06-06 16:00:24.643 1177 1177 D bbb : onStartCommand begin !!!!!!! data分区剩余 24980MB
06-06 16:00:25.142 478 521 W IorapForwardingService: No service published for: iorapd
06-06 16:00:25.324 656 656 E WifiHAL : wifi_get_link_stats: requestResponse Error:-5
06-06 16:00:25.326 478 610 E WifiVendorHal: getWifiLinkLayerStats_1_5_Internal(l.1191) failed {.code = ERROR_INVALID_ARGS, .description = }
06-06 16:00:25.429 372 4194 D omx_vdec_aw: : video pts(53.000)
06-06 16:00:26.144 478 521 W IorapForwardingService: No service published for: iorapd
06-06 16:00:26.457 372 4194 D omx_vdec_aw: : video pts(54.000)
06-06 16:00:26.609 3973 3983 I rad.screensave: Background concurrent copying GC freed 1574(2361KB) AllocSpace objects, 35(1228KB) LOS objects, 49% free, 3939KB/7879KB, paused 248us total 150.561ms
06-06 16:00:27.146 478 521 W IorapForwardingService: No service published for: iorapd
06-06 16:00:27.423 372 4194 D omx_vdec_aw: : video pts(55.000)
06-06 16:00:28.148 478 521 W IorapForwardingService: No service published for: iorapd
06-06 16:00:28.343 656 656 E WifiHAL : wifi_get_link_stats: requestResponse Error:-5
06-06 16:00:28.345 478 610 E WifiVendorHal: getWifiLinkLayerStats_1_5_Internal(l.1191) failed {.code = ERROR_INVALID_ARGS, .description = }
06-06 16:00:28.429 372 4194 D omx_vdec_aw: : video pts(56.000)
01-01 08:08:43.082 388 388 W hdr10p_Configure: 140 callbacks suppressed
01-01 08:08:43.082 388 388 I : DVI mode selected: packets not configured
01-01 08:08:43.082 388 388 W set_vsif_config: 140 callbacks suppressed
01-01 08:08:43.082 388 388 I : Error: set vsif failed
06-06 16:00:29.150 478 521 W IorapForwardingService: No service published for: iorapd
06-06 16:00:29.157 2157 2230 D UtilLog : 日志批量上报 进行正常循环 !!!!!!本次有0次请求,共0条数据
01-01 08:08:43.114 388 388 I : DVI mode selected: packets not configured
01-01 08:08:43.114 388 388 I : Error: set vsif failed
01-01 08:08:43.148 388 388 I : DVI mode selected: packets not configured
01-01 08:08:43.148 388 388 I : Error: set vsif failed
01-01 08:08:43.199 388 388 I : DVI mode selected: packets not configured
01-01 08:08:43.199 388 388 I : Error: set vsif failed
01-01 08:08:43.215 388 388 I : DVI mode selected: packets not configured
01-01 08:08:43.215 388 388 I : Error: set vsif failed
01-01 08:08:43.246 388 388 I : DVI mode selected: packets not configured
01-01 08:08:43.246 388 388 I : Error: set vsif failed
01-01 08:08:43.280 388 388 I : DVI mode selected: packets not configured
01-01 08:08:43.280 388 388 I : Error: set vsif failed
01-01 08:08:43.314 388 388 I : DVI mode selected: packets not configured
01-01 08:08:43.314 388 388 I : Error: set vsif failed
01-01 08:08:43.348 388 388 I : DVI mode selected: packets not configured
01-01 08:08:43.348 388 388 I : Error: set vsif failed
01-01 08:08:43.381 388 388 I : DVI mode selected: packets not configured
01-01 08:08:43.381 388 388 I : Error: set vsif failed
06-06 16:00:29.455 372 4194 D omx_vdec_aw: : video pts(57.000)
