06-06 13:42:29.328 1015 1015 I runin.sh: type=1400 audit(0.0:390): avc: denied { dac_read_search } for capability=2 scontext=u:r:shell:s0 tcontext=u:r:shell:s0 tclass=capability permissive=1
06-06 13:42:29.348 478 640 I SELinux : SELinux: Loaded file_contexts
06-06 13:42:29.350 478 520 D AW_CODE : rotation =0
06-06 13:42:29.354 478 520 D AW_CODE : rotation =0
06-06 13:42:29.359 478 640 E BackupPasswordManager: Unable to read backup pw version
06-06 13:42:29.359 478 640 E BackupPasswordManager: Unable to read saved backup pw hash
06-06 13:42:29.360 478 532 I ActivityManager: com.dangbei.lerad.etna.haqu is exempt from freezer
06-06 13:42:29.361 478 532 D CompatibilityChangeReporter: Compat change id reported: 135634846; UID 1000; state: DISABLED
01-01 08:00:21.885 169 169 I sunxi-ehci 5200000.ehci1-controller: USB 2.0 started, EHCI 1.00
01-01 08:00:21.885 169 169 E debugfs : Directory 'sunxi-ehci' with parent 'ehci' already present!
06-06 13:42:29.365 478 532 I ActivityManager: Posting BOOT_COMPLETED user #0
06-06 13:42:29.369 478 602 D CompatibilityChangeReporter: Compat change id reported: 135634846; UID 10074; state: DISABLED
06-06 13:42:29.371 326 327 D XM_HIDREAD: add@ add@/devices/platform/soc@3000000/5200000.ehci1-controller/usb2
06-06 13:42:29.371 478 602 I StorageUserConnection: Bound to the ExternalStorageService for user 0
06-06 13:42:29.372 326 327 D XM_HIDREAD: add@ add@/devices/platform/soc@3000000/5200000.ehci1-controller/usb2/2-0:1.0
01-01 08:00:21.897 169 169 I usb2 : New USB device found, idVendor=1d6b, idProduct=0002, bcdDevice= 5.04
01-01 08:00:21.897 169 169 I usb2 : New USB device strings: Mfr=3, Product=2, SerialNumber=1
01-01 08:00:21.897 169 169 I usb2 : Product: EHCI Host Controller
01-01 08:00:21.897 169 169 I usb2 : Manufacturer: Linux 5.4.125+ ehci_hcd
01-01 08:00:21.897 169 169 I usb2 : SerialNumber: sunxi-ehci
01-01 08:00:21.901 169 169 I hub 2-0 : 1.0: USB hub found
01-01 08:00:21.901 169 169 I hub 2-0 : 1.0: 1 port detected
06-06 13:42:29.378 326 327 D XM_HIDREAD: add@ add@/devices/virtual/devlink/regulator.8--5310000.ehci2-controller
01-01 08:00:21.905 169 169 W : sunxi ehci2-controller don't init wakeup source
01-01 08:00:21.905 169 169 W [sunxi-ehci2]: probe, pdev->name: 5310000.ehci2-controller, sunxi_ehci: 0xffffffc008f81d98, 0x:ffffffc0154e5000, irq_no:36
01-01 08:00:21.907 169 169 I sunxi-ehci 5310000.ehci2-controller: EHCI Host Controller
01-01 08:00:21.907 169 169 I sunxi-ehci 5310000.ehci2-controller: new USB bus registered, assigned bus number 3
01-01 08:00:21.907 169 169 I sunxi-ehci 5310000.ehci2-controller: irq 54, io mem 0x05310000
06-06 13:42:29.392 478 532 D CompatibilityChangeReporter: Compat change id reported: 135634846; UID 10014; state: DISABLED
06-06 13:42:29.392 478 532 D CompatibilityChangeReporter: Compat change id reported: 177438394; UID 10014; state: DISABLED
06-06 13:42:29.392 478 532 D CompatibilityChangeReporter: Compat change id reported: 135772972; UID 10014; state: DISABLED
06-06 13:42:29.392 478 532 D CompatibilityChangeReporter: Compat change id reported: 135754954; UID 10014; state: ENABLED
06-06 13:42:29.396 666 666 D BluetoothOppFileProvider: Initialized
01-01 08:00:21.921 169 169 I sunxi-ehci 5310000.ehci2-controller: USB 2.0 started, EHCI 1.00
01-01 08:00:21.921 169 169 E debugfs : Directory 'sunxi-ehci' with parent 'ehci' already present!
06-06 13:42:29.399 478 532 I SystemServerTimingAsync: ssm.UnlockedUser-0
06-06 13:42:29.399 478 532 I SystemServiceManager: Calling onUnlockedUser 0
06-06 13:42:29.399 824 824 D FallbackHome: User unlocked and real home found; let's go!
06-06 13:42:29.400 478 532 I LaunchParamsPersister: Didn't find launch param folder for user 0
06-06 13:42:29.403 478 532 W ActivityManager: UserLifecycleEvent 6 received without an active userJourneySession.
06-06 13:42:29.404 478 478 V NotificationAssistants: disabling notification assistant for user 0: ComponentInfo{android.ext.services/android.ext.services.notification.Assistant}
01-01 08:00:21.932 169 169 I usb3 : New USB device found, idVendor=1d6b, idProduct=0002, bcdDevice= 5.04
01-01 08:00:21.932 169 169 I usb3 : New USB device strings: Mfr=3, Product=2, SerialNumber=1
01-01 08:00:21.932 169 169 I usb3 : Product: EHCI Host Controller
01-01 08:00:21.932 169 169 I usb3 : Manufacturer: Linux 5.4.125+ ehci_hcd
01-01 08:00:21.932 169 169 I usb3 : SerialNumber: sunxi-ehci
06-06 13:42:29.405 326 327 D XM_HIDREAD: add@ add@/devices/platform/soc@3000000/5310000.ehci2-controller/usb3
06-06 13:42:29.409 249 249 D Zygote : Forked child process 1029
06-06 13:42:29.411 478 478 D NotificationListeners: Removing active service ComponentInfo{android.ext.services/android.ext.services.notification.Assistant}
06-06 13:42:29.413 478 533 W ActivityManager: Slow operation: 54ms so far, now at startProcess: returned from zygote!
06-06 13:42:29.415 478 533 W ActivityManager: Slow operation: 56ms so far, now at startProcess: done updating battery stats
06-06 13:42:29.415 478 533 W ActivityManager: Slow operation: 56ms so far, now at startProcess: building log message
06-06 13:42:29.415 478 533 I ActivityManager: app.processName = com.dangbei.lerad.etna.haqu
06-06 13:42:29.415 478 533 I ActivityManager: Start proc 1029:com.dangbei.lerad.etna.haqu/1000 for added application com.dangbei.lerad.etna.haqu
06-06 13:42:29.415 478 533 W ActivityManager: Slow operation: 56ms so far, now at startProcess: starting to update pids map
06-06 13:42:29.417 478 1021 V BackupManagerConstants: getKeyValueBackupIntervalMilliseconds(...) returns 14400000
06-06 13:42:29.417 478 1021 V BackupManagerConstants: getKeyValueBackupFuzzMilliseconds(...) returns 600000
06-06 13:42:29.417 478 1021 V BackupManagerConstants: getKeyValueBackupRequiredNetworkType(...) returns 1
06-06 13:42:29.417 478 1021 V BackupManagerConstants: getKeyValueBackupRequireCharging(...) returns true
06-06 13:42:29.417 478 1021 V KeyValueBackupJob: Scheduling k/v pass in 240 minutes
06-06 13:42:29.419 478 478 V NotificationAssistants: enabling notification assistant for 0: ComponentInfo{android.ext.services/android.ext.services.notification.Assistant}
06-06 13:42:29.419 478 478 V NotificationAssistants: binding: Intent { act=android.service.notification.NotificationAssistantService cmp=android.ext.services/.notification.Assistant (has extras) }
06-06 13:42:29.420 326 327 D XM_HIDREAD: add@ add@/devices/platform/soc@3000000/5310000.ehci2-controller/usb3/3-0:1.0
01-01 08:00:21.949 169 169 I hub 3-0 : 1.0: USB hub found
01-01 08:00:21.949 169 169 I hub 3-0 : 1.0: 1 port detected
06-06 13:42:29.426 478 640 V BackupManagerService: [UserID:0] No ancestral data
06-06 13:42:29.426 1029 1029 I Zygote : seccomp disabled by setenforce 0
06-06 13:42:29.426 478 1021 D ConnectivityService: requestNetwork for uid/pid:1000/478 activeRequest: null callbackRequest: 22 [NetworkRequest [ REQUEST id=23, [ Capabilities: INTERNET&NOT_RESTRICTED&TRUSTED&NOT_VCN_MANAGED Uid: 1000 RequestorUid: 1000 RequestorPkg: android] ]] callback flags: 0 priority: 2147483647
06-06 13:42:29.429 326 327 D XM_HIDREAD: add@ add@/devices/virtual/devlink/regulator.8--5311000.ehci3-controller
06-06 13:42:29.431 478 617 D ConnectivityService: NetReassign [no changes]
01-01 08:00:21.957 169 169 W : sunxi ehci3-controller don't init wakeup source
01-01 08:00:21.957 169 169 W [sunxi-ehci3]: probe, pdev->name: 5311000.ehci3-controller, sunxi_ehci: 0xffffffc008f82458, 0x:ffffffc015591000, irq_no:38
01-01 08:00:21.958 169 169 I sunxi-ehci 5311000.ehci3-controller: EHCI Host Controller
01-01 08:00:21.958 169 169 I sunxi-ehci 5311000.ehci3-controller: new USB bus registered, assigned bus number 4
01-01 08:00:21.958 169 169 I sunxi-ehci 5311000.ehci3-controller: irq 56, io mem 0x05311000
06-06 13:42:29.433 478 653 D PPPOE : got request NetworkRequest [ REQUEST id=23, [ Capabilities: INTERNET&NOT_RESTRICTED&TRUSTED&NOT_VCN_MANAGED Uid: 1000 RequestorUid: 1000 RequestorPkg: android] ]
06-06 13:42:29.433 478 652 D Ethernet: got request NetworkRequest [ REQUEST id=23, [ Capabilities: INTERNET&NOT_RESTRICTED&TRUSTED&NOT_VCN_MANAGED Uid: 1000 RequestorUid: 1000 RequestorPkg: android] ]
06-06 13:42:29.433 478 652 D EthernetNetworkFactory: acceptRequest, request: NetworkRequest [ REQUEST id=23, [ Capabilities: INTERNET&NOT_RESTRICTED&TRUSTED&NOT_VCN_MANAGED Uid: 1000 RequestorUid: 1000 RequestorPkg: android] ]
06-06 13:42:29.433 478 652 I EthernetNetworkFactory: networkForRequest, request: NetworkRequest [ REQUEST id=23, [ Capabilities: INTERNET&NOT_RESTRICTED&TRUSTED&NOT_VCN_MANAGED Uid: 1000 RequestorUid: 1000 RequestorPkg: android] ], network: null
06-06 13:42:29.436 478 522 I ActivityStarter: ---START u0 {act=android.intent.action.MAIN cat=[android.intent.category.HOME] flg=0x10000100 cmp=com.dangbei.leard.leradlauncher/com.dangbei.launcher.home.LauncherActivity (has extras)} from uid 0
06-06 13:42:29.438 478 1020 E system_server: No package ID 7f found for ID 0x7f070090.
06-06 13:42:29.438 478 1020 E system_server: No package ID 7f found for ID 0x7f10009b.
06-06 13:42:29.440 329 329 I rainbow_flow: type=1400 audit(0.0:391): avc: denied { ioctl } for path="/dev/spidev1.0" dev="tmpfs" ino=208 ioctlcmd=0x6b00 scontext=u:r:init:s0 tcontext=u:object_r:device:s0 tclass=chr_file permissive=1
06-06 13:42:29.449 478 531 W Searchables: No global search activity found
01-01 08:00:21.973 169 169 I sunxi-ehci 5311000.ehci3-controller: USB 2.0 started, EHCI 1.00
01-01 08:00:21.973 169 169 E debugfs : Directory 'sunxi-ehci' with parent 'ehci' already present!
06-06 13:42:29.454 478 522 D CompatibilityChangeReporter: Compat change id reported: 174042980; UID 1000; state: DISABLED
01-01 08:00:21.983 169 169 I usb4 : New USB device found, idVendor=1d6b, idProduct=0002, bcdDevice= 5.04
01-01 08:00:21.983 169 169 I usb4 : New USB device strings: Mfr=3, Product=2, SerialNumber=1
01-01 08:00:21.983 169 169 I usb4 : Product: EHCI Host Controller
01-01 08:00:21.983 169 169 I usb4 : Manufacturer: Linux 5.4.125+ ehci_hcd
01-01 08:00:21.983 169 169 I usb4 : SerialNumber: sunxi-ehci
06-06 13:42:29.456 326 327 D XM_HIDREAD: add@ add@/devices/platform/soc@3000000/5311000.ehci3-controller/usb4
06-06 13:42:29.458 478 531 I system_server: Using smaps_rollup for pss collection
06-06 13:42:29.459 397 417 I adbd : jdwp connection from 1029
06-06 13:42:29.461 326 327 D XM_HIDREAD: add@ add@/devices/platform/soc@3000000/5311000.ehci3-controller/usb4/4-0:1.0
06-06 13:42:29.463 478 522 D ActivityTaskManager: isHomeLauncher info= ActivityInfo{1c4f926 com.dangbei.launcher.home.LauncherActivity}
01-01 08:00:21.990 169 169 I hub 4-0 : 1.0: USB hub found
01-01 08:00:21.990 169 169 I hub 4-0 : 1.0: 1 port detected
06-06 13:42:29.475 326 327 D XM_HIDREAD: add@ add@/bus/platform/drivers/sunxi-ehci
06-06 13:42:29.478 478 522 W System.err: java.io.IOException: Cannot run program "su": error=2, No such file or directory
06-06 13:42:29.479 478 522 W System.err: at java.lang.ProcessBuilder.start(ProcessBuilder.java:1050)
06-06 13:42:29.479 478 522 W System.err: at java.lang.Runtime.exec(Runtime.java:694)
06-06 13:42:29.479 478 522 W System.err: at java.lang.Runtime.exec(Runtime.java:524)
06-06 13:42:29.479 478 522 W System.err: at java.lang.Runtime.exec(Runtime.java:421)
06-06 13:42:29.479 478 522 W System.err: at com.android.server.wm.ActivityRecord.executeCMD(ActivityRecord.java:5940)
06-06 13:42:29.479 478 522 W System.err: at com.android.server.wm.ActivityRecord.isHomeLauncher(ActivityRecord.java:2431)
06-06 13:42:29.479 478 522 W System.err: at com.android.server.wm.RootWindowContainer.startPowerModeLaunchIfNeeded(RootWindowContainer.java:3653)
06-06 13:42:29.479 478 522 W System.err: at com.android.server.wm.ActivityStarter.startActivityInner(ActivityStarter.java:1786)
06-06 13:42:29.479 478 522 W System.err: at com.android.server.wm.ActivityStarter.startActivityUnchecked(ActivityStarter.java:1579)
06-06 13:42:29.479 478 522 W System.err: at com.android.server.wm.ActivityStarter.executeRequest(ActivityStarter.java:1186)
06-06 13:42:29.479 478 522 W System.err: at com.android.server.wm.ActivityStarter.execute(ActivityStarter.java:667)
06-06 13:42:29.479 478 522 W System.err: at com.android.server.wm.ActivityStartController.startHomeActivity(ActivityStartController.java:177)
06-06 13:42:29.479 478 522 W System.err: at com.android.server.wm.RootWindowContainer.startHomeOnTaskDisplayArea(RootWindowContainer.java:1565)
06-06 13:42:29.479 478 522 W System.err: at com.android.server.wm.RootWindowContainer.lambda$startHomeOnEmptyDisplays$11$RootWindowContainer(RootWindowContainer.java:1485)
06-06 13:42:29.479 478 522 W System.err: at com.android.server.wm.RootWindowContainer$$ExternalSyntheticLambda22.accept(Unknown Source:6)
06-06 13:42:29.479 478 522 W System.err: at com.android.server.wm.TaskDisplayArea.forAllTaskDisplayAreas(TaskDisplayArea.java:529)
06-06 13:42:29.479 478 522 W System.err: at com.android.server.wm.DisplayArea.forAllTaskDisplayAreas(DisplayArea.java:369)
06-06 13:42:29.479 478 522 W System.err: at com.android.server.wm.DisplayArea.forAllTaskDisplayAreas(DisplayArea.java:369)
06-06 13:42:29.479 478 522 W System.err: at com.android.server.wm.DisplayArea.forAllTaskDisplayAreas(DisplayArea.java:369)
06-06 13:42:29.479 478 522 W System.err: at com.android.server.wm.DisplayArea.forAllTaskDisplayAreas(DisplayArea.java:369)
06-06 13:42:29.479 478 522 W System.err: at com.android.server.wm.DisplayArea.forAllTaskDisplayAreas(DisplayArea.java:369)
06-06 13:42:29.479 478 522 W System.err: at com.android.server.wm.WindowContainer.forAllTaskDisplayAreas(WindowContainer.java:1966)
06-06 13:42:29.480 478 522 W System.err: at com.android.server.wm.WindowContainer.forAllTaskDisplayAreas(WindowContainer.java:1977)
06-06 13:42:29.480 478 522 W System.err: at com.android.server.wm.RootWindowContainer.startHomeOnEmptyDisplays(RootWindowContainer.java:1483)
06-06 13:42:29.480 478 522 W System.err: at com.android.server.wm.ActivityTaskSupervisor$ActivityTaskSupervisorHandler.handleMessageInner(ActivityTaskSupervisor.java:2642)
06-06 13:42:29.480 478 522 W System.err: at com.android.server.wm.ActivityTaskSupervisor$ActivityTaskSupervisorHandler.handleMessage(ActivityTaskSupervisor.java:2548)
06-06 13:42:29.480 478 522 W System.err: at android.os.Handler.dispatchMessage(Handler.java:106)
06-06 13:42:29.480 478 522 W System.err: at android.os.Looper.loopOnce(Looper.java:201)
06-06 13:42:29.480 478 522 W System.err: at android.os.Looper.loop(Looper.java:288)
06-06 13:42:29.480 478 522 W System.err: at android.os.HandlerThread.run(HandlerThread.java:67)
06-06 13:42:29.480 478 522 W System.err: at com.android.server.ServiceThread.run(ServiceThread.java:44)
06-06 13:42:29.480 382 382 I update_engine: [INFO:cleanup_previous_update_action.cc(112)] Executing task 6
06-06 13:42:29.481 326 327 D XM_HIDREAD: add@ add@/module/ehci_sunxi
06-06 13:42:29.483 382 382 I update_engine: [INFO:cleanup_previous_update_action.cc(189)] Boot completed, waiting on markBootSuccessful()
06-06 13:42:29.484 478 522 W System.err: Caused by: java.io.IOException: error=2, No such file or directory
06-06 13:42:29.484 478 522 W System.err: at java.lang.UNIXProcess.forkAndExec(Native Method)
06-06 13:42:29.484 478 522 W System.err: at java.lang.UNIXProcess.(UNIXProcess.java:133)
06-06 13:42:29.484 478 522 W System.err: at java.lang.ProcessImpl.start(ProcessImpl.java:141)
06-06 13:42:29.484 478 522 W System.err: at java.lang.ProcessBuilder.start(ProcessBuilder.java:1029)
06-06 13:42:29.484 478 522 W System.err: ... 30 more
06-06 13:42:29.485 268 268 I AW_PowerHAL: Power setMode: SUSTAINED_PERFORMANCE to: 1
06-06 13:42:29.490 382 382 I update_engine: EnsureMetadataMounted does nothing in Android mode.
06-06 13:42:29.491 478 522 D CompatibilityChangeReporter: Compat change id reported: 168419799; UID 1000; state: DISABLED
06-06 13:42:29.494 382 382 I update_engine: Read merge statistics file failed: No such file or directory
06-06 13:42:29.500 382 382 I update_engine: [INFO:cleanup_previous_update_action.cc(261)] Waiting for any previous merge request to complete. This can take up to several minutes.
06-06 13:42:29.500 283 283 I BpBinder: onLastStrongRef automatically unlinking death recipients:
06-06 13:42:29.502 382 382 E update_engine: Read state file failed: No such file or directory
06-06 13:42:29.503 478 533 W ActivityManager: Slow operation: 144ms so far, now at startProcess: done updating pids map
06-06 13:42:29.503 478 533 W ActivityManager: Slow operation: 134ms so far, now at startProcess: asking zygote to start proc
06-06 13:42:29.505 478 533 D CompatibilityChangeReporter: Compat change id reported: 143937733; UID 10074; state: ENABLED
06-06 13:42:29.506 382 382 E update_engine: Read state file failed: No such file or directory
06-06 13:42:29.508 382 382 I update_engine: CheckMergeState for snapshots returned: 0
06-06 13:42:29.511 382 382 I update_engine: ProcessUpdateState handling state: 0
06-06 13:42:29.512 382 382 I update_engine: [INFO:cleanup_previous_update_action.cc(287)] Can't find any snapshot to merge.
06-06 13:42:29.513 382 382 E update_engine: Read state file failed: No such file or directory
06-06 13:42:29.515 382 382 I update_engine: [INFO:cleanup_previous_update_action.cc(130)] Stopping/suspending/completing CleanupPreviousUpdateAction
01-01 08:00:22.045 169 169 W sunxi-ohci: OHCI SUNXI driver
01-01 08:00:22.046 169 169 W : sunxi ohci0-controller don't init wakeup source
01-01 08:00:22.046 169 169 W [sunxi-ohci0]: probe, pdev->name: 5101400.ohci0-controller, sunxi_ohci: 0xffffffc008f81378
01-01 08:00:22.047 169 169 I sunxi-ohci 5101400.ohci0-controller: OHCI Host Controller
01-01 08:00:22.047 169 169 I sunxi-ohci 5101400.ohci0-controller: new USB bus registered, assigned bus number 5
01-01 08:00:22.047 169 169 I sunxi-ohci 5101400.ohci0-controller: irq 51, io mem 0x05101400
06-06 13:42:29.518 326 327 D XM_HIDREAD: add@ add@/devices/virtual/devlink/regulator.8--5101400.ohci0-controller
06-06 13:42:29.519 478 478 W Looper : Slow dispatch took 119ms main h=android.app.ActivityThread$H c=android.app.LoadedApk$ReceiverDispatcher$Args$$ExternalSyntheticLambda0@69a175 m=0
06-06 13:42:29.522 382 382 I update_engine: [INFO:cleanup_previous_update_action.cc(469)] Not reporting merge stats because state is None
06-06 13:42:29.524 382 382 I update_engine: [INFO:cleanup_previous_update_action.cc(130)] Stopping/suspending/completing CleanupPreviousUpdateAction
06-06 13:42:29.525 268 268 W AW_PowerHAL: Could not open nsi-bw: No such file or directory
06-06 13:42:29.525 268 268 I AW_PowerHAL: cur-mode:PERFORMANCE
06-06 13:42:29.526 382 382 I update_engine: [INFO:action_processor.cc(116)] ActionProcessor: finished last action CleanupPreviousUpdateAction with code ErrorCode::kSuccess
06-06 13:42:29.526 249 249 D Zygote : Forked child process 1046
06-06 13:42:29.527 478 533 W ActivityManager: Slow operation: 158ms so far, now at startProcess: returned from zygote!
06-06 13:42:29.529 382 382 I update_engine: [INFO:update_attempter_android.cc(549)] Processing Done.
06-06 13:42:29.530 478 1027 E TaskPersister: File error accessing recents directory (directory doesn't exist?).
06-06 13:42:29.536 382 382 I update_engine: [INFO:update_attempter_android.cc(701)] Terminating cleanup previous update.
06-06 13:42:29.542 478 813 D CompatibilityChangeReporter: Compat change id reported: 181136395; UID 1000; state: DISABLED
06-06 13:42:29.543 478 813 D CompatibilityChangeReporter: Compat change id reported: 174042936; UID 1000; state: DISABLED
06-06 13:42:29.546 1046 1046 I Zygote : seccomp disabled by setenforce 0
06-06 13:42:29.546 1029 1029 D CompatibilityChangeReporter: Compat change id reported: 171979766; UID 1000; state: DISABLED
06-06 13:42:29.548 478 522 I ActivityManager: com.dangbei.leard.leradlauncher is exempt from freezer
06-06 13:42:29.556 478 522 D CompatibilityChangeReporter: Compat change id reported: 135634846; UID 1000; state: DISABLED
06-06 13:42:29.563 478 533 W ActivityManager: Slow operation: 194ms so far, now at startProcess: done updating battery stats
06-06 13:42:29.563 478 533 I Watchdog: Interesting Java process com.android.providers.media.module started. Pid 1046
06-06 13:42:29.564 478 533 W ActivityManager: Slow operation: 194ms so far, now at startProcess: building log message
06-06 13:42:29.564 478 533 I ActivityManager: app.processName = com.android.providers.media.module
06-06 13:42:29.564 478 533 I ActivityManager: Start proc 1046:com.android.providers.media.module/u0a74 for service {com.android.providers.media.module/com.android.providers.media.fuse.ExternalStorageServiceImpl}
06-06 13:42:29.564 478 533 W ActivityManager: Slow operation: 194ms so far, now at startProcess: starting to update pids map
06-06 13:42:29.564 478 533 W ActivityManager: Slow operation: 194ms so far, now at startProcess: done updating pids map
06-06 13:42:29.564 478 533 W ActivityManager: Slow operation: 173ms so far, now at startProcess: asking zygote to start proc
06-06 13:42:29.565 478 533 D CompatibilityChangeReporter: Compat change id reported: 143937733; UID 10014; state: ENABLED
06-06 13:42:29.568 478 640 I BackupManagerService: isBackupEnabled() => false due to absent settings file
06-06 13:42:29.568 478 640 D BackupManagerService: user:0 readBackupEnableState enabled:false
06-06 13:42:29.568 478 640 I BackupManagerService: [UserID:0] Backup enabled => false
06-06 13:42:29.572 478 478 I AccountManagerService: User 0 is unlocked - opening CE database
06-06 13:42:29.580 331 331 I xiriservice_All: type=1400 audit(0.0:392): avc: denied { read } for scontext=u:r:init:s0 tcontext=u:r:init:s0 tclass=netlink_kobject_uevent_socket permissive=1
06-06 13:42:29.584 329 329 I rainbow_flow: type=1400 audit(0.0:393): avc: denied { ioctl } for path="/dev/spidev1.0" dev="tmpfs" ino=208 ioctlcmd=0x6b00 scontext=u:r:init:s0 tcontext=u:object_r:device:s0 tclass=chr_file permissive=1
06-06 13:42:29.583 326 327 D XM_HIDREAD: add@ add@/devices/platform/soc@3000000/5101400.ohci0-controller/usb5
06-06 13:42:29.586 249 249 D Zygote : Forked child process 1055
06-06 13:42:29.587 478 533 W ActivityManager: Slow operation: 197ms so far, now at startProcess: returned from zygote!
06-06 13:42:29.588 478 533 W ActivityManager: Slow operation: 197ms so far, now at startProcess: done updating battery stats
06-06 13:42:29.589 478 533 W ActivityManager: Slow operation: 198ms so far, now at startProcess: building log message
06-06 13:42:29.589 478 533 I ActivityManager: app.processName = com.android.traceur
06-06 13:42:29.589 478 533 I ActivityManager: Start proc 1055:com.android.traceur/u0a14 for broadcast {com.android.traceur/com.android.traceur.Receiver}
06-06 13:42:29.589 478 533 W ActivityManager: Slow operation: 199ms so far, now at startProcess: starting to update pids map
06-06 13:42:29.589 326 327 D XM_HIDREAD: add@ add@/devices/platform/soc@3000000/5101400.ohci0-controller/usb5/5-0:1.0
01-01 08:00:22.109 169 169 I usb5 : New USB device found, idVendor=1d6b, idProduct=0001, bcdDevice= 5.04
01-01 08:00:22.109 169 169 I usb5 : New USB device strings: Mfr=3, Product=2, SerialNumber=1
01-01 08:00:22.109 169 169 I usb5 : Product: OHCI Host Controller
01-01 08:00:22.109 169 169 I usb5 : Manufacturer: Linux 5.4.125+ ohci_hcd
01-01 08:00:22.109 169 169 I usb5 : SerialNumber: sunxi-ohci
01-01 08:00:22.118 169 169 I hub 5-0 : 1.0: USB hub found
01-01 08:00:22.118 169 169 I hub 5-0 : 1.0: 1 port detected
06-06 13:42:29.590 478 533 W ActivityManager: Slow operation: 200ms so far, now at startProcess: done updating pids map
06-06 13:42:29.593 326 327 D XM_HIDREAD: add@ add@/devices/virtual/devlink/regulator.8--5200400.ohci1-controller
06-06 13:42:29.600 397 417 I adbd : jdwp connection from 1046
06-06 13:42:29.603 1055 1055 I Zygote : seccomp disabled by setenforce 0
06-06 13:42:29.605 1029 1029 D ApplicationLoaders: Returning zygote-cached class loader: /system/framework/android.test.base.jar
06-06 13:42:29.605 1029 1029 D ApplicationLoaders: Returning zygote-cached class loader: /system/framework/android.hidl.manager-V1.0-java.jar
06-06 13:42:29.605 1029 1029 D ApplicationLoaders: Returning zygote-cached class loader: /system/framework/android.hidl.base-V1.0-java.jar
01-01 08:00:22.121 169 169 W : sunxi ohci1-controller don't init wakeup source
01-01 08:00:22.121 169 169 W [sunxi-ohci1]: probe, pdev->name: 5200400.ohci1-controller, sunxi_ohci: 0xffffffc008f81a38
01-01 08:00:22.122 169 169 I sunxi-ohci 5200400.ohci1-controller: OHCI Host Controller
01-01 08:00:22.122 169 169 I sunxi-ohci 5200400.ohci1-controller: new USB bus registered, assigned bus number 6
01-01 08:00:22.122 169 169 E debugfs : Directory 'sunxi-ohci' with parent 'ohci' already present!
01-01 08:00:22.133 169 169 I sunxi-ohci 5200400.ohci1-controller: irq 53, io mem 0x05200400
06-06 13:42:29.608 679 679 D TvPipController: onTaskStackChanged()
06-06 13:42:29.622 249 249 D Zygote : Forked child process 1062
06-06 13:42:29.624 478 533 W ActivityManager: Slow operation: 76ms so far, now at startProcess: returned from zygote!
06-06 13:42:29.625 478 533 W ActivityManager: Slow operation: 77ms so far, now at startProcess: done updating battery stats
06-06 13:42:29.625 478 533 W ActivityManager: Slow operation: 78ms so far, now at startProcess: building log message
06-06 13:42:29.625 478 533 I ActivityManager: app.processName = com.dangbei.leard.leradlauncher
06-06 13:42:29.625 478 533 I ActivityManager: Start proc 1062:com.dangbei.leard.leradlauncher/1000 for top-activity {com.dangbei.leard.leradlauncher/com.dangbei.launcher.home.LauncherActivity}
06-06 13:42:29.625 478 533 W ActivityManager: Slow operation: 78ms so far, now at startProcess: starting to update pids map
06-06 13:42:29.625 478 533 W ActivityManager: Slow operation: 78ms so far, now at startProcess: done updating pids map
06-06 13:42:29.631 397 417 I adbd : jdwp connection from 1055
06-06 13:42:29.632 1062 1062 I Zygote : seccomp disabled by setenforce 0
06-06 13:42:29.633 679 960 V WallpaperService: Setting wallpaper dimming: 0.05
06-06 13:42:29.658 478 814 D CompatibilityChangeReporter: Compat change id reported: 168419799; UID 10074; state: DISABLED
06-06 13:42:29.664 397 417 I adbd : jdwp connection from 1062
06-06 13:42:29.668 331 331 I xiriservice_All: type=1400 audit(0.0:394): avc: denied { read } for scontext=u:r:init:s0 tcontext=u:r:init:s0 tclass=netlink_kobject_uevent_socket permissive=1
06-06 13:42:29.670 326 327 D XM_HIDREAD: add@ add@/devices/platform/soc@3000000/5200400.ohci1-controller/usb6
06-06 13:42:29.671 326 327 D XM_HIDREAD: add@ add@/devices/platform/soc@3000000/5200400.ohci1-controller/usb6/6-0:1.0
01-01 08:00:22.197 169 169 I usb6 : New USB device found, idVendor=1d6b, idProduct=0001, bcdDevice= 5.04
01-01 08:00:22.197 169 169 I usb6 : New USB device strings: Mfr=3, Product=2, SerialNumber=1
01-01 08:00:22.197 169 169 I usb6 : Product: OHCI Host Controller
01-01 08:00:22.197 169 169 I usb6 : Manufacturer: Linux 5.4.125+ ohci_hcd
01-01 08:00:22.197 169 169 I usb6 : SerialNumber: sunxi-ohci
01-01 08:00:22.200 169 169 I hub 6-0 : 1.0: USB hub found
01-01 08:00:22.200 169 169 I hub 6-0 : 1.0: 1 port detected
01-01 08:00:22.203 169 169 W : sunxi ohci2-controller don't init wakeup source
01-01 08:00:22.203 169 169 W [sunxi-ohci2]: probe, pdev->name: 5310400.ohci2-controller, sunxi_ohci: 0xffffffc008f820f8
06-06 13:42:29.677 326 327 D XM_HIDREAD: add@ add@/devices/virtual/devlink/regulator.8--5310400.ohci2-controller
01-01 08:00:22.206 169 169 I sunxi-ohci 5310400.ohci2-controller: OHCI Host Controller
01-01 08:00:22.206 169 169 I sunxi-ohci 5310400.ohci2-controller: new USB bus registered, assigned bus number 7
01-01 08:00:22.206 169 169 E debugfs : Directory 'sunxi-ohci' with parent 'ohci' already present!
01-01 08:00:22.217 169 169 I sunxi-ohci 5310400.ohci2-controller: irq 55, io mem 0x05310400
06-06 13:42:29.692 478 814 D CompatibilityChangeReporter: Compat change id reported: 168419799; UID 10014; state: DISABLED
06-06 13:42:29.701 1046 1046 D CompatibilityChangeReporter: Compat change id reported: 171979766; UID 10074; state: DISABLED
06-06 13:42:29.733 478 750 D AW_CODE : rotation =0
06-06 13:42:29.735 187 187 I hwservicemanager: getTransport: Cannot find entry android.hardware.graphics.mapper@4.0::IMapper/default in either framework or device VINTF manifest.
06-06 13:42:29.736 478 750 D CompatibilityChangeReporter: Compat change id reported: 174042980; UID 1000; state: DISABLED
06-06 13:42:29.736 679 960 I Gralloc4: mapper 4.x is not supported
06-06 13:42:29.737 187 187 I hwservicemanager: getTransport: Cannot find entry android.hardware.graphics.mapper@3.0::IMapper/default in either framework or device VINTF manifest.
06-06 13:42:29.737 1055 1055 D CompatibilityChangeReporter: Compat change id reported: 171979766; UID 10014; state: ENABLED
06-06 13:42:29.739 679 960 W Gralloc3: mapper 3.x is not supported
06-06 13:42:29.748 679 960 E gralloc : Arm Module v1.0
06-06 13:42:29.750 187 187 I hwservicemanager: getTransport: Cannot find entry android.hardware.graphics.allocator@4.0::IAllocator/default in either framework or device VINTF manifest.
06-06 13:42:29.750 679 960 W Gralloc4: allocator 4.x is not supported
06-06 13:42:29.751 187 187 I hwservicemanager: getTransport: Cannot find entry android.hardware.graphics.allocator@3.0::IAllocator/default in either framework or device VINTF manifest.
06-06 13:42:29.752 679 960 W Gralloc3: allocator 3.x is not supported
06-06 13:42:29.754 478 610 D WifiService: Handle boot completed
06-06 13:42:29.755 326 327 D XM_HIDREAD: add@ add@/devices/platform/soc@3000000/5310400.ohci2-controller/usb7
06-06 13:42:29.759 262 288 I gralloc : alloc buffer:W:1920 H:1080 S:1920 PL[1920 1080] SZ:8294400 fmt:43 if:0 af:43 usg:20000b00 fg:00000004
06-06 13:42:29.760 1062 1062 D CompatibilityChangeReporter: Compat change id reported: 171979766; UID 1000; state: DISABLED
06-06 13:42:29.760 326 327 D XM_HIDREAD: add@ add@/devices/platform/soc@3000000/5310400.ohci2-controller/usb7/7-0:1.0
06-06 13:42:29.761 679 960 E ion : ioctl c0044901 failed with code -1: Inappropriate ioctl for device
06-06 13:42:29.763 478 478 W Looper : Slow dispatch took 240ms main h=android.app.ActivityThread$H c=android.app.LoadedApk$ReceiverDispatcher$Args$$ExternalSyntheticLambda0@5005bca m=0
06-06 13:42:29.764 478 478 W Looper : Slow delivery took 365ms main h=com.android.server.accessibility.AccessibilityManagerService$MainHandler c= m=0
06-06 13:42:29.766 326 327 D XM_HIDREAD: add@ add@/devices/virtual/devlink/regulator.8--5311400.ohci3-controller
06-06 13:42:29.771 478 610 I WifiScoreCard: Installing MemoryStore
06-06 13:42:29.771 478 610 I WifiHealthMonitor: Installing MemoryStore
06-06 13:42:29.785 263 263 W sunxihwc: computeLayerMemoryFootprint: Unknown pixelformat(-1)
06-06 13:42:29.789 262 288 I gralloc : alloc buffer:W:1920 H:1080 S:1920 PL[1920 1080] SZ:8294400 fmt:43 if:0 af:43 usg:20000b00 fg:00000004
06-06 13:42:29.790 1062 1062 D ApplicationLoaders: Returning zygote-cached class loader: /system/framework/android.test.base.jar
06-06 13:42:29.790 1062 1062 D ApplicationLoaders: Returning zygote-cached class loader: /system/framework/android.hidl.manager-V1.0-java.jar
06-06 13:42:29.790 1062 1062 D ApplicationLoaders: Returning zygote-cached class loader: /system/framework/android.hidl.base-V1.0-java.jar
06-06 13:42:29.740 329 329 I rainbow_flow: type=1400 audit(0.0:395): avc: denied { ioctl } for path="/dev/spidev1.0" dev="tmpfs" ino=208 ioctlcmd=0x6b00 scontext=u:r:init:s0 tcontext=u:object_r:device:s0 tclass=chr_file permissive=1
01-01 08:00:22.282 169 169 I usb7 : New USB device found, idVendor=1d6b, idProduct=0001, bcdDevice= 5.04
01-01 08:00:22.282 169 169 I usb7 : New USB device strings: Mfr=3, Product=2, SerialNumber=1
01-01 08:00:22.282 169 169 I usb7 : Product: OHCI Host Controller
01-01 08:00:22.282 169 169 I usb7 : Manufacturer: Linux 5.4.125+ ohci_hcd
01-01 08:00:22.282 169 169 I usb7 : SerialNumber: sunxi-ohci
01-01 08:00:22.285 169 169 I hub 7-0 : 1.0: USB hub found
01-01 08:00:22.285 169 169 I hub 7-0 : 1.0: 1 port detected
01-01 08:00:22.294 169 169 W : sunxi ohci3-controller don't init wakeup source
01-01 08:00:22.294 169 169 W [sunxi-ohci3]: probe, pdev->name: 5311400.ohci3-controller, sunxi_ohci: 0xffffffc008f827b8
01-01 08:00:22.295 169 169 I sunxi-ohci 5311400.ohci3-controller: OHCI Host Controller
01-01 08:00:22.295 169 169 I sunxi-ohci 5311400.ohci3-controller: new USB bus registered, assigned bus number 8
01-01 08:00:22.295 169 169 E debugfs : Directory 'sunxi-ohci' with parent 'ohci' already present!
01-01 08:00:22.309 169 169 I sunxi-ohci 5311400.ohci3-controller: irq 57, io mem 0x05311400
06-06 13:42:29.748 269 269 I EventThread: type=1400 audit(0.0:396): avc: denied { search } for name="extcon" dev="sysfs" ino=18109 scontext=u:r:hal_tv_cec_default:s0 tcontext=u:object_r:sysfs_extcon:s0 tclass=dir permissive=1
06-06 13:42:29.804 478 665 I SyncManager: Loaded persisted syncs: 0 periodic syncs, 0 oneshot syncs, 16 total system server jobs, JobStats: FirstLoad: 5/2/0 LastSave: -1/-1/-1
06-06 13:42:29.839 1029 1029 V GraphicsEnvironment: ANGLE Developer option for 'com.dangbei.lerad.etna.haqu' set to: 'default'
06-06 13:42:29.841 1029 1029 V GraphicsEnvironment: Neither updatable production driver nor prerelease driver is supported.
06-06 13:42:29.843 1029 1029 D NetworkSecurityConfig: Using Network Security Config from resource network_security_config debugBuild: false
01-01 08:00:22.374 169 169 I usb8 : New USB device found, idVendor=1d6b, idProduct=0001, bcdDevice= 5.04
01-01 08:00:22.374 169 169 I usb8 : New USB device strings: Mfr=3, Product=2, SerialNumber=1
01-01 08:00:22.374 169 169 I usb8 : Product: OHCI Host Controller
01-01 08:00:22.374 169 169 I usb8 : Manufacturer: Linux 5.4.125+ ohci_hcd
01-01 08:00:22.374 169 169 I usb8 : SerialNumber: sunxi-ohci
01-01 08:00:22.376 169 169 I hub 8-0 : 1.0: USB hub found
01-01 08:00:22.376 169 169 I hub 8-0 : 1.0: 1 port detected
06-06 13:42:29.846 326 327 D XM_HIDREAD: add@ add@/devices/platform/soc@3000000/5311400.ohci3-controller/usb8
06-06 13:42:29.847 326 327 D XM_HIDREAD: add@ add@/devices/platform/soc@3000000/5311400.ohci3-controller/usb8/8-0:1.0
06-06 13:42:29.853 1029 1029 D NetworkSecurityConfig: Using Network Security Config from resource network_security_config debugBuild: false
06-06 13:42:29.862 326 327 D XM_HIDREAD: add@ add@/bus/platform/drivers/sunxi-ohci
06-06 13:42:29.862 326 327 D XM_HIDREAD: add@ add@/module/ohci_sunxi
06-06 13:42:29.881 478 478 W NotificationHistory: Attempted to add notif for locked/gone/disabled user 0
06-06 13:42:29.881 1046 1046 V GraphicsEnvironment: ANGLE Developer option for 'com.android.providers.media.module' set to: 'default'
06-06 13:42:29.881 1046 1046 V GraphicsEnvironment: Neither updatable production driver nor prerelease driver is supported.
06-06 13:42:29.882 478 478 W Looper : Slow dispatch took 115ms main h=com.android.server.notification.NotificationManagerService$WorkerHandler c=com.android.server.notification.NotificationManagerService$PostNotificationRunnable@31e7f2b m=0
06-06 13:42:29.882 478 478 V NotificationAssistants: 0 notification assistant service connected: ComponentInfo{android.ext.services/android.ext.services.notification.Assistant}
06-06 13:42:29.890 326 327 D XM_HIDREAD: add@ add@/bus/platform/drivers/otg manager
06-06 13:42:29.890 326 327 D XM_HIDREAD: add@ add@/module/sunxi_usbc
06-06 13:42:29.894 478 531 I ActivityManager: com.android.keychain is exempt from freezer
06-06 13:42:29.894 478 531 D CompatibilityChangeReporter: Compat change id reported: 135634846; UID 1000; state: DISABLED
06-06 13:42:29.896 478 478 W Looper : Drained
06-06 13:42:29.898 478 610 D WifiNetworkFactory: Registering NetworkFactory
06-06 13:42:29.898 478 610 D UntrustedWifiNetworkFactory: Registering NetworkFactory
06-06 13:42:29.898 478 610 D OemPaidWifiNetworkFactory: Registering NetworkFactory
06-06 13:42:29.900 478 617 D ConnectivityService: Got NetworkProvider Messenger for WifiNetworkFactory
06-06 13:42:29.902 478 617 D ConnectivityService: Got NetworkProvider Messenger for UntrustedWifiNetworkFactory
06-06 13:42:29.902 478 617 D ConnectivityService: Got NetworkProvider Messenger for OemPaidWifiNetworkFactory
01-01 08:00:22.414 169 169 D : get det_vbus is fail, -84
01-01 08:00:22.415 169 169 D : get id is fail, -84
06-06 13:42:29.922 1046 1046 D NetworkSecurityConfig: No Network Security Config specified, using platform default
06-06 13:42:29.922 478 519 I AdbDebuggingManager: Not connected to any wireless network. Not enabling adbwifi.
06-06 13:42:29.923 478 519 W Looper : Slow dispatch took 1362ms android.fg h=com.android.server.adb.AdbDebuggingManager$AdbDebuggingHandler c=null m=11
06-06 13:42:29.925 478 1021 V BackupManagerConstants: getKeyValueBackupIntervalMilliseconds(...) returns 14400000
06-06 13:42:29.926 478 1021 V BackupManagerConstants: getKeyValueBackupFuzzMilliseconds(...) returns 600000
06-06 13:42:29.926 478 1021 V BackupManagerConstants: getKeyValueBackupRequiredNetworkType(...) returns 1
06-06 13:42:29.926 478 1021 V BackupManagerConstants: getKeyValueBackupRequireCharging(...) returns true
06-06 13:42:29.926 478 1021 V KeyValueBackupJob: Scheduling k/v pass in 244 minutes
06-06 13:42:29.926 249 249 D Zygote : Forked child process 1105
06-06 13:42:29.927 1062 1062 V GraphicsEnvironment: ANGLE Developer option for 'com.dangbei.leard.leradlauncher' set to: 'default'
06-06 13:42:29.927 1062 1062 V GraphicsEnvironment: Neither updatable production driver nor prerelease driver is supported.
06-06 13:42:29.930 1062 1062 D NetworkSecurityConfig: Using Network Security Config from resource network_permission_config debugBuild: false
06-06 13:42:29.931 478 533 I ActivityManager: app.processName = com.android.keychain
06-06 13:42:29.931 478 533 I ActivityManager: Start proc 1105:com.android.keychain/1000 for service {com.android.keychain/com.android.keychain.KeyChainService}
06-06 13:42:29.936 1062 1062 D NetworkSecurityConfig: Using Network Security Config from resource network_permission_config debugBuild: false
06-06 13:42:29.940 1046 1046 D NetworkSecurityConfig: No Network Security Config specified, using platform default
06-06 13:42:29.942 478 519 W Looper : Slow delivery took 1363ms android.fg h=com.android.server.adb.AdbDebuggingManager$AdbDebuggingHandler c=null m=8
06-06 13:42:29.946 1105 1105 I Zygote : seccomp disabled by setenforce 0
06-06 13:42:29.951 478 610 D WakeupConfigStoreData: WifiWake user data has been read
06-06 13:42:29.954 478 610 D WifiConfigStore: Reading from user stores completed in 29 ms.
06-06 13:42:29.955 478 519 I AppWidgetServiceImpl: Processing of handleUserUnlocked u0 took 11 ms
06-06 13:42:29.957 478 519 D AdbService: setAdbEnabled(true), mIsAdbUsbEnabled=true, mIsAdbWifiEnabled=true, transportType=1
06-06 13:42:29.982 397 417 I adbd : jdwp connection from 1105
06-06 13:42:29.990 1055 1055 V GraphicsEnvironment: ANGLE Developer option for 'com.android.traceur' set to: 'default'
06-06 13:42:29.990 1055 1055 V GraphicsEnvironment: Neither updatable production driver nor prerelease driver is supported.
06-06 13:42:29.995 1055 1055 D NetworkSecurityConfig: No Network Security Config specified, using platform default
06-06 13:42:29.996 1055 1055 D NetworkSecurityConfig: No Network Security Config specified, using platform default
06-06 13:42:30.003 1062 1062 I MultiDex: VM with version 2.1.0 has multidex support
06-06 13:42:30.003 1062 1062 I MultiDex: Installing application
06-06 13:42:30.004 1062 1062 I MultiDex: VM has multidex support, MultiDex support library is disabled.
06-06 13:42:30.009 1029 1029 I MultiDex: VM with version 2.1.0 has multidex support
06-06 13:42:30.009 1029 1029 I MultiDex: Installing application
06-06 13:42:30.009 1029 1029 I MultiDex: VM has multidex support, MultiDex support library is disabled.
06-06 13:42:30.013 478 610 D WifiConfigStore: Writing to stores completed in 38 ms.
06-06 13:42:30.016 478 610 I WifiService: onDriverCountryCodeChanged CN
06-06 13:42:30.021 1103 1103 D VoHCI : VoHCI service version: v1.0.0
06-06 13:42:30.023 1103 1103 E VoHCI : Cannot get card id for name: VoHCILoopback
06-06 13:42:30.025 478 814 D CompatibilityChangeReporter: Compat change id reported: 168419799; UID 1000; state: DISABLED
06-06 13:42:30.041 478 610 D WifiNetworkFactory: got request NetworkRequest [ REQUEST id=1, [ Capabilities: INTERNET&NOT_RESTRICTED&TRUSTED&NOT_VPN&NOT_VCN_MANAGED RequestorUid: 1000 RequestorPkg: android] ]
06-06 13:42:30.046 478 610 D WifiConnectivityHelper: Firmware supported feature set: d8108a801003d
06-06 13:42:30.046 478 610 D WifiConnectivityHelper: Firmware roaming is not supported
06-06 13:42:30.047 1055 1055 I Traceur : Received BOOT_COMPLETE
06-06 13:42:30.049 1105 1105 D CompatibilityChangeReporter: Compat change id reported: 171979766; UID 1000; state: ENABLED
06-06 13:42:30.060 656 656 E WifiHAL : wifi_get_link_stats: requestResponse Error:-5
06-06 13:42:30.062 478 610 E WifiVendorHal: getWifiLinkLayerStats_1_5_Internal(l.1191) failed {.code = ERROR_INVALID_ARGS, .description = }
06-06 13:42:30.064 478 610 E WifiScoringParams: Invalid frequency(-1), using 5G as default rssi array
06-06 13:42:30.076 666 869 I bt_core_module: system/bt/btcore/src/module.cc:90 module_start_up: module_start_up Started module "controller_module"
06-06 13:42:30.078 478 610 D WifiNetworkFactory: got request NetworkRequest [ REQUEST id=10, [ Capabilities: INTERNET&NOT_RESTRICTED&TRUSTED&NOT_VCN_MANAGED Uid: 1000 RequestorUid: 1000 RequestorPkg: android] ]
06-06 13:42:30.078 478 610 D WifiNetworkFactory: got request NetworkRequest [ REQUEST id=19, [ Capabilities: INTERNET&NOT_RESTRICTED&TRUSTED&NOT_VCN_MANAGED Uid: 1073 RequestorUid: 1073 RequestorPkg: com.android.networkstack] ]
06-06 13:42:30.078 666 869 I bt_btm_pm: system/bt/stack/acl/btm_pm.cc:392 btm_pm_reset: reset pm
06-06 13:42:30.078 478 610 D WifiNetworkFactory: got request NetworkRequest [ REQUEST id=3, [ Transports: WIFI Capabilities: INTERNET&NOT_RESTRICTED&TRUSTED&NOT_VPN&NOT_VCN_MANAGED RequestorUid: 1000 RequestorPkg: android] ]
06-06 13:42:30.079 478 610 D WifiNetworkFactory: got request NetworkRequest [ REQUEST id=17, [ Capabilities: INTERNET&NOT_RESTRICTED&TRUSTED&NOT_VCN_MANAGED Uid: 1000 RequestorUid: 1000 RequestorPkg: android] ]
06-06 13:42:30.079 478 610 D WifiNetworkFactory: got request NetworkRequest [ REQUEST id=23, [ Capabilities: INTERNET&NOT_RESTRICTED&TRUSTED&NOT_VCN_MANAGED Uid: 1000 RequestorUid: 1000 RequestorPkg: android] ]
06-06 13:42:30.079 478 610 D UntrustedWifiNetworkFactory: got request NetworkRequest [ REQUEST id=1, [ Capabilities: INTERNET&NOT_RESTRICTED&TRUSTED&NOT_VPN&NOT_VCN_MANAGED RequestorUid: 1000 RequestorPkg: android] ]
06-06 13:42:30.079 478 610 D UntrustedWifiNetworkFactory: got request NetworkRequest [ REQUEST id=10, [ Capabilities: INTERNET&NOT_RESTRICTED&TRUSTED&NOT_VCN_MANAGED Uid: 1000 RequestorUid: 1000 RequestorPkg: android] ]
06-06 13:42:30.079 478 610 D UntrustedWifiNetworkFactory: got request NetworkRequest [ REQUEST id=19, [ Capabilities: INTERNET&NOT_RESTRICTED&TRUSTED&NOT_VCN_MANAGED Uid: 1073 RequestorUid: 1073 RequestorPkg: com.android.networkstack] ]
06-06 13:42:30.079 478 610 D UntrustedWifiNetworkFactory: got request NetworkRequest [ REQUEST id=3, [ Transports: WIFI Capabilities: INTERNET&NOT_RESTRICTED&TRUSTED&NOT_VPN&NOT_VCN_MANAGED RequestorUid: 1000 RequestorPkg: android] ]
06-06 13:42:30.079 478 610 D UntrustedWifiNetworkFactory: got request NetworkRequest [ REQUEST id=17, [ Capabilities: INTERNET&NOT_RESTRICTED&TRUSTED&NOT_VCN_MANAGED Uid: 1000 RequestorUid: 1000 RequestorPkg: android] ]
06-06 13:42:30.079 478 610 D UntrustedWifiNetworkFactory: got request NetworkRequest [ REQUEST id=23, [ Capabilities: INTERNET&NOT_RESTRICTED&TRUSTED&NOT_VCN_MANAGED Uid: 1000 RequestorUid: 1000 RequestorPkg: android] ]
06-06 13:42:30.079 478 610 D OemPaidWifiNetworkFactory: got request NetworkRequest [ REQUEST id=1, [ Capabilities: INTERNET&NOT_RESTRICTED&TRUSTED&NOT_VPN&NOT_VCN_MANAGED RequestorUid: 1000 RequestorPkg: android] ]
06-06 13:42:30.079 478 610 D OemPaidWifiNetworkFactory: got request NetworkRequest [ REQUEST id=10, [ Capabilities: INTERNET&NOT_RESTRICTED&TRUSTED&NOT_VCN_MANAGED Uid: 1000 RequestorUid: 1000 RequestorPkg: android] ]
06-06 13:42:30.080 478 610 D OemPaidWifiNetworkFactory: got request NetworkRequest [ REQUEST id=19, [ Capabilities: INTERNET&NOT_RESTRICTED&TRUSTED&NOT_VCN_MANAGED Uid: 1073 RequestorUid: 1073 RequestorPkg: com.android.networkstack] ]
06-06 13:42:30.080 478 610 D OemPaidWifiNetworkFactory: got request NetworkRequest [ REQUEST id=3, [ Transports: WIFI Capabilities: INTERNET&NOT_RESTRICTED&TRUSTED&NOT_VPN&NOT_VCN_MANAGED RequestorUid: 1000 RequestorPkg: android] ]
06-06 13:42:30.080 478 610 D OemPaidWifiNetworkFactory: got request NetworkRequest [ REQUEST id=17, [ Capabilities: INTERNET&NOT_RESTRICTED&TRUSTED&NOT_VCN_MANAGED Uid: 1000 RequestorUid: 1000 RequestorPkg: android] ]
06-06 13:42:30.080 478 610 D OemPaidWifiNetworkFactory: got request NetworkRequest [ REQUEST id=23, [ Capabilities: INTERNET&NOT_RESTRICTED&TRUSTED&NOT_VCN_MANAGED Uid: 1000 RequestorUid: 1000 RequestorPkg: android] ]
06-06 13:42:30.080 666 869 I btm_acl : system/bt/stack/acl/btm_acl.cc:654 check_link_policy: hold not supported (settings: 0x000d)
06-06 13:42:30.081 666 869 I btm_acl : system/bt/stack/acl/btm_acl.cc:664 check_link_policy: park not supported (settings: 0x0005)
06-06 13:42:30.081 666 869 I bt_btm_sec: system/bt/stack/btm/btm_sec.cc:226 BTM_SecRegister: BTM_SecRegister p_cb_info->p_le_callback == 0x0xc501f6a1
06-06 13:42:30.081 666 869 I bt_btm_sec: system/bt/stack/btm/btm_sec.cc:241 BTM_SecRegister: BTM_SecRegister btm_cb.api.p_le_callback = 0x0xc501f6a1
06-06 13:42:30.084 666 958 I bluetooth: system/bt/stack/gatt/gatt_api.cc:1019 GATT_Register: Allocated name:GattClient uuid:58590208-3456-b65c-22d1-84025c93a38a gatt_if:3 eatt_support:0
06-06 13:42:30.088 656 656 E WifiHAL : wifi_get_link_stats: requestResponse Error:-5
06-06 13:42:30.093 478 610 E WifiVendorHal: getWifiLinkLayerStats_1_5_Internal(l.1191) failed {.code = ERROR_INVALID_ARGS, .description = }
06-06 13:42:30.097 1046 1046 V MediaProvider: Attached media from com.android.providers.media.module
06-06 13:42:30.101 478 546 W KernelCpuProcStringReader: File not found. It's normal if not implemented: /proc/uid_time_in_state
06-06 13:42:30.102 478 546 W KernelCpuProcStringReader: File not found. It's normal if not implemented: /proc/uid_concurrent_active_time
06-06 13:42:30.103 478 811 I ActivityManager: com.oranth.ledstatus is exempt from freezer
06-06 13:42:30.103 478 546 W KernelCpuProcStringReader: File not found. It's normal if not implemented: /proc/uid_concurrent_policy_time
06-06 13:42:30.104 478 811 D CompatibilityChangeReporter: Compat change id reported: 135634846; UID 1000; state: DISABLED
06-06 13:42:30.105 478 546 E KernelCpuSpeedReader: Failed to read cpu-freq: /sys/devices/system/cpu/cpu0/cpufreq/stats/time_in_state: open failed: ENOENT (No such file or directory)
06-06 13:42:30.105 478 546 E system_server: Cannot read thread CPU times for PID 478
06-06 13:42:30.111 666 958 I bt_stack: [INFO:ble_advertiser_hci_interface.cc(767)] Extended advertising will be in use
06-06 13:42:30.118 666 958 E bt_btif_storage: system/bt/btif/src/btif_storage.cc:632 btif_storage_get_adapter_property: btif_storage_get_adapter_property: Controller ready!
06-06 13:42:30.118 666 958 I bt_btif_storage: system/bt/btif/src/btif_storage.cc:661 btif_storage_get_adapter_property: btif_storage_get_adapter_property service_mask:0x20000000
06-06 13:42:30.118 666 958 I bt_stack: [INFO:btif_bqr.cc(229)] EnableBtQualityReport: is_enable: true
06-06 13:42:30.118 666 958 W bt_stack: [WARNING:btif_bqr.cc(237)] EnableBtQualityReport: Bluetooth Quality Report is disabled. bqr_prop_evtmask: , bqr_prop_interval_ms:
06-06 13:42:30.120 666 882 D AdapterProperties: BT_PROPERTY_LOCAL_LE_FEATURES: update from BT controller mNumOfAdvertisementInstancesSupported = 0 mRpaOffloadSupported = false mNumOfOffloadedIrkSupported = 0 mNumOfOffloadedScanFilterSupported = 0 mOffloadedScanResultStorageBytes= 0 mIsActivityAndEnergyReporting = false mVersSupported = 0 mTotNumOfTrackableAdv = 0 mIsExtendedScanSupported = false mIsDebugLogSupported = false mIsLe2MPhySupported = true mIsLeCodedPhySupported = true mIsLeExtendedAdvertisingSupported = true mIsLePeriodicAdvertisingSupported = true mLeMaximumAdvertisingDataLength = 1650 mDynamicAudioBufferSizeSupportedCodecsGroup1 = 0 mDynamicAudioBufferSizeSupportedCodecsGroup2 = 0
06-06 13:42:30.120 666 1127 I bt_osi_thread: system/bt/osi/src/thread.cc:209 run_thread: run_thread: thread id 1127, thread name btif_sock started
06-06 13:42:30.125 666 958 I bt_bte_conf: system/bt/main/bte_conf.cc:84 bte_load_did_conf: Device ID record 1 : primary
06-06 13:42:30.125 666 958 I bt_bte_conf: system/bt/main/bte_conf.cc:85 bte_load_did_conf: vendorId = 00e0
06-06 13:42:30.125 666 958 I bt_bte_conf: system/bt/main/bte_conf.cc:86 bte_load_did_conf: vendorIdSource = 0001
06-06 13:42:30.125 666 958 I bt_bte_conf: system/bt/main/bte_conf.cc:87 bte_load_did_conf: product = 1200
06-06 13:42:30.125 666 958 I bt_bte_conf: system/bt/main/bte_conf.cc:88 bte_load_did_conf: version = 1436
06-06 13:42:30.125 666 958 I bt_bte_conf: system/bt/main/bte_conf.cc:89 bte_load_did_conf: clientExecutableURL =
06-06 13:42:30.125 666 958 I bt_bte_conf: system/bt/main/bte_conf.cc:90 bte_load_did_conf: serviceDescription =
06-06 13:42:30.125 666 958 I bt_bte_conf: system/bt/main/bte_conf.cc:91 bte_load_did_conf: documentationURL =
06-06 13:42:30.125 666 958 I bt_bta_dm: system/bt/bta/dm/bta_dm_act.cc:3191 bta_dm_eir_update_uuid: EIR Adding UUID=0x1200 into extended inquiry response
06-06 13:42:30.125 666 958 I bt_bta_dm: system/bt/bta/dm/bta_dm_act.cc:2890 bta_dm_set_eir: Generating extended inquiry response packet EIR
