06-06 13:42:33.667 478 1021 I BackupManagerService: [UserID:0] Found 4 stale backup journal(s), scheduling.
06-06 13:42:33.673 187 187 I hwservicemanager: getTransport: Cannot find entry android.hardware.graphics.mapper@4.0::IMapper/default in either framework or device VINTF manifest.
06-06 13:42:33.674 1062 1297 I Gralloc4: mapper 4.x is not supported
06-06 13:42:33.677 187 187 I hwservicemanager: getTransport: Cannot find entry android.hardware.graphics.mapper@3.0::IMapper/default in either framework or device VINTF manifest.
06-06 13:42:33.677 1062 1297 W Gralloc3: mapper 3.x is not supported
06-06 13:42:33.678 1216 1291 D MusicProvider: Failed to move cursor to first row (no query result)
06-06 13:42:33.685 1062 1310 D MobclickAgent: 延续上一个会话: 159C1B60F9013DB1728FF7C1F774C574
06-06 13:42:33.688 1062 1297 E gralloc : Arm Module v1.0
06-06 13:42:33.690 187 187 I hwservicemanager: getTransport: Cannot find entry android.hardware.graphics.allocator@4.0::IAllocator/default in either framework or device VINTF manifest.
06-06 13:42:33.690 1062 1297 W Gralloc4: allocator 4.x is not supported
06-06 13:42:33.691 187 187 I hwservicemanager: getTransport: Cannot find entry android.hardware.graphics.allocator@3.0::IAllocator/default in either framework or device VINTF manifest.
06-06 13:42:33.691 1062 1297 W Gralloc3: allocator 3.x is not supported
06-06 13:42:33.693 1062 1444 E hq : ErrorCoroutineExceptionHandler:::runTry error:java.net.UnknownHostException: Unable to resolve host "ottdbui-tyapiqun7.yysh.mgtv.com": No address associated with hostname from=requestUserAgreement
06-06 13:42:33.693 1272 1470 W bei.lerad.rock: Class com.iflytek.aiui.utils.l failed lock verification and will run slower.
06-06 13:42:33.694 1062 1444 E UserProtocolInterceptorImpl: isAgree: 20210615 20210615 true
06-06 13:42:33.696 1477 1477 D CompatibilityChangeReporter: Compat change id reported: 171979766; UID 1000; state: ENABLED
06-06 13:42:33.697 1216 1216 D music_MediaPlaybackSer: Received catalog result, success: true
06-06 13:42:33.697 1216 1216 D music_MediaPlaybackSer: OnLoadChildren.ROOT
06-06 13:42:33.698 262 288 I gralloc : alloc buffer:W:1920 H:1080 S:1920 PL[1920 1080] SZ:8294400 fmt:1 if:0 af:1 usg:20000b00 fg:00000004
06-06 13:42:33.698 1216 1216 D music_MediaPlaybackSer: OnLoadChildren sending 4 results for __ROOT__
06-06 13:42:33.699 1062 1297 E ion : ioctl c0044901 failed with code -1: Inappropriate ioctl for device
06-06 13:42:33.705 1062 1444 E UserProtocolInterceptorImpl: version===>0
06-06 13:42:33.706 262 288 I gralloc : alloc buffer:W:1920 H:1080 S:1920 PL[1920 1080] SZ:8294400 fmt:1 if:0 af:1 usg:20000b00 fg:00000004
06-06 13:42:33.714 262 288 I gralloc : alloc buffer:W:1920 H:1080 S:1920 PL[1920 1080] SZ:8294400 fmt:1 if:0 af:1 usg:20000b00 fg:00000004
06-06 13:42:33.717 666 666 D AvrcpBrowsablePlayerConnector: Received a message: msg.what=0
06-06 13:42:33.717 666 666 I AvrcpBrowsablePlayerConnector: Successfully added package to results: com.android.music
06-06 13:42:33.718 666 666 I AvrcpBrowsablePlayerConnector: Successfully connected to 1 browsable players.
06-06 13:42:33.718 666 666 I MediaPlayerList: init: Browsable Player list size is 1
06-06 13:42:33.718 666 666 D MediaPlayerList: Adding Browser Wrapper for com.android.music with id 1
06-06 13:42:33.718 666 666 I AvrcpBrowsedPlayerWrapper: getFolderItems: Grabbing cached data for mediaId: __ROOT__
06-06 13:42:33.718 666 666 D MediaPlayerList: Got the contents for: __ROOT__ : num results=4
06-06 13:42:33.718 666 666 D MediaPlayerList: Initializing list of current media players
06-06 13:42:33.734 1062 1444 E hq : ErrorCoroutineExceptionHandler:::runTry error:java.net.UnknownHostException: Unable to resolve host "ottdbui-tyapiqun7.yysh.mgtv.com": No address associated with hostname from=requestAppBarData_loadData
06-06 13:42:33.732 1272 1272 D RockyNetMessageUtil: initMediaControlPage pageEntity = null isRequestPageControlSuccess = false
06-06 13:42:33.758 1272 1513 D XHttpObservable: handleRequest: start https://tyapi.qun7.com/v1/voice/getsoundshowmsg ,,, isCache = false
06-06 13:42:33.759 1216 1216 D music_MediaPlaybackSer: onDestroy
06-06 13:42:33.759 1216 1216 D music_MusicApp: remove mount callback: com.android.music.MediaPlaybackService@e9155e
06-06 13:42:33.759 1216 1216 D music_MediaPlaybackSer: handleStopRequest: mState=0 error=destroy
06-06 13:42:33.759 1216 1216 D music_MediaPlaybackSer: updatePlaybackState, playback state=1
06-06 13:42:33.762 1216 1216 D Playback: giveUpAudioFocus
06-06 13:42:33.762 1216 1216 D Playback: relaxResources. releaseMediaPlayer=true
06-06 13:42:33.763 1216 1216 D music_MediaPlaybackSer: updatePlaybackState, playback state=1
06-06 13:42:33.766 666 666 V MediaPlayerList: onActiveSessionsChanged: number of controllers: 0
01-01 08:00:26.296 282 282 W audit : audit_lost=45 audit_rate_limit=5 audit_backlog_limit=64
01-01 08:00:26.296 282 282 E audit : rate limit exceeded
06-06 13:42:33.787 478 1021 I BackupManagerService: [UserID:0] Stale backup journals: Scheduled 8 package(s) total
06-06 13:42:33.799 1062 1310 W SQLiteLog: (28) double-quoted string literal: "159C1B60F9013DB1728FF7C1F774C574"
06-06 13:42:33.799 1062 1310 W SQLiteLog: (28) double-quoted string literal: ""
06-06 13:42:33.801 478 610 W UnsafeUtil: platform method missing - proto runtime falling back to safer methods: java.lang.NoSuchMethodException: sun.misc.Unsafe.copyMemory [class java.lang.Object, long, class java.lang.Object, long, long]
06-06 13:42:33.807 1062 1310 W SQLiteLog: (28) double-quoted string literal: "159C1B60F9013DB1728FF7C1F774C574"
06-06 13:42:33.814 1062 1310 W SQLiteLog: (28) double-quoted string literal: "-1"
06-06 13:42:33.836 1272 1516 D XHttpObservable: handleRequest: start https://tyapi.qun7.com/v1/voice/getResponseControlPage ,,, isCache = false
06-06 13:42:33.869 1062 1062 E xxxxxxxxxxxxxxx: onReceive:mIsHDMIPlugged = false
06-06 13:42:33.869 1062 1062 E hq : USBReceiver:::USBReceiver onReceive: action=android.intent.action.MEDIA_MOUNTED
06-06 13:42:33.877 1062 1062 E hq : NetWorkStateReceiver:::NetWorkStateReceiver onReceive: 网络变化广播 >>>> intent.action=android.net.wifi.SCAN_RESULTS
06-06 13:42:33.894 1447 1447 V GraphicsEnvironment: ANGLE Developer option for 'com.android.providers.downloads' set to: 'default'
06-06 13:42:33.895 1447 1447 V GraphicsEnvironment: Neither updatable production driver nor prerelease driver is supported.
06-06 13:42:33.897 1272 1272 W SoundPool: Use of stream types is deprecated for operations other than volume control
06-06 13:42:33.897 1272 1272 W SoundPool: See the documentation of SoundPool() for what to use instead with android.media.AudioAttributes to qualify your playback use case
06-06 13:42:33.897 1447 1447 D NetworkSecurityConfig: No Network Security Config specified, using platform default
06-06 13:42:33.898 1447 1447 D NetworkSecurityConfig: No Network Security Config specified, using platform default
06-06 13:42:33.912 478 523 E ActivityRecord: real home.....com.dangbei.leard.leradlauncher/com.dangbei.launcher.home.LauncherActivity
06-06 13:42:33.912 478 523 E +++ActivityRecord: pre led_switch = 5
01-01 08:00:26.444 1 1 I init : processing action (vendor.led_switch=*) from (/vendor/etc/init/hw/init.oranth.rc:133)
01-01 08:00:26.446 1 1 I init : starting service 'exec 19 (/vendor/bin/led_switch.sh 5)'...
01-01 08:00:26.457 1 1 I init : SVC_EXEC service 'exec 19 (/vendor/bin/led_switch.sh 5)' pid 1524 (uid 0 gid 0+0 context default) started; waiting...
06-06 13:42:33.935 1218 1321 D ContactsDatabaseHelper: WAL enabled for profile.db: true
06-06 13:42:33.941 478 523 W System.err: java.io.IOException: Cannot run program "su": error=2, No such file or directory
06-06 13:42:33.942 478 523 W System.err: at java.lang.ProcessBuilder.start(ProcessBuilder.java:1050)
06-06 13:42:33.942 478 523 W System.err: at java.lang.Runtime.exec(Runtime.java:694)
06-06 13:42:33.942 478 523 W System.err: at java.lang.Runtime.exec(Runtime.java:524)
06-06 13:42:33.942 478 523 W System.err: at java.lang.Runtime.exec(Runtime.java:421)
06-06 13:42:33.942 478 523 W System.err: at com.android.server.wm.ActivityRecord.executeCMD(ActivityRecord.java:5940)
06-06 13:42:33.942 478 523 W System.err: at com.android.server.wm.ActivityRecord.onWindowsDrawn(ActivityRecord.java:5992)
06-06 13:42:33.942 478 523 W System.err: at com.android.server.wm.ActivityRecord.updateReportedVisibilityLocked(ActivityRecord.java:6126)
06-06 13:42:33.942 478 523 W System.err: at com.android.server.wm.AppTransitionController.handleOpeningApps(AppTransitionController.java:757)
06-06 13:42:33.942 478 523 W System.err: at com.android.server.wm.AppTransitionController.handleAppTransitionReady(AppTransitionController.java:227)
06-06 13:42:33.942 478 523 W System.err: at com.android.server.wm.RootWindowContainer.checkAppTransitionReady(RootWindowContainer.java:1045)
06-06 13:42:33.942 478 523 W System.err: at com.android.server.wm.RootWindowContainer.performSurfacePlacementNoTrace(RootWindowContainer.java:884)
06-06 13:42:33.942 478 523 W System.err: at com.android.server.wm.RootWindowContainer.performSurfacePlacement(RootWindowContainer.java:820)
06-06 13:42:33.942 478 523 W System.err: at com.android.server.wm.WindowSurfacePlacer.performSurfacePlacementLoop(WindowSurfacePlacer.java:177)
06-06 13:42:33.942 478 523 W System.err: at com.android.server.wm.WindowSurfacePlacer.performSurfacePlacement(WindowSurfacePlacer.java:126)
06-06 13:42:33.942 478 523 W System.err: at com.android.server.wm.WindowSurfacePlacer.performSurfacePlacement(WindowSurfacePlacer.java:115)
06-06 13:42:33.942 478 523 W System.err: at com.android.server.wm.WindowSurfacePlacer$Traverser.run(WindowSurfacePlacer.java:57)
06-06 13:42:33.942 478 523 W System.err: at android.os.Handler.handleCallback(Handler.java:938)
06-06 13:42:33.942 478 523 W System.err: at android.os.Handler.dispatchMessage(Handler.java:99)
06-06 13:42:33.942 478 523 W System.err: at android.os.Looper.loopOnce(Looper.java:201)
06-06 13:42:33.942 478 523 W System.err: at android.os.Looper.loop(Looper.java:288)
06-06 13:42:33.942 478 523 W System.err: at android.os.HandlerThread.run(HandlerThread.java:67)
06-06 13:42:33.942 478 523 W System.err: at com.android.server.ServiceThread.run(ServiceThread.java:44)
06-06 13:42:33.942 478 523 W System.err: Caused by: java.io.IOException: error=2, No such file or directory
06-06 13:42:33.942 478 523 W System.err: at java.lang.UNIXProcess.forkAndExec(Native Method)
06-06 13:42:33.942 478 523 W System.err: at java.lang.UNIXProcess.(UNIXProcess.java:133)
06-06 13:42:33.943 478 523 W System.err: at java.lang.ProcessImpl.start(ProcessImpl.java:141)
06-06 13:42:33.943 478 523 W System.err: at java.lang.ProcessBuilder.start(ProcessBuilder.java:1029)
06-06 13:42:33.943 478 523 W System.err: ... 21 more
06-06 13:42:33.956 1524 1524 I led_switch.sh: type=1400 audit(0.0:464): avc: denied { write } for name="tmp" dev="mmcblk0p25" ino=85 scontext=u:r:init:s0 tcontext=u:object_r:shell_data_file:s0 tclass=dir permissive=1 bug=b/77873135
06-06 13:42:33.960 1524 1524 I led_switch.sh: type=1400 audit(0.0:465): avc: denied { write } for name="led_swith.txt" dev="mmcblk0p25" ino=220 scontext=u:r:init:s0 tcontext=u:object_r:shell_data_file:s0 tclass=file permissive=1 bug=b/77873135
06-06 13:42:33.960 1524 1524 I led_switch.sh: type=1400 audit(0.0:466): avc: denied { open } for path="/data/local/tmp/led_swith.txt" dev="mmcblk0p25" ino=220 scontext=u:r:init:s0 tcontext=u:object_r:shell_data_file:s0 tclass=file permissive=1 bug=b/77873135
06-06 13:42:33.964 1528 1528 I led_switch.sh: type=1400 audit(0.0:467): avc: denied { execute_no_trans } for path="/vendor/bin/toolbox" dev="dm-1" ino=229 scontext=u:r:init:s0 tcontext=u:object_r:vendor_toolbox_exec:s0 tclass=file permissive=1
06-06 13:42:33.962 478 523 W System.err: java.io.IOException: Cannot run program "su": error=2, No such file or directory
06-06 13:42:33.962 516 529 D BootAnimation: BootAnimationStopTiming start time: 24418ms
06-06 13:42:33.962 478 523 W System.err: at java.lang.ProcessBuilder.start(ProcessBuilder.java:1050)
06-06 13:42:33.962 478 523 W System.err: at java.lang.Runtime.exec(Runtime.java:694)
06-06 13:42:33.962 478 523 W System.err: at java.lang.Runtime.exec(Runtime.java:524)
06-06 13:42:33.962 478 523 W System.err: at java.lang.Runtime.exec(Runtime.java:421)
06-06 13:42:33.962 478 523 W System.err: at com.android.server.wm.ActivityRecord.executeCMD(ActivityRecord.java:5940)
06-06 13:42:33.962 478 523 W System.err: at com.android.server.wm.ActivityRecord.onWindowsDrawn(ActivityRecord.java:6001)
06-06 13:42:33.962 478 523 W System.err: at com.android.server.wm.ActivityRecord.updateReportedVisibilityLocked(ActivityRecord.java:6126)
06-06 13:42:33.962 478 523 W System.err: at com.android.server.wm.AppTransitionController.handleOpeningApps(AppTransitionController.java:757)
06-06 13:42:33.962 478 523 W System.err: at com.android.server.wm.AppTransitionController.handleAppTransitionReady(AppTransitionController.java:227)
06-06 13:42:33.963 478 523 W System.err: at com.android.server.wm.RootWindowContainer.checkAppTransitionReady(RootWindowContainer.java:1045)
06-06 13:42:33.963 478 523 W System.err: at com.android.server.wm.RootWindowContainer.performSurfacePlacementNoTrace(RootWindowContainer.java:884)
06-06 13:42:33.963 478 523 W System.err: at com.android.server.wm.RootWindowContainer.performSurfacePlacement(RootWindowContainer.java:820)
06-06 13:42:33.963 478 523 W System.err: at com.android.server.wm.WindowSurfacePlacer.performSurfacePlacementLoop(WindowSurfacePlacer.java:177)
06-06 13:42:33.963 478 523 W System.err: at com.android.server.wm.WindowSurfacePlacer.performSurfacePlacement(WindowSurfacePlacer.java:126)
06-06 13:42:33.963 478 523 W System.err: at com.android.server.wm.WindowSurfacePlacer.performSurfacePlacement(WindowSurfacePlacer.java:115)
06-06 13:42:33.963 478 523 W System.err: at com.android.server.wm.WindowSurfacePlacer$Traverser.run(WindowSurfacePlacer.java:57)
06-06 13:42:33.963 478 523 W System.err: at android.os.Handler.handleCallback(Handler.java:938)
06-06 13:42:33.963 478 523 W System.err: at android.os.Handler.dispatchMessage(Handler.java:99)
06-06 13:42:33.963 478 523 W System.err: at android.os.Looper.loopOnce(Looper.java:201)
06-06 13:42:33.963 478 523 W System.err: at android.os.Looper.loop(Looper.java:288)
06-06 13:42:33.963 478 523 W System.err: at android.os.HandlerThread.run(HandlerThread.java:67)
06-06 13:42:33.963 478 523 W System.err: at com.android.server.ServiceThread.run(ServiceThread.java:44)
06-06 13:42:33.963 478 523 W System.err: Caused by: java.io.IOException: error=2, No such file or directory
06-06 13:42:33.963 478 523 W System.err: at java.lang.UNIXProcess.forkAndExec(Native Method)
06-06 13:42:33.963 478 523 W System.err: at java.lang.UNIXProcess.(UNIXProcess.java:133)
06-06 13:42:33.963 478 523 W System.err: at java.lang.ProcessImpl.start(ProcessImpl.java:141)
06-06 13:42:33.963 478 523 W System.err: at java.lang.ProcessBuilder.start(ProcessBuilder.java:1029)
06-06 13:42:33.963 478 523 W System.err: ... 21 more
06-06 13:42:33.966 478 523 I WindowManager: ******* TELLING SURFACE FLINGER WE ARE BOOTED!
06-06 13:42:33.966 283 334 I SurfaceFlinger: Boot is finished (15531 ms)
06-06 13:42:33.974 1477 1477 V GraphicsEnvironment: ANGLE Developer option for 'com.android.dynsystem' set to: 'default'
06-06 13:42:33.975 1477 1477 V GraphicsEnvironment: Neither updatable production driver nor prerelease driver is supported.
06-06 13:42:33.976 1272 1272 D RockyReceiver: action: android.net.wifi.WIFI_STATE_CHANGED
06-06 13:42:33.986 478 603 E ConnectivityService: Exception = android.content.pm.PackageManager$NameNotFoundException: android.net.cts
06-06 13:42:33.989 1477 1477 D NetworkSecurityConfig: No Network Security Config specified, using platform default
06-06 13:42:33.990 1477 1477 D NetworkSecurityConfig: No Network Security Config specified, using platform default
01-01 08:00:26.527 1 1 I init : Control message: Processed ctl.stop for 'rainbow_flow' from pid: 1528 (stop rainbow_flow voice breathe flow_led net_disconnect)
01-01 08:00:26.529 1 1 I init : Control message: Processed ctl.stop for 'voice' from pid: 1528 (stop rainbow_flow voice breathe flow_led net_disconnect)
01-01 08:00:26.531 1 1 I init : Control message: Processed ctl.stop for 'breathe' from pid: 1528 (stop rainbow_flow voice breathe flow_led net_disconnect)
06-06 13:42:34.009 186 186 I servicemanager: Found android.hardware.power.IPower/default in device VINTF manifest.
06-06 13:42:34.010 283 1527 I PowerAdvisor: Loaded AIDL Power HAL service
06-06 13:42:34.010 268 268 I AW_PowerHAL: check: Mode 6 not Supported ,do nothing
06-06 13:42:34.010 268 268 I AW_PowerHAL: isBoostSupported: 1
06-06 13:42:34.021 255 956 E bt_upio : upio_set : /proc/bluetooth/sleep/btwrite(-1) incorrent
06-06 13:42:34.030 478 813 I ActivityManager: com.android.dynsystem is exempt from freezer
06-06 13:42:34.031 478 813 D CompatibilityChangeReporter: Compat change id reported: 135634846; UID 1000; state: DISABLED
06-06 13:42:34.024 1533 1533 I led_switch.sh: type=1400 audit(0.0:468): avc: denied { execute_no_trans } for path="/vendor/bin/toolbox" dev="dm-1" ino=229 scontext=u:r:init:s0 tcontext=u:object_r:vendor_toolbox_exec:s0 tclass=file permissive=1
06-06 13:42:34.066 478 813 I ActivityManager: com.android.managedprovisioning is exempt from freezer
06-06 13:42:34.070 249 249 D Zygote : Forked child process 1535
06-06 13:42:34.077 478 813 D CompatibilityChangeReporter: Compat change id reported: 135634846; UID 10013; state: DISABLED
06-06 13:42:34.078 1535 1535 I Zygote : seccomp disabled by setenforce 0
06-06 13:42:34.078 478 813 D CompatibilityChangeReporter: Compat change id reported: 177438394; UID 10013; state: DISABLED
06-06 13:42:34.078 478 813 D CompatibilityChangeReporter: Compat change id reported: 135772972; UID 10013; state: DISABLED
06-06 13:42:34.078 478 813 D CompatibilityChangeReporter: Compat change id reported: 135754954; UID 10013; state: ENABLED
06-06 13:42:34.094 478 533 W ActivityManager: Slow operation: 65ms so far, now at startProcess: done updating battery stats
06-06 13:42:34.095 478 533 W ActivityManager: Slow operation: 65ms so far, now at startProcess: building log message
06-06 13:42:34.095 478 533 I ActivityManager: app.processName = com.android.dynsystem:dynsystem
06-06 13:42:34.095 478 533 I ActivityManager: Start proc 1535:com.android.dynsystem:dynsystem/1000 for service {com.android.dynsystem/com.android.dynsystem.DynamicSystemInstallationService}
06-06 13:42:34.095 478 533 W ActivityManager: Slow operation: 65ms so far, now at startProcess: starting to update pids map
06-06 13:42:34.095 478 533 W ActivityManager: Slow operation: 65ms so far, now at startProcess: done updating pids map
06-06 13:42:34.095 478 533 D CompatibilityChangeReporter: Compat change id reported: 143937733; UID 10013; state: ENABLED
06-06 13:42:34.114 1272 1283 W System : A resource failed to call close.
06-06 13:42:34.125 249 249 D Zygote : Forked child process 1547
06-06 13:42:34.126 478 533 W ActivityManager: Slow operation: 59ms so far, now at startProcess: returned from zygote!
06-06 13:42:34.126 478 533 W ActivityManager: Slow operation: 60ms so far, now at startProcess: done updating battery stats
06-06 13:42:34.127 478 533 W ActivityManager: Slow operation: 60ms so far, now at startProcess: building log message
06-06 13:42:34.127 478 533 I ActivityManager: app.processName = com.android.managedprovisioning
06-06 13:42:34.127 478 533 I ActivityManager: Start proc 1547:com.android.managedprovisioning/u0a13 for broadcast {com.android.managedprovisioning/com.android.managedprovisioning.BootReminder}
06-06 13:42:34.127 478 533 W ActivityManager: Slow operation: 60ms so far, now at startProcess: starting to update pids map
06-06 13:42:34.127 478 533 W ActivityManager: Slow operation: 61ms so far, now at startProcess: done updating pids map
06-06 13:42:34.147 397 417 I adbd : jdwp connection from 1535
06-06 13:42:34.156 1547 1547 I Zygote : seccomp disabled by setenforce 0
06-06 13:42:34.170 1218 1242 I d.process.acor: Background young concurrent copying GC freed 26943(1220KB) AllocSpace objects, 4(72KB) LOS objects, 87% free, 3398KB/27MB, paused 160us total 1.238s
06-06 13:42:34.205 478 519 W Looper : Slow dispatch took 195ms android.fg h=android.os.Handler c=com.android.server.wm.ActivityMetricsLogger$$ExternalSyntheticLambda1@b80fd9 m=0
06-06 13:42:34.206 478 519 I ActivityTaskManager: +++Displayed com.dangbei.leard.leradlauncher/com.dangbei.launcher.home.LauncherActivity: +7s581ms
06-06 13:42:34.206 478 519 W Looper : Slow delivery took 204ms android.fg h=android.os.Handler c=com.android.server.wm.ActivityMetricsLogger$$ExternalSyntheticLambda2@1bfb84c m=0
06-06 13:42:34.214 397 417 I adbd : jdwp connection from 1547
06-06 13:42:34.220 1535 1535 D CompatibilityChangeReporter: Compat change id reported: 171979766; UID 1000; state: ENABLED
06-06 13:42:34.274 478 750 D CompatibilityChangeReporter: Compat change id reported: 168419799; UID 10013; state: DISABLED
06-06 13:42:34.279 478 519 W Looper : Drained
06-06 13:42:34.297 1547 1547 D CompatibilityChangeReporter: Compat change id reported: 171979766; UID 10013; state: ENABLED
06-06 13:42:34.342 1535 1535 V GraphicsEnvironment: ANGLE Developer option for 'com.android.dynsystem' set to: 'default'
06-06 13:42:34.342 1535 1535 V GraphicsEnvironment: Neither updatable production driver nor prerelease driver is supported.
06-06 13:42:34.345 1535 1535 D NetworkSecurityConfig: No Network Security Config specified, using platform default
06-06 13:42:34.346 1535 1535 D NetworkSecurityConfig: No Network Security Config specified, using platform default
06-06 13:42:34.356 478 521 W IorapForwardingService: No service published for: iorapd
06-06 13:42:34.363 1535 1535 D DynamicSystemInstallationService: onStartCommand(): action=android.os.image.action.NOTIFY_IF_IN_USE
06-06 13:42:34.364 478 812 W InputManager-JNI: Input channel object '42b184e com.android.tv.settings/com.android.tv.settings.system.FallbackHome (client)' was disposed without first being removed with the input manager!
06-06 13:42:34.368 478 1388 I DynamicSystemService: isInstalled(): false
06-06 13:42:34.457 478 610 D WifiNetworkFactory: got request NetworkRequest [ REQUEST id=28, [ Capabilities: INTERNET&NOT_RESTRICTED&TRUSTED&NOT_VCN_MANAGED Uid: 1000 RequestorUid: 1000 RequestorPkg: com.dangbei.leard.leradlauncher] ]
06-06 13:42:34.457 478 610 D UntrustedWifiNetworkFactory: got request NetworkRequest [ REQUEST id=28, [ Capabilities: INTERNET&NOT_RESTRICTED&TRUSTED&NOT_VCN_MANAGED Uid: 1000 RequestorUid: 1000 RequestorPkg: com.dangbei.leard.leradlauncher] ]
06-06 13:42:34.457 478 610 D OemPaidWifiNetworkFactory: got request NetworkRequest [ REQUEST id=28, [ Capabilities: INTERNET&NOT_RESTRICTED&TRUSTED&NOT_VCN_MANAGED Uid: 1000 RequestorUid: 1000 RequestorPkg: com.dangbei.leard.leradlauncher] ]
06-06 13:42:34.458 478 610 D WifiScoreReport: setShouldReduceNetworkScore=false mNetworkAgent is null? true
06-06 13:42:34.458 478 610 D WifiClientModeImpl[wlan0]: CMD_START_CONNECT my state DisconnectedState nid=0 roam=false
06-06 13:42:34.464 1062 1062 W eventbuscore: post Event:com.dangbei.leard.base.entity.event.NetWifiRssiEvent
01-01 08:00:26.996 35 35 I binder : undelivered transaction 25714, process died.
06-06 13:42:34.477 478 610 W LastMileLogger: Failed to open free_buffer pseudo-file: /sys/kernel/debug/tracing/instances/wifi/free_buffer: open failed: ENOENT (No such file or directory)
06-06 13:42:34.478 478 610 W LastMileLogger: Failed to arm fail-safe.
06-06 13:42:34.480 478 610 I WifiClientModeImpl[wlan0]: Connecting with b4:2f:03:15:e9:b5 as the mac address
06-06 13:42:34.480 371 371 W wificond: Scan is not started. Ignore abort request
06-06 13:42:34.484 1547 1547 V GraphicsEnvironment: ANGLE Developer option for 'com.android.managedprovisioning' set to: 'default'
06-06 13:42:34.485 1547 1547 V GraphicsEnvironment: Neither updatable production driver nor prerelease driver is supported.
06-06 13:42:34.484 478 610 D SupplicantStaIfaceHal: connectToNetwork "DB-AN"WPA_PSK
06-06 13:42:34.486 478 610 I SupplicantStaIfaceHal: addSupplicantStaNetwork via HIDL
06-06 13:42:34.489 1062 1062 E hq : AdHelper:::启动延迟检查,支持广告的最长播放时间:25000 isLoadAd=false
06-06 13:42:34.489 1547 1547 D NetworkSecurityConfig: No Network Security Config specified, using platform default
06-06 13:42:34.490 1062 1062 D OsInitLaunch: send cache: launchAd, playAd, start, null
06-06 13:42:34.490 1547 1547 D NetworkSecurityConfig: No Network Security Config specified, using platform default
06-06 13:42:34.492 1062 1062 I dangbei ad sdk: ADSDK::play splash ad
06-06 13:42:34.494 1062 1062 I dangbei ad sdk: AdSplashView::show offline ad
06-06 13:42:34.520 478 610 D SupplicantStaNetworkHal: The target security params: Security Parameters:
06-06 13:42:34.520 478 610 D SupplicantStaNetworkHal: Type: 2
06-06 13:42:34.520 478 610 D SupplicantStaNetworkHal: Enabled: true
06-06 13:42:34.520 478 610 D SupplicantStaNetworkHal: KeyMgmt: WPA_PSK
06-06 13:42:34.520 478 610 D SupplicantStaNetworkHal: Protocols: WPA RSN
06-06 13:42:34.520 478 610 D SupplicantStaNetworkHal: AuthAlgorithms:
06-06 13:42:34.520 478 610 D SupplicantStaNetworkHal: PairwiseCiphers: TKIP CCMP
06-06 13:42:34.520 478 610 D SupplicantStaNetworkHal: GroupCiphers: WEP40 WEP104 TKIP CCMP
06-06 13:42:34.520 478 610 D SupplicantStaNetworkHal: GroupMgmtCiphers:
06-06 13:42:34.520 478 610 D SupplicantStaNetworkHal: SuiteBCiphers:
06-06 13:42:34.520 478 610 D SupplicantStaNetworkHal: RequirePmf: false
06-06 13:42:34.520 478 610 D SupplicantStaNetworkHal: IsAddedByAutoUpgrade: false
06-06 13:42:34.520 478 610 D SupplicantStaNetworkHal: IsSaeH2eOnlyMode: false
06-06 13:42:34.520 478 610 D SupplicantStaNetworkHal: IsSaePkOnlyMode: false
06-06 13:42:34.523 1029 1262 E ccc : cccccc etnaService addListener com.dangbei.lerad.etna.aidl.IEtnaAidlListener$Stub$Proxy@8f395e7 com.dangbei.leard.leradlauncher
06-06 13:42:34.524 1062 1062 E hq : Etna:::etnaClient connectState=true
06-06 13:42:34.524 1062 1062 E getHdmiStatus: sourceInputStatus=null mEtnaAdapter=com.dangbei.launcher.etna.EtnaAdapter@2af2566
06-06 13:42:34.527 1062 1062 I Choreographer: Skipped 57 frames! The application may be doing too much work on its main thread.
06-06 13:42:34.541 1046 1340 I MediaProvider: Scanned internal due to REASON_MOUNTED, found 5 items in 1698ms, 0 inserts 0 updates 0 deletes
06-06 13:42:34.553 1547 1547 I CarUiInstaller: CarUiInstaller started for com.android.managedprovisioning
06-06 13:42:34.557 1046 1340 W ModernMediaScanner: Failed to visit /oem/media: java.nio.file.NoSuchFileException: /oem/media
06-06 13:42:34.574 1046 1340 I MediaProvider: Scanned internal due to REASON_MOUNTED, found 0 items in 4ms, 0 inserts 0 updates 0 deletes
06-06 13:42:34.607 478 1388 D CompatibilityChangeReporter: Compat change id reported: 168419799; UID 10016; state: DISABLED
06-06 13:42:34.611 478 610 D WifiCountryCode: evaluateAllCmmStateAndApplyIfAllReady: {ConcreteClientModeManager{id=15989 iface=wlan0 role=ROLE_CLIENT_PRIMARY}=false}
06-06 13:42:34.611 478 610 D WifiClientModeImpl[wlan0]: Start Connecting Watchdog 1
06-06 13:42:34.613 821 821 I wpa_supplicant: wlan0: Trying to associate with 8c:7a:15:3e:ad:5d (SSID='DB-AN' freq=5280 MHz)
06-06 13:42:34.622 1447 1447 D NetworkSecurityConfig: No Network Security Config specified, using platform default
06-06 13:42:34.629 478 1388 D CompatibilityChangeReporter: Compat change id reported: 135634846; UID 10055; state: DISABLED
06-06 13:42:34.629 478 1388 D CompatibilityChangeReporter: Compat change id reported: 177438394; UID 10055; state: DISABLED
06-06 13:42:34.629 478 1388 D CompatibilityChangeReporter: Compat change id reported: 135772972; UID 10055; state: DISABLED
06-06 13:42:34.630 478 1388 D CompatibilityChangeReporter: Compat change id reported: 135754954; UID 10055; state: ENABLED
06-06 13:42:34.630 478 533 D CompatibilityChangeReporter: Compat change id reported: 143937733; UID 10055; state: ENABLED
06-06 13:42:34.636 1272 1272 D RockyReceiver: action: android.net.wifi.STATE_CHANGE
06-06 13:42:34.641 478 752 E ConnectivityService: Exception = android.content.pm.PackageManager$NameNotFoundException: android.net.cts
06-06 13:42:34.644 1062 1062 E hq : USBReceiver:::USBReceiver onReceive: list=1
06-06 13:42:34.671 249 249 D Zygote : Forked child process 1601
06-06 13:42:34.679 371 371 I wificond: Regulatory domain changed to country: CN on wiphy_index: 0
06-06 13:42:34.681 478 752 D WifiNl80211Manager: OnRegDomainChanged CN
06-06 13:42:34.681 478 752 D WifiNative: onCountryCodeChanged: CN
06-06 13:42:34.681 478 752 I WifiCountryCode: Receive onDriverCountryCodeChanged CN
06-06 13:42:34.682 478 533 W ActivityManager: Slow operation: 54ms so far, now at startProcess: returned from zygote!
06-06 13:42:34.683 478 533 W ActivityManager: Slow operation: 55ms so far, now at startProcess: done updating battery stats
06-06 13:42:34.683 478 533 W ActivityManager: Slow operation: 55ms so far, now at startProcess: building log message
06-06 13:42:34.683 478 533 I ActivityManager: app.processName = com.android.onetimeinitializer
06-06 13:42:34.683 478 533 I ActivityManager: Start proc 1601:com.android.onetimeinitializer/u0a55 for broadcast {com.android.onetimeinitializer/com.android.onetimeinitializer.OneTimeInitializerReceiver}
06-06 13:42:34.683 478 533 W ActivityManager: Slow operation: 55ms so far, now at startProcess: starting to update pids map
06-06 13:42:34.683 478 533 W ActivityManager: Slow operation: 55ms so far, now at startProcess: done updating pids map
06-06 13:42:34.683 821 821 I wpa_supplicant: wlan0: Associated with 8c:7a:15:3e:ad:5d
06-06 13:42:34.683 821 821 I wpa_supplicant: wlan0: CTRL-EVENT-SUBNET-STATUS-UPDATE status=0
06-06 13:42:34.684 821 821 I wpa_supplicant: wlan0: CTRL-EVENT-REGDOM-CHANGE init=COUNTRY_IE type=COUNTRY alpha2=CN
06-06 13:42:34.687 478 610 I WifiService: onDriverCountryCodeChanged CN
06-06 13:42:34.688 1601 1601 I Zygote : seccomp disabled by setenforce 0
06-06 13:42:34.692 371 371 I wificond: 2.4Ghz frequencies: 2412 2417 2422 2427 2432 2437 2442 2447 2452 2457 2462 2467 2472
06-06 13:42:34.692 371 371 I wificond: 5Ghz non-DFS frequencies: 5180 5200 5220 5240 5745 5765 5785 5805 5825
06-06 13:42:34.692 371 371 I wificond: 5Ghz DFS frequencies: 5260 5280 5300 5320
06-06 13:42:34.692 371 371 I wificond: 6Ghz frequencies:
06-06 13:42:34.692 371 371 I wificond: 60Ghz frequencies:
06-06 13:42:34.693 821 821 I wpa_supplicant: wlan0: WPA: RX message 1 of 4-Way Handshake from 8c:7a:15:3e:ad:5d (ver=2)
06-06 13:42:34.693 821 821 I wpa_supplicant: wlan0: WPA: Sending EAPOL-Key 2/4
06-06 13:42:34.694 1062 1062 E hq : AdHelper:::notFetchAd: main
06-06 13:42:34.694 1062 1062 E hq : AdHelper:::onComplete:main
06-06 13:42:34.694 1062 1062 E hq : AdHelper:::adFinish: com.dangbei.launcher.home.callback.LauncherCallback$onAttach$1$1@c755758
06-06 13:42:34.696 821 821 I wpa_supplicant: wlan0: WPA: RX message 3 of 4-Way Handshake from 8c:7a:15:3e:ad:5d (ver=2)
06-06 13:42:34.696 821 821 I wpa_supplicant: wlan0: WPA: Sending EAPOL-Key 4/4
06-06 13:42:34.701 1062 1062 E hq : LauncherCallback:::onDetach
06-06 13:42:34.702 1062 1062 E hq : AdHelper:::handleFinishAd: true
06-06 13:42:34.715 821 821 I wpa_supplicant: wlan0: WPA: Key negotiation completed with 8c:7a:15:3e:ad:5d [PTK=CCMP GTK=TKIP]
06-06 13:42:34.715 821 821 I wpa_supplicant: wlan0: CTRL-EVENT-CONNECTED - Connection to 8c:7a:15:3e:ad:5d completed [id=0 id_str=%7B%22configKey%22%3A%22%5C%22DB-AN%5C%22WPA_PSK%22%2C%22creatorUid%22%3A%2210031%22%7D]
06-06 13:42:34.735 756 863 I Tethering: adding IpServer for: wlan0
06-06 13:42:34.736 1062 1062 E DangXiaoBeiManager: setMessageList: false
06-06 13:42:34.737 1062 1062 E hq : 当小贝:::显示消息type=SIMPLE_TEXT ,data.isShowInCur=false ,delay=60000 ,message.mandatoryMessage=null , message=null
06-06 13:42:34.737 1062 1062 E hq : 当小贝:::当前显示了消息,不显示新消息
06-06 13:42:34.740 397 417 I adbd : jdwp connection from 1601
06-06 13:42:34.745 478 519 I EthernetTracker: interfaceLinkStateChanged, iface: wlan0, up: true
06-06 13:42:34.746 478 519 W PppoeNetworkFactory: interfaceLinkStateChanged
06-06 13:42:34.766 1062 1062 D OsInitLaunch: send cache: launchAd, playAd, complete, null
06-06 13:42:34.746 478 519 D PppoeNetworkFactory: updateInterface: mIface: mPhyIface:eth0 iface:wlan0 link:up
06-06 13:42:34.778 478 519 D PppoeNetworkFactory: not tracker interface
06-06 13:42:34.792 1062 1593 E hq : ErrorCoroutineExceptionHandler:::runTry error:java.net.UnknownHostException: Unable to resolve host "ottdbui-tyapiqun7.yysh.mgtv.com": No address associated with hostname from=requestMessageDialog
06-06 13:42:34.792 478 813 D CompatibilityChangeReporter: Compat change id reported: 168419799; UID 10055; state: DISABLED
01-01 08:00:27.299 1621 1621 W audit : audit_lost=72 audit_rate_limit=5 audit_backlog_limit=64
01-01 08:00:27.299 1621 1621 E audit : rate limit exceeded
06-06 13:42:34.813 1601 1601 D CompatibilityChangeReporter: Compat change id reported: 171979766; UID 10055; state: ENABLED
06-06 13:42:34.827 1272 1272 D RockyReceiver: action: android.net.wifi.STATE_CHANGE
06-06 13:42:34.828 478 1388 E ConnectivityService: Exception = android.content.pm.PackageManager$NameNotFoundException: android.net.cts
06-06 13:42:34.839 478 1388 I WifiService: updateInterfaceIpState uid=1073
06-06 13:42:34.841 1272 1272 D RockyReceiver: action: android.net.wifi.STATE_CHANGE
06-06 13:42:34.843 478 1388 E ConnectivityService: Exception = android.content.pm.PackageManager$NameNotFoundException: android.net.cts
06-06 13:42:34.845 478 610 D ConnectivityService: registerNetworkAgent NetworkAgentInfo{network{100} handle{432902426637} ni{WIFI CONNECTING extra: } Score(60 ; KeepConnected : 0 ; Policies : IS_UNMETERED) lp{{LinkAddresses: [ ] DnsAddresses: [ ] Domains: null MTU: 0 Routes: [ ]}} nc{[ Transports: WIFI Capabilities: NOT_METERED&INTERNET&NOT_RESTRICTED&TRUSTED&NOT_VPN&NOT_ROAMING&FOREGROUND&NOT_CONGESTED&NOT_SUSPENDED&NOT_VCN_MANAGED LinkUpBandwidth>=192000Kbps LinkDnBandwidth>=192000Kbps Specifier: TransportInfo: OwnerUid: 10031 AdminUids: [10031] SSID: "DB-AN"]}}
06-06 13:42:34.855 821 821 E wpa_supplicant: nl80211: kernel reports: unexpected nested data
06-06 13:42:34.858 1601 1601 D nativeloader: classloader namespace configured for unbundled product apk. library_path=/product/priv-app/OneTimeInitializer/lib/arm:/product/lib:/system/product/lib
06-06 13:42:34.859 1272 1272 D RockyReceiver: action: android.net.wifi.STATE_CHANGE
06-06 13:42:34.860 478 813 E ConnectivityService: Exception = android.content.pm.PackageManager$NameNotFoundException: android.net.cts
06-06 13:42:34.863 478 606 W BestClock: java.time.DateTimeException: Missing NTP fix
06-06 13:42:34.869 656 656 E WifiHAL : wifi_get_packet_filter_capabilities: requestResponse() error: -3
06-06 13:42:34.869 656 656 I WifiHAL : Packet filtering is not supprted
06-06 13:42:34.884 478 1388 D CompatibilityChangeReporter: Compat change id reported: 171306433; UID 1073; state: ENABLED
06-06 13:42:34.895 656 656 E WifiHAL : wifi_get_link_stats: requestResponse Error:-5
06-06 13:42:34.896 478 610 E WifiVendorHal: getWifiLinkLayerStats_1_5_Internal(l.1191) failed {.code = ERROR_INVALID_ARGS, .description = }
06-06 13:42:34.960 1633 1633 I rgb_led_ctl: type=1400 audit(0.0:506): avc: denied { write } for name="spidev1.0" dev="tmpfs" ino=208 scontext=u:r:init:s0 tcontext=u:object_r:device:s0 tclass=chr_file permissive=1
06-06 13:42:34.960 1633 1633 I rgb_led_ctl: type=1400 audit(0.0:507): avc: denied { open } for path="/dev/spidev1.0" dev="tmpfs" ino=208 scontext=u:r:init:s0 tcontext=u:object_r:device:s0 tclass=chr_file permissive=1
06-06 13:42:34.960 1633 1633 I rgb_led_ctl: type=1400 audit(0.0:508): avc: denied { ioctl } for path="/dev/spidev1.0" dev="tmpfs" ino=208 ioctlcmd=0x6b01 scontext=u:r:init:s0 tcontext=u:object_r:device:s0 tclass=chr_file permissive=1
06-06 13:42:34.956 756 756 I IpClient.wlan0: type=1400 audit(0.0:505): avc: denied { search } for name="net" dev="sysfs" ino=10442 scontext=u:r:network_stack:s0 tcontext=u:object_r:sysfs_net:s0 tclass=dir permissive=1
06-06 13:42:34.914 478 606 W BestClock: java.time.DateTimeException: Missing NTP fix
06-06 13:42:34.928 478 607 W BestClock: java.time.DateTimeException: Missing NTP fix
06-06 13:42:34.940 478 607 W BestClock: java.time.DateTimeException: Missing NTP fix
06-06 13:42:34.941 478 617 D ConnectivityService: [100 WIFI] EVENT_NETWORK_INFO_CHANGED, going from CONNECTING to CONNECTING
06-06 13:42:34.945 656 656 E WifiHAL : wifi_get_link_stats: requestResponse Error:-5
06-06 13:42:34.947 478 610 E WifiVendorHal: getWifiLinkLayerStats_1_5_Internal(l.1191) failed {.code = ERROR_INVALID_ARGS, .description = }
06-06 13:42:34.995 478 610 D WifiService: updateInterfaceIpState: ifaceName=wlan0 mode=-1 previous LOHS mode= -1
06-06 13:42:34.996 478 617 D ConnectivityService: NetReassign [no changes]
06-06 13:42:35.006 1601 1601 V GraphicsEnvironment: ANGLE Developer option for 'com.android.onetimeinitializer' set to: 'default'
06-06 13:42:35.006 1601 1601 V GraphicsEnvironment: Neither updatable production driver nor prerelease driver is supported.
06-06 13:42:35.013 1601 1601 D NetworkSecurityConfig: No Network Security Config specified, using platform default
06-06 13:42:35.014 1601 1601 D NetworkSecurityConfig: No Network Security Config specified, using platform default
06-06 13:42:35.018 1601 1601 V OneTimeInitializerReceiver: OneTimeInitializerReceiver.onReceive
06-06 13:42:35.026 478 617 D ConnectivityService: NetReassign [no changes]
06-06 13:42:35.029 478 610 E WifiVendorHal: configureNeighborDiscoveryOffload(l.2704) failed {.code = ERROR_INVALID_ARGS, .description = }
06-06 13:42:35.042 478 813 I ActivityManager: com.android.packageinstaller is exempt from freezer
06-06 13:42:35.042 478 813 D CompatibilityChangeReporter: Compat change id reported: 135634846; UID 1000; state: DISABLED
06-06 13:42:35.077 249 249 D Zygote : Forked child process 1643
06-06 13:42:35.078 478 533 I ActivityManager: app.processName = com.android.packageinstaller
06-06 13:42:35.078 478 533 I ActivityManager: Start proc 1643:com.android.packageinstaller/1000 for broadcast {com.android.packageinstaller/com.android.packageinstaller.TemporaryFileManager}
06-06 13:42:35.079 478 617 D ConnectivityService: Adding iface wlan0 to network 100
06-06 13:42:35.079 248 248 E Netd : no such netId 100
06-06 13:42:35.080 478 617 W ConnectivityService: Exception adding interface: android.os.ServiceSpecificException: Machine is not on the network (code 64)
06-06 13:42:35.087 248 248 E Netd : no such netId 100
06-06 13:42:35.088 1643 1643 I Zygote : seccomp disabled by setenforce 0
06-06 13:42:35.096 478 617 W BestClock: java.time.DateTimeException: Missing NTP fix
06-06 13:42:35.112 1645 1645 I cmd : type=1400 audit(0.0:509): avc: denied { call } for scontext=u:r:preinstall:s0 tcontext=u:r:system_server:s0 tclass=binder permissive=1
06-06 13:42:35.141 397 417 I adbd : jdwp connection from 1643
06-06 13:42:35.145 478 617 W BestClock: java.time.DateTimeException: Missing NTP fix
06-06 13:42:35.155 478 607 W BestClock: java.time.DateTimeException: Missing NTP fix
06-06 13:42:35.156 478 607 W BestClock: java.time.DateTimeException: Missing NTP fix
06-06 13:42:35.180 478 813 D CompatibilityChangeReporter: Compat change id reported: 168419799; UID 1000; state: DISABLED
06-06 13:42:35.184 656 656 E WifiHAL : wifi_get_link_stats: requestResponse Error:-5
06-06 13:42:35.191 478 610 E WifiVendorHal: getWifiLinkLayerStats_1_5_Internal(l.1191) failed {.code = ERROR_INVALID_ARGS, .description = }
06-06 13:42:35.193 1643 1643 D CompatibilityChangeReporter: Compat change id reported: 171979766; UID 1000; state: ENABLED
06-06 13:42:35.218 756 950 D DhcpClient: l2key: W27e35ab283c825cf lease address: /10.192.35.42 lease expiry: 1749274955014 current time: 1749188555217
06-06 13:42:35.220 1062 1187 D AppManager: checkLocalAppsIsValid:
06-06 13:42:35.244 478 495 I system_server: Background concurrent copying GC freed 200556(7525KB) AllocSpace objects, 24(1512KB) LOS objects, 49% free, 11MB/23MB, paused 1.421ms total 1.332s
06-06 13:42:35.245 756 950 D DhcpClient: Broadcasting DHCPREQUEST ciaddr=0.0.0.0 request=10.192.35.42 serverid=null
06-06 13:42:35.269 1062 1598 E hq : ErrorCoroutineExceptionHandler:::runTry error:java.net.UnknownHostException: Unable to resolve host "ottdbui-tyapiqun7.yysh.mgtv.com": No address associated with hostname from=requestAppAdInfo
06-06 13:42:35.270 756 950 D DhcpClient: Received packet: b4:2f:03:15:e9:b5 ACK: your new IP /10.192.35.42, netmask /255.255.255.0, gateways [/10.192.35.1] DNS servers: /223.5.5.5 /119.29.29.29 , lease time 86400
06-06 13:42:35.278 756 950 D DhcpClient: Confirmed lease: android.net.networkstack.DhcpResults@7b2b942 DHCP server /10.192.35.1 Vendor info null lease 86400 seconds Servername
06-06 13:42:35.279 1062 1443 D hq : NetWorkStateReceiver:::检查网络,并且持续更新 isConnect=false
06-06 13:42:35.294 1272 1272 D RockyManager: switchWakeIsAllow isQuitBootGuide: true isBtMode: false
06-06 13:42:35.294 1272 1272 D RockyManager: switchWakeIsAllow isAllowFarWake: true
06-06 13:42:35.311 248 248 E Netd : no such netId 100
06-06 13:42:35.313 478 617 E ConnectivityService: Exception in networkAddRouteParcel for non-gateway: android.os.ServiceSpecificException: Machine is not on the network (code 64)
06-06 13:42:35.313 248 248 E Netd : no such netId 100
06-06 13:42:35.316 478 617 E ConnectivityService: Exception in networkAddRouteParcel for gateway: android.os.ServiceSpecificException: Machine is not on the network (code 64)
06-06 13:42:35.325 478 617 W BestClock: java.time.DateTimeException: Missing NTP fix
06-06 13:42:35.326 756 950 D DhcpClient: Scheduling renewal in 43199s
06-06 13:42:35.326 756 950 D DhcpClient: Scheduling rebind in 75599s
06-06 13:42:35.326 756 950 D DhcpClient: Scheduling expiry in 86399s
06-06 13:42:35.328 1272 1272 D RockyReceiver: action: android.net.wifi.STATE_CHANGE
06-06 13:42:35.331 478 603 E ConnectivityService: Exception = android.content.pm.PackageManager$NameNotFoundException: android.net.cts
06-06 13:42:35.335 1643 1643 V GraphicsEnvironment: ANGLE Developer option for 'com.android.packageinstaller' set to: 'default'
06-06 13:42:35.335 1643 1643 V GraphicsEnvironment: Neither updatable production driver nor prerelease driver is supported.
06-06 13:42:35.346 1272 1272 D RockyReceiver: action: android.net.wifi.STATE_CHANGE
06-06 13:42:35.347 1643 1643 D NetworkSecurityConfig: No Network Security Config specified, using platform default
06-06 13:42:35.347 478 750 E ConnectivityService: Exception = android.content.pm.PackageManager$NameNotFoundException: android.net.cts
06-06 13:42:35.347 1643 1643 D NetworkSecurityConfig: No Network Security Config specified, using platform default
06-06 13:42:35.364 478 610 W WifiScoreReport: Cannot start external scoring netId=100 currentNetId=100 currentNetCapabilities=[ Transports: WIFI Capabilities: NOT_METERED&INTERNET&NOT_RESTRICTED&TRUSTED&NOT_VPN&NOT_ROAMING&NOT_CONGESTED&NOT_SUSPENDED&NOT_VCN_MANAGED LinkUpBandwidth>=12000Kbps LinkDnBandwidth>=60000Kbps Specifier: TransportInfo: SignalStrength: -41 OwnerUid: 10031 AdminUids: [10031] SSID: "DB-AN"] sessionId=1008
06-06 13:42:35.365 478 521 W IorapForwardingService: No service published for: iorapd
06-06 13:42:35.365 478 617 W BestClock: java.time.DateTimeException: Missing NTP fix
06-06 13:42:35.368 478 607 W BestClock: java.time.DateTimeException: Missing NTP fix
06-06 13:42:35.370 478 607 W BestClock: java.time.DateTimeException: Missing NTP fix
06-06 13:42:35.378 478 617 D ConnectivityService: Setting DNS servers for network 100 to [/223.5.5.5, /119.29.29.29]
06-06 13:42:35.391 1643 1643 W TemporaryFileManager: install_results.xml was created before onBoot broadcast was received
06-06 13:42:35.393 478 750 D WifiMemoryStoreImpl: Set cluster Gda4ff8892a4841be for Wea73533cab15748a: SUCCESS
06-06 13:42:35.395 478 813 D CompatibilityChangeReporter: Compat change id reported: 135634846; UID 10073; state: DISABLED
06-06 13:42:35.395 478 813 D CompatibilityChangeReporter: Compat change id reported: 177438394; UID 10073; state: DISABLED
06-06 13:42:35.395 478 813 D CompatibilityChangeReporter: Compat change id reported: 135772972; UID 10073; state: DISABLED
06-06 13:42:35.395 478 813 D CompatibilityChangeReporter: Compat change id reported: 135754954; UID 10073; state: DISABLED
06-06 13:42:35.406 478 533 D CompatibilityChangeReporter: Compat change id reported: 143937733; UID 10073; state: DISABLED
06-06 13:42:35.420 478 752 D WifiMemoryStoreImpl: Set cluster Gda4ff8892a4841be for W27e35ab283c825cf: SUCCESS
06-06 13:42:35.428 478 752 D WifiMemoryStoreImpl: Set cluster Gda4ff8892a4841be for Wc6e4c427adbe12e4: SUCCESS
06-06 13:42:35.429 478 617 W BestClock: java.time.DateTimeException: Missing NTP fix
06-06 13:42:35.435 249 249 D Zygote : Forked child process 1684
06-06 13:42:35.436 478 533 I ActivityManager: app.processName = com.android.permissioncontroller
06-06 13:42:35.436 478 533 I ActivityManager: Start proc 1684:com.android.permissioncontroller/u0a73 for broadcast {com.android.permissioncontroller/com.android.permissioncontroller.permission.service.LocationAccessCheck$SetupPeriodicBackgroundLocationAccessCheck}
06-06 13:42:35.439 1684 1684 I Zygote : seccomp disabled by setenforce 0
06-06 13:42:35.465 268 268 I AW_PowerHAL: Power setMode: SUSTAINED_PERFORMANCE to: 0
06-06 13:42:35.466 397 417 I adbd : jdwp connection from 1684
06-06 13:42:35.469 268 268 I AW_PowerHAL: cur-mode:SCHEDUTIL-Home
06-06 13:42:35.493 478 617 W BestClock: java.time.DateTimeException: Missing NTP fix
06-06 13:42:35.499 478 750 D WifiMemoryStoreImpl: Set cluster Gda4ff8892a4841be for Wdec302eda7668b22: SUCCESS
06-06 13:42:35.502 478 607 W BestClock: java.time.DateTimeException: Missing NTP fix
06-06 13:42:35.506 478 752 D CompatibilityChangeReporter: Compat change id reported: 168419799; UID 10073; state: DISABLED
06-06 13:42:35.508 478 607 W BestClock: java.time.DateTimeException: Missing NTP fix
06-06 13:42:35.509 478 617 D ConnectivityService: [100 WIFI] EVENT_NETWORK_INFO_CHANGED, going from CONNECTING to CONNECTED
06-06 13:42:35.532 1684 1684 D CompatibilityChangeReporter: Compat change id reported: 171979766; UID 10073; state: DISABLED
06-06 13:42:35.539 478 617 D DnsManager: sendDnsConfigurationForNetwork(100, [223.5.5.5, 119.29.29.29], [], 1800, 25, 8, 64, 0, 0, , [])
06-06 13:42:35.563 478 813 D WifiMemoryStoreImpl: Set cluster Gda4ff8892a4841be for W28ec364976c09206: SUCCESS
06-06 13:42:35.578 1684 1684 D ApplicationLoaders: Returning zygote-cached class loader: /system/framework/android.test.base.jar
06-06 13:42:35.583 478 617 W DnsManager: updatePrivateDns(100, PrivateDnsConfig{true:/[]})
06-06 13:42:35.583 478 617 D ConnectivityService: Setting DNS servers for network 100 to [/223.5.5.5, /119.29.29.29]
06-06 13:42:35.585 478 617 D DnsManager: sendDnsConfigurationForNetwork(100, [223.5.5.5, 119.29.29.29], [], 1800, 25, 8, 64, 0, 0, , [223.5.5.5, 119.29.29.29])
06-06 13:42:35.590 248 1714 W resolv : Validating DnsTlsServer 119.29.29.29 with mark 0xf0064
06-06 13:42:35.590 248 1715 W resolv : Validating DnsTlsServer 223.5.5.5 with mark 0xf0064
06-06 13:42:35.592 248 1714 W resolv : Socket failed to connect: Network is unreachable
06-06 13:42:35.593 248 1714 W resolv : TCP Handshake failed: 101
06-06 13:42:35.593 248 1714 W resolv : query failed
06-06 13:42:35.593 248 1714 W resolv : validateDnsTlsServer returned 0 for 119.29.29.29
06-06 13:42:35.593 248 1715 W resolv : Socket failed to connect: Network is unreachable
06-06 13:42:35.593 248 1715 W resolv : TCP Handshake failed: 101
06-06 13:42:35.593 248 1714 W resolv : Validation failed
06-06 13:42:35.593 248 1715 W resolv : query failed
06-06 13:42:35.593 248 1715 W resolv : validateDnsTlsServer returned 0 for 223.5.5.5
06-06 13:42:35.593 248 1715 W resolv : Validation failed
06-06 13:42:35.614 1128 1128 D aaa : LedStatusService onStartCommand begin
06-06 13:42:35.615 1128 1719 D aaa : topPkg is -------------- :com.dangbei.leard.leradlauncher
06-06 13:42:35.626 656 656 E WifiHAL : wifi_get_link_stats: requestResponse Error:-5
06-06 13:42:35.627 478 610 E WifiVendorHal: getWifiLinkLayerStats_1_5_Internal(l.1191) failed {.code = ERROR_INVALID_ARGS, .description = }
06-06 13:42:35.642 1177 1177 D bbb : onStartCommand begin !!!!!!! data分区剩余 24983MB
06-06 13:42:35.652 478 752 D CompatibilityChangeReporter: Compat change id reported: 171306433; UID 1000; state: ENABLED
06-06 13:42:35.664 478 617 D ConnectivityService: Adding iface wlan0 to network 100
06-06 13:42:35.691 478 752 D WifiMemoryStoreImpl: Set cluster Gda4ff8892a4841be for Wa4e1550b7149a85f: SUCCESS
06-06 13:42:35.692 478 617 D ConnectivityService: Setting DNS servers for network 100 to [/223.5.5.5, /119.29.29.29]
06-06 13:42:35.697 478 617 D DnsManager: sendDnsConfigurationForNetwork(100, [223.5.5.5, 119.29.29.29], [], 1800, 25, 8, 64, 0, 0, , [223.5.5.5, 119.29.29.29])
06-06 13:42:35.698 248 1726 W resolv : Validating DnsTlsServer 119.29.29.29 with mark 0xf0064
06-06 13:42:35.708 248 1728 W resolv : Validating DnsTlsServer 223.5.5.5 with mark 0xf0064
06-06 13:42:35.729 478 617 W BestClock: java.time.DateTimeException: Missing NTP fix
06-06 13:42:35.733 478 752 D WifiMemoryStoreImpl: Set cluster Gda4ff8892a4841be for W7014d27f0afe1385: SUCCESS
06-06 13:42:35.753 1684 1684 V GraphicsEnvironment: ANGLE Developer option for 'com.android.permissioncontroller' set to: 'default'
06-06 13:42:35.754 1684 1684 V GraphicsEnvironment: Neither updatable production driver nor prerelease driver is supported.
01-01 08:00:28.310 282 282 W audit : audit_lost=109 audit_rate_limit=5 audit_backlog_limit=64
01-01 08:00:28.310 282 282 E audit : rate limit exceeded
