06-06 13:42:25.821 478 478 W InputMethodUtils: Found no fallback locale. imis=[InputMethodInfo{com.sohu.inputmethod.sogou.tv/.SogouIME, settings: com.sohu.inputmethod.sogou.SogouIMESettingsLauncher}]
06-06 13:42:25.822 478 478 W InputMethodUtils: No software keyboard is found. imis=[InputMethodInfo{com.sohu.inputmethod.sogou.tv/.SogouIME, settings: com.sohu.inputmethod.sogou.SogouIMESettingsLauncher}] systemLocale=zh_CN fallbackLocale=null
06-06 13:42:25.822 478 533 I ActivityManager: app.processName = com.android.bluetooth
06-06 13:42:25.822 478 533 I ActivityManager: Start proc 666:com.android.bluetooth/1002 for service {com.android.bluetooth/com.android.bluetooth.btservice.AdapterService}
06-06 13:42:25.824 478 478 I RebootEscrowManager: No reboot escrow data found for users, skipping loading escrow data
06-06 13:42:25.828 478 478 I WallpaperManagerService: No static wallpaper imagery; defaults will be shown
06-06 13:42:25.828 478 478 V WallpaperManagerService: bindWallpaperComponentLocked: componentName=ComponentInfo{com.android.systemui/com.android.systemui.ImageWallpaper}
06-06 13:42:25.828 666 666 I Zygote : seccomp disabled by setenforce 0
06-06 13:42:25.833 478 478 D CompatibilityChangeReporter: Compat change id reported: 135634846; UID 10061; state: DISABLED
06-06 13:42:25.833 478 478 D CompatibilityChangeReporter: Compat change id reported: 177438394; UID 10061; state: DISABLED
06-06 13:42:25.833 478 478 D CompatibilityChangeReporter: Compat change id reported: 135772972; UID 10061; state: DISABLED
06-06 13:42:25.834 478 478 D CompatibilityChangeReporter: Compat change id reported: 135754954; UID 10061; state: ENABLED
06-06 13:42:25.834 478 533 D CompatibilityChangeReporter: Compat change id reported: 143937733; UID 10061; state: ENABLED
01-01 08:00:18.363 656 656 I sunxi-rfkill soc@3000000: rfkill: wlan power on success
01-01 08:00:18.363 656 656 I WCN : marlin chip en pull up
06-06 13:42:25.836 329 329 I rainbow_flow: type=1400 audit(0.0:328): avc: denied { ioctl } for path="/dev/spidev1.0" dev="tmpfs" ino=208 ioctlcmd=0x6b00 scontext=u:r:init:s0 tcontext=u:object_r:device:s0 tclass=chr_file permissive=1
06-06 13:42:25.845 397 417 I adbd : jdwp connection from 666
06-06 13:42:25.846 249 249 D Zygote : Forked child process 679
06-06 13:42:25.847 478 533 I ActivityManager: app.processName = com.android.systemui
06-06 13:42:25.847 478 533 I ActivityManager: Start proc 679:com.android.systemui/u0a61 for service {com.android.systemui/com.android.systemui.ImageWallpaper}
06-06 13:42:25.851 478 478 E BitmapFactory: Unable to decode stream: java.io.FileNotFoundException: /data/system/users/0/wallpaper_orig: open failed: ENOENT (No such file or directory)
06-06 13:42:25.851 478 478 W WallpaperManagerService: Invalid wallpaper data
06-06 13:42:25.851 478 478 E WallpaperManagerService: Unable to apply new wallpaper
06-06 13:42:25.852 478 478 D AdbService: systemReady
06-06 13:42:25.854 254 254 V audio_hw_primary: adev_set_parameters, A2dpSuspended=false
06-06 13:42:25.854 478 570 I SystemServerTimingAsync: InitThreadPoolExec:UsbService$Lifecycle#onBootPhase
06-06 13:42:25.854 478 478 D SoundTriggerService: onBootPhase: 550 : false
06-06 13:42:25.854 478 570 D SystemServerInitThreadPool: Started executing UsbService$Lifecycle#onBootPhase
06-06 13:42:25.855 478 627 D BluetoothManagerService: Trying to bind to profile: 1, while Bluetooth was disabled
06-06 13:42:25.856 478 570 D SystemServerInitThreadPool: Finished executing UsbService$Lifecycle#onBootPhase
06-06 13:42:25.856 270 270 E android.hardware.usb@1.0-service: Failed to open /sys/class/typec
06-06 13:42:25.856 478 627 D BluetoothA2dp: Binding service...
06-06 13:42:25.857 478 638 E UsbPortManager: port status enquiry failed
06-06 13:42:25.861 679 679 I Zygote : seccomp disabled by setenforce 0
06-06 13:42:25.861 254 254 V audio_hw_primary: adev_set_parameters, BT_SCO=off
06-06 13:42:25.862 254 254 D audio_hw_primary: Mic get_audio_devices_active:
06-06 13:42:25.862 254 254 D audio_hw_primary: get_audio_devices_active: AUDIO_HDMI
06-06 13:42:25.863 478 628 I AS.AudioDeviceInventory: removePreferredDevicesForStrategySync, strategy: 14
06-06 13:42:25.863 254 254 D xm_audio: adev_get_parameters
06-06 13:42:25.863 478 478 I AppBindingService: Updating constants with: null
06-06 13:42:25.863 273 441 I hash_map_utils: system/bt/osi/src/hash_map_utils.cc:81 hash_map_utils_dump_string_keys_string_values: key: 'audio_devices_out_active' value: ''
06-06 13:42:25.865 254 254 V audio_hw_primary: adev_set_parameters, mediasw.sft.rawdata=HDMI_RAW
06-06 13:42:25.864 1 1 I /system/bin/init: type=1107 audit(0.0:329): uid=0 auid=4294967295 ses=4294967295 subj=u:r:init:s0 msg='avc: denied { set } for property=vendor.mediasw.sft.rawdata pid=254 uid=1041 gid=1005 scontext=u:r:hal_audio_default:s0 tcontext=u:object_r:vendor_audio_prop:s0 tclass=property_service permissive=1'
01-01 08:00:18.389 656 656 I sdiohal : sdiohal_scan_card
01-01 08:00:18.389 656 656 I sunxi-rfkill soc@3000000: rfkill: bus_index: 1
01-01 08:00:18.389 0 0 E : [ C0] sunxi-mmc 4021000.sdmmc: smc 2 p1 err, cmd 52, RTO !!
01-01 08:00:18.397 656 656 W sdiohal : probe of mmc2:8800:1 failed with error -110
06-06 13:42:25.874 273 441 I AudioFlinger: systemReady
06-06 13:42:25.881 397 417 I adbd : jdwp connection from 679
06-06 13:42:25.881 478 627 D AS.AudioService: No vibrator found
06-06 13:42:25.884 478 478 I PackageManager: Permission ownership changed. Updating all permissions.
01-01 08:00:18.397 0 0 E : [ C0] sunxi-mmc 4021000.sdmmc: smc 2 p1 err, cmd 7, RTO !!
01-01 08:00:18.405 0 0 E : [ C0] sunxi-mmc 4021000.sdmmc: smc 2 p1 err, cmd 7, RTO !!
01-01 08:00:18.413 0 0 E : [ C0] sunxi-mmc 4021000.sdmmc: smc 2 p1 err, cmd 7, RTO !!
01-01 08:00:18.420 0 0 E : [ C0] sunxi-mmc 4021000.sdmmc: smc 2 p1 err, cmd 7, RTO !!
06-06 13:42:25.899 326 327 D XM_HIDREAD: add@ add@/bus/sdio/drivers/sdiohal
06-06 13:42:25.900 326 327 D XM_HIDREAD: remove@ remove@/devices/platform/soc@3000000/4021000.sdmmc/mmc_host/mmc2/mmc2:8800/mmc2:8800:1
06-06 13:42:25.900 326 327 D XM_HIDREAD: remove@ remove@/devices/platform/soc@3000000/4021000.sdmmc/mmc_host/mmc2/mmc2:8800
01-01 08:00:18.428 130 130 I mmc2 : card 8800 removed
01-01 08:00:18.428 130 130 I sunxi-mmc 4021000.sdmmc: sdc set ios:clk 0Hz bm PP pm OFF vdd 0 width 1 timing LEGACY(SDR12) dt B
01-01 08:00:18.430 130 130 I sunxi-mmc 4021000.sdmmc: sdc set ios:clk 0Hz bm PP pm UP vdd 23 width 1 timing LEGACY(SDR12) dt B
01-01 08:00:18.441 130 130 I sunxi-mmc 4021000.sdmmc: sdc set ios:clk 400000Hz bm PP pm ON vdd 23 width 1 timing LEGACY(SDR12) dt B
06-06 13:42:25.927 478 478 W SystemServiceManager: Service com.android.server.policy.PermissionPolicyService took 63 ms in onBootPhase
06-06 13:42:25.927 478 478 I SystemServerTiming: StartObservingNativeCrashes
06-06 13:42:25.927 478 478 I SystemServerTiming: RegisterAppOpsPolicy
01-01 08:00:18.454 0 0 E : [ C0] sunxi-mmc 4021000.sdmmc: smc 2 p1 err, cmd 52, RTO !!
06-06 13:42:25.934 478 603 D CompatibilityChangeReporter: Compat change id reported: 168419799; UID 1002; state: DISABLED
01-01 08:00:18.462 0 0 E : [ C0] sunxi-mmc 4021000.sdmmc: smc 2 p1 err, cmd 52, RTO !!
01-01 08:00:18.470 130 130 I sunxi-mmc 4021000.sdmmc: sdc set ios:clk 400000Hz bm PP pm ON vdd 23 width 1 timing LEGACY(SDR12) dt B
06-06 13:42:25.942 365 472 D MediaCodecList: Allowing all OMX codecs
06-06 13:42:25.944 365 472 E cutils-trace: Error opening trace file: No such file or directory (2)
06-06 13:42:25.947 478 603 W ActivityManager: Slow operation: 62ms so far, now at attachApplicationLocked: immediately after bindApplication
06-06 13:42:25.948 478 603 W ActivityManager: Slow operation: 62ms so far, now at attachApplicationLocked: after updateLruProcessLocked
01-01 08:00:18.473 130 130 I sunxi-mmc 4021000.sdmmc: sdc set ios:clk 400000Hz bm PP pm ON vdd 23 width 1 timing LEGACY(SDR12) dt B
06-06 13:42:25.949 365 472 I OMXClient: IOmx service obtained
06-06 13:42:25.950 372 372 I OMXStore: makeComponentInstance(OMX.allwinner.video.decoder.avc) in android.hardwar process
06-06 13:42:25.954 478 603 W ActivityManager: Slow operation: 69ms so far, now at attachApplicationLocked: after mServices.attachApplicationLocked
06-06 13:42:25.957 478 573 D CompatibilityChangeReporter: Compat change id reported: 168419799; UID 10061; state: DISABLED
06-06 13:42:25.957 666 666 D CompatibilityChangeReporter: Compat change id reported: 171979766; UID 1002; state: ENABLED
06-06 13:42:25.958 372 372 I omx_vdec_aw: : OmxDecoderCreate.
06-06 13:42:25.959 326 327 D XM_HIDREAD: add@ add@/devices/platform/soc@3000000/4021000.sdmmc/mmc_host/mmc2/mmc2:8800
06-06 13:42:25.956 326 326 I xm_hidread: type=1400 audit(0.0:330): avc: denied { read } for scontext=u:r:init:s0 tcontext=u:r:init:s0 tclass=netlink_kobject_uevent_socket permissive=1
06-06 13:42:25.959 326 327 D XM_HIDREAD: add@ add@/devices/platform/soc@3000000/4021000.sdmmc/mmc_host/mmc2/mmc2:8800/mmc2:8800:1
06-06 13:42:25.959 372 424 W omx_vdec: <__AwOmxVdecSetParameter:1561>: Set Parameter called in valid state
01-01 08:00:18.485 130 130 I sunxi-mmc 4021000.sdmmc: sdc set ios:clk 400000Hz bm PP pm ON vdd 23 width 4 timing LEGACY(SDR12) dt B
01-01 08:00:18.486 130 130 I sunxi-mmc 4021000.sdmmc: sdc set ios:clk 400000Hz bm PP pm ON vdd 23 width 4 timing UHS-SDR104 dt B
01-01 08:00:18.486 130 130 I sunxi-mmc 4021000.sdmmc: sdc set ios:clk 150000000Hz bm PP pm ON vdd 23 width 4 timing UHS-SDR104 dt B
01-01 08:00:18.487 130 130 I mmc2 : new ultra high speed SDR104 SDIO card at address 8800
06-06 13:42:25.962 372 424 W omx_vdec: : pParamProfileLevel->nProfileIndex[0x3] error!
06-06 13:42:25.962 372 424 E OMXNodeInstance: getParameter(0xe95ac000:allwinner.decoder.avc, ParamVideoProfileLevelQuerySupported(0x600000f)) ERROR: BadParameter(0x80001005)
06-06 13:42:25.964 372 424 W omx_vdec: <__AwOmxVdecGetExtensionIndex:1737>: GetExtensionIndex OMX.google.android.index.describeColorFormat, err [0x80001001].
06-06 13:42:25.964 372 424 W omx_vdec: <__AwOmxVdecGetExtensionIndex:1737>: GetExtensionIndex OMX.google.android.index.describeColorFormat2, err [0x80001001].
06-06 13:42:25.964 372 424 E omx_vdec: : erro: pParamData->nIndex > m_sPortFormatType.nIndex
06-06 13:42:25.964 478 518 I SystemServerTimingAsync: InitThreadPoolExec:WebViewFactoryPreparation
06-06 13:42:25.965 372 424 W omx_vdec: <__AwOmxVdecGetExtensionIndex:1737>: GetExtensionIndex OMX.google.android.index.describeColorFormat, err [0x80001001].
06-06 13:42:25.965 478 518 D SystemServerInitThreadPool: Started executing WebViewFactoryPreparation
06-06 13:42:25.965 478 518 I SystemServer: WebViewFactoryPreparation
06-06 13:42:25.965 372 424 W omx_vdec: <__AwOmxVdecGetExtensionIndex:1737>: GetExtensionIndex OMX.google.android.index.describeColorFormat2, err [0x80001001].
06-06 13:42:25.965 478 518 I SystemServerTimingAsync: WebViewFactoryPreparation
06-06 13:42:25.965 372 424 E omx_vdec: : erro: pParamData->nIndex > m_sPortFormatType.nIndex
06-06 13:42:25.965 372 424 W omx_vdec: <__AwOmxVdecGetExtensionIndex:1737>: GetExtensionIndex OMX.google.android.index.describeColorFormat, err [0x80001001].
06-06 13:42:25.965 372 424 W omx_vdec: <__AwOmxVdecGetExtensionIndex:1737>: GetExtensionIndex OMX.google.android.index.describeColorFormat2, err [0x80001001].
06-06 13:42:25.965 372 424 E omx_vdec: : erro: pParamData->nIndex > m_sPortFormatType.nIndex
06-06 13:42:25.965 372 424 W omx_vdec: <__AwOmxVdecGetExtensionIndex:1737>: GetExtensionIndex OMX.google.android.index.describeColorFormat, err [0x80001001].
06-06 13:42:25.965 372 424 W omx_vdec: <__AwOmxVdecGetExtensionIndex:1737>: GetExtensionIndex OMX.google.android.index.describeColorFormat2, err [0x80001001].
06-06 13:42:25.966 372 424 E omx_vdec: : erro: pParamData->nIndex > m_sPortFormatType.nIndex
06-06 13:42:25.966 372 424 W omx_vdec: <__AwOmxVdecGetExtensionIndex:1737>: GetExtensionIndex OMX.google.android.index.describeColorFormat, err [0x80001001].
06-06 13:42:25.966 372 424 W omx_vdec: <__AwOmxVdecGetExtensionIndex:1737>: GetExtensionIndex OMX.google.android.index.describeColorFormat2, err [0x80001001].
06-06 13:42:25.966 372 424 E omx_vdec: : erro: pParamData->nIndex > m_sPortFormatType.nIndex
06-06 13:42:25.966 372 424 W omx_vdec: <__AwOmxVdecGetExtensionIndex:1737>: GetExtensionIndex OMX.google.android.index.describeColorFormat, err [0x80001001].
06-06 13:42:25.966 372 424 W omx_vdec: <__AwOmxVdecGetExtensionIndex:1737>: GetExtensionIndex OMX.google.android.index.describeColorFormat2, err [0x80001001].
06-06 13:42:25.966 372 424 E omx_vdec: : erro: pParamData->nIndex > m_sPortFormatType.nIndex
06-06 13:42:25.966 372 424 W omx_vdec: <__AwOmxVdecGetExtensionIndex:1737>: GetExtensionIndex OMX.google.android.index.describeColorFormat, err [0x80001001].
06-06 13:42:25.966 372 424 W omx_vdec: <__AwOmxVdecGetExtensionIndex:1737>: GetExtensionIndex OMX.google.android.index.describeColorFormat2, err [0x80001001].
06-06 13:42:25.967 372 424 E omx_vdec: : erro: pParamData->nIndex > m_sPortFormatType.nIndex
06-06 13:42:25.967 372 424 W omx_vdec: <__AwOmxVdecGetExtensionIndex:1737>: GetExtensionIndex OMX.google.android.index.describeColorFormat, err [0x80001001].
06-06 13:42:25.967 372 424 W omx_vdec: <__AwOmxVdecGetExtensionIndex:1737>: GetExtensionIndex OMX.google.android.index.describeColorFormat2, err [0x80001001].
06-06 13:42:25.967 372 424 E omx_vdec: : erro: pParamData->nIndex > m_sPortFormatType.nIndex
06-06 13:42:25.967 372 424 W omx_vdec: <__AwOmxVdecGetExtensionIndex:1737>: GetExtensionIndex OMX.google.android.index.describeColorFormat, err [0x80001001].
06-06 13:42:25.967 372 424 W omx_vdec: <__AwOmxVdecGetExtensionIndex:1737>: GetExtensionIndex OMX.google.android.index.describeColorFormat2, err [0x80001001].
06-06 13:42:25.967 372 424 E omx_vdec: : erro: pParamData->nIndex > m_sPortFormatType.nIndex
06-06 13:42:25.967 372 424 W omx_vdec: <__AwOmxVdecGetExtensionIndex:1737>: GetExtensionIndex OMX.google.android.index.describeColorFormat, err [0x80001001].
06-06 13:42:25.968 372 424 W omx_vdec: <__AwOmxVdecGetExtensionIndex:1737>: GetExtensionIndex OMX.google.android.index.describeColorFormat2, err [0x80001001].
06-06 13:42:25.968 478 518 D CompatibilityChangeReporter: Compat change id reported: 135634846; UID 1000; state: DISABLED
06-06 13:42:25.968 372 424 E omx_vdec: : erro: pParamData->nIndex > m_sPortFormatType.nIndex
06-06 13:42:25.968 372 424 W omx_vdec: <__AwOmxVdecGetExtensionIndex:1737>: GetExtensionIndex OMX.google.android.index.describeColorFormat, err [0x80001001].
06-06 13:42:25.968 478 518 D CompatibilityChangeReporter: Compat change id reported: 177438394; UID 1000; state: DISABLED
06-06 13:42:25.967 679 679 D CompatibilityChangeReporter: Compat change id reported: 171979766; UID 10061; state: ENABLED
06-06 13:42:25.968 372 424 W omx_vdec: <__AwOmxVdecGetExtensionIndex:1737>: GetExtensionIndex OMX.google.android.index.describeColorFormat2, err [0x80001001].
01-01 08:00:18.493 130 130 I sdiohal : sdiohal_probe: func->class=0, vendor=0x0000, device=0x0000, func_num=0x0001, clock=150000000, SDIOHAL_RX_RECVBUF_LEN:200,SDIOHAL_32_BIT_RX_RECVBUF_LEN:32.
06-06 13:42:25.968 372 424 E omx_vdec: : erro: pParamData->nIndex > m_sPortFormatType.nIndex
06-06 13:42:25.968 372 424 W omx_vdec: <__AwOmxVdecGetExtensionIndex:1737>: GetExtensionIndex OMX.google.android.index.describeColorFormat, err [0x80001001].
06-06 13:42:25.968 372 424 W omx_vdec: <__AwOmxVdecGetExtensionIndex:1737>: GetExtensionIndex OMX.google.android.index.describeColorFormat2, err [0x80001001].
01-01 08:00:18.493 130 130 I WCN : marlin_get_wcn_chipid: chipid: 0x56630001
01-01 08:00:18.493 130 130 I WCN : marlin_scan_finish!
06-06 13:42:25.968 372 424 E omx_vdec: : erro: pParamData->nIndex > m_sPortFormatType.nIndex
01-01 08:00:18.493 130 130 I sdiohal : sdiohal_probe: sdio_dev_host, max_req_size=0x2000000, max_blk_count=0x2000, max_blk_size=0x1000
01-01 08:00:18.493 130 130 I sdiohal : probe ok
01-01 08:00:18.493 656 656 I sdiohal : scan end!
06-06 13:42:25.968 372 424 W omx_vdec: <__AwOmxVdecGetExtensionIndex:1737>: GetExtensionIndex OMX.google.android.index.describeColorFormat, err [0x80001001].
01-01 08:00:18.493 656 656 I WCN : then marlin start to download
01-01 08:00:18.494 130 130 I WCN : marlin_request_firmware from /vendor/etc/firmware/wcnmodem.bin start!
06-06 13:42:25.969 478 518 D CompatibilityChangeReporter: Compat change id reported: 135772972; UID 1000; state: DISABLED
06-06 13:42:25.969 372 424 W omx_vdec: <__AwOmxVdecGetExtensionIndex:1737>: GetExtensionIndex OMX.google.android.index.describeColorFormat2, err [0x80001001].
06-06 13:42:25.969 372 424 E omx_vdec: : erro: pParamData->nIndex > m_sPortFormatType.nIndex
06-06 13:42:25.969 372 424 W omx_vdec: <__AwOmxVdecGetExtensionIndex:1737>: GetExtensionIndex OMX.google.android.index.describeColorFormat, err [0x80001001].
06-06 13:42:25.969 478 518 D CompatibilityChangeReporter: Compat change id reported: 178038272; UID 1000; state: DISABLED
06-06 13:42:25.969 372 424 W omx_vdec: <__AwOmxVdecGetExtensionIndex:1737>: GetExtensionIndex OMX.google.android.index.describeColorFormat2, err [0x80001001].
06-06 13:42:25.969 372 424 E omx_vdec: : erro: pParamData->nIndex > m_sPortFormatType.nIndex
06-06 13:42:25.969 372 424 W omx_vdec: <__AwOmxVdecGetExtensionIndex:1737>: GetExtensionIndex OMX.google.android.index.describeColorFormat, err [0x80001001].
06-06 13:42:25.969 372 424 W omx_vdec: <__AwOmxVdecGetExtensionIndex:1737>: GetExtensionIndex OMX.google.android.index.describeColorFormat2, err [0x80001001].
06-06 13:42:25.969 372 424 E omx_vdec: : erro: pParamData->nIndex > m_sPortFormatType.nIndex
06-06 13:42:25.969 372 424 W omx_vdec: <__AwOmxVdecGetExtensionIndex:1737>: GetExtensionIndex OMX.google.android.index.describeColorFormat, err [0x80001001].
06-06 13:42:25.970 372 424 W omx_vdec: <__AwOmxVdecGetExtensionIndex:1737>: GetExtensionIndex OMX.google.android.index.describeColorFormat2, err [0x80001001].
06-06 13:42:25.970 372 424 E omx_vdec: : erro: pParamData->nIndex > m_sPortFormatType.nIndex
06-06 13:42:25.970 372 424 W omx_vdec: <__AwOmxVdecGetExtensionIndex:1737>: GetExtensionIndex OMX.google.android.index.describeColorFormat, err [0x80001001].
06-06 13:42:25.970 372 424 W omx_vdec: <__AwOmxVdecGetExtensionIndex:1737>: GetExtensionIndex OMX.google.android.index.describeColorFormat2, err [0x80001001].
06-06 13:42:25.970 372 424 E omx_vdec: : erro: pParamData->nIndex > m_sPortFormatType.nIndex
06-06 13:42:25.970 372 424 W omx_vdec: <__AwOmxVdecGetExtensionIndex:1737>: GetExtensionIndex OMX.google.android.index.describeColorFormat, err [0x80001001].
06-06 13:42:25.970 372 424 W omx_vdec: <__AwOmxVdecGetExtensionIndex:1737>: GetExtensionIndex OMX.google.android.index.describeColorFormat2, err [0x80001001].
06-06 13:42:25.970 478 518 D SystemServerInitThreadPool: Finished executing WebViewFactoryPreparation
06-06 13:42:25.970 372 424 E omx_vdec: : erro: pParamData->nIndex > m_sPortFormatType.nIndex
06-06 13:42:25.970 372 424 W omx_vdec: <__AwOmxVdecGetExtensionIndex:1737>: GetExtensionIndex OMX.google.android.index.describeColorFormat, err [0x80001001].
06-06 13:42:25.971 478 478 I SystemServerTiming: MakeNetworkManagementServiceReady
06-06 13:42:25.971 372 424 W omx_vdec: <__AwOmxVdecGetExtensionIndex:1737>: GetExtensionIndex OMX.google.android.index.describeColorFormat2, err [0x80001001].
06-06 13:42:25.971 372 424 E omx_vdec: : erro: pParamData->nIndex > m_sPortFormatType.nIndex
06-06 13:42:25.971 372 424 W omx_vdec: <__AwOmxVdecGetExtensionIndex:1737>: GetExtensionIndex OMX.google.android.index.describeColorFormat, err [0x80001001].
06-06 13:42:25.971 372 424 W omx_vdec: <__AwOmxVdecGetExtensionIndex:1737>: GetExtensionIndex OMX.google.android.index.describeColorFormat2, err [0x80001001].
06-06 13:42:25.971 372 424 E omx_vdec: : erro: pParamData->nIndex > m_sPortFormatType.nIndex
06-06 13:42:25.971 372 424 W omx_vdec: <__AwOmxVdecGetExtensionIndex:1737>: GetExtensionIndex OMX.google.android.index.describeColorFormat, err [0x80001001].
06-06 13:42:25.972 372 424 W omx_vdec: <__AwOmxVdecGetExtensionIndex:1737>: GetExtensionIndex OMX.google.android.index.describeColorFormat2, err [0x80001001].
01-01 08:00:18.501 130 130 I WCN : marlin_firmware_parse_image imagepack is WCNE type,need parse it
01-01 08:00:18.501 130 130 I WCN : marlin marlin_firmware_write imagepack is WCNE type,need parse it
06-06 13:42:25.972 372 424 E omx_vdec: : erro: pParamData->nIndex > m_sPortFormatType.nIndex
01-01 08:00:18.502 0 0 E : [ C0] sunxi-mmc 4021000.sdmmc: smc 2 p1 err, cmd 53, WR DCE !!
01-01 08:00:18.510 132 132 I sunxi-mmc 4021000.sdmmc: *****retry:start*****
01-01 08:00:18.510 132 132 I sunxi-mmc 4021000.sdmmc: REG_DRV_DL: 0x00010000
01-01 08:00:18.510 132 132 I sunxi-mmc 4021000.sdmmc: REG_SD_NTSR: 0x81710000
01-01 08:00:18.510 132 132 I sunxi-mmc 4021000.sdmmc: *****retry:re-send cmd*****
01-01 08:00:18.510 0 0 E : [ C0] sunxi-mmc 4021000.sdmmc: smc 2 p1 err, cmd 53, WR DCE !!
01-01 08:00:18.518 132 132 I sunxi-mmc 4021000.sdmmc: *****retry:start*****
01-01 08:00:18.518 132 132 I sunxi-mmc 4021000.sdmmc: REG_DRV_DL: 0x00010000
01-01 08:00:18.518 132 132 I sunxi-mmc 4021000.sdmmc: REG_SD_NTSR: 0x81710000
01-01 08:00:18.518 132 132 I sunxi-mmc 4021000.sdmmc: *****retry:re-send cmd*****
01-01 08:00:18.518 0 0 E : [ C0] sunxi-mmc 4021000.sdmmc: smc 2 p1 err, cmd 53, WR DCE !!
06-06 13:42:25.973 372 424 W omx_vdec: <__AwOmxVdecGetExtensionIndex:1737>: GetExtensionIndex OMX.google.android.index.describeColorFormat, err [0x80001001].
01-01 08:00:18.526 132 132 I sunxi-mmc 4021000.sdmmc: *****retry:start*****
06-06 13:42:25.973 372 424 W omx_vdec: <__AwOmxVdecGetExtensionIndex:1737>: GetExtensionIndex OMX.google.android.index.describeColorFormat2, err [0x80001001].
06-06 13:42:25.973 372 424 E omx_vdec: : erro: pParamData->nIndex > m_sPortFormatType.nIndex
06-06 13:42:25.973 372 424 W omx_vdec: <__AwOmxVdecGetExtensionIndex:1737>: GetExtensionIndex OMX.google.android.index.describeColorFormat, err [0x80001001].
06-06 13:42:25.973 372 424 W omx_vdec: <__AwOmxVdecGetExtensionIndex:1737>: GetExtensionIndex OMX.google.android.index.describeColorFormat2, err [0x80001001].
06-06 13:42:25.974 372 424 E omx_vdec: : erro: pParamData->nIndex > m_sPortFormatType.nIndex
06-06 13:42:25.974 372 424 W omx_vdec: <__AwOmxVdecGetExtensionIndex:1737>: GetExtensionIndex OMX.google.android.index.describeColorFormat, err [0x80001001].
06-06 13:42:25.974 372 424 W omx_vdec: <__AwOmxVdecGetExtensionIndex:1737>: GetExtensionIndex OMX.google.android.index.describeColorFormat2, err [0x80001001].
06-06 13:42:25.974 372 424 E omx_vdec: : erro: pParamData->nIndex > m_sPortFormatType.nIndex
06-06 13:42:25.974 372 424 W omx_vdec: <__AwOmxVdecGetExtensionIndex:1737>: GetExtensionIndex OMX.google.android.index.describeColorFormat, err [0x80001001].
06-06 13:42:25.974 372 424 W omx_vdec: <__AwOmxVdecGetExtensionIndex:1737>: GetExtensionIndex OMX.google.android.index.describeColorFormat2, err [0x80001001].
06-06 13:42:25.974 372 424 E omx_vdec: : erro: pParamData->nIndex > m_sPortFormatType.nIndex
06-06 13:42:25.974 372 424 W omx_vdec: <__AwOmxVdecGetExtensionIndex:1737>: GetExtensionIndex OMX.google.android.index.describeColorFormat, err [0x80001001].
06-06 13:42:25.974 372 424 W omx_vdec: <__AwOmxVdecGetExtensionIndex:1737>: GetExtensionIndex OMX.google.android.index.describeColorFormat2, err [0x80001001].
06-06 13:42:25.974 372 424 E omx_vdec: : erro: pParamData->nIndex > m_sPortFormatType.nIndex
06-06 13:42:25.975 372 424 W omx_vdec: <__AwOmxVdecGetExtensionIndex:1737>: GetExtensionIndex OMX.google.android.index.describeColorFormat, err [0x80001001].
06-06 13:42:25.975 372 424 W omx_vdec: <__AwOmxVdecGetExtensionIndex:1737>: GetExtensionIndex OMX.google.android.index.describeColorFormat2, err [0x80001001].
06-06 13:42:25.975 372 424 E omx_vdec: : erro: pParamData->nIndex > m_sPortFormatType.nIndex
06-06 13:42:25.975 372 424 W omx_vdec: <__AwOmxVdecGetExtensionIndex:1737>: GetExtensionIndex OMX.google.android.index.describeColorFormat, err [0x80001001].
06-06 13:42:25.975 372 424 W omx_vdec: <__AwOmxVdecGetExtensionIndex:1737>: GetExtensionIndex OMX.google.android.index.describeColorFormat2, err [0x80001001].
06-06 13:42:25.975 372 424 E omx_vdec: : erro: pParamData->nIndex > m_sPortFormatType.nIndex
06-06 13:42:25.975 372 424 W omx_vdec: <__AwOmxVdecGetExtensionIndex:1737>: GetExtensionIndex OMX.google.android.index.describeColorFormat, err [0x80001001].
06-06 13:42:25.975 372 424 W omx_vdec: <__AwOmxVdecGetExtensionIndex:1737>: GetExtensionIndex OMX.google.android.index.describeColorFormat2, err [0x80001001].
06-06 13:42:25.975 372 424 E omx_vdec: : erro: pParamData->nIndex > m_sPortFormatType.nIndex
06-06 13:42:25.975 372 424 W omx_vdec: <__AwOmxVdecGetExtensionIndex:1737>: GetExtensionIndex OMX.google.android.index.describeColorFormat, err [0x80001001].
06-06 13:42:25.976 372 424 W omx_vdec: <__AwOmxVdecGetExtensionIndex:1737>: GetExtensionIndex OMX.google.android.index.describeColorFormat2, err [0x80001001].
06-06 13:42:25.976 372 424 E omx_vdec: : erro: pParamData->nIndex > m_sPortFormatType.nIndex
06-06 13:42:25.976 372 424 W omx_vdec: <__AwOmxVdecGetExtensionIndex:1737>: GetExtensionIndex OMX.google.android.index.describeColorFormat, err [0x80001001].
06-06 13:42:25.976 372 424 W omx_vdec: <__AwOmxVdecGetExtensionIndex:1737>: GetExtensionIndex OMX.google.android.index.describeColorFormat2, err [0x80001001].
06-06 13:42:25.976 372 424 E omx_vdec: : erro: pParamData->nIndex > m_sPortFormatType.nIndex
01-01 08:00:18.526 132 132 I sunxi-mmc 4021000.sdmmc: REG_DRV_DL: 0x00010000
06-06 13:42:25.976 372 424 W omx_vdec: <__AwOmxVdecGetExtensionIndex:1737>: GetExtensionIndex OMX.google.android.index.describeColorFormat, err [0x80001001].
01-01 08:00:18.526 132 132 I sunxi-mmc 4021000.sdmmc: REG_SD_NTSR: 0x81710000
06-06 13:42:25.976 372 424 W omx_vdec: <__AwOmxVdecGetExtensionIndex:1737>: GetExtensionIndex OMX.google.android.index.describeColorFormat2, err [0x80001001].
06-06 13:42:25.976 372 424 E omx_vdec: : erro: pParamData->nIndex > m_sPortFormatType.nIndex
06-06 13:42:25.977 372 424 W omx_vdec: <__AwOmxVdecGetExtensionIndex:1737>: GetExtensionIndex OMX.google.android.index.describeColorFormat, err [0x80001001].
06-06 13:42:25.977 372 424 W omx_vdec: <__AwOmxVdecGetExtensionIndex:1737>: GetExtensionIndex OMX.google.android.index.describeColorFormat2, err [0x80001001].
06-06 13:42:26.004 329 329 I rainbow_flow: type=1400 audit(0.0:331): avc: denied { ioctl } for path="/dev/spidev1.0" dev="tmpfs" ino=208 ioctlcmd=0x6b00 scontext=u:r:init:s0 tcontext=u:object_r:device:s0 tclass=chr_file permissive=1
06-06 13:42:25.977 365 472 W ACodec : [OMX.allwinner.video.decoder.avc] stopping checking formats after 32: COLOR_FormatYUV420Planar(13)
06-06 13:42:25.977 372 424 W omx_vdec: <__AwOmxVdecGetExtensionIndex:1737>: GetExtensionIndex OMX.google.android.index.configureVideoTunnelMode, err [0x80001001].
01-01 08:00:18.526 132 132 I sunxi-mmc 4021000.sdmmc: *****retry:re-send cmd*****
06-06 13:42:25.977 372 424 E OMXNodeInstance: getExtensionIndex(0xe95ac000:allwinner.decoder.avc, OMX.google.android.index.configureVideoTunnelMode) ERROR: Undefined(0x80001001)
01-01 08:00:18.526 0 0 E : [ C0] sunxi-mmc 4021000.sdmmc: smc 2 p1 err, cmd 53, WR DCE !!
06-06 13:42:25.977 365 472 D MediaCodecInfo: detail feature-tunneled-playback wasn't present to remove
01-01 08:00:18.535 132 132 I sunxi-mmc 4021000.sdmmc: *****retry:start*****
06-06 13:42:25.977 372 424 W omx_vdec: <__AwOmxVdecGetExtensionIndex:1737>: GetExtensionIndex OMX.google.android.index.storeANWBufferInMetadata, err [0x80001001].
06-06 13:42:25.977 372 424 W omx_vdec_aw: <__anSetExtPara:3011>: Setparameter: unknown param 2131755011
06-06 13:42:25.977 372 424 W OMXNodeInstance: [0xe95ac000:allwinner.decoder.avc] component does not support metadata mode; using fallback
06-06 13:42:25.978 478 478 W NetworkManagement: setDataSaverMode(): already false
06-06 13:42:25.978 372 707 W libc : invalid pthread_t (0) passed to pthread_join
06-06 13:42:25.978 372 707 W libc : invalid pthread_t (0) passed to pthread_join
06-06 13:42:25.978 372 707 W libc : invalid pthread_t (0) passed to pthread_join
06-06 13:42:25.982 365 472 I OMXClient: IOmx service obtained
06-06 13:42:25.983 372 424 I OMXStore: makeComponentInstance(OMX.allwinner.video.decoder.avc.secure) in android.hardwar process
06-06 13:42:25.988 372 424 E omx_vdec: : This platform does not support secure video playback
06-06 13:42:25.988 372 424 E omx_sem : : handle is null
06-06 13:42:25.988 372 424 E omx_sem : : handle is null
06-06 13:42:25.988 372 424 E omx_sem : : handle is null
06-06 13:42:25.988 372 424 E omx_sem : : handle is null
06-06 13:42:25.988 372 424 E omx_sem : : handle is null
01-01 08:00:18.535 132 132 I sunxi-mmc 4021000.sdmmc: REG_DRV_DL: 0x00030000
06-06 13:42:25.988 372 424 W omx_vdec_aw: : pdec is null
06-06 13:42:25.988 372 424 E android.hardware.media.omx@1.0-service: Failed to allocate omx component 'OMX.allwinner.video.decoder.avc.secure' err=InvalidComponentName(0x80001002)
01-01 08:00:18.535 132 132 I sunxi-mmc 4021000.sdmmc: REG_SD_NTSR: 0x81710110
06-06 13:42:25.988 365 472 W OmxInfoBuilder: Fail to add media type video/avc to codec OMX.allwinner.video.decoder.avc.secure
06-06 13:42:25.988 249 249 D Zygote : Forked child process 712
01-01 08:00:18.535 132 132 I sunxi-mmc 4021000.sdmmc: *****retry:re-send cmd*****
01-01 08:00:18.535 0 0 D : [ C0] 4,end
06-06 13:42:25.991 478 533 I ActivityManager: app.processName = WebViewLoader-armeabi-v7a
06-06 13:42:25.991 478 533 I ActivityManager: Start proc 712:WebViewLoader-armeabi-v7a/1037 [android.webkit.WebViewLibraryLoader$RelroFileCreator] for null
06-06 13:42:25.992 365 472 I OMXClient: IOmx service obtained
06-06 13:42:25.992 372 424 I OMXStore: makeComponentInstance(OMX.allwinner.video.decoder.hevc) in android.hardwar process
06-06 13:42:25.993 372 424 I omx_vdec_aw: : OmxDecoderCreate.
06-06 13:42:25.994 372 424 W omx_vdec: <__AwOmxVdecSetParameter:1561>: Set Parameter called in valid state
06-06 13:42:25.994 372 424 W omx_vdec: : pParamProfileLevel->nProfileIndex[0x1] error!
06-06 13:42:25.994 372 424 E OMXNodeInstance: getParameter(0xe95ac000:allwinner.decoder.hevc, ParamVideoProfileLevelQuerySupported(0x600000f)) ERROR: BadParameter(0x80001005)
06-06 13:42:25.994 372 424 W omx_vdec: <__AwOmxVdecGetExtensionIndex:1737>: GetExtensionIndex OMX.google.android.index.describeColorFormat, err [0x80001001].
06-06 13:42:25.994 372 424 W omx_vdec: <__AwOmxVdecGetExtensionIndex:1737>: GetExtensionIndex OMX.google.android.index.describeColorFormat2, err [0x80001001].
06-06 13:42:25.994 372 424 E omx_vdec: : erro: pParamData->nIndex > m_sPortFormatType.nIndex
06-06 13:42:25.994 372 424 W omx_vdec: <__AwOmxVdecGetExtensionIndex:1737>: GetExtensionIndex OMX.google.android.index.describeColorFormat, err [0x80001001].
06-06 13:42:25.995 372 424 W omx_vdec: <__AwOmxVdecGetExtensionIndex:1737>: GetExtensionIndex OMX.google.android.index.describeColorFormat2, err [0x80001001].
06-06 13:42:25.995 372 424 E omx_vdec: : erro: pParamData->nIndex > m_sPortFormatType.nIndex
06-06 13:42:25.995 372 424 W omx_vdec: <__AwOmxVdecGetExtensionIndex:1737>: GetExtensionIndex OMX.google.android.index.describeColorFormat, err [0x80001001].
06-06 13:42:25.995 372 424 W omx_vdec: <__AwOmxVdecGetExtensionIndex:1737>: GetExtensionIndex OMX.google.android.index.describeColorFormat2, err [0x80001001].
06-06 13:42:25.995 372 424 E omx_vdec: : erro: pParamData->nIndex > m_sPortFormatType.nIndex
06-06 13:42:25.995 372 424 W omx_vdec: <__AwOmxVdecGetExtensionIndex:1737>: GetExtensionIndex OMX.google.android.index.describeColorFormat, err [0x80001001].
06-06 13:42:25.995 372 424 W omx_vdec: <__AwOmxVdecGetExtensionIndex:1737>: GetExtensionIndex OMX.google.android.index.describeColorFormat2, err [0x80001001].
06-06 13:42:25.995 372 424 E omx_vdec: : erro: pParamData->nIndex > m_sPortFormatType.nIndex
06-06 13:42:25.995 372 424 W omx_vdec: <__AwOmxVdecGetExtensionIndex:1737>: GetExtensionIndex OMX.google.android.index.describeColorFormat, err [0x80001001].
06-06 13:42:25.995 372 424 W omx_vdec: <__AwOmxVdecGetExtensionIndex:1737>: GetExtensionIndex OMX.google.android.index.describeColorFormat2, err [0x80001001].
06-06 13:42:25.995 372 424 E omx_vdec: : erro: pParamData->nIndex > m_sPortFormatType.nIndex
06-06 13:42:25.995 712 712 I Zygote : seccomp disabled by setenforce 0
06-06 13:42:25.995 372 424 W omx_vdec: <__AwOmxVdecGetExtensionIndex:1737>: GetExtensionIndex OMX.google.android.index.describeColorFormat, err [0x80001001].
06-06 13:42:25.996 372 424 W omx_vdec: <__AwOmxVdecGetExtensionIndex:1737>: GetExtensionIndex OMX.google.android.index.describeColorFormat2, err [0x80001001].
06-06 13:42:25.996 372 424 E omx_vdec: : erro: pParamData->nIndex > m_sPortFormatType.nIndex
06-06 13:42:25.996 372 424 W omx_vdec: <__AwOmxVdecGetExtensionIndex:1737>: GetExtensionIndex OMX.google.android.index.describeColorFormat, err [0x80001001].
06-06 13:42:25.996 372 424 W omx_vdec: <__AwOmxVdecGetExtensionIndex:1737>: GetExtensionIndex OMX.google.android.index.describeColorFormat2, err [0x80001001].
06-06 13:42:25.996 372 424 E omx_vdec: : erro: pParamData->nIndex > m_sPortFormatType.nIndex
06-06 13:42:25.996 372 424 W omx_vdec: <__AwOmxVdecGetExtensionIndex:1737>: GetExtensionIndex OMX.google.android.index.describeColorFormat, err [0x80001001].
06-06 13:42:25.996 372 424 W omx_vdec: <__AwOmxVdecGetExtensionIndex:1737>: GetExtensionIndex OMX.google.android.index.describeColorFormat2, err [0x80001001].
06-06 13:42:25.996 372 424 E omx_vdec: : erro: pParamData->nIndex > m_sPortFormatType.nIndex
06-06 13:42:25.996 372 424 W omx_vdec: <__AwOmxVdecGetExtensionIndex:1737>: GetExtensionIndex OMX.google.android.index.describeColorFormat, err [0x80001001].
06-06 13:42:25.996 372 424 W omx_vdec: <__AwOmxVdecGetExtensionIndex:1737>: GetExtensionIndex OMX.google.android.index.describeColorFormat2, err [0x80001001].
06-06 13:42:25.996 372 424 E omx_vdec: : erro: pParamData->nIndex > m_sPortFormatType.nIndex
06-06 13:42:25.997 372 424 W omx_vdec: <__AwOmxVdecGetExtensionIndex:1737>: GetExtensionIndex OMX.google.android.index.describeColorFormat, err [0x80001001].
06-06 13:42:25.997 372 424 W omx_vdec: <__AwOmxVdecGetExtensionIndex:1737>: GetExtensionIndex OMX.google.android.index.describeColorFormat2, err [0x80001001].
06-06 13:42:25.997 372 424 E omx_vdec: : erro: pParamData->nIndex > m_sPortFormatType.nIndex
06-06 13:42:25.997 372 424 W omx_vdec: <__AwOmxVdecGetExtensionIndex:1737>: GetExtensionIndex OMX.google.android.index.describeColorFormat, err [0x80001001].
06-06 13:42:25.997 372 424 W omx_vdec: <__AwOmxVdecGetExtensionIndex:1737>: GetExtensionIndex OMX.google.android.index.describeColorFormat2, err [0x80001001].
06-06 13:42:25.997 372 424 E omx_vdec: : erro: pParamData->nIndex > m_sPortFormatType.nIndex
06-06 13:42:25.997 372 424 W omx_vdec: <__AwOmxVdecGetExtensionIndex:1737>: GetExtensionIndex OMX.google.android.index.describeColorFormat, err [0x80001001].
06-06 13:42:25.997 372 424 W omx_vdec: <__AwOmxVdecGetExtensionIndex:1737>: GetExtensionIndex OMX.google.android.index.describeColorFormat2, err [0x80001001].
06-06 13:42:25.997 372 424 E omx_vdec: : erro: pParamData->nIndex > m_sPortFormatType.nIndex
06-06 13:42:25.997 372 424 W omx_vdec: <__AwOmxVdecGetExtensionIndex:1737>: GetExtensionIndex OMX.google.android.index.describeColorFormat, err [0x80001001].
06-06 13:42:25.997 372 424 W omx_vdec: <__AwOmxVdecGetExtensionIndex:1737>: GetExtensionIndex OMX.google.android.index.describeColorFormat2, err [0x80001001].
06-06 13:42:25.998 372 424 E omx_vdec: : erro: pParamData->nIndex > m_sPortFormatType.nIndex
06-06 13:42:25.998 372 424 W omx_vdec: <__AwOmxVdecGetExtensionIndex:1737>: GetExtensionIndex OMX.google.android.index.describeColorFormat, err [0x80001001].
06-06 13:42:25.998 372 424 W omx_vdec: <__AwOmxVdecGetExtensionIndex:1737>: GetExtensionIndex OMX.google.android.index.describeColorFormat2, err [0x80001001].
06-06 13:42:25.998 372 424 E omx_vdec: : erro: pParamData->nIndex > m_sPortFormatType.nIndex
06-06 13:42:25.998 372 424 W omx_vdec: <__AwOmxVdecGetExtensionIndex:1737>: GetExtensionIndex OMX.google.android.index.describeColorFormat, err [0x80001001].
06-06 13:42:25.998 372 424 W omx_vdec: <__AwOmxVdecGetExtensionIndex:1737>: GetExtensionIndex OMX.google.android.index.describeColorFormat2, err [0x80001001].
06-06 13:42:25.998 372 424 E omx_vdec: : erro: pParamData->nIndex > m_sPortFormatType.nIndex
06-06 13:42:25.998 372 424 W omx_vdec: <__AwOmxVdecGetExtensionIndex:1737>: GetExtensionIndex OMX.google.android.index.describeColorFormat, err [0x80001001].
06-06 13:42:25.999 372 424 W omx_vdec: <__AwOmxVdecGetExtensionIndex:1737>: GetExtensionIndex OMX.google.android.index.describeColorFormat2, err [0x80001001].
06-06 13:42:25.999 372 424 E omx_vdec: : erro: pParamData->nIndex > m_sPortFormatType.nIndex
06-06 13:42:25.999 372 424 W omx_vdec: <__AwOmxVdecGetExtensionIndex:1737>: GetExtensionIndex OMX.google.android.index.describeColorFormat, err [0x80001001].
06-06 13:42:25.999 372 424 W omx_vdec: <__AwOmxVdecGetExtensionIndex:1737>: GetExtensionIndex OMX.google.android.index.describeColorFormat2, err [0x80001001].
06-06 13:42:25.999 372 424 E omx_vdec: : erro: pParamData->nIndex > m_sPortFormatType.nIndex
06-06 13:42:25.999 372 424 W omx_vdec: <__AwOmxVdecGetExtensionIndex:1737>: GetExtensionIndex OMX.google.android.index.describeColorFormat, err [0x80001001].
06-06 13:42:25.999 372 424 W omx_vdec: <__AwOmxVdecGetExtensionIndex:1737>: GetExtensionIndex OMX.google.android.index.describeColorFormat2, err [0x80001001].
06-06 13:42:25.999 372 424 E omx_vdec: : erro: pParamData->nIndex > m_sPortFormatType.nIndex
06-06 13:42:25.999 372 424 W omx_vdec: <__AwOmxVdecGetExtensionIndex:1737>: GetExtensionIndex OMX.google.android.index.describeColorFormat, err [0x80001001].
06-06 13:42:25.999 372 424 W omx_vdec: <__AwOmxVdecGetExtensionIndex:1737>: GetExtensionIndex OMX.google.android.index.describeColorFormat2, err [0x80001001].
06-06 13:42:25.999 372 424 E omx_vdec: : erro: pParamData->nIndex > m_sPortFormatType.nIndex
06-06 13:42:26.000 372 424 W omx_vdec: <__AwOmxVdecGetExtensionIndex:1737>: GetExtensionIndex OMX.google.android.index.describeColorFormat, err [0x80001001].
06-06 13:42:26.000 372 424 W omx_vdec: <__AwOmxVdecGetExtensionIndex:1737>: GetExtensionIndex OMX.google.android.index.describeColorFormat2, err [0x80001001].
06-06 13:42:26.000 372 424 E omx_vdec: : erro: pParamData->nIndex > m_sPortFormatType.nIndex
06-06 13:42:26.000 372 424 W omx_vdec: <__AwOmxVdecGetExtensionIndex:1737>: GetExtensionIndex OMX.google.android.index.describeColorFormat, err [0x80001001].
06-06 13:42:26.000 372 424 W omx_vdec: <__AwOmxVdecGetExtensionIndex:1737>: GetExtensionIndex OMX.google.android.index.describeColorFormat2, err [0x80001001].
06-06 13:42:26.000 372 424 E omx_vdec: : erro: pParamData->nIndex > m_sPortFormatType.nIndex
06-06 13:42:26.000 372 424 W omx_vdec: <__AwOmxVdecGetExtensionIndex:1737>: GetExtensionIndex OMX.google.android.index.describeColorFormat, err [0x80001001].
06-06 13:42:26.000 372 424 W omx_vdec: <__AwOmxVdecGetExtensionIndex:1737>: GetExtensionIndex OMX.google.android.index.describeColorFormat2, err [0x80001001].
06-06 13:42:26.000 372 424 E omx_vdec: : erro: pParamData->nIndex > m_sPortFormatType.nIndex
06-06 13:42:26.000 372 424 W omx_vdec: <__AwOmxVdecGetExtensionIndex:1737>: GetExtensionIndex OMX.google.android.index.describeColorFormat, err [0x80001001].
06-06 13:42:26.000 372 424 W omx_vdec: <__AwOmxVdecGetExtensionIndex:1737>: GetExtensionIndex OMX.google.android.index.describeColorFormat2, err [0x80001001].
06-06 13:42:26.000 372 424 E omx_vdec: : erro: pParamData->nIndex > m_sPortFormatType.nIndex
06-06 13:42:26.001 372 424 W omx_vdec: <__AwOmxVdecGetExtensionIndex:1737>: GetExtensionIndex OMX.google.android.index.describeColorFormat, err [0x80001001].
06-06 13:42:26.001 372 424 W omx_vdec: <__AwOmxVdecGetExtensionIndex:1737>: GetExtensionIndex OMX.google.android.index.describeColorFormat2, err [0x80001001].
06-06 13:42:26.001 372 424 E omx_vdec: : erro: pParamData->nIndex > m_sPortFormatType.nIndex
06-06 13:42:26.001 372 424 W omx_vdec: <__AwOmxVdecGetExtensionIndex:1737>: GetExtensionIndex OMX.google.android.index.describeColorFormat, err [0x80001001].
06-06 13:42:26.001 372 424 W omx_vdec: <__AwOmxVdecGetExtensionIndex:1737>: GetExtensionIndex OMX.google.android.index.describeColorFormat2, err [0x80001001].
06-06 13:42:26.001 372 424 E omx_vdec: : erro: pParamData->nIndex > m_sPortFormatType.nIndex
06-06 13:42:26.001 372 424 W omx_vdec: <__AwOmxVdecGetExtensionIndex:1737>: GetExtensionIndex OMX.google.android.index.describeColorFormat, err [0x80001001].
06-06 13:42:26.001 372 424 W omx_vdec: <__AwOmxVdecGetExtensionIndex:1737>: GetExtensionIndex OMX.google.android.index.describeColorFormat2, err [0x80001001].
06-06 13:42:26.001 372 424 E omx_vdec: : erro: pParamData->nIndex > m_sPortFormatType.nIndex
06-06 13:42:26.001 372 424 W omx_vdec: <__AwOmxVdecGetExtensionIndex:1737>: GetExtensionIndex OMX.google.android.index.describeColorFormat, err [0x80001001].
06-06 13:42:26.001 372 424 W omx_vdec: <__AwOmxVdecGetExtensionIndex:1737>: GetExtensionIndex OMX.google.android.index.describeColorFormat2, err [0x80001001].
06-06 13:42:26.001 372 424 E omx_vdec: : erro: pParamData->nIndex > m_sPortFormatType.nIndex
06-06 13:42:26.002 372 424 W omx_vdec: <__AwOmxVdecGetExtensionIndex:1737>: GetExtensionIndex OMX.google.android.index.describeColorFormat, err [0x80001001].
06-06 13:42:26.002 372 424 W omx_vdec: <__AwOmxVdecGetExtensionIndex:1737>: GetExtensionIndex OMX.google.android.index.describeColorFormat2, err [0x80001001].
06-06 13:42:26.002 372 424 E omx_vdec: : erro: pParamData->nIndex > m_sPortFormatType.nIndex
06-06 13:42:26.002 372 424 W omx_vdec: <__AwOmxVdecGetExtensionIndex:1737>: GetExtensionIndex OMX.google.android.index.describeColorFormat, err [0x80001001].
06-06 13:42:26.002 372 424 W omx_vdec: <__AwOmxVdecGetExtensionIndex:1737>: GetExtensionIndex OMX.google.android.index.describeColorFormat2, err [0x80001001].
06-06 13:42:26.002 372 424 E omx_vdec: : erro: pParamData->nIndex > m_sPortFormatType.nIndex
06-06 13:42:26.002 372 424 W omx_vdec: <__AwOmxVdecGetExtensionIndex:1737>: GetExtensionIndex OMX.google.android.index.describeColorFormat, err [0x80001001].
06-06 13:42:26.002 372 424 W omx_vdec: <__AwOmxVdecGetExtensionIndex:1737>: GetExtensionIndex OMX.google.android.index.describeColorFormat2, err [0x80001001].
06-06 13:42:26.002 372 424 E omx_vdec: : erro: pParamData->nIndex > m_sPortFormatType.nIndex
06-06 13:42:26.002 372 424 W omx_vdec: <__AwOmxVdecGetExtensionIndex:1737>: GetExtensionIndex OMX.google.android.index.describeColorFormat, err [0x80001001].
06-06 13:42:26.002 372 424 W omx_vdec: <__AwOmxVdecGetExtensionIndex:1737>: GetExtensionIndex OMX.google.android.index.describeColorFormat2, err [0x80001001].
06-06 13:42:26.002 372 424 E omx_vdec: : erro: pParamData->nIndex > m_sPortFormatType.nIndex
06-06 13:42:26.002 372 424 W omx_vdec: <__AwOmxVdecGetExtensionIndex:1737>: GetExtensionIndex OMX.google.android.index.describeColorFormat, err [0x80001001].
06-06 13:42:26.003 372 424 W omx_vdec: <__AwOmxVdecGetExtensionIndex:1737>: GetExtensionIndex OMX.google.android.index.describeColorFormat2, err [0x80001001].
06-06 13:42:26.003 372 424 E omx_vdec: : erro: pParamData->nIndex > m_sPortFormatType.nIndex
06-06 13:42:26.003 372 424 W omx_vdec: <__AwOmxVdecGetExtensionIndex:1737>: GetExtensionIndex OMX.google.android.index.describeColorFormat, err [0x80001001].
06-06 13:42:26.003 372 424 W omx_vdec: <__AwOmxVdecGetExtensionIndex:1737>: GetExtensionIndex OMX.google.android.index.describeColorFormat2, err [0x80001001].
06-06 13:42:26.003 365 472 W ACodec : [OMX.allwinner.video.decoder.hevc] stopping checking formats after 32: COLOR_FormatYUV420Planar(13)
06-06 13:42:26.003 372 424 W omx_vdec: <__AwOmxVdecGetExtensionIndex:1737>: GetExtensionIndex OMX.google.android.index.configureVideoTunnelMode, err [0x80001001].
06-06 13:42:26.003 372 424 E OMXNodeInstance: getExtensionIndex(0xe95ac000:allwinner.decoder.hevc, OMX.google.android.index.configureVideoTunnelMode) ERROR: Undefined(0x80001001)
06-06 13:42:26.003 365 472 D MediaCodecInfo: detail feature-tunneled-playback wasn't present to remove
06-06 13:42:26.003 372 424 W omx_vdec: <__AwOmxVdecGetExtensionIndex:1737>: GetExtensionIndex OMX.google.android.index.storeANWBufferInMetadata, err [0x80001001].
06-06 13:42:26.003 372 424 W omx_vdec_aw: <__anSetExtPara:3011>: Setparameter: unknown param 2131755011
06-06 13:42:26.003 372 424 W OMXNodeInstance: [0xe95ac000:allwinner.decoder.hevc] component does not support metadata mode; using fallback
06-06 13:42:26.004 372 713 W libc : invalid pthread_t (0) passed to pthread_join
06-06 13:42:26.004 372 713 W libc : invalid pthread_t (0) passed to pthread_join
06-06 13:42:26.004 372 713 W libc : invalid pthread_t (0) passed to pthread_join
06-06 13:42:26.005 365 472 I OMXClient: IOmx service obtained
06-06 13:42:26.006 372 424 I OMXStore: makeComponentInstance(OMX.allwinner.video.decoder.hevc.secure) in android.hardwar process
06-06 13:42:26.007 372 424 E omx_vdec: : This platform does not support secure video playback
06-06 13:42:26.007 372 424 E omx_sem : : handle is null
06-06 13:42:26.007 372 424 E omx_sem : : handle is null
06-06 13:42:26.007 372 424 E omx_sem : : handle is null
06-06 13:42:26.007 372 424 E omx_sem : : handle is null
06-06 13:42:26.007 372 424 E omx_sem : : handle is null
06-06 13:42:26.007 372 424 W omx_vdec_aw: : pdec is null
06-06 13:42:26.007 372 424 E android.hardware.media.omx@1.0-service: Failed to allocate omx component 'OMX.allwinner.video.decoder.hevc.secure' err=InvalidComponentName(0x80001002)
06-06 13:42:26.012 478 478 I SystemServerTiming: MakeIpSecServiceReady
06-06 13:42:26.014 478 478 D IpSecService: IpSecService is ready
06-06 13:42:26.014 478 478 I SystemServerTiming: MakeNetworkStatsServiceReady
06-06 13:42:26.018 397 417 I adbd : jdwp connection from 712
06-06 13:42:26.020 478 478 W BestClock: java.time.DateTimeException: Missing NTP fix
06-06 13:42:26.019 365 472 W OmxInfoBuilder: Fail to add media type video/hevc to codec OMX.allwinner.video.decoder.hevc.secure
06-06 13:42:26.022 365 472 I OMXClient: IOmx service obtained
06-06 13:42:26.023 372 424 I OMXStore: makeComponentInstance(OMX.allwinner.video.decoder.mpeg2) in android.hardwar process
06-06 13:42:26.023 478 607 W NetworkPolicy: setRestrictBackgroundUL: already false
06-06 13:42:26.024 372 424 I omx_vdec_aw: : OmxDecoderCreate.
06-06 13:42:26.025 372 424 W omx_vdec: <__AwOmxVdecSetParameter:1561>: Set Parameter called in valid state
06-06 13:42:26.025 372 424 W omx_vdec: : pParamProfileLevel->nProfileIndex[0x2] error!
06-06 13:42:26.025 372 424 E OMXNodeInstance: getParameter(0xe95ac000:allwinner.decoder.mpeg2, ParamVideoProfileLevelQuerySupported(0x600000f)) ERROR: BadParameter(0x80001005)
06-06 13:42:26.026 372 424 W omx_vdec: <__AwOmxVdecGetExtensionIndex:1737>: GetExtensionIndex OMX.google.android.index.describeColorFormat, err [0x80001001].
06-06 13:42:26.026 372 424 W omx_vdec: <__AwOmxVdecGetExtensionIndex:1737>: GetExtensionIndex OMX.google.android.index.describeColorFormat2, err [0x80001001].
06-06 13:42:26.026 372 424 E omx_vdec: : erro: pParamData->nIndex > m_sPortFormatType.nIndex
06-06 13:42:26.026 372 424 W omx_vdec: <__AwOmxVdecGetExtensionIndex:1737>: GetExtensionIndex OMX.google.android.index.describeColorFormat, err [0x80001001].
06-06 13:42:26.026 372 424 W omx_vdec: <__AwOmxVdecGetExtensionIndex:1737>: GetExtensionIndex OMX.google.android.index.describeColorFormat2, err [0x80001001].
06-06 13:42:26.026 372 424 E omx_vdec: : erro: pParamData->nIndex > m_sPortFormatType.nIndex
06-06 13:42:26.026 372 424 W omx_vdec: <__AwOmxVdecGetExtensionIndex:1737>: GetExtensionIndex OMX.google.android.index.describeColorFormat, err [0x80001001].
06-06 13:42:26.026 372 424 W omx_vdec: <__AwOmxVdecGetExtensionIndex:1737>: GetExtensionIndex OMX.google.android.index.describeColorFormat2, err [0x80001001].
06-06 13:42:26.026 372 424 E omx_vdec: : erro: pParamData->nIndex > m_sPortFormatType.nIndex
06-06 13:42:26.026 372 424 W omx_vdec: <__AwOmxVdecGetExtensionIndex:1737>: GetExtensionIndex OMX.google.android.index.describeColorFormat, err [0x80001001].
06-06 13:42:26.027 372 424 W omx_vdec: <__AwOmxVdecGetExtensionIndex:1737>: GetExtensionIndex OMX.google.android.index.describeColorFormat2, err [0x80001001].
06-06 13:42:26.027 372 424 E omx_vdec: : erro: pParamData->nIndex > m_sPortFormatType.nIndex
06-06 13:42:26.027 372 424 W omx_vdec: <__AwOmxVdecGetExtensionIndex:1737>: GetExtensionIndex OMX.google.android.index.describeColorFormat, err [0x80001001].
06-06 13:42:26.027 372 424 W omx_vdec: <__AwOmxVdecGetExtensionIndex:1737>: GetExtensionIndex OMX.google.android.index.describeColorFormat2, err [0x80001001].
06-06 13:42:26.027 372 424 E omx_vdec: : erro: pParamData->nIndex > m_sPortFormatType.nIndex
06-06 13:42:26.027 372 424 W omx_vdec: <__AwOmxVdecGetExtensionIndex:1737>: GetExtensionIndex OMX.google.android.index.describeColorFormat, err [0x80001001].
06-06 13:42:26.027 372 424 W omx_vdec: <__AwOmxVdecGetExtensionIndex:1737>: GetExtensionIndex OMX.google.android.index.describeColorFormat2, err [0x80001001].
06-06 13:42:26.027 372 424 E omx_vdec: : erro: pParamData->nIndex > m_sPortFormatType.nIndex
06-06 13:42:26.027 372 424 W omx_vdec: <__AwOmxVdecGetExtensionIndex:1737>: GetExtensionIndex OMX.google.android.index.describeColorFormat, err [0x80001001].
06-06 13:42:26.027 372 424 W omx_vdec: <__AwOmxVdecGetExtensionIndex:1737>: GetExtensionIndex OMX.google.android.index.describeColorFormat2, err [0x80001001].
06-06 13:42:26.027 372 424 E omx_vdec: : erro: pParamData->nIndex > m_sPortFormatType.nIndex
