06-06 13:42:32.176 679 679 D SystemUIService: loading: com.android.systemui.statusbar.tv.VpnStatusObserver
06-06 13:42:32.181 1046 1046 V MediaStore: Examining volume emulated;0 with name external_primary and state mounted
06-06 13:42:32.180 1062 1062 I nd.statics.boot: type=1400 audit(0.0:411): avc: denied { read } for name="address" dev="sysfs" ino=26267 scontext=u:r:system_app:s0 tcontext=u:object_r:sysfs:s0 tclass=file permissive=1
06-06 13:42:32.180 1062 1062 I nd.statics.boot: type=1400 audit(0.0:412): avc: denied { open } for path="/sys/devices/platform/unisoc_wifi/net/wlan1/address" dev="sysfs" ino=26267 scontext=u:r:system_app:s0 tcontext=u:object_r:sysfs:s0 tclass=file permissive=1
06-06 13:42:32.180 1062 1062 I nd.statics.boot: type=1400 audit(0.0:413): avc: denied { getattr } for path="/sys/devices/platform/unisoc_wifi/net/wlan1/address" dev="sysfs" ino=26267 scontext=u:r:system_app:s0 tcontext=u:object_r:sysfs:s0 tclass=file permissive=1
06-06 13:42:32.182 1272 1272 D RockyManager: initFarWakeStatus isMainFarSwitch: false
06-06 13:42:32.184 478 602 D StorageManagerService: Volume emulated;0 broadcasting mounted to UserHandle{0}
06-06 13:42:32.185 478 614 W IE_Capabilities: Unknown RSN cipher suite: 6ac0f00
06-06 13:42:32.187 478 614 W IE_Capabilities: Unknown RSN cipher suite: 6ac0f00
06-06 13:42:32.192 1216 1216 D music_MusicApp: received action: android.intent.action.MEDIA_MOUNTED
06-06 13:42:32.192 1216 1216 D music_MediaPlaybackSer: mount changed: isMounted: true, stop playing ...
06-06 13:42:32.198 1046 1046 V MediaStore: Examining volume emulated;0 with name external_primary and state mounted
06-06 13:42:32.204 478 812 D CompatibilityChangeReporter: Compat change id reported: 182734110; UID 10074; state: DISABLED
06-06 13:42:32.210 478 614 W IE_Capabilities: Unknown RSN cipher suite: 6ac0f00
06-06 13:42:32.212 1218 1321 D ContactsDatabaseHelper: WAL enabled for contacts2.db: true
06-06 13:42:32.213 1272 1272 I RockyManager: isFarWake: false
06-06 13:42:32.220 478 617 D ConnectivityService: NetReassign [no changes]
06-06 13:42:32.235 1272 1272 W ContextImpl: Calling a method in the system process without a qualified user: android.app.ContextImpl.startService:1816 android.content.ContextWrapper.startService:774 com.cvte.tv.api.TvApiSDKManager.:177 com.cvte.tv.api.TvApiSDKManager.init:217 com.dangbei.rocky.component.system.SystemControlUtils.initSystemAidl:82
06-06 13:42:32.237 478 752 W ActivityManager: Unable to start service Intent { act=com.cvte.tv.api.TV_API_SERVICE pkg=com.cvte.tv.api.impl } U=0: not found
06-06 13:42:32.241 1272 1272 W ContextImpl: Calling a method in the system process without a qualified user: android.app.ContextImpl.bindService:1895 android.content.ContextWrapper.bindService:810 com.cvte.tv.api.TvApiSDKManager.:178 com.cvte.tv.api.TvApiSDKManager.init:217 com.dangbei.rocky.component.system.SystemControlUtils.initSystemAidl:82
06-06 13:42:32.244 478 752 W ActivityManager: Unable to start service Intent { act=com.cvte.tv.api.TV_API_SERVICE pkg=com.cvte.tv.api.impl } U=0: not found
06-06 13:42:32.260 679 679 D SystemUIService: running: com.android.systemui.statusbar.tv.VpnStatusObserver@c3d7ca1
06-06 13:42:32.260 679 679 D SystemUIBootTiming: SystemUIService: bootcomplete com.android.systemui.statusbar.tv.VpnStatusObserver took 84 ms
06-06 13:42:32.260 679 679 D SystemUIService: loading: com.android.systemui.globalactions.GlobalActionsComponent
06-06 13:42:32.266 679 679 D SystemUIService: running: com.android.systemui.globalactions.GlobalActionsComponent@7ad4ec6
06-06 13:42:32.268 1272 1272 D TvApiSDKManager: getTvApi getSystemService = false
06-06 13:42:32.268 1272 1272 D TvApiSDKManager: getTvApi startService
06-06 13:42:32.269 1272 1272 W ContextImpl: Calling a method in the system process without a qualified user: android.app.ContextImpl.startService:1816 android.content.ContextWrapper.startService:774 com.cvte.tv.api.TvApiSDKManager.getTvApi:361 com.dangbei.rocky.component.system.SystemControlUtils.initSystemAidl:83 com.dangbei.rocky.component.system.SystemComponent.onAttached:38
06-06 13:42:32.271 478 811 W ActivityManager: Unable to start service Intent { act=com.cvte.tv.api.TV_API_SERVICE pkg=com.cvte.tv.api.impl } U=0: not found
06-06 13:42:32.277 1272 1272 W ContextImpl: Calling a method in the system process without a qualified user: android.app.ContextImpl.bindService:1895 android.content.ContextWrapper.bindService:810 com.cvte.tv.api.TvApiSDKManager.getTvApi:362 com.dangbei.rocky.component.system.SystemControlUtils.initSystemAidl:83 com.dangbei.rocky.component.system.SystemComponent.onAttached:38
06-06 13:42:32.278 478 811 W ActivityManager: Unable to start service Intent { act=com.cvte.tv.api.TV_API_SERVICE pkg=com.cvte.tv.api.impl } U=0: not found
06-06 13:42:32.283 679 679 D SystemUIBootTiming: SystemUIService: bootcomplete com.android.systemui.globalactions.GlobalActionsComponent took 23 ms
06-06 13:42:32.283 679 679 D SystemUIService: loading: com.android.systemui.usb.StorageNotification
06-06 13:42:32.296 679 679 D SystemUIService: running: com.android.systemui.usb.StorageNotification@ca40c23
06-06 13:42:32.298 478 614 W IE_Capabilities: Unknown RSN cipher suite: 6ac0f00
06-06 13:42:32.298 478 522 D ColorDisplayService: NightDisplayTintController Animation cancelled: false to matrix:
06-06 13:42:32.298 478 522 D ColorDisplayService: 1.000000 0.000000 0.000000 0.000000 0.000000 1.000000 0.000000 0.000000 0.000000 0.000000 1.000000 0.000000 0.000000 0.000000 0.000000 1.000000 min matrix coefficients:
06-06 13:42:32.298 478 522 D ColorDisplayService: 1.000000 0.000000 0.000000 0.000000 0.000000 1.000000 0.000000 0.000000 0.000000 0.000000 1.000000 0.000000 0.000000 0.000000 0.000000 1.000000 max matrix coefficients:
06-06 13:42:32.298 478 522 D ColorDisplayService: 1.000000 0.000000 0.000000 0.000000 0.000000 1.000000 0.000000 0.000000 0.000000 0.000000 1.000000 0.000000 0.000000 0.000000 0.000000 1.000000
06-06 13:42:32.318 679 679 D StorageNotification: Notifying about private volume: VolumeInfo{private}:
06-06 13:42:32.318 679 679 D StorageNotification: type=PRIVATE diskId=null partGuid=null mountFlags=0 mountUserId=-10000
06-06 13:42:32.318 679 679 D StorageNotification: state=MOUNTED
06-06 13:42:32.318 679 679 D StorageNotification: fsType=null fsUuid=null fsLabel=null
06-06 13:42:32.318 679 679 D StorageNotification: path=/data internalPath=null
06-06 13:42:32.331 679 679 D SystemUIBootTiming: SystemUIService: bootcomplete com.android.systemui.usb.StorageNotification took 48 ms
06-06 13:42:32.332 679 679 D SystemUIService: loading: com.android.systemui.power.PowerUI
06-06 13:42:32.332 679 679 D SystemUIService: running: com.android.systemui.power.PowerUI@d01709e
06-06 13:42:32.344 1272 1272 W ContextImpl: Calling a method in the system process without a qualified user: android.app.ContextImpl.startService:1816 android.content.ContextWrapper.startService:774 com.dangbei.phrike.core.DownloadManager.register:294 com.dangbei.component_appcontrol.phrike.XPhrikeAppCreator.register:47 com.dangbei.component_appcontrol.AppControlComponent.onAttached:65
06-06 13:42:32.345 478 521 W IorapForwardingService: No service published for: iorapd
06-06 13:42:32.359 1062 1187 I d.leradlaunche: Waiting for a blocking GC ClassLinker
06-06 13:42:32.368 478 895 D BufferPoolAccessor2.0: bufferpool2 0xf03a4558 : 0(0 size) total buffers - 0(0 size) used buffers - 2/7 (recycle/alloc) - 13/294 (fetch/transfer)
06-06 13:42:32.368 478 895 D BufferPoolAccessor2.0: evictor expired: 1, evicted: 1
06-06 13:42:32.376 1272 1272 I RockyManager: initSDKDelegate:
06-06 13:42:32.381 378 748 D BufferPoolAccessor2.0: bufferpool2 0xe8661198 : 0(0 size) total buffers - 0(0 size) used buffers - 139/145 (recycle/alloc) - 6/144 (fetch/transfer)
06-06 13:42:32.382 378 748 D BufferPoolAccessor2.0: bufferpool2 0xe86612d8 : 0(0 size) total buffers - 0(0 size) used buffers - 137/145 (recycle/alloc) - 8/144 (fetch/transfer)
06-06 13:42:32.382 378 748 D BufferPoolAccessor2.0: evictor expired: 2, evicted: 2
06-06 13:42:32.435 679 679 D SystemUIBootTiming: SystemUIService: bootcomplete com.android.systemui.power.PowerUI took 103 ms
06-06 13:42:32.435 679 679 D SystemUIService: loading: com.android.systemui.media.RingtonePlayer
06-06 13:42:32.437 679 679 D SystemUIService: running: com.android.systemui.media.RingtonePlayer@b8af302
06-06 13:42:32.442 679 679 D SystemUIBootTiming: SystemUIService: bootcomplete com.android.systemui.media.RingtonePlayer took 6 ms
06-06 13:42:32.442 679 679 D SystemUIService: loading: com.android.systemui.keyboard.KeyboardUI
06-06 13:42:32.443 679 679 D SystemUIService: running: com.android.systemui.keyboard.KeyboardUI@2b17049
06-06 13:42:32.448 1062 1187 I d.leradlaunche: WaitForGcToComplete blocked ClassLinker on Background for 88.526ms
06-06 13:42:32.465 679 679 D SystemUIBootTiming: SystemUIService: bootcomplete com.android.systemui.keyboard.KeyboardUI took 23 ms
06-06 13:42:32.465 679 679 D SystemUIService: loading: com.android.systemui.shortcut.ShortcutKeyDispatcher
06-06 13:42:32.466 679 679 D SystemUIService: running: com.android.systemui.shortcut.ShortcutKeyDispatcher@c610e6f
06-06 13:42:32.472 679 679 D SystemUIBootTiming: SystemUIService: bootcomplete com.android.systemui.shortcut.ShortcutKeyDispatcher took 7 ms
06-06 13:42:32.472 679 679 D SystemUIService: loading: com.android.systemui.VendorServices
06-06 13:42:32.473 679 679 D SystemUIService: running: com.android.systemui.VendorServices@cd1df81
06-06 13:42:32.473 679 679 D SystemUIBootTiming: SystemUIService: bootcomplete com.android.systemui.VendorServices took 1 ms
06-06 13:42:32.473 679 679 D SystemUIService: loading: com.android.systemui.SliceBroadcastRelayHandler
06-06 13:42:32.474 679 679 D SystemUIService: running: com.android.systemui.SliceBroadcastRelayHandler@63ba826
06-06 13:42:32.474 679 679 D SystemUIBootTiming: SystemUIService: bootcomplete com.android.systemui.SliceBroadcastRelayHandler took 1 ms
06-06 13:42:32.474 679 679 D SystemUIService: loading: com.android.systemui.statusbar.notification.InstantAppNotifier
06-06 13:42:32.474 679 679 D SystemUIService: running: com.android.systemui.statusbar.notification.InstantAppNotifier@8065c67
06-06 13:42:32.482 1218 1303 I CallLogProvider: Will sync following Uris:[]
06-06 13:42:32.482 1218 1303 I CallLogProvider: Syncing call composer pics -- got []
06-06 13:42:32.482 478 811 D CompatibilityChangeReporter: Compat change id reported: 149924527; UID 10042; state: ENABLED
06-06 13:42:32.488 478 752 D CompatibilityChangeReporter: Compat change id reported: 132649864; UID 10042; state: DISABLED
06-06 13:42:32.495 478 603 D CompatibilityChangeReporter: Compat change id reported: 182734110; UID 10042; state: DISABLED
06-06 13:42:32.518 679 679 D SystemUIBootTiming: SystemUIService: bootcomplete com.android.systemui.statusbar.notification.InstantAppNotifier took 44 ms
06-06 13:42:32.518 679 679 D SystemUIService: loading: com.android.systemui.toast.ToastUI
06-06 13:42:32.522 679 679 D SystemUIService: running: com.android.systemui.toast.ToastUI@af29380
06-06 13:42:32.522 679 679 D SystemUIBootTiming: SystemUIService: bootcomplete com.android.systemui.toast.ToastUI took 4 ms
06-06 13:42:32.522 679 679 D SystemUIService: loading: com.android.systemui.wmshell.WMShell
06-06 13:42:32.523 679 679 D SystemUIService: running: com.android.systemui.wmshell.WMShell@739fdb9
06-06 13:42:32.572 824 924 D BufferPoolAccessor2.0: bufferpool2 0xf0bf7dd8 : 0(0 size) total buffers - 0(0 size) used buffers - 2/7 (recycle/alloc) - 5/92 (fetch/transfer)
06-06 13:42:32.572 824 924 D BufferPoolAccessor2.0: bufferpool2 0xf0bf7b58 : 0(0 size) total buffers - 0(0 size) used buffers - 1/7 (recycle/alloc) - 6/96 (fetch/transfer)
06-06 13:42:32.572 824 924 D BufferPoolAccessor2.0: evictor expired: 2, evicted: 2
06-06 13:42:32.660 1062 1377 E FactoryResetOperateImpl: isFirstBoot 1
06-06 13:42:32.660 1062 1377 E FactoryResetOperateImpl: isFirstBoot 1
06-06 13:42:32.677 1046 1056 I FuseDaemon: Background young concurrent copying GC freed 17520(1167KB) AllocSpace objects, 4(80KB) LOS objects, 87% free, 3489KB/27MB, paused 262us total 1.119s
01-01 08:00:25.204 1128 1128 W audit : audit_lost=16 audit_rate_limit=5 audit_backlog_limit=64
01-01 08:00:25.204 1128 1128 E audit : rate limit exceeded
06-06 13:42:32.771 1218 1321 I ContactLocale: AddressBook Labels [[zh_CN]]: […, A, B, C, D, E, F, G, H, I, J, K, L, M, N, O, P, Q, R, S, T, U, V, W, X, Y, Z, Α, Β, Γ, Δ, Ε, Ζ, Η, Θ, Ι, Κ, Λ, Μ, Ν, Ξ, Ο, Π, Ρ, Σ, Τ, Υ, Φ, Χ, Ψ, Ω, …, А, Б, В, Г, Д, Ђ, Е, Є, Ж, З, И, І, Й, Ј, К, Л, Љ, М, Н, Њ, О, П, Р, С, Т, Ћ, У, Ф, Х, Ц, Ч, Џ, Ш, Щ, Ю, Я, …, א, ב, ג, ד, ה, ו, ז, ח, ט, י, כ, ל, מ, נ, ס, ע, פ, צ, ק, ר, ש, ת, …, ا, ب, ت, ث, ج, ح, خ, د, ذ, ر, ز, س, ش, ص, ض, ط, ظ, ع, غ, ف, ق, ك, ل, م, ن, ه, و, ي, …, ก, ข, ฃ, ค, ฅ, ฆ, ง, จ, ฉ, ช, ซ, ฌ, ญ, ฎ, ฏ, ฐ, ฑ, ฒ, ณ, ด, ต, ถ, ท, ธ, น, บ, ป, ผ, ฝ, พ, ฟ, ภ, ม, ย, ร, ฤ, ล, ฦ, ว, ศ, ษ, ส, ห, ฬ, อ, ฮ, …, ㄱ, ㄴ, ㄷ, ㄹ, ㅁ, ㅂ, ㅅ, ㅇ, ㅈ, ㅊ, ㅋ, ㅌ, ㅍ, ㅎ, …, あ, か, さ, た, な, は, ま, や, ら, わ, #, …]
06-06 13:42:32.810 478 495 I system_server: Background young concurrent copying GC freed 130080(5567KB) AllocSpace objects, 25(932KB) LOS objects, 19% free, 14MB/17MB, paused 1.223ms total 1.533s
06-06 13:42:32.831 1046 1340 V MediaProvider: onConfigure() for internal.db
06-06 13:42:32.839 1046 1340 V MediaProvider: onOpen() for internal.db
06-06 13:42:32.840 1046 1340 V MediaProvider: onOpen() finished for internal.db
06-06 13:42:32.887 478 1021 I ActivityManager: com.android.localtransport is exempt from freezer
06-06 13:42:32.894 478 1021 D CompatibilityChangeReporter: Compat change id reported: 135634846; UID 1000; state: DISABLED
06-06 13:42:32.929 1062 1329 W System.err: java.net.UnknownHostException: Unable to resolve host "utoken.umeng.com": No address associated with hostname
06-06 13:42:32.929 1062 1329 W System.err: at java.net.Inet6AddressImpl.lookupHostByName(Inet6AddressImpl.java:156)
06-06 13:42:32.929 1062 1329 W System.err: at java.net.Inet6AddressImpl.lookupAllHostAddr(Inet6AddressImpl.java:103)
06-06 13:42:32.929 1062 1329 W System.err: at java.net.InetAddress.getAllByName(InetAddress.java:1152)
06-06 13:42:32.929 1062 1329 W System.err: at com.android.okhttp.Dns$1.lookup(Dns.java:41)
06-06 13:42:32.929 1062 1329 W System.err: at com.android.okhttp.internal.http.RouteSelector.resetNextInetSocketAddress(RouteSelector.java:178)
06-06 13:42:32.929 1062 1329 W System.err: at com.android.okhttp.internal.http.RouteSelector.nextProxy(RouteSelector.java:144)
06-06 13:42:32.929 1062 1329 W System.err: at com.android.okhttp.internal.http.RouteSelector.next(RouteSelector.java:86)
06-06 13:42:32.929 1062 1329 W System.err: at com.android.okhttp.internal.http.StreamAllocation.findConnection(StreamAllocation.java:176)
06-06 13:42:32.929 1062 1329 W System.err: at com.android.okhttp.internal.http.StreamAllocation.findHealthyConnection(StreamAllocation.java:128)
06-06 13:42:32.930 1062 1329 W System.err: at com.android.okhttp.internal.http.StreamAllocation.newStream(StreamAllocation.java:97)
06-06 13:42:32.930 1062 1329 W System.err: at com.android.okhttp.internal.http.HttpEngine.connect(HttpEngine.java:289)
06-06 13:42:32.930 1062 1329 W System.err: at com.android.okhttp.internal.http.HttpEngine.sendRequest(HttpEngine.java:232)
06-06 13:42:32.930 1062 1329 W System.err: at com.android.okhttp.internal.huc.HttpURLConnectionImpl.execute(HttpURLConnectionImpl.java:465)
06-06 13:42:32.930 1062 1329 W System.err: at com.android.okhttp.internal.huc.HttpURLConnectionImpl.connect(HttpURLConnectionImpl.java:131)
06-06 13:42:32.930 1062 1329 W System.err: at com.android.okhttp.internal.huc.HttpURLConnectionImpl.getOutputStream(HttpURLConnectionImpl.java:262)
06-06 13:42:32.930 1062 1329 W System.err: at com.android.okhttp.internal.huc.DelegatingHttpsURLConnection.getOutputStream(DelegatingHttpsURLConnection.java:219)
06-06 13:42:32.930 1062 1329 W System.err: at com.android.okhttp.internal.huc.HttpsURLConnectionImpl.getOutputStream(HttpsURLConnectionImpl.java:30)
06-06 13:42:32.930 1062 1329 W System.err: at com.umeng.umzid.a.a(SourceFile:80)
06-06 13:42:32.930 1062 1329 W System.err: at com.umeng.umzid.ZIDManager.b(SourceFile:298)
06-06 13:42:32.930 1062 1329 W System.err: at com.umeng.umzid.ZIDManager$b.run(Unknown Source:4)
06-06 13:42:32.930 1062 1329 W System.err: at java.util.concurrent.Executors$RunnableAdapter.call(Executors.java:462)
06-06 13:42:32.930 1062 1329 W System.err: at java.util.concurrent.FutureTask.run(FutureTask.java:266)
06-06 13:42:32.930 1062 1329 W System.err: at java.util.concurrent.ScheduledThreadPoolExecutor$ScheduledFutureTask.run(ScheduledThreadPoolExecutor.java:301)
06-06 13:42:32.930 1062 1329 W System.err: at java.util.concurrent.ThreadPoolExecutor.runWorker(ThreadPoolExecutor.java:1167)
06-06 13:42:32.930 1062 1329 W System.err: at java.util.concurrent.ThreadPoolExecutor$Worker.run(ThreadPoolExecutor.java:641)
06-06 13:42:32.930 1062 1329 W System.err: at java.lang.Thread.run(Thread.java:920)
06-06 13:42:32.930 1062 1329 W System.err: Caused by: android.system.GaiException: android_getaddrinfo failed: EAI_NODATA (No address associated with hostname)
06-06 13:42:32.930 1062 1329 W System.err: at libcore.io.Linux.android_getaddrinfo(Native Method)
06-06 13:42:32.930 1062 1329 W System.err: at libcore.io.ForwardingOs.android_getaddrinfo(ForwardingOs.java:136)
06-06 13:42:32.930 1062 1329 W System.err: at libcore.io.BlockGuardOs.android_getaddrinfo(BlockGuardOs.java:221)
06-06 13:42:32.930 1062 1329 W System.err: at libcore.io.ForwardingOs.android_getaddrinfo(ForwardingOs.java:136)
06-06 13:42:32.930 1062 1329 W System.err: at java.net.Inet6AddressImpl.lookupHostByName(Inet6AddressImpl.java:135)
06-06 13:42:32.930 1062 1329 W System.err: ... 25 more
06-06 13:42:32.934 249 249 D Zygote : Forked child process 1408
06-06 13:42:32.940 1404 1404 I rgb_led_ctl: type=1400 audit(0.0:435): avc: denied { write } for name="spidev1.0" dev="tmpfs" ino=208 scontext=u:r:init:s0 tcontext=u:object_r:device:s0 tclass=chr_file permissive=1
06-06 13:42:32.946 478 533 W ActivityManager: Slow operation: 59ms so far, now at startProcess: returned from zygote!
06-06 13:42:32.946 1062 1377 E hq : LookupControler:::startLookupControllerTimer
06-06 13:42:32.950 478 533 W ActivityManager: Slow operation: 64ms so far, now at startProcess: done updating battery stats
06-06 13:42:32.950 478 533 W ActivityManager: Slow operation: 64ms so far, now at startProcess: building log message
06-06 13:42:32.950 478 533 I ActivityManager: app.processName = com.android.localtransport
06-06 13:42:32.950 478 533 I ActivityManager: Start proc 1408:com.android.localtransport/1000 for service {com.android.localtransport/com.android.localtransport.LocalTransportService}
06-06 13:42:32.950 478 533 W ActivityManager: Slow operation: 64ms so far, now at startProcess: starting to update pids map
06-06 13:42:32.952 1408 1408 I Zygote : seccomp disabled by setenforce 0
06-06 13:42:32.952 478 533 W ActivityManager: Slow operation: 66ms so far, now at startProcess: done updating pids map
06-06 13:42:32.959 679 679 D SystemUIBootTiming: SystemUIService: bootcomplete com.android.systemui.wmshell.WMShell took 437 ms
06-06 13:42:32.960 679 679 D SystemUIService: loading: com.android.systemui.media.systemsounds.HomeSoundEffectController
06-06 13:42:32.940 1404 1404 I rgb_led_ctl: type=1400 audit(0.0:436): avc: denied { open } for path="/dev/spidev1.0" dev="tmpfs" ino=208 scontext=u:r:init:s0 tcontext=u:object_r:device:s0 tclass=chr_file permissive=1
06-06 13:42:32.961 679 679 D SystemUIService: running: com.android.systemui.media.systemsounds.HomeSoundEffectController@c78c729
06-06 13:42:32.964 679 679 D SystemUIBootTiming: SystemUIService: bootcomplete com.android.systemui.media.systemsounds.HomeSoundEffectController took 4 ms
06-06 13:42:32.965 1062 1409 W ContextImpl: Calling a method in the system process without a qualified user: android.app.ContextImpl.bindService:1895 android.content.ContextWrapper.bindService:810 ce.b.h:57 ce.b$c.call:3 ee.c$a.run:5
06-06 13:42:32.972 1272 1272 I RxCachedThreadS: type=1400 audit(0.0:437): avc: denied { read } for name="u:object_r:serialno_prop:s0" dev="tmpfs" ino=3989 scontext=u:r:system_app:s0 tcontext=u:object_r:serialno_prop:s0 tclass=file permissive=1
06-06 13:42:32.997 679 679 I ManagerService: --------------------- system activated! ---------------
06-06 13:42:32.997 679 679 D SystemUIBootTiming: SystemUIService: bootcomplete com.android.systemui.oranth.ManagerService took 33 ms
06-06 13:42:33.001 478 750 D CompatibilityChangeReporter: Compat change id reported: 168419799; UID 1000; state: DISABLED
06-06 13:42:33.024 679 679 D BluetoothHidDevice: Proxy object connected
06-06 13:42:33.030 1062 1062 E getHdmiStatus: sourceInputStatus=null mEtnaAdapter=com.dangbei.launcher.etna.EtnaAdapter@2af2566
06-06 13:42:33.031 397 417 I adbd : jdwp connection from 1408
06-06 13:42:33.032 1272 1272 I RxCachedThreadS: type=1400 audit(0.0:438): avc: denied { open } for path="/dev/__properties__/u:object_r:serialno_prop:s0" dev="tmpfs" ino=3989 scontext=u:r:system_app:s0 tcontext=u:object_r:serialno_prop:s0 tclass=file permissive=1
06-06 13:42:33.036 1272 1272 I RxCachedThreadS: type=1400 audit(0.0:439): avc: denied { getattr } for path="/dev/__properties__/u:object_r:serialno_prop:s0" dev="tmpfs" ino=3989 scontext=u:r:system_app:s0 tcontext=u:object_r:serialno_prop:s0 tclass=file permissive=1
06-06 13:42:33.041 679 679 D BluetoothPan: Proxy object connected
06-06 13:42:33.055 478 478 D NetworkSecurityConfig: No Network Security Config specified, using platform default
06-06 13:42:33.063 478 1388 D CompatibilityChangeReporter: Compat change id reported: 181136395; UID 1000; state: DISABLED
06-06 13:42:33.067 478 1388 D CompatibilityChangeReporter: Compat change id reported: 174042936; UID 1000; state: DISABLED
06-06 13:42:33.071 478 478 E BootReceiver: Could not open /sys/kernel/tracing/instances/bootreceiver/trace_pipe
06-06 13:42:33.071 478 478 E BootReceiver: android.system.ErrnoException: open failed: ENOENT (No such file or directory)
06-06 13:42:33.071 478 478 E BootReceiver: at libcore.io.Linux.open(Native Method)
06-06 13:42:33.071 478 478 E BootReceiver: at libcore.io.ForwardingOs.open(ForwardingOs.java:567)
06-06 13:42:33.071 478 478 E BootReceiver: at libcore.io.BlockGuardOs.open(BlockGuardOs.java:273)
06-06 13:42:33.071 478 478 E BootReceiver: at android.system.Os.open(Os.java:501)
06-06 13:42:33.071 478 478 E BootReceiver: at com.android.server.BootReceiver.onReceive(BootReceiver.java:167)
06-06 13:42:33.071 478 478 E BootReceiver: at android.app.ActivityThread.handleReceiver(ActivityThread.java:4308)
06-06 13:42:33.071 478 478 E BootReceiver: at android.app.ActivityThread.access$1600(ActivityThread.java:247)
06-06 13:42:33.071 478 478 E BootReceiver: at android.app.ActivityThread$H.handleMessage(ActivityThread.java:2064)
06-06 13:42:33.071 478 478 E BootReceiver: at android.os.Handler.dispatchMessage(Handler.java:106)
06-06 13:42:33.071 478 478 E BootReceiver: at android.os.Looper.loopOnce(Looper.java:201)
06-06 13:42:33.071 478 478 E BootReceiver: at android.os.Looper.loop(Looper.java:288)
06-06 13:42:33.071 478 478 E BootReceiver: at com.android.server.SystemServer.run(SystemServer.java:966)
06-06 13:42:33.071 478 478 E BootReceiver: at com.android.server.SystemServer.main(SystemServer.java:628)
06-06 13:42:33.071 478 478 E BootReceiver: at java.lang.reflect.Method.invoke(Native Method)
06-06 13:42:33.071 478 478 E BootReceiver: at com.android.internal.os.RuntimeInit$MethodAndArgsCaller.run(RuntimeInit.java:548)
06-06 13:42:33.071 478 478 E BootReceiver: at com.android.internal.os.ZygoteInit.main(ZygoteInit.java:1160)
06-06 13:42:33.094 478 478 D CompatibilityChangeReporter: Compat change id reported: 168419799; UID 1000; state: DISABLED
06-06 13:42:33.096 824 824 W ContextImpl: Calling a method in the system process without a qualified user: android.app.ContextImpl.startService:1816 android.content.ContextWrapper.startService:774 android.content.ContextWrapper.startService:774 com.android.tv.settings.users.UserSwitchListenerService$BootReceiver.onReceive:50 android.app.ActivityThread.handleReceiver:4308
06-06 13:42:33.099 656 656 E WifiHAL : wifi_get_link_stats: requestResponse Error:-5
06-06 13:42:33.103 478 610 E WifiVendorHal: getWifiLinkLayerStats_1_5_Internal(l.1191) failed {.code = ERROR_INVALID_ARGS, .description = }
06-06 13:42:33.111 478 478 W Looper : Slow dispatch took 109ms main h=android.app.ActivityThread$H c=null m=113
06-06 13:42:33.129 1272 1343 I UtilCommon: bluetoothMac=B4:2F:03:15:74:2B
06-06 13:42:33.132 1408 1408 D CompatibilityChangeReporter: Compat change id reported: 171979766; UID 1000; state: ENABLED
06-06 13:42:33.149 478 1431 I RecoverySystem: No recovery log file
06-06 13:42:33.173 478 478 V AudioDeviceManagerObserver: AudioDeviceManagerObserver init()
06-06 13:42:33.174 478 478 D AudioDeviceManagerObserver: AudioDeviceManagerObserver: newCardId: /sys/class/sound/card0/id
06-06 13:42:33.174 478 1431 I DropBoxManagerService: add tag=SYSTEM_BOOT isTagEnabled=true flags=0x2
06-06 13:42:33.175 478 478 D AudioDeviceManagerObserver: AudioDeviceManagerObserver: devName: pcmC0D0p
06-06 13:42:33.175 478 478 D AudioDeviceManagerObserver: ~~~~~~~~ AudioDeviceManagerObserver: findNameMap: id: audiocodec
06-06 13:42:33.175 478 478 D AudioDeviceManagerObserver: AudioDeviceManagerObserver: name_linux: audiocodec, name_android: AUDIO_CODEC
06-06 13:42:33.176 478 478 D AudioDeviceManagerObserver: AudioDeviceManagerObserver: newCardId: /sys/class/sound/card1/id
06-06 13:42:33.177 478 1431 I BootReceiver: Copying audit failures to DropBox
06-06 13:42:33.189 478 1431 I BootReceiver: Checking for fsck errors
06-06 13:42:33.206 1272 1435 W System.err: java.net.UnknownHostException: Unable to resolve host "tyapi.qun7.com": No address associated with hostname
06-06 13:42:33.208 1272 1435 W System.err: at java.net.Inet6AddressImpl.lookupHostByName(Inet6AddressImpl.java:156)
06-06 13:42:33.208 1272 1435 W System.err: at java.net.Inet6AddressImpl.lookupAllHostAddr(Inet6AddressImpl.java:103)
06-06 13:42:33.208 1272 1435 W System.err: at java.net.InetAddress.getAllByName(InetAddress.java:1152)
06-06 13:42:33.208 1272 1435 W System.err: at com.android.okhttp.Dns$1.lookup(Dns.java:41)
06-06 13:42:33.208 1272 1435 W System.err: at com.android.okhttp.internal.http.RouteSelector.resetNextInetSocketAddress(RouteSelector.java:178)
06-06 13:42:33.208 1272 1435 W System.err: at com.android.okhttp.internal.http.RouteSelector.nextProxy(RouteSelector.java:144)
06-06 13:42:33.218 1272 1435 W System.err: at com.android.okhttp.internal.http.RouteSelector.next(RouteSelector.java:86)
06-06 13:42:33.218 1272 1435 W System.err: at com.android.okhttp.internal.http.StreamAllocation.findConnection(StreamAllocation.java:176)
06-06 13:42:33.218 1272 1435 W System.err: at com.android.okhttp.internal.http.StreamAllocation.findHealthyConnection(StreamAllocation.java:128)
06-06 13:42:33.218 1062 1062 D OsInitLaunch: send cache: mangoAuth, null, AUTH_NO_NETWORK, null
06-06 13:42:33.218 1272 1435 W System.err: at com.android.okhttp.internal.http.StreamAllocation.newStream(StreamAllocation.java:97)
06-06 13:42:33.218 1272 1435 W System.err: at com.android.okhttp.internal.http.HttpEngine.connect(HttpEngine.java:289)
06-06 13:42:33.218 1272 1435 W System.err: at com.android.okhttp.internal.http.HttpEngine.sendRequest(HttpEngine.java:232)
06-06 13:42:33.218 1272 1435 W System.err: at com.android.okhttp.internal.huc.HttpURLConnectionImpl.execute(HttpURLConnectionImpl.java:465)
06-06 13:42:33.218 1272 1435 W System.err: at com.android.okhttp.internal.huc.HttpURLConnectionImpl.getResponse(HttpURLConnectionImpl.java:411)
06-06 13:42:33.218 1272 1435 W System.err: at com.android.okhttp.internal.huc.HttpURLConnectionImpl.getResponseCode(HttpURLConnectionImpl.java:542)
06-06 13:42:33.218 1272 1435 W System.err: at com.dangbei.statistics.UtilCommon.networkGetIp(UtilCommon.java:826)
06-06 13:42:33.218 1272 1435 W System.err: at com.dangbei.statistics.UtilCommon$1.accept(UtilCommon.java:807)
06-06 13:42:33.218 1272 1435 W System.err: at com.dangbei.statistics.UtilCommon$1.accept(UtilCommon.java:803)
06-06 13:42:33.218 1272 1435 W System.err: at io.reactivex.internal.operators.observable.ObservableDoOnEach$DoOnEachObserver.onNext(ObservableDoOnEach.java:93)
06-06 13:42:33.218 1272 1435 W System.err: at io.reactivex.internal.operators.observable.ObservableObserveOn$ObserveOnObserver.drainNormal(ObservableObserveOn.java:201)
06-06 13:42:33.218 1272 1435 W System.err: at io.reactivex.internal.operators.observable.ObservableObserveOn$ObserveOnObserver.run(ObservableObserveOn.java:255)
06-06 13:42:33.218 1272 1435 W System.err: at io.reactivex.internal.schedulers.ScheduledRunnable.run(ScheduledRunnable.java:66)
06-06 13:42:33.218 1272 1435 W System.err: at io.reactivex.internal.schedulers.ScheduledRunnable.call(ScheduledRunnable.java:57)
06-06 13:42:33.218 1272 1435 W System.err: at java.util.concurrent.FutureTask.run(FutureTask.java:266)
06-06 13:42:33.219 1272 1435 W System.err: at java.util.concurrent.ScheduledThreadPoolExecutor$ScheduledFutureTask.run(ScheduledThreadPoolExecutor.java:301)
06-06 13:42:33.219 1272 1435 W System.err: at java.util.concurrent.ThreadPoolExecutor.runWorker(ThreadPoolExecutor.java:1167)
06-06 13:42:33.219 1272 1435 W System.err: at java.util.concurrent.ThreadPoolExecutor$Worker.run(ThreadPoolExecutor.java:641)
06-06 13:42:33.219 1272 1435 W System.err: at java.lang.Thread.run(Thread.java:920)
06-06 13:42:33.219 1272 1435 W System.err: Caused by: android.system.GaiException: android_getaddrinfo failed: EAI_NODATA (No address associated with hostname)
06-06 13:42:33.219 1272 1435 W System.err: at libcore.io.Linux.android_getaddrinfo(Native Method)
06-06 13:42:33.219 1272 1435 W System.err: at libcore.io.ForwardingOs.android_getaddrinfo(ForwardingOs.java:136)
06-06 13:42:33.219 1272 1435 W System.err: at libcore.io.BlockGuardOs.android_getaddrinfo(BlockGuardOs.java:221)
06-06 13:42:33.219 1272 1435 W System.err: at libcore.io.ForwardingOs.android_getaddrinfo(ForwardingOs.java:136)
06-06 13:42:33.219 1272 1435 W System.err: at java.net.Inet6AddressImpl.lookupHostByName(Inet6AddressImpl.java:135)
06-06 13:42:33.219 1272 1435 W System.err: ... 27 more
06-06 13:42:33.221 478 478 D AudioDeviceManagerObserver: AudioDeviceManagerObserver: devName: pcmC1D0c
06-06 13:42:33.221 478 478 D AudioDeviceManagerObserver: ~~~~~~~~ AudioDeviceManagerObserver: findNameMap: id: sndspdif
06-06 13:42:33.221 478 478 D AudioDeviceManagerObserver: AudioDeviceManagerObserver: devName: pcmC1D0p
06-06 13:42:33.221 478 478 D AudioDeviceManagerObserver: ~~~~~~~~ AudioDeviceManagerObserver: findNameMap: id: sndspdif
06-06 13:42:33.221 478 478 D AudioDeviceManagerObserver: AudioDeviceManagerObserver: name_linux: sndspdif, name_android: AUDIO_SPDIF
06-06 13:42:33.221 478 478 D AudioDeviceManagerObserver: AudioDeviceManagerObserver: newCardId: /sys/class/sound/card2/id
06-06 13:42:33.222 478 478 D AudioDeviceManagerObserver: AudioDeviceManagerObserver: name_linux: ahubdam, name_android: AUDIO_SPDIF
06-06 13:42:33.223 478 478 D AudioDeviceManagerObserver: AudioDeviceManagerObserver: newCardId: /sys/class/sound/card3/id
06-06 13:42:33.223 478 478 D AudioDeviceManagerObserver: AudioDeviceManagerObserver: devName: pcmC3D0c
06-06 13:42:33.223 478 478 D AudioDeviceManagerObserver: ~~~~~~~~ AudioDeviceManagerObserver: findNameMap: id: ahubhdmi
06-06 13:42:33.224 478 478 D AudioDeviceManagerObserver: AudioDeviceManagerObserver: devName: pcmC3D0p
06-06 13:42:33.224 478 478 D AudioDeviceManagerObserver: ~~~~~~~~ AudioDeviceManagerObserver: findNameMap: id: ahubhdmi
06-06 13:42:33.224 478 478 D AudioDeviceManagerObserver: AudioDeviceManagerObserver: name_linux: ahubhdmi, name_android: AUDIO_USB_ahubhdmi
06-06 13:42:33.228 478 478 D AudioDeviceManagerObserver: AudioDeviceManagerObserver: newCardId: /sys/class/sound/card4/id
06-06 13:42:33.232 478 478 D AudioDeviceManagerObserver: AudioDeviceManagerObserver: devName: pcmC4D0c
06-06 13:42:33.233 478 478 D AudioDeviceManagerObserver: ~~~~~~~~ AudioDeviceManagerObserver: findNameMap: id: ahubi2s2
06-06 13:42:33.233 478 478 D AudioDeviceManagerObserver: AudioDeviceManagerObserver: devName: pcmC4D0p
06-06 13:42:33.233 478 478 D AudioDeviceManagerObserver: ~~~~~~~~ AudioDeviceManagerObserver: findNameMap: id: ahubi2s2
06-06 13:42:33.233 478 478 D AudioDeviceManagerObserver: AudioDeviceManagerObserver: name_linux: ahubi2s2, name_android: AUDIO_USB_ahubi2s2
06-06 13:42:33.234 478 478 D AudioDeviceManagerObserver: AudioDeviceManagerObserver: newCardId: /sys/class/sound/card5/id
06-06 13:42:33.235 679 1263 I vol.Events: writeEvent internal_ringer_mode_changed normal
06-06 13:42:33.236 478 478 V AudioDeviceManagerObserver: This kernel does not have sound card5
06-06 13:42:33.242 478 478 D AudioManagerEx: AudioManagerEx
06-06 13:42:33.245 254 299 D audio_hw_primary: getAudioDevices()
06-06 13:42:33.245 254 299 D audio_hw_primary: out dev:AUDIO_CODEC
06-06 13:42:33.246 254 299 D audio_hw_primary: in dev:AUDIO_SPDIF
06-06 13:42:33.246 254 299 D audio_hw_primary: out dev:AUDIO_SPDIF
06-06 13:42:33.246 254 299 D audio_hw_primary: in dev:AUDIO_HDMI
06-06 13:42:33.246 254 299 D audio_hw_primary: out dev:AUDIO_HDMI
06-06 13:42:33.246 254 299 D audio_hw_primary: in dev:AUDIO_I2S2
06-06 13:42:33.246 254 299 D audio_hw_primary: out playback: AUDIO_CODEC,AUDIO_SPDIF,AUDIO_HDMI
06-06 13:42:33.248 679 679 V TvNotificationHandler: Notification not added because it isn't relevant for tv
06-06 13:42:33.249 478 603 D ConnectivityService: requestNetwork for uid/pid:1000/1062 activeRequest: null callbackRequest: 27 [NetworkRequest [ REQUEST id=28, [ Capabilities: INTERNET&NOT_RESTRICTED&TRUSTED&NOT_VCN_MANAGED Uid: 1000 RequestorUid: 1000 RequestorPkg: com.dangbei.leard.leradlauncher] ]] callback flags: 0 priority: 2147483647
06-06 13:42:33.250 478 617 D ConnectivityService: NetReassign [no changes]
06-06 13:42:33.251 254 254 D xm_audio: adev_get_parameters
06-06 13:42:33.252 478 653 D PPPOE : got request NetworkRequest [ REQUEST id=28, [ Capabilities: INTERNET&NOT_RESTRICTED&TRUSTED&NOT_VCN_MANAGED Uid: 1000 RequestorUid: 1000 RequestorPkg: com.dangbei.leard.leradlauncher] ]
06-06 13:42:33.252 273 441 I hash_map_utils: system/bt/osi/src/hash_map_utils.cc:81 hash_map_utils_dump_string_keys_string_values: key: 'audio_devices_out' value: ''
06-06 13:42:33.253 478 652 D Ethernet: got request NetworkRequest [ REQUEST id=28, [ Capabilities: INTERNET&NOT_RESTRICTED&TRUSTED&NOT_VCN_MANAGED Uid: 1000 RequestorUid: 1000 RequestorPkg: com.dangbei.leard.leradlauncher] ]
06-06 13:42:33.253 478 652 D EthernetNetworkFactory: acceptRequest, request: NetworkRequest [ REQUEST id=28, [ Capabilities: INTERNET&NOT_RESTRICTED&TRUSTED&NOT_VCN_MANAGED Uid: 1000 RequestorUid: 1000 RequestorPkg: com.dangbei.leard.leradlauncher] ]
06-06 13:42:33.253 478 652 I EthernetNetworkFactory: networkForRequest, request: NetworkRequest [ REQUEST id=28, [ Capabilities: INTERNET&NOT_RESTRICTED&TRUSTED&NOT_VCN_MANAGED Uid: 1000 RequestorUid: 1000 RequestorPkg: com.dangbei.leard.leradlauncher] ], network: null
06-06 13:42:33.253 478 478 D AudioManagerEx: type audio_devices_out list AUDIO_CODEC,AUDIO_SPDIF,AUDIO_HDMI=
06-06 13:42:33.257 478 478 D AudioManagerPolicy: get AUDIO_MANAGE_POLICY is 2
06-06 13:42:33.259 478 478 E AudioDeviceManagerObserver: Could not parse switch state for /sys/devices/virtual/switch/h2w/state ,fail because /sys/devices/virtual/switch/h2w/state: open failed: ENOENT (No such file or directory)
06-06 13:42:33.260 478 478 D AudioManagerPolicy: no usb audio i=3 size=3
06-06 13:42:33.262 1062 1287 D hq : NetWorkStateReceiver:::检查网络,并且持续更新 isConnect=false
06-06 13:42:33.264 478 478 D AudioManagerPolicy: curType4 isHdmiPlugin =true
06-06 13:42:33.265 478 478 D AudioManagerPolicy: hdmi is available on init.
06-06 13:42:33.265 478 478 D AudioManagerPolicy: notifyHdmiAvailable hdmi is available
06-06 13:42:33.285 1062 1296 I UtilCommon: bluetoothMac=B4:2F:03:15:74:2B
06-06 13:42:33.286 1062 1296 E wangli : env: 0_false
06-06 13:42:33.297 478 1431 D CompatibilityChangeReporter: Compat change id reported: 135634846; UID 10016; state: DISABLED
06-06 13:42:33.297 478 1431 D CompatibilityChangeReporter: Compat change id reported: 177438394; UID 10016; state: DISABLED
06-06 13:42:33.297 478 1431 D CompatibilityChangeReporter: Compat change id reported: 135772972; UID 10016; state: DISABLED
06-06 13:42:33.297 478 1431 D CompatibilityChangeReporter: Compat change id reported: 135754954; UID 10016; state: ENABLED
06-06 13:42:33.298 478 533 D CompatibilityChangeReporter: Compat change id reported: 143937733; UID 10016; state: ENABLED
06-06 13:42:33.303 1216 1233 I m.android.musi: Background young concurrent copying GC freed 11237(695KB) AllocSpace objects, 0(0B) LOS objects, 89% free, 2987KB/26MB, paused 179us total 377.949ms
06-06 13:42:33.304 1272 1272 W bei.lerad.rock: Class com.iflytek.aiui.AIUIAgent failed lock verification and will run slower.
06-06 13:42:33.304 1272 1272 W bei.lerad.rock: Common causes for lock verification issues are non-optimized dex code
06-06 13:42:33.304 1272 1272 W bei.lerad.rock: and incorrect proguard optimizations.
06-06 13:42:33.334 249 249 D Zygote : Forked child process 1447
06-06 13:42:33.335 478 533 W ActivityManager: Slow operation: 52ms so far, now at startProcess: returned from zygote!
06-06 13:42:33.341 478 1392 W WindowManager: Failed looking up window session=Session{775c69b 1062:1000} callers=com.android.server.wm.WindowManagerService.windowForClientLocked:5702 com.android.server.wm.Session.insetsModified:629 android.view.IWindowSession$Stub.onTransact:1151
06-06 13:42:33.348 478 521 W IorapForwardingService: No service published for: iorapd
06-06 13:42:33.361 1447 1447 I Zygote : seccomp disabled by setenforce 0
06-06 13:42:33.364 478 533 W ActivityManager: Slow operation: 81ms so far, now at startProcess: done updating battery stats
06-06 13:42:33.365 478 533 W ActivityManager: Slow operation: 81ms so far, now at startProcess: building log message
06-06 13:42:33.365 478 533 I ActivityManager: app.processName = android.process.media
06-06 13:42:33.365 478 533 I ActivityManager: Start proc 1447:android.process.media/u0a16 for content provider {com.android.providers.downloads/com.android.providers.downloads.DownloadProvider}
06-06 13:42:33.365 478 533 W ActivityManager: Slow operation: 81ms so far, now at startProcess: starting to update pids map
06-06 13:42:33.369 478 895 D BufferPoolAccessor2.0: bufferpool2 0xf03a47d8 : 0(0 size) total buffers - 0(0 size) used buffers - 2/7 (recycle/alloc) - 9/76 (fetch/transfer)
06-06 13:42:33.369 478 895 D BufferPoolAccessor2.0: bufferpool2 0xf03a4698 : 0(0 size) total buffers - 0(0 size) used buffers - 1/7 (recycle/alloc) - 13/294 (fetch/transfer)
06-06 13:42:33.369 478 895 D BufferPoolAccessor2.0: bufferpool2 0xf0320518 : 0(0 size) total buffers - 0(0 size) used buffers - 2/7 (recycle/alloc) - 5/46 (fetch/transfer)
06-06 13:42:33.369 478 895 D BufferPoolAccessor2.0: bufferpool2 0xf0320658 : 0(0 size) total buffers - 0(0 size) used buffers - 2/7 (recycle/alloc) - 5/68 (fetch/transfer)
06-06 13:42:33.369 478 895 D BufferPoolAccessor2.0: bufferpool2 0xf03a42d8 : 0(0 size) total buffers - 0(0 size) used buffers - 2/7 (recycle/alloc) - 5/42 (fetch/transfer)
06-06 13:42:33.369 478 895 D BufferPoolAccessor2.0: evictor expired: 5, evicted: 5
06-06 13:42:33.382 254 254 D audio_hw_primary: Mic get_audio_devices_active:
06-06 13:42:33.382 378 748 D BufferPoolAccessor2.0: bufferpool2 0xe8661b98 : 0(0 size) total buffers - 0(0 size) used buffers - 42/46 (recycle/alloc) - 4/45 (fetch/transfer)
06-06 13:42:33.382 254 254 D audio_hw_primary: get_audio_devices_active: AUDIO_HDMI
06-06 13:42:33.382 378 748 D BufferPoolAccessor2.0: bufferpool2 0xe8662458 : 0(0 size) total buffers - 0(0 size) used buffers - 40/44 (recycle/alloc) - 4/43 (fetch/transfer)
06-06 13:42:33.382 378 748 D BufferPoolAccessor2.0: bufferpool2 0xe86621d8 : 0(0 size) total buffers - 0(0 size) used buffers - 28/32 (recycle/alloc) - 4/31 (fetch/transfer)
06-06 13:42:33.382 378 748 D BufferPoolAccessor2.0: bufferpool2 0xe8661f58 : 0(0 size) total buffers - 0(0 size) used buffers - 17/21 (recycle/alloc) - 4/20 (fetch/transfer)
06-06 13:42:33.382 378 748 D BufferPoolAccessor2.0: bufferpool2 0xe8661558 : 0(0 size) total buffers - 0(0 size) used buffers - 30/36 (recycle/alloc) - 6/35 (fetch/transfer)
06-06 13:42:33.382 378 748 D BufferPoolAccessor2.0: bufferpool2 0xe8661418 : 0(0 size) total buffers - 0(0 size) used buffers - 16/19 (recycle/alloc) - 4/18 (fetch/transfer)
06-06 13:42:33.382 378 748 D BufferPoolAccessor2.0: evictor expired: 6, evicted: 6
06-06 13:42:33.383 1062 1062 I Choreographer: Skipped 164 frames! The application may be doing too much work on its main thread.
06-06 13:42:33.383 254 299 D xm_audio: adev_get_parameters
06-06 13:42:33.383 273 441 I hash_map_utils: system/bt/osi/src/hash_map_utils.cc:81 hash_map_utils_dump_string_keys_string_values: key: 'audio_devices_out_active' value: ''
06-06 13:42:33.385 478 478 D AudioManagerEx: type audio_devices_out_active list AUDIO_HDMI=
06-06 13:42:33.385 478 478 D AudioManagerEx: AudioManagerEx
06-06 13:42:33.386 478 478 D AudioManagerPolicy: save audio is AUDIO_HDMI
06-06 13:42:33.386 478 478 D AudioManagerPolicy: get AUDIO_MANAGE_POLICY is 2
06-06 13:42:33.386 478 478 D AudioManagerPolicy: POLICY_2 Remove USB Audio or No USB Audio Output Device Connected!
06-06 13:42:33.387 478 478 D AudioManagerEx: state=audio_devices_out_active,dev=[AUDIO_HDMI]
06-06 13:42:33.387 478 478 D AudioManagerEx: enablePassThrough = true
06-06 13:42:33.387 397 417 I adbd : jdwp connection from 1447
06-06 13:42:33.390 478 523 D CompatibilityChangeReporter: Compat change id reported: 158002302; UID 1000; state: ENABLED
06-06 13:42:33.403 478 478 D AudioManagerEx: Hdmi status true,true,1
06-06 13:42:33.404 478 478 D AudioManagerEx: HDMI AUDIO_HDMI
06-06 13:42:33.404 478 478 D AudioManagerEx: AUDIO_NAME_HDMI
06-06 13:42:33.414 1408 1408 V GraphicsEnvironment: ANGLE Developer option for 'com.android.localtransport' set to: 'default'
06-06 13:42:33.415 1408 1408 V GraphicsEnvironment: Neither updatable production driver nor prerelease driver is supported.
06-06 13:42:33.415 254 299 V audio_hw_primary: adev_set_parameters, mediasw.sft.rawdata=HDMI_RAW
06-06 13:42:33.419 478 478 D AudioManagerEx: audio=AUDIO_HDMI
06-06 13:42:33.422 1408 1408 D NetworkSecurityConfig: No Network Security Config specified, using platform default
06-06 13:42:33.424 1408 1408 D NetworkSecurityConfig: No Network Security Config specified, using platform default
06-06 13:42:33.424 478 533 W ActivityManager: Slow operation: 141ms so far, now at startProcess: done updating pids map
06-06 13:42:33.425 254 254 V audio_hw_primary: adev_set_parameters, audio_devices_out_active=AUDIO_HDMI
06-06 13:42:33.426 254 254 V audio_hw_primary: out AUDIO_PARAMETER_DEVICES_OUT_ACTIVE: AUDIO_HDMI
06-06 13:42:33.429 478 1392 D CompatibilityChangeReporter: Compat change id reported: 168419799; UID 10016; state: DISABLED
06-06 13:42:33.431 254 254 V audio_hw_primary: set property persist.vendor.audio.output.active: AUDIO_HDMI ok
06-06 13:42:33.432 254 254 V audio_hw_primary: AUDIO_HDMI output device will be active
06-06 13:42:33.443 478 478 D AudioManagerEx: Update Settings.System.AUDIO_OUTPUT_CHANNEL, now save audio is AUDIO_HDMI
06-06 13:42:33.444 478 478 D AudioManagerPolicy: get AUDIO_MANAGE_POLICY is 2
06-06 13:42:33.445 1272 1272 I AiuiEngine: create aiui agent
06-06 13:42:33.445 1272 1272 D RockyVoice_AiUiDelegate: 初始化成功
06-06 13:42:33.449 254 254 D audio_hw_primary: getAudioDevices()
06-06 13:42:33.450 254 254 D audio_hw_primary: out dev:AUDIO_CODEC
06-06 13:42:33.450 254 254 D audio_hw_primary: in dev:AUDIO_SPDIF
06-06 13:42:33.450 254 254 D audio_hw_primary: out dev:AUDIO_SPDIF
06-06 13:42:33.450 254 254 D audio_hw_primary: in dev:AUDIO_HDMI
06-06 13:42:33.450 254 254 D audio_hw_primary: out dev:AUDIO_HDMI
06-06 13:42:33.450 254 254 D audio_hw_primary: in dev:AUDIO_I2S2
06-06 13:42:33.450 254 254 D audio_hw_primary: in capture: AUDIO_SPDIF,AUDIO_HDMI,AUDIO_I2S2
06-06 13:42:33.450 254 293 D xm_audio: adev_get_parameters
06-06 13:42:33.452 273 441 I hash_map_utils: system/bt/osi/src/hash_map_utils.cc:81 hash_map_utils_dump_string_keys_string_values: key: 'audio_devices_in' value: ''
06-06 13:42:33.454 478 478 D AudioManagerEx: type audio_devices_in list AUDIO_SPDIF,AUDIO_HDMI,AUDIO_I2S2=
06-06 13:42:33.455 478 478 D AudioManagerEx: state=audio_devices_in_active,dev=[AUDIO_CODEC]
06-06 13:42:33.455 478 478 D AudioManagerEx: enablePassThrough = true
06-06 13:42:33.455 478 478 D AudioManagerEx: audio=AUDIO_CODEC
06-06 13:42:33.457 254 254 V audio_hw_primary: adev_set_parameters, audio_devices_in_active=AUDIO_CODEC
06-06 13:42:33.457 254 254 V audio_hw_primary: in AUDIO_PARAMETER_DEVICES_IN_ACTIVE: AUDIO_CODEC
06-06 13:42:33.463 254 254 V audio_hw_primary: set property persist.vendor.audio.input.active: AUDIO_CODEC ok
06-06 13:42:33.465 1447 1447 D CompatibilityChangeReporter: Compat change id reported: 171979766; UID 10016; state: ENABLED
06-06 13:42:33.467 478 478 W Looper : Slow dispatch took 294ms main h=android.app.ActivityThread$H c=android.app.LoadedApk$ReceiverDispatcher$Args$$ExternalSyntheticLambda0@31bc244 m=0
06-06 13:42:33.467 478 478 D AudioDeviceManagerObserver: name: AUDIO_HDMI, state: 0, type: 1
06-06 13:42:33.468 478 478 W Looper : Slow delivery took 228ms main h=android.app.ActivityThread$H c=android.app.LoadedApk$ReceiverDispatcher$Args$$ExternalSyntheticLambda0@c9a9f2d m=0
06-06 13:42:33.469 478 478 W Looper : Drained
06-06 13:42:33.476 1272 1272 D RockyNetMessageUtil: initTipsList tipEntity = null isRequestTipSuccess = false
06-06 13:42:33.478 478 478 D AudioManagerPolicy: On Audio device plug in/out receive,name=AUDIO_HDMI type=1 state=0 extra=null
06-06 13:42:33.478 478 478 V AudioManagerPolicy: chengkan------------- hdmi inactive
06-06 13:42:33.481 478 478 D AudioManagerPolicy: get AUDIO_MANAGE_POLICY is 2
06-06 13:42:33.481 478 478 D AudioManagerPolicy: Policy2 HDMI Plug Out/In Switch! Booting
06-06 13:42:33.483 478 478 D AudioManagerEx: AudioManagerEx
06-06 13:42:33.483 478 478 D AudioManagerPolicy: save audio is AUDIO_HDMI
06-06 13:42:33.484 478 478 D AudioManagerPolicy: get AUDIO_MANAGE_POLICY is 2
06-06 13:42:33.484 478 478 D AudioManagerPolicy: POLICY_2 Remove USB Audio or No USB Audio Output Device Connected!
06-06 13:42:33.485 478 478 D AudioManagerEx: state=audio_devices_out_active,dev=[AUDIO_HDMI]
06-06 13:42:33.486 478 478 D AudioManagerEx: enablePassThrough = true
06-06 13:42:33.488 478 478 D AudioManagerEx: Hdmi status true,true,1
06-06 13:42:33.489 478 478 D AudioManagerEx: HDMI AUDIO_HDMI
06-06 13:42:33.489 478 478 D AudioManagerEx: AUDIO_NAME_HDMI
06-06 13:42:33.492 254 1469 V audio_hw_primary: adev_set_parameters, mediasw.sft.rawdata=HDMI_RAW
06-06 13:42:33.507 478 478 D AudioManagerEx: audio=AUDIO_HDMI
06-06 13:42:33.508 254 1469 V audio_hw_primary: adev_set_parameters, audio_devices_out_active=AUDIO_HDMI
06-06 13:42:33.508 254 1469 V audio_hw_primary: out AUDIO_PARAMETER_DEVICES_OUT_ACTIVE: AUDIO_HDMI
06-06 13:42:33.516 254 1469 V audio_hw_primary: set property persist.vendor.audio.output.active: AUDIO_HDMI ok
06-06 13:42:33.516 254 1469 V audio_hw_primary: AUDIO_HDMI output device will be active
06-06 13:42:33.519 478 478 D AudioManagerEx: Update Settings.System.AUDIO_OUTPUT_CHANNEL, now save audio is AUDIO_HDMI
06-06 13:42:33.524 478 478 I ActivityManager: com.android.dynsystem is exempt from freezer
06-06 13:42:33.525 478 478 D CompatibilityChangeReporter: Compat change id reported: 135634846; UID 1000; state: DISABLED
06-06 13:42:33.532 1272 1470 W bei.lerad.rock: Class com.iflytek.aiui.utils.c failed lock verification and will run slower.
06-06 13:42:33.551 249 249 D Zygote : Forked child process 1477
06-06 13:42:33.560 478 533 I ActivityManager: app.processName = com.android.dynsystem
06-06 13:42:33.560 478 533 I ActivityManager: Start proc 1477:com.android.dynsystem/1000 for broadcast {com.android.dynsystem/com.android.dynsystem.BootCompletedReceiver}
06-06 13:42:33.569 1477 1477 I Zygote : seccomp disabled by setenforce 0
06-06 13:42:33.593 187 187 I hwservicemanager: getTransport: Cannot find entry android.hardware.configstore@1.0::ISurfaceFlingerConfigs/default in either framework or device VINTF manifest.
06-06 13:42:33.600 478 478 I TransportClient: LocalTransportService#0: Notifying [TransportManager.registerTransport()] transport = IBackupTransport
06-06 13:42:33.601 397 417 I adbd : jdwp connection from 1477
06-06 13:42:33.633 478 1021 D BackupTransportManager: Transport com.android.localtransport/.LocalTransportService registered
06-06 13:42:33.634 478 1021 D BackupManagerService: [UserID:0] Transport com.android.localtransport/.LocalTransport registered 4224ms after first request (delay = 3000ms)
01-01 08:00:26.162 1 1 I init : Sending signal 9 to service 'idmap2d' (pid 352) process group...
06-06 13:42:33.639 478 754 W OverlayManager: service 'idmap' died
06-06 13:42:33.647 478 752 D CompatibilityChangeReporter: Compat change id reported: 149924527; UID 10074; state: ENABLED
01-01 08:00:26.174 1 1 I libprocessgroup: Successfully killed process cgroup uid 1000 pid 352 in 11ms
01-01 08:00:26.176 1 1 I init : Control message: Processed ctl.stop for 'idmap2d' from pid: 478 (system_server)
01-01 08:00:26.176 1 1 I init : Service 'idmap2d' (pid 352) received signal 9
06-06 13:42:33.659 283 757 E HWComposer: getSupportedContentTypes: getSupportedContentTypes failed for display 0: Unsupported (8)
06-06 13:42:33.664 478 752 D CompatibilityChangeReporter: Compat change id reported: 132649864; UID 10074; state: DISABLED
