--------- beginning of main
01-01 08:00:04.443 185 185 W lowmemorykiller: LMKD : whitelist android.signature.cts.api.hiddenapi_blacklist_api_27;android.signature.cts.api.hiddenapi_blacklist_api_28;android.signature.cts.api.hiddenapi_blacklist_current;android.media.cts;android.process.media;com.antutu.ABenchMark;com.antutu.benchmark.full;com.antutu.benchmark.full:unity;com.antutu.ABenchMark:push;com.futuremark.dmandroid.application;com.allwinner.batterytest;cn.xender;com.socialnmobile.dictapps.notepad.color.note;org.videolan.vlc;
01-01 08:00:04.446 185 185 I lowmemorykiller: Using psi monitors for memory pressure detection
01-01 08:00:04.447 185 185 I lowmemorykiller: Process polling is supported --------- beginning of kernel
01-01 08:00:02.490 1 1 I usbcore : registered new interface driver xpad
01-01 08:00:02.491 1 1 I usbcore : registered new interface driver usb_acecad
01-01 08:00:02.491 1 1 I usbcore : registered new interface driver aiptek
01-01 08:00:02.491 1 1 I usbcore : registered new interface driver gtco
01-01 08:00:02.491 1 1 I usbcore : registered new interface driver hanwang
01-01 08:00:02.491 1 1 I usbcore : registered new interface driver kbtab
01-01 08:00:02.491 1 1 E axp2101_pek: axp2101-pek can not register without irq
01-01 08:00:02.498 1 1 W axp2101-pek: probe of axp2101-pek.0 failed with error -22
01-01 08:00:02.499 1 1 E sunxi-rtc 7000000.rtc: reset_control_get() failed
01-01 08:00:02.505 1 1 W sunxi-rtc 7000000.rtc: Fail to get clock 'rtc-spi'
01-01 08:00:02.505 1 1 I sunxi-rtc 7000000.rtc: errata__fix_alarm_day_reg_default_value(): ALARM0_DAY_REG=0, set it to 1
01-01 08:00:02.505 1 1 I sunxi-rtc 7000000.rtc: registered as rtc0
01-01 08:00:02.505 1 1 I sunxi-rtc 7000000.rtc: setting system clock to 1970-01-01T00:00:02 UTC (2)
01-01 08:00:02.505 1 1 I sunxi-rtc 7000000.rtc: sunxi rtc probed
01-01 08:00:02.506 1 1 I : i2c /dev entries driver
01-01 08:00:02.506 1 1 I : IR NEC protocol handler initialized
01-01 08:00:02.506 1 1 I : IR RC5(x/sz) protocol handler initialized
01-01 08:00:02.506 1 1 I usbcore : registered new interface driver uvcvideo
01-01 08:00:02.506 1 1 I : USB Video Class driver (1.1.1)
01-01 08:00:02.506 1 1 D : sunxi cedar version 1.1
01-01 08:00:02.506 1 1 I sunxi-cedar 1c0e000.ve: Adding to iommu group 0
01-01 08:00:02.506 1 1 D VE : install start!!!
01-01 08:00:02.506 1 1 I VE : cedar-ve the get irq is 20
01-01 08:00:02.507 1 1 I VE : ve_debug_proc_info:(____ptrval____), data:(____ptrval____), lock:(____ptrval____)
01-01 08:00:02.507 1 1 D VE : install end!!!
01-01 08:00:02.507 1 1 I sunxi-cedar soc@3000000: ve1@1c0e000: Adding to iommu group 0
01-01 08:00:02.507 1 1 I VE : device ve1 just use to add iommu master
01-01 08:00:02.507 1 1 I sunxi-wdt 30090a0.watchdog: Watchdog enabled (timeout=16 sec, nowayout=0)
01-01 08:00:02.507 1 1 I device-mapper: uevent: version 1.0.3
01-01 08:00:02.508 1 1 I device-mapper: ioctl: 4.41.0-ioctl (2019-09-16) initialised: dm-devel@redhat.com
01-01 08:00:02.509 1 1 I hidraw : raw HID events driver (C) Jiri Kosina
01-01 08:00:02.511 1 1 I usbcore : registered new interface driver usbhid
01-01 08:00:02.511 1 1 I usbhid : USB HID core driver
01-01 08:00:02.511 1 1 I ashmem : initialized
01-01 08:00:02.512 1 1 I optee : probing for conduit method from DT.
01-01 08:00:02.512 1 1 I optee : revision 2.5
01-01 08:00:02.512 1 1 I optee : initialized driver
01-01 08:00:02.512 1 1 D : drm_base=0x40000000
01-01 08:00:02.512 1 1 D : drm_size=0x0
01-01 08:00:02.512 1 1 D : tee_base=0x2000000
01-01 08:00:02.513 1 1 I usbcore : registered new interface driver snd-usb-audio
01-01 08:00:02.513 1 1 I netem : version 1.3
01-01 08:00:02.513 1 1 I : u32 classifier
01-01 08:00:02.513 1 1 I : input device check on
01-01 08:00:02.513 1 1 I : Actions configured
01-01 08:00:02.514 1 1 I xt_time : kernel timezone is -0000
01-01 08:00:02.514 1 1 I ipip : IPv4 and MPLS over IPv4 tunneling driver
01-01 08:00:02.514 1 1 I gre : GRE over IPv4 demultiplexor driver
01-01 08:00:02.514 1 1 I ip_gre : GRE over IPv4 tunneling driver
01-01 08:00:02.515 1 1 I : IPv4 over IPsec tunneling driver
01-01 08:00:02.515 1 1 I : Initializing XFRM netlink socket
01-01 08:00:02.515 1 1 I : IPsec XFRM device driver
01-01 08:00:02.516 1 1 I NET : Registered protocol family 10
01-01 08:00:02.517 1 1 I : Segment Routing with IPv6
01-01 08:00:02.517 1 1 I mip6 : Mobile IPv6
01-01 08:00:02.517 1 1 I sit : IPv6, IPv4 and MPLS over IPv4 tunneling driver
01-01 08:00:02.518 1 1 I ip6_gre : GRE over IPv6 tunneling driver
01-01 08:00:02.518 1 1 I NET : Registered protocol family 17
01-01 08:00:02.518 1 1 I NET : Registered protocol family 15
01-01 08:00:02.518 1 1 I Bluetooth: RFCOMM TTY layer initialized
01-01 08:00:02.518 1 1 I Bluetooth: RFCOMM socket layer initialized
01-01 08:00:02.518 1 1 I Bluetooth: RFCOMM ver 1.11
01-01 08:00:02.518 1 1 I Bluetooth: HIDP (Human Interface Emulation) ver 1.2
01-01 08:00:02.518 1 1 I Bluetooth: HIDP socket layer initialized
01-01 08:00:02.518 1 1 I l2tp_core: L2TP core driver, V2.0
01-01 08:00:02.518 1 1 I l2tp_ppp: PPPoL2TP kernel driver, V2.0
01-01 08:00:02.518 1 1 I tipc : Activated (version 2.0.0)
01-01 08:00:02.518 1 1 I NET : Registered protocol family 30
01-01 08:00:02.519 1 1 I tipc : Started in single node mode
01-01 08:00:02.519 1 1 I : registered taskstats version 1
01-01 08:00:02.519 1 1 I : Loading compiled-in X.509 certificates
01-01 08:00:02.519 1 1 I : Key type ._fscrypt registered
01-01 08:00:02.519 1 1 I : Key type .fscrypt registered
01-01 08:00:02.519 1 1 I : Key type fscrypt-provisioning registered
01-01 08:00:02.520 1 1 I : HDMI 2.0 driver init start!
01-01 08:00:02.520 1 1 I : boot_hdmi=true
01-01 08:00:02.521 1 1 I : Can not find the node of esm
01-01 08:00:02.521 1 1 E : ERROR: pinctrl_get for HDMI2.0 DDC fail
01-01 08:00:02.527 1 1 I Get hdmi_power0: aldo1
01-01 08:00:02.527 1 1 W : (NULL device *): deviceless supply aldo1 not found, using dummy regulator
01-01 08:00:02.527 1 1 I Get hdmi_power1: dcdc1
01-01 08:00:02.527 1 1 W : (NULL device *): deviceless supply dcdc1 not found, using dummy regulator
01-01 08:00:02.529 1 1 I : hdmi_cec_init
01-01 08:00:02.529 33 33 W [DISP] disp_device_attached,line: 159:
01-01 08:00:02.529 33 33 W : attached ok, mgr0<-->device0, type=4
01-01 08:00:02.529 33 33 I [HDMI receive params]: tv mode: 0xa format:0x1 data bits:0x0 eotf:0x4 cs:0x101 dvi_hdmi:2 range:2 scan:0 aspect_ratio:8
01-01 08:00:02.529 33 33 W [DISP] disp_hdmi_set_mode,line: 681:
01-01 08:00:02.529 33 33 W : hdmi_set_mode is null!
01-01 08:00:02.533 1 1 I : HDMI2.0 module init end
01-01 08:00:02.533 1 1 E : tv_probe()1574 - of_property_read_string tv_power failed!
01-01 08:00:02.541 1 1 D : tv probe finished!
01-01 08:00:02.601 33 33 W [DISP] de_rtmx_mgr_apply,line: 456:
01-01 08:00:02.601 33 33 W : ctx->output.hdr_type=0
01-01 08:00:02.601 33 33 W [DISP] de_rtmx_mgr_apply,line: 474:
01-01 08:00:02.601 33 33 W : ctx->output.hdr_type=0
01-01 08:00:02.622 17 17 I sun50iw9-pinctrl 300b000.pinctrl: initialized sunXi PIO driver
01-01 08:00:02.623 17 17 W sun50iw9-pinctrl 300b000.pinctrl: 300b000.pinctrl supply vcc-pc not found, using dummy regulator
01-01 08:00:02.623 17 17 I sunxi-mmc 4022000.sdmmc: SD/MMC/SDIO Host Controller Driver(v4.20 2021-12-17 11:02)
01-01 08:00:02.623 17 17 I sunxi-mmc 4022000.sdmmc: ***ctl-spec-caps*** 308
01-01 08:00:02.624 17 17 I sunxi-mmc 4022000.sdmmc: No vdmmc regulator found
01-01 08:00:02.624 17 17 I sunxi-mmc 4022000.sdmmc: No vd33sw regulator found
01-01 08:00:02.624 17 17 I sunxi-mmc 4022000.sdmmc: No vd18sw regulator found
01-01 08:00:02.624 17 17 I sunxi-mmc 4022000.sdmmc: No vq33sw regulator found
01-01 08:00:02.624 17 17 I sunxi-mmc 4022000.sdmmc: No vq18sw regulator found
01-01 08:00:02.624 17 17 W sunxi-mmc 4022000.sdmmc: Cann't get pin bias hs pinstate,check if needed
01-01 08:00:02.625 17 17 I sunxi-mmc 4022000.sdmmc: sdc set ios:clk 0Hz bm PP pm UP vdd 23 width 1 timing LEGACY(SDR12) dt B
01-01 08:00:02.638 17 17 I sunxi-mmc 4022000.sdmmc: sdc set ios:clk 400000Hz bm PP pm ON vdd 23 width 1 timing LEGACY(SDR12) dt B
01-01 08:00:02.650 17 17 I sunxi-mmc 4022000.sdmmc: detmode:alway in(non removable)
01-01 08:00:02.651 17 17 I sunxi-mmc 4020000.sdmmc: SD/MMC/SDIO Host Controller Driver(v4.20 2021-12-17 11:02)
01-01 08:00:02.651 17 17 I sunxi-mmc 4020000.sdmmc: ***ctl-spec-caps*** 8
01-01 08:00:02.652 127 127 I sunxi-mmc 4022000.sdmmc: sdc set ios:clk 400000Hz bm PP pm ON vdd 23 width 1 timing LEGACY(SDR12) dt B
01-01 08:00:02.654 17 17 I sunxi-mmc 4020000.sdmmc: No vqmmc regulator found
01-01 08:00:02.654 17 17 I sunxi-mmc 4020000.sdmmc: No vdmmc regulator found
01-01 08:00:02.655 17 17 W sun50iw9-pinctrl 300b000.pinctrl: 300b000.pinctrl supply vcc-pi not found, using dummy regulator
01-01 08:00:02.655 17 17 I sunxi-mmc 4020000.sdmmc: Got CD GPIO
01-01 08:00:02.655 127 127 I sunxi-mmc 4022000.sdmmc: sdc set ios:clk 400000Hz bm PP pm ON vdd 23 width 1 timing LEGACY(SDR12) dt B
01-01 08:00:02.655 17 17 I sunxi-mmc 4020000.sdmmc: sdc set ios:clk 0Hz bm PP pm UP vdd 23 width 1 timing LEGACY(SDR12) dt B
01-01 08:00:02.655 17 17 I sunxi-mmc 4020000.sdmmc: no vqmmc,Check if there is regulator
01-01 08:00:02.656 127 127 I sunxi-mmc 4022000.sdmmc: sdc set ios:clk 400000Hz bm OD pm ON vdd 23 width 1 timing LEGACY(SDR12) dt B
01-01 08:00:02.668 17 17 I sunxi-mmc 4020000.sdmmc: sdc set ios:clk 400000Hz bm PP pm ON vdd 23 width 1 timing LEGACY(SDR12) dt B
01-01 08:00:02.681 17 17 I sunxi-mmc 4020000.sdmmc: detmode:gpio irq
01-01 08:00:02.681 17 17 I sunxi-mmc 4021000.sdmmc: SD/MMC/SDIO Host Controller Driver(v4.20 2021-12-17 11:02)
01-01 08:00:02.682 17 17 I sunxi-mmc 4021000.sdmmc: ***ctl-spec-caps*** 8
01-01 08:00:02.682 130 130 I sunxi-mmc 4020000.sdmmc: sdc set ios:clk 0Hz bm PP pm OFF vdd 0 width 1 timing LEGACY(SDR12) dt B
01-01 08:00:02.683 17 17 I sunxi-mmc 4021000.sdmmc: No vdmmc regulator found
01-01 08:00:02.683 17 17 I sunxi-mmc 4021000.sdmmc: No vd33sw regulator found
01-01 08:00:02.683 17 17 I sunxi-mmc 4021000.sdmmc: No vd18sw regulator found
01-01 08:00:02.683 17 17 I sunxi-mmc 4021000.sdmmc: No vq33sw regulator found
01-01 08:00:02.683 17 17 I sunxi-mmc 4021000.sdmmc: No vq18sw regulator found
01-01 08:00:02.683 17 17 W sunxi-mmc 4021000.sdmmc: Cann't get sleep pinstate,check if needed
01-01 08:00:02.684 17 17 I sunxi-mmc 4021000.sdmmc: sdc set ios:clk 0Hz bm PP pm UP vdd 23 width 1 timing LEGACY(SDR12) dt B
01-01 08:00:02.694 17 17 I sunxi-mmc 4021000.sdmmc: sdc set ios:clk 400000Hz bm PP pm ON vdd 23 width 1 timing LEGACY(SDR12) dt B
01-01 08:00:02.707 17 17 I sunxi-mmc 4021000.sdmmc: detmode:manually by software
01-01 08:00:02.707 127 127 I sunxi-mmc 4022000.sdmmc: sdc set ios:clk 400000Hz bm OD pm ON vdd 23 width 1 timing LEGACY(SDR12) dt B
01-01 08:00:02.707 127 127 I sunxi-mmc 4022000.sdmmc: sdc set ios:clk 400000Hz bm OD pm ON vdd 23 width 1 timing LEGACY(SDR12) dt B
01-01 08:00:02.707 17 17 W sun50iw9-pinctrl 300b000.pinctrl: 300b000.pinctrl supply vcc-ph not found, using dummy regulator
01-01 08:00:02.708 17 17 E uart0 : get regulator failed
01-01 08:00:02.713 17 17 W uart0 : uart0 supply uart not found, using dummy regulator
01-01 08:00:02.713 17 17 E uart0 : uart0 error to get fifo size property
01-01 08:00:02.720 17 17 I uart0 : ttyAS0 at MMIO 0x5000000 (irq = 43, base_baud = 1500000) is a SUNXI
01-01 08:00:02.720 17 17 W : sw_console_setup()1807 - console setup baud 115200 parity n bits 8, flow n
01-01 08:00:02.720 17 17 I printk : console [ttyAS0] enabled
01-01 08:00:02.720 17 17 I printk : bootconsole [uart8250] disabled
01-01 08:00:02.721 17 17 E uart1 : get regulator failed
01-01 08:00:02.721 0 0 E : [ C0] sunxi-mmc 4021000.sdmmc: smc 2 p1 err, cmd 52, RTO !!
01-01 08:00:02.727 127 127 I sunxi-mmc 4022000.sdmmc: sdc set ios:clk 400000Hz bm OD pm ON vdd 23 width 1 timing LEGACY(SDR12) dt B
01-01 08:00:02.734 17 17 W uart1 : uart1 supply uart not found, using dummy regulator
01-01 08:00:02.734 17 17 I uart1 : ttyAS1 at MMIO 0x5000400 (irq = 44, base_baud = 1500000) is a SUNXI
01-01 08:00:02.735 17 17 W spi1 : spi1 supply spi not found, using dummy regulator
01-01 08:00:02.735 17 17 W : sunxi_spi_resource_get()2061 - [spi1] SPI MASTER MODE
01-01 08:00:02.735 17 17 W : sunxi_spi_clk_init()2137 - [spi1] mclk 100000000
01-01 08:00:02.735 0 0 E : [ C0] sunxi-mmc 4021000.sdmmc: smc 2 p1 err, cmd 52, RTO !!
01-01 08:00:02.736 17 17 W : sunxi_spi_probe()2541 - [spi1]: driver probe succeed, base ffffffc013e4c000, irq 46
01-01 08:00:02.742 130 130 I sunxi-mmc 4021000.sdmmc: sdc set ios:clk 400000Hz bm PP pm ON vdd 23 width 1 timing LEGACY(SDR12) dt B
01-01 08:00:02.744 17 17 E sun50iw9-pinctrl 300b000.pinctrl: unsupported function io_disabled on pin PA0
01-01 08:00:02.753 17 17 E sun50iw9-pinctrl 300b000.pinctrl: unsupported function io_disabled on pin PA1
01-01 08:00:02.763 17 17 E sun50iw9-pinctrl 300b000.pinctrl: unsupported function io_disabled on pin PA2
01-01 08:00:02.773 130 130 I sunxi-mmc 4021000.sdmmc: sdc set ios:clk 400000Hz bm PP pm ON vdd 23 width 1 timing LEGACY(SDR12) dt B
01-01 08:00:02.773 17 17 E sun50iw9-pinctrl 300b000.pinctrl: unsupported function io_disabled on pin PA3
01-01 08:00:02.783 17 17 E sun50iw9-pinctrl 300b000.pinctrl: unsupported function io_disabled on pin PA4
01-01 08:00:02.793 17 17 E sun50iw9-pinctrl 300b000.pinctrl: unsupported function io_disabled on pin PA5
01-01 08:00:02.803 17 17 E sun50iw9-pinctrl 300b000.pinctrl: unsupported function io_disabled on pin PA6
01-01 08:00:02.813 17 17 E sun50iw9-pinctrl 300b000.pinctrl: unsupported function io_disabled on pin PA7
01-01 08:00:02.823 17 17 E sun50iw9-pinctrl 300b000.pinctrl: unsupported function io_disabled on pin PA8
01-01 08:00:02.833 17 17 E sun50iw9-pinctrl 300b000.pinctrl: unsupported function io_disabled on pin PA9
01-01 08:00:02.843 17 17 W sun50iw9-pinctrl 300b000.pinctrl: 300b000.pinctrl supply vcc-pa not found, using dummy regulator
01-01 08:00:02.843 17 17 I : sunxi gmac driver's version: 1.0.0
01-01 08:00:02.843 0 0 I [ C0] random: fast init done
01-01 08:00:02.843 17 17 I gmac-power0: NULL
01-01 08:00:02.843 17 17 I gmac-power1: NULL
01-01 08:00:02.843 17 17 I gmac-power2: NULL
01-01 08:00:02.844 17 17 D eth0 MAC: 20:2:fe:19:c1:f9
01-01 08:00:02.844 127 127 I sunxi-mmc 4022000.sdmmc: sdc set ios:clk 400000Hz bm PP pm ON vdd 23 width 1 timing LEGACY(SDR12) dt B
01-01 08:00:02.845 17 17 E sunxi_ir_startup: get ir protocol failed
01-01 08:00:02.845 17 17 I : Registered IR keymap rc_map_sunxi
01-01 08:00:02.851 17 17 I rc0 : sunxi-ir as /devices/platform/soc@3000000/7040000.s_cir/rc/rc0
01-01 08:00:02.851 17 17 I input : sunxi-ir as /devices/platform/soc@3000000/7040000.s_cir/rc/rc0/s_cir_rx
01-01 08:00:02.853 17 17 E : failed to get standby led pin assign
01-01 08:00:02.859 17 17 E : failed to get network led pin assign
01-01 08:00:02.865 17 17 E : failed to get gpio_sdcard_reused assign
01-01 08:00:02.871 17 17 I : gpio_pin_1(230) gpio_is_valid
01-01 08:00:02.871 17 17 I : gpio_pin_2(229) gpio_is_valid
01-01 08:00:02.871 17 17 I gpio : 230, name: PH6, ret = 0
01-01 08:00:02.871 17 17 I gpio : 229, name: PH5, ret = 0
01-01 08:00:02.871 17 17 I : gpio-sunxi probe success
01-01 08:00:02.873 127 127 E sunxi-mmc 4022000.sdmmc: avoid to switch power_off_notification to POWERED_ON(0x01)
01-01 08:00:02.885 17 17 W energy_model: pd0: hertz/watts ratio non-monotonically decreasing: em_cap_state 1 >= em_cap_state0
01-01 08:00:02.885 17 17 D energy_model: Created perf domain 0-3
01-01 08:00:02.885 127 127 E sunxi-mmc 4022000.sdmmc: avoid to switch power_off_notification to POWERED_ON(0x01)
01-01 08:00:02.895 127 127 E sunxi-mmc 4022000.sdmmc: avoid to switch power_off_notification to POWERED_ON(0x01)
01-01 08:00:02.906 130 130 I sunxi-mmc 4021000.sdmmc: sdc set ios:clk 400000Hz bm PP pm ON vdd 23 width 4 timing LEGACY(SDR12) dt B
01-01 08:00:02.906 127 127 E sunxi-mmc 4022000.sdmmc: avoid to switch power_off_notification to POWERED_ON(0x01)
01-01 08:00:02.917 130 130 I sunxi-mmc 4021000.sdmmc: sdc set ios:clk 400000Hz bm PP pm ON vdd 23 width 4 timing UHS-SDR104 dt B
01-01 08:00:02.918 127 127 I sunxi-mmc 4022000.sdmmc: sdc set ios:clk 400000Hz bm PP pm ON vdd 23 width 8 timing LEGACY(SDR12) dt B
01-01 08:00:02.926 130 130 I sunxi-mmc 4021000.sdmmc: sdc set ios:clk 150000000Hz bm PP pm ON vdd 23 width 4 timing UHS-SDR104 dt B
01-01 08:00:02.927 1 1 F FD650 : fd650_driver_init: FD650 Driver init.
01-01 08:00:02.931 130 130 I mmc2 : new ultra high speed SDR104 SDIO card at address 8800
01-01 08:00:02.934 1 1 F FD650 : NOTE: register_fd650_driver:::register fd650 driver success
01-01 08:00:02.939 127 127 I sunxi-mmc 4022000.sdmmc: sdc set ios:clk 400000Hz bm PP pm ON vdd 23 width 8 timing MMC-HS200 dt B
01-01 08:00:02.943 124 124 I : HDMI cable is connected
01-01 08:00:02.943 127 127 I sunxi-mmc 4022000.sdmmc: sdc set ios:clk 100000000Hz bm PP pm ON vdd 23 width 8 timing MMC-HS200 dt B
01-01 08:00:02.944 127 127 I sunxi-mmc 4022000.sdmmc: sdc set ios:clk 100000000Hz bm PP pm ON vdd 23 width 8 timing MMC-HS(SDR20) dt B
01-01 08:00:02.944 127 127 I sunxi-mmc 4022000.sdmmc: sdc set ios:clk 52000000Hz bm PP pm ON vdd 23 width 8 timing MMC-HS(SDR20) dt B
01-01 08:00:02.944 127 127 I sunxi-mmc 4022000.sdmmc: sdc set ios:clk 50000000Hz bm PP pm ON vdd 23 width 8 timing MMC-HS400 dt B
01-01 08:00:02.944 127 127 I sunxi-mmc 4022000.sdmmc: sdc set ios:clk 100000000Hz bm PP pm ON vdd 23 width 8 timing MMC-HS400 dt B
01-01 08:00:02.944 127 127 I mmc0 : new HS400 MMC card at address 0001
01-01 08:00:02.945 127 127 I mmcblk0 : mmc0:0001 AT3SFB 29.1 GiB
01-01 08:00:02.946 127 127 I mmcblk0boot0: mmc0:0001 AT3SFB partition 1 4.00 MiB
01-01 08:00:02.946 127 127 I mmcblk0boot1: mmc0:0001 AT3SFB partition 2 4.00 MiB
01-01 08:00:02.946 127 127 I mmcblk0rpmb: mmc0:0001 AT3SFB partition 3 4.00 MiB, chardev (244:0)
01-01 08:00:02.947 1 1 W : [sound 145][COMMON snd_sunxi_pa_pin_init] pa_pin_max get failed, default 0
01-01 08:00:02.948 1 1 I [sound 1022][SPDIF snd_sunxi_dts_params_init] playback_cma: 128
01-01 08:00:02.948 1 1 I [sound 1023][SPDIF snd_sunxi_dts_params_init] capture_cma: 128
01-01 08:00:02.948 1 1 I [sound 1024][SPDIF snd_sunxi_dts_params_init] tx_fifo_size: 128
01-01 08:00:02.948 1 1 I [sound 1025][SPDIF snd_sunxi_dts_params_init] rx_fifo_size: 64
01-01 08:00:02.949 127 127 I mmcblk0 : p1 p2 p3 p4 p5 p6 p7 p8 p9 p10 p11 p12 p13 p14 p15 p16 p17 p18 p19 p20 p21 p22 p23 p24 p25
01-01 08:00:02.950 1 1 E debugfs : Directory 'soc@3000000:codec_plat' with parent 'audiocodec' already present!
01-01 08:00:02.961 1 1 I sunxi-snd-mach soc@3000000: codec_mach: 5096000.codec <-> soc@3000000:codec_plat mapping ok
01-01 08:00:02.962 1 1 E debugfs : Directory '5093000.spdif_plat' with parent 'sndspdif' already present!
01-01 08:00:02.973 1 1 I sunxi-snd-mach soc@3000000: spdif_mach: snd-soc-dummy-dai <-> 5093000.spdif_plat mapping ok
01-01 08:00:02.974 1 1 I sunxi-snd-mach soc@3000000: ahub_dam_mach: snd-soc-dummy-dai <-> 5097000.ahub_dam_plat mapping ok
01-01 08:00:02.974 1 1 E debugfs : Directory 'soc@3000000:ahub1_plat' with parent 'ahubhdmi' already present!
01-01 08:00:02.985 1 1 I sunxi-snd-mach soc@3000000: ahub1_mach: snd-soc-dummy-dai <-> soc@3000000:ahub1_plat mapping ok
01-01 08:00:02.986 1 1 E debugfs : Directory 'soc@3000000:ahub2_plat' with parent 'ahubi2s2' already present!
01-01 08:00:02.997 1 1 I sunxi-snd-mach soc@3000000: ahub2_mach: snd-soc-dummy-dai <-> soc@3000000:ahub2_plat mapping ok
01-01 08:00:02.998 1 1 I cfg80211: Loading compiled-in X.509 certificates for regulatory database
01-01 08:00:02.999 1 1 I cfg80211: Loaded X.509 cert 'sforshee: 00b28ddf47aef9cea7'
01-01 08:00:02.999 1 1 W clk : Not disabling unused clocks
01-01 08:00:03.000 1 1 E : get_key_map_info()187 - Failed to find "oe" in dts.
01-01 08:00:03.007 0 0 E : [ C0] sunxi-i2c sunxi-i2c5: SLA+W has been transmitted; ACK not received
01-01 08:00:03.007 33 33 W platform regulatory.0: Direct firmware load for regulatory.db failed with error -2
01-01 08:00:03.016 33 33 W platform regulatory.0: Falling back to sysfs fallback for: regulatory.db
01-01 08:00:03.016 1 1 E sunxi-i2c5: engine-mode: xfer failed(dev addr:0x10)
01-01 08:00:03.024 1 1 I : of_property_read_string ac200.tv_regulator_name fail
01-01 08:00:03.024 1 1 E : [ac200] get ave_regulator_name failed!
01-01 08:00:03.031 1 1 E : [ac200] pwm enable
01-01 08:00:03.035 1 1 I : ALSA device list:
01-01 08:00:03.035 1 1 I : #0: audiocodec
01-01 08:00:03.035 1 1 I : #1: sndspdif
01-01 08:00:03.035 1 1 I : #2: ahubdam
01-01 08:00:03.035 1 1 I : #3: ahubhdmi
01-01 08:00:03.035 1 1 I : #4: ahubi2s2
01-01 08:00:03.035 1 1 W alloc_fd: slot 0 not NULL!
01-01 08:00:03.036 1 1 I : Freeing unused kernel memory: 1088K
01-01 08:00:03.045 1 1 E : Kernel init done
01-01 08:00:03.049 1 1 I : Run /init as init process
01-01 08:00:03.122 1 1 I init : init first stage started!
01-01 08:00:03.122 1 1 I init : Unable to open /lib/modules, skipping module loading.
01-01 08:00:03.122 1 1 I init : Copied ramdisk prop to /second_stage_resources/system/etc/ramdisk/build.prop
01-01 08:00:03.122 1 1 I init : Switching root to '/first_stage_ramdisk'
01-01 08:00:03.123 1 1 I init : [libfs_mgr]ReadFstabFromDt(): failed to read fstab from dt
01-01 08:00:03.125 1 1 I init : Using Android DT directory /proc/device-tree/firmware/android/
01-01 08:00:03.148 1 1 I init : [libfs_mgr]superblock s_max_mnt_count:65535,/dev/block/by-name/metadata
01-01 08:00:03.148 1 1 I init : [libfs_mgr]Filesystem on /dev/block/by-name/metadata was not cleanly shutdown; state flags: 0x1, incompat feature flags: 0x46
01-01 08:00:03.149 1 1 W EXT4-fs (mmcblk0p19): Ignoring removed nomblk_io_submit option
01-01 08:00:03.153 1 1 I EXT4-fs (mmcblk0p19): recovery complete
01-01 08:00:03.153 1 1 I EXT4-fs (mmcblk0p19): mounted filesystem with ordered data mode. Opts: errors=remount-ro,nomblk_io_submit
01-01 08:00:03.153 1 1 I init : [libfs_mgr]check_fs(): mount(/dev/block/by-name/metadata,/metadata,ext4)=0: Success
01-01 08:00:03.155 1 1 I init : [libfs_mgr]check_fs(): unmount(/metadata) succeeded
01-01 08:00:03.157 149 149 I random : e2fsck: uninitialized urandom read (40 bytes read)
01-01 08:00:03.158 1 1 I e2fsck : e2fsck 1.45.4 (23-Sep-2019)
01-01 08:00:03.160 1 1 I e2fsck : Pass 1: Checking inodes, blocks, and sizes
01-01 08:00:03.165 1 1 I e2fsck : Pass 2: Checking directory structure
01-01 08:00:03.166 1 1 I e2fsck : Pass 3: Checking directory connectivity
01-01 08:00:03.166 1 1 I e2fsck : Pass 4: Checking reference counts
01-01 08:00:03.166 1 1 I e2fsck : Pass 5: Checking group summary information
01-01 08:00:03.171 1 1 I e2fsck : /dev/block/by-name/metadata: 29/4096 files (0.0% non-contiguous), 1190/4096 blocks
01-01 08:00:03.174 1 1 I EXT4-fs (mmcblk0p19): mounted filesystem with ordered data mode. Opts: errors=panic
01-01 08:00:03.178 1 1 I random : init: uninitialized urandom read (16 bytes read)
01-01 08:00:03.180 1 1 I random : init: uninitialized urandom read (16 bytes read)
01-01 08:00:03.188 1 1 I EXT4-fs (dm-0): mounted filesystem without journal. Opts: barrier=1
01-01 08:00:03.196 1 1 I EXT4-fs (dm-1): mounted filesystem without journal. Opts: barrier=1
01-01 08:00:03.198 1 1 I EXT4-fs (dm-3): mounted filesystem without journal. Opts: barrier=1
01-01 08:00:03.202 1 1 I EXT4-fs (dm-2): mounted filesystem without journal. Opts: barrier=1
01-01 08:00:03.207 1 1 I newfs_msdos: executing /system/bin/newfs_msdos failed: No such file or directory
01-01 08:00:03.207 1 1 I newfs_msdos: newfs_msdos terminated by exit(255)
01-01 08:00:03.211 1 1 W SELinux : Unable to set superblock options before the security server is initialized
01-01 08:00:03.239 1 1 W printk : init: 27 output lines suppressed due to ratelimiting
01-01 08:00:03.395 1 1 W init : DM_DEV_STATUS failed for system_ext_b: No such device or address
01-01 08:00:03.395 1 1 E init : Could not update logical partition
01-01 08:00:03.402 1 1 I init : Opening SELinux policy
01-01 08:00:03.410 1 1 I init : Loading SELinux policy
01-01 08:00:03.428 1 1 I SELinux : Permission nlmsg_getneigh in class netlink_route_socket not defined in policy.
01-01 08:00:03.429 1 1 I SELinux : the above unknown classes and permissions will be denied
01-01 08:00:03.429 1 1 I SELinux : policy capability network_peer_controls=1
01-01 08:00:03.429 1 1 I SELinux : policy capability open_perms=1
01-01 08:00:03.429 1 1 I SELinux : policy capability extended_socket_class=1
01-01 08:00:03.429 1 1 I SELinux : policy capability always_check_network=0
01-01 08:00:03.429 1 1 I SELinux : policy capability cgroup_seclabel=0
01-01 08:00:03.429 1 1 I SELinux : policy capability nnp_nosuid_transition=1
01-01 08:00:03.480 184 184 W auditd : type=1403 audit(0.0:2): auid=4294967295 ses=4294967295 lsm=selinux res=1
01-01 08:00:03.498 1 1 I selinux : SELinux: Loaded file_contexts
01-01 08:00:03.498 1 1 I selinux :
01-01 08:00:03.575 1 1 I init : init second stage started!
01-01 08:00:03.640 1 1 I init : Using Android DT directory /proc/device-tree/firmware/android/
01-01 08:00:03.648 1 1 W init : Overriding previous property 'persist.sys.usb.config':'none' with new value 'adb'
01-01 08:00:03.649 1 1 W init : Overriding previous property 'persist.sys.usb.config':'adb' with new value 'none'
01-01 08:00:03.649 1 1 W init : Couldn't load property file '/vendor/default.prop': open() failed: No such file or directory: No such file or directory
01-01 08:00:03.655 1 1 W init : Couldn't load property file '/odm_dlkm/etc/build.prop': open() failed: No such file or directory: No such file or directory
01-01 08:00:03.657 1 1 W init : Couldn't load property file '/oem/build.prop': open() failed: No such file or directory: No such file or directory
01-01 08:00:03.657 1 1 E init : Could not set 'ro.boot.dynamic_partitions' to 'true' while loading .prop filesRead-only property was already set
01-01 08:00:03.671 1 1 E init : Could not set 'ro.boot.dynamic_partitions_retrofit' to 'true' while loading .prop filesRead-only property was already set
01-01 08:00:03.688 1 1 I init : Setting product property ro.product.brand to 'Dangbei' (from ro.product.product.brand)
01-01 08:00:03.688 1 1 I init : type=1400 audit(0.0:3): avc: denied { relabelto } for name="kmsg_debug" dev="tmpfs" ino=3747 scontext=u:r:init:s0 tcontext=u:object_r:kmsg_debug_device:s0 tclass=chr_file permissive=1
01-01 08:00:03.744 1 1 I /system/bin/init: type=1107 audit(0.0:4): uid=0 auid=4294967295 ses=4294967295 subj=u:r:init:s0 msg='avc: denied { read } for property=init.svc.bootanim pid=0 uid=0 gid=0 scontext=u:r:vendor_init:s0 tcontext=u:object_r:init_service_status_private_prop:s0 tclass=file permissive=1'
01-01 08:00:03.802 1 1 E cgroup1 : Unknown subsys name 'blkio'
01-01 08:00:03.811 1 1 E cgroup1 : Unknown subsys name 'memory'
01-01 08:00:03.816 1 1 I init : type=1400 audit(0.0:5): avc: denied { add_name } for name="prefetch_cluster" scontext=u:r:init:s0 tcontext=u:object_r:sysfs:s0 tclass=dir permissive=1
01-01 08:00:04.022 172 172 I ueventd : ueventd started!
01-01 08:00:04.489 189 189 I SELinux : SELinux: Loaded service_contexts from:
01-01 08:00:04.489 189 189 I SELinux : /vendor/etc/selinux/vndservice_contexts
01-01 08:00:04.490 186 186 W SELinux : Multiple same specifications for softwinner\.multiir.
01-01 08:00:04.491 186 186 I SELinux : SELinux: Loaded service_contexts from:
01-01 08:00:04.491 186 186 I SELinux : /system/etc/selinux/plat_service_contexts
01-01 08:00:04.491 186 186 I SELinux : /system_ext/etc/selinux/system_ext_service_contexts
01-01 08:00:04.491 186 186 I SELinux : /vendor/etc/selinux/vendor_service_contexts
01-01 08:00:04.027 172 172 I selinux : SELinux: Loaded file_contexts
01-01 08:00:04.027 172 172 I selinux :
01-01 08:00:04.028 172 172 I ueventd : Parsing file /system/etc/ueventd.rc...
01-01 08:00:04.028 172 172 I ueventd : Added '/vendor/etc/ueventd.rc' to import list
01-01 08:00:04.028 172 172 I ueventd : Added '/odm/etc/ueventd.rc' to import list
01-01 08:00:04.029 172 172 I ueventd : Parsing file /vendor/etc/ueventd.rc...
01-01 08:00:04.029 172 172 I ueventd : Unable to read config file '/vendor/etc/ueventd.rc': open() failed: No such file or directory
01-01 08:00:04.029 172 172 I ueventd : Parsing file /odm/etc/ueventd.rc...
01-01 08:00:04.029 172 172 I ueventd : Unable to read config file '/odm/etc/ueventd.rc': open() failed: No such file or directory
01-01 08:00:04.052 175 175 I init : type=1400 audit(0.0:6): avc: denied { write } for name="kmsg_debug" dev="tmpfs" ino=3747 scontext=u:r:init:s0 tcontext=u:object_r:kmsg_debug_device:s0 tclass=chr_file permissive=1
01-01 08:00:04.052 175 175 I init : type=1400 audit(0.0:7): avc: denied { open } for path="/dev/kmsg_debug" dev="tmpfs" ino=3747 scontext=u:r:init:s0 tcontext=u:object_r:kmsg_debug_device:s0 tclass=chr_file permissive=1
01-01 08:00:04.148 1 1 I init : type=1400 audit(0.0:8): avc: denied { mount } for name="/" dev="debugfs" ino=1 scontext=u:r:init:s0 tcontext=u:object_r:debugfs:s0 tclass=filesystem permissive=1
01-01 08:00:04.290 169 169 I sunxi-rfkill soc@3000000: rfkill: module version: v1.0.9
01-01 08:00:04.290 169 169 I sunxi-rfkill soc@3000000: rfkill: chip_en gpio=211 assert=1
01-01 08:00:04.290 169 169 E sunxi-rfkill soc@3000000: rfkill: get gpio power_en failed
01-01 08:00:04.298 169 169 I sunxi-rfkill soc@3000000: rfkill: wlan_busnum (1)
01-01 08:00:04.298 169 169 W sunxi-rfkill soc@3000000: rfkill: Missing wlan_power.
01-01 08:00:04.298 169 169 I sunxi-rfkill soc@3000000: rfkill: wlan clock[0] (osc32k-out)
01-01 08:00:04.298 169 169 I sunxi-rfkill soc@3000000: rfkill: wlan_regon gpio=210 assert=1
01-01 08:00:04.298 169 169 I sunxi-rfkill soc@3000000: rfkill: wlan_hostwake gpio=207 assert=1
01-01 08:00:04.298 169 169 I sunxi-rfkill soc@3000000: rfkill: wakeup source is enabled
01-01 08:00:04.298 169 169 W sunxi-rfkill soc@3000000: rfkill: Missing bt_power.
01-01 08:00:04.298 169 169 I sunxi-rfkill soc@3000000: rfkill: bt clock[0] (osc32k-out)
01-01 08:00:04.298 169 169 E sunxi-rfkill soc@3000000: rfkill: get gpio bt_rst failed
01-01 08:00:04.411 1 1 I : Registered swp emulation handler
01-01 08:00:04.456 169 169 I init : type=1400 audit(0.0:9): avc: denied { add_name } for name="comp_algorithm" scontext=u:r:vendor_init:s0 tcontext=u:object_r:sysfs_zram:s0 tclass=dir permissive=1
01-01 08:00:04.460 169 169 I init : type=1400 audit(0.0:10): avc: denied { create } for name="comp_algorithm" scontext=u:r:vendor_init:s0 tcontext=u:object_r:sysfs_zram:s0 tclass=file permissive=1
01-01 08:00:04.476 184 184 I logd.auditd: start
01-01 08:00:04.498 187 187 I hwservicemanager: getFrameworkHalManifest: Reading VINTF information.
01-01 08:00:04.513 187 187 I hwservicemanager: getDeviceHalManifest: Reading VINTF information.
01-01 08:00:04.516 197 197 I format_device: Don't need to format /dev/block/by-name/Reserve0
01-01 08:00:04.528 1 1 I fsck.f2fs: Info: Fix the reported corruption.
01-01 08:00:04.529 1 1 I fsck.f2fs: Info: No support kernel version!
01-01 08:00:04.529 1 1 I fsck.f2fs: Info: Segments per section = 1
01-01 08:00:04.529 1 1 I fsck.f2fs: Info: Sections per zone = 1
01-01 08:00:04.529 1 1 I fsck.f2fs: Info: sector size = 512
01-01 08:00:04.529 1 1 I fsck.f2fs: Info: total sectors = 53984223 (26359 MB)
01-01 08:00:04.530 1 1 I fsck.f2fs: Info: MKFS version
01-01 08:00:04.530 1 1 I fsck.f2fs: "5.4.125+"
01-01 08:00:04.530 1 1 I fsck.f2fs: Info: FSCK version
01-01 08:00:04.530 1 1 I fsck.f2fs: from "5.4.125+"
01-01 08:00:04.536 187 187 I hwservicemanager: getDeviceHalManifest: Successfully processed VINTF information
01-01 08:00:04.536 187 187 I hwservicemanager: getFrameworkHalManifest: Successfully processed VINTF information
01-01 08:00:04.538 187 187 I hwservicemanager: hwservicemanager is ready now. --------- beginning of system
01-01 08:00:04.560 196 196 I vold : Vold 3.0 (the awakening) firing up
01-01 08:00:04.561 196 196 D vold : Detected support for: ext4 f2fs vfat
01-01 08:00:04.567 196 196 D vold : Found unmanaged dm device named vendor_b-cow
01-01 08:00:04.567 196 196 D vold : Found unmanaged dm device named system_b
01-01 08:00:04.567 196 196 D vold : Found unmanaged dm device named vendor_dlkm_b
01-01 08:00:04.567 196 196 D vold : Found unmanaged dm device named vendor_b
01-01 08:00:04.567 196 196 D vold : Found unmanaged dm device named vendor_dlkm_b-cow
01-01 08:00:04.567 196 196 D vold : Found unmanaged dm device named product_b-cow
01-01 08:00:04.567 196 196 D vold : Found unmanaged dm device named product_b
01-01 08:00:04.567 196 196 D vold : Found unmanaged dm device named system_b-cow
01-01 08:00:04.573 196 196 D vold : VoldNativeService::start() completed OK
01-01 08:00:04.629 1 1 I F2FS-fs (mmcblk0p25): Using encoding defined by superblock: utf8-12.1.0 with flags 0x0
01-01 08:00:04.715 1 1 I F2FS-fs (mmcblk0p25): Mounted with checkpoint version = 16f23efb
01-01 08:00:04.748 1 1 I init : type=1400 audit(0.0:11): avc: denied { getattr } for path="/sys/kernel/debug/devices_deferred" dev="debugfs" ino=5772 scontext=u:r:init:s0 tcontext=u:object_r:debugfs:s0 tclass=file permissive=1
01-01 08:00:04.748 1 1 I init : type=1400 audit(0.0:12): avc: denied { getattr } for path="/sys/kernel/debug/wakeup_sources" dev="debugfs" ino=2050 scontext=u:r:init:s0 tcontext=u:object_r:debugfs_wakeup_sources:s0 tclass=file permissive=1
01-01 08:00:04.849 210 210 E cutils-trace: Error opening trace file: No such file or directory (2)
01-01 08:00:04.850 187 187 E cutils-trace: Error opening trace file: No such file or directory (2)
01-01 08:00:04.853 210 210 I HidlServiceManagement: Registered android.system.suspend@1.0::ISystemSuspend/default
01-01 08:00:04.854 210 210 I HidlServiceManagement: Removing namespace from process name android.system.suspend@1.0-service to suspend@1.0-service.
01-01 08:00:04.871 215 215 I fsverity_init: LoadKeyFromFile path=/system/etc/security/fsverity/fsverity-release.x509.der keyname=fsv_system_0
01-01 08:00:04.873 212 212 E cutils-trace: Error opening trace file: No such file or directory (2)
01-01 08:00:04.873 214 214 D tee_supplicant: using device "/dev/teepriv0"
01-01 08:00:04.874 214 214 D tee_supplicant: looping
01-01 08:00:04.900 169 169 W mali_kbase: loading out-of-tree module taints kernel.
01-01 08:00:04.895 212 212 I HidlServiceManagement: Registered android.hardware.boot@1.2::IBootControl/default
01-01 08:00:04.896 212 212 I HidlServiceManagement: Removing namespace from process name android.hardware.boot@1.2-service to boot@1.2-service.
01-01 08:00:04.896 212 212 I LegacySupport: Registration complete for android.hardware.boot@1.0::IBootControl/default.
01-01 08:00:04.899 213 213 I android.hardware.security.keymint-service: adding keymint service instance: android.hardware.security.keymint.IKeyMintDevice/default
01-01 08:00:04.900 186 186 I servicemanager: getDeviceHalManifest: Reading VINTF information.
01-01 08:00:04.909 186 186 I servicemanager: getDeviceHalManifest: Successfully processed VINTF information
01-01 08:00:04.909 186 186 I servicemanager: getFrameworkHalManifest: Reading VINTF information.
01-01 08:00:04.913 186 186 I servicemanager: getFrameworkHalManifest: Successfully processed VINTF information
01-01 08:00:04.913 186 186 I servicemanager: Found android.hardware.security.keymint.IKeyMintDevice/default in device VINTF manifest.
01-01 08:00:04.913 213 213 I android.hardware.security.keymint-service: adding keymint service instance: android.hardware.security.secureclock.ISecureClock/default
01-01 08:00:04.914 186 186 I servicemanager: Found android.hardware.security.secureclock.ISecureClock/default in device VINTF manifest.
01-01 08:00:04.914 213 213 I android.hardware.security.keymint-service: adding keymint service instance: android.hardware.security.sharedsecret.ISharedSecret/default
01-01 08:00:04.914 186 186 I servicemanager: Found android.hardware.security.sharedsecret.ISharedSecret/default in device VINTF manifest.
01-01 08:00:04.915 213 213 I android.hardware.security.keymint-service: adding keymint service instance: android.hardware.security.keymint.IRemotelyProvisionedComponent/default
01-01 08:00:04.915 186 186 I servicemanager: Found android.hardware.security.keymint.IRemotelyProvisionedComponent/default in device VINTF manifest.
01-01 08:00:04.926 169 169 I mali 1800000.gpu: Regulators probed: 0
01-01 08:00:04.926 169 169 I mali 1800000.gpu: Clocks probed: 2
01-01 08:00:04.927 169 169 I mali 1800000.gpu: [950mv-600MHz] bak[950mv-600MHz] inde_power:0 idle:1 dvfs:1
01-01 08:00:04.927 169 169 I mali 1800000.gpu: GPU identified as 0x3 arch 7.0.9 r0p0 status 0
01-01 08:00:04.928 169 169 I mali 1800000.gpu: No memory group manager is configured
01-01 08:00:04.928 169 169 I mali 1800000.gpu: Using configured power model mali-simple-power-model, and fallback mali-simple-power-model
01-01 08:00:04.930 169 169 I mali 1800000.gpu: Probed as mali0
01-01 08:00:04.939 211 211 I keystore2: keystore2_main: Keystore2 is starting.
01-01 08:00:04.945 211 211 I keystore2: keystore2_main: Starting thread pool now.
01-01 08:00:04.946 211 222 I keystore2: getDeviceHalManifest: Reading VINTF information.
01-01 08:00:04.953 196 196 I Checkpoint: cp_prepareCheckpoint called
01-01 08:00:04.955 211 222 I keystore2: getDeviceHalManifest: Successfully processed VINTF information
01-01 08:00:04.981 225 225 I tombstoned: tombstoned successfully initialized
01-01 08:00:04.992 196 196 I incfs : Initial API level of the device: 31
01-01 08:00:04.992 196 196 I incfs : ro.incremental.enable: module:/vendor/lib/modules/incrementalfs.ko
01-01 08:00:04.993 196 196 I incfs : isFsAvailable: false
01-01 08:00:04.993 196 196 I incfs : isFsAvailable: false
01-01 08:00:04.993 196 196 E incfs : could not open IncFs kernel module "/vendor/lib/modules/incrementalfs.ko": No such file or directory
01-01 08:00:04.993 196 196 E incfs : IncFs_Features: failed to open features dir, assuming v1/none.: No such file or directory
01-01 08:00:04.993 196 196 I ServiceManager: Waiting for service 'android.security.maintenance' on '/dev/binder'...
01-01 08:00:09.257 0 0 I [ C3] random: crng init done
01-01 08:00:09.257 0 0 I [ C3] random: 7 urandom warning(s) missed due to ratelimiting
01-01 08:00:09.257 211 222 I keystore2: keystore2::shared_secret_negotiation: Shared secret negotiation concluded successfully.
01-01 08:00:09.259 211 211 E cutils-trace: Error opening trace file: No such file or directory (2)
01-01 08:00:09.261 187 187 I hwservicemanager: getTransport: Cannot find entry android.hardware.keymaster@4.0::IKeymasterDevice/default in either framework or device VINTF manifest.
01-01 08:00:09.261 187 187 I hwservicemanager: getTransport: Cannot find entry android.hardware.keymaster@3.0::IKeymasterDevice/default in either framework or device VINTF manifest.
01-01 08:00:09.262 186 186 I servicemanager: Found android.system.keystore2.IKeystoreService/default in framework VINTF manifest.
01-01 08:00:09.265 211 211 I keystore2: keystore2_main: Successfully registered Keystore 2.0 service.
01-01 08:00:09.265 211 211 I keystore2: keystore2_main: Joining thread pool now.
01-01 08:00:09.310 196 196 I ServiceManager: Waiting for service 'android.security.maintenance' on '/dev/binder' successful after waiting 4316ms
01-01 08:00:09.311 211 211 I keystore2: keystore2::maintenance: In early_boot_ended.
01-01 08:00:09.323 211 211 I keystore2: keystore2::globals: Touching Keystore 2.0 database for this first time since boot.
01-01 08:00:09.323 211 211 I keystore2: keystore2::globals: Calling cleanup leftovers.
01-01 08:00:09.327 211 211 I keystore2: keystore2::super_key: Starting boot level watcher.
01-01 08:00:09.327 211 230 I keystore2: keystore2::super_key: Read keystore.boot_level value 30
01-01 08:00:09.327 211 211 E keystore2: keystore2::maintenance: Call to earlyBootEnded failed for security level TRUSTED_ENVIRONMENT: In keymint device: calling earlyBootEnded.
01-01 08:00:09.328 211 230 I keystore2: keystore2::super_key: Read keystore.boot_level value 30
01-01 08:00:09.329 187 187 I hwservicemanager: getTransport: Cannot find entry android.hardware.keymaster@4.0::IKeymasterDevice/default in either framework or device VINTF manifest.
01-01 08:00:09.329 187 187 I hwservicemanager: getTransport: Cannot find entry android.hardware.keymaster@3.0::IKeymasterDevice/default in either framework or device VINTF manifest.
01-01 08:00:09.329 211 211 E keystore2: keystore2::maintenance: Call to earlyBootEnded failed for security level STRONGBOX: In call_with_watchdog: getting keymint device.
01-01 08:00:09.330 211 211 E keystore2: keystore2::error: In keymint device: calling earlyBootEnded
01-01 08:00:09.330 211 211 E keystore2:
01-01 08:00:09.330 211 211 E keystore2: Caused by:
01-01 08:00:09.330 211 211 E keystore2: Error::Km(ErrorCode(-1000))
01-01 08:00:09.330 196 196 E vold : keystore2 Keystore earlyBootEnded returned service specific error: -1000
01-01 08:00:09.337 1 1 I init : Service 'exec 6 (/system/bin/vdc keymaster earlyBootEnded)' (pid 226) exited with status 0 waiting took 4.359000 seconds
01-01 08:00:09.337 1 1 I init : Sending signal 9 to service 'exec 6 (/system/bin/vdc keymaster earlyBootEnded)' (pid 226) process group...
01-01 08:00:09.338 1 1 I libprocessgroup: Successfully killed process cgroup uid 1000 pid 226 in 0ms
01-01 08:00:09.338 1 1 I init : Not setting encryption policy on: /data/apex
01-01 08:00:09.339 1 1 W init : Inferred action different from explicit one, expected 0 but got 2
01-01 08:00:09.340 1 1 W init : Inferred action different from explicit one, expected 0 but got 3
01-01 08:00:09.340 1 1 W init : Inferred action different from explicit one, expected 0 but got 2
01-01 08:00:09.341 1 1 I init : starting service 'apexd'...
01-01 08:00:09.363 1 1 I init : Not setting encryption policy on: /data/preloads
01-01 08:00:09.364 1 1 I init : Not setting encryption policy on: /data/data
01-01 08:00:09.379 231 231 I apexd : This device does not support updatable APEX. Exiting
01-01 08:00:09.380 231 231 I apexd : Marking APEXd as activated
01-01 08:00:09.443 233 233 I derive_sdk: Read version 1 from 7
01-01 08:00:09.444 233 233 I derive_sdk: Read version 1 from 5
01-01 08:00:09.444 233 233 I derive_sdk: Read version 1 from 9
01-01 08:00:09.444 233 233 I derive_sdk: Read version 1 from 4
01-01 08:00:09.445 233 233 I derive_sdk: Read version 1 from 6
01-01 08:00:09.445 233 233 I derive_sdk: Read version 1 from 3
01-01 08:00:09.445 233 233 I derive_sdk: Read version 1 from 2
01-01 08:00:09.446 233 233 I derive_sdk: Read version 1 from 1
01-01 08:00:09.446 233 233 I derive_sdk: Read version 1 from 10
01-01 08:00:09.446 233 233 I derive_sdk: Read version 1 from 8
01-01 08:00:09.446 233 233 I derive_sdk: R extension version is 1
01-01 08:00:09.447 233 233 I derive_sdk: S extension version is 1
01-01 08:00:09.471 196 196 D vold : fscrypt_init_user0
01-01 08:00:09.471 196 196 D vold : fscrypt_prepare_user_storage for volume null, user 0, serial 0, flags 1
01-01 08:00:09.472 196 196 D vold : Preparing: /data/system/users/0
01-01 08:00:09.472 196 196 D vold : Preparing: /data/misc/profiles/cur/0
01-01 08:00:09.472 196 196 D vold : Preparing: /data/system_de/0
01-01 08:00:09.473 196 196 D vold : Preparing: /data/misc_de/0
01-01 08:00:09.473 196 196 D vold : Preparing: /data/vendor_de/0
01-01 08:00:09.473 196 196 D vold : Preparing: /data/user_de/0
01-01 08:00:09.473 196 196 D vold : /system/bin/vold_prepare_subdirs
01-01 08:00:09.473 196 196 D vold : prepare
01-01 08:00:09.473 196 196 D vold :
01-01 08:00:09.473 196 196 D vold : 0
01-01 08:00:09.473 196 196 D vold : 1
01-01 08:00:09.477 234 234 D vdc : Waited 0ms for vold
01-01 08:00:09.505 235 235 D vold_prepare_subdirs: Setting up mode 771 uid 1000 gid 1000 context u:object_r:system_data_file:s0:c512,c768 on path: /data/user_de/0
01-01 08:00:09.506 235 235 D vold_prepare_subdirs: Setting up mode 700 uid 0 gid 0 context u:object_r:vold_data_file:s0 on path: /data/misc_de/0/vold
01-01 08:00:09.507 235 235 D vold_prepare_subdirs: Setting up mode 700 uid 0 gid 0 context u:object_r:storaged_data_file:s0 on path: /data/misc_de/0/storaged
01-01 08:00:09.508 235 235 D vold_prepare_subdirs: Setting up mode 700 uid 0 gid 0 context u:object_r:rollback_data_file:s0 on path: /data/misc_de/0/rollback
01-01 08:00:09.508 235 235 D vold_prepare_subdirs: Setting up mode 700 uid 0 gid 0 context u:object_r:apex_rollback_data_file:s0 on path: /data/misc_de/0/apexrollback
01-01 08:00:09.509 235 235 D vold_prepare_subdirs: Setting up mode 711 uid 0 gid 0 context u:object_r:apex_module_data_file:s0 on path: /data/misc_de/0/apexdata
01-01 08:00:09.509 235 235 D vold_prepare_subdirs: Setting up mode 771 uid 0 gid 1000 context u:object_r:apex_wifi_data_file:s0 on path: /data/misc_de/0/apexdata/com.android.wifi
01-01 08:00:09.510 235 235 D vold_prepare_subdirs: Setting up mode 771 uid 0 gid 1000 context u:object_r:apex_module_data_file:s0 on path: /data/misc_de/0/apexdata/com.android.vndk.v31
01-01 08:00:09.511 235 235 D vold_prepare_subdirs: Setting up mode 771 uid 0 gid 1000 context u:object_r:apex_module_data_file:s0 on path: /data/misc_de/0/apexdata/com.android.tzdata
01-01 08:00:09.511 235 235 D vold_prepare_subdirs: Setting up mode 771 uid 0 gid 1000 context u:object_r:apex_module_data_file:s0 on path: /data/misc_de/0/apexdata/com.android.tethering
01-01 08:00:09.512 235 235 D vold_prepare_subdirs: Setting up mode 771 uid 0 gid 1000 context u:object_r:apex_module_data_file:s0 on path: /data/misc_de/0/apexdata/com.android.sdkext
01-01 08:00:09.512 235 235 D vold_prepare_subdirs: Setting up mode 771 uid 0 gid 1000 context u:object_r:apex_module_data_file:s0 on path: /data/misc_de/0/apexdata/com.android.scheduling
01-01 08:00:09.513 235 235 D vold_prepare_subdirs: Setting up mode 771 uid 0 gid 1000 context u:object_r:apex_module_data_file:s0 on path: /data/misc_de/0/apexdata/com.android.runtime
01-01 08:00:09.513 235 235 D vold_prepare_subdirs: Setting up mode 771 uid 0 gid 1000 context u:object_r:apex_module_data_file:s0 on path: /data/misc_de/0/apexdata/com.android.resolv
01-01 08:00:09.514 235 235 D vold_prepare_subdirs: Setting up mode 771 uid 0 gid 1000 context u:object_r:apex_permission_data_file:s0 on path: /data/misc_de/0/apexdata/com.android.permission
01-01 08:00:09.515 235 235 D vold_prepare_subdirs: Setting up mode 771 uid 0 gid 1000 context u:object_r:apex_module_data_file:s0 on path: /data/misc_de/0/apexdata/com.android.os.statsd
01-01 08:00:09.515 235 235 D vold_prepare_subdirs: Setting up mode 771 uid 0 gid 1000 context u:object_r:apex_module_data_file:s0 on path: /data/misc_de/0/apexdata/com.android.neuralnetworks
01-01 08:00:09.516 235 235 D vold_prepare_subdirs: Setting up mode 771 uid 0 gid 1000 context u:object_r:apex_module_data_file:s0 on path: /data/misc_de/0/apexdata/com.android.mediaprovider
01-01 08:00:09.517 235 235 D vold_prepare_subdirs: Setting up mode 771 uid 0 gid 1000 context u:object_r:apex_module_data_file:s0 on path: /data/misc_de/0/apexdata/com.android.media.swcodec
01-01 08:00:09.517 235 235 D vold_prepare_subdirs: Setting up mode 771 uid 0 gid 1000 context u:object_r:apex_module_data_file:s0 on path: /data/misc_de/0/apexdata/com.android.media
01-01 08:00:09.518 235 235 D vold_prepare_subdirs: Setting up mode 771 uid 0 gid 1000 context u:object_r:apex_module_data_file:s0 on path: /data/misc_de/0/apexdata/com.android.ipsec
01-01 08:00:09.518 235 235 D vold_prepare_subdirs: Setting up mode 771 uid 0 gid 1000 context u:object_r:apex_module_data_file:s0 on path: /data/misc_de/0/apexdata/com.android.i18n
01-01 08:00:09.519 235 235 D vold_prepare_subdirs: Setting up mode 771 uid 0 gid 1000 context u:object_r:apex_module_data_file:s0 on path: /data/misc_de/0/apexdata/com.android.extservices
01-01 08:00:09.519 235 235 D vold_prepare_subdirs: Setting up mode 771 uid 0 gid 1000 context u:object_r:apex_module_data_file:s0 on path: /data/misc_de/0/apexdata/com.android.conscrypt
01-01 08:00:09.520 235 235 D vold_prepare_subdirs: Setting up mode 771 uid 0 gid 1000 context u:object_r:apex_module_data_file:s0 on path: /data/misc_de/0/apexdata/com.android.art
01-01 08:00:09.521 235 235 D vold_prepare_subdirs: Setting up mode 771 uid 0 gid 1000 context u:object_r:apex_module_data_file:s0 on path: /data/misc_de/0/apexdata/com.android.appsearch
01-01 08:00:09.521 235 235 D vold_prepare_subdirs: Setting up mode 771 uid 0 gid 1000 context u:object_r:apex_module_data_file:s0 on path: /data/misc_de/0/apexdata/com.android.adbd
01-01 08:00:09.522 235 235 D vold_prepare_subdirs: Setting up mode 771 uid 1000 gid 1000 context u:object_r:user_profile_root_file:s0:c512,c768 on path: /data/misc/profiles/cur/0
01-01 08:00:09.522 235 235 D vold_prepare_subdirs: Setting up mode 700 uid 1000 gid 1000 context u:object_r:fingerprint_vendor_data_file:s0 on path: /data/vendor_de/0/fpdata
01-01 08:00:09.523 235 235 D vold_prepare_subdirs: Setting up mode 700 uid 1000 gid 1000 context u:object_r:face_vendor_data_file:s0 on path: /data/vendor_de/0/facedata
01-01 08:00:09.524 196 196 D vold : fscrypt_unlock_user_key 0 serial=0
01-01 08:00:09.546 237 237 I derive_classpath: ParseFragments for bootclasspath
01-01 08:00:09.556 237 237 I derive_classpath: ReadClasspathFragment /apex/com.android.art/etc/classpaths/bootclasspath.pb
01-01 08:00:09.557 237 237 I derive_classpath: ReadClasspathFragment /system/etc/classpaths/bootclasspath.pb
01-01 08:00:09.558 237 237 I derive_classpath: ReadClasspathFragment /apex/com.android.appsearch/etc/classpaths/bootclasspath.pb
01-01 08:00:09.559 237 237 I derive_classpath: ReadClasspathFragment /apex/com.android.conscrypt/etc/classpaths/bootclasspath.pb
01-01 08:00:09.559 237 237 I derive_classpath: ReadClasspathFragment /apex/com.android.i18n/etc/classpaths/bootclasspath.pb
01-01 08:00:09.559 237 237 I derive_classpath: ReadClasspathFragment /apex/com.android.ipsec/etc/classpaths/bootclasspath.pb
01-01 08:00:09.560 237 237 I derive_classpath: ReadClasspathFragment /apex/com.android.media/etc/classpaths/bootclasspath.pb
