06-06 15:54:53.338 478 521 W IorapForwardingService: No service published for: iorapd
06-06 15:54:53.505 656 656 E WifiHAL : wifi_get_link_stats: requestResponse Error:-5
06-06 15:54:53.506 478 610 E WifiVendorHal: getWifiLinkLayerStats_1_5_Internal(l.1191) failed {.code = ERROR_INVALID_ARGS, .description = }
06-06 15:54:54.341 478 521 W IorapForwardingService: No service published for: iorapd
06-06 15:54:54.876 1128 1128 D aaa : LedStatusService onStartCommand begin
06-06 15:54:54.881 1128 3629 D aaa : topPkg is -------------- :com.dangbei.leard.leradlauncher
06-06 15:54:54.882 1177 1177 D bbb : onStartCommand begin !!!!!!! data分区剩余 24981MB
06-06 15:54:54.885 1128 3629 D aaa : WiFi is connect
06-06 15:54:55.343 478 521 W IorapForwardingService: No service published for: iorapd
01-01 08:03:09.426 388 388 W hdr10p_Configure: 132 callbacks suppressed
01-01 08:03:09.426 388 388 I : DVI mode selected: packets not configured
01-01 08:03:09.426 388 388 W set_vsif_config: 132 callbacks suppressed
01-01 08:03:09.426 388 388 I : Error: set vsif failed
01-01 08:03:09.445 388 388 I : DVI mode selected: packets not configured
01-01 08:03:09.445 388 388 I : Error: set vsif failed
01-01 08:03:09.464 388 388 I : DVI mode selected: packets not configured
01-01 08:03:09.464 388 388 I : Error: set vsif failed
06-06 15:54:56.346 478 521 W IorapForwardingService: No service published for: iorapd
06-06 15:54:56.469 666 882 I bt_btif_dm: system/bt/btif/src/btif_dm.cc:548 btif_update_remote_properties: cod from storage is also unclassified
06-06 15:54:56.522 656 656 E WifiHAL : wifi_get_link_stats: requestResponse Error:-5
06-06 15:54:56.523 478 610 E WifiVendorHal: getWifiLinkLayerStats_1_5_Internal(l.1191) failed {.code = ERROR_INVALID_ARGS, .description = }
06-06 15:54:57.328 2985 2994 I gbei.screencas: Background concurrent copying GC freed 68820(6011KB) AllocSpace objects, 4(80KB) LOS objects, 49% free, 6282KB/12MB, paused 203us total 137.739ms
06-06 15:54:57.348 478 521 W IorapForwardingService: No service published for: iorapd
01-01 08:03:11.434 388 388 I : DVI mode selected: packets not configured
01-01 08:03:11.434 388 388 I : Error: set vsif failed
01-01 08:03:11.469 388 388 I : DVI mode selected: packets not configured
01-01 08:03:11.469 388 388 I : Error: set vsif failed
01-01 08:03:11.502 388 388 I : DVI mode selected: packets not configured
01-01 08:03:11.502 388 388 I : Error: set vsif failed
01-01 08:03:11.522 388 388 I : DVI mode selected: packets not configured
01-01 08:03:11.522 388 388 I : Error: set vsif failed
01-01 08:03:11.543 388 388 I : DVI mode selected: packets not configured
01-01 08:03:11.543 388 388 I : Error: set vsif failed
01-01 08:03:11.563 388 388 I : DVI mode selected: packets not configured
01-01 08:03:11.563 388 388 I : Error: set vsif failed
01-01 08:03:11.584 388 388 I : DVI mode selected: packets not configured
01-01 08:03:11.584 388 388 I : Error: set vsif failed
06-06 15:54:58.351 478 521 W IorapForwardingService: No service published for: iorapd
06-06 15:54:59.144 2157 2230 D UtilLog : 日志批量上报 进行正常循环 !!!!!!本次有0次请求,共0条数据
06-06 15:54:59.353 478 521 W IorapForwardingService: No service published for: iorapd
06-06 15:54:59.539 656 656 E WifiHAL : wifi_get_link_stats: requestResponse Error:-5
06-06 15:54:59.541 478 610 E WifiVendorHal: getWifiLinkLayerStats_1_5_Internal(l.1191) failed {.code = ERROR_INVALID_ARGS, .description = }
06-06 15:55:00.355 478 521 W IorapForwardingService: No service published for: iorapd
01-01 08:03:14.925 388 388 W hdr10p_Configure: 66 callbacks suppressed
01-01 08:03:14.925 388 388 I : DVI mode selected: packets not configured
01-01 08:03:14.925 388 388 W set_vsif_config: 66 callbacks suppressed
01-01 08:03:14.925 388 388 I : Error: set vsif failed
01-01 08:03:14.960 388 388 I : DVI mode selected: packets not configured
01-01 08:03:14.960 388 388 I : Error: set vsif failed
01-01 08:03:14.998 388 388 I : DVI mode selected: packets not configured
01-01 08:03:14.998 388 388 I : Error: set vsif failed
01-01 08:03:15.037 388 388 I : DVI mode selected: packets not configured
01-01 08:03:15.037 388 388 I : Error: set vsif failed
01-01 08:03:15.063 388 388 I : DVI mode selected: packets not configured
01-01 08:03:15.063 388 388 I : Error: set vsif failed
01-01 08:03:15.084 388 388 I : DVI mode selected: packets not configured
01-01 08:03:15.084 388 388 I : Error: set vsif failed
01-01 08:03:15.106 388 388 I : DVI mode selected: packets not configured
01-01 08:03:15.106 388 388 I : Error: set vsif failed
01-01 08:03:15.127 388 388 I : DVI mode selected: packets not configured
01-01 08:03:15.127 388 388 I : Error: set vsif failed
01-01 08:03:15.149 388 388 I : DVI mode selected: packets not configured
01-01 08:03:15.149 388 388 I : Error: set vsif failed
06-06 15:55:01.207 269 282 D hdmi-cec: receive invalid cec message!
06-06 15:55:01.207 269 282 D hdmi-cec: receive poll message [04], skip!
01-01 08:03:15.170 388 388 I : DVI mode selected: packets not configured
01-01 08:03:15.170 388 388 I : Error: set vsif failed
06-06 15:55:01.358 478 521 W IorapForwardingService: No service published for: iorapd
06-06 15:55:02.360 478 521 W IorapForwardingService: No service published for: iorapd
06-06 15:55:02.555 656 656 E WifiHAL : wifi_get_link_stats: requestResponse Error:-5
06-06 15:55:02.557 478 610 E WifiVendorHal: getWifiLinkLayerStats_1_5_Internal(l.1191) failed {.code = ERROR_INVALID_ARGS, .description = }
06-06 15:55:02.921 1177 1177 D bbb : onStartCommand begin !!!!!!! data分区剩余 24981MB
06-06 15:55:02.926 1128 1128 D aaa : LedStatusService onStartCommand begin
06-06 15:55:02.930 1128 3639 D aaa : topPkg is -------------- :com.dangbei.leard.leradlauncher
06-06 15:55:02.933 1128 3639 D aaa : WiFi is connect
06-06 15:55:03.362 478 521 W IorapForwardingService: No service published for: iorapd
06-06 15:55:04.364 478 521 W IorapForwardingService: No service published for: iorapd
06-06 15:55:05.366 478 521 W IorapForwardingService: No service published for: iorapd
06-06 15:55:05.575 656 656 E WifiHAL : wifi_get_link_stats: requestResponse Error:-5
06-06 15:55:05.576 478 610 E WifiVendorHal: getWifiLinkLayerStats_1_5_Internal(l.1191) failed {.code = ERROR_INVALID_ARGS, .description = }
01-01 08:03:19.942 388 388 W hdr10p_Configure: 129 callbacks suppressed
01-01 08:03:19.942 388 388 I : DVI mode selected: packets not configured
01-01 08:03:19.942 388 388 W set_vsif_config: 129 callbacks suppressed
01-01 08:03:19.942 388 388 I : Error: set vsif failed
01-01 08:03:19.961 388 388 I : DVI mode selected: packets not configured
01-01 08:03:19.961 388 388 I : Error: set vsif failed
06-06 15:55:06.369 478 521 W IorapForwardingService: No service published for: iorapd
06-06 15:55:07.192 478 1000 W ZramWriteback: Writeback device is not set
06-06 15:55:07.192 478 1000 D ZramWriteback: wait to flush
06-06 15:55:07.372 478 521 W IorapForwardingService: No service published for: iorapd
01-01 08:03:21.949 388 388 I : DVI mode selected: packets not configured
01-01 08:03:21.949 388 388 I : Error: set vsif failed
01-01 08:03:21.984 388 388 I : DVI mode selected: packets not configured
01-01 08:03:21.984 388 388 I : Error: set vsif failed
01-01 08:03:22.022 388 388 I : DVI mode selected: packets not configured
01-01 08:03:22.022 388 388 I : Error: set vsif failed
01-01 08:03:22.049 388 388 I : DVI mode selected: packets not configured
01-01 08:03:22.049 388 388 I : Error: set vsif failed
01-01 08:03:22.069 388 388 I : DVI mode selected: packets not configured
01-01 08:03:22.069 388 388 I : Error: set vsif failed
01-01 08:03:22.090 388 388 I : DVI mode selected: packets not configured
01-01 08:03:22.090 388 388 I : Error: set vsif failed
01-01 08:03:22.110 388 388 I : DVI mode selected: packets not configured
01-01 08:03:22.110 388 388 I : Error: set vsif failed
01-01 08:03:22.131 388 388 I : DVI mode selected: packets not configured
01-01 08:03:22.131 388 388 I : Error: set vsif failed
06-06 15:55:08.374 478 521 W IorapForwardingService: No service published for: iorapd
06-06 15:55:08.593 656 656 E WifiHAL : wifi_get_link_stats: requestResponse Error:-5
06-06 15:55:08.594 478 610 E WifiVendorHal: getWifiLinkLayerStats_1_5_Internal(l.1191) failed {.code = ERROR_INVALID_ARGS, .description = }
06-06 15:55:09.158 2157 2230 D UtilLog : 日志批量上报 进行正常循环 !!!!!!本次有0次请求,共0条数据
06-06 15:55:09.377 478 521 W IorapForwardingService: No service published for: iorapd
06-06 15:55:09.959 1029 1265 E ccc : cccccc sendCycleCheckBroadcast
06-06 15:55:09.961 1029 1265 W ContextImpl: Calling a method in the system process without a qualified user: android.app.ContextImpl.sendBroadcast:1173 android.content.ContextWrapper.sendBroadcast:479 com.dangbei.etna.setting.core.SettingHelper.sendCycleToProjector:250 com.dangbei.etna.setting.core.SettingHelper.sendCycleCheckBroadcast:219 com.dangbei.etna.setting.core.SettingHelper.startLoop$lambda-0:177
06-06 15:55:09.965 1029 1265 W ContextImpl: Calling a method in the system process without a qualified user: android.app.ContextImpl.sendBroadcast:1173 android.content.ContextWrapper.sendBroadcast:479 com.dangbei.etna.setting.core.SettingHelper.sendCycleToVoice:235 com.dangbei.etna.setting.core.SettingHelper.sendCycleCheckBroadcast:220 com.dangbei.etna.setting.core.SettingHelper.startLoop$lambda-0:177
06-06 15:55:09.968 478 1388 E ActivityManager: Sending non-protected broadcast com.dangbei.etna.setting.action_cycle_check_broadcast from system 1029:com.dangbei.lerad.etna.haqu/1000 pkg com.dangbei.lerad.etna.haqu
06-06 15:55:09.968 478 1388 E ActivityManager: java.lang.Throwable
06-06 15:55:09.968 478 1388 E ActivityManager: at com.android.server.am.ActivityManagerService.checkBroadcastFromSystem(ActivityManagerService.java:12816)
06-06 15:55:09.968 478 1388 E ActivityManager: at com.android.server.am.ActivityManagerService.broadcastIntentLocked(ActivityManagerService.java:13513)
06-06 15:55:09.968 478 1388 E ActivityManager: at com.android.server.am.ActivityManagerService.broadcastIntentLocked(ActivityManagerService.java:12833)
06-06 15:55:09.968 478 1388 E ActivityManager: at com.android.server.am.ActivityManagerService.broadcastIntentWithFeature(ActivityManagerService.java:13670)
06-06 15:55:09.968 478 1388 E ActivityManager: at android.app.IActivityManager$Stub.onTransact(IActivityManager.java:2326)
06-06 15:55:09.968 478 1388 E ActivityManager: at com.android.server.am.ActivityManagerService.onTransact(ActivityManagerService.java:2509)
06-06 15:55:09.968 478 1388 E ActivityManager: at android.os.Binder.execTransactInternal(Binder.java:1179)
06-06 15:55:09.968 478 1388 E ActivityManager: at android.os.Binder.execTransact(Binder.java:1143)
06-06 15:55:09.972 478 532 I DropBoxManagerService: add tag=system_server_wtf isTagEnabled=true flags=0x2
06-06 15:55:09.978 1272 1272 D RockyVoice: RestartReceiver onReceive
06-06 15:55:10.379 478 521 W IorapForwardingService: No service published for: iorapd
06-06 15:55:10.961 1128 1128 D aaa : LedStatusService onStartCommand begin
06-06 15:55:10.965 1177 1177 D bbb : onStartCommand begin !!!!!!! data分区剩余 24981MB
06-06 15:55:10.966 1128 3651 D aaa : topPkg is -------------- :com.dangbei.leard.leradlauncher
06-06 15:55:10.971 1128 3651 D aaa : WiFi is connect
06-06 15:55:11.382 478 521 W IorapForwardingService: No service published for: iorapd
06-06 15:55:11.483 756 766 I rkstack.proces: Background concurrent copying GC freed 106376(3222KB) AllocSpace objects, 0(0B) LOS objects, 49% free, 3138KB/6277KB, paused 86us total 104.664ms
01-01 08:03:25.452 388 388 W hdr10p_Configure: 66 callbacks suppressed
01-01 08:03:25.452 388 388 I : DVI mode selected: packets not configured
01-01 08:03:25.452 388 388 W set_vsif_config: 66 callbacks suppressed
01-01 08:03:25.452 388 388 I : Error: set vsif failed
01-01 08:03:25.486 388 388 I : DVI mode selected: packets not configured
01-01 08:03:25.486 388 388 I : Error: set vsif failed
01-01 08:03:25.524 388 388 I : DVI mode selected: packets not configured
01-01 08:03:25.524 388 388 I : Error: set vsif failed
06-06 15:55:11.608 656 656 E WifiHAL : wifi_get_link_stats: requestResponse Error:-5
06-06 15:55:11.609 478 610 E WifiVendorHal: getWifiLinkLayerStats_1_5_Internal(l.1191) failed {.code = ERROR_INVALID_ARGS, .description = }
01-01 08:03:25.562 388 388 I : DVI mode selected: packets not configured
01-01 08:03:25.562 388 388 I : Error: set vsif failed
01-01 08:03:25.602 388 388 I : DVI mode selected: packets not configured
01-01 08:03:25.602 388 388 I : Error: set vsif failed
01-01 08:03:25.626 388 388 I : DVI mode selected: packets not configured
01-01 08:03:25.626 388 388 I : Error: set vsif failed
01-01 08:03:25.646 388 388 I : DVI mode selected: packets not configured
01-01 08:03:25.646 388 388 I : Error: set vsif failed
01-01 08:03:25.667 388 388 I : DVI mode selected: packets not configured
01-01 08:03:25.667 388 388 I : Error: set vsif failed
01-01 08:03:25.687 388 388 I : DVI mode selected: packets not configured
01-01 08:03:25.687 388 388 I : Error: set vsif failed
01-01 08:03:25.708 388 388 I : DVI mode selected: packets not configured
01-01 08:03:25.708 388 388 I : Error: set vsif failed
06-06 15:55:12.384 478 521 W IorapForwardingService: No service published for: iorapd
06-06 15:55:13.386 478 521 W IorapForwardingService: No service published for: iorapd
06-06 15:55:14.389 478 521 W IorapForwardingService: No service published for: iorapd
06-06 15:55:14.621 656 656 E WifiHAL : wifi_get_link_stats: requestResponse Error:-5
06-06 15:55:14.623 478 610 E WifiVendorHal: getWifiLinkLayerStats_1_5_Internal(l.1191) failed {.code = ERROR_INVALID_ARGS, .description = }
06-06 15:55:14.967 1062 1062 I pool-9-thread-1: type=1400 audit(0.0:1132): avc: denied { read } for name="address" dev="sysfs" ino=26267 scontext=u:r:system_app:s0 tcontext=u:object_r:sysfs:s0 tclass=file permissive=1
06-06 15:55:14.971 1062 1062 I pool-9-thread-1: type=1400 audit(0.0:1133): avc: denied { open } for path="/sys/devices/platform/unisoc_wifi/net/wlan1/address" dev="sysfs" ino=26267 scontext=u:r:system_app:s0 tcontext=u:object_r:sysfs:s0 tclass=file permissive=1
06-06 15:55:14.971 1062 1062 I pool-9-thread-1: type=1400 audit(0.0:1134): avc: denied { getattr } for path="/sys/devices/platform/unisoc_wifi/net/wlan1/address" dev="sysfs" ino=26267 scontext=u:r:system_app:s0 tcontext=u:object_r:sysfs:s0 tclass=file permissive=1
06-06 15:55:15.006 1062 3653 I dangbei ad sdk: ad manager report data::cache data size=0
06-06 15:55:15.392 478 521 W IorapForwardingService: No service published for: iorapd
06-06 15:55:15.976 666 882 I bt_btif_dm: system/bt/btif/src/btif_dm.cc:548 btif_update_remote_properties: cod from storage is also unclassified
06-06 15:55:16.067 1062 1824 D dangbei ad sdk: HttpUtils.....::response={"msg":"no available advert","code":200}
06-06 15:55:16.232 269 282 D hdmi-cec: receive invalid cec message!
06-06 15:55:16.233 269 282 D hdmi-cec: receive poll message [04], skip!
06-06 15:55:16.394 478 521 W IorapForwardingService: No service published for: iorapd
01-01 08:03:30.465 388 388 W hdr10p_Configure: 128 callbacks suppressed
01-01 08:03:30.465 388 388 I : DVI mode selected: packets not configured
01-01 08:03:30.465 388 388 W set_vsif_config: 128 callbacks suppressed
01-01 08:03:30.465 388 388 I : Error: set vsif failed
01-01 08:03:30.484 388 388 I : DVI mode selected: packets not configured
01-01 08:03:30.484 388 388 I : Error: set vsif failed
06-06 15:55:17.398 478 521 W IorapForwardingService: No service published for: iorapd
06-06 15:55:17.638 656 656 E WifiHAL : wifi_get_link_stats: requestResponse Error:-5
06-06 15:55:17.640 478 610 E WifiVendorHal: getWifiLinkLayerStats_1_5_Internal(l.1191) failed {.code = ERROR_INVALID_ARGS, .description = }
06-06 15:55:18.399 478 521 W IorapForwardingService: No service published for: iorapd
01-01 08:03:32.467 388 388 I : DVI mode selected: packets not configured
01-01 08:03:32.467 388 388 I : Error: set vsif failed
01-01 08:03:32.502 388 388 I : DVI mode selected: packets not configured
01-01 08:03:32.502 388 388 I : Error: set vsif failed
01-01 08:03:32.541 388 388 I : DVI mode selected: packets not configured
01-01 08:03:32.541 388 388 I : Error: set vsif failed
01-01 08:03:32.565 388 388 I : DVI mode selected: packets not configured
01-01 08:03:32.565 388 388 I : Error: set vsif failed
01-01 08:03:32.586 388 388 I : DVI mode selected: packets not configured
01-01 08:03:32.586 388 388 I : Error: set vsif failed
01-01 08:03:32.608 388 388 I : DVI mode selected: packets not configured
01-01 08:03:32.608 388 388 I : Error: set vsif failed
01-01 08:03:32.630 388 388 I : DVI mode selected: packets not configured
01-01 08:03:32.630 388 388 I : Error: set vsif failed
01-01 08:03:32.651 388 388 I : DVI mode selected: packets not configured
01-01 08:03:32.651 388 388 I : Error: set vsif failed
06-06 15:55:19.013 1128 1128 D aaa : LedStatusService onStartCommand begin
06-06 15:55:19.015 1128 3668 D aaa : topPkg is -------------- :com.dangbei.leard.leradlauncher
06-06 15:55:19.018 1128 3668 D aaa : WiFi is connect
06-06 15:55:19.022 1177 1177 D bbb : onStartCommand begin !!!!!!! data分区剩余 24981MB
06-06 15:55:19.158 2157 2230 D UtilLog : 日志批量上报 进行正常循环 !!!!!!本次有0次请求,共0条数据
06-06 15:55:19.402 478 521 W IorapForwardingService: No service published for: iorapd
06-06 15:55:19.778 1029 1256 E dangbei111: cccccc 检查遥控器是否连接: Dangbei E4:BB:D3:57:C0:49
06-06 15:55:19.781 1029 1256 E dangbei111: cccccc 检查遥控器是否连接: 蓝牙的结果 Dangbei E4:BB:D3:57:C0:49 true
06-06 15:55:19.782 1029 1256 E dangbei111: cccccc 确实有遥控器 存在 取消check任务
06-06 15:55:19.782 1029 1256 D BluetoothAdapter: isLeEnabled(): ON
06-06 15:55:19.792 666 958 I bt_stack: [INFO:gatt_api.cc(1042)] GATT_Deregister gatt_if=5
06-06 15:55:19.794 1029 1256 E dangbei111: cccccc rc is connected, stop scan =E4:BB:D3:57:C0:49
06-06 15:55:20.405 478 521 W IorapForwardingService: No service published for: iorapd
06-06 15:55:20.652 656 656 E WifiHAL : wifi_get_link_stats: requestResponse Error:-5
06-06 15:55:20.654 478 610 E WifiVendorHal: getWifiLinkLayerStats_1_5_Internal(l.1191) failed {.code = ERROR_INVALID_ARGS, .description = }
01-01 08:03:34.610 349 349 E : Send upper Vendor Specific event.
06-06 15:55:21.407 478 521 W IorapForwardingService: No service published for: iorapd
01-01 08:03:35.966 388 388 W hdr10p_Configure: 64 callbacks suppressed
01-01 08:03:35.966 388 388 I : DVI mode selected: packets not configured
01-01 08:03:35.966 388 388 W set_vsif_config: 64 callbacks suppressed
01-01 08:03:35.966 388 388 I : Error: set vsif failed
01-01 08:03:36.000 388 388 I : DVI mode selected: packets not configured
01-01 08:03:36.000 388 388 I : Error: set vsif failed
01-01 08:03:36.039 388 388 I : DVI mode selected: packets not configured
01-01 08:03:36.039 388 388 I : Error: set vsif failed
01-01 08:03:36.076 388 388 I : DVI mode selected: packets not configured
01-01 08:03:36.076 388 388 I : Error: set vsif failed
01-01 08:03:36.103 388 388 I : DVI mode selected: packets not configured
01-01 08:03:36.103 388 388 I : Error: set vsif failed
01-01 08:03:36.124 388 388 I : DVI mode selected: packets not configured
01-01 08:03:36.124 388 388 I : Error: set vsif failed
01-01 08:03:36.144 388 388 I : DVI mode selected: packets not configured
01-01 08:03:36.144 388 388 I : Error: set vsif failed
01-01 08:03:36.164 388 388 I : DVI mode selected: packets not configured
01-01 08:03:36.165 388 388 I : Error: set vsif failed
01-01 08:03:36.186 388 388 I : DVI mode selected: packets not configured
01-01 08:03:36.186 388 388 I : Error: set vsif failed
01-01 08:03:36.206 388 388 I : DVI mode selected: packets not configured
01-01 08:03:36.206 388 388 I : Error: set vsif failed
06-06 15:55:22.410 478 521 W IorapForwardingService: No service published for: iorapd
06-06 15:55:23.413 478 521 W IorapForwardingService: No service published for: iorapd
06-06 15:55:23.504 756 766 I rkstack.proces: Background concurrent copying GC freed 87953(2679KB) AllocSpace objects, 0(0B) LOS objects, 49% free, 3154KB/6308KB, paused 119us total 105.861ms
06-06 15:55:23.667 656 656 E WifiHAL : wifi_get_link_stats: requestResponse Error:-5
06-06 15:55:23.669 478 610 E WifiVendorHal: getWifiLinkLayerStats_1_5_Internal(l.1191) failed {.code = ERROR_INVALID_ARGS, .description = }
06-06 15:55:23.669 255 956 E bt_upio : upio_set : /proc/bluetooth/sleep/btwrite(-1) incorrent
06-06 15:55:24.416 478 521 W IorapForwardingService: No service published for: iorapd
06-06 15:55:25.418 478 521 W IorapForwardingService: No service published for: iorapd
06-06 15:55:26.420 478 521 W IorapForwardingService: No service published for: iorapd
06-06 15:55:26.683 656 656 E WifiHAL : wifi_get_link_stats: requestResponse Error:-5
06-06 15:55:26.684 478 610 E WifiVendorHal: getWifiLinkLayerStats_1_5_Internal(l.1191) failed {.code = ERROR_INVALID_ARGS, .description = }
01-01 08:03:40.984 388 388 W hdr10p_Configure: 134 callbacks suppressed
01-01 08:03:40.984 388 388 I : DVI mode selected: packets not configured
01-01 08:03:40.984 388 388 W set_vsif_config: 134 callbacks suppressed
01-01 08:03:40.984 388 388 I : Error: set vsif failed
06-06 15:55:27.048 1128 1128 D aaa : LedStatusService onStartCommand begin
06-06 15:55:27.049 1177 1177 D bbb : onStartCommand begin !!!!!!! data分区剩余 24981MB
06-06 15:55:27.050 1128 3678 D aaa : topPkg is -------------- :com.dangbei.leard.leradlauncher
06-06 15:55:27.056 1128 3678 D aaa : WiFi is connect
01-01 08:03:41.004 388 388 I : DVI mode selected: packets not configured
01-01 08:03:41.004 388 388 I : Error: set vsif failed
06-06 15:55:27.423 478 521 W IorapForwardingService: No service published for: iorapd
06-06 15:55:28.425 478 521 W IorapForwardingService: No service published for: iorapd
01-01 08:03:42.962 388 388 I : DVI mode selected: packets not configured
01-01 08:03:42.962 388 388 I : Error: set vsif failed
01-01 08:03:42.997 388 388 I : DVI mode selected: packets not configured
01-01 08:03:42.997 388 388 I : Error: set vsif failed
01-01 08:03:43.035 388 388 I : DVI mode selected: packets not configured
01-01 08:03:43.035 388 388 I : Error: set vsif failed
01-01 08:03:43.073 388 388 I : DVI mode selected: packets not configured
01-01 08:03:43.073 388 388 I : Error: set vsif failed
06-06 15:55:29.155 2157 2230 D UtilLog : 日志批量上报 进行正常循环 !!!!!!本次有0次请求,共0条数据
01-01 08:03:43.101 388 388 I : DVI mode selected: packets not configured
01-01 08:03:43.101 388 388 I : Error: set vsif failed
01-01 08:03:43.122 388 388 I : DVI mode selected: packets not configured
01-01 08:03:43.122 388 388 I : Error: set vsif failed
01-01 08:03:43.144 388 388 I : DVI mode selected: packets not configured
01-01 08:03:43.144 388 388 I : Error: set vsif failed
01-01 08:03:43.165 388 388 I : DVI mode selected: packets not configured
01-01 08:03:43.165 388 388 I : Error: set vsif failed
06-06 15:55:29.428 478 521 W IorapForwardingService: No service published for: iorapd
06-06 15:55:29.697 656 656 E WifiHAL : wifi_get_link_stats: requestResponse Error:-5
06-06 15:55:29.698 478 610 E WifiVendorHal: getWifiLinkLayerStats_1_5_Internal(l.1191) failed {.code = ERROR_INVALID_ARGS, .description = }
06-06 15:55:30.430 478 521 W IorapForwardingService: No service published for: iorapd
06-06 15:55:31.260 269 282 D hdmi-cec: receive invalid cec message!
06-06 15:55:31.260 269 282 D hdmi-cec: receive poll message [04], skip!
06-06 15:55:31.431 478 521 W IorapForwardingService: No service published for: iorapd
06-06 15:55:32.246 2985 2994 I gbei.screencas: Background concurrent copying GC freed 68784(5929KB) AllocSpace objects, 8(160KB) LOS objects, 49% free, 6131KB/11MB, paused 205us total 143.803ms
06-06 15:55:32.433 478 521 W IorapForwardingService: No service published for: iorapd
01-01 08:03:46.478 388 388 W hdr10p_Configure: 62 callbacks suppressed
01-01 08:03:46.478 388 388 I : DVI mode selected: packets not configured
01-01 08:03:46.478 388 388 W set_vsif_config: 62 callbacks suppressed
01-01 08:03:46.478 388 388 I : Error: set vsif failed
01-01 08:03:46.512 388 388 I : DVI mode selected: packets not configured
01-01 08:03:46.512 388 388 I : Error: set vsif failed
01-01 08:03:46.551 388 388 I : DVI mode selected: packets not configured
01-01 08:03:46.551 388 388 I : Error: set vsif failed
01-01 08:03:46.589 388 388 I : DVI mode selected: packets not configured
01-01 08:03:46.589 388 388 I : Error: set vsif failed
01-01 08:03:46.630 388 388 I : DVI mode selected: packets not configured
01-01 08:03:46.630 388 388 I : Error: set vsif failed
01-01 08:03:46.652 388 388 I : DVI mode selected: packets not configured
01-01 08:03:46.652 388 388 I : Error: set vsif failed
06-06 15:55:32.714 656 656 E WifiHAL : wifi_get_link_stats: requestResponse Error:-5
06-06 15:55:32.716 478 610 E WifiVendorHal: getWifiLinkLayerStats_1_5_Internal(l.1191) failed {.code = ERROR_INVALID_ARGS, .description = }
01-01 08:03:46.673 388 388 I : DVI mode selected: packets not configured
01-01 08:03:46.673 388 388 I : Error: set vsif failed
06-06 15:55:32.739 1062 1084 I d.leradlaunche: NativeAlloc concurrent copying GC freed 72568(3330KB) AllocSpace objects, 43(1148KB) LOS objects, 49% free, 12MB/24MB, paused 286us total 223.787ms
01-01 08:03:46.695 388 388 I : DVI mode selected: packets not configured
01-01 08:03:46.695 388 388 I : Error: set vsif failed
01-01 08:03:46.716 388 388 I : DVI mode selected: packets not configured
01-01 08:03:46.716 388 388 I : Error: set vsif failed
01-01 08:03:46.738 388 388 I : DVI mode selected: packets not configured
01-01 08:03:46.738 388 388 I : Error: set vsif failed
06-06 15:55:33.435 478 521 W IorapForwardingService: No service published for: iorapd
06-06 15:55:34.438 478 521 W IorapForwardingService: No service published for: iorapd
06-06 15:55:35.079 1177 1177 D bbb : onStartCommand begin !!!!!!! data分区剩余 24981MB
06-06 15:55:35.081 1128 1128 D aaa : LedStatusService onStartCommand begin
06-06 15:55:35.083 1128 3688 D aaa : topPkg is -------------- :com.dangbei.leard.leradlauncher
06-06 15:55:35.090 1128 3688 D aaa : WiFi is connect
06-06 15:55:35.440 478 521 W IorapForwardingService: No service published for: iorapd
06-06 15:55:35.731 656 656 E WifiHAL : wifi_get_link_stats: requestResponse Error:-5
06-06 15:55:35.733 478 610 E WifiVendorHal: getWifiLinkLayerStats_1_5_Internal(l.1191) failed {.code = ERROR_INVALID_ARGS, .description = }
06-06 15:55:36.443 478 521 W IorapForwardingService: No service published for: iorapd
06-06 15:55:37.194 478 1000 W ZramWriteback: Writeback device is not set
06-06 15:55:37.194 478 1000 D ZramWriteback: wait to flush
06-06 15:55:37.446 478 521 W IorapForwardingService: No service published for: iorapd
01-01 08:03:51.495 388 388 W hdr10p_Configure: 133 callbacks suppressed
01-01 08:03:51.495 388 388 I : DVI mode selected: packets not configured
01-01 08:03:51.495 388 388 W set_vsif_config: 133 callbacks suppressed
01-01 08:03:51.495 388 388 I : Error: set vsif failed
01-01 08:03:51.514 388 388 I : DVI mode selected: packets not configured
01-01 08:03:51.514 388 388 I : Error: set vsif failed
06-06 15:55:38.448 478 521 W IorapForwardingService: No service published for: iorapd
06-06 15:55:38.747 656 656 E WifiHAL : wifi_get_link_stats: requestResponse Error:-5
06-06 15:55:38.749 478 610 E WifiVendorHal: getWifiLinkLayerStats_1_5_Internal(l.1191) failed {.code = ERROR_INVALID_ARGS, .description = }
06-06 15:55:39.150 2157 2230 D UtilLog : 日志批量上报 进行正常循环 !!!!!!本次有0次请求,共0条数据
06-06 15:55:39.451 478 521 W IorapForwardingService: No service published for: iorapd
01-01 08:03:53.486 388 388 I : DVI mode selected: packets not configured
01-01 08:03:53.486 388 388 I : Error: set vsif failed
01-01 08:03:53.521 388 388 I : DVI mode selected: packets not configured
01-01 08:03:53.521 388 388 I : Error: set vsif failed
01-01 08:03:53.559 388 388 I : DVI mode selected: packets not configured
01-01 08:03:53.559 388 388 I : Error: set vsif failed
01-01 08:03:53.599 388 388 I : DVI mode selected: packets not configured
01-01 08:03:53.599 388 388 I : Error: set vsif failed
01-01 08:03:53.621 388 388 I : DVI mode selected: packets not configured
01-01 08:03:53.621 388 388 I : Error: set vsif failed
06-06 15:55:39.691 756 766 I rkstack.proces: Background concurrent copying GC freed 83827(2599KB) AllocSpace objects, 2(120KB) LOS objects, 49% free, 3137KB/6275KB, paused 98us total 110.298ms
01-01 08:03:53.641 388 388 I : DVI mode selected: packets not configured
01-01 08:03:53.641 388 388 I : Error: set vsif failed
01-01 08:03:53.662 388 388 I : DVI mode selected: packets not configured
01-01 08:03:53.662 388 388 I : Error: set vsif failed
01-01 08:03:53.682 388 388 I : DVI mode selected: packets not configured
01-01 08:03:53.682 388 388 I : Error: set vsif failed
06-06 15:55:40.452 478 521 W IorapForwardingService: No service published for: iorapd
06-06 15:55:41.455 478 521 W IorapForwardingService: No service published for: iorapd
06-06 15:55:41.764 656 656 E WifiHAL : wifi_get_link_stats: requestResponse Error:-5
06-06 15:55:41.766 478 610 E WifiVendorHal: getWifiLinkLayerStats_1_5_Internal(l.1191) failed {.code = ERROR_INVALID_ARGS, .description = }
06-06 15:55:42.457 478 521 W IorapForwardingService: No service published for: iorapd
01-01 08:03:56.990 388 388 W hdr10p_Configure: 63 callbacks suppressed
01-01 08:03:56.990 388 388 I : DVI mode selected: packets not configured
01-01 08:03:56.990 388 388 W set_vsif_config: 63 callbacks suppressed
01-01 08:03:56.990 388 388 I : Error: set vsif failed
01-01 08:03:57.024 388 388 I : DVI mode selected: packets not configured
01-01 08:03:57.024 388 388 I : Error: set vsif failed
01-01 08:03:57.059 388 388 I : DVI mode selected: packets not configured
01-01 08:03:57.059 388 388 I : Error: set vsif failed
06-06 15:55:43.139 1177 1177 D bbb : onStartCommand begin !!!!!!! data分区剩余 24981MB
06-06 15:55:43.142 1128 1128 D aaa : LedStatusService onStartCommand begin
06-06 15:55:43.146 1128 3697 D aaa : topPkg is -------------- :com.dangbei.leard.leradlauncher
01-01 08:03:57.088 388 388 I : DVI mode selected: packets not configured
01-01 08:03:57.088 388 388 I : Error: set vsif failed
06-06 15:55:43.152 1128 3697 D aaa : WiFi is connect
01-01 08:03:57.110 388 388 I : DVI mode selected: packets not configured
01-01 08:03:57.110 388 388 I : Error: set vsif failed
01-01 08:03:57.131 388 388 I : DVI mode selected: packets not configured
01-01 08:03:57.132 388 388 I : Error: set vsif failed
01-01 08:03:57.154 388 388 I : DVI mode selected: packets not configured
01-01 08:03:57.154 388 388 I : Error: set vsif failed
01-01 08:03:57.175 388 388 I : DVI mode selected: packets not configured
01-01 08:03:57.175 388 388 I : Error: set vsif failed
01-01 08:03:57.196 388 388 I : DVI mode selected: packets not configured
01-01 08:03:57.196 388 388 I : Error: set vsif failed
01-01 08:03:57.218 388 388 I : DVI mode selected: packets not configured
01-01 08:03:57.218 388 388 I : Error: set vsif failed
06-06 15:55:43.460 478 521 W IorapForwardingService: No service published for: iorapd
06-06 15:55:44.463 478 521 W IorapForwardingService: No service published for: iorapd
06-06 15:55:44.780 656 656 E WifiHAL : wifi_get_link_stats: requestResponse Error:-5
06-06 15:55:44.782 478 610 E WifiVendorHal: getWifiLinkLayerStats_1_5_Internal(l.1191) failed {.code = ERROR_INVALID_ARGS, .description = }
06-06 15:55:45.465 478 521 W IorapForwardingService: No service published for: iorapd
06-06 15:55:46.286 269 282 D hdmi-cec: receive invalid cec message!
06-06 15:55:46.286 269 282 D hdmi-cec: receive poll message [04], skip!
06-06 15:55:46.468 478 521 W IorapForwardingService: No service published for: iorapd
06-06 15:55:47.470 478 521 W IorapForwardingService: No service published for: iorapd
06-06 15:55:47.793 656 656 E WifiHAL : wifi_get_link_stats: requestResponse Error:-5
06-06 15:55:47.794 478 610 E WifiVendorHal: getWifiLinkLayerStats_1_5_Internal(l.1191) failed {.code = ERROR_INVALID_ARGS, .description = }
01-01 08:04:02.002 388 388 W hdr10p_Configure: 130 callbacks suppressed
01-01 08:04:02.002 388 388 I : DVI mode selected: packets not configured
01-01 08:04:02.002 388 388 W set_vsif_config: 130 callbacks suppressed
01-01 08:04:02.002 388 388 I : Error: set vsif failed
01-01 08:04:02.021 388 388 I : DVI mode selected: packets not configured
01-01 08:04:02.021 388 388 I : Error: set vsif failed
06-06 15:55:48.473 478 521 W IorapForwardingService: No service published for: iorapd
06-06 15:55:49.126 2157 2230 D UtilLog : 日志批量上报 进行正常循环 !!!!!!本次有0次请求,共0条数据
06-06 15:55:49.476 478 521 W IorapForwardingService: No service published for: iorapd
01-01 08:04:03.991 388 388 I : DVI mode selected: packets not configured
01-01 08:04:03.991 388 388 I : Error: set vsif failed
01-01 08:04:04.026 388 388 I : DVI mode selected: packets not configured
01-01 08:04:04.026 388 388 I : Error: set vsif failed
01-01 08:04:04.061 388 388 I : DVI mode selected: packets not configured
01-01 08:04:04.061 388 388 I : Error: set vsif failed
01-01 08:04:04.081 388 388 I : DVI mode selected: packets not configured
01-01 08:04:04.081 388 388 I : Error: set vsif failed
01-01 08:04:04.101 388 388 I : DVI mode selected: packets not configured
01-01 08:04:04.101 388 388 I : Error: set vsif failed
01-01 08:04:04.121 388 388 I : DVI mode selected: packets not configured
01-01 08:04:04.121 388 388 I : Error: set vsif failed
01-01 08:04:04.142 388 388 I : DVI mode selected: packets not configured
01-01 08:04:04.142 388 388 I : Error: set vsif failed
01-01 08:04:04.162 388 388 I : DVI mode selected: packets not configured
01-01 08:04:04.162 388 388 I : Error: set vsif failed
06-06 15:55:50.478 478 521 W IorapForwardingService: No service published for: iorapd
06-06 15:55:50.809 656 656 E WifiHAL : wifi_get_link_stats: requestResponse Error:-5
06-06 15:55:50.810 478 610 E WifiVendorHal: getWifiLinkLayerStats_1_5_Internal(l.1191) failed {.code = ERROR_INVALID_ARGS, .description = }
06-06 15:55:51.180 1128 1128 D aaa : LedStatusService onStartCommand begin
06-06 15:55:51.183 1128 3705 D aaa : topPkg is -------------- :com.dangbei.leard.leradlauncher
06-06 15:55:51.190 1177 1177 D bbb : onStartCommand begin !!!!!!! data分区剩余 24981MB
06-06 15:55:51.192 1128 3705 D aaa : WiFi is connect
06-06 15:55:51.480 478 521 W IorapForwardingService: No service published for: iorapd
06-06 15:55:52.483 478 521 W IorapForwardingService: No service published for: iorapd
06-06 15:55:53.486 478 521 W IorapForwardingService: No service published for: iorapd
01-01 08:04:07.494 388 388 W hdr10p_Configure: 67 callbacks suppressed
01-01 08:04:07.494 388 388 I : DVI mode selected: packets not configured
01-01 08:04:07.494 388 388 W set_vsif_config: 67 callbacks suppressed
01-01 08:04:07.494 388 388 I : Error: set vsif failed
01-01 08:04:07.528 388 388 I : DVI mode selected: packets not configured
01-01 08:04:07.528 388 388 I : Error: set vsif failed
01-01 08:04:07.567 388 388 I : DVI mode selected: packets not configured
01-01 08:04:07.567 388 388 I : Error: set vsif failed
01-01 08:04:07.604 388 388 I : DVI mode selected: packets not configured
01-01 08:04:07.604 388 388 I : Error: set vsif failed
01-01 08:04:07.626 388 388 I : DVI mode selected: packets not configured
01-01 08:04:07.626 388 388 I : Error: set vsif failed
01-01 08:04:07.646 388 388 I : DVI mode selected: packets not configured
01-01 08:04:07.646 388 388 I : Error: set vsif failed
01-01 08:04:07.667 388 388 I : DVI mode selected: packets not configured
01-01 08:04:07.667 388 388 I : Error: set vsif failed
01-01 08:04:07.687 388 388 I : DVI mode selected: packets not configured
01-01 08:04:07.687 388 388 I : Error: set vsif failed
01-01 08:04:07.707 388 388 I : DVI mode selected: packets not configured
01-01 08:04:07.707 388 388 I : Error: set vsif failed
01-01 08:04:07.728 388 388 I : DVI mode selected: packets not configured
01-01 08:04:07.728 388 388 I : Error: set vsif failed
06-06 15:55:53.825 656 656 E WifiHAL : wifi_get_link_stats: requestResponse Error:-5
06-06 15:55:53.827 478 610 E WifiVendorHal: getWifiLinkLayerStats_1_5_Internal(l.1191) failed {.code = ERROR_INVALID_ARGS, .description = }
06-06 15:55:54.488 478 521 W IorapForwardingService: No service published for: iorapd
06-06 15:55:55.490 478 521 W IorapForwardingService: No service published for: iorapd
06-06 15:55:56.491 478 521 W IorapForwardingService: No service published for: iorapd
06-06 15:55:56.840 656 656 E WifiHAL : wifi_get_link_stats: requestResponse Error:-5
06-06 15:55:56.842 478 610 E WifiVendorHal: getWifiLinkLayerStats_1_5_Internal(l.1191) failed {.code = ERROR_INVALID_ARGS, .description = }
06-06 15:55:57.493 478 521 W IorapForwardingService: No service published for: iorapd
06-06 15:55:58.496 478 521 W IorapForwardingService: No service published for: iorapd
06-06 15:55:58.511 2985 2994 I gbei.screencas: Background concurrent copying GC freed 69449(6196KB) AllocSpace objects, 0(0B) LOS objects, 49% free, 6111KB/11MB, paused 119us total 146.270ms
01-01 08:04:12.515 388 388 W hdr10p_Configure: 129 callbacks suppressed
01-01 08:04:12.515 388 388 I : DVI mode selected: packets not configured
01-01 08:04:12.515 388 388 W set_vsif_config: 129 callbacks suppressed
01-01 08:04:12.515 388 388 I : Error: set vsif failed
01-01 08:04:12.534 388 388 I : DVI mode selected: packets not configured
01-01 08:04:12.534 388 388 I : Error: set vsif failed
01-01 08:04:12.553 388 388 I : DVI mode selected: packets not configured
01-01 08:04:12.553 388 388 I : Error: set vsif failed
06-06 15:55:59.159 2157 2230 D UtilLog : 日志批量上报 进行正常循环 !!!!!!本次有0次请求,共0条数据
06-06 15:55:59.228 1128 1128 D aaa : LedStatusService onStartCommand begin
06-06 15:55:59.229 1128 3715 D aaa : topPkg is -------------- :com.dangbei.leard.leradlauncher
06-06 15:55:59.231 1177 1177 D bbb : onStartCommand begin !!!!!!! data分区剩余 24981MB
06-06 15:55:59.232 1128 3715 D aaa : WiFi is connect
06-06 15:55:59.498 478 521 W IorapForwardingService: No service published for: iorapd
06-06 15:55:59.856 656 656 E WifiHAL : wifi_get_link_stats: requestResponse Error:-5
06-06 15:55:59.858 478 610 E WifiVendorHal: getWifiLinkLayerStats_1_5_Internal(l.1191) failed {.code = ERROR_INVALID_ARGS, .description = }
06-06 15:56:00.500 478 521 W IorapForwardingService: No service published for: iorapd
01-01 08:04:14.511 388 388 I : DVI mode selected: packets not configured
01-01 08:04:14.511 388 388 I : Error: set vsif failed
01-01 08:04:14.545 388 388 I : DVI mode selected: packets not configured
01-01 08:04:14.545 388 388 I : Error: set vsif failed
01-01 08:04:14.584 388 388 I : DVI mode selected: packets not configured
01-01 08:04:14.584 388 388 I : Error: set vsif failed
01-01 08:04:14.608 388 388 I : DVI mode selected: packets not configured
01-01 08:04:14.608 388 388 I : Error: set vsif failed
01-01 08:04:14.630 388 388 I : DVI mode selected: packets not configured
01-01 08:04:14.630 388 388 I : Error: set vsif failed
01-01 08:04:14.652 388 388 I : DVI mode selected: packets not configured
01-01 08:04:14.652 388 388 I : Error: set vsif failed
01-01 08:04:14.673 388 388 I : DVI mode selected: packets not configured
01-01 08:04:14.673 388 388 I : Error: set vsif failed
06-06 15:56:01.313 269 282 D hdmi-cec: receive invalid cec message!
06-06 15:56:01.314 269 282 D hdmi-cec: receive poll message [04], skip!
06-06 15:56:01.503 478 521 W IorapForwardingService: No service published for: iorapd
06-06 15:56:02.506 478 521 W IorapForwardingService: No service published for: iorapd
06-06 15:56:02.870 656 656 E WifiHAL : wifi_get_link_stats: requestResponse Error:-5
06-06 15:56:02.871 478 610 E WifiVendorHal: getWifiLinkLayerStats_1_5_Internal(l.1191) failed {.code = ERROR_INVALID_ARGS, .description = }
06-06 15:56:03.508 478 521 W IorapForwardingService: No service published for: iorapd
01-01 08:04:18.009 388 388 W hdr10p_Configure: 66 callbacks suppressed
01-01 08:04:18.009 388 388 I : DVI mode selected: packets not configured
01-01 08:04:18.009 388 388 W set_vsif_config: 66 callbacks suppressed
01-01 08:04:18.009 388 388 I : Error: set vsif failed
01-01 08:04:18.043 388 388 I : DVI mode selected: packets not configured
01-01 08:04:18.043 388 388 I : Error: set vsif failed
01-01 08:04:18.081 388 388 I : DVI mode selected: packets not configured
01-01 08:04:18.081 388 388 I : Error: set vsif failed
01-01 08:04:18.120 388 388 I : DVI mode selected: packets not configured
01-01 08:04:18.120 388 388 I : Error: set vsif failed
01-01 08:04:18.152 388 388 I : DVI mode selected: packets not configured
01-01 08:04:18.152 388 388 I : Error: set vsif failed
01-01 08:04:18.173 388 388 I : DVI mode selected: packets not configured
01-01 08:04:18.173 388 388 I : Error: set vsif failed
01-01 08:04:18.194 388 388 I : DVI mode selected: packets not configured
01-01 08:04:18.194 388 388 I : Error: set vsif failed
01-01 08:04:18.214 388 388 I : DVI mode selected: packets not configured
01-01 08:04:18.214 388 388 I : Error: set vsif failed
01-01 08:04:18.235 388 388 I : DVI mode selected: packets not configured
01-01 08:04:18.235 388 388 I : Error: set vsif failed
01-01 08:04:18.255 388 388 I : DVI mode selected: packets not configured
01-01 08:04:18.255 388 388 I : Error: set vsif failed
06-06 15:56:04.510 478 521 W IorapForwardingService: No service published for: iorapd
06-06 15:56:05.512 478 521 W IorapForwardingService: No service published for: iorapd
06-06 15:56:05.886 656 656 E WifiHAL : wifi_get_link_stats: requestResponse Error:-5
06-06 15:56:05.888 478 610 E WifiVendorHal: getWifiLinkLayerStats_1_5_Internal(l.1191) failed {.code = ERROR_INVALID_ARGS, .description = }
06-06 15:56:06.515 478 521 W IorapForwardingService: No service published for: iorapd
06-06 15:56:07.196 478 1000 W ZramWriteback: Writeback device is not set
06-06 15:56:07.196 478 1000 D ZramWriteback: wait to flush
06-06 15:56:07.240 1128 1128 D aaa : LedStatusService onStartCommand begin
06-06 15:56:07.241 1128 3724 D aaa : topPkg is -------------- :com.dangbei.leard.leradlauncher
06-06 15:56:07.243 1177 1177 D bbb : onStartCommand begin !!!!!!! data分区剩余 24981MB
06-06 15:56:07.244 1128 3724 D aaa : WiFi is connect
06-06 15:56:07.516 478 521 W IorapForwardingService: No service published for: iorapd
06-06 15:56:08.518 478 521 W IorapForwardingService: No service published for: iorapd
06-06 15:56:08.905 656 656 E WifiHAL : wifi_get_link_stats: requestResponse Error:-5
06-06 15:56:08.906 478 610 E WifiVendorHal: getWifiLinkLayerStats_1_5_Internal(l.1191) failed {.code = ERROR_INVALID_ARGS, .description = }
01-01 08:04:23.013 388 388 W hdr10p_Configure: 130 callbacks suppressed
01-01 08:04:23.013 388 388 I : DVI mode selected: packets not configured
01-01 08:04:23.013 388 388 W set_vsif_config: 130 callbacks suppressed
01-01 08:04:23.013 388 388 I : Error: set vsif failed
01-01 08:04:23.032 388 388 I : DVI mode selected: packets not configured
01-01 08:04:23.032 388 388 I : Error: set vsif failed
01-01 08:04:23.051 388 388 I : DVI mode selected: packets not configured
01-01 08:04:23.051 388 388 I : Error: set vsif failed
01-01 08:04:23.071 388 388 I : DVI mode selected: packets not configured
01-01 08:04:23.071 388 388 I : Error: set vsif failed
06-06 15:56:09.155 2157 2230 D UtilLog : 日志批量上报 进行正常循环 !!!!!!本次有0次请求,共0条数据
06-06 15:56:09.520 478 521 W IorapForwardingService: No service published for: iorapd
06-06 15:56:10.523 478 521 W IorapForwardingService: No service published for: iorapd
01-01 08:04:25.031 388 388 I : DVI mode selected: packets not configured
01-01 08:04:25.031 388 388 I : Error: set vsif failed
01-01 08:04:25.065 388 388 I : DVI mode selected: packets not configured
01-01 08:04:25.065 388 388 I : Error: set vsif failed
01-01 08:04:25.103 388 388 I : DVI mode selected: packets not configured
01-01 08:04:25.103 388 388 I : Error: set vsif failed
01-01 08:04:25.140 388 388 I : DVI mode selected: packets not configured
01-01 08:04:25.140 388 388 I : Error: set vsif failed
01-01 08:04:25.161 388 388 I : DVI mode selected: packets not configured
01-01 08:04:25.161 388 388 I : Error: set vsif failed
01-01 08:04:25.183 388 388 I : DVI mode selected: packets not configured
01-01 08:04:25.183 388 388 I : Error: set vsif failed
06-06 15:56:11.526 478 521 W IorapForwardingService: No service published for: iorapd
06-06 15:56:11.917 656 656 E WifiHAL : wifi_get_link_stats: requestResponse Error:-5
06-06 15:56:11.918 478 610 E WifiVendorHal: getWifiLinkLayerStats_1_5_Internal(l.1191) failed {.code = ERROR_INVALID_ARGS, .description = }
06-06 15:56:12.530 478 521 W IorapForwardingService: No service published for: iorapd
06-06 15:56:13.532 478 521 W IorapForwardingService: No service published for: iorapd
06-06 15:56:14.535 478 521 W IorapForwardingService: No service published for: iorapd
01-01 08:04:28.529 388 388 W hdr10p_Configure: 65 callbacks suppressed
01-01 08:04:28.529 388 388 I : DVI mode selected: packets not configured
01-01 08:04:28.529 388 388 W set_vsif_config: 65 callbacks suppressed
01-01 08:04:28.529 388 388 I : Error: set vsif failed
01-01 08:04:28.564 388 388 I : DVI mode selected: packets not configured
01-01 08:04:28.564 388 388 I : Error: set vsif failed
01-01 08:04:28.602 388 388 I : DVI mode selected: packets not configured
01-01 08:04:28.602 388 388 I : Error: set vsif failed
01-01 08:04:28.640 388 388 I : DVI mode selected: packets not configured
01-01 08:04:28.640 388 388 I : Error: set vsif failed
01-01 08:04:28.682 388 388 I : DVI mode selected: packets not configured
01-01 08:04:28.682 388 388 I : Error: set vsif failed
01-01 08:04:28.703 388 388 I : DVI mode selected: packets not configured
01-01 08:04:28.703 388 388 I : Error: set vsif failed
01-01 08:04:28.725 388 388 I : DVI mode selected: packets not configured
01-01 08:04:28.725 388 388 I : Error: set vsif failed
01-01 08:04:28.746 388 388 I : DVI mode selected: packets not configured
01-01 08:04:28.746 388 388 I : Error: set vsif failed
01-01 08:04:28.768 388 388 I : DVI mode selected: packets not configured
01-01 08:04:28.768 388 388 I : Error: set vsif failed
01-01 08:04:28.789 388 388 I : DVI mode selected: packets not configured
01-01 08:04:28.789 388 388 I : Error: set vsif failed
06-06 15:56:14.936 656 656 E WifiHAL : wifi_get_link_stats: requestResponse Error:-5
06-06 15:56:14.939 478 610 E WifiVendorHal: getWifiLinkLayerStats_1_5_Internal(l.1191) failed {.code = ERROR_INVALID_ARGS, .description = }
06-06 15:56:15.268 1128 1128 D aaa : LedStatusService onStartCommand begin
06-06 15:56:15.271 1128 3733 D aaa : topPkg is -------------- :com.dangbei.leard.leradlauncher
06-06 15:56:15.271 1177 1177 D bbb : onStartCommand begin !!!!!!! data分区剩余 24981MB
06-06 15:56:15.274 1128 3733 D aaa : WiFi is connect
06-06 15:56:15.539 478 521 W IorapForwardingService: No service published for: iorapd
06-06 15:56:16.340 269 282 D hdmi-cec: receive invalid cec message!
06-06 15:56:16.341 269 282 D hdmi-cec: receive poll message [04], skip!
06-06 15:56:16.541 478 521 W IorapForwardingService: No service published for: iorapd
06-06 15:56:17.544 478 521 W IorapForwardingService: No service published for: iorapd
06-06 15:56:17.950 656 656 E WifiHAL : wifi_get_link_stats: requestResponse Error:-5
06-06 15:56:17.951 478 610 E WifiVendorHal: getWifiLinkLayerStats_1_5_Internal(l.1191) failed {.code = ERROR_INVALID_ARGS, .description = }
06-06 15:56:18.547 478 521 W IorapForwardingService: No service published for: iorapd
06-06 15:56:19.156 2157 2230 D UtilLog : 日志批量上报 进行正常循环 !!!!!!本次有0次请求,共0条数据
06-06 15:56:19.549 478 521 W IorapForwardingService: No service published for: iorapd
01-01 08:04:33.542 388 388 W hdr10p_Configure: 133 callbacks suppressed
01-01 08:04:33.543 388 388 I : DVI mode selected: packets not configured
01-01 08:04:33.543 388 388 W set_vsif_config: 133 callbacks suppressed
01-01 08:04:33.543 388 388 I : Error: set vsif failed
01-01 08:04:33.562 388 388 I : DVI mode selected: packets not configured
01-01 08:04:33.562 388 388 I : Error: set vsif failed
06-06 15:56:20.551 478 521 W IorapForwardingService: No service published for: iorapd
06-06 15:56:20.964 656 656 E WifiHAL : wifi_get_link_stats: requestResponse Error:-5
06-06 15:56:20.965 478 610 E WifiVendorHal: getWifiLinkLayerStats_1_5_Internal(l.1191) failed {.code = ERROR_INVALID_ARGS, .description = }
06-06 15:56:21.554 478 521 W IorapForwardingService: No service published for: iorapd
01-01 08:04:35.553 388 388 I : DVI mode selected: packets not configured
01-01 08:04:35.553 388 388 I : Error: set vsif failed
01-01 08:04:35.588 388 388 I : DVI mode selected: packets not configured
01-01 08:04:35.588 388 388 I : Error: set vsif failed
01-01 08:04:35.626 388 388 I : DVI mode selected: packets not configured
01-01 08:04:35.626 388 388 I : Error: set vsif failed
01-01 08:04:35.666 388 388 I : DVI mode selected: packets not configured
01-01 08:04:35.666 388 388 I : Error: set vsif failed
01-01 08:04:35.688 388 388 I : DVI mode selected: packets not configured
01-01 08:04:35.688 388 388 I : Error: set vsif failed
01-01 08:04:35.709 388 388 I : DVI mode selected: packets not configured
01-01 08:04:35.709 388 388 I : Error: set vsif failed
01-01 08:04:35.729 388 388 I : DVI mode selected: packets not configured
01-01 08:04:35.729 388 388 I : Error: set vsif failed
01-01 08:04:35.750 388 388 I : DVI mode selected: packets not configured
01-01 08:04:35.750 388 388 I : Error: set vsif failed
06-06 15:56:22.556 478 521 W IorapForwardingService: No service published for: iorapd
06-06 15:56:22.781 2985 2994 I gbei.screencas: Background concurrent copying GC freed 57403(6014KB) AllocSpace objects, 0(0B) LOS objects, 49% free, 6183KB/12MB, paused 199us total 156.943ms
06-06 15:56:23.320 1128 1128 D aaa : LedStatusService onStartCommand begin
06-06 15:56:23.322 1128 3743 D aaa : topPkg is -------------- :com.dangbei.leard.leradlauncher
06-06 15:56:23.327 1128 3743 D aaa : WiFi is connect
06-06 15:56:23.329 1177 1177 D bbb : onStartCommand begin !!!!!!! data分区剩余 24981MB
