06-06 13:42:26.529 478 478 W System.err: at com.android.server.wm.DisplayArea.reduceOnAllTaskDisplayAreas(DisplayArea.java:392)
06-06 13:42:26.529 478 478 W System.err: at com.android.server.wm.DisplayArea.reduceOnAllTaskDisplayAreas(DisplayArea.java:392)
06-06 13:42:26.529 478 478 W System.err: at com.android.server.wm.DisplayArea.reduceOnAllTaskDisplayAreas(DisplayArea.java:392)
06-06 13:42:26.529 478 478 W System.err: at com.android.server.wm.WindowContainer.reduceOnAllTaskDisplayAreas(WindowContainer.java:2018)
06-06 13:42:26.529 478 478 W System.err: at com.android.server.wm.RootWindowContainer.startHomeOnDisplay(RootWindowContainer.java:1505)
06-06 13:42:26.529 478 478 W System.err: at com.android.server.wm.RootWindowContainer.startHomeOnDisplay(RootWindowContainer.java:1492)
06-06 13:42:26.529 478 478 W System.err: at com.android.server.wm.RootWindowContainer.startHomeOnAllDisplays(RootWindowContainer.java:1477)
06-06 13:42:26.530 478 478 W System.err: at com.android.server.wm.ActivityTaskManagerService$LocalService.startHomeOnAllDisplays(ActivityTaskManagerService.java:5728)
06-06 13:42:26.530 478 478 W System.err: at com.android.server.am.ActivityManagerService.systemReady(ActivityManagerService.java:7748)
06-06 13:42:26.530 478 478 W System.err: at com.android.server.SystemServer.startOtherServices(SystemServer.java:2798)
06-06 13:42:26.530 478 478 W System.err: at com.android.server.SystemServer.run(SystemServer.java:928)
06-06 13:42:26.530 478 478 W System.err: at com.android.server.SystemServer.main(SystemServer.java:628)
06-06 13:42:26.530 478 478 W System.err: at java.lang.reflect.Method.invoke(Native Method)
06-06 13:42:26.530 478 478 W System.err: at com.android.internal.os.RuntimeInit$MethodAndArgsCaller.run(RuntimeInit.java:548)
06-06 13:42:26.530 478 478 W System.err: at com.android.internal.os.ZygoteInit.main(ZygoteInit.java:1160)
06-06 13:42:26.530 478 478 W System.err: Caused by: java.io.IOException: error=2, No such file or directory
06-06 13:42:26.531 478 478 W System.err: at java.lang.UNIXProcess.forkAndExec(Native Method)
06-06 13:42:26.531 478 478 W System.err: at java.lang.UNIXProcess.(UNIXProcess.java:133)
06-06 13:42:26.531 478 478 W System.err: at java.lang.ProcessImpl.start(ProcessImpl.java:141)
06-06 13:42:26.531 478 478 W System.err: at java.lang.ProcessBuilder.start(ProcessBuilder.java:1029)
06-06 13:42:26.531 478 478 W System.err: ... 32 more
06-06 13:42:26.531 268 268 I AW_PowerHAL: Power setMode: SUSTAINED_PERFORMANCE to: 1
06-06 13:42:26.533 268 268 W AW_PowerHAL: Could not open nsi-bw: No such file or directory
06-06 13:42:26.533 268 268 I AW_PowerHAL: cur-mode:PERFORMANCE
06-06 13:42:26.536 326 327 D XM_HIDREAD: add@ add@/devices/platform/unisoc_wifi/ieee80211/phy0
06-06 13:42:26.538 478 519 I EthernetTracker: interfaceLinkStateChanged, iface: eth0, up: false
06-06 13:42:26.538 478 519 W PppoeNetworkFactory: interfaceLinkStateChanged
06-06 13:42:26.539 326 327 D XM_HIDREAD: add@ add@/devices/platform/unisoc_wifi/ieee80211/phy0/rfkill2
06-06 13:42:26.542 378 402 V C2Store : in ~ComponentModule
06-06 13:42:26.542 378 402 V C2Store : unloading dll
06-06 13:42:26.542 378 402 V C2Store : in init
06-06 13:42:26.542 378 402 V C2Store : loading dll
06-06 13:42:26.547 478 519 D PppoeNetworkFactory: updateInterface: mIface: mPhyIface:eth0 iface:eth0 link:down
06-06 13:42:26.548 478 519 I EthernetTracker: interfaceLinkStateChanged, iface: eth0, up: false
06-06 13:42:26.549 478 519 W PppoeNetworkFactory: interfaceLinkStateChanged
06-06 13:42:26.549 478 519 D PppoeNetworkFactory: updateInterface: mIface: mPhyIface:eth0 iface:eth0 link:down
01-01 08:00:19.068 656 656 E sprdwl : __sprdwl_cmd_getbuf cant't get vif, ctx_id: 0
06-06 13:42:26.552 378 402 V C2Store : in ~ComponentModule
06-06 13:42:26.552 378 402 V C2Store : unloading dll
06-06 13:42:26.552 478 478 I SystemServerTiming: showSystemReadyErrorDialogs
06-06 13:42:26.552 378 402 V C2Store : in init
06-06 13:42:26.552 378 402 V C2Store : loading dll
06-06 13:42:26.552 478 478 I system_server: getFrameworkHalManifest: Reading VINTF information.
06-06 13:42:26.557 478 478 I system_server: getDeviceHalManifest: Reading VINTF information.
06-06 13:42:26.557 478 531 W BestClock: java.time.DateTimeException: Missing NTP fix
06-06 13:42:26.556 269 269 I EventThread: type=1400 audit(0.0:341): avc: denied { search } for name="extcon" dev="sysfs" ino=18109 scontext=u:r:hal_tv_cec_default:s0 tcontext=u:object_r:sysfs_extcon:s0 tclass=dir permissive=1
06-06 13:42:26.563 478 531 W BestClock: java.time.DateTimeException: Missing NTP fix
06-06 13:42:26.564 378 402 I mediaswcodec: missing struct descriptor #Param::CoreIndex(--004) for field values of struct #Param::CoreIndex(F-12004)
06-06 13:42:26.564 478 478 I system_server: getDeviceHalManifest: Successfully processed VINTF information
06-06 13:42:26.564 478 478 I system_server: getFrameworkHalManifest: Successfully processed VINTF information
06-06 13:42:26.564 478 478 I system_server: getFrameworkCompatibilityMatrix: Reading VINTF information.
06-06 13:42:26.565 326 327 D XM_HIDREAD: add@ add@/devices/platform/unisoc_wifi/net/wlan0
06-06 13:42:26.566 326 327 D XM_HIDREAD: add@ add@/devices/platform/unisoc_wifi/net/wlan0/queues/rx-0
06-06 13:42:26.567 326 327 D XM_HIDREAD: add@ add@/devices/platform/unisoc_wifi/net/wlan0/queues/tx-0
06-06 13:42:26.569 478 519 W PppoeNetworkFactory: interfaceAdded
01-01 08:00:19.095 656 656 W unisoc_wifi wlan0: mixed HW and IP checksum settings.
06-06 13:42:26.569 326 327 D XM_HIDREAD: add@ add@/devices/platform/unisoc_wifi/net/wlan1
06-06 13:42:26.571 326 327 D XM_HIDREAD: add@ add@/devices/platform/unisoc_wifi/net/wlan1/queues/rx-0
06-06 13:42:26.571 326 327 D XM_HIDREAD: add@ add@/devices/platform/unisoc_wifi/net/wlan1/queues/tx-0
01-01 08:00:19.100 656 656 W unisoc_wifi wlan1: mixed HW and IP checksum settings.
06-06 13:42:26.574 378 402 D C2SoftHevcEnc: Given level 6000 does not cover current configuration: adjusting to 6001
06-06 13:42:26.572 329 329 I rainbow_flow: type=1400 audit(0.0:342): avc: denied { ioctl } for path="/dev/spidev1.0" dev="tmpfs" ino=208 ioctlcmd=0x6b00 scontext=u:r:init:s0 tcontext=u:object_r:device:s0 tclass=chr_file permissive=1
06-06 13:42:26.582 478 519 I EthernetTracker: interfaceLinkStateChanged, iface: wlan0, up: false
06-06 13:42:26.582 478 519 W PppoeNetworkFactory: interfaceLinkStateChanged
06-06 13:42:26.582 478 519 D PppoeNetworkFactory: updateInterface: mIface: mPhyIface:eth0 iface:wlan0 link:down
06-06 13:42:26.582 478 519 D PppoeNetworkFactory: not tracker interface
06-06 13:42:26.583 478 519 W PppoeNetworkFactory: interfaceAdded
06-06 13:42:26.583 478 519 I EthernetTracker: interfaceLinkStateChanged, iface: wlan1, up: false
06-06 13:42:26.584 478 519 W PppoeNetworkFactory: interfaceLinkStateChanged
06-06 13:42:26.584 478 519 D PppoeNetworkFactory: updateInterface: mIface: mPhyIface:eth0 iface:wlan1 link:down
06-06 13:42:26.584 478 519 D PppoeNetworkFactory: not tracker interface
01-01 08:00:19.102 656 656 E unisoc_wifi wlan1: netif_napi_add() called with weight 128
06-06 13:42:26.585 326 327 D XM_HIDREAD: add@ add@/module/sprdwl_ng
06-06 13:42:26.585 378 402 V C2Store : in ~ComponentModule
06-06 13:42:26.585 378 402 V C2Store : unloading dll
06-06 13:42:26.585 478 652 D EthernetTracker: Tracking interface in client mode: eth0
06-06 13:42:26.586 656 656 D wifi_hal-auto-detect: libwifi hal name: libwifi-hal-sprd.so
06-06 13:42:26.586 378 402 V C2Store : in init
06-06 13:42:26.586 378 402 V C2Store : loading dll
06-06 13:42:26.586 478 652 D EthernetNetworkFactory: addInterface, iface: eth0, capabilities: [ Transports: ETHERNET Capabilities: NOT_METERED&INTERNET&NOT_RESTRICTED&TRUSTED&NOT_VPN&NOT_ROAMING&NOT_CONGESTED&NOT_SUSPENDED&NOT_VCN_MANAGED LinkUpBandwidth>=100000Kbps LinkDnBandwidth>=100000Kbps]
06-06 13:42:26.587 478 652 D EthernetNetworkFactory: updateCapabilityFilter: [ Transports: ETHERNET Capabilities: NOT_METERED&INTERNET&NOT_RESTRICTED&TRUSTED&NOT_VPN&NOT_ROAMING&NOT_CONGESTED&NOT_SUSPENDED&NOT_VCN_MANAGED]
06-06 13:42:26.591 378 402 V C2Store : in ~ComponentModule
06-06 13:42:26.591 378 402 V C2Store : unloading dll
06-06 13:42:26.592 378 402 V C2Store : in init
06-06 13:42:26.592 378 402 V C2Store : loading dll
06-06 13:42:26.595 478 531 W BestClock: java.time.DateTimeException: Missing NTP fix
06-06 13:42:26.596 656 656 I wifi@1.0-servic: type=1400 audit(0.0:343): avc: denied { read } for name="u:object_r:persist_vendor_debug_wifi_prop:s0" dev="tmpfs" ino=3969 scontext=u:r:hal_wifi_default:s0 tcontext=u:object_r:persist_vendor_debug_wifi_prop:s0 tclass=file permissive=1
06-06 13:42:26.596 656 656 I wifi@1.0-servic: type=1400 audit(0.0:344): avc: denied { open } for path="/dev/__properties__/u:object_r:persist_vendor_debug_wifi_prop:s0" dev="tmpfs" ino=3969 scontext=u:r:hal_wifi_default:s0 tcontext=u:object_r:persist_vendor_debug_wifi_prop:s0 tclass=file permissive=1
06-06 13:42:26.596 656 656 I wifi@1.0-servic: type=1400 audit(0.0:345): avc: denied { getattr } for path="/dev/__properties__/u:object_r:persist_vendor_debug_wifi_prop:s0" dev="tmpfs" ino=3969 scontext=u:r:hal_wifi_default:s0 tcontext=u:object_r:persist_vendor_debug_wifi_prop:s0 tclass=file permissive=1
06-06 13:42:26.596 656 656 I wifi@1.0-servic: type=1400 audit(0.0:346): avc: denied { map } for path="/dev/__properties__/u:object_r:persist_vendor_debug_wifi_prop:s0" dev="tmpfs" ino=3969 scontext=u:r:hal_wifi_default:s0 tcontext=u:object_r:persist_vendor_debug_wifi_prop:s0 tclass=file permissive=1
06-06 13:42:26.598 656 656 I android.hardware.wifi@1.0-service-lazy: Wifi HAL started
06-06 13:42:26.599 478 531 W BestClock: java.time.DateTimeException: Missing NTP fix
06-06 13:42:26.599 478 610 I WifiVendorHal: Vendor Hal started successfully
06-06 13:42:26.601 478 652 D EthernetNetworkFactory: updateInterfaceLinkState, iface: eth0, up: false
06-06 13:42:26.602 478 652 D EthernetNetworkFactory: updateInterfaceLinkState, iface: eth0, up: false
06-06 13:42:26.605 656 656 W android.hardware.wifi@1.0-service-lazy: No active wlan interfaces in use! Using default
06-06 13:42:26.606 656 656 E android.hardware.wifi@1.0-service-lazy: Unknown iface name: wlan0
06-06 13:42:26.606 656 656 E android.hardware.wifi@1.0-service-lazy: Unknown iface name: wlan0
06-06 13:42:26.606 378 402 V C2Store : in ~ComponentModule
06-06 13:42:26.606 378 402 V C2Store : unloading dll
06-06 13:42:26.606 378 402 V C2Store : in init
06-06 13:42:26.606 378 402 V C2Store : loading dll
06-06 13:42:26.608 478 652 D Ethernet: got request NetworkRequest [ REQUEST id=1, [ Capabilities: INTERNET&NOT_RESTRICTED&TRUSTED&NOT_VPN&NOT_VCN_MANAGED RequestorUid: 1000 RequestorPkg: android] ]
06-06 13:42:26.609 478 652 D EthernetNetworkFactory: acceptRequest, request: NetworkRequest [ REQUEST id=1, [ Capabilities: INTERNET&NOT_RESTRICTED&TRUSTED&NOT_VPN&NOT_VCN_MANAGED RequestorUid: 1000 RequestorPkg: android] ]
06-06 13:42:26.610 478 519 I EthernetTracker: interfaceLinkStateChanged, iface: wlan0, up: true
06-06 13:42:26.610 478 519 W PppoeNetworkFactory: interfaceLinkStateChanged
06-06 13:42:26.611 656 656 I WifiHAL : Initializing wifi
06-06 13:42:26.611 478 519 D PppoeNetworkFactory: updateInterface: mIface: mPhyIface:eth0 iface:wlan0 link:up
06-06 13:42:26.612 478 519 D PppoeNetworkFactory: not tracker interface
06-06 13:42:26.616 656 656 E WifiHAL : wifi_get_logger_supported_feature_set: Error -5 happened.
06-06 13:42:26.616 656 656 E WifiHAL : Failed to get supported logger feature set: -5
06-06 13:42:26.616 656 656 E WifiHAL : wifi_get_firmware_version: Error -5 happened.
06-06 13:42:26.616 656 656 E WifiHAL : Failed to get supported logger feature set: -5
01-01 08:00:19.144 656 656 I ieee80211 phy0: sprdwl_vendor_get_support_feature
06-06 13:42:26.616 656 656 E WifiHAL : get_firmware_bus_max_size_supported: requestResponse Error:-3
06-06 13:42:26.616 656 656 E WifiHAL : Failed to get supported bus size, error : -3
06-06 13:42:26.616 656 656 E WifiHAL : wifi_logger_ring_buffers_init: Ring buffer logging feature not supported 0
06-06 13:42:26.616 656 656 E WifiHAL : Wifi Logger Ring Initialization Failed
06-06 13:42:26.616 656 656 E WifiHAL : wifiGetCapabilities: Failed to send request, Error:-5
06-06 13:42:26.616 378 402 V C2Store : in ~ComponentModule
06-06 13:42:26.617 378 402 V C2Store : unloading dll
06-06 13:42:26.617 656 656 E WifiHAL : Failed to get wifi Capabilities, error: -5
06-06 13:42:26.617 378 402 V C2Store : in init
06-06 13:42:26.617 378 402 V C2Store : loading dll
06-06 13:42:26.617 656 656 I android.hardware.wifi@1.0-service-lazy: Adding interface handle for wlan1
06-06 13:42:26.617 656 656 I android.hardware.wifi@1.0-service-lazy: Adding interface handle for wlan0
06-06 13:42:26.617 656 656 W android.hardware.wifi@1.0-service-lazy: No active wlan interfaces in use! Using default
06-06 13:42:26.617 656 656 W android.hardware.wifi@1.0-service-lazy: No active wlan interfaces in use! Using default
06-06 13:42:26.618 656 656 E WifiHAL : wifi_get_driver_version: Error -5 happened.
06-06 13:42:26.618 656 656 E android.hardware.wifi@1.0-service-lazy: Failed to get driver version: INVALID_ARGS
06-06 13:42:26.618 656 656 I android.hardware.wifi@1.0-service-lazy: Configured chip in mode 3
06-06 13:42:26.618 656 656 W android.hardware.wifi@1.0-service-lazy: No active wlan interfaces in use! Using default
06-06 13:42:26.631 478 610 D HalDevMgr: updateRttController: no one is interested in RTT controllers
06-06 13:42:26.631 478 531 W BestClock: java.time.DateTimeException: Missing NTP fix
06-06 13:42:26.635 656 656 D WifiHAL : wifi_virtual_interface_create: ifname=wlan0 create
06-06 13:42:26.635 478 531 W BestClock: java.time.DateTimeException: Missing NTP fix
06-06 13:42:26.635 656 656 I android.hardware.wifi@1.0-service-lazy: Adding interface handle for wlan1
06-06 13:42:26.635 656 656 I android.hardware.wifi@1.0-service-lazy: Adding interface handle for wlan0
06-06 13:42:26.635 478 652 I EthernetNetworkFactory: networkForRequest, request: NetworkRequest [ REQUEST id=1, [ Capabilities: INTERNET&NOT_RESTRICTED&TRUSTED&NOT_VPN&NOT_VCN_MANAGED RequestorUid: 1000 RequestorPkg: android] ], network: null
06-06 13:42:26.635 656 656 E android.hardware.wifi@1.0-service-lazy: Failed to set DFS flag; DFS channels may be unavailable.
06-06 13:42:26.636 478 652 D Ethernet: got request NetworkRequest [ REQUEST id=10, [ Capabilities: INTERNET&NOT_RESTRICTED&TRUSTED&NOT_VCN_MANAGED Uid: 1000 RequestorUid: 1000 RequestorPkg: android] ]
06-06 13:42:26.636 478 652 D EthernetNetworkFactory: acceptRequest, request: NetworkRequest [ REQUEST id=10, [ Capabilities: INTERNET&NOT_RESTRICTED&TRUSTED&NOT_VCN_MANAGED Uid: 1000 RequestorUid: 1000 RequestorPkg: android] ]
06-06 13:42:26.637 478 652 I EthernetNetworkFactory: networkForRequest, request: NetworkRequest [ REQUEST id=10, [ Capabilities: INTERNET&NOT_RESTRICTED&TRUSTED&NOT_VCN_MANAGED Uid: 1000 RequestorUid: 1000 RequestorPkg: android] ], network: null
06-06 13:42:26.637 478 652 D Ethernet: got request NetworkRequest [ REQUEST id=4, [ Transports: ETHERNET Capabilities: INTERNET&NOT_RESTRICTED&TRUSTED&NOT_VPN&NOT_VCN_MANAGED RequestorUid: 1000 RequestorPkg: android] ]
06-06 13:42:26.640 478 652 D EthernetNetworkFactory: acceptRequest, request: NetworkRequest [ REQUEST id=4, [ Transports: ETHERNET Capabilities: INTERNET&NOT_RESTRICTED&TRUSTED&NOT_VPN&NOT_VCN_MANAGED RequestorUid: 1000 RequestorPkg: android] ]
06-06 13:42:26.641 478 652 I EthernetNetworkFactory: networkForRequest, request: NetworkRequest [ REQUEST id=4, [ Transports: ETHERNET Capabilities: INTERNET&NOT_RESTRICTED&TRUSTED&NOT_VPN&NOT_VCN_MANAGED RequestorUid: 1000 RequestorPkg: android] ], network: null
06-06 13:42:26.641 378 402 V C2Store : in ~ComponentModule
06-06 13:42:26.641 478 652 D Ethernet: got request NetworkRequest [ REQUEST id=17, [ Capabilities: INTERNET&NOT_RESTRICTED&TRUSTED&NOT_VCN_MANAGED Uid: 1000 RequestorUid: 1000 RequestorPkg: android] ]
06-06 13:42:26.641 478 652 D EthernetNetworkFactory: acceptRequest, request: NetworkRequest [ REQUEST id=17, [ Capabilities: INTERNET&NOT_RESTRICTED&TRUSTED&NOT_VCN_MANAGED Uid: 1000 RequestorUid: 1000 RequestorPkg: android] ]
06-06 13:42:26.641 478 652 I EthernetNetworkFactory: networkForRequest, request: NetworkRequest [ REQUEST id=17, [ Capabilities: INTERNET&NOT_RESTRICTED&TRUSTED&NOT_VCN_MANAGED Uid: 1000 RequestorUid: 1000 RequestorPkg: android] ], network: null
06-06 13:42:26.641 378 402 V C2Store : unloading dll
06-06 13:42:26.642 656 656 I WifiHAL : mpdu_size_threshold : 128, aggressive_statistics_gathering : 0
06-06 13:42:26.642 656 656 E WifiHAL : wifi_set_link_stats: requestResponse Error:-5
06-06 13:42:26.643 378 402 V C2Store : in init
06-06 13:42:26.643 378 402 V C2Store : loading dll
06-06 13:42:26.645 478 610 E WifiVendorHal: enableLinkLayerStats(l.1461) failed {.code = ERROR_INVALID_ARGS, .description = }
06-06 13:42:26.645 478 610 E WifiVendorHal: unable to enable link layer stats collection
06-06 13:42:26.645 478 610 D WifiNl80211Manager: Setting up interface for client mode: wlan0
06-06 13:42:26.646 371 371 I wificond: createClientInterface: wiphy_index 0 iface_name wlan0
06-06 13:42:26.650 371 371 I wificond: create scanner for interface with index: 14
06-06 13:42:26.650 371 371 I wificond: subscribe scan result for interface with index: 14
06-06 13:42:26.652 799 799 I WebViewZygoteInit: Application preload done
06-06 13:42:26.653 371 371 I wificond: add channel type 0 support at wiphy index: 0
06-06 13:42:26.653 371 371 I wificond: add channel type 1 support at wiphy index: 0
06-06 13:42:26.661 378 402 V C2Store : in ~ComponentModule
06-06 13:42:26.661 378 402 V C2Store : unloading dll
06-06 13:42:26.661 378 402 V C2Store : in init
06-06 13:42:26.661 378 402 V C2Store : loading dll
06-06 13:42:26.665 478 610 I WifiNative: Interface state changed on Iface:{Name=wlan0,Id=0,Type=STA_SCAN}, isUp=true
06-06 13:42:26.665 478 610 I WifiNative: Successfully setup Iface:{Name=wlan0,Id=0,Type=STA_SCAN}
06-06 13:42:26.666 478 610 E SupplicantStaIfaceHal: checkHalVersionByInterfaceName: called but mServiceManager is null
06-06 13:42:26.666 478 610 E SupplicantStaIfaceHal: checkHalVersionByInterfaceName: called but mServiceManager is null
06-06 13:42:26.666 478 610 E SupplicantStaIfaceHal: Method getKeyMgmtCapabilities is not supported in existing HAL
06-06 13:42:26.666 478 610 E SupplicantStaIfaceHal: checkHalVersionByInterfaceName: called but mServiceManager is null
06-06 13:42:26.666 378 402 V C2Store : in ~ComponentModule
06-06 13:42:26.666 378 402 V C2Store : unloading dll
06-06 13:42:26.666 378 402 V C2Store : in init
06-06 13:42:26.666 378 402 V C2Store : loading dll
06-06 13:42:26.669 656 656 E WifiHAL : wifi_get_logger_supported_feature_set: Error -5 happened.
06-06 13:42:26.670 656 656 E WifiHAL : wifi_get_logger_supported_feature_set: Error -5 happened.
01-01 08:00:19.198 656 656 I ieee80211 phy0: sprdwl_vendor_get_support_feature
01-01 08:00:19.199 656 656 I ieee80211 phy0: sprdwl_vendor_get_support_feature
06-06 13:42:26.674 656 656 E WifiHAL : wifi_get_logger_supported_feature_set: Error -5 happened.
06-06 13:42:26.676 378 402 V C2Store : in ~ComponentModule
06-06 13:42:26.676 378 402 V C2Store : unloading dll
06-06 13:42:26.676 378 402 V C2Store : in init
06-06 13:42:26.676 378 402 V C2Store : loading dll
01-01 08:00:19.202 656 656 I ieee80211 phy0: sprdwl_vendor_get_support_feature
06-06 13:42:26.679 478 610 E SupplicantStaIfaceHal: checkHalVersionByInterfaceName: called but mServiceManager is null
06-06 13:42:26.679 478 610 E SupplicantStaIfaceHal: checkHalVersionByInterfaceName: called but mServiceManager is null
06-06 13:42:26.679 478 610 I SupplicantStaIfaceHal: Method getWpaDriverFeatureSet is not supported in existing HAL
06-06 13:42:26.679 478 610 D WifiClientModeManager[wlan0]: entering StartedState
06-06 13:42:26.679 478 531 W BestClock: java.time.DateTimeException: Missing NTP fix
06-06 13:42:26.682 478 531 W BestClock: java.time.DateTimeException: Missing NTP fix
06-06 13:42:26.684 378 402 V C2Store : in ~ComponentModule
06-06 13:42:26.684 378 402 V C2Store : unloading dll
06-06 13:42:26.684 378 402 V C2Store : in init
06-06 13:42:26.684 378 402 V C2Store : loading dll
06-06 13:42:26.687 478 478 I system_server: getFrameworkCompatibilityMatrix: Successfully processed VINTF information
06-06 13:42:26.687 478 478 I system_server: getDeviceCompatibilityMatrix: Reading VINTF information.
06-06 13:42:26.689 478 478 I system_server: getDeviceCompatibilityMatrix: Successfully processed VINTF information
06-06 13:42:26.692 378 402 V C2Store : in ~ComponentModule
06-06 13:42:26.692 378 402 V C2Store : unloading dll
06-06 13:42:26.692 378 402 V C2Store : in init
06-06 13:42:26.692 378 402 V C2Store : loading dll
06-06 13:42:26.696 378 402 I C2SoftVp8Enc: setting temporal layering 0 + 0
06-06 13:42:26.698 378 402 V C2Store : in ~ComponentModule
06-06 13:42:26.698 378 402 V C2Store : unloading dll
06-06 13:42:26.699 378 402 V C2Store : in init
06-06 13:42:26.699 378 402 V C2Store : loading dll
06-06 13:42:26.700 478 478 I SystemServerTiming: sendUserStartBroadcast
06-06 13:42:26.701 478 478 I SystemServerTiming: resumeTopActivities
06-06 13:42:26.705 378 402 V C2Store : in ~ComponentModule
06-06 13:42:26.706 378 402 V C2Store : unloading dll
06-06 13:42:26.706 378 402 V C2Store : in init
06-06 13:42:26.706 378 402 V C2Store : loading dll
06-06 13:42:26.708 478 478 I SystemServerTiming: sendUserSwitchBroadcasts
06-06 13:42:26.708 478 478 I SystemServerTiming: setBinderProxies
06-06 13:42:26.709 478 478 I SystemServerTiming: StartSystemUI
06-06 13:42:26.710 478 533 W ActivityManager: Slow operation: 386ms so far, now at startProcess: done updating battery stats
06-06 13:42:26.710 478 531 W BestClock: java.time.DateTimeException: Missing NTP fix
06-06 13:42:26.710 478 533 W ActivityManager: Slow operation: 387ms so far, now at startProcess: building log message
06-06 13:42:26.710 478 533 I ActivityManager: app.processName = com.android.se
06-06 13:42:26.710 478 533 I ActivityManager: Start proc 777:com.android.se/1068 for added application com.android.se
06-06 13:42:26.710 478 533 W ActivityManager: Slow operation: 387ms so far, now at startProcess: starting to update pids map
06-06 13:42:26.710 478 533 W ActivityManager: Slow operation: 387ms so far, now at startProcess: done updating pids map
06-06 13:42:26.713 378 402 I C2SoftVp9Enc: setting temporal layering 0 + 0
06-06 13:42:26.713 478 531 W BestClock: java.time.DateTimeException: Missing NTP fix
06-06 13:42:26.715 378 402 V C2Store : in ~ComponentModule
06-06 13:42:26.715 378 402 V C2Store : unloading dll
06-06 13:42:26.715 478 754 D CompatibilityChangeReporter: Compat change id reported: 168419799; UID 1068; state: DISABLED
06-06 13:42:26.718 365 472 D MediaCodecsXmlParser: parsing /apex/com.android.media.swcodec/etc/media_codecs.xml...
06-06 13:42:26.720 365 472 D MediaCodecsXmlParser: disabling c2.android.gsm.decoder
06-06 13:42:26.722 365 472 D MediaCodecsXmlParser: disabling c2.android.mpeg2.decoder
06-06 13:42:26.723 365 472 I MediaCodecsXmlParser: Did not find media_codecs_performance.xml in search path
06-06 13:42:26.723 365 472 I MediaCodecsXmlParser: Did not find media_codecs_c2.xml in search path
06-06 13:42:26.724 365 472 I MediaCodecsXmlParser: Did not find media_codecs_performance_c2.xml in search path
06-06 13:42:26.724 365 472 D MediaCodecsXmlParser: parsing /vendor/etc/media_codecs.xml...
06-06 13:42:26.724 365 472 D MediaCodecsXmlParser: parsing /vendor/etc/media_codecs_google_audio.xml...
06-06 13:42:26.724 365 472 D MediaCodecsXmlParser: unable to open media codecs configuration xml file: /vendor/etc/media_codecs_google_audio.xml
06-06 13:42:26.724 365 472 D MediaCodecsXmlParser: Setting: updating existing setting at line 97 of /vendor/etc/media_codecs.xml
06-06 13:42:26.727 365 472 D MediaCodecsXmlParser: parsing /vendor/etc/media_codecs_google_video.xml...
06-06 13:42:26.727 365 472 D MediaCodecsXmlParser: unable to open media codecs configuration xml file: /vendor/etc/media_codecs_google_video.xml
06-06 13:42:26.727 365 472 D MediaCodecsXmlParser: parsing /vendor/etc/media_codecs_performance.xml...
06-06 13:42:26.728 365 472 D MediaCodecsXmlParser: MediaCodec: cannot update non-existing codec: OMX.google.h264.encoder at line 25 of /vendor/etc/media_codecs_performance.xml
06-06 13:42:26.728 365 472 D MediaCodecsXmlParser: MediaCodec: cannot update non-existing codec: OMX.google.h263.encoder at line 31 of /vendor/etc/media_codecs_performance.xml
06-06 13:42:26.728 365 472 D MediaCodecsXmlParser: MediaCodec: cannot update non-existing codec: OMX.google.mpeg4.encoder at line 34 of /vendor/etc/media_codecs_performance.xml
06-06 13:42:26.728 478 495 I system_server: Background concurrent copying GC freed 73481(4402KB) AllocSpace objects, 16(956KB) LOS objects, 49% free, 9173KB/17MB, paused 419us total 556.284ms
06-06 13:42:26.728 365 472 D MediaCodecsXmlParser: MediaCodec: cannot update non-existing codec: OMX.google.vp8.encoder at line 37 of /vendor/etc/media_codecs_performance.xml
06-06 13:42:26.728 365 472 D MediaCodecsXmlParser: MediaCodec: cannot update non-existing codec: OMX.allwinner.video.decoder.h263 at line 59 of /vendor/etc/media_codecs_performance.xml
06-06 13:42:26.729 365 472 D MediaCodecsXmlParser: MediaCodec: cannot update non-existing codec: OMX.google.mpeg4.decoder at line 80 of /vendor/etc/media_codecs_performance.xml
06-06 13:42:26.729 365 472 D MediaCodecsXmlParser: MediaCodec: cannot update non-existing codec: OMX.google.h264.decoder at line 83 of /vendor/etc/media_codecs_performance.xml
06-06 13:42:26.729 365 472 D MediaCodecsXmlParser: MediaCodec: cannot update non-existing codec: OMX.google.h263.decoder at line 89 of /vendor/etc/media_codecs_performance.xml
06-06 13:42:26.729 365 472 D MediaCodecsXmlParser: MediaCodec: cannot update non-existing codec: OMX.google.hevc.decoder at line 93 of /vendor/etc/media_codecs_performance.xml
06-06 13:42:26.729 365 472 D MediaCodecsXmlParser: MediaCodec: cannot update non-existing codec: OMX.google.vp8.decoder at line 101 of /vendor/etc/media_codecs_performance.xml
06-06 13:42:26.730 478 501 I ActivityManager: Process WebViewLoader-armeabi-v7a (pid 712) has died: psvc PER
06-06 13:42:26.730 478 534 I libprocessgroup: Successfully killed process cgroup uid 1037 pid 712 in 0ms
06-06 13:42:26.729 365 472 D MediaCodecsXmlParser: MediaCodec: cannot update non-existing codec: OMX.google.vp9.decoder at line 107 of /vendor/etc/media_codecs_performance.xml
06-06 13:42:26.731 365 472 I MediaCodecsXmlParser: Did not find media_codecs_shaping.xml in search path
06-06 13:42:26.731 365 472 I MediaCodecsXmlParser: Did not find media_codecs_shaping.xml in search path
06-06 13:42:26.732 378 402 V C2Store : in init
06-06 13:42:26.732 378 402 V C2Store : loading dll
06-06 13:42:26.735 777 777 D CompatibilityChangeReporter: Compat change id reported: 171979766; UID 1068; state: ENABLED
06-06 13:42:26.741 365 472 I Codec2InfoBuilder: adding type 'audio/mp4a-latm'
06-06 13:42:26.745 478 522 I ActivityManager: com.android.tv.settings is exempt from freezer
06-06 13:42:26.746 478 522 D CompatibilityChangeReporter: Compat change id reported: 135634846; UID 1000; state: DISABLED
06-06 13:42:26.746 378 378 V C2Store : in init
06-06 13:42:26.746 378 378 V C2Store : loading dll
06-06 13:42:26.747 478 531 W BestClock: java.time.DateTimeException: Missing NTP fix
06-06 13:42:26.758 378 402 V C2Store : in ~ComponentModule
06-06 13:42:26.758 378 402 V C2Store : unloading dll
06-06 13:42:26.758 478 617 D ConnectivityService: Got NetworkProvider Messenger for VpnNetworkProvider:0
06-06 13:42:26.763 666 666 V AdapterServiceConfig: Adding HeadsetService
06-06 13:42:26.764 666 666 V AdapterServiceConfig: Adding A2dpService
06-06 13:42:26.764 666 666 V AdapterServiceConfig: Adding HidHostService
06-06 13:42:26.764 666 666 V AdapterServiceConfig: Adding PanService
06-06 13:42:26.764 666 666 V AdapterServiceConfig: Adding GattService
06-06 13:42:26.764 666 666 V AdapterServiceConfig: Adding BluetoothMapService
06-06 13:42:26.764 666 666 V AdapterServiceConfig: Adding AvrcpTargetService
06-06 13:42:26.764 666 666 V AdapterServiceConfig: Adding HidDeviceService
06-06 13:42:26.764 666 666 V AdapterServiceConfig: Adding BluetoothOppService
06-06 13:42:26.764 666 666 V AdapterServiceConfig: Adding BluetoothPbapService
06-06 13:42:26.767 478 610 I android_os_HwBinder: HwBinder: Starting thread pool for getting: android.hidl.manager@1.0::IServiceManager/default
06-06 13:42:26.769 478 522 I InputManager: Enabling motion classifier because user switched: feature enabled, long press timeout = 400
06-06 13:42:26.769 478 522 I InputClassifier: Enabling motion classifier
06-06 13:42:26.770 187 187 I hwservicemanager: getTransport: Cannot find entry android.hardware.input.classifier@1.0::IInputClassifier/default in either framework or device VINTF manifest.
06-06 13:42:26.770 478 817 I InputClassifier: Could not obtain InputClassifier HAL
06-06 13:42:26.770 478 610 I SupplicantStaIfaceHal: Starting supplicant using HIDL
06-06 13:42:26.771 187 187 I hwservicemanager: Since android.hardware.wifi.supplicant@1.0::ISupplicant/default is not registered, trying to start it as a lazy HAL.
06-06 13:42:26.772 478 610 D SupplicantStaIfaceHal: Successfully triggered start of supplicant using HIDL
06-06 13:42:26.777 478 478 D JNIMultiir: Multiir JNI_OnLoad()
06-06 13:42:26.777 478 478 D JNIMultiir: init
01-01 08:00:19.310 1 1 I init : starting service 'wpa_supplicant'...
01-01 08:00:19.311 1 1 I init : Created socket '/dev/socket/wpa_wlan0', mode 660, user 1010, group 1010
06-06 13:42:26.793 365 472 I Codec2InfoBuilder: adding type 'audio/mp4a-latm'
06-06 13:42:26.797 378 378 V C2Store : in init
06-06 13:42:26.797 378 816 V C2Store : in ~ComponentModule
06-06 13:42:26.797 378 816 V C2Store : unloading dll
06-06 13:42:26.798 378 378 V C2Store : loading dll
01-01 08:00:19.323 1 1 I init : Control message: Processed ctl.interface_start for 'android.hardware.wifi.supplicant@1.0::ISupplicant/default' from pid: 187 (/system/bin/hwservicemanager)
06-06 13:42:26.799 249 249 D Zygote : Forked child process 824
06-06 13:42:26.800 478 533 W ActivityManager: Slow operation: 55ms so far, now at startProcess: returned from zygote!
06-06 13:42:26.801 478 531 W BestClock: java.time.DateTimeException: Missing NTP fix
06-06 13:42:26.805 478 607 W BestClock: java.time.DateTimeException: Missing NTP fix
06-06 13:42:26.807 478 607 W BestClock: java.time.DateTimeException: Missing NTP fix
06-06 13:42:26.808 478 754 D ConnectivityService: requestNetwork for uid/pid:1073/756 activeRequest: null callbackRequest: 18 [NetworkRequest [ REQUEST id=19, [ Capabilities: INTERNET&NOT_RESTRICTED&TRUSTED&NOT_VCN_MANAGED Uid: 1073 RequestorUid: 1073 RequestorPkg: com.android.networkstack] ]] callback flags: 0 priority: 2147483647
06-06 13:42:26.808 824 824 I Zygote : seccomp disabled by setenforce 0
06-06 13:42:26.809 478 607 W BestClock: java.time.DateTimeException: Missing NTP fix
06-06 13:42:26.810 478 617 D ConnectivityService: NetReassign [no changes]
06-06 13:42:26.811 478 653 D PPPOE : got request NetworkRequest [ REQUEST id=19, [ Capabilities: INTERNET&NOT_RESTRICTED&TRUSTED&NOT_VCN_MANAGED Uid: 1073 RequestorUid: 1073 RequestorPkg: com.android.networkstack] ]
06-06 13:42:26.811 478 652 D Ethernet: got request NetworkRequest [ REQUEST id=19, [ Capabilities: INTERNET&NOT_RESTRICTED&TRUSTED&NOT_VCN_MANAGED Uid: 1073 RequestorUid: 1073 RequestorPkg: com.android.networkstack] ]
06-06 13:42:26.811 478 652 D EthernetNetworkFactory: acceptRequest, request: NetworkRequest [ REQUEST id=19, [ Capabilities: INTERNET&NOT_RESTRICTED&TRUSTED&NOT_VCN_MANAGED Uid: 1073 RequestorUid: 1073 RequestorPkg: com.android.networkstack] ]
06-06 13:42:26.811 478 652 I EthernetNetworkFactory: networkForRequest, request: NetworkRequest [ REQUEST id=19, [ Capabilities: INTERNET&NOT_RESTRICTED&TRUSTED&NOT_VCN_MANAGED Uid: 1073 RequestorUid: 1073 RequestorPkg: com.android.networkstack] ], network: null
06-06 13:42:26.812 478 533 W ActivityManager: Slow operation: 67ms so far, now at startProcess: done updating battery stats
06-06 13:42:26.812 478 607 W BestClock: java.time.DateTimeException: Missing NTP fix
06-06 13:42:26.812 478 533 W ActivityManager: Slow operation: 68ms so far, now at startProcess: building log message
06-06 13:42:26.812 478 533 I ActivityManager: app.processName = com.android.tv.settings
06-06 13:42:26.812 478 533 I ActivityManager: Start proc 824:com.android.tv.settings/1000 for top-activity {com.android.tv.settings/com.android.tv.settings.system.FallbackHome}
06-06 13:42:26.813 478 533 W ActivityManager: Slow operation: 68ms so far, now at startProcess: starting to update pids map
06-06 13:42:26.813 478 533 W ActivityManager: Slow operation: 68ms so far, now at startProcess: done updating pids map
06-06 13:42:26.814 478 607 W BestClock: java.time.DateTimeException: Missing NTP fix
06-06 13:42:26.817 478 607 W BestClock: java.time.DateTimeException: Missing NTP fix
06-06 13:42:26.817 478 478 D SystemServer: VMRuntime.setVerifierEnabled(true)
06-06 13:42:26.820 478 478 W Looper : Slow delivery took 4572ms main h=android.app.PropertyInvalidatedCache$AutoCorker$1 c=null m=0
06-06 13:42:26.825 365 472 I Codec2InfoBuilder: adding type 'audio/3gpp'
06-06 13:42:26.826 478 607 W BestClock: java.time.DateTimeException: Missing NTP fix
06-06 13:42:26.826 378 816 V C2Store : in init
06-06 13:42:26.827 378 816 V C2Store : loading dll
06-06 13:42:26.827 478 617 D ConnectivityService: NetReassign [no changes]
06-06 13:42:26.830 478 607 W BestClock: java.time.DateTimeException: Missing NTP fix
06-06 13:42:26.831 378 816 V C2Store : in ~ComponentModule
06-06 13:42:26.831 378 816 V C2Store : unloading dll
06-06 13:42:26.831 365 472 I Codec2InfoBuilder: adding type 'audio/3gpp'
06-06 13:42:26.832 478 478 D ConditionProviders.SCP: onConnected
06-06 13:42:26.834 378 816 V C2Store : in ~ComponentModule
06-06 13:42:26.834 378 816 V C2Store : unloading dll
06-06 13:42:26.835 378 378 V C2Store : in init
06-06 13:42:26.835 378 378 V C2Store : loading dll
06-06 13:42:26.836 478 478 D ConditionProviders: Subscribing to condition://android/event?userId=-10000&calendar=&reply=1 with ComponentInfo{android/com.android.server.notification.EventConditionProvider}
06-06 13:42:26.836 478 478 D ConditionProviders: Subscribing to condition://android/schedule?days=1.2.3.4.5.6.7&start=22.0&end=7.0&exitAtAlarm=true with ComponentInfo{android/com.android.server.notification.ScheduleConditionProvider}
06-06 13:42:26.837 478 607 W BestClock: java.time.DateTimeException: Missing NTP fix
06-06 13:42:26.839 478 607 W BestClock: java.time.DateTimeException: Missing NTP fix
06-06 13:42:26.842 269 269 D hdmi-cec: reset logical address to broadcast
06-06 13:42:26.843 777 777 V GraphicsEnvironment: ANGLE Developer option for 'com.android.se' set to: 'default'
06-06 13:42:26.843 478 607 W BestClock: java.time.DateTimeException: Missing NTP fix
06-06 13:42:26.845 397 417 I adbd : jdwp connection from 824
06-06 13:42:26.848 478 531 W BestClock: java.time.DateTimeException: Missing NTP fix
06-06 13:42:26.849 777 777 V GraphicsEnvironment: Neither updatable production driver nor prerelease driver is supported.
06-06 13:42:26.853 478 531 W BestClock: java.time.DateTimeException: Missing NTP fix
06-06 13:42:26.854 478 478 D CompatibilityChangeReporter: Compat change id reported: 135634846; UID 10075; state: DISABLED
06-06 13:42:26.855 478 533 D CompatibilityChangeReporter: Compat change id reported: 143937733; UID 10075; state: ENABLED
06-06 13:42:26.861 777 777 D NetworkSecurityConfig: No Network Security Config specified, using platform default
06-06 13:42:26.863 777 777 D NetworkSecurityConfig: No Network Security Config specified, using platform default
01-01 08:00:19.397 388 388 W hdr10p_Configure: 98 callbacks suppressed
01-01 08:00:19.397 388 388 I : DVI mode selected: packets not configured
01-01 08:00:19.397 388 388 W set_vsif_config: 98 callbacks suppressed
01-01 08:00:19.397 388 388 I : Error: set vsif failed
06-06 13:42:26.870 365 472 I Codec2InfoBuilder: adding type 'audio/amr-wb'
06-06 13:42:26.871 378 830 V C2Store : in ~ComponentModule
06-06 13:42:26.871 378 402 V C2Store : in init
06-06 13:42:26.871 378 402 V C2Store : loading dll
06-06 13:42:26.873 378 830 V C2Store : unloading dll
06-06 13:42:26.873 756 756 D ApplicationLoaders: Returning zygote-cached class loader: /system/framework/android.test.base.jar
06-06 13:42:26.874 478 607 W BestClock: java.time.DateTimeException: Missing NTP fix
06-06 13:42:26.876 365 472 I Codec2InfoBuilder: adding type 'audio/amr-wb'
06-06 13:42:26.880 249 249 D Zygote : Forked child process 841
06-06 13:42:26.884 777 777 I SecureElementService: main onCreate
06-06 13:42:26.891 478 531 W BestClock: java.time.DateTimeException: Missing NTP fix
06-06 13:42:26.891 478 533 I ActivityManager: app.processName = android.ext.services
06-06 13:42:26.892 478 533 I ActivityManager: Start proc 841:android.ext.services/u0a75 for service {android.ext.services/android.ext.services.autofill.InlineSuggestionRenderServiceImpl}
06-06 13:42:26.893 478 607 W BestClock: java.time.DateTimeException: Missing NTP fix
06-06 13:42:26.895 478 531 D CountryDetector: Using custom country detector class: com.android.server.location.ComprehensiveCountryDetector
06-06 13:42:26.895 478 531 E CountryDetector: Could not instantiate the custom country detector class
06-06 13:42:26.895 478 531 D CountryDetector: Using default country detector
06-06 13:42:26.895 478 607 W BestClock: java.time.DateTimeException: Missing NTP fix
06-06 13:42:26.898 478 607 W BestClock: java.time.DateTimeException: Missing NTP fix
06-06 13:42:26.898 841 841 I Zygote : seccomp disabled by setenforce 0
06-06 13:42:26.899 378 816 V C2Store : in init
06-06 13:42:26.899 378 816 V C2Store : loading dll
06-06 13:42:26.901 378 830 V C2Store : in ~ComponentModule
06-06 13:42:26.902 378 830 V C2Store : unloading dll
06-06 13:42:26.906 365 472 D Codec2InfoBuilder: component 'c2.android.av1.decoder' not found in xml
06-06 13:42:26.906 378 839 V C2Store : in init
06-06 13:42:26.906 378 839 V C2Store : loading dll
06-06 13:42:26.911 478 607 W BestClock: java.time.DateTimeException: Missing NTP fix
06-06 13:42:26.913 478 750 D CompatibilityChangeReporter: Compat change id reported: 181136395; UID 1000; state: DISABLED
06-06 13:42:26.915 478 750 D CompatibilityChangeReporter: Compat change id reported: 174042936; UID 1000; state: DISABLED
06-06 13:42:26.916 478 607 W BestClock: java.time.DateTimeException: Missing NTP fix
01-01 08:00:19.447 388 388 I : DVI mode selected: packets not configured
01-01 08:00:19.447 388 388 I : Error: set vsif failed
06-06 13:42:26.921 478 607 W BestClock: java.time.DateTimeException: Missing NTP fix
06-06 13:42:26.925 478 607 W BestClock: java.time.DateTimeException: Missing NTP fix
06-06 13:42:26.926 378 816 V C2Store : in ~ComponentModule
06-06 13:42:26.926 378 816 V C2Store : unloading dll
06-06 13:42:26.927 478 607 W BestClock: java.time.DateTimeException: Missing NTP fix
06-06 13:42:26.927 365 472 I Codec2InfoBuilder: adding type 'video/avc'
01-01 08:00:19.455 821 821 I capability: warning: `wpa_supplicant' uses 32-bit capabilities (legacy support in use)
06-06 13:42:26.929 478 607 W BestClock: java.time.DateTimeException: Missing NTP fix
06-06 13:42:26.932 478 607 W BestClock: java.time.DateTimeException: Missing NTP fix
06-06 13:42:26.933 821 821 D wpa_supplicant: wpa_supplicant v2.10-devel-12
06-06 13:42:26.935 821 821 D wpa_supplicant: Global control interface '@android:wpa_wlan0'
06-06 13:42:26.935 478 607 W BestClock: java.time.DateTimeException: Missing NTP fix
06-06 13:42:26.935 821 821 D wpa_supplicant: Using Android control socket 'wpa_wlan0'
06-06 13:42:26.935 821 821 D wpa_supplicant: Initing hidl control
06-06 13:42:26.936 821 821 I wpa_supplicant: Processing hidl events on FD 4
06-06 13:42:26.936 821 821 E cutils-trace: Error opening trace file: No such file or directory (2)
06-06 13:42:26.938 478 607 W BestClock: java.time.DateTimeException: Missing NTP fix
06-06 13:42:26.938 378 830 V C2Store : in init
06-06 13:42:26.938 378 830 V C2Store : loading dll
06-06 13:42:26.939 777 777 I SecureElementService: Check if terminal eSE1 is available.
06-06 13:42:26.939 821 821 I HidlServiceManagement: Registered android.hardware.wifi.supplicant@1.4::ISupplicant/default
06-06 13:42:26.940 821 821 I wpa_supplicant: Successfully initialized wpa_supplicant
06-06 13:42:26.941 187 187 I hwservicemanager: getTransport: Cannot find entry android.hardware.secure_element@1.2::ISecureElement/eSE1 in either framework or device VINTF manifest.
06-06 13:42:26.941 378 839 V C2Store : in ~ComponentModule
06-06 13:42:26.941 378 839 V C2Store : unloading dll
06-06 13:42:26.943 378 830 I mediaswcodec: missing struct descriptor #Param::CoreIndex(--004) for field values of struct #Param::CoreIndex(F-12004)
06-06 13:42:26.943 378 830 I mediaswcodec: missing struct descriptor #Param::CoreIndex(--1812) for field values of struct #Param::CoreIndex(F-11812)
06-06 13:42:26.943 777 777 D SecureElement-Terminal-eSE1: SE Hal V1.2 is not supported
06-06 13:42:26.946 824 824 D CompatibilityChangeReporter: Compat change id reported: 171979766; UID 1000; state: ENABLED
06-06 13:42:26.948 397 417 I adbd : jdwp connection from 841
01-01 08:00:19.480 388 388 I : DVI mode selected: packets not configured
01-01 08:00:19.480 388 388 I : Error: set vsif failed
06-06 13:42:26.955 478 478 D CompatibilityChangeReporter: Compat change id reported: 150939131; UID 1000; state: ENABLED
06-06 13:42:26.956 478 519 D AdbService: setAdbEnabled(true), mIsAdbUsbEnabled=true, mIsAdbWifiEnabled=true, transportType=1
06-06 13:42:26.956 478 638 I android_os_HwBinder: HwBinder: Starting thread pool for getting: android.hardware.wifi.supplicant@1.0::ISupplicant/default
06-06 13:42:26.957 478 638 I SupplicantStaIfaceHal: Completed initialization of ISupplicant.
06-06 13:42:26.958 378 830 I mediaswcodec: missing struct descriptor #Param::CoreIndex(--004) for field values of struct #Param::CoreIndex(F-12004)
06-06 13:42:26.958 378 830 I mediaswcodec: missing struct descriptor #Param::CoreIndex(--1812) for field values of struct #Param::CoreIndex(F-11812)
06-06 13:42:26.960 187 187 I hwservicemanager: getTransport: Cannot find entry android.hardware.secure_element@1.1::ISecureElement/eSE1 in either framework or device VINTF manifest.
06-06 13:42:26.960 365 472 I Codec2InfoBuilder: adding type 'video/avc'
06-06 13:42:26.962 666 666 E droid.bluetoot: [0606/134226.961429:ERROR:hal_version_manager.h(125)] HalVersionManager No supported HAL version
06-06 13:42:26.963 777 777 D SecureElement-Terminal-eSE1: SE Hal V1.1 is not supported
06-06 13:42:26.963 187 187 I hwservicemanager: getTransport: Cannot find entry android.hardware.secure_element@1.0::ISecureElement/eSE1 in either framework or device VINTF manifest.
06-06 13:42:26.964 777 777 I SecureElementService: No HAL implementation for eSE1
06-06 13:42:26.964 777 777 I SecureElementService: Check if terminal SIM1 is available.
06-06 13:42:26.964 756 756 D NetworkSecurityConfig: No Network Security Config specified, using platform default
06-06 13:42:26.964 187 187 I hwservicemanager: getTransport: Cannot find entry android.hardware.secure_element@1.2::ISecureElement/SIM1 in either framework or device VINTF manifest.
06-06 13:42:26.965 777 777 D SecureElement-Terminal-SIM1: SE Hal V1.2 is not supported
06-06 13:42:26.966 378 402 V C2Store : in init
06-06 13:42:26.967 378 402 V C2Store : loading dll
06-06 13:42:26.967 378 839 V C2Store : in ~ComponentModule
06-06 13:42:26.968 378 839 V C2Store : unloading dll
06-06 13:42:26.969 187 187 I hwservicemanager: getTransport: Cannot find entry android.hardware.secure_element@1.1::ISecureElement/SIM1 in either framework or device VINTF manifest.
06-06 13:42:26.970 777 777 D SecureElement-Terminal-SIM1: SE Hal V1.1 is not supported
06-06 13:42:26.971 365 472 I Codec2InfoBuilder: adding type 'audio/flac'
06-06 13:42:26.971 187 187 I hwservicemanager: getTransport: Cannot find entry android.hardware.secure_element@1.0::ISecureElement/SIM1 in either framework or device VINTF manifest.
06-06 13:42:26.972 777 777 I SecureElementService: No HAL implementation for SIM1
06-06 13:42:26.972 378 402 V C2Store : in ~ComponentModule
06-06 13:42:26.972 378 402 V C2Store : unloading dll
06-06 13:42:26.973 666 666 I droid.bluetoot: [0606/134226.973241:INFO:btif_config_cache.cc(61)] BtifConfigCache, capacity: 10000
06-06 13:42:26.974 478 610 E SupplicantStaIfaceHal: Can't call setupIface, ISupplicantStaIface is null for iface=wlan0
06-06 13:42:26.974 378 839 V C2Store : in init
06-06 13:42:26.974 378 839 V C2Store : loading dll
06-06 13:42:26.977 478 610 I android_os_HwBinder: HwBinder: Starting thread pool for getting: android.hardware.wifi.supplicant@1.0::ISupplicant/default
06-06 13:42:26.977 283 335 D PermissionCache: checking android.permission.ACCESS_SURFACE_FLINGER for uid=10061 => granted (1588 us)
06-06 13:42:26.980 821 821 D wpa_supplicant: Override interface parameter: ctrl_interface ('(null)' -> '/data/vendor/wifi/wpa/sockets')
06-06 13:42:26.980 821 821 D wpa_supplicant: Initializing interface 'wlan0' conf '/data/vendor/wifi/wpa/wpa_supplicant.conf' driver 'nl80211' ctrl_interface '/data/vendor/wifi/wpa/sockets' bridge 'N/A'
06-06 13:42:26.980 821 821 D wpa_supplicant: Configuration file '/data/vendor/wifi/wpa/wpa_supplicant.conf' -> '/data/vendor/wifi/wpa/wpa_supplicant.conf'
06-06 13:42:26.981 821 821 D wpa_supplicant: Reading configuration file '/data/vendor/wifi/wpa/wpa_supplicant.conf'
06-06 13:42:26.981 821 821 D wpa_supplicant: update_config=1
06-06 13:42:26.981 821 821 D wpa_supplicant: eapol_version=1
06-06 13:42:26.981 821 821 D wpa_supplicant: ap_scan=1
06-06 13:42:26.981 821 821 D wpa_supplicant: fast_reauth=1
06-06 13:42:26.981 821 821 D wpa_supplicant: pmf=1
06-06 13:42:26.981 821 821 D wpa_supplicant: p2p_add_cli_chan=1
06-06 13:42:26.981 821 821 D wpa_supplicant: oce=1
06-06 13:42:26.981 821 821 D wpa_supplicant: sae_pwe=2
06-06 13:42:26.981 821 821 D wpa_supplicant: Reading configuration file '/vendor/etc/wifi/wpa_supplicant_overlay.conf'
06-06 13:42:26.982 478 812 D CompatibilityChangeReporter: Compat change id reported: 168419799; UID 10075; state: DISABLED
06-06 13:42:26.984 821 821 D wpa_supplicant: disable_scan_offload=1
06-06 13:42:26.984 821 821 D wpa_supplicant: wowlan_triggers='any'
06-06 13:42:26.984 821 821 D wpa_supplicant: p2p_disabled=0
06-06 13:42:26.984 821 821 D wpa_supplicant: filter_rssi=-75
06-06 13:42:26.984 821 821 D wpa_supplicant: no_ctrl_interface -> ctrl_interface=NULL
01-01 08:00:19.513 388 388 I : DVI mode selected: packets not configured
01-01 08:00:19.513 388 388 I : Error: set vsif failed
06-06 13:42:26.989 821 821 D wpa_supplicant: nl80211: Supported cipher 00-0f-ac:1
06-06 13:42:26.990 821 821 D wpa_supplicant: nl80211: Supported cipher 00-0f-ac:5
06-06 13:42:26.990 821 821 D wpa_supplicant: nl80211: Supported cipher 00-0f-ac:2
06-06 13:42:26.990 821 821 D wpa_supplicant: nl80211: Supported cipher 00-0f-ac:4
06-06 13:42:26.990 821 821 D wpa_supplicant: nl80211: Supported cipher 00-14-72:1
06-06 13:42:26.990 821 821 D wpa_supplicant: nl80211: Supported cipher 00-0f-ac:6
06-06 13:42:26.990 821 821 D wpa_supplicant: nl80211: Supported cipher 00-0f-ac:255
06-06 13:42:26.990 821 821 D wpa_supplicant: nl80211: Supported vendor command: vendor_id=0x1374 subcmd=9
06-06 13:42:26.990 821 821 D wpa_supplicant: nl80211: Supported vendor command: vendor_id=0x1374 subcmd=12
06-06 13:42:26.990 821 821 D wpa_supplicant: nl80211: Supported vendor command: vendor_id=0x1374 subcmd=14
06-06 13:42:26.990 821 821 D wpa_supplicant: nl80211: Supported vendor command: vendor_id=0x1374 subcmd=15
06-06 13:42:26.990 821 821 D wpa_supplicant: nl80211: Supported vendor command: vendor_id=0x1374 subcmd=16
06-06 13:42:26.990 821 821 D wpa_supplicant: nl80211: Supported vendor command: vendor_id=0x1374 subcmd=20
06-06 13:42:26.990 821 821 D wpa_supplicant: nl80211: Supported vendor command: vendor_id=0x1a11 subcmd=6
06-06 13:42:26.991 821 821 D wpa_supplicant: nl80211: Supported vendor command: vendor_id=0x1374 subcmd=21
06-06 13:42:26.991 821 821 D wpa_supplicant: nl80211: Supported vendor command: vendor_id=0x1374 subcmd=22
06-06 13:42:26.991 821 821 D wpa_supplicant: nl80211: Supported vendor command: vendor_id=0x1374 subcmd=23
06-06 13:42:26.991 821 821 D wpa_supplicant: nl80211: Supported vendor command: vendor_id=0x1374 subcmd=24
06-06 13:42:26.991 821 821 D wpa_supplicant: nl80211: Supported vendor command: vendor_id=0x1374 subcmd=29
06-06 13:42:26.991 821 821 D wpa_supplicant: nl80211: Supported vendor command: vendor_id=0x1374 subcmd=30
06-06 13:42:26.991 821 821 D wpa_supplicant: nl80211: Supported vendor command: vendor_id=0x1374 subcmd=32
06-06 13:42:26.991 821 821 D wpa_supplicant: nl80211: Supported vendor command: vendor_id=0x1374 subcmd=33
06-06 13:42:26.991 821 821 D wpa_supplicant: nl80211: Supported vendor command: vendor_id=0x1374 subcmd=38
06-06 13:42:26.991 821 821 D wpa_supplicant: nl80211: Supported vendor command: vendor_id=0x1374 subcmd=39
06-06 13:42:26.991 821 821 D wpa_supplicant: nl80211: Supported vendor command: vendor_id=0x1374 subcmd=42
06-06 13:42:26.991 821 821 D wpa_supplicant: nl80211: Supported vendor command: vendor_id=0x1374 subcmd=55
06-06 13:42:26.991 821 821 D wpa_supplicant: nl80211: Supported vendor command: vendor_id=0x1374 subcmd=61
06-06 13:42:26.991 821 821 D wpa_supplicant: nl80211: Supported vendor command: vendor_id=0x1374 subcmd=62
06-06 13:42:26.991 821 821 D wpa_supplicant: nl80211: Supported vendor command: vendor_id=0x1374 subcmd=63
06-06 13:42:26.991 821 821 D wpa_supplicant: nl80211: Supported vendor command: vendor_id=0x1374 subcmd=64
