06-06 13:42:24.319 319 319 D XiriService: check file name: /data/data/com.android.dynsystem/lib
06-06 13:42:24.320 478 478 I WindowManager: SAFE MODE not enabled
06-06 13:42:24.320 478 478 I SystemServerTiming: StartInputMethodManagerLifecycle
06-06 13:42:24.320 478 478 I SystemServiceManager: Starting com.android.server.inputmethod.InputMethodManagerService$Lifecycle
06-06 13:42:24.326 478 478 I SystemServerTiming: StartAccessibilityManagerService
06-06 13:42:24.326 478 478 I SystemServiceManager: Starting com.android.server.accessibility.AccessibilityManagerService$Lifecycle
06-06 13:42:24.331 319 319 D XiriService: check file name: /data/data/com.android.dynsystem/lib
06-06 13:42:24.331 319 319 D XiriService: check file name: /data/data/com.android.dynsystem/lib
06-06 13:42:24.331 319 319 D XiriService: check file name: /data/data/com.android.dynsystem/lib
06-06 13:42:24.332 319 319 D XiriService: check file name: /data/data/com.dangbei.lerad.rocky/lib
06-06 13:42:24.332 319 319 D XiriService: check file name: /data/data/com.dangbei.lerad.rocky/lib
06-06 13:42:24.333 319 319 D XiriService: check file name: /data/data/com.dangbei.lerad.rocky/lib
06-06 13:42:24.333 478 478 I SystemServerTiming: MakeDisplayReady
06-06 13:42:24.337 478 478 W InputReader: Device sunxi-ir-uinput is associated with display ADISPLAY_ID_NONE.
06-06 13:42:24.338 478 478 W InputReader: Device sunxi-ir-uinput is associated with display ADISPLAY_ID_NONE.
06-06 13:42:24.338 478 478 I ActivityTaskManager: Config changes=20005df8 {1.0 ?mcc?mnc [zh_CN] ldltr sw720dp w1280dp h696dp 240dpi xlrg long land ?uimode ?night -touch qwerty/v/v dpad/v winConfig={ mBounds=Rect(0, 0 - 1920, 1080) mAppBounds=Rect(0, 0 - 1920, 1080) mMaxBounds=Rect(0, 0 - 1920, 1080) mWindowingMode=fullscreen mDisplayWindowingMode=fullscreen mActivityType=undefined mAlwaysOnTop=undefined mRotation=ROTATION_0} s.2 ?fontWeightAdjustment}
06-06 13:42:24.341 319 319 D XiriService: check file name: /data/data/com.dangbei.lerad.rocky/lib
06-06 13:42:24.341 319 319 D XiriService: check file name: /data/data/com.dangbei.lerad.rocky/lib
06-06 13:42:24.341 478 478 I WindowManager: Override config changes=60007dfc {1.0 ?mcc?mnc [zh_CN] ldltr sw720dp w1280dp h696dp 240dpi xlrg long land ?uimode ?night -touch qwerty/v/v dpad/v winConfig={ mBounds=Rect(0, 0 - 1920, 1080) mAppBounds=Rect(0, 0 - 1920, 1080) mMaxBounds=Rect(0, 0 - 1920, 1080) mWindowingMode=fullscreen mDisplayWindowingMode=fullscreen mActivityType=undefined mAlwaysOnTop=undefined mRotation=ROTATION_0} s.2 ?fontWeightAdjustment} for displayId=0
06-06 13:42:24.342 319 319 D XiriService: check file name: /data/data/com.dangbei.lerad.rocky/lib
06-06 13:42:24.342 319 319 D XiriService: check file name: /data/data/com.dangbei.lerad.rocky/lib
06-06 13:42:24.343 249 249 D MtpDeviceJNI: register_android_mtp_MtpDevice
06-06 13:42:24.353 319 319 D XiriService: check file name: /data/data/com.android.tv.settings/lib
06-06 13:42:24.354 319 319 D XiriService: check file name: /data/data/com.android.tv.settings/lib
06-06 13:42:24.354 319 319 D XiriService: check file name: /data/data/com.android.tv.settings/lib
06-06 13:42:24.354 319 319 D XiriService: check file name: /data/data/com.android.tv.settings/lib
06-06 13:42:24.355 478 478 W InputReader: Device sunxi-ir-uinput is associated with display ADISPLAY_ID_NONE.
06-06 13:42:24.355 478 478 I SystemServerTiming: StartStorageManagerService
06-06 13:42:24.355 478 478 I SystemServiceManager: Starting com.android.server.StorageManagerService$Lifecycle
01-01 08:00:16.883 1 1 I init : processing action (sys.sysctl.extra_free_kbytes=*) from (/system/etc/init/hw/init.rc:1139)
06-06 13:42:24.356 478 522 I InputManager-JNI: Viewport [0] to add: local:0, isActive: false
06-06 13:42:24.357 478 597 I InputReader: Reconfiguring input devices, changes=DISPLAY_INFO |
06-06 13:42:24.360 361 370 D installd: Found quota mount /dev/block/by-name/userdata at /data
06-06 13:42:24.361 361 370 D installd: Found quota mount /dev/block/by-name/userdata at /data/user/0
06-06 13:42:24.365 319 319 D XiriService: check file name: /data/data/com.android.tv.settings/lib
06-06 13:42:24.368 319 319 D XiriService: check file name: /data/data/com.android.tv.settings/lib
06-06 13:42:24.369 319 319 D XiriService: check file name: /data/data/com.longs.adbenable/lib
06-06 13:42:24.368 319 319 I xiriservice_All: type=1400 audit(0.0:313): avc: denied { search } for name="com.longs.adbenable" dev="mmcblk0p25" ino=2986 scontext=u:r:init:s0 tcontext=u:object_r:app_data_file:s0:c76,c256,c512,c768 tclass=dir permissive=1
06-06 13:42:24.368 319 319 I xiriservice_All: type=1400 audit(0.0:314): avc: denied { read } for name="lib" dev="mmcblk0p25" ino=3374 scontext=u:r:init:s0 tcontext=u:object_r:app_data_file:s0:c76,c256,c512,c768 tclass=lnk_file permissive=1
06-06 13:42:24.370 319 319 D XiriService: check file name: /data/data/com.longs.adbenable/lib
06-06 13:42:24.371 319 319 D XiriService: check file name: /data/data/com.longs.adbenable/lib
06-06 13:42:24.371 319 319 D XiriService: check file name: /data/data/com.longs.adbenable/lib
06-06 13:42:24.375 478 602 D StorageManagerService: Thinking about init, mBootCompleted=false, mDaemonConnected=true
06-06 13:42:24.375 478 602 D StorageManagerService: Thinking about reset, mBootCompleted=false, mDaemonConnected=true
06-06 13:42:24.378 478 602 D StorageManagerService: Thinking about init, mBootCompleted=false, mDaemonConnected=true
06-06 13:42:24.378 478 602 D StorageManagerService: Thinking about reset, mBootCompleted=false, mDaemonConnected=true
06-06 13:42:24.378 478 478 I SystemServerTiming: StartStorageStatsService
06-06 13:42:24.378 478 478 I SystemServiceManager: Starting com.android.server.usage.StorageStatsService$Lifecycle
06-06 13:42:24.380 361 370 D installd: Found quota mount /dev/block/by-name/userdata at /data
06-06 13:42:24.381 361 370 D installd: Found quota mount /dev/block/by-name/userdata at /data/user/0
06-06 13:42:24.382 319 319 D XiriService: check file name: /data/data/com.oranth.factory/lib
06-06 13:42:24.384 361 370 D installd: Found quota mount /dev/block/by-name/userdata at /data
06-06 13:42:24.384 361 370 D installd: Found quota mount /dev/block/by-name/userdata at /data/user/0
06-06 13:42:24.388 478 478 I SystemServerTiming: StartUiModeManager
06-06 13:42:24.388 319 319 D XiriService: check file name: /data/data/com.oranth.factory/lib
06-06 13:42:24.388 319 319 D XiriService: check file name: /data/data/com.oranth.factory/lib
06-06 13:42:24.388 478 478 I SystemServiceManager: Starting com.android.server.UiModeManagerService
06-06 13:42:24.389 319 319 D XiriService: check file name: /data/data/com.oranth.factory/lib
06-06 13:42:24.389 319 319 D XiriService: check file name: /data/data/com.oranth.factory/lib
06-06 13:42:24.390 478 518 I SystemServerTimingAsync: InitThreadPoolExec:UiModeManager.onStart
06-06 13:42:24.390 478 518 D SystemServerInitThreadPool: Started executing UiModeManager.onStart
06-06 13:42:24.391 478 478 I SystemServerTiming: UpdatePackagesIfNeeded
06-06 13:42:24.391 478 478 I Watchdog: Pausing HandlerChecker: main thread for reason: dexopt. Pause count: 1
06-06 13:42:24.391 478 478 I Watchdog: Resuming HandlerChecker: main thread for reason: dexopt. Pause count: 0
06-06 13:42:24.391 478 478 I SystemServerTiming: PerformFstrimIfNeeded
06-06 13:42:24.393 478 478 I SystemServerTiming: StartLockSettingsService
06-06 13:42:24.393 478 478 I SystemServiceManager: Starting com.android.server.locksettings.LockSettingsService$Lifecycle
06-06 13:42:24.398 319 319 D XiriService: check file name: /data/data/com.dangbei.zhushou.os/lib
06-06 13:42:24.398 319 319 D XiriService: check file name: /data/data/com.dangbei.zhushou.os/lib
06-06 13:42:24.399 319 319 D XiriService: check file name: /data/data/com.dangbei.zhushou.os/lib
06-06 13:42:24.404 478 518 D SystemServerInitThreadPool: Finished executing UiModeManager.onStart
06-06 13:42:24.406 319 319 D XiriService: check file name: /data/data/com.dangbei.zhushou.os/lib
06-06 13:42:24.406 319 319 D XiriService: check file name: /data/data/com.dangbei.zhushou.os/lib
06-06 13:42:24.407 319 319 D XiriService: check file name: /data/data/com.dangbei.zhushou.os/lib
06-06 13:42:24.407 319 319 D XiriService: check file name: /data/data/com.dangbei.zhushou.os/lib
06-06 13:42:24.419 478 478 I SystemServerTiming: StartPersistentDataBlock
06-06 13:42:24.419 478 478 I SystemServiceManager: Starting com.android.server.PersistentDataBlockService
06-06 13:42:24.419 478 478 I SystemServerTiming: StartTestHarnessMode
06-06 13:42:24.420 478 578 I SystemServerTimingAsync: InitThreadPoolExec:PersistentDataBlockService.onStart
06-06 13:42:24.420 478 478 I SystemServiceManager: Starting com.android.server.testharness.TestHarnessModeService
06-06 13:42:24.421 478 578 D SystemServerInitThreadPool: Started executing PersistentDataBlockService.onStart
06-06 13:42:24.423 478 478 I SystemServerTiming: StartOemLockService
06-06 13:42:24.423 478 478 I SystemServiceManager: Starting com.android.server.oemlock.OemLockService
06-06 13:42:24.425 187 187 I hwservicemanager: getTransport: Cannot find entry android.hardware.oemlock@1.0::IOemLock/default in either framework or device VINTF manifest.
06-06 13:42:24.425 478 478 I OemLock : OemLock HAL not present on device
06-06 13:42:24.425 478 478 I OemLock : Using persistent data block based lock
06-06 13:42:24.427 478 478 I SystemServerTiming: StartDeviceIdleController
06-06 13:42:24.427 478 478 I SystemServiceManager: Starting com.android.server.DeviceIdleController
06-06 13:42:24.435 319 319 D XiriService: check file name: /data/data/com.sohu.inputmethod.sogou.tv/lib
06-06 13:42:24.432 319 319 I xiriservice_All: type=1400 audit(0.0:315): avc: denied { search } for name="com.sohu.inputmethod.sogou.tv" dev="mmcblk0p25" ino=1406 scontext=u:r:init:s0 tcontext=u:object_r:app_data_file:s0:c48,c256,c512,c768 tclass=dir permissive=1
06-06 13:42:24.435 319 319 D XiriService: check file name: /data/data/com.sohu.inputmethod.sogou.tv/lib
06-06 13:42:24.432 319 319 I xiriservice_All: type=1400 audit(0.0:316): avc: denied { read } for name="lib" dev="mmcblk0p25" ino=3377 scontext=u:r:init:s0 tcontext=u:object_r:app_data_file:s0:c48,c256,c512,c768 tclass=lnk_file permissive=1
06-06 13:42:24.435 478 478 I SystemServerTiming: StartDevicePolicyManager
06-06 13:42:24.435 478 478 I SystemServiceManager: Starting com.android.server.devicepolicy.DevicePolicyManagerService$Lifecycle
06-06 13:42:24.436 319 319 D XiriService: check file name: /data/data/com.sohu.inputmethod.sogou.tv/lib
06-06 13:42:24.436 319 319 D XiriService: check file name: /data/data/com.sohu.inputmethod.sogou.tv/lib
06-06 13:42:24.441 478 578 D SystemServerInitThreadPool: Finished executing PersistentDataBlockService.onStart
06-06 13:42:24.443 319 319 D XiriService: check file name: /data/data/com.sohu.inputmethod.sogou.tv/lib
06-06 13:42:24.444 319 319 D XiriService: check file name: /data/data/com.sohu.inputmethod.sogou.tv/lib
06-06 13:42:24.444 319 319 D XiriService: check file name: /data/data/com.sohu.inputmethod.sogou.tv/lib
06-06 13:42:24.444 319 319 D XiriService: check file name: /data/data/com.sohu.inputmethod.sogou.tv/lib
06-06 13:42:24.448 478 478 I SystemServerTiming: StartStatusBarManagerService
06-06 13:42:24.450 478 478 D SystemServer: MusicRecognitionManagerService not defined by OEM or disabled by flag
06-06 13:42:24.451 478 478 D SystemServer: ContentCaptureService disabled because resource is not overlaid
06-06 13:42:24.451 478 478 D SystemServer: AttentionService is not configured on this device
06-06 13:42:24.451 478 478 D SystemServer: RotationResolverService is not configured on this device
06-06 13:42:24.451 478 478 D SystemServer: SystemCaptionsManagerService disabled because resource is not overlaid
06-06 13:42:24.451 478 478 I SystemServerTiming: StartTextToSpeechManagerService
06-06 13:42:24.451 478 478 I SystemServiceManager: Starting com.android.server.texttospeech.TextToSpeechManagerService
06-06 13:42:24.454 478 478 I SystemServerTiming: StartSpeechRecognitionManagerService
06-06 13:42:24.455 478 478 I SystemServiceManager: Starting com.android.server.speech.SpeechRecognitionManagerService
06-06 13:42:24.457 478 478 D SystemServer: AppPredictionService not defined by OEM
06-06 13:42:24.457 478 478 D SystemServer: ContentSuggestionsService not defined by OEM
06-06 13:42:24.457 478 478 I SystemServerTiming: StartSearchUiService
06-06 13:42:24.457 478 478 I SystemServiceManager: Starting com.android.server.searchui.SearchUiManagerService
06-06 13:42:24.459 478 478 I SystemServerTiming: StartSmartspaceService
06-06 13:42:24.459 478 478 I SystemServiceManager: Starting com.android.server.smartspace.SmartspaceManagerService
06-06 13:42:24.463 478 478 I SystemServerTiming: InitConnectivityModuleConnector
06-06 13:42:24.463 478 478 D ConnectivityModuleConnector: Network stack init
06-06 13:42:24.469 478 478 I SystemServerTiming: InitNetworkStackClient
06-06 13:42:24.471 478 478 I SystemServerTiming: StartNetworkManagementService
06-06 13:42:24.477 478 478 I SystemServerTiming: StartIpSecService
06-06 13:42:24.481 478 478 I SystemServerTiming: StartTextServicesManager
06-06 13:42:24.482 478 518 I SystemServerTimingAsync: InitThreadPoolExec:START_FONT_MANAGER_SERVICE
06-06 13:42:24.482 478 518 D SystemServerInitThreadPool: Started executing START_FONT_MANAGER_SERVICE
06-06 13:42:24.482 478 478 I SystemServiceManager: Starting com.android.server.textservices.TextServicesManagerService$Lifecycle
06-06 13:42:24.482 478 518 I SystemServerTimingAsync: START_FONT_MANAGER_SERVICE
06-06 13:42:24.483 478 478 I SystemServerTiming: StartTextClassificationManagerService
06-06 13:42:24.483 478 478 I SystemServiceManager: Starting com.android.server.textclassifier.TextClassificationManagerService$Lifecycle
06-06 13:42:24.484 319 319 D XiriService: check file name: /data/data/com.oranth.ledstatus/lib
06-06 13:42:24.484 319 319 D XiriService: check file name: /data/data/com.oranth.ledstatus/lib
06-06 13:42:24.485 319 319 D XiriService: check file name: /data/data/com.oranth.ledstatus/lib
06-06 13:42:24.486 319 319 D XiriService: check file name: /data/data/com.oranth.ledstatus/lib
06-06 13:42:24.487 478 478 I SystemServerTiming: StartNetworkScoreService
06-06 13:42:24.487 478 478 I SystemServiceManager: Starting com.android.server.NetworkScoreService$Lifecycle
06-06 13:42:24.488 478 478 I NetworkScoreService: Registering network_score
06-06 13:42:24.493 478 478 I SystemServerTiming: StartNetworkStatsService
06-06 13:42:24.493 319 319 D XiriService: check file name: /data/data/com.oranth.ledstatus/lib
06-06 13:42:24.494 319 319 D XiriService: check file name: /data/data/com.oranth.ledstatus/lib
06-06 13:42:24.494 319 319 D XiriService: check file name: /data/data/com.oranth.ledstatus/lib
06-06 13:42:24.494 319 319 D XiriService: check file name: /data/data/com.oranth.ledstatus/lib
06-06 13:42:24.496 319 319 D XiriService: check file name: /data/data/com.dangbei.lerad.videoposter/lib
06-06 13:42:24.496 319 319 D XiriService: check file name: /data/data/com.dangbei.lerad.videoposter/lib
06-06 13:42:24.497 319 319 D XiriService: check file name: /data/data/com.dangbei.lerad.videoposter/lib
06-06 13:42:24.497 319 319 D XiriService: check file name: /data/data/com.dangbei.lerad.videoposter/lib
06-06 13:42:24.504 319 319 D XiriService: check file name: /data/data/com.dangbei.lerad.videoposter/lib
06-06 13:42:24.504 319 319 D XiriService: check file name: /data/data/com.dangbei.lerad.videoposter/lib
06-06 13:42:24.505 319 319 D XiriService: check file name: /data/data/com.dangbei.lerad.videoposter/lib
06-06 13:42:24.505 319 319 D XiriService: check file name: /data/data/com.dangbei.lerad.videoposter/lib
06-06 13:42:24.509 478 478 I SystemServerTiming: StartNetworkPolicyManagerService
06-06 13:42:24.522 478 478 I SystemServerTiming: StartWifi
06-06 13:42:24.528 319 319 D XiriService: check file name: /data/data/com.android.networkstack/lib
06-06 13:42:24.528 319 319 D XiriService: check file name: /data/data/com.android.networkstack/lib
06-06 13:42:24.529 319 319 D XiriService: check file name: /data/data/com.android.networkstack/lib
06-06 13:42:24.529 319 319 D XiriService: check file name: /data/data/com.android.networkstack/lib
06-06 13:42:24.528 319 319 I xiriservice_All: type=1400 audit(0.0:317): avc: denied { read } for name="lib" dev="mmcblk0p25" ino=3268 scontext=u:r:init:s0 tcontext=u:object_r:radio_data_file:s0 tclass=lnk_file permissive=1
06-06 13:42:24.535 319 319 D XiriService: check file name: /data/data/com.android.networkstack/lib
06-06 13:42:24.536 319 319 D XiriService: check file name: /data/data/com.android.networkstack/lib
06-06 13:42:24.536 319 319 D XiriService: check file name: /data/data/com.android.networkstack/lib
06-06 13:42:24.536 319 319 D XiriService: check file name: /data/data/com.android.networkstack/lib
06-06 13:42:24.554 478 478 I SystemServiceManager: Starting com.android.server.wifi.WifiService
06-06 13:42:24.594 478 478 I WifiContext: Found Wifi Resources APK at: com.android.wifi.resources
06-06 13:42:24.605 249 249 W Zygote : Class not found for preloading: android.view.SurfaceView$2
06-06 13:42:24.630 319 319 D XiriService: check file name: /data/data/com.dangbei.screencast/lib
06-06 13:42:24.630 319 319 D XiriService: check file name: /data/data/com.dangbei.screencast/lib
06-06 13:42:24.631 319 319 D XiriService: check file name: /data/data/com.dangbei.screencast/lib
06-06 13:42:24.631 319 319 D XiriService: check file name: /data/data/com.dangbei.screencast/lib
06-06 13:42:24.632 478 478 V NetworkScoreManager: registerNetworkScoreCallback: callback=com.android.server.wifi.WifiNetworkScoreCache@ae78301, executor=com.android.wifi.x.android.os.HandlerExecutor@24345a6
06-06 13:42:24.635 249 480 I zygote : Background young concurrent copying GC freed 26740(1159KB) AllocSpace objects, 1(16KB) LOS objects, 27% free, 2593KB/3602KB, paused 96us total 100.057ms
06-06 13:42:24.641 319 319 D XiriService: check file name: /data/data/com.dangbei.screencast/lib
06-06 13:42:24.666 319 319 D XiriService: check file name: /data/data/com.dangbei.leard.leradlauncher/lib
06-06 13:42:24.667 319 319 D XiriService: check file name: /data/data/com.dangbei.leard.leradlauncher/lib
06-06 13:42:24.673 478 478 D ScanMetrics: Settings package: com.android.tv.settings
06-06 13:42:24.673 478 478 E ScanMetrics: Can't get GMS uid
06-06 13:42:24.678 319 319 D XiriService: check file name: /data/data/com.dangbei.leard.leradlauncher/lib
06-06 13:42:24.678 319 319 D XiriService: check file name: /data/data/com.dangbei.leard.leradlauncher/lib
06-06 13:42:24.679 319 319 D XiriService: check file name: /data/data/com.dangbei.leard.leradlauncher/lib
06-06 13:42:24.679 319 319 D XiriService: check file name: /data/data/com.dangbei.leard.leradlauncher/lib
06-06 13:42:24.689 319 319 D XiriService: check file name: /data/data/com.android.printspooler/lib
06-06 13:42:24.688 319 319 I xiriservice_All: type=1400 audit(0.0:318): avc: denied { search } for name="com.android.printspooler" dev="mmcblk0p25" ino=935 scontext=u:r:init:s0 tcontext=u:object_r:app_data_file:s0:c52,c256,c512,c768 tclass=dir permissive=1
06-06 13:42:24.688 319 319 I xiriservice_All: type=1400 audit(0.0:319): avc: denied { read } for name="lib" dev="mmcblk0p25" ino=3274 scontext=u:r:init:s0 tcontext=u:object_r:app_data_file:s0:c52,c256,c512,c768 tclass=lnk_file permissive=1
06-06 13:42:24.692 478 478 I WifiCoexManager: Default coex algorithm is disabled.
06-06 13:42:24.701 319 319 D XiriService: check file name: /data/data/com.android.printspooler/lib
06-06 13:42:24.702 319 319 D XiriService: check file name: /data/data/com.android.printspooler/lib
06-06 13:42:24.702 319 319 D XiriService: check file name: /data/data/com.android.printspooler/lib
06-06 13:42:24.703 319 319 D XiriService: check file name: /data/data/com.android.printspooler/lib
06-06 13:42:24.714 319 319 D XiriService: check file name: /data/data/com.android.webview/lib
06-06 13:42:24.712 319 319 I xiriservice_All: type=1400 audit(0.0:320): avc: denied { search } for name="com.android.webview" dev="mmcblk0p25" ino=951 scontext=u:r:init:s0 tcontext=u:object_r:app_data_file:s0:c60,c256,c512,c768 tclass=dir permissive=1
06-06 13:42:24.712 319 319 I xiriservice_All: type=1400 audit(0.0:321): avc: denied { read } for name="lib" dev="mmcblk0p25" ino=3276 scontext=u:r:init:s0 tcontext=u:object_r:app_data_file:s0:c60,c256,c512,c768 tclass=lnk_file permissive=1
06-06 13:42:24.723 319 319 D XiriService: check file name: /data/data/com.android.webview/lib
06-06 13:42:24.736 319 319 D XiriService: check file name: /data/data/com.android.bips/lib
06-06 13:42:24.743 319 319 D XiriService: check file name: /data/data/com.android.bips/lib
06-06 13:42:24.746 319 319 D XiriService: check file name: /data/data/com.oranth.inputmacsn/lib
06-06 13:42:24.746 319 319 D XiriService: check file name: /data/data/com.oranth.inputmacsn/lib
06-06 13:42:24.746 319 319 D XiriService: check file name: /data/data/com.oranth.inputmacsn/lib
06-06 13:42:24.747 319 319 D XiriService: check file name: /data/data/com.oranth.inputmacsn/lib
06-06 13:42:24.755 319 319 D XiriService: check file name: /data/data/com.oranth.inputmacsn/lib
06-06 13:42:24.766 478 518 D SystemServerInitThreadPool: Finished executing START_FONT_MANAGER_SERVICE
06-06 13:42:24.768 478 478 D WifiOpenNetworkNotifier: Settings toggle enabled=true
06-06 13:42:24.774 478 478 D WifiNl80211Manager: registerCountryCodeEventListener called
06-06 13:42:24.774 371 371 I wificond: New wificond event callback registered
06-06 13:42:24.775 478 478 D WifiCountryCode: Default country code from system property ro.boot.wificountrycode is CN
06-06 13:42:24.781 478 478 D WakeupController: WifiWake enabled
06-06 13:42:24.781 319 319 D XiriService: check file name: /data/data/com.android.keychain/lib
06-06 13:42:24.781 319 319 D XiriService: check file name: /data/data/com.android.keychain/lib
06-06 13:42:24.781 319 319 D XiriService: check file name: /data/data/com.android.keychain/lib
06-06 13:42:24.782 319 319 D XiriService: check file name: /data/data/com.android.keychain/lib
06-06 13:42:24.786 478 478 V HistoricalRegistry: Interaction before persistence initialized
06-06 13:42:24.789 319 319 D XiriService: check file name: /data/data/com.android.keychain/lib
06-06 13:42:24.789 319 319 D XiriService: check file name: /data/data/com.android.keychain/lib
06-06 13:42:24.790 319 319 D XiriService: check file name: /data/data/com.android.keychain/lib
06-06 13:42:24.790 319 319 D XiriService: check file name: /data/data/com.android.keychain/lib
06-06 13:42:24.794 478 478 I WifiService: Registering wifi
06-06 13:42:24.795 478 478 I SystemServerTiming: StartWifiScanning
06-06 13:42:24.796 478 478 I SystemServiceManager: Starting com.android.server.wifi.scanner.WifiScanningService
06-06 13:42:24.796 478 478 I WifiScanningService: Creating wifiscanner
06-06 13:42:24.806 319 319 D XiriService: check file name: /data/data/com.android.localtransport/lib
06-06 13:42:24.806 319 319 D XiriService: check file name: /data/data/com.android.localtransport/lib
06-06 13:42:24.806 319 319 D XiriService: check file name: /data/data/com.android.localtransport/lib
06-06 13:42:24.806 319 319 D XiriService: check file name: /data/data/com.android.localtransport/lib
06-06 13:42:24.808 478 478 I WifiScanningService: Publishing wifiscanner
06-06 13:42:24.809 478 478 I SystemServerTiming: StartWifiP2P
06-06 13:42:24.810 478 478 I SystemServiceManager: Starting com.android.server.wifi.p2p.WifiP2pService
06-06 13:42:24.814 319 319 D XiriService: check file name: /data/data/com.android.localtransport/lib
06-06 13:42:24.814 319 319 D XiriService: check file name: /data/data/com.android.localtransport/lib
06-06 13:42:24.815 319 319 D XiriService: check file name: /data/data/com.android.localtransport/lib
06-06 13:42:24.815 319 319 D XiriService: check file name: /data/data/com.android.packageinstaller/lib
06-06 13:42:24.815 319 319 D XiriService: check file name: /data/data/com.android.packageinstaller/lib
06-06 13:42:24.816 319 319 D XiriService: check file name: /data/data/com.android.packageinstaller/lib
06-06 13:42:24.816 319 319 D XiriService: check file name: /data/data/com.android.packageinstaller/lib
06-06 13:42:24.820 478 478 I WifiP2pService: Registering wifip2p
06-06 13:42:24.821 478 478 I SystemServerTiming: StartEthernet
06-06 13:42:24.822 478 478 I SystemServiceManager: Starting com.android.server.ethernet.EthernetService
06-06 13:42:24.822 478 478 I EthernetService: Registering service ethernet
06-06 13:42:24.824 478 478 I SystemServerTiming: StartPacProxyService
06-06 13:42:24.825 319 319 D XiriService: check file name: /data/data/com.android.packageinstaller/lib
06-06 13:42:24.826 319 319 D XiriService: check file name: /data/data/com.android.packageinstaller/lib
06-06 13:42:24.826 319 319 D XiriService: check file name: /data/data/com.android.packageinstaller/lib
06-06 13:42:24.826 319 319 D XiriService: check file name: /data/data/com.android.packageinstaller/lib
06-06 13:42:24.828 478 478 I SystemServerTiming: StartPppoe
06-06 13:42:24.829 478 478 I SystemServiceManager: Starting com.android.server.pppoe.PppoeService
06-06 13:42:24.830 478 478 I PppoeServiceImpl: Creating PppoeServiceImpl
06-06 13:42:24.842 319 319 D XiriService: check file name: /data/data/com.oranth.usbopenft/lib
06-06 13:42:24.843 478 478 I PppoeService: Registering service pppoe
06-06 13:42:24.844 478 478 I SystemServerTiming: StartConnectivityService
06-06 13:42:24.850 319 319 D XiriService: check file name: /data/data/com.oranth.usbopenft/lib
06-06 13:42:24.850 319 319 D XiriService: check file name: /data/data/com.oranth.usbopenft/lib
06-06 13:42:24.850 319 319 D XiriService: check file name: /data/data/com.oranth.usbopenft/lib
06-06 13:42:24.851 319 319 D XiriService: check file name: /data/data/com.android.networkstack.tethering/lib
06-06 13:42:24.857 478 478 I system_server: Waiting for a blocking GC ClassLinker
06-06 13:42:24.859 319 319 D XiriService: check file name: /data/data/com.android.networkstack.tethering/lib
06-06 13:42:24.859 319 319 D XiriService: check file name: /data/data/com.android.networkstack.tethering/lib
06-06 13:42:24.860 319 319 D XiriService: check file name: /data/data/com.android.networkstack.tethering/lib
06-06 13:42:24.860 319 319 D XiriService: check file name: /data/data/com.android.networkstack.tethering/lib
06-06 13:42:24.873 319 319 D XiriService: check file name: /data/data/com.dangbei.lerad.etna.haqu/lib
06-06 13:42:24.881 319 319 D XiriService: check file name: /data/data/com.dangbei.lerad.etna.haqu/lib
06-06 13:42:24.883 249 249 I Zygote : ...preloaded 7337 classes in 980ms.
06-06 13:42:24.893 249 249 D ApplicationLoaders: Created zygote-cached class loader: /system/framework/android.hidl.base-V1.0-java.jar
06-06 13:42:24.904 249 249 D ApplicationLoaders: Created zygote-cached class loader: /system/framework/android.hidl.manager-V1.0-java.jar
06-06 13:42:24.910 319 319 D XiriService: check file name: /data/data/com.oranth.powerwindow/lib
06-06 13:42:24.912 478 609 E system_server: Could not write anonymous vdex /apex/com.android.wifi/javalib/oat/arm/service-wifi.vdex: Could not create directory /apex/com.android.wifi/javalib/oat
06-06 13:42:24.913 249 249 D ApplicationLoaders: Created zygote-cached class loader: /system/framework/android.test.base.jar
06-06 13:42:24.913 249 249 I Zygote : Preloading resources...
06-06 13:42:24.915 478 609 I system_server: Waiting for a blocking GC ClassLinker
06-06 13:42:24.918 319 319 D XiriService: check file name: /data/data/com.oranth.powerwindow/lib
06-06 13:42:24.918 319 319 D XiriService: check file name: /data/data/com.oranth.powerwindow/lib
06-06 13:42:24.918 319 319 D XiriService: check file name: /data/data/com.oranth.powerwindow/lib
06-06 13:42:24.931 319 319 D XiriService: check file name: /data/data/com.android.networkstack.permissionconfig/lib
06-06 13:42:24.931 319 319 D XiriService: check file name: /data/data/com.android.networkstack.permissionconfig/lib
06-06 13:42:24.931 249 249 W Resources: Preloaded drawable resource #0x1080286 (android:drawable/dialog_background_material) that varies with configuration!!
06-06 13:42:24.931 319 319 D XiriService: check file name: /data/data/com.android.networkstack.permissionconfig/lib
06-06 13:42:24.932 319 319 D XiriService: check file name: /data/data/com.android.networkstack.permissionconfig/lib
06-06 13:42:24.939 319 319 D XiriService: check file name: /data/data/com.android.networkstack.permissionconfig/lib
06-06 13:42:24.940 319 319 D XiriService: check file name: /data/data/com.android.networkstack.permissionconfig/lib
06-06 13:42:24.940 319 319 D XiriService: check file name: /data/data/com.android.networkstack.permissionconfig/lib
06-06 13:42:24.950 319 319 D XiriService: check file name: /data/data/com.dangbei.lerad.screensaver/lib
06-06 13:42:24.950 319 319 D XiriService: check file name: /data/data/com.dangbei.lerad.screensaver/lib
06-06 13:42:24.948 319 319 I xiriservice_All: type=1400 audit(0.0:322): avc: denied { search } for name="com.dangbei.lerad.screensaver" dev="mmcblk0p25" ino=1185 scontext=u:r:init:s0 tcontext=u:object_r:app_data_file:s0:c36,c256,c512,c768 tclass=dir permissive=1
06-06 13:42:24.951 319 319 D XiriService: check file name: /data/data/com.dangbei.lerad.screensaver/lib
06-06 13:42:24.951 319 319 D XiriService: check file name: /data/data/com.dangbei.lerad.screensaver/lib
06-06 13:42:24.948 319 319 I xiriservice_All: type=1400 audit(0.0:323): avc: denied { read } for name="lib" dev="mmcblk0p25" ino=3301 scontext=u:r:init:s0 tcontext=u:object_r:app_data_file:s0:c36,c256,c512,c768 tclass=lnk_file permissive=1
06-06 13:42:24.959 319 319 D XiriService: check file name: /data/data/com.dangbei.lerad.screensaver/lib
06-06 13:42:24.959 319 319 D XiriService: check file name: /data/data/com.dangbei.lerad.screensaver/lib
06-06 13:42:24.960 319 319 D XiriService: check file name: /data/data/com.dangbei.lerad.screensaver/lib
06-06 13:42:24.960 319 319 D XiriService: check file name: /data/data/com.dangbei.lerad.screensaver/lib
06-06 13:42:24.977 249 249 I Zygote : ...preloaded 64 resources in 64ms.
06-06 13:42:24.988 249 249 I Zygote : ...preloaded 41 resources in 11ms.
06-06 13:42:24.994 319 319 D XiriService: check file name: /data/data/com.android.wallpaperbackup/lib
06-06 13:42:24.994 319 319 D XiriService: check file name: /data/data/com.android.wallpaperbackup/lib
06-06 13:42:24.994 319 319 D XiriService: check file name: /data/data/com.android.wallpaperbackup/lib
06-06 13:42:24.995 319 319 D XiriService: check file name: /data/data/com.android.wallpaperbackup/lib
06-06 13:42:24.997 478 495 I system_server: Background young concurrent copying GC freed 74756(4201KB) AllocSpace objects, 17(496KB) LOS objects, 39% free, 7511KB/12MB, paused 274us total 152.527ms
06-06 13:42:24.997 478 478 I system_server: WaitForGcToComplete blocked ClassLinker on Background for 140.442ms
06-06 13:42:24.997 478 609 I system_server: Waiting for a blocking GC ClassLinker
06-06 13:42:24.998 478 609 I system_server: WaitForGcToComplete blocked ClassLinker on ClassLinker for 82.395ms
06-06 13:42:25.002 478 478 I SystemServiceManager: Starting com.android.server.ConnectivityServiceInitializer
06-06 13:42:25.003 319 319 D XiriService: check file name: /data/data/com.android.wallpaperbackup/lib
06-06 13:42:25.003 319 319 D XiriService: check file name: /data/data/com.android.wallpaperbackup/lib
06-06 13:42:25.003 319 319 D XiriService: check file name: /data/data/com.android.wallpaperbackup/lib
06-06 13:42:25.018 319 319 D XiriService: check file name: /data/data/com.android.providers.media.module/lib
06-06 13:42:25.018 319 319 D XiriService: check file name: /data/data/com.android.providers.media.module/lib
06-06 13:42:25.016 319 319 I xiriservice_All: type=1400 audit(0.0:324): avc: denied { search } for name="com.android.providers.media.module" dev="mmcblk0p25" ino=1257 scontext=u:r:init:s0 tcontext=u:object_r:privapp_data_file:s0:c74,c256,c512,c768 tclass=dir permissive=1
06-06 13:42:25.018 319 319 D XiriService: check file name: /data/data/com.android.providers.media.module/lib
06-06 13:42:25.016 319 319 I xiriservice_All: type=1400 audit(0.0:325): avc: denied { read } for name="lib" dev="mmcblk0p25" ino=3305 scontext=u:r:init:s0 tcontext=u:object_r:privapp_data_file:s0:c74,c256,c512,c768 tclass=lnk_file permissive=1
06-06 13:42:25.020 249 249 D libEGL : loaded /vendor/lib/egl/libGLES_mali.so
06-06 13:42:25.028 319 319 D XiriService: check file name: /data/data/com.android.providers.media.module/lib
06-06 13:42:25.029 319 319 D XiriService: check file name: /data/data/com.android.providers.media.module/lib
06-06 13:42:25.029 319 319 D XiriService: check file name: /data/data/com.android.providers.media.module/lib
06-06 13:42:25.036 478 478 D ConnectivityService: ConnectivityService starting up
06-06 13:42:25.038 319 319 D XiriService: check file name: /data/data/com.oranth.storage/lib
06-06 13:42:25.039 319 319 D XiriService: check file name: /data/data/com.oranth.storage/lib
06-06 13:42:25.039 319 319 D XiriService: check file name: /data/data/com.oranth.storage/lib
06-06 13:42:25.039 319 319 D XiriService: check file name: /data/data/com.oranth.storage/lib
06-06 13:42:25.041 478 478 D pppoeNRI:: uid/pid:1000/478 activeRequest: null callbackRequest: 5 [NetworkRequest [ REQUEST id=5, [ Transports: PPPOE Capabilities: INTERNET&NOT_RESTRICTED&TRUSTED&NOT_VPN&NOT_VCN_MANAGED RequestorUid: 1000 RequestorPkg: android] ]] callback flags: 1 priority: 2147483647
06-06 13:42:25.047 319 319 D XiriService: check file name: /data/data/com.oranth.storage/lib
06-06 13:42:25.047 319 319 D XiriService: check file name: /data/data/com.oranth.storage/lib
06-06 13:42:25.047 319 319 D XiriService: check file name: /data/data/com.oranth.storage/lib
06-06 13:42:25.048 478 478 E TAG : Exception = android.content.pm.PackageManager$NameNotFoundException: android.telephony.cts
06-06 13:42:25.048 478 478 E TAG : Exception = android.content.pm.PackageManager$NameNotFoundException: android.net.cts
06-06 13:42:25.056 478 609 E system_server: Could not write anonymous vdex /apex/com.android.tethering/javalib/oat/arm/service-connectivity.vdex: Could not create directory /apex/com.android.tethering/javalib/oat
06-06 13:42:25.063 319 319 D XiriService: check file name: /data/data/com.dangbei.haqusetting/lib
06-06 13:42:25.063 319 319 D XiriService: check file name: /data/data/com.dangbei.haqusetting/lib
06-06 13:42:25.063 319 319 D XiriService: check file name: /data/data/com.dangbei.haqusetting/lib
06-06 13:42:25.063 319 319 D XiriService: check file name: /data/data/com.dangbei.haqusetting/lib
06-06 13:42:25.071 319 319 D XiriService: check file name: /data/data/com.dangbei.haqusetting/lib
06-06 13:42:25.071 319 319 D XiriService: check file name: /data/data/com.dangbei.haqusetting/lib
06-06 13:42:25.071 319 319 D XiriService: check file name: /data/data/com.dangbei.haqusetting/lib
06-06 13:42:25.071 319 319 D XiriService: check file name: /data/data/com.dangbei.haqusetting/lib
06-06 13:42:25.076 478 478 D CompatibilityChangeReporter: Compat change id reported: 182478738; UID 1000; state: ENABLED
06-06 13:42:25.083 478 478 I ConnectivityServiceInitializer: Registering connectivity
06-06 13:42:25.085 478 478 I SystemServerTiming: StartVpnManagerService
06-06 13:42:25.086 319 319 D XiriService: check file name: /data/data/com.softwinner.miracastReceiver/lib
06-06 13:42:25.086 319 319 D XiriService: check file name: /data/data/com.softwinner.miracastReceiver/lib
06-06 13:42:25.087 319 319 D XiriService: check file name: /data/data/com.softwinner.miracastReceiver/lib
06-06 13:42:25.087 319 319 D XiriService: check file name: /data/data/com.softwinner.miracastReceiver/lib
06-06 13:42:25.089 478 478 D VpnManagerService: VpnManagerService starting up
06-06 13:42:25.090 478 478 I SystemServerTiming: StartVcnManagementService
06-06 13:42:25.093 319 319 D XiriService: check file name: /data/data/com.softwinner.miracastReceiver/lib
06-06 13:42:25.094 319 319 D XiriService: check file name: /data/data/com.softwinner.miracastReceiver/lib
06-06 13:42:25.094 478 478 I SystemServerTiming: StartNsdService
06-06 13:42:25.096 478 478 D NsdService: Network service discovery is enabled
06-06 13:42:25.099 478 478 I SystemServerTiming: StartSystemUpdateManagerService
06-06 13:42:25.100 478 478 I SystemUpdateManagerService: No existing info file /data/system/system-update-info.xml
06-06 13:42:25.101 478 478 I SystemServerTiming: StartUpdateLockService
06-06 13:42:25.102 319 319 D XiriService: check file name: /data/data/com.android.bluetooth/lib
06-06 13:42:25.102 478 478 I SystemServerTiming: StartNotificationManager
06-06 13:42:25.102 478 478 I SystemServiceManager: Starting com.android.server.notification.NotificationManagerService
06-06 13:42:25.100 319 319 I xiriservice_All: type=1400 audit(0.0:326): avc: denied { read } for name="lib" dev="mmcblk0p25" ino=3313 scontext=u:r:init:s0 tcontext=u:object_r:bluetooth_data_file:s0 tclass=lnk_file permissive=1
06-06 13:42:25.102 319 319 D XiriService: check file name: /data/data/com.android.bluetooth/lib
06-06 13:42:25.103 319 319 D XiriService: check file name: /data/data/com.android.bluetooth/lib
06-06 13:42:25.110 319 319 D XiriService: check file name: /data/data/com.android.bluetooth/lib
06-06 13:42:25.110 319 319 D XiriService: check file name: /data/data/com.android.bluetooth/lib
06-06 13:42:25.111 319 319 D XiriService: check file name: /data/data/com.android.bluetooth/lib
06-06 13:42:25.111 319 319 D XiriService: check file name: /data/data/com.android.bluetooth/lib
06-06 13:42:25.118 478 478 D ConditionProviders.SCP: new ScheduleConditionProvider()
06-06 13:42:25.125 249 249 I Zygote : Preloading shared libraries...
06-06 13:42:25.133 249 249 I Zygote : Called ZygoteHooks.endPreload()
06-06 13:42:25.134 249 249 I Zygote : Installed AndroidKeyStoreProvider in 1ms.
06-06 13:42:25.137 478 478 I NotificationAssistants: Read notification assistant permissions from xml
06-06 13:42:25.137 478 478 I ConditionProviders: Read condition provider permissions from xml
06-06 13:42:25.137 478 478 I ConditionProviders: Read condition provider permissions from xml
06-06 13:42:25.138 478 478 D NotificationAssistants: Approving default notification assistant for user 0
06-06 13:42:25.138 478 478 I ConditionProviders: Allowing condition provider android.ext.services/android.ext.services.notification.Assistant (userSet: true)
06-06 13:42:25.138 478 570 I PackageManager: Deferred reconcileAppsData finished 99 packages
06-06 13:42:25.138 478 570 D SystemServerInitThreadPool: Finished executing prepareAppData
06-06 13:42:25.141 478 478 D CompatibilityChangeReporter: Compat change id reported: 147600208; UID 1000; state: ENABLED
06-06 13:42:25.142 478 478 D CompatibilityChangeReporter: Compat change id reported: 157233955; UID 1000; state: ENABLED
06-06 13:42:25.147 249 249 I Zygote : Warmed up JCA providers in 12ms.
06-06 13:42:25.147 249 249 D Zygote : end preload
06-06 13:42:25.147 478 526 D SystemServerInitThreadPool: Finished executing SecondaryZygotePreload
06-06 13:42:25.149 478 478 I SystemServerTiming: StartDeviceMonitor
06-06 13:42:25.149 478 478 I SystemServiceManager: Starting com.android.server.storage.DeviceStorageMonitorService
06-06 13:42:25.151 478 478 I SystemServerTiming: StartLocationManagerService
06-06 13:42:25.151 478 478 I SystemServiceManager: Starting com.android.server.location.LocationManagerService$Lifecycle
06-06 13:42:25.157 478 478 I SystemServerTiming: StartCountryDetectorService
06-06 13:42:25.158 478 478 I SystemServerTiming: StartTimeDetectorService
06-06 13:42:25.158 478 478 I SystemServiceManager: Starting com.android.server.timedetector.TimeDetectorService$Lifecycle
06-06 13:42:25.160 478 478 I SystemServerTiming: StartTimeZoneDetectorService
06-06 13:42:25.160 478 478 I SystemServiceManager: Starting com.android.server.timezonedetector.TimeZoneDetectorService$Lifecycle
06-06 13:42:25.162 478 478 I SystemServerTiming: StartLocationTimeZoneManagerService
06-06 13:42:25.162 478 478 I SystemServiceManager: Starting com.android.server.timezonedetector.location.LocationTimeZoneManagerService$Lifecycle
06-06 13:42:25.162 478 478 I SystemServerTiming: StartSearchManagerService
06-06 13:42:25.163 478 478 I SystemServiceManager: Starting com.android.server.search.SearchManagerService$Lifecycle
06-06 13:42:25.164 478 478 I SystemServerTiming: StartWallpaperManagerService
06-06 13:42:25.164 478 478 I SystemServiceManager: Starting com.android.server.wallpaper.WallpaperManagerService$Lifecycle
06-06 13:42:25.165 478 478 I SystemServerTiming: StartAudioService
06-06 13:42:25.165 478 478 I SystemServiceManager: Starting com.android.server.audio.AudioService$Lifecycle
06-06 13:42:25.178 478 478 I android_os_HwBinder: HwBinder: Starting thread pool for getting: android.hidl.manager@1.0::IServiceManager/default
06-06 13:42:25.183 273 447 W AudioFlinger: no wake lock to update, system not ready yet
06-06 13:42:25.187 273 273 D PermissionCache: checking android.permission.MODIFY_AUDIO_ROUTING for uid=1000 => granted (1076 us)
06-06 13:42:25.197 273 273 D PermissionCache: checking android.permission.MODIFY_AUDIO_SETTINGS for uid=1000 => granted (149 us)
06-06 13:42:25.201 273 273 D AudioFlinger: isLowRamDevice:false totalMemory:2055442432 mClientSharedHeapSize:4194304
06-06 13:42:25.203 478 478 I SystemServerTiming: StartSoundTriggerMiddlewareService
06-06 13:42:25.203 478 478 I SystemServiceManager: Starting com.android.server.soundtrigger_middleware.SoundTriggerMiddlewareService$Lifecycle
06-06 13:42:25.204 478 478 D SoundTriggerMiddlewareService: Connecting to default ISoundTriggerHw
06-06 13:42:25.205 187 187 I hwservicemanager: getTransport: Cannot find entry android.hardware.soundtrigger@2.0::ISoundTriggerHw/default in either framework or device VINTF manifest.
06-06 13:42:25.208 478 478 E SoundTriggerMiddlewareImpl: Failed to add a SoundTriggerModule instance
06-06 13:42:25.208 478 478 E SoundTriggerMiddlewareImpl: java.util.NoSuchElementException
06-06 13:42:25.208 478 478 E SoundTriggerMiddlewareImpl: at android.os.HwBinder.getService(Native Method)
06-06 13:42:25.208 478 478 E SoundTriggerMiddlewareImpl: at android.hardware.soundtrigger.V2_0.ISoundTriggerHw.getService(ISoundTriggerHw.java:57)
06-06 13:42:25.208 478 478 E SoundTriggerMiddlewareImpl: at android.hardware.soundtrigger.V2_0.ISoundTriggerHw.getService(ISoundTriggerHw.java:64)
06-06 13:42:25.208 478 478 E SoundTriggerMiddlewareImpl: at com.android.server.soundtrigger_middleware.SoundTriggerMiddlewareService$Lifecycle.lambda$onStart$0(SoundTriggerMiddlewareService.java:238)
06-06 13:42:25.208 478 478 E SoundTriggerMiddlewareImpl: at com.android.server.soundtrigger_middleware.SoundTriggerMiddlewareService$Lifecycle$$ExternalSyntheticLambda0.create(Unknown Source:0)
06-06 13:42:25.208 478 478 E SoundTriggerMiddlewareImpl: at com.android.server.soundtrigger_middleware.SoundTriggerModule.attachToHal(SoundTriggerModule.java:222)
06-06 13:42:25.208 478 478 E SoundTriggerMiddlewareImpl: at com.android.server.soundtrigger_middleware.SoundTriggerModule.(SoundTriggerModule.java:112)
06-06 13:42:25.208 478 478 E SoundTriggerMiddlewareImpl: at com.android.server.soundtrigger_middleware.SoundTriggerMiddlewareImpl.(SoundTriggerMiddlewareImpl.java:89)
06-06 13:42:25.208 478 478 E SoundTriggerMiddlewareImpl: at com.android.server.soundtrigger_middleware.SoundTriggerMiddlewareService$Lifecycle.onStart(SoundTriggerMiddlewareService.java:244)
06-06 13:42:25.208 478 478 E SoundTriggerMiddlewareImpl: at com.android.server.SystemServiceManager.startService(SystemServiceManager.java:205)
06-06 13:42:25.208 478 478 E SoundTriggerMiddlewareImpl: at com.android.server.SystemServiceManager.startService(SystemServiceManager.java:192)
06-06 13:42:25.208 478 478 E SoundTriggerMiddlewareImpl: at com.android.server.SystemServer.startOtherServices(SystemServer.java:2161)
06-06 13:42:25.208 478 478 E SoundTriggerMiddlewareImpl: at com.android.server.SystemServer.run(SystemServer.java:928)
06-06 13:42:25.208 478 478 E SoundTriggerMiddlewareImpl: at com.android.server.SystemServer.main(SystemServer.java:628)
06-06 13:42:25.208 478 478 E SoundTriggerMiddlewareImpl: at java.lang.reflect.Method.invoke(Native Method)
06-06 13:42:25.208 478 478 E SoundTriggerMiddlewareImpl: at com.android.internal.os.RuntimeInit$MethodAndArgsCaller.run(RuntimeInit.java:548)
06-06 13:42:25.208 478 478 E SoundTriggerMiddlewareImpl: at com.android.internal.os.ZygoteInit.main(ZygoteInit.java:1160)
06-06 13:42:25.210 273 441 I CaptureStateNotifier: Registering a listener
06-06 13:42:25.210 478 478 I SystemServerTiming: StartDockObserver
06-06 13:42:25.210 478 478 I SystemServiceManager: Starting com.android.server.DockObserver
06-06 13:42:25.211 478 633 I SoundTriggerMiddlewareLogging: setCaptureState[this=com.android.server.soundtrigger_middleware.SoundTriggerMiddlewareImpl@2dfc102, client=null](false)
06-06 13:42:25.211 478 478 W DockObserver: This kernel does not have dock station support
06-06 13:42:25.212 478 478 I SystemServerTiming: StartWiredAccessoryManager
06-06 13:42:25.213 478 478 I SystemServer: Audio device manager Observer
06-06 13:42:25.213 478 478 E Environment: Path requests must specify a user by using UserEnvironment
06-06 13:42:25.213 478 478 E Environment: java.lang.Throwable
06-06 13:42:25.213 478 478 E Environment: at android.os.Environment.throwIfUserRequired(Environment.java:1449)
06-06 13:42:25.213 478 478 E Environment: at android.os.Environment.getExternalStorageDirectory(Environment.java:707)
06-06 13:42:25.213 478 478 E Environment: at com.android.server.SystemServer.startOtherServices(SystemServer.java:2192)
06-06 13:42:25.213 478 478 E Environment: at com.android.server.SystemServer.run(SystemServer.java:928)
06-06 13:42:25.213 478 478 E Environment: at com.android.server.SystemServer.main(SystemServer.java:628)
06-06 13:42:25.213 478 478 E Environment: at java.lang.reflect.Method.invoke(Native Method)
06-06 13:42:25.213 478 478 E Environment: at com.android.internal.os.RuntimeInit$MethodAndArgsCaller.run(RuntimeInit.java:548)
06-06 13:42:25.213 478 478 E Environment: at com.android.internal.os.ZygoteInit.main(ZygoteInit.java:1160)
06-06 13:42:25.216 478 478 W StorageManagerService: No primary storage defined yet; hacking together a stub
06-06 13:42:25.217 478 532 I DropBoxManagerService: add tag=system_server_wtf isTagEnabled=true flags=0x2
06-06 13:42:25.225 478 478 W system_server: ClassLoaderContext parent mismatch. (PCL[] | PCL[];PCL[/system/framework/com.android.location.provider.jar*3633238673:/system/framework/services.jar*324275400:/system/framework/services.jar!classes2.dex*4169108402:/system/framework/ethernet-service.jar*655162001:/system/framework/pppoe-service.jar*2082030846:/apex/com.android.appsearch/javalib/service-appsearch.jar*4100577803:/apex/com.android.media/javalib/service-media-s.jar*3881732923:/apex/com.android.permission/javalib/service-permission.jar*62506796])
06-06 13:42:25.233 478 478 D DisplayOutputManager: ro.build.characteristics=homlet
06-06 13:42:25.236 186 186 E SELinux : avc: denied { find } for pid=478 uid=1000 name=vendor.display.output.IDisplayOutputManager/default scontext=u:r:system_server:s0 tcontext=u:object_r:hal_awdisplayoutput_service:s0 tclass=service_manager permissive=1
06-06 13:42:25.236 186 186 I servicemanager: Found vendor.display.output.IDisplayOutputManager/default in device VINTF manifest.
06-06 13:42:25.238 478 478 D HomletDisplayOutputManager: get IDisplayOutputManager service success
06-06 13:42:25.238 478 478 D AudioManagerEx: AudioManagerEx
06-06 13:42:25.238 478 478 D AudioDeviceManagerObserver: AudioDeviceManagerObserver construct
06-06 13:42:25.239 478 478 I SystemServerTiming: StartMidiManager
06-06 13:42:25.239 478 478 I SystemServiceManager: Starting com.android.server.midi.MidiService$Lifecycle
06-06 13:42:25.240 478 478 I SystemServerTiming: StartAdbService
06-06 13:42:25.240 478 478 I SystemServiceManager: Starting com.android.server.adb.AdbService$Lifecycle
06-06 13:42:25.242 478 478 I SystemServerTiming: StartUsbService
06-06 13:42:25.242 478 478 I SystemServiceManager: Starting com.android.server.usb.UsbService$Lifecycle
06-06 13:42:25.242 478 478 I SystemServerTiming: StartSerialService
06-06 13:42:25.242 478 578 I SystemServerTimingAsync: InitThreadPoolExec:UsbService$Lifecycle#onStart
06-06 13:42:25.242 478 578 D SystemServerInitThreadPool: Started executing UsbService$Lifecycle#onStart
06-06 13:42:25.243 478 478 I SystemServerTiming: StartHardwarePropertiesManagerService
06-06 13:42:25.244 187 187 I hwservicemanager: getTransport: Cannot find entry android.hardware.thermal@1.0::IThermal/default in either framework or device VINTF manifest.
06-06 13:42:25.244 478 478 E HardwarePropertiesManagerService-JNI: Unable to get Thermal service.
06-06 13:42:25.244 478 478 I SystemServerTiming: StartTwilightService
06-06 13:42:25.244 478 478 I SystemServiceManager: Starting com.android.server.twilight.TwilightService
06-06 13:42:25.245 478 478 I SystemServerTiming: StartColorDisplay
06-06 13:42:25.245 478 478 I SystemServiceManager: Starting com.android.server.display.color.ColorDisplayService
06-06 13:42:25.246 478 578 E UsbDeviceManager: failed to write to /sys/class/android_usb/android0/f_rndis/ethaddr
06-06 13:42:25.246 478 478 I SystemServerTiming: StartJobScheduler
06-06 13:42:25.247 478 478 I SystemServiceManager: Starting com.android.server.job.JobSchedulerService
06-06 13:42:25.248 478 578 I android_os_HwBinder: HwBinder: Starting thread pool for getting: android.hardware.usb.gadget@1.0::IUsbGadget/default
01-01 08:00:17.778 578 578 I : read descriptors
01-01 08:00:17.778 578 578 I : read strings
