01-01 08:00:11.636 283 391 W EventThread: Ignoring VSYNC request while display is disconnected
01-01 08:00:11.636 283 391 W EventThread: Ignoring VSYNC request while display is disconnected
01-01 08:00:11.636 263 263 D sunxihwc: getHdrCapabilities: getHdrCapabilities: support hdr10 and hlg
01-01 08:00:11.636 263 389 I sunxihwc: pollThreadLoop: polling VsyncThread start
01-01 08:00:11.636 283 283 W HwcComposer: getPerFrameMetadataKeys failed with 8
01-01 08:00:11.641 262 288 I gralloc : alloc buffer:W:1920 H:1080 S:1920 PL[1920 1080] SZ:8294400 fmt:1 if:0 af:1 usg:1b00 fg:00000004
01-01 08:00:11.642 383 383 E cutils-trace: Error opening trace file: No such file or directory (2)
01-01 08:00:11.644 263 387 W displayd: xxxxxxx: threadedStartup end
01-01 08:00:11.646 262 288 I gralloc : alloc buffer:W:1920 H:1080 S:1920 PL[1920 1080] SZ:8294400 fmt:1 if:0 af:1 usg:1b00 fg:00000004
01-01 08:00:11.646 283 283 I SurfaceFlinger: Dispatching display hotplug event displayId=0, connected=1
01-01 08:00:11.651 283 396 W SurfaceFlinger: Failed to set thread name on dispatch thread
01-01 08:00:11.656 381 381 I gatekeeperd: Starting gatekeeperd...
01-01 08:00:11.658 383 383 I usbd : Usb HAL found.
01-01 08:00:11.661 381 381 E cutils-trace: Error opening trace file: No such file or directory (2)
01-01 08:00:11.667 383 383 I usbd : peristent prop is adb
01-01 08:00:11.669 371 371 I wificond: wificond is starting up...
01-01 08:00:11.680 371 371 E cutils-trace: Error opening trace file: No such file or directory (2)
01-01 08:00:11.687 270 270 I android.hardware.usb.gadget@1.1-service.aw: setCurrentUsbFunctions None
01-01 08:00:11.687 270 270 I android.hardware.usb.gadget@1.1-service.aw: Gadget cannot be pulled down
01-01 08:00:11.688 270 270 I android.hardware.usb.gadget@1.1-service.aw: mMonitor not running
01-01 08:00:11.688 270 270 I android.hardware.usb.gadget@1.1-service.aw: Returned from tearDown gadget
01-01 08:00:11.688 329 329 I rainbow_flow: type=1400 audit(0.0:291): avc: denied { ioctl } for path="/dev/spidev1.0" dev="tmpfs" ino=208 ioctlcmd=0x6b00 scontext=u:r:init:s0 tcontext=u:object_r:device:s0 tclass=chr_file permissive=1
01-01 08:00:11.767 378 378 I mediaswcodec: media swcodec service starting
01-01 08:00:11.772 378 378 W mediaswcodec: Could not read additional policy file '/vendor/etc/seccomp_policy/mediaswcodec.policy'
01-01 08:00:11.772 378 378 W mediaswcodec: libminijail[378]: failed to get path of fd 4: No such file or directory
01-01 08:00:11.772 378 378 W mediaswcodec: libminijail[378]: allowing syscall: clock_gettime
01-01 08:00:11.773 378 378 W mediaswcodec: libminijail[378]: allowing syscall: connect
01-01 08:00:11.773 378 378 W mediaswcodec: libminijail[378]: allowing syscall: fcntl64
01-01 08:00:11.773 378 378 W mediaswcodec: libminijail[378]: allowing syscall: socket
01-01 08:00:11.773 378 378 W mediaswcodec: libminijail[378]: allowing syscall: writev
01-01 08:00:11.773 378 378 W mediaswcodec: libminijail[378]: compile_file: (71): syscall futex redefined here
01-01 08:00:11.773 378 378 W mediaswcodec: libminijail[378]: compile_file: (15): previous definition here
01-01 08:00:11.780 378 378 W mediaswcodec: libminijail[378]: logging seccomp filter failures
01-01 08:00:11.781 378 378 I CodecServiceRegistrant: Creating software Codec2 service...
01-01 08:00:11.785 378 378 E cutils-trace: Error opening trace file: No such file or directory (2)
01-01 08:00:11.788 270 270 I android.hardware.usb.gadget@1.1-service.aw: setCurrentUsbFunctions Adb
01-01 08:00:11.789 270 270 I android.hardware.usb.gadget@1.1-service.aw: Service started
01-01 08:00:11.789 270 270 I android.hardware.usb.gadget@1.1-service.aw: enable usbradio debug functions
01-01 08:00:11.789 270 270 I android.hardware.usb.gadget@1.1-service.aw: Usb Gadget setcurrent functions called successfully
01-01 08:00:11.790 249 249 D zygote : Time zone APEX ICU file found: /apex/com.android.tzdata/etc/icu/icu_tzdata.dat
01-01 08:00:11.791 249 249 D zygote : I18n APEX ICU file found: /apex/com.android.i18n/etc/icu/icudt68l.dat
01-01 08:00:11.800 371 371 I HidlServiceManagement: Registered android.system.wifi.keystore@1.0::IKeystore/default
01-01 08:00:11.802 378 378 I HidlServiceManagement: Registered android.hardware.media.c2@1.2::IComponentStore/software
01-01 08:00:11.804 187 187 I hwservicemanager: getTransport: Cannot find entry android.hardware.media.c2@1.0::IComponentStore/default in either framework or device VINTF manifest.
01-01 08:00:11.811 378 378 I CodecServiceRegistrant: Preferred Codec2 store is defaulted to "software".
01-01 08:00:11.812 378 378 I CodecServiceRegistrant: Software Codec2 service created and registered.
01-01 08:00:11.830 372 372 I android.hardware.media.omx@1.0-service: mediacodecservice starting
01-01 08:00:11.838 372 372 W android.hardware.media.omx@1.0-service: Could not read additional policy file '/vendor/etc/seccomp_policy/mediacodec.policy'
01-01 08:00:11.847 372 372 W android.hardware.media.omx@1.0-service: libminijail[372]: failed to get path of fd 4: No such file or directory
01-01 08:00:11.848 372 372 W android.hardware.media.omx@1.0-service: libminijail[372]: allowing syscall: clock_gettime
01-01 08:00:11.848 372 372 W android.hardware.media.omx@1.0-service: libminijail[372]: allowing syscall: connect
01-01 08:00:11.848 372 372 W android.hardware.media.omx@1.0-service: libminijail[372]: allowing syscall: fcntl64
01-01 08:00:11.848 372 372 W android.hardware.media.omx@1.0-service: libminijail[372]: allowing syscall: socket
01-01 08:00:11.848 372 372 W android.hardware.media.omx@1.0-service: libminijail[372]: allowing syscall: writev
01-01 08:00:11.850 372 372 W android.hardware.media.omx@1.0-service: libminijail[372]: compile_file: (59): syscall getrandom redefined here
01-01 08:00:11.850 372 372 W android.hardware.media.omx@1.0-service: libminijail[372]: compile_file: (15): previous definition here
01-01 08:00:11.854 372 372 W android.hardware.media.omx@1.0-service: libminijail[372]: compile_file: /system/etc/seccomp_policy/crash_dump.arm.policy(1): syscall read redefined here
01-01 08:00:11.854 372 372 W android.hardware.media.omx@1.0-service: libminijail[372]: compile_file: (9): previous definition here
01-01 08:00:11.854 372 372 W android.hardware.media.omx@1.0-service: libminijail[372]: compile_file: /system/etc/seccomp_policy/crash_dump.arm.policy(2): syscall write redefined here
01-01 08:00:11.854 372 372 W android.hardware.media.omx@1.0-service: libminijail[372]: compile_file: (5): previous definition here
01-01 08:00:11.854 372 372 W android.hardware.media.omx@1.0-service: libminijail[372]: compile_file: /system/etc/seccomp_policy/crash_dump.arm.policy(3): syscall exit redefined here
01-01 08:00:11.854 372 372 W android.hardware.media.omx@1.0-service: libminijail[372]: compile_file: (40): previous definition here
01-01 08:00:11.854 372 372 W android.hardware.media.omx@1.0-service: libminijail[372]: compile_file: /system/etc/seccomp_policy/crash_dump.arm.policy(4): syscall rt_sigreturn redefined here
01-01 08:00:11.854 372 372 W android.hardware.media.omx@1.0-service: libminijail[372]: compile_file: (45): previous definition here
01-01 08:00:11.854 372 372 W android.hardware.media.omx@1.0-service: libminijail[372]: compile_file: /system/etc/seccomp_policy/crash_dump.arm.policy(6): syscall exit_group redefined here
01-01 08:00:11.854 372 372 W android.hardware.media.omx@1.0-service: libminijail[372]: compile_file: (44): previous definition here
01-01 08:00:11.854 372 372 W android.hardware.media.omx@1.0-service: libminijail[372]: compile_file: /system/etc/seccomp_policy/crash_dump.arm.policy(7): syscall clock_gettime redefined here
01-01 08:00:11.854 372 372 W android.hardware.media.omx@1.0-service: libminijail[372]: compile_file: (7): previous definition here
01-01 08:00:11.854 372 372 W android.hardware.media.omx@1.0-service: libminijail[372]: compile_file: /system/etc/seccomp_policy/crash_dump.arm.policy(8): syscall gettimeofday redefined here
01-01 08:00:11.854 372 372 W android.hardware.media.omx@1.0-service: libminijail[372]: compile_file: (47): previous definition here
01-01 08:00:11.855 372 372 W android.hardware.media.omx@1.0-service: libminijail[372]: compile_file: /system/etc/seccomp_policy/crash_dump.arm.policy(9): syscall futex redefined here
01-01 08:00:11.855 372 372 W android.hardware.media.omx@1.0-service: libminijail[372]: compile_file: (3): previous definition here
01-01 08:00:11.855 372 372 W android.hardware.media.omx@1.0-service: libminijail[372]: compile_file: /system/etc/seccomp_policy/crash_dump.arm.policy(10): syscall getrandom redefined here
01-01 08:00:11.855 372 372 W android.hardware.media.omx@1.0-service: libminijail[372]: compile_file: (15): previous definition here
01-01 08:00:11.855 372 372 W android.hardware.media.omx@1.0-service: libminijail[372]: compile_file: /system/etc/seccomp_policy/crash_dump.arm.policy(13): syscall ppoll redefined here
01-01 08:00:11.855 372 372 W android.hardware.media.omx@1.0-service: libminijail[372]: compile_file: (13): previous definition here
01-01 08:00:11.855 372 372 W android.hardware.media.omx@1.0-service: libminijail[372]: compile_file: /system/etc/seccomp_policy/crash_dump.arm.policy(14): syscall pipe2 redefined here
01-01 08:00:11.855 372 372 W android.hardware.media.omx@1.0-service: libminijail[372]: compile_file: (46): previous definition here
01-01 08:00:11.855 372 372 W android.hardware.media.omx@1.0-service: libminijail[372]: compile_file: /system/etc/seccomp_policy/crash_dump.arm.policy(15): syscall openat redefined here
01-01 08:00:11.855 372 372 W android.hardware.media.omx@1.0-service: libminijail[372]: compile_file: (30): previous definition here
01-01 08:00:11.855 372 372 W android.hardware.media.omx@1.0-service: libminijail[372]: compile_file: /system/etc/seccomp_policy/crash_dump.arm.policy(16): syscall dup redefined here
01-01 08:00:11.855 372 372 W android.hardware.media.omx@1.0-service: libminijail[372]: compile_file: (12): previous definition here
01-01 08:00:11.855 372 372 W android.hardware.media.omx@1.0-service: libminijail[372]: compile_file: /system/etc/seccomp_policy/crash_dump.arm.policy(17): syscall close redefined here
01-01 08:00:11.855 372 372 W android.hardware.media.omx@1.0-service: libminijail[372]: compile_file: (10): previous definition here
01-01 08:00:11.855 372 372 W android.hardware.media.omx@1.0-service: libminijail[372]: compile_file: /system/etc/seccomp_policy/crash_dump.arm.policy(18): syscall lseek redefined here
01-01 08:00:11.855 372 372 W android.hardware.media.omx@1.0-service: libminijail[372]: compile_file: (50): previous definition here
01-01 08:00:11.855 372 372 W android.hardware.media.omx@1.0-service: libminijail[372]: compile_file: /system/etc/seccomp_policy/crash_dump.arm.policy(19): syscall getdents64 redefined here
01-01 08:00:11.856 372 372 W android.hardware.media.omx@1.0-service: libminijail[372]: compile_file: (58): previous definition here
01-01 08:00:11.856 372 372 W android.hardware.media.omx@1.0-service: libminijail[372]: compile_file: /system/etc/seccomp_policy/crash_dump.arm.policy(20): syscall faccessat redefined here
01-01 08:00:11.856 372 372 W android.hardware.media.omx@1.0-service: libminijail[372]: compile_file: (38): previous definition here
01-01 08:00:11.856 372 372 W android.hardware.media.omx@1.0-service: libminijail[372]: compile_file: /system/etc/seccomp_policy/crash_dump.arm.policy(25): syscall rt_sigprocmask redefined here
01-01 08:00:11.856 372 372 W android.hardware.media.omx@1.0-service: libminijail[372]: compile_file: (41): previous definition here
01-01 08:00:11.856 372 372 W android.hardware.media.omx@1.0-service: libminijail[372]: compile_file: /system/etc/seccomp_policy/crash_dump.arm.policy(28): syscall prctl redefined here
01-01 08:00:11.856 372 372 W android.hardware.media.omx@1.0-service: libminijail[372]: compile_file: (6): previous definition here
01-01 08:00:11.856 372 372 W android.hardware.media.omx@1.0-service: libminijail[372]: compile_file: /system/etc/seccomp_policy/crash_dump.arm.policy(29): syscall madvise redefined here
01-01 08:00:11.856 372 372 W android.hardware.media.omx@1.0-service: libminijail[372]: compile_file: (29): previous definition here
01-01 08:00:11.856 372 372 W android.hardware.media.omx@1.0-service: libminijail[372]: compile_file: /system/etc/seccomp_policy/crash_dump.arm.policy(30): syscall mprotect redefined here
01-01 08:00:11.856 372 372 W android.hardware.media.omx@1.0-service: libminijail[372]: compile_file: (28): previous definition here
01-01 08:00:11.856 372 372 W android.hardware.media.omx@1.0-service: libminijail[372]: compile_file: /system/etc/seccomp_policy/crash_dump.arm.policy(31): syscall munmap redefined here
01-01 08:00:11.857 372 372 W android.hardware.media.omx@1.0-service: libminijail[372]: compile_file: (27): previous definition here
01-01 08:00:11.857 372 372 W android.hardware.media.omx@1.0-service: libminijail[372]: compile_file: /system/etc/seccomp_policy/crash_dump.arm.policy(32): syscall getuid32 redefined here
01-01 08:00:11.857 372 372 W android.hardware.media.omx@1.0-service: libminijail[372]: compile_file: (34): previous definition here
01-01 08:00:11.857 372 372 W android.hardware.media.omx@1.0-service: libminijail[372]: compile_file: /system/etc/seccomp_policy/crash_dump.arm.policy(33): syscall fstat64 redefined here
01-01 08:00:11.857 372 372 W android.hardware.media.omx@1.0-service: libminijail[372]: compile_file: (35): previous definition here
01-01 08:00:11.857 372 372 W android.hardware.media.omx@1.0-service: libminijail[372]: compile_file: /system/etc/seccomp_policy/crash_dump.arm.policy(34): syscall mmap2 redefined here
01-01 08:00:11.857 372 372 W android.hardware.media.omx@1.0-service: libminijail[372]: compile_file: (14): previous definition here
01-01 08:00:11.873 372 372 W android.hardware.media.omx@1.0-service: libminijail[372]: logging seccomp filter failures
01-01 08:00:11.882 249 249 I zygote : Using memfd for future sealing
01-01 08:00:11.906 397 397 I adbd : persist.adb.watchdog set to ''
01-01 08:00:11.907 397 397 I adbd : persist.sys.test_harness set to ''
01-01 08:00:11.907 397 397 I adbd : adb watchdog timeout set to 600 seconds
01-01 08:00:11.907 372 372 I cedarc : : register h265 decoder success!
01-01 08:00:11.908 372 372 E cedarc : : dlopen 'libawh265soft.so' fail: dlopen failed: library "libawh265soft.so" not found
01-01 08:00:11.909 372 372 I cedarc : : register h264 decoder success!
01-01 08:00:11.912 382 382 I update_engine: [INFO:main.cc(55)] A/B Update Engine starting
01-01 08:00:11.915 397 411 I adbd : Waiting for persist.adb.tls_server.enable=1
01-01 08:00:11.916 397 397 I adbd : Setup mdns on port= 5555
01-01 08:00:11.916 397 411 I adbd : persist.adb.tls_server.enable changed to 1
01-01 08:00:11.916 397 397 I adbd : adbd listening on tcp:5555
01-01 08:00:11.916 397 397 I adbd : adbd listening on vsock:5555
01-01 08:00:11.916 397 397 I adbd : adbd started
01-01 08:00:11.920 372 372 I cedarc : : register mjpeg decoder success!
01-01 08:00:11.921 372 372 I cedarc : : register mjpegplus decoder success!
01-01 08:00:11.922 372 372 I cedarc : : register mpeg2 decoder success!
01-01 08:00:11.922 372 372 W cedarc : : Invalid plugin, CedarPluginVDInit not found, lib:libawmpeg4base.so.
01-01 08:00:11.923 372 372 I cedarc : : register mpeg4Normal decoder success!
01-01 08:00:11.924 372 372 I cedarc : : register Mpeg4Vp6 decoder success!
01-01 08:00:11.925 372 372 I cedarc : : register mpeg4dx decoder success!
01-01 08:00:11.934 397 411 I adbd : adbwifi started on port 33179
01-01 08:00:11.934 397 411 I adbd : TlsServer running on port 33179
01-01 08:00:11.935 397 411 I adbd : adb wifi started on port 33179
01-01 08:00:11.936 397 411 I adbd : Waiting for persist.adb.tls_server.enable=0
01-01 08:00:11.935 363 363 I main_extractorservice: enable media.extractor memory limits
01-01 08:00:11.936 382 382 E cutils-trace: Error opening trace file: No such file or directory (2)
01-01 08:00:11.936 363 363 V MediaUtils: physMem: 2055442432
01-01 08:00:11.936 363 363 V MediaUtils: requested limit: 411088480
01-01 08:00:11.936 363 363 I libc : malloc_limit: Allocation limit enabled, max size 411088480 bytes
01-01 08:00:11.939 397 413 I adbd : opening control endpoint /dev/usb-ffs/adb/ep0
01-01 08:00:11.940 270 401 I android.hardware.usb.gadget@1.1-service.aw: GADGET pulled up
01-01 08:00:11.946 413 413 I : read descriptors
01-01 08:00:11.941 372 372 I cedarc : : register mpeg4H263 decoder success!
01-01 08:00:11.941 397 413 I adbd : UsbFfsConnection constructed
01-01 08:00:11.941 372 372 I cedarc : : register vp8 decoder success!
01-01 08:00:11.942 372 372 I cedarc : : register vc1 decoder success!
01-01 08:00:11.944 397 419 I adbd : Registering secure_connect service (adb-DZOH58251938669-NJq4AE)
01-01 08:00:11.936 331 331 I xiriservice_All: type=1400 audit(0.0:292): avc: denied { read } for scontext=u:r:init:s0 tcontext=u:r:init:s0 tclass=netlink_kobject_uevent_socket permissive=1
01-01 08:00:11.946 413 413 I : read strings
01-01 08:00:11.946 397 420 I adbd : UsbFfs-monitor thread spawned
01-01 08:00:11.946 397 420 I adbd : USB event: FUNCTIONFS_BIND
01-01 08:00:11.956 363 363 W mediaextractor: Could not read additional policy file '/vendor/etc/seccomp_policy/mediaextractor.policy'
01-01 08:00:11.956 372 372 I SoftOMXPlugin: createOMXPlugin
01-01 08:00:11.956 363 363 W mediaextractor: libminijail[363]: failed to get path of fd 4: No such file or directory
01-01 08:00:11.956 363 363 W mediaextractor: libminijail[363]: allowing syscall: clock_gettime
01-01 08:00:11.957 363 363 W mediaextractor: libminijail[363]: allowing syscall: connect
01-01 08:00:11.957 363 363 W mediaextractor: libminijail[363]: allowing syscall: fcntl64
01-01 08:00:11.957 363 363 W mediaextractor: libminijail[363]: allowing syscall: socket
01-01 08:00:11.957 363 363 W mediaextractor: libminijail[363]: allowing syscall: writev
01-01 08:00:11.957 372 372 D MediaCodecsXmlParser: parsing /vendor/etc/media_codecs.xml...
01-01 08:00:11.960 382 382 I update_engine: [INFO:boot_control_android.cc(69)] Loaded boot control hidl hal.
01-01 08:00:11.963 363 363 W mediaextractor: libminijail[363]: compile_file: /apex/com.android.media/etc/seccomp_policy/crash_dump.arm.policy(1): syscall read redefined here
01-01 08:00:11.963 382 382 I update_engine: [INFO:daemon_state_android.cc(44)] Booted in dev mode.
01-01 08:00:11.964 363 363 W mediaextractor: libminijail[363]: compile_file: (19): previous definition here
01-01 08:00:11.964 363 363 W mediaextractor: libminijail[363]: compile_file: /apex/com.android.media/etc/seccomp_policy/crash_dump.arm.policy(2): syscall write redefined here
01-01 08:00:11.964 363 363 W mediaextractor: libminijail[363]: compile_file: (6): previous definition here
01-01 08:00:11.964 363 363 W mediaextractor: libminijail[363]: compile_file: /apex/com.android.media/etc/seccomp_policy/crash_dump.arm.policy(3): syscall exit redefined here
01-01 08:00:11.964 363 363 W mediaextractor: libminijail[363]: compile_file: (27): previous definition here
01-01 08:00:11.964 363 363 W mediaextractor: libminijail[363]: compile_file: /apex/com.android.media/etc/seccomp_policy/crash_dump.arm.policy(4): syscall rt_sigreturn redefined here
01-01 08:00:11.964 372 372 D MediaCodecsXmlParser: parsing /vendor/etc/media_codecs_google_audio.xml...
01-01 08:00:11.964 363 363 W mediaextractor: libminijail[363]: compile_file: (29): previous definition here
01-01 08:00:11.964 363 363 W mediaextractor: libminijail[363]: compile_file: /apex/com.android.media/etc/seccomp_policy/crash_dump.arm.policy(6): syscall exit_group redefined here
01-01 08:00:11.964 372 372 D MediaCodecsXmlParser: unable to open media codecs configuration xml file: /vendor/etc/media_codecs_google_audio.xml
01-01 08:00:11.964 363 363 W mediaextractor: libminijail[363]: compile_file: (28): previous definition here
01-01 08:00:11.964 363 363 W mediaextractor: libminijail[363]: compile_file: /apex/com.android.media/etc/seccomp_policy/crash_dump.arm.policy(7): syscall clock_gettime redefined here
01-01 08:00:11.964 363 363 W mediaextractor: libminijail[363]: compile_file: (20): previous definition here
01-01 08:00:11.965 363 363 W mediaextractor: libminijail[363]: compile_file: /apex/com.android.media/etc/seccomp_policy/crash_dump.arm.policy(9): syscall futex redefined here
01-01 08:00:11.965 363 363 W mediaextractor: libminijail[363]: compile_file: (4): previous definition here
01-01 08:00:11.965 363 363 W mediaextractor: libminijail[363]: compile_file: /apex/com.android.media/etc/seccomp_policy/crash_dump.arm.policy(10): syscall getrandom redefined here
01-01 08:00:11.965 363 363 W mediaextractor: libminijail[363]: compile_file: (43): previous definition here
01-01 08:00:11.965 363 363 W mediaextractor: libminijail[363]: compile_file: /apex/com.android.media/etc/seccomp_policy/crash_dump.arm.policy(12): syscall gettid redefined here
01-01 08:00:11.965 363 363 W mediaextractor: libminijail[363]: compile_file: (34): previous definition here
01-01 08:00:11.965 363 363 W mediaextractor: libminijail[363]: compile_file: /apex/com.android.media/etc/seccomp_policy/crash_dump.arm.policy(15): syscall openat redefined here
01-01 08:00:11.965 363 363 W mediaextractor: libminijail[363]: compile_file: (16): previous definition here
01-01 08:00:11.965 363 363 W mediaextractor: libminijail[363]: compile_file: /apex/com.android.media/etc/seccomp_policy/crash_dump.arm.policy(16): syscall dup redefined here
01-01 08:00:11.965 363 363 W mediaextractor: libminijail[363]: compile_file: (11): previous definition here
01-01 08:00:11.966 363 363 W mediaextractor: libminijail[363]: compile_file: /apex/com.android.media/etc/seccomp_policy/crash_dump.arm.policy(17): syscall close redefined here
01-01 08:00:11.966 363 363 W mediaextractor: libminijail[363]: compile_file: (9): previous definition here
01-01 08:00:11.966 363 363 W mediaextractor: libminijail[363]: compile_file: /apex/com.android.media/etc/seccomp_policy/crash_dump.arm.policy(18): syscall lseek redefined here
01-01 08:00:11.966 363 363 W mediaextractor: libminijail[363]: compile_file: (21): previous definition here
01-01 08:00:11.966 363 363 W mediaextractor: libminijail[363]: compile_file: /apex/com.android.media/etc/seccomp_policy/crash_dump.arm.policy(20): syscall faccessat redefined here
01-01 08:00:11.966 363 363 W mediaextractor: libminijail[363]: compile_file: (30): previous definition here
01-01 08:00:11.966 363 363 W mediaextractor: libminijail[363]: compile_file: /apex/com.android.media/etc/seccomp_policy/crash_dump.arm.policy(25): syscall rt_sigprocmask redefined here
01-01 08:00:11.966 363 363 W mediaextractor: libminijail[363]: compile_file: (35): previous definition here
01-01 08:00:11.966 363 363 W mediaextractor: libminijail[363]: compile_file: /apex/com.android.media/etc/seccomp_policy/crash_dump.arm.policy(28): syscall prctl redefined here
01-01 08:00:11.966 363 363 W mediaextractor: libminijail[363]: compile_file: (5): previous definition here
01-01 08:00:11.967 363 363 W mediaextractor: libminijail[363]: compile_file: /apex/com.android.media/etc/seccomp_policy/crash_dump.arm.policy(29): syscall madvise redefined here
01-01 08:00:11.967 363 363 W mediaextractor: libminijail[363]: compile_file: (31): previous definition here
01-01 08:00:11.967 363 363 W mediaextractor: libminijail[363]: compile_file: /apex/com.android.media/etc/seccomp_policy/crash_dump.arm.policy(30): syscall mprotect redefined here
01-01 08:00:11.967 363 363 W mediaextractor: libminijail[363]: compile_file: (12): previous definition here
01-01 08:00:11.967 363 363 W mediaextractor: libminijail[363]: compile_file: /apex/com.android.media/etc/seccomp_policy/crash_dump.arm.policy(31): syscall munmap redefined here
01-01 08:00:11.967 363 363 W mediaextractor: libminijail[363]: compile_file: (10): previous definition here
01-01 08:00:11.967 372 372 D MediaCodecsXmlParser: parsing /vendor/etc/media_codecs_google_video.xml...
01-01 08:00:11.967 363 363 W mediaextractor: libminijail[363]: compile_file: /apex/com.android.media/etc/seccomp_policy/crash_dump.arm.policy(32): syscall getuid32 redefined here
01-01 08:00:11.967 363 363 W mediaextractor: libminijail[363]: compile_file: (13): previous definition here
01-01 08:00:11.968 363 363 W mediaextractor: libminijail[363]: compile_file: /apex/com.android.media/etc/seccomp_policy/crash_dump.arm.policy(33): syscall fstat64 redefined here
01-01 08:00:11.968 372 372 D MediaCodecsXmlParser: unable to open media codecs configuration xml file: /vendor/etc/media_codecs_google_video.xml
01-01 08:00:11.968 363 363 W mediaextractor: libminijail[363]: compile_file: (25): previous definition here
01-01 08:00:11.968 363 363 W mediaextractor: libminijail[363]: compile_file: /apex/com.android.media/etc/seccomp_policy/crash_dump.arm.policy(34): syscall mmap2 redefined here
01-01 08:00:11.968 363 363 W mediaextractor: libminijail[363]: compile_file: (8): previous definition here
01-01 08:00:11.968 363 363 W mediaextractor: libminijail[363]: compile_file: /apex/com.android.media/etc/seccomp_policy/crash_dump.arm.policy(35): syscall geteuid32 redefined here
01-01 08:00:11.968 363 363 W mediaextractor: libminijail[363]: compile_file: (38): previous definition here
01-01 08:00:11.968 363 363 W mediaextractor: libminijail[363]: compile_file: /apex/com.android.media/etc/seccomp_policy/crash_dump.arm.policy(36): syscall getgid32 redefined here
01-01 08:00:11.968 363 363 W mediaextractor: libminijail[363]: compile_file: (39): previous definition here
01-01 08:00:11.968 372 372 D MediaCodecsXmlParser: parsing /vendor/etc/media_codecs_performance.xml...
01-01 08:00:11.968 363 363 W mediaextractor: libminijail[363]: compile_file: /apex/com.android.media/etc/seccomp_policy/crash_dump.arm.policy(37): syscall getegid32 redefined here
01-01 08:00:11.969 363 363 W mediaextractor: libminijail[363]: compile_file: (40): previous definition here
01-01 08:00:11.969 363 363 W mediaextractor: libminijail[363]: compile_file: /apex/com.android.media/etc/seccomp_policy/crash_dump.arm.policy(38): syscall getgroups32 redefined here
01-01 08:00:11.969 363 363 W mediaextractor: libminijail[363]: compile_file: (41): previous definition here
01-01 08:00:11.969 372 372 D MediaCodecsXmlParser: MediaCodec: cannot update non-existing codec: OMX.google.h264.encoder at line 25 of /vendor/etc/media_codecs_performance.xml
01-01 08:00:11.971 372 372 D MediaCodecsXmlParser: MediaCodec: cannot update non-existing codec: OMX.google.h263.encoder at line 31 of /vendor/etc/media_codecs_performance.xml
01-01 08:00:11.971 372 372 D MediaCodecsXmlParser: MediaCodec: cannot update non-existing codec: OMX.google.mpeg4.encoder at line 34 of /vendor/etc/media_codecs_performance.xml
01-01 08:00:11.971 372 372 D MediaCodecsXmlParser: MediaCodec: cannot update non-existing codec: OMX.google.vp8.encoder at line 37 of /vendor/etc/media_codecs_performance.xml
01-01 08:00:11.972 372 372 D MediaCodecsXmlParser: MediaCodec: cannot update non-existing codec: OMX.allwinner.video.decoder.h263 at line 59 of /vendor/etc/media_codecs_performance.xml
01-01 08:00:11.972 363 363 W mediaextractor: libminijail[363]: logging seccomp filter failures
01-01 08:00:11.972 372 372 D MediaCodecsXmlParser: MediaCodec: cannot update non-existing codec: OMX.google.mpeg4.decoder at line 80 of /vendor/etc/media_codecs_performance.xml
01-01 08:00:11.973 372 372 D MediaCodecsXmlParser: MediaCodec: cannot update non-existing codec: OMX.google.h264.decoder at line 83 of /vendor/etc/media_codecs_performance.xml
01-01 08:00:11.973 382 382 I update_engine: [INFO:update_attempter_android.cc(1082)] Scheduling CleanupPreviousUpdateAction.
01-01 08:00:11.973 372 372 D MediaCodecsXmlParser: MediaCodec: cannot update non-existing codec: OMX.google.h263.decoder at line 89 of /vendor/etc/media_codecs_performance.xml
01-01 08:00:11.973 372 372 D MediaCodecsXmlParser: MediaCodec: cannot update non-existing codec: OMX.google.hevc.decoder at line 93 of /vendor/etc/media_codecs_performance.xml
01-01 08:00:11.974 372 372 D MediaCodecsXmlParser: MediaCodec: cannot update non-existing codec: OMX.google.vp8.decoder at line 101 of /vendor/etc/media_codecs_performance.xml
01-01 08:00:11.974 372 372 D MediaCodecsXmlParser: MediaCodec: cannot update non-existing codec: OMX.google.vp9.decoder at line 107 of /vendor/etc/media_codecs_performance.xml
01-01 08:00:11.974 372 372 I MediaCodecsXmlParser: Did not find media_codecs_shaping.xml in search path
01-01 08:00:11.977 372 372 E cutils-trace: Error opening trace file: No such file or directory (2)
01-01 08:00:11.978 382 382 I update_engine: [INFO:action_processor.cc(51)] ActionProcessor: starting CleanupPreviousUpdateAction
01-01 08:00:11.979 382 382 I update_engine: [INFO:cleanup_previous_update_action.cc(149)] Starting/resuming CleanupPreviousUpdateAction
01-01 08:00:11.985 382 382 I update_engine: [INFO:cleanup_previous_update_action.cc(124)] CleanupPreviousUpdateAction scheduled task ID 1 for WaitBootCompleted
01-01 08:00:11.993 372 372 I HidlServiceManagement: Registered android.hardware.media.omx@1.0::IOmx/default
01-01 08:00:11.993 372 372 I HidlServiceManagement: Removing namespace from process name android.hardware.media.omx@1.0-service to omx@1.0-service.
01-01 08:00:11.994 372 372 I android.hardware.media.omx@1.0-service: IOmx HAL service created.
01-01 08:00:11.995 372 372 I OmxStore: omx common prefix: 'OMX.'
01-01 08:00:11.995 372 372 D MediaCodecsXmlParser: parsing /vendor/etc/media_codecs.xml...
01-01 08:00:11.996 372 372 D MediaCodecsXmlParser: parsing /vendor/etc/media_codecs_google_audio.xml...
01-01 08:00:11.996 372 372 D MediaCodecsXmlParser: unable to open media codecs configuration xml file: /vendor/etc/media_codecs_google_audio.xml
01-01 08:00:11.998 372 372 D MediaCodecsXmlParser: parsing /vendor/etc/media_codecs_google_video.xml...
01-01 08:00:11.998 372 372 D MediaCodecsXmlParser: unable to open media codecs configuration xml file: /vendor/etc/media_codecs_google_video.xml
01-01 08:00:11.999 372 372 D MediaCodecsXmlParser: parsing /vendor/etc/media_codecs_performance.xml...
01-01 08:00:12.008 377 377 E cutils-trace: Error opening trace file: No such file or directory (2)
01-01 08:00:12.009 372 372 D MediaCodecsXmlParser: MediaCodec: cannot update non-existing codec: OMX.google.h264.encoder at line 25 of /vendor/etc/media_codecs_performance.xml
01-01 08:00:12.010 372 372 D MediaCodecsXmlParser: MediaCodec: cannot update non-existing codec: OMX.google.h263.encoder at line 31 of /vendor/etc/media_codecs_performance.xml
01-01 08:00:12.010 372 372 D MediaCodecsXmlParser: MediaCodec: cannot update non-existing codec: OMX.google.mpeg4.encoder at line 34 of /vendor/etc/media_codecs_performance.xml
01-01 08:00:12.010 372 372 D MediaCodecsXmlParser: MediaCodec: cannot update non-existing codec: OMX.google.vp8.encoder at line 37 of /vendor/etc/media_codecs_performance.xml
01-01 08:00:12.010 372 372 D MediaCodecsXmlParser: MediaCodec: cannot update non-existing codec: OMX.allwinner.video.decoder.h263 at line 59 of /vendor/etc/media_codecs_performance.xml
01-01 08:00:12.010 372 372 D MediaCodecsXmlParser: MediaCodec: cannot update non-existing codec: OMX.google.mpeg4.decoder at line 80 of /vendor/etc/media_codecs_performance.xml
01-01 08:00:12.010 372 372 D MediaCodecsXmlParser: MediaCodec: cannot update non-existing codec: OMX.google.h264.decoder at line 83 of /vendor/etc/media_codecs_performance.xml
01-01 08:00:12.010 372 372 D MediaCodecsXmlParser: MediaCodec: cannot update non-existing codec: OMX.google.h263.decoder at line 89 of /vendor/etc/media_codecs_performance.xml
01-01 08:00:12.010 372 372 D MediaCodecsXmlParser: MediaCodec: cannot update non-existing codec: OMX.google.hevc.decoder at line 93 of /vendor/etc/media_codecs_performance.xml
01-01 08:00:12.010 372 372 D MediaCodecsXmlParser: MediaCodec: cannot update non-existing codec: OMX.google.vp8.decoder at line 101 of /vendor/etc/media_codecs_performance.xml
01-01 08:00:12.010 372 372 D MediaCodecsXmlParser: MediaCodec: cannot update non-existing codec: OMX.google.vp9.decoder at line 107 of /vendor/etc/media_codecs_performance.xml
01-01 08:00:12.011 372 372 I MediaCodecsXmlParser: Did not find media_codecs_shaping.xml in search path
01-01 08:00:12.011 372 372 E MediaCodecsXmlParser: Cannot find the role for a decoder of type video/divx
01-01 08:00:12.011 372 372 E MediaCodecsXmlParser: Cannot find the role for a decoder of type video/jpeg
01-01 08:00:12.011 372 372 E MediaCodecsXmlParser: Cannot find the role for a decoder of type video/mpeg1
01-01 08:00:12.011 372 372 E MediaCodecsXmlParser: Cannot find the role for a decoder of type video/x-ms-mpeg4v1
01-01 08:00:12.011 372 372 E MediaCodecsXmlParser: Cannot find the role for a decoder of type video/x-ms-mpeg4v2
01-01 08:00:12.011 372 372 E MediaCodecsXmlParser: Cannot find the role for a decoder of type video/rvg2
01-01 08:00:12.011 372 372 E MediaCodecsXmlParser: Cannot find the role for a decoder of type video/flv1
01-01 08:00:12.011 372 372 E MediaCodecsXmlParser: Cannot find the role for a decoder of type video/wvc1
01-01 08:00:12.011 372 372 E MediaCodecsXmlParser: Cannot find the role for a decoder of type video/x-vnd.on2.vp6
01-01 08:00:12.011 372 372 E MediaCodecsXmlParser: Cannot find the role for a decoder of type video/wmv1
01-01 08:00:12.011 372 372 E MediaCodecsXmlParser: Cannot find the role for a decoder of type video/wmv2
01-01 08:00:12.011 372 372 E MediaCodecsXmlParser: Cannot find the role for a decoder of type video/xvid
01-01 08:00:12.048 350 350 I cameraserver: ServiceManager: 0xf5873960
01-01 08:00:12.049 350 350 I CameraService: CameraService started (pid=350)
01-01 08:00:12.049 350 350 I CameraService: CameraService process starting
01-01 08:00:12.050 350 350 W BatteryNotifier: batterystats service unavailable!
01-01 08:00:12.050 350 350 W BatteryNotifier: batterystats service unavailable!
01-01 08:00:12.050 350 350 E cutils-trace: Error opening trace file: No such file or directory (2)
01-01 08:00:12.052 377 377 I HidlServiceManagement: Registered android.hardware.radio@1.6::IRadio/slot1
01-01 08:00:12.060 372 372 I HidlServiceManagement: Registered android.hardware.media.omx@1.0::IOmxStore/default
01-01 08:00:12.060 372 372 I HidlServiceManagement: Removing namespace from process name android.hardware.media.omx@1.0-service to omx@1.0-service.
01-01 08:00:12.067 362 362 D isomountservice: main isomount service is running.
01-01 08:00:12.064 269 269 I EventThread: type=1400 audit(0.0:293): avc: denied { search } for name="extcon" dev="sysfs" ino=18109 scontext=u:r:hal_tv_cec_default:s0 tcontext=u:object_r:sysfs_extcon:s0 tclass=dir permissive=1
01-01 08:00:12.071 363 363 I MediaExtractorFactory: plugin directory not present (/system/lib/extractors)
01-01 08:00:12.071 363 363 I MediaExtractorFactory: plugin directory not present (/system_ext/lib/extractors)
01-01 08:00:12.073 362 362 I isomountservice: ServiceManager: 0xeed4ccc0
01-01 08:00:12.076 351 351 D gpioservice: main gpio service is running.
01-01 08:00:12.078 364 364 V MediaUtils: physMem: 2055442432
01-01 08:00:12.078 364 364 V MediaUtils: requested limit: 134217728
01-01 08:00:12.079 364 364 I libc : malloc_limit: Allocation limit enabled, max size 134217728 bytes
01-01 08:00:12.080 364 364 D AudioPowerUsage: AudioPowerUsage
01-01 08:00:12.080 364 364 D AudioAnalytics: AudioAnalytics
01-01 08:00:12.081 364 364 D MediaMetricsService: MediaMetricsService
01-01 08:00:12.083 351 351 I gpioservice: ServiceManager: 0xf15eacc0
01-01 08:00:12.083 351 351 D GpioService: GpioService created
01-01 08:00:12.084 186 186 E SELinux : avc: denied { add } for pid=351 uid=0 name=softwinner.gpio scontext=u:r:gpioservice:s0 tcontext=u:object_r:default_android_service:s0 tclass=service_manager permissive=1
01-01 08:00:12.087 366 366 D multiir : multi_ir open uinput dev
01-01 08:00:12.084 331 331 I xiriservice_All: type=1400 audit(0.0:294): avc: denied { read } for scontext=u:r:init:s0 tcontext=u:r:init:s0 tclass=netlink_kobject_uevent_socket permissive=1
01-01 08:00:12.089 326 327 D XM_HIDREAD: add@ add@/devices/virtual/input/input1
01-01 08:00:12.090 377 377 I HidlServiceManagement: Registered android.hardware.radio.config@1.3::IRadioConfig/default
01-01 08:00:12.093 366 366 D multiir : uinputfd=4
01-01 08:00:12.094 326 327 D XM_HIDREAD: add@ add@/devices/virtual/input/input1/event1
01-01 08:00:12.099 366 366 I input : sunxi-ir-uinput as /devices/virtual/input/input1
01-01 08:00:12.099 273 273 I ServiceManager: Waiting for service 'media.metrics' on '/dev/binder' successful after waiting 1021ms
01-01 08:00:12.100 273 273 I AudioFlinger: Using default 3000 mSec as standby time.
01-01 08:00:12.100 364 431 I ServiceManager: Waiting for service 'package_native' on '/dev/binder'...
01-01 08:00:12.102 367 367 E cutils-trace: Error opening trace file: No such file or directory (2)
01-01 08:00:12.104 350 350 I CameraProviderManager: Connecting to new camera provider: external/0, isRemote? 1
01-01 08:00:12.106 350 350 I CameraProviderManager: Camera provider external/0 ready with 0 camera devices
01-01 08:00:12.107 350 427 W CameraProviderManager: addProviderLocked: Camera provider HAL with name 'external/0' already registered
01-01 08:00:12.108 350 350 I cameraserver: Waiting for activity service
01-01 08:00:12.110 377 377 I HidlServiceManagement: Registered android.hardware.radio@1.2::ISap/slot1
01-01 08:00:12.113 367 367 W storaged: health: invalid battery status
01-01 08:00:12.117 367 367 I ServiceManager: Waiting for service 'package_native' on '/dev/binder'...
01-01 08:00:12.119 369 369 D systemmixservice: main SystemMix service is running.
01-01 08:00:12.120 369 369 I systemmixservice: ServiceManager: 0xed09bcb0
01-01 08:00:12.121 369 369 D SystemMixService: SystemMixService created
01-01 08:00:12.121 186 186 E SELinux : avc: denied { add } for pid=369 uid=0 name=softwinner.systemmix scontext=u:r:systemmix:s0 tcontext=u:object_r:default_android_service:s0 tclass=service_manager permissive=1
01-01 08:00:12.147 273 273 E APM::HwModule: refreshSupportedDevices: invalid source devices for primary input
01-01 08:00:12.147 273 273 E APM::HwModule: refreshSupportedDevices: invalid source devices for fast input
01-01 08:00:12.151 366 366 D multiir : uevent listen start
01-01 08:00:12.153 273 273 D APM_EngineLoader: Loaded engine from libaudiopolicyenginedefault.so
01-01 08:00:12.153 273 273 D APM::AudioPolicyEngine/Base: loadAudioPolicyEngineConfig: No configuration found, using default matching phone experience.
01-01 08:00:12.179 273 273 W APM::AudioPolicyEngine/Base: loadAudioPolicyEngineConfig: No configuration of AUDIO_STREAM_ASSISTANT found, using default volume configuration
01-01 08:00:12.180 273 273 W APM::AudioPolicyEngine/Base: loadAudioPolicyEngineConfig: No configuration of AUDIO_STREAM_CALL_ASSISTANT found, using default volume configuration
01-01 08:00:12.203 254 254 V audio_hw_primary: init_audio_devices, line: 611
01-01 08:00:12.204 254 254 D audio_hw_primary: read card /sys/class/sound/card0/id
01-01 08:00:12.204 254 254 D audio_hw_primary: /sys/class/sound/card0/id, audiocodec, len: 11
01-01 08:00:12.204 254 254 D audio_hw_primary: linux name = audiocodec, android name = AUDIO_CODEC
01-01 08:00:12.204 254 254 D audio_hw_primary: find name map, card_id = audiocodec, card_name = AUDIO_CODEC
01-01 08:00:12.204 254 254 V audio_hw_primary: card: 0, name: AUDIO_CODEC, capture: 0, playback: 1
01-01 08:00:12.204 254 254 D audio_hw_primary: read card /sys/class/sound/card1/id
01-01 08:00:12.204 254 254 D audio_hw_primary: /sys/class/sound/card1/id, sndspdif, len: 9
01-01 08:00:12.204 254 254 D audio_hw_primary: linux name = sndspdif, android name = AUDIO_SPDIF
01-01 08:00:12.205 254 254 D audio_hw_primary: find name map, card_id = sndspdif, card_name = AUDIO_SPDIF
01-01 08:00:12.205 254 254 V audio_hw_primary: card: 1, name: AUDIO_SPDIF, capture: 1, playback: 1
01-01 08:00:12.205 254 254 D audio_hw_primary: read card /sys/class/sound/card2/id
01-01 08:00:12.205 254 254 D audio_hw_primary: /sys/class/sound/card2/id, ahubdam, len: 8
01-01 08:00:12.205 254 254 D audio_hw_primary: linux name = ahubdam, android name = AUDIO_DAM
01-01 08:00:12.205 254 254 D audio_hw_primary: find name map, card_id = ahubdam, card_name = AUDIO_DAM
01-01 08:00:12.205 254 254 V audio_hw_primary: card: 2, name: AUDIO_DAM, capture: 0, playback: 0
01-01 08:00:12.205 254 254 D audio_hw_primary: read card /sys/class/sound/card3/id
01-01 08:00:12.205 254 254 D audio_hw_primary: /sys/class/sound/card3/id, ahubhdmi, len: 9
01-01 08:00:12.205 254 254 D audio_hw_primary: linux name = ahubhdmi, android name = AUDIO_HDMI
01-01 08:00:12.205 254 254 D audio_hw_primary: find name map, card_id = ahubhdmi, card_name = AUDIO_HDMI
01-01 08:00:12.205 254 254 V audio_hw_primary: card: 3, name: AUDIO_HDMI, capture: 1, playback: 1
01-01 08:00:12.206 254 254 D audio_hw_primary: read card /sys/class/sound/card4/id
01-01 08:00:12.206 254 254 D audio_hw_primary: /sys/class/sound/card4/id, ahubi2s2, len: 9
01-01 08:00:12.206 254 254 D audio_hw_primary: linux name = ahubi2s2, android name = AUDIO_I2S2
01-01 08:00:12.206 254 254 D audio_hw_primary: find name map, card_id = ahubi2s2, card_name = AUDIO_I2S2
01-01 08:00:12.206 254 254 V audio_hw_primary: card: 4, name: AUDIO_I2S2, capture: 1, playback: 1
01-01 08:00:12.206 254 254 D audio_hw_primary: getCardNumbyName: name = AUDIO_CODEC , card = 0
01-01 08:00:12.206 254 254 D audio_hw_primary: getCardNumbyName: name = AUDIO_DAM , card = 2
01-01 08:00:12.206 254 254 D audio_hw_primary: getCardNumbyName: name = AUDIO_HDMI , card = 3
01-01 08:00:12.206 254 254 D audio_hw_primary: getCardNumbyName: name = AUDIO_I2S2 , card = 4
01-01 08:00:12.206 254 254 D audio_hw_primary: getCardNumbyName: name = AUDIO_SPDIF , card = 1
01-01 08:00:12.206 254 254 E audio_hw_primary: AUDIO_BT card does not exist
01-01 08:00:12.206 254 254 E audio_hw_primary: AUDIO_MIX card does not exist
01-01 08:00:12.206 254 254 V audio_hw_primary: init_audio_devices_active, line: 635
01-01 08:00:12.206 254 254 V audio_hw_primary: init_audio_devices_active: get property persist.vendor.audio.input.active: AUDIO_CODEC
01-01 08:00:12.204 1 1 I /system/bin/init: type=1107 audit(0.0:295): uid=0 auid=4294967295 ses=4294967295 subj=u:r:init:s0 msg='avc: denied { set } for property=persist.vendor.audio.input.active pid=254 uid=1041 gid=1005 scontext=u:r:hal_audio_default:s0 tcontext=u:object_r:vendor_default_prop:s0 tclass=property_service permissive=1'
01-01 08:00:12.204 329 329 I rainbow_flow: type=1400 audit(0.0:296): avc: denied { ioctl } for path="/dev/spidev1.0" dev="tmpfs" ino=208 ioctlcmd=0x6b00 scontext=u:r:init:s0 tcontext=u:object_r:device:s0 tclass=chr_file permissive=1
01-01 08:00:12.218 254 254 V audio_hw_primary: set property persist.vendor.audio.input.active: AUDIO_CODEC ok
01-01 08:00:12.218 254 254 V audio_hw_primary: init_audio_devices_active: get property persist.vendor.audio.output.active: AUDIO_HDMI
01-01 08:00:12.223 366 366 D multiir : find target device, path=/dev/input/event0
01-01 08:00:12.230 366 444 D multiir : MultiirService create
01-01 08:00:12.230 254 254 V audio_hw_primary: set property persist.vendor.audio.output.active: AUDIO_HDMI ok
01-01 08:00:12.230 254 254 V audio_hw_primary: AUDIO_HDMI output device will be active
01-01 08:00:12.230 254 254 D audio_hw_primary: XX 2 0 2 0
01-01 08:00:12.234 254 254 W audio_route: Control 'External Speaker Switch' doesn't exist - skipping
01-01 08:00:12.234 254 254 W audio_route: Control 'Headphone Switch' doesn't exist - skipping
01-01 08:00:12.234 254 254 W audio_route: Control 'Earpiece Switch' doesn't exist - skipping
01-01 08:00:12.234 254 254 W audio_route: Control 'AIF1IN0R Mux' doesn't exist - skipping
01-01 08:00:12.234 254 254 W audio_route: Control 'AIF1IN0L Mux' doesn't exist - skipping
01-01 08:00:12.234 254 254 W audio_route: Control 'DACR Mixer AIF1DA0R Switch' doesn't exist - skipping
01-01 08:00:12.234 254 254 W audio_route: Control 'DACL Mixer AIF1DA0L Switch' doesn't exist - skipping
01-01 08:00:12.234 254 254 W audio_route: Control 'AIF1OUT0L Mux' doesn't exist - skipping
01-01 08:00:12.234 254 254 W audio_route: Control 'AIF1OUT0R Mux' doesn't exist - skipping
01-01 08:00:12.234 254 254 W audio_route: Control 'AIF1 AD0L Mixer ADCL Switch' doesn't exist - skipping
01-01 08:00:12.234 254 254 W audio_route: Control 'AIF1 AD0R Mixer ADCR Switch' doesn't exist - skipping
01-01 08:00:12.234 254 254 W audio_route: Control 'ADCR Mux' doesn't exist - skipping
01-01 08:00:12.234 254 254 W audio_route: Control 'ADCL Mux' doesn't exist - skipping
01-01 08:00:12.234 254 254 W audio_route: Control 'HP_R Mux' doesn't exist - skipping
01-01 08:00:12.234 254 254 W audio_route: Control 'HP_L Mux' doesn't exist - skipping
01-01 08:00:12.234 254 254 W audio_route: Control 'HP_R Mux' doesn't exist - skipping
01-01 08:00:12.234 254 254 W audio_route: Control 'HP_L Mux' doesn't exist - skipping
01-01 08:00:12.235 254 254 W audio_route: Control 'Right Output Mixer DACR Switch' doesn't exist - skipping
01-01 08:00:12.235 254 254 W audio_route: Control 'Left Output Mixer DACL Switch' doesn't exist - skipping
01-01 08:00:12.235 254 254 W audio_route: Control 'SPK_L Mux' doesn't exist - skipping
01-01 08:00:12.235 254 254 W audio_route: Control 'SPK_R Mux' doesn't exist - skipping
01-01 08:00:12.235 254 254 W audio_route: Control 'External Speaker Switch' doesn't exist - skipping
01-01 08:00:12.236 186 186 E SELinux : avc: denied { add } for pid=366 uid=0 name=softwinner.multi_ir scontext=u:r:multi_ir:s0 tcontext=u:object_r:default_android_service:s0 tclass=service_manager permissive=1
01-01 08:00:12.237 254 254 W audio_route: Control 'Headphone Switch' doesn't exist - skipping
01-01 08:00:12.237 254 254 W audio_route: Control 'AIF1IN0R Mux' doesn't exist - skipping
01-01 08:00:12.237 254 254 W audio_route: Control 'AIF1IN0L Mux' doesn't exist - skipping
01-01 08:00:12.237 254 254 W audio_route: Control 'DACR Mixer AIF1DA0R Switch' doesn't exist - skipping
01-01 08:00:12.237 254 254 W audio_route: Control 'DACL Mixer AIF1DA0L Switch' doesn't exist - skipping
01-01 08:00:12.237 254 254 W audio_route: Control 'Left Output Mixer DACR Switch' doesn't exist - skipping
01-01 08:00:12.238 254 254 W audio_route: Control 'Left Output Mixer DACL Switch' doesn't exist - skipping
01-01 08:00:12.238 254 254 W audio_route: Control 'SPK_L Mux' doesn't exist - skipping
01-01 08:00:12.238 254 254 W audio_route: Control 'External Speaker Switch' doesn't exist - skipping
01-01 08:00:12.238 254 254 W audio_route: unknown enum value string 0 for ctl LINEOUTL src LR
01-01 08:00:12.238 254 254 W audio_route: unknown enum value string 0 for ctl LINEOUTR src LR
01-01 08:00:12.238 254 254 W audio_route: Control 'DACR Mixer AIF1DA0R Switch' doesn't exist - skipping
01-01 08:00:12.238 254 254 W audio_route: Control 'DACL Mixer AIF1DA0L Switch' doesn't exist - skipping
01-01 08:00:12.238 254 254 W audio_route: Control 'AIF1 AD0L Mixer ADCL Switch' doesn't exist - skipping
01-01 08:00:12.238 254 254 W audio_route: Control 'AIF1 AD0R Mixer ADCR Switch' doesn't exist - skipping
01-01 08:00:12.238 254 254 W audio_route: Control 'Left Output Mixer DACL Switch' doesn't exist - skipping
01-01 08:00:12.238 254 254 W audio_route: Control 'Left Output Mixer DACR Switch' doesn't exist - skipping
01-01 08:00:12.238 254 254 W audio_route: Control 'Right Output Mixer DACL Switch' doesn't exist - skipping
01-01 08:00:12.238 254 254 W audio_route: Control 'Right Output Mixer DACR Switch' doesn't exist - skipping
01-01 08:00:12.238 254 254 W audio_route: Control 'Headphone Switch' doesn't exist - skipping
01-01 08:00:12.238 254 254 W audio_route: Control 'External Speaker Switch' doesn't exist - skipping
01-01 08:00:12.238 254 254 W audio_route: Control 'AIF1OUT0R Mux' doesn't exist - skipping
01-01 08:00:12.238 254 254 W audio_route: Control 'AIF1OUT0L Mux' doesn't exist - skipping
01-01 08:00:12.238 254 254 W audio_route: Control 'AIF1 AD0R Mixer ADCR Switch' doesn't exist - skipping
01-01 08:00:12.238 254 254 W audio_route: Control 'AIF1 AD0L Mixer ADCL Switch' doesn't exist - skipping
01-01 08:00:12.238 254 254 W audio_route: Control 'ADCR Mux' doesn't exist - skipping
01-01 08:00:12.238 254 254 W audio_route: Control 'ADCL Mux' doesn't exist - skipping
01-01 08:00:12.238 254 254 W audio_route: Control 'LADC input Mixer MIC1 boost Switch' doesn't exist - skipping
01-01 08:00:12.238 254 254 W audio_route: Control 'RADC input Mixer MIC1 boost Switch' doesn't exist - skipping
01-01 08:00:12.238 254 254 W audio_route: Control 'AIF1OUT0R Mux' doesn't exist - skipping
01-01 08:00:12.238 254 254 W audio_route: Control 'AIF1OUT0L Mux' doesn't exist - skipping
01-01 08:00:12.238 254 254 W audio_route: Control 'AIF1 AD0R Mixer ADCR Switch' doesn't exist - skipping
01-01 08:00:12.238 254 254 W audio_route: Control 'AIF1 AD0L Mixer ADCL Switch' doesn't exist - skipping
01-01 08:00:12.238 254 254 W audio_route: Control 'ADCR Mux' doesn't exist - skipping
01-01 08:00:12.238 254 254 W audio_route: Control 'ADCL Mux' doesn't exist - skipping
01-01 08:00:12.238 254 254 W audio_route: Control 'MIC2 SRC' doesn't exist - skipping
01-01 08:00:12.238 254 254 W audio_route: Control 'LADC input Mixer MIC2 boost Switch' doesn't exist - skipping
01-01 08:00:12.238 254 254 W audio_route: Control 'RADC input Mixer MIC2 boost Switch' doesn't exist - skipping
01-01 08:00:12.238 254 254 W audio_route: Control 'ADCL Mux' doesn't exist - skipping
01-01 08:00:12.238 254 254 W audio_route: Control 'ADCR Mux' doesn't exist - skipping
01-01 08:00:12.239 254 254 W audio_route: Control 'AIF1 AD0L Mixer ADCL Switch' doesn't exist - skipping
01-01 08:00:12.239 254 254 W audio_route: Control 'AIF1 AD0R Mixer ADCR Switch' doesn't exist - skipping
