01-01 08:00:14.103 478 526 I SystemConfig: Reading permissions from /vendor/etc/permissions/android.hardware.vulkan.level.xml
01-01 08:00:14.108 478 526 I SystemConfig: Reading permissions from /vendor/etc/permissions/android.hardware.camera.external.xml
01-01 08:00:14.115 478 526 I SystemConfig: Reading permissions from /vendor/etc/permissions/android.software.verified_boot.xml
01-01 08:00:14.116 478 478 I SystemServerTiming: StartInstaller
01-01 08:00:14.116 478 478 I SystemServiceManager: Starting com.android.server.pm.Installer
01-01 08:00:14.117 516 529 D libEGL : loaded /vendor/lib/egl/libGLES_mali.so
01-01 08:00:14.117 478 526 I SystemConfig: Reading permissions from /vendor/etc/permissions/android.hardware.bluetooth.xml
01-01 08:00:14.118 478 526 I SystemConfig: Reading permissions from /vendor/etc/permissions/tv_core_hardware.xml
01-01 08:00:14.120 478 526 I SystemConfig: Reading permissions from /vendor/etc/permissions/android.hardware.touchscreen.multitouch.xml
01-01 08:00:14.124 361 370 D installd: Found quota mount /dev/block/by-name/userdata at /data
01-01 08:00:14.125 361 370 D installd: Found quota mount /dev/block/by-name/userdata at /data/user/0
01-01 08:00:14.127 478 526 I SystemConfig: Reading permissions from /product/etc/sysconfig/preinstalled-packages-platform-overlays.xml
01-01 08:00:14.128 478 478 I SystemServerTiming: DeviceIdentifiersPolicyService
01-01 08:00:14.128 478 478 I SystemServiceManager: Starting com.android.server.os.DeviceIdentifiersPolicyService
01-01 08:00:14.132 478 478 I SystemServerTiming: UriGrantsManagerService
01-01 08:00:14.132 478 478 I SystemServiceManager: Starting com.android.server.uri.UriGrantsManagerService$Lifecycle
01-01 08:00:14.132 478 526 I SystemConfig: Reading permissions from /product/etc/sysconfig/preinstalled-packages-platform-handheld-product.xml
01-01 08:00:14.136 478 526 I SystemConfig: Reading permissions from /product/etc/permissions/com.android.tv.xml
01-01 08:00:14.138 478 526 I SystemConfig: Reading permissions from /product/etc/permissions/com.android.settings.intelligence.xml
01-01 08:00:14.138 478 478 I SystemServerTiming: StartPowerStatsService
01-01 08:00:14.138 478 478 I SystemServiceManager: Starting com.android.server.powerstats.PowerStatsService
01-01 08:00:14.140 478 526 W SystemConfig: No directory /system_ext/etc/sysconfig, skipping
01-01 08:00:14.141 186 186 E servicemanager: Could not find android.hardware.power.stats.IPowerStats/default in the VINTF manifest.
01-01 08:00:14.142 478 526 I SystemConfig: Reading permissions from /system_ext/etc/permissions/com.android.carrierconfig.xml
01-01 08:00:14.145 187 187 I hwservicemanager: getTransport: Cannot find entry android.hardware.power.stats@1.0::IPowerStats/default in either framework or device VINTF manifest.
01-01 08:00:14.146 478 526 I SystemConfig: Reading permissions from /system_ext/etc/permissions/com.softwinner.screenshot.xml
01-01 08:00:14.152 478 526 I SystemConfig: Reading permissions from /system_ext/etc/permissions/privapp-settingssetup.xml
01-01 08:00:14.152 478 478 E PowerStatsService: Unable to get power.stats HAL service.
01-01 08:00:14.154 478 478 E PowerStatsService: nativeInit failed to connect to power.stats HAL
01-01 08:00:14.154 478 526 I SystemConfig: Reading permissions from /system_ext/etc/permissions/com.android.storagemanager.xml
01-01 08:00:14.155 478 478 I SystemServerTiming: StartIStatsService
01-01 08:00:14.156 187 187 I hwservicemanager: getTransport: Cannot find entry android.frameworks.stats@1.0::IStats/default in either framework or device VINTF manifest.
01-01 08:00:14.156 478 478 E HidlServiceManagement: Service android.frameworks.stats@1.0::IStats/default must be in VINTF manifest in order to register/get.
01-01 08:00:14.156 478 478 W system_server: Cannot register HIDL android.frameworks.stats@1.0::IStats: -2147483648
01-01 08:00:14.157 186 186 I servicemanager: Found android.frameworks.stats.IStats/default in framework VINTF manifest.
01-01 08:00:14.158 478 478 I SystemServerTiming: MemtrackProxyService
01-01 08:00:14.158 187 187 I hwservicemanager: getTransport: Cannot find entry android.hardware.memtrack@1.0::IMemtrack/default in either framework or device VINTF manifest.
01-01 08:00:14.159 186 186 E servicemanager: Could not find android.hardware.memtrack.IMemtrack/default in the VINTF manifest.
01-01 08:00:14.159 478 526 I SystemConfig: Reading permissions from /system_ext/etc/permissions/com.android.tv.settings.xml
01-01 08:00:14.160 478 478 I Stability: Interface set with vintf stability wire protocol version 1 downgraded to system stability wire protocol version 1 stability
01-01 08:00:14.160 478 478 I SystemServerTiming: StartActivityManager
01-01 08:00:14.161 478 478 I SystemServiceManager: Starting com.android.server.wm.ActivityTaskManagerService$Lifecycle
01-01 08:00:14.163 478 526 I SystemConfig: Reading permissions from /system_ext/etc/permissions/provision-permissions.xml
01-01 08:00:14.165 478 526 I SystemConfig: Reading permissions from /system_ext/etc/permissions/com.android.provision.xml
01-01 08:00:14.168 478 526 I SystemConfig: Reading permissions from /system_ext/etc/permissions/com.android.systemui.xml
01-01 08:00:14.175 478 478 I SystemServiceManager: Starting com.android.server.am.ActivityManagerService$Lifecycle
01-01 08:00:14.176 478 526 I SystemConfig: Reading permissions from /apex/com.android.ipsec/etc/permissions/android.net.ipsec.ike.xml
01-01 08:00:14.189 478 478 I ActivityManager: Memory class: 256
01-01 08:00:14.192 478 532 I Binder : Setting heavy hitter watcher config: false, 0, 0.0
01-01 08:00:14.194 478 526 W SystemConfig: Failed to read public libraries file /vendor/etc/public.libraries.txt
01-01 08:00:14.194 478 526 W SystemConfig: java.io.FileNotFoundException: /vendor/etc/public.libraries.txt: open failed: ENOENT (No such file or directory)
01-01 08:00:14.194 478 526 W SystemConfig: at libcore.io.IoBridge.open(IoBridge.java:575)
01-01 08:00:14.194 478 526 W SystemConfig: at java.io.FileInputStream.(FileInputStream.java:160)
01-01 08:00:14.194 478 526 W SystemConfig: at java.io.FileReader.(FileReader.java:72)
01-01 08:00:14.194 478 526 W SystemConfig: at com.android.server.SystemConfig.readPublicLibrariesListFile(SystemConfig.java:1601)
01-01 08:00:14.194 478 526 W SystemConfig: at com.android.server.SystemConfig.readPublicNativeLibrariesList(SystemConfig.java:1583)
01-01 08:00:14.194 478 526 W SystemConfig: at com.android.server.SystemConfig.(SystemConfig.java:484)
01-01 08:00:14.194 478 526 W SystemConfig: at com.android.server.SystemConfig.getInstance(SystemConfig.java:272)
01-01 08:00:14.194 478 526 W SystemConfig: at com.android.server.SystemServer$$ExternalSyntheticLambda7.run(Unknown Source:0)
01-01 08:00:14.194 478 526 W SystemConfig: at com.android.server.SystemServerInitThreadPool.lambda$submitTask$0$SystemServerInitThreadPool(SystemServerInitThreadPool.java:105)
01-01 08:00:14.194 478 526 W SystemConfig: at com.android.server.SystemServerInitThreadPool$$ExternalSyntheticLambda0.run(Unknown Source:6)
01-01 08:00:14.194 478 526 W SystemConfig: at java.util.concurrent.Executors$RunnableAdapter.call(Executors.java:462)
01-01 08:00:14.194 478 526 W SystemConfig: at java.util.concurrent.FutureTask.run(FutureTask.java:266)
01-01 08:00:14.194 478 526 W SystemConfig: at java.util.concurrent.ThreadPoolExecutor.runWorker(ThreadPoolExecutor.java:1167)
01-01 08:00:14.194 478 526 W SystemConfig: at java.util.concurrent.ThreadPoolExecutor$Worker.run(ThreadPoolExecutor.java:641)
01-01 08:00:14.194 478 526 W SystemConfig: at com.android.internal.util.ConcurrentUtils$1$1.run(ConcurrentUtils.java:65)
01-01 08:00:14.194 478 526 W SystemConfig: Caused by: android.system.ErrnoException: open failed: ENOENT (No such file or directory)
01-01 08:00:14.194 478 526 W SystemConfig: at libcore.io.Linux.open(Native Method)
01-01 08:00:14.194 478 526 W SystemConfig: at libcore.io.ForwardingOs.open(ForwardingOs.java:567)
01-01 08:00:14.194 478 526 W SystemConfig: at libcore.io.BlockGuardOs.open(BlockGuardOs.java:273)
01-01 08:00:14.194 478 526 W SystemConfig: at libcore.io.IoBridge.open(IoBridge.java:561)
01-01 08:00:14.194 478 526 W SystemConfig: ... 14 more
01-01 08:00:14.196 478 526 D SystemServerInitThreadPool: Finished executing ReadingSystemConfig
01-01 08:00:14.208 516 516 I BootAnimation: type=1400 audit(0.0:300): avc: denied { search } for name="data" dev="mmcblk0p25" ino=87 scontext=u:r:bootanim:s0 tcontext=u:object_r:system_data_file:s0:c512,c768 tclass=dir permissive=1
01-01 08:00:14.218 187 187 I hwservicemanager: getTransport: Cannot find entry android.hardware.configstore@1.0::ISurfaceFlingerConfigs/default in either framework or device VINTF manifest.
01-01 08:00:14.242 478 478 D BatteryStatsImpl: Reading daily items from /data/system/batterystats-daily.xml
01-01 08:00:14.251 187 187 I hwservicemanager: getTransport: Cannot find entry android.hardware.power.stats@1.0::IPowerStats/default in either framework or device VINTF manifest.
01-01 08:00:14.253 516 529 D BootAnimation: BootAnimationShownTiming start time: 12186ms
01-01 08:00:14.254 478 546 E BatteryStatsService: Unable to load Power.Stats.HAL. Setting rail availability to false
01-01 08:00:14.255 478 546 E BluetoothAdapter: Bluetooth binder is null
01-01 08:00:14.256 478 546 I KernelCpuUidFreqTimeReader: mPerClusterTimesAvailable=false
01-01 08:00:14.268 478 546 W KernelCpuUidFreqTimeBpfMapReader: Failed to start tracking
01-01 08:00:14.271 478 509 W Zygote : Class not found for preloading: android.view.SurfaceView$2
01-01 08:00:14.272 478 546 W KernelCpuProcStringReader: File not found. It's normal if not implemented: /proc/uid_time_in_state
01-01 08:00:14.273 478 546 W KernelCpuUidActiveTimeBpfMapReader: Failed to start tracking
01-01 08:00:14.274 478 546 W KernelCpuProcStringReader: File not found. It's normal if not implemented: /proc/uid_concurrent_active_time
01-01 08:00:14.274 478 546 W KernelCpuUidClusterTimeBpfMapReader: Failed to start tracking
01-01 08:00:14.275 478 546 W KernelCpuProcStringReader: File not found. It's normal if not implemented: /proc/uid_concurrent_policy_time
01-01 08:00:14.275 478 546 E KernelCpuSpeedReader: Failed to read cpu-freq: /sys/devices/system/cpu/cpu0/cpufreq/stats/time_in_state: open failed: ENOENT (No such file or directory)
01-01 08:00:14.276 478 546 E system_server: Cannot read thread CPU times for PID 478
01-01 08:00:14.272 210 210 I Binder:210_2: type=1400 audit(0.0:301): avc: denied { read } for name="event_count" dev="sysfs" ino=22115 scontext=u:r:system_suspend:s0 tcontext=u:object_r:sysfs:s0 tclass=file permissive=1
01-01 08:00:14.272 210 210 I Binder:210_2: type=1400 audit(0.0:302): avc: denied { open } for path="/sys/devices/platform/soc@3000000/7040000.s_cir/wakeup/wakeup4/event_count" dev="sysfs" ino=22115 scontext=u:r:system_suspend:s0 tcontext=u:object_r:sysfs:s0 tclass=file permissive=1
01-01 08:00:14.276 210 210 I Binder:210_2: type=1400 audit(0.0:303): avc: denied { getattr } for path="/sys/devices/platform/soc@3000000/7040000.s_cir/wakeup/wakeup4/event_count" dev="sysfs" ino=22115 scontext=u:r:system_suspend:s0 tcontext=u:object_r:sysfs:s0 tclass=file permissive=1
01-01 08:00:14.289 478 546 W KernelMemoryBandwidthStats: No kernel memory bandwidth stats available
01-01 08:00:14.317 187 187 I hwservicemanager: getTransport: Cannot find entry android.hardware.graphics.mapper@4.0::IMapper/default in either framework or device VINTF manifest.
01-01 08:00:14.317 516 529 I Gralloc4: mapper 4.x is not supported
01-01 08:00:14.318 187 187 I hwservicemanager: getTransport: Cannot find entry android.hardware.graphics.mapper@3.0::IMapper/default in either framework or device VINTF manifest.
01-01 08:00:14.318 516 529 W Gralloc3: mapper 3.x is not supported
01-01 08:00:14.324 516 529 E gralloc : Arm Module v1.0
01-01 08:00:14.325 187 187 I hwservicemanager: getTransport: Cannot find entry android.hardware.graphics.allocator@4.0::IAllocator/default in either framework or device VINTF manifest.
01-01 08:00:14.325 516 529 W Gralloc4: allocator 4.x is not supported
01-01 08:00:14.326 187 187 I hwservicemanager: getTransport: Cannot find entry android.hardware.graphics.allocator@3.0::IAllocator/default in either framework or device VINTF manifest.
01-01 08:00:14.326 516 529 W Gralloc3: allocator 3.x is not supported
01-01 08:00:14.330 262 288 I gralloc : alloc buffer:W:1920 H:1080 S:1920 PL[1920 1080] SZ:8294400 fmt:43 if:0 af:43 usg:20000b00 fg:00000004
01-01 08:00:14.331 516 529 E ion : ioctl c0044901 failed with code -1: Inappropriate ioctl for device
01-01 08:00:14.356 283 283 I SurfaceFlinger: Enter boot animation
01-01 08:00:14.358 263 263 E ion : ioctl c0044901 failed with code -1: Inappropriate ioctl for device
01-01 08:00:14.366 388 388 I : DVI mode selected: packets not configured
01-01 08:00:14.366 388 388 I : Error: set vsif failed
01-01 08:00:14.421 262 288 I gralloc : alloc buffer:W:1920 H:1080 S:1920 PL[1920 1080] SZ:8294400 fmt:43 if:0 af:43 usg:20000b00 fg:00000004
01-01 08:00:14.447 388 388 I : DVI mode selected: packets not configured
01-01 08:00:14.447 388 388 I : Error: set vsif failed
01-01 08:00:14.497 388 388 I : DVI mode selected: packets not configured
01-01 08:00:14.497 388 388 I : Error: set vsif failed
01-01 08:00:14.516 478 478 I IntentFirewall: Read new rules (A:0 B:0 S:0)
01-01 08:00:14.528 478 509 I Zygote : ...preloaded 7337 classes in 980ms.
01-01 08:00:14.529 478 508 I Zygote : Called ZygoteHooks.endPreload()
01-01 08:00:14.530 478 508 I Zygote : Installed AndroidKeyStoreProvider in 1ms.
01-01 08:00:14.542 478 478 E libprocessgroup: Failed to open /dev/memcg/apps: Permission denied
01-01 08:00:14.547 388 388 I : DVI mode selected: packets not configured
01-01 08:00:14.547 388 388 I : Error: set vsif failed
01-01 08:00:14.545 478 478 D AppOps : AppOpsService published
01-01 08:00:14.551 478 478 I SystemServerTiming: StartDataLoaderManagerService
01-01 08:00:14.552 478 478 I SystemServiceManager: Starting com.android.server.pm.DataLoaderManagerService
01-01 08:00:14.555 478 478 I SystemServerTiming: StartIncrementalService
01-01 08:00:14.555 478 508 I Zygote : Warmed up JCA providers in 25ms.
01-01 08:00:14.556 478 508 D Zygote : Zygote:ThreadPreadloadClass took 1009ms.
01-01 08:00:14.560 478 478 I incfs-mounts: [incfs] Loaded incremental-fs mount info: 0 instances, 0 mount points
01-01 08:00:14.562 478 478 I SystemServerTiming: StartPowerManager
01-01 08:00:14.562 478 478 I SystemServiceManager: Starting com.android.server.power.PowerManagerService
01-01 08:00:14.573 186 186 I servicemanager: Found android.hardware.power.IPower/default in device VINTF manifest.
01-01 08:00:14.577 187 187 I hw-BpHwBinder: onLastStrongRef automatically unlinking death recipients
01-01 08:00:14.583 268 268 I AW_PowerHAL: Power setMode: INTERACTIVE to: 1
01-01 08:00:14.583 268 268 I AW_PowerHAL: not completed yet, ignore mode request other
01-01 08:00:14.583 268 268 I AW_PowerHAL: check: Mode 0 not Supported ,do nothing
01-01 08:00:14.585 478 478 I SystemServerTiming: StartThermalManager
01-01 08:00:14.586 478 478 I SystemServiceManager: Starting com.android.server.power.ThermalManagerService
01-01 08:00:14.586 478 478 I SystemServerTiming: StartHintManager
01-01 08:00:14.587 478 478 I SystemServiceManager: Starting com.android.server.power.hint.HintManagerService
01-01 08:00:14.588 478 478 E PowerHalController: getHintSessionPreferredRate failed: Status(-129, EX_TRANSACTION_FAILED): 'UNKNOWN_TRANSACTION: '
01-01 08:00:14.589 478 478 I SystemServerTiming: InitPowerManagement
01-01 08:00:14.592 478 478 I SystemServerTiming: StartRecoverySystemService
01-01 08:00:14.592 478 478 I SystemServiceManager: Starting com.android.server.recoverysystem.RecoverySystemService$Lifecycle
01-01 08:00:14.597 478 478 I PackageWatchdog: Syncing state, reason: added new observer
01-01 08:00:14.597 478 478 I PackageWatchdog: Not pruning observers, elapsed time: 0ms
01-01 08:00:14.597 478 478 I PackageWatchdog: Cancelling state sync, nothing to sync
01-01 08:00:14.597 478 531 I PackageWatchdog: Saving observer state to file
01-01 08:00:14.601 478 478 I SystemServerTiming: StartLightsService
01-01 08:00:14.601 478 478 I SystemServiceManager: Starting com.android.server.lights.LightsService
01-01 08:00:14.604 186 186 I servicemanager: Found android.hardware.light.ILights/default in device VINTF manifest.
01-01 08:00:14.608 267 267 I android.hardware.lights-service: Lights reporting supported lights size=1
01-01 08:00:14.610 478 478 I SystemServerTiming: StartSidekickService
01-01 08:00:14.610 478 478 I SystemServerTiming: StartDisplayManager
01-01 08:00:14.610 478 478 I SystemServiceManager: Starting com.android.server.display.DisplayManagerService
01-01 08:00:14.613 388 388 I : DVI mode selected: packets not configured
01-01 08:00:14.613 388 388 I : Error: set vsif failed
01-01 08:00:14.626 283 335 E HWComposer: getSupportedContentTypes: getSupportedContentTypes failed for display 0: Unsupported (8)
01-01 08:00:14.631 478 478 I SystemServerTiming: WaitForDisplay
01-01 08:00:14.631 478 478 I SystemServiceManager: Starting phase 100
01-01 08:00:14.631 478 478 I SystemServerTiming: OnBootPhase_100
01-01 08:00:14.642 478 522 I DisplayDeviceRepository: Display device added: DisplayDeviceInfo{"内置屏幕": uniqueId="local:0", 1920 x 1080, modeId 1, defaultModeId 1, supportedModes [{id=1, width=1920, height=1080, fps=60.000004, alternativeRefreshRates=[]}], colorMode 0, supportedColorModes [0], hdrCapabilities HdrCapabilities{mSupportedHdrTypes=[2, 3], mMaxLuminance=500.0, mMaxAverageLuminance=500.0, mMinLuminance=0.0}, allmSupported false, gameContentTypeSupported false, density 240, 0.16 x 0.16 dpi, appVsyncOff 1000000, presDeadline 16666666, touch INTERNAL, rotation 0, type INTERNAL, address {port=0}, deviceProductInfo null, state UNKNOWN, frameRateOverride , brightnessMinimum 0.0, brightnessMaximum 1.0, brightnessDefault 0.39763778, FLAG_DEFAULT_DISPLAY, FLAG_ROTATES_WITH_CONTENT, FLAG_SECURE, FLAG_SUPPORTS_PROTECTED_BUFFERS}
01-01 08:00:14.644 478 522 I LogicalDisplayMapper: Applying layout: [{addr: {port=0}, dispId: 0(ON)}], Previous layout: null
01-01 08:00:14.647 478 522 I LogicalDisplayMapper: Adding new display: 0: DisplayInfo{"内置屏幕", displayId 0", displayGroupId -1, FLAG_SECURE, FLAG_SUPPORTS_PROTECTED_BUFFERS, FLAG_TRUSTED, real 1920 x 1080, largest app 1920 x 1080, smallest app 1920 x 1080, appVsyncOff 1000000, presDeadline 16666666, mode 1, defaultMode 1, modes [{id=1, width=1920, height=1080, fps=60.000004, alternativeRefreshRates=[]}], hdrCapabilities HdrCapabilities{mSupportedHdrTypes=[2, 3], mMaxLuminance=500.0, mMaxAverageLuminance=500.0, mMinLuminance=0.0}, userDisabledHdrTypes [], minimalPostProcessingSupported false, rotation 0, state UNKNOWN, type INTERNAL, uniqueId "local:0", app 1920 x 1080, density 240 (0.16 x 0.16) dpi, layerStack 0, colorMode 0, supportedColorModes [0], address {port=0}, deviceProductInfo null, removeMode 0, refreshRateOverride 0.0, brightnessMinimum 0.0, brightnessMaximum 1.0, brightnessDefault 0.39763778}
01-01 08:00:14.648 478 522 I LogicalDisplayMapper: Setting new display group 0 for display 0, from previous group: null
01-01 08:00:14.655 478 478 I SystemServerTiming: StartDomainVerificationService
01-01 08:00:14.663 388 388 I : DVI mode selected: packets not configured
01-01 08:00:14.663 388 388 I : Error: set vsif failed
01-01 08:00:14.678 478 478 I SystemServerTiming: StartPackageManagerService
01-01 08:00:14.678 478 478 I Watchdog: Pausing HandlerChecker: main thread for reason: packagemanagermain. Pause count: 1
01-01 08:00:14.685 478 478 I PackageManagerTiming: create package manager
01-01 08:00:14.697 478 478 E PackageManager: /oem/delete.txt not exist
01-01 08:00:14.698 478 478 I PackageManagerTiming: createSubComponents
01-01 08:00:14.713 388 388 I : DVI mode selected: packets not configured
01-01 08:00:14.714 388 388 I : Error: set vsif failed
01-01 08:00:14.734 478 478 I PackageManagerTiming: addSharedUsers
01-01 08:00:14.737 478 478 I PackageManagerTiming: get system config
01-01 08:00:14.741 478 478 D PackageManager: Directories scanned as system partitions: [/system:0, /vendor:524288, /odm:4194304, /oem:262144, /product:1048576, /system/system_ext:2097152, /apex/com.android.wifi:8388608, /apex/com.android.vndk.v31:8388608, /apex/com.android.tzdata:8388608, /apex/com.android.tethering:8388608, /apex/com.android.sdkext:8388608, /apex/com.android.scheduling:8388608, /apex/com.android.runtime:8388608, /apex/com.android.resolv:8388608, /apex/com.android.permission:8388608, /apex/com.android.os.statsd:8388608, /apex/com.android.neuralnetworks:8388608, /apex/com.android.mediaprovider:8388608, /apex/com.android.media.swcodec:8388608, /apex/com.android.media:8388608, /apex/com.android.ipsec:8388608, /apex/com.android.i18n:8388608, /apex/com.android.extservices:8388608, /apex/com.android.conscrypt:8388608, /apex/com.android.art:8388608, /apex/com.android.appsearch:8388608, /apex/com.android.adbd:8388608]
01-01 08:00:14.749 478 478 D SELinuxMMAC: Using policy file /system/etc/selinux/plat_mac_permissions.xml
01-01 08:00:14.752 478 478 D SELinuxMMAC: Using policy file /system_ext/etc/selinux/system_ext_mac_permissions.xml
01-01 08:00:14.753 478 478 D SELinuxMMAC: Using policy file /vendor/etc/selinux/vendor_mac_permissions.xml
01-01 08:00:14.754 478 478 I PackageManagerTiming: loadFallbacks
01-01 08:00:14.756 478 478 D FallbackCategoryProvider: Found 1 fallback categories
01-01 08:00:14.756 478 478 I PackageManagerTiming: read user settings
01-01 08:00:14.780 388 388 I : DVI mode selected: packets not configured
01-01 08:00:14.780 388 388 I : Error: set vsif failed
01-01 08:00:14.830 388 388 I : DVI mode selected: packets not configured
01-01 08:00:14.830 388 388 I : Error: set vsif failed
01-01 08:00:14.838 478 518 D SystemServerInitThreadPool: Finished executing loadPreinstalledSystemFontMap
01-01 08:00:14.880 388 388 I : DVI mode selected: packets not configured
01-01 08:00:14.880 388 388 I : Error: set vsif failed
01-01 08:00:14.948 478 478 W android.permission.PermissionManager: Missing ActivityManager; assuming 1000 holds android.permission.SET_PREFERRED_APPLICATIONS
01-01 08:00:14.949 478 478 W android.permission.PermissionManager: Missing ActivityManager; assuming 1000 holds android.permission.SET_PREFERRED_APPLICATIONS
01-01 08:00:14.950 478 478 W android.permission.PermissionManager: Missing ActivityManager; assuming 1000 holds android.permission.SET_PREFERRED_APPLICATIONS
01-01 08:00:14.950 478 478 W android.permission.PermissionManager: Missing ActivityManager; assuming 1000 holds android.permission.SET_PREFERRED_APPLICATIONS
01-01 08:00:14.950 478 478 W android.permission.PermissionManager: Missing ActivityManager; assuming 1000 holds android.permission.SET_PREFERRED_APPLICATIONS
01-01 08:00:14.951 478 478 W android.permission.PermissionManager: Missing ActivityManager; assuming 1000 holds android.permission.SET_PREFERRED_APPLICATIONS
01-01 08:00:14.951 478 478 W android.permission.PermissionManager: Missing ActivityManager; assuming 1000 holds android.permission.SET_PREFERRED_APPLICATIONS
01-01 08:00:14.951 478 478 W android.permission.PermissionManager: Missing ActivityManager; assuming 1000 holds android.permission.SET_PREFERRED_APPLICATIONS
01-01 08:00:14.951 478 478 W android.permission.PermissionManager: Missing ActivityManager; assuming 1000 holds android.permission.SET_PREFERRED_APPLICATIONS
01-01 08:00:14.952 478 478 W android.permission.PermissionManager: Missing ActivityManager; assuming 1000 holds android.permission.SET_PREFERRED_APPLICATIONS
01-01 08:00:14.952 478 478 W android.permission.PermissionManager: Missing ActivityManager; assuming 1000 holds android.permission.SET_PREFERRED_APPLICATIONS
01-01 08:00:14.952 478 478 W android.permission.PermissionManager: Missing ActivityManager; assuming 1000 holds android.permission.SET_PREFERRED_APPLICATIONS
01-01 08:00:14.952 478 478 W android.permission.PermissionManager: Missing ActivityManager; assuming 1000 holds android.permission.SET_PREFERRED_APPLICATIONS
01-01 08:00:14.952 478 478 W android.permission.PermissionManager: Missing ActivityManager; assuming 1000 holds android.permission.SET_PREFERRED_APPLICATIONS
01-01 08:00:14.953 478 478 W android.permission.PermissionManager: Missing ActivityManager; assuming 1000 holds android.permission.SET_PREFERRED_APPLICATIONS
01-01 08:00:14.953 478 478 W android.permission.PermissionManager: Missing ActivityManager; assuming 1000 holds android.permission.SET_PREFERRED_APPLICATIONS
01-01 08:00:14.953 478 478 W android.permission.PermissionManager: Missing ActivityManager; assuming 1000 holds android.permission.SET_PREFERRED_APPLICATIONS
01-01 08:00:14.953 478 478 W android.permission.PermissionManager: Missing ActivityManager; assuming 1000 holds android.permission.SET_PREFERRED_APPLICATIONS
01-01 08:00:14.953 478 478 W android.permission.PermissionManager: Missing ActivityManager; assuming 1000 holds android.permission.SET_PREFERRED_APPLICATIONS
01-01 08:00:14.954 478 478 W android.permission.PermissionManager: Missing ActivityManager; assuming 1000 holds android.permission.SET_PREFERRED_APPLICATIONS
01-01 08:00:14.954 478 478 W android.permission.PermissionManager: Missing ActivityManager; assuming 1000 holds android.permission.SET_PREFERRED_APPLICATIONS
01-01 08:00:14.954 478 478 W android.permission.PermissionManager: Missing ActivityManager; assuming 1000 holds android.permission.SET_PREFERRED_APPLICATIONS
01-01 08:00:14.954 478 478 W android.permission.PermissionManager: Missing ActivityManager; assuming 1000 holds android.permission.SET_PREFERRED_APPLICATIONS
01-01 08:00:14.955 478 478 W android.permission.PermissionManager: Missing ActivityManager; assuming 1000 holds android.permission.SET_PREFERRED_APPLICATIONS
01-01 08:00:14.955 478 478 W android.permission.PermissionManager: Missing ActivityManager; assuming 1000 holds android.permission.SET_PREFERRED_APPLICATIONS
01-01 08:00:14.955 478 478 W android.permission.PermissionManager: Missing ActivityManager; assuming 1000 holds android.permission.SET_PREFERRED_APPLICATIONS
01-01 08:00:14.955 478 478 W android.permission.PermissionManager: Missing ActivityManager; assuming 1000 holds android.permission.SET_PREFERRED_APPLICATIONS
01-01 08:00:14.956 478 478 W android.permission.PermissionManager: Missing ActivityManager; assuming 1000 holds android.permission.SET_PREFERRED_APPLICATIONS
01-01 08:00:14.956 478 478 W android.permission.PermissionManager: Missing ActivityManager; assuming 1000 holds android.permission.SET_PREFERRED_APPLICATIONS
01-01 08:00:14.956 478 478 W android.permission.PermissionManager: Missing ActivityManager; assuming 1000 holds android.permission.SET_PREFERRED_APPLICATIONS
01-01 08:00:14.956 478 478 W android.permission.PermissionManager: Missing ActivityManager; assuming 1000 holds android.permission.SET_PREFERRED_APPLICATIONS
01-01 08:00:14.956 478 478 W android.permission.PermissionManager: Missing ActivityManager; assuming 1000 holds android.permission.SET_PREFERRED_APPLICATIONS
01-01 08:00:14.957 478 478 W android.permission.PermissionManager: Missing ActivityManager; assuming 1000 holds android.permission.SET_PREFERRED_APPLICATIONS
01-01 08:00:14.957 478 478 W android.permission.PermissionManager: Missing ActivityManager; assuming 1000 holds android.permission.SET_PREFERRED_APPLICATIONS
01-01 08:00:14.957 478 478 W android.permission.PermissionManager: Missing ActivityManager; assuming 1000 holds android.permission.SET_PREFERRED_APPLICATIONS
01-01 08:00:14.957 478 478 W android.permission.PermissionManager: Missing ActivityManager; assuming 1000 holds android.permission.SET_PREFERRED_APPLICATIONS
01-01 08:00:14.958 478 478 W android.permission.PermissionManager: Missing ActivityManager; assuming 1000 holds android.permission.SET_PREFERRED_APPLICATIONS
01-01 08:00:14.958 478 478 W android.permission.PermissionManager: Missing ActivityManager; assuming 1000 holds android.permission.SET_PREFERRED_APPLICATIONS
01-01 08:00:14.958 478 478 W android.permission.PermissionManager: Missing ActivityManager; assuming 1000 holds android.permission.SET_PREFERRED_APPLICATIONS
01-01 08:00:14.958 478 478 W android.permission.PermissionManager: Missing ActivityManager; assuming 1000 holds android.permission.SET_PREFERRED_APPLICATIONS
01-01 08:00:14.959 478 478 W android.permission.PermissionManager: Missing ActivityManager; assuming 1000 holds android.permission.SET_PREFERRED_APPLICATIONS
01-01 08:00:14.959 478 478 W android.permission.PermissionManager: Missing ActivityManager; assuming 1000 holds android.permission.SET_PREFERRED_APPLICATIONS
01-01 08:00:14.959 478 478 W android.permission.PermissionManager: Missing ActivityManager; assuming 1000 holds android.permission.SET_PREFERRED_APPLICATIONS
01-01 08:00:14.959 478 478 W android.permission.PermissionManager: Missing ActivityManager; assuming 1000 holds android.permission.SET_PREFERRED_APPLICATIONS
01-01 08:00:14.960 478 478 W android.permission.PermissionManager: Missing ActivityManager; assuming 1000 holds android.permission.SET_PREFERRED_APPLICATIONS
01-01 08:00:14.960 478 478 W android.permission.PermissionManager: Missing ActivityManager; assuming 1000 holds android.permission.SET_PREFERRED_APPLICATIONS
01-01 08:00:14.960 478 478 W android.permission.PermissionManager: Missing ActivityManager; assuming 1000 holds android.permission.SET_PREFERRED_APPLICATIONS
01-01 08:00:14.960 478 478 W android.permission.PermissionManager: Missing ActivityManager; assuming 1000 holds android.permission.SET_PREFERRED_APPLICATIONS
01-01 08:00:14.960 478 478 W android.permission.PermissionManager: Missing ActivityManager; assuming 1000 holds android.permission.SET_PREFERRED_APPLICATIONS
01-01 08:00:14.961 478 478 W android.permission.PermissionManager: Missing ActivityManager; assuming 1000 holds android.permission.SET_PREFERRED_APPLICATIONS
01-01 08:00:14.961 478 478 W android.permission.PermissionManager: Missing ActivityManager; assuming 1000 holds android.permission.SET_PREFERRED_APPLICATIONS
01-01 08:00:14.961 478 478 W android.permission.PermissionManager: Missing ActivityManager; assuming 1000 holds android.permission.SET_PREFERRED_APPLICATIONS
01-01 08:00:14.961 478 478 W android.permission.PermissionManager: Missing ActivityManager; assuming 1000 holds android.permission.SET_PREFERRED_APPLICATIONS
01-01 08:00:14.962 478 478 W android.permission.PermissionManager: Missing ActivityManager; assuming 1000 holds android.permission.SET_PREFERRED_APPLICATIONS
01-01 08:00:14.962 478 478 W android.permission.PermissionManager: Missing ActivityManager; assuming 1000 holds android.permission.SET_PREFERRED_APPLICATIONS
01-01 08:00:14.962 478 478 W android.permission.PermissionManager: Missing ActivityManager; assuming 1000 holds android.permission.SET_PREFERRED_APPLICATIONS
01-01 08:00:14.962 478 478 W android.permission.PermissionManager: Missing ActivityManager; assuming 1000 holds android.permission.SET_PREFERRED_APPLICATIONS
01-01 08:00:14.962 478 478 W android.permission.PermissionManager: Missing ActivityManager; assuming 1000 holds android.permission.SET_PREFERRED_APPLICATIONS
01-01 08:00:14.963 478 478 W android.permission.PermissionManager: Missing ActivityManager; assuming 1000 holds android.permission.SET_PREFERRED_APPLICATIONS
01-01 08:00:14.963 478 478 W android.permission.PermissionManager: Missing ActivityManager; assuming 1000 holds android.permission.SET_PREFERRED_APPLICATIONS
01-01 08:00:14.963 478 478 W android.permission.PermissionManager: Missing ActivityManager; assuming 1000 holds android.permission.SET_PREFERRED_APPLICATIONS
01-01 08:00:14.964 478 478 W android.permission.PermissionManager: Missing ActivityManager; assuming 1000 holds android.permission.SET_PREFERRED_APPLICATIONS
01-01 08:00:14.964 478 478 W android.permission.PermissionManager: Missing ActivityManager; assuming 1000 holds android.permission.SET_PREFERRED_APPLICATIONS
01-01 08:00:14.964 478 478 W android.permission.PermissionManager: Missing ActivityManager; assuming 1000 holds android.permission.SET_PREFERRED_APPLICATIONS
01-01 08:00:14.964 478 478 W android.permission.PermissionManager: Missing ActivityManager; assuming 1000 holds android.permission.SET_PREFERRED_APPLICATIONS
01-01 08:00:14.964 478 478 W android.permission.PermissionManager: Missing ActivityManager; assuming 1000 holds android.permission.SET_PREFERRED_APPLICATIONS
01-01 08:00:14.965 478 478 W android.permission.PermissionManager: Missing ActivityManager; assuming 1000 holds android.permission.SET_PREFERRED_APPLICATIONS
01-01 08:00:14.965 478 478 W android.permission.PermissionManager: Missing ActivityManager; assuming 1000 holds android.permission.SET_PREFERRED_APPLICATIONS
01-01 08:00:14.965 478 478 W android.permission.PermissionManager: Missing ActivityManager; assuming 1000 holds android.permission.SET_PREFERRED_APPLICATIONS
01-01 08:00:14.966 478 478 W android.permission.PermissionManager: Missing ActivityManager; assuming 1000 holds android.permission.SET_PREFERRED_APPLICATIONS
01-01 08:00:14.966 478 478 W android.permission.PermissionManager: Missing ActivityManager; assuming 1000 holds android.permission.SET_PREFERRED_APPLICATIONS
01-01 08:00:14.968 478 478 W android.permission.PermissionManager: Missing ActivityManager; assuming 1000 holds android.permission.SET_PREFERRED_APPLICATIONS
01-01 08:00:14.970 478 478 W android.permission.PermissionManager: Missing ActivityManager; assuming 1000 holds android.permission.SET_PREFERRED_APPLICATIONS
01-01 08:00:14.971 478 478 W android.permission.PermissionManager: Missing ActivityManager; assuming 1000 holds android.permission.SET_PREFERRED_APPLICATIONS
01-01 08:00:14.973 478 478 W android.permission.PermissionManager: Missing ActivityManager; assuming 1000 holds android.permission.SET_PREFERRED_APPLICATIONS
01-01 08:00:14.975 478 478 W android.permission.PermissionManager: Missing ActivityManager; assuming 1000 holds android.permission.SET_PREFERRED_APPLICATIONS
01-01 08:00:14.977 478 478 W android.permission.PermissionManager: Missing ActivityManager; assuming 1000 holds android.permission.SET_PREFERRED_APPLICATIONS
01-01 08:00:14.978 478 478 W android.permission.PermissionManager: Missing ActivityManager; assuming 1000 holds android.permission.SET_PREFERRED_APPLICATIONS
01-01 08:00:14.978 478 478 W android.permission.PermissionManager: Missing ActivityManager; assuming 1000 holds android.permission.SET_PREFERRED_APPLICATIONS
01-01 08:00:14.979 478 478 W android.permission.PermissionManager: Missing ActivityManager; assuming 1000 holds android.permission.SET_PREFERRED_APPLICATIONS
01-01 08:00:14.979 478 478 W android.permission.PermissionManager: Missing ActivityManager; assuming 1000 holds android.permission.SET_PREFERRED_APPLICATIONS
01-01 08:00:14.979 478 478 W android.permission.PermissionManager: Missing ActivityManager; assuming 1000 holds android.permission.SET_PREFERRED_APPLICATIONS
01-01 08:00:14.979 478 478 W android.permission.PermissionManager: Missing ActivityManager; assuming 1000 holds android.permission.SET_PREFERRED_APPLICATIONS
01-01 08:00:14.980 478 478 W android.permission.PermissionManager: Missing ActivityManager; assuming 1000 holds android.permission.SET_PREFERRED_APPLICATIONS
01-01 08:00:14.980 478 478 W android.permission.PermissionManager: Missing ActivityManager; assuming 1000 holds android.permission.SET_PREFERRED_APPLICATIONS
01-01 08:00:14.980 478 478 W android.permission.PermissionManager: Missing ActivityManager; assuming 1000 holds android.permission.SET_PREFERRED_APPLICATIONS
01-01 08:00:14.980 478 478 W android.permission.PermissionManager: Missing ActivityManager; assuming 1000 holds android.permission.SET_PREFERRED_APPLICATIONS
01-01 08:00:14.981 478 478 W android.permission.PermissionManager: Missing ActivityManager; assuming 1000 holds android.permission.SET_PREFERRED_APPLICATIONS
01-01 08:00:14.981 478 478 W android.permission.PermissionManager: Missing ActivityManager; assuming 1000 holds android.permission.SET_PREFERRED_APPLICATIONS
01-01 08:00:14.981 478 478 W android.permission.PermissionManager: Missing ActivityManager; assuming 1000 holds android.permission.SET_PREFERRED_APPLICATIONS
01-01 08:00:14.981 478 478 W android.permission.PermissionManager: Missing ActivityManager; assuming 1000 holds android.permission.SET_PREFERRED_APPLICATIONS
01-01 08:00:14.981 478 478 W android.permission.PermissionManager: Missing ActivityManager; assuming 1000 holds android.permission.SET_PREFERRED_APPLICATIONS
01-01 08:00:14.982 478 478 W android.permission.PermissionManager: Missing ActivityManager; assuming 1000 holds android.permission.SET_PREFERRED_APPLICATIONS
01-01 08:00:14.982 478 478 W android.permission.PermissionManager: Missing ActivityManager; assuming 1000 holds android.permission.SET_PREFERRED_APPLICATIONS
01-01 08:00:14.982 478 478 W android.permission.PermissionManager: Missing ActivityManager; assuming 1000 holds android.permission.SET_PREFERRED_APPLICATIONS
01-01 08:00:14.982 478 478 W android.permission.PermissionManager: Missing ActivityManager; assuming 1000 holds android.permission.SET_PREFERRED_APPLICATIONS
01-01 08:00:14.983 478 478 W android.permission.PermissionManager: Missing ActivityManager; assuming 1000 holds android.permission.SET_PREFERRED_APPLICATIONS
01-01 08:00:14.983 478 478 W android.permission.PermissionManager: Missing ActivityManager; assuming 1000 holds android.permission.SET_PREFERRED_APPLICATIONS
01-01 08:00:14.983 478 478 W android.permission.PermissionManager: Missing ActivityManager; assuming 1000 holds android.permission.SET_PREFERRED_APPLICATIONS
01-01 08:00:14.983 478 478 W android.permission.PermissionManager: Missing ActivityManager; assuming 1000 holds android.permission.SET_PREFERRED_APPLICATIONS
01-01 08:00:14.984 478 478 W android.permission.PermissionManager: Missing ActivityManager; assuming 1000 holds android.permission.SET_PREFERRED_APPLICATIONS
01-01 08:00:14.984 478 478 W android.permission.PermissionManager: Missing ActivityManager; assuming 1000 holds android.permission.SET_PREFERRED_APPLICATIONS
01-01 08:00:14.984 478 478 W android.permission.PermissionManager: Missing ActivityManager; assuming 1000 holds android.permission.SET_PREFERRED_APPLICATIONS
01-01 08:00:14.984 478 478 W android.permission.PermissionManager: Missing ActivityManager; assuming 1000 holds android.permission.SET_PREFERRED_APPLICATIONS
01-01 08:00:14.985 478 478 W android.permission.PermissionManager: Missing ActivityManager; assuming 1000 holds android.permission.SET_PREFERRED_APPLICATIONS
01-01 08:00:14.985 478 478 W android.permission.PermissionManager: Missing ActivityManager; assuming 1000 holds android.permission.SET_PREFERRED_APPLICATIONS
01-01 08:00:14.985 478 478 W android.permission.PermissionManager: Missing ActivityManager; assuming 1000 holds android.permission.SET_PREFERRED_APPLICATIONS
01-01 08:00:14.985 478 478 W android.permission.PermissionManager: Missing ActivityManager; assuming 1000 holds android.permission.SET_PREFERRED_APPLICATIONS
01-01 08:00:14.986 478 478 W android.permission.PermissionManager: Missing ActivityManager; assuming 1000 holds android.permission.SET_PREFERRED_APPLICATIONS
01-01 08:00:14.986 478 478 W android.permission.PermissionManager: Missing ActivityManager; assuming 1000 holds android.permission.SET_PREFERRED_APPLICATIONS
01-01 08:00:14.986 478 478 W android.permission.PermissionManager: Missing ActivityManager; assuming 1000 holds android.permission.SET_PREFERRED_APPLICATIONS
01-01 08:00:14.986 478 478 W android.permission.PermissionManager: Missing ActivityManager; assuming 1000 holds android.permission.SET_PREFERRED_APPLICATIONS
01-01 08:00:14.986 478 478 W android.permission.PermissionManager: Missing ActivityManager; assuming 1000 holds android.permission.SET_PREFERRED_APPLICATIONS
01-01 08:00:15.009 478 478 W PackageSettings: Missing permission state for package: com.android.cts.priv.ctsshim
01-01 08:00:15.009 478 478 W PackageSettings: Missing permission state for package: com.android.internal.systemui.navbar.gestural_wide_back
01-01 08:00:15.009 478 478 W PackageSettings: Missing permission state for package: com.softwinner.awlogsettings
01-01 08:00:15.009 478 478 W PackageSettings: Missing permission state for package: com.android.htmlviewer
01-01 08:00:15.009 478 478 W PackageSettings: Missing permission state for package: com.android.internal.systemui.onehanded.gestural
01-01 08:00:15.010 478 478 W PackageSettings: Missing permission state for package: com.android.simappdialog
01-01 08:00:15.010 478 478 W PackageSettings: Missing permission state for package: com.android.connectivity.resources
01-01 08:00:15.010 478 478 W PackageSettings: Missing permission state for package: com.android.modulemetadata
01-01 08:00:15.010 478 478 W PackageSettings: Missing permission state for package: com.google.android.apps.searchlite.overlay
01-01 08:00:15.010 478 478 W PackageSettings: Missing permission state for package: com.android.internal.systemui.navbar.threebutton
01-01 08:00:15.010 478 478 W PackageSettings: Missing permission state for package: com.google.android.networkstackconfig
01-01 08:00:15.010 478 478 W PackageSettings: Missing permission state for package: com.android.internal.systemui.navbar.gestural_extra_wide_back
01-01 08:00:15.010 478 478 W PackageSettings: Missing permission state for package: com.android.dreams.basic
01-01 08:00:15.011 478 478 W PackageSettings: Missing permission state for package: android.ext.shared
01-01 08:00:15.011 478 478 W PackageSettings: Missing permission state for package: com.google.android.networkstack.tetheringconfig
01-01 08:00:15.011 478 478 W PackageSettings: Missing permission state for package: com.android.wifi.resources
01-01 08:00:15.011 478 478 W PackageSettings: Missing permission state for package: com.android.theme.font.notoserifsource
01-01 08:00:15.011 478 478 W PackageSettings: Missing permission state for package: com.allwinnertech.packageoverride
01-01 08:00:15.011 478 478 W PackageSettings: Missing permission state for package: com.android.bookmarkprovider
01-01 08:00:15.011 478 478 W PackageSettings: Missing permission state for package: com.android.cts.ctsshim
01-01 08:00:15.011 478 478 W PackageSettings: Missing permission state for package: com.softwinner.theme.icon
01-01 08:00:15.012 478 478 W PackageSettings: Missing permission state for package: com.softwinner.theme.color
01-01 08:00:15.012 478 478 W PackageSettings: Missing permission state for package: com.android.internal.systemui.navbar.gestural
01-01 08:00:15.012 478 478 W PackageSettings: Missing permission state for package: com.android.internal.systemui.navbar.gestural_narrow_back
01-01 08:00:15.012 478 478 W PackageSettings: Missing permission state for package: android.auto_generated_rro_vendor__
01-01 08:00:15.013 478 478 W PackageSettings: Missing permission state for shared user: android.uid.log
01-01 08:00:15.013 478 478 W PackageSettings: Missing permission state for shared user: android.uid.nfc
01-01 08:00:15.013 478 478 W PackageSettings: Missing permission state for shared user: android.uid.uwb
01-01 08:00:15.021 478 478 D PackageManager: Keeping known cache 01d7a3cbe7a65b579a599fa4dfd86b41949fc955
01-01 08:00:15.024 478 478 D PackageManager: No files in app dir /system/system_ext/overlay
01-01 08:00:15.037 478 478 I PackageBackwardCompatibility: Loaded android.content.pm.AndroidTestBaseUpdater
01-01 08:00:15.040 478 478 D CompatibilityChangeReporter: Compat change id reported: 143539591; UID -1; state: ENABLED
01-01 08:00:15.058 478 478 D PackageManager: No files in app dir /oem/overlay
01-01 08:00:15.058 478 478 D PackageManager: No files in app dir /odm/overlay
01-01 08:00:15.068 478 478 W PackageManager: Failed to parse /system/framework/arm: Missing base APK in /system/framework/arm
01-01 08:00:15.068 478 478 W PackageManager: Failed to parse /system/framework/oat: Missing base APK in /system/framework/oat/arm
01-01 08:00:15.133 478 568 D PackageParsing: homlet: force set orientation: 0
01-01 08:00:15.134 478 568 D CompatibilityChangeReporter: Compat change id reported: 150232615; UID -1; state: ENABLED
01-01 08:00:15.177 478 478 D CompatibilityChangeReporter: Compat change id reported: 143539591; UID -1; state: DISABLED
01-01 08:00:15.177 478 478 D CompatibilityChangeReporter: Compat change id reported: 168782947; UID -1; state: DISABLED
01-01 08:00:15.179 478 478 W PackageManager: Failed to parse /system/priv-app/SettingsAssist: /system/priv-app/SettingsAssist/SettingsAssist.apk (at Binary XML file line #34): com.softwinner.settingsassist.Recovery: Targeting S+ (version 31 and above) requires that an explicit value for android:exported be defined when intent filters are present
01-01 08:00:15.197 478 478 W PackageManager: Provider ComponentInfo{com.dangbei.leard.leradlauncher/androidx.core.content.FileProvider} already defined; ignoring
01-01 08:00:15.200 478 478 D CompatibilityChangeReporter: Compat change id reported: 168782947; UID -1; state: ENABLED
01-01 08:00:15.309 247 247 W ServiceManager: Service statscompanion didn't start. Returning NULL
01-01 08:00:15.310 247 247 I statsd : Statsd starts to listen to socket.
01-01 08:00:15.377 478 478 D PackageManager: No files in app dir /vendor/priv-app
01-01 08:00:15.377 478 478 D PackageManager: No files in app dir /vendor/app
01-01 08:00:15.378 478 478 D PackageManager: No files in app dir /odm/priv-app
01-01 08:00:15.378 478 478 D PackageManager: No files in app dir /odm/app
01-01 08:00:15.378 478 478 D PackageManager: No files in app dir /oem/priv-app
01-01 08:00:15.378 478 478 D PackageManager: No files in app dir /oem/app
01-01 08:00:15.475 478 495 I system_server: Background young concurrent copying GC freed 201221(10MB) AllocSpace objects, 114(2716KB) LOS objects, 79% free, 6304KB/30MB, paused 244us total 216.294ms
01-01 08:00:15.507 478 478 D PackageManager: No files in app dir /apex/com.android.vndk.v31/priv-app
01-01 08:00:15.507 478 478 D PackageManager: No files in app dir /apex/com.android.vndk.v31/app
01-01 08:00:15.508 478 478 D PackageManager: No files in app dir /apex/com.android.tzdata/priv-app
01-01 08:00:15.508 478 478 D PackageManager: No files in app dir /apex/com.android.tzdata/app
01-01 08:00:15.515 478 478 D PackageManager: No files in app dir /apex/com.android.tethering/app
01-01 08:00:15.516 478 478 D PackageManager: No files in app dir /apex/com.android.sdkext/priv-app
01-01 08:00:15.516 478 478 D PackageManager: No files in app dir /apex/com.android.sdkext/app
01-01 08:00:15.516 478 478 D PackageManager: No files in app dir /apex/com.android.scheduling/priv-app
01-01 08:00:15.516 478 478 D PackageManager: No files in app dir /apex/com.android.scheduling/app
01-01 08:00:15.516 478 478 D PackageManager: No files in app dir /apex/com.android.runtime/priv-app
01-01 08:00:15.516 478 478 D PackageManager: No files in app dir /apex/com.android.runtime/app
01-01 08:00:15.516 478 478 D PackageManager: No files in app dir /apex/com.android.resolv/priv-app
01-01 08:00:15.516 478 478 D PackageManager: No files in app dir /apex/com.android.resolv/app
01-01 08:00:15.525 478 478 D PackageManager: No files in app dir /apex/com.android.permission/app
01-01 08:00:15.525 478 478 D PackageManager: No files in app dir /apex/com.android.os.statsd/priv-app
01-01 08:00:15.525 478 478 D PackageManager: No files in app dir /apex/com.android.os.statsd/app
01-01 08:00:15.526 478 478 D PackageManager: No files in app dir /apex/com.android.neuralnetworks/priv-app
01-01 08:00:15.526 478 478 D PackageManager: No files in app dir /apex/com.android.neuralnetworks/app
01-01 08:00:15.532 478 478 D PackageManager: No files in app dir /apex/com.android.mediaprovider/app
01-01 08:00:15.532 478 478 D PackageManager: No files in app dir /apex/com.android.media.swcodec/priv-app
01-01 08:00:15.532 478 478 D PackageManager: No files in app dir /apex/com.android.media.swcodec/app
01-01 08:00:15.532 478 478 D PackageManager: No files in app dir /apex/com.android.media/priv-app
01-01 08:00:15.532 478 478 D PackageManager: No files in app dir /apex/com.android.media/app
01-01 08:00:15.532 478 478 D PackageManager: No files in app dir /apex/com.android.ipsec/priv-app
01-01 08:00:15.533 478 478 D PackageManager: No files in app dir /apex/com.android.ipsec/app
01-01 08:00:15.533 478 478 D PackageManager: No files in app dir /apex/com.android.i18n/priv-app
01-01 08:00:15.533 478 478 D PackageManager: No files in app dir /apex/com.android.i18n/app
01-01 08:00:15.538 478 478 D PackageManager: No files in app dir /apex/com.android.extservices/app
01-01 08:00:15.538 478 478 D PackageManager: No files in app dir /apex/com.android.conscrypt/priv-app
01-01 08:00:15.539 478 478 D PackageManager: No files in app dir /apex/com.android.conscrypt/app
01-01 08:00:15.539 478 478 D PackageManager: No files in app dir /apex/com.android.art/priv-app
01-01 08:00:15.539 478 478 D PackageManager: No files in app dir /apex/com.android.art/app
01-01 08:00:15.539 478 478 D PackageManager: No files in app dir /apex/com.android.appsearch/priv-app
01-01 08:00:15.539 478 478 D PackageManager: No files in app dir /apex/com.android.appsearch/app
01-01 08:00:15.539 478 478 D PackageManager: No files in app dir /apex/com.android.adbd/priv-app
01-01 08:00:15.539 478 478 D PackageManager: No files in app dir /apex/com.android.adbd/app
01-01 08:00:15.547 478 478 I PackageManager: Finished scanning system apps. Time: 529 ms, packageCount: 112 , timePerPackage: 4 , cached: 112
01-01 08:00:15.568 478 566 W PackageParsing: Unknown element under : module at /data/app/~~e6x_0eZF-mN0IFSxm8ojlg==/com.longs.adbenable-WDz0d6Kpab4qp72Czfqw6g==/base.apk Binary XML file line #16
01-01 08:00:15.568 478 566 D PackageParsing: homlet: force set orientation: 0
