06-06 15:56:23.557 478 521 W IorapForwardingService: No service published for: iorapd
06-06 15:56:23.979 656 656 E WifiHAL : wifi_get_link_stats: requestResponse Error:-5
06-06 15:56:23.981 478 610 E WifiVendorHal: getWifiLinkLayerStats_1_5_Internal(l.1191) failed {.code = ERROR_INVALID_ARGS, .description = }
06-06 15:56:24.559 478 521 W IorapForwardingService: No service published for: iorapd
01-01 08:04:39.040 388 388 W hdr10p_Configure: 63 callbacks suppressed
01-01 08:04:39.040 388 388 I : DVI mode selected: packets not configured
01-01 08:04:39.040 388 388 W set_vsif_config: 63 callbacks suppressed
01-01 08:04:39.040 388 388 I : Error: set vsif failed
01-01 08:04:39.075 388 388 I : DVI mode selected: packets not configured
01-01 08:04:39.075 388 388 I : Error: set vsif failed
01-01 08:04:39.113 388 388 I : DVI mode selected: packets not configured
01-01 08:04:39.113 388 388 I : Error: set vsif failed
01-01 08:04:39.133 388 388 I : DVI mode selected: packets not configured
01-01 08:04:39.133 388 388 I : Error: set vsif failed
01-01 08:04:39.155 388 388 I : DVI mode selected: packets not configured
01-01 08:04:39.155 388 388 I : Error: set vsif failed
01-01 08:04:39.176 388 388 I : DVI mode selected: packets not configured
01-01 08:04:39.176 388 388 I : Error: set vsif failed
01-01 08:04:39.198 388 388 I : DVI mode selected: packets not configured
01-01 08:04:39.198 388 388 I : Error: set vsif failed
01-01 08:04:39.220 388 388 I : DVI mode selected: packets not configured
01-01 08:04:39.220 388 388 I : Error: set vsif failed
01-01 08:04:39.241 388 388 I : DVI mode selected: packets not configured
01-01 08:04:39.241 388 388 I : Error: set vsif failed
01-01 08:04:39.262 388 388 I : DVI mode selected: packets not configured
01-01 08:04:39.262 388 388 I : Error: set vsif failed
06-06 15:56:25.561 478 521 W IorapForwardingService: No service published for: iorapd
06-06 15:56:26.564 478 521 W IorapForwardingService: No service published for: iorapd
06-06 15:56:26.994 656 656 E WifiHAL : wifi_get_link_stats: requestResponse Error:-5
06-06 15:56:26.996 478 610 E WifiVendorHal: getWifiLinkLayerStats_1_5_Internal(l.1191) failed {.code = ERROR_INVALID_ARGS, .description = }
06-06 15:56:27.567 478 521 W IorapForwardingService: No service published for: iorapd
06-06 15:56:28.569 478 521 W IorapForwardingService: No service published for: iorapd
06-06 15:56:29.155 2157 2230 D UtilLog : 日志批量上报 进行正常循环 !!!!!!本次有0次请求,共0条数据
06-06 15:56:29.571 478 521 W IorapForwardingService: No service published for: iorapd
06-06 15:56:30.009 656 656 E WifiHAL : wifi_get_link_stats: requestResponse Error:-5
06-06 15:56:30.011 478 610 E WifiVendorHal: getWifiLinkLayerStats_1_5_Internal(l.1191) failed {.code = ERROR_INVALID_ARGS, .description = }
01-01 08:04:44.049 388 388 W hdr10p_Configure: 130 callbacks suppressed
01-01 08:04:44.049 388 388 I : DVI mode selected: packets not configured
01-01 08:04:44.049 388 388 W set_vsif_config: 130 callbacks suppressed
01-01 08:04:44.049 388 388 I : Error: set vsif failed
01-01 08:04:44.069 388 388 I : DVI mode selected: packets not configured
01-01 08:04:44.069 388 388 I : Error: set vsif failed
01-01 08:04:44.088 388 388 I : DVI mode selected: packets not configured
01-01 08:04:44.088 388 388 I : Error: set vsif failed
06-06 15:56:30.576 478 521 W IorapForwardingService: No service published for: iorapd
06-06 15:56:31.354 1177 1177 D bbb : onStartCommand begin !!!!!!! data分区剩余 24981MB
06-06 15:56:31.355 1128 1128 D aaa : LedStatusService onStartCommand begin
06-06 15:56:31.356 1128 3752 D aaa : topPkg is -------------- :com.dangbei.leard.leradlauncher
06-06 15:56:31.360 1128 3752 D aaa : WiFi is connect
06-06 15:56:31.369 269 282 D hdmi-cec: receive invalid cec message!
06-06 15:56:31.369 269 282 D hdmi-cec: receive poll message [04], skip!
06-06 15:56:31.578 478 521 W IorapForwardingService: No service published for: iorapd
01-01 08:04:46.068 388 388 I : DVI mode selected: packets not configured
01-01 08:04:46.068 388 388 I : Error: set vsif failed
01-01 08:04:46.103 388 388 I : DVI mode selected: packets not configured
01-01 08:04:46.103 388 388 I : Error: set vsif failed
01-01 08:04:46.141 388 388 I : DVI mode selected: packets not configured
01-01 08:04:46.141 388 388 I : Error: set vsif failed
01-01 08:04:46.179 388 388 I : DVI mode selected: packets not configured
01-01 08:04:46.179 388 388 I : Error: set vsif failed
01-01 08:04:46.214 388 388 I : DVI mode selected: packets not configured
01-01 08:04:46.214 388 388 I : Error: set vsif failed
01-01 08:04:46.234 388 388 I : DVI mode selected: packets not configured
01-01 08:04:46.234 388 388 I : Error: set vsif failed
01-01 08:04:46.255 388 388 I : DVI mode selected: packets not configured
01-01 08:04:46.255 388 388 I : Error: set vsif failed
06-06 15:56:32.580 478 521 W IorapForwardingService: No service published for: iorapd
06-06 15:56:33.024 656 656 E WifiHAL : wifi_get_link_stats: requestResponse Error:-5
06-06 15:56:33.025 478 610 E WifiVendorHal: getWifiLinkLayerStats_1_5_Internal(l.1191) failed {.code = ERROR_INVALID_ARGS, .description = }
06-06 15:56:33.582 478 521 W IorapForwardingService: No service published for: iorapd
06-06 15:56:34.584 478 521 W IorapForwardingService: No service published for: iorapd
06-06 15:56:35.588 478 521 W IorapForwardingService: No service published for: iorapd
01-01 08:04:49.558 388 388 W hdr10p_Configure: 66 callbacks suppressed
01-01 08:04:49.558 388 388 I : DVI mode selected: packets not configured
01-01 08:04:49.558 388 388 W set_vsif_config: 66 callbacks suppressed
01-01 08:04:49.558 388 388 I : Error: set vsif failed
01-01 08:04:49.593 388 388 I : DVI mode selected: packets not configured
01-01 08:04:49.593 388 388 I : Error: set vsif failed
01-01 08:04:49.631 388 388 I : DVI mode selected: packets not configured
01-01 08:04:49.631 388 388 I : Error: set vsif failed
01-01 08:04:49.660 388 388 I : DVI mode selected: packets not configured
01-01 08:04:49.660 388 388 I : Error: set vsif failed
01-01 08:04:49.680 388 388 I : DVI mode selected: packets not configured
01-01 08:04:49.680 388 388 I : Error: set vsif failed
01-01 08:04:49.701 388 388 I : DVI mode selected: packets not configured
01-01 08:04:49.701 388 388 I : Error: set vsif failed
01-01 08:04:49.721 388 388 I : DVI mode selected: packets not configured
01-01 08:04:49.721 388 388 I : Error: set vsif failed
01-01 08:04:49.742 388 388 I : DVI mode selected: packets not configured
01-01 08:04:49.742 388 388 I : Error: set vsif failed
01-01 08:04:49.762 388 388 I : DVI mode selected: packets not configured
01-01 08:04:49.762 388 388 I : Error: set vsif failed
01-01 08:04:49.783 388 388 I : DVI mode selected: packets not configured
01-01 08:04:49.783 388 388 I : Error: set vsif failed
06-06 15:56:36.037 656 656 E WifiHAL : wifi_get_link_stats: requestResponse Error:-5
06-06 15:56:36.039 478 610 E WifiVendorHal: getWifiLinkLayerStats_1_5_Internal(l.1191) failed {.code = ERROR_INVALID_ARGS, .description = }
06-06 15:56:36.591 478 521 W IorapForwardingService: No service published for: iorapd
06-06 15:56:37.198 478 1000 W ZramWriteback: Writeback device is not set
06-06 15:56:37.198 478 1000 D ZramWriteback: wait to flush
06-06 15:56:37.594 478 521 W IorapForwardingService: No service published for: iorapd
06-06 15:56:38.462 756 766 I rkstack.proces: Background concurrent copying GC freed 108050(3301KB) AllocSpace objects, 2(120KB) LOS objects, 49% free, 3154KB/6309KB, paused 107us total 101.095ms
06-06 15:56:38.596 478 521 W IorapForwardingService: No service published for: iorapd
06-06 15:56:39.055 656 656 E WifiHAL : wifi_get_link_stats: requestResponse Error:-5
06-06 15:56:39.057 478 610 E WifiVendorHal: getWifiLinkLayerStats_1_5_Internal(l.1191) failed {.code = ERROR_INVALID_ARGS, .description = }
06-06 15:56:39.142 2157 2230 D UtilLog : 日志批量上报 进行正常循环 !!!!!!本次有0次请求,共0条数据
06-06 15:56:39.408 1128 1128 D aaa : LedStatusService onStartCommand begin
06-06 15:56:39.410 1128 3761 D aaa : topPkg is -------------- :com.dangbei.leard.leradlauncher
06-06 15:56:39.417 1128 3761 D aaa : WiFi is connect
06-06 15:56:39.418 1177 1177 D bbb : onStartCommand begin !!!!!!! data分区剩余 24981MB
06-06 15:56:39.599 478 521 W IorapForwardingService: No service published for: iorapd
06-06 15:56:40.601 478 521 W IorapForwardingService: No service published for: iorapd
01-01 08:04:54.575 388 388 W hdr10p_Configure: 130 callbacks suppressed
01-01 08:04:54.575 388 388 I : DVI mode selected: packets not configured
01-01 08:04:54.575 388 388 W set_vsif_config: 130 callbacks suppressed
01-01 08:04:54.575 388 388 I : Error: set vsif failed
01-01 08:04:54.595 388 388 I : DVI mode selected: packets not configured
01-01 08:04:54.595 388 388 I : Error: set vsif failed
06-06 15:56:41.604 478 521 W IorapForwardingService: No service published for: iorapd
06-06 15:56:42.072 656 656 E WifiHAL : wifi_get_link_stats: requestResponse Error:-5
06-06 15:56:42.074 478 610 E WifiVendorHal: getWifiLinkLayerStats_1_5_Internal(l.1191) failed {.code = ERROR_INVALID_ARGS, .description = }
06-06 15:56:42.607 478 521 W IorapForwardingService: No service published for: iorapd
01-01 08:04:56.575 388 388 I : DVI mode selected: packets not configured
01-01 08:04:56.575 388 388 I : Error: set vsif failed
01-01 08:04:56.610 388 388 I : DVI mode selected: packets not configured
01-01 08:04:56.610 388 388 I : Error: set vsif failed
01-01 08:04:56.648 388 388 I : DVI mode selected: packets not configured
01-01 08:04:56.648 388 388 I : Error: set vsif failed
01-01 08:04:56.687 388 388 I : DVI mode selected: packets not configured
01-01 08:04:56.687 388 388 I : Error: set vsif failed
01-01 08:04:56.729 388 388 I : DVI mode selected: packets not configured
01-01 08:04:56.729 388 388 I : Error: set vsif failed
01-01 08:04:56.754 388 388 I : DVI mode selected: packets not configured
01-01 08:04:56.754 388 388 I : Error: set vsif failed
01-01 08:04:56.776 388 388 I : DVI mode selected: packets not configured
01-01 08:04:56.776 388 388 I : Error: set vsif failed
01-01 08:04:56.797 388 388 I : DVI mode selected: packets not configured
01-01 08:04:56.797 388 388 I : Error: set vsif failed
06-06 15:56:43.609 478 521 W IorapForwardingService: No service published for: iorapd
06-06 15:56:44.611 478 521 W IorapForwardingService: No service published for: iorapd
06-06 15:56:45.088 656 656 E WifiHAL : wifi_get_link_stats: requestResponse Error:-5
06-06 15:56:45.090 478 610 E WifiVendorHal: getWifiLinkLayerStats_1_5_Internal(l.1191) failed {.code = ERROR_INVALID_ARGS, .description = }
06-06 15:56:45.101 478 1388 D WifiNl80211Manager: Scan result ready event
06-06 15:56:45.101 478 1388 D WifiNative: Scan result ready event
06-06 15:56:45.116 478 614 W IE_Capabilities: Unknown RSN cipher suite: 6ac0f00
06-06 15:56:45.118 478 614 W IE_Capabilities: Unknown RSN cipher suite: 6ac0f00
06-06 15:56:45.122 478 614 W IE_Capabilities: Unknown RSN cipher suite: 6ac0f00
06-06 15:56:45.125 478 614 W IE_Capabilities: Unknown RSN cipher suite: 6ac0f00
06-06 15:56:45.130 478 614 W IE_Capabilities: Unknown RSN cipher suite: 6ac0f00
06-06 15:56:45.135 478 614 W IE_Capabilities: Unknown RSN cipher suite: 6ac0f00
06-06 15:56:45.142 478 614 W IE_Capabilities: Unknown RSN cipher suite: 6ac0f00
06-06 15:56:45.145 478 614 W IE_Capabilities: Unknown RSN cipher suite: 6ac0f00
06-06 15:56:45.149 478 614 W IE_Capabilities: Unknown RSN cipher suite: 6ac0f00
06-06 15:56:45.150 478 614 W IE_Capabilities: Unknown RSN cipher suite: 6ac0f00
06-06 15:56:45.152 478 614 W IE_Capabilities: Unknown RSN cipher suite: 6ac0f00
06-06 15:56:45.153 478 614 W IE_Capabilities: Unknown RSN cipher suite: 6ac0f00
06-06 15:56:45.154 478 614 W IE_Capabilities: Unknown RSN cipher suite: 6ac0f00
06-06 15:56:45.172 656 656 E WifiHAL : wifi_get_link_stats: requestResponse Error:-5
06-06 15:56:45.173 478 610 E WifiVendorHal: getWifiLinkLayerStats_1_5_Internal(l.1191) failed {.code = ERROR_INVALID_ARGS, .description = }
06-06 15:56:45.613 478 521 W IorapForwardingService: No service published for: iorapd
01-01 08:05:00.075 388 388 W hdr10p_Configure: 63 callbacks suppressed
01-01 08:05:00.075 388 388 I : DVI mode selected: packets not configured
01-01 08:05:00.075 388 388 W set_vsif_config: 63 callbacks suppressed
01-01 08:05:00.075 388 388 I : Error: set vsif failed
01-01 08:05:00.111 388 388 I : DVI mode selected: packets not configured
01-01 08:05:00.111 388 388 I : Error: set vsif failed
01-01 08:05:00.148 388 388 I : DVI mode selected: packets not configured
01-01 08:05:00.148 388 388 I : Error: set vsif failed
01-01 08:05:00.182 388 388 I : DVI mode selected: packets not configured
01-01 08:05:00.182 388 388 I : Error: set vsif failed
01-01 08:05:00.202 388 388 I : DVI mode selected: packets not configured
01-01 08:05:00.202 388 388 I : Error: set vsif failed
01-01 08:05:00.223 388 388 I : DVI mode selected: packets not configured
01-01 08:05:00.223 388 388 I : Error: set vsif failed
01-01 08:05:00.243 388 388 I : DVI mode selected: packets not configured
01-01 08:05:00.243 388 388 I : Error: set vsif failed
01-01 08:05:00.263 388 388 I : DVI mode selected: packets not configured
01-01 08:05:00.263 388 388 I : Error: set vsif failed
01-01 08:05:00.284 388 388 I : DVI mode selected: packets not configured
01-01 08:05:00.284 388 388 I : Error: set vsif failed
01-01 08:05:00.305 388 388 I : DVI mode selected: packets not configured
01-01 08:05:00.305 388 388 I : Error: set vsif failed
06-06 15:56:46.395 269 282 D hdmi-cec: receive invalid cec message!
06-06 15:56:46.395 269 282 D hdmi-cec: receive poll message [04], skip!
06-06 15:56:46.616 478 521 W IorapForwardingService: No service published for: iorapd
06-06 15:56:47.465 1128 1128 D aaa : LedStatusService onStartCommand begin
06-06 15:56:47.472 1128 3769 D aaa : topPkg is -------------- :com.dangbei.leard.leradlauncher
06-06 15:56:47.476 1177 1177 D bbb : onStartCommand begin !!!!!!! data分区剩余 24981MB
06-06 15:56:47.480 1128 3769 D aaa : WiFi is connect
06-06 15:56:47.618 478 521 W IorapForwardingService: No service published for: iorapd
06-06 15:56:48.105 656 656 E WifiHAL : wifi_get_link_stats: requestResponse Error:-5
06-06 15:56:48.107 478 610 E WifiVendorHal: getWifiLinkLayerStats_1_5_Internal(l.1191) failed {.code = ERROR_INVALID_ARGS, .description = }
06-06 15:56:48.620 478 521 W IorapForwardingService: No service published for: iorapd
06-06 15:56:49.150 2157 2230 D UtilLog : 日志批量上报 进行正常循环 !!!!!!本次有0次请求,共0条数据
06-06 15:56:49.622 478 521 W IorapForwardingService: No service published for: iorapd
06-06 15:56:50.499 2985 2994 I gbei.screencas: Background concurrent copying GC freed 63365(6114KB) AllocSpace objects, 0(0B) LOS objects, 49% free, 6157KB/12MB, paused 163us total 161.346ms
06-06 15:56:50.625 478 521 W IorapForwardingService: No service published for: iorapd
06-06 15:56:51.121 656 656 E WifiHAL : wifi_get_link_stats: requestResponse Error:-5
06-06 15:56:51.124 478 610 E WifiVendorHal: getWifiLinkLayerStats_1_5_Internal(l.1191) failed {.code = ERROR_INVALID_ARGS, .description = }
01-01 08:05:05.087 388 388 W hdr10p_Configure: 132 callbacks suppressed
01-01 08:05:05.087 388 388 I : DVI mode selected: packets not configured
01-01 08:05:05.087 388 388 W set_vsif_config: 132 callbacks suppressed
01-01 08:05:05.087 388 388 I : Error: set vsif failed
01-01 08:05:05.106 388 388 I : DVI mode selected: packets not configured
01-01 08:05:05.106 388 388 I : Error: set vsif failed
06-06 15:56:51.627 478 521 W IorapForwardingService: No service published for: iorapd
06-06 15:56:52.629 478 521 W IorapForwardingService: No service published for: iorapd
01-01 08:05:07.080 388 388 I : DVI mode selected: packets not configured
01-01 08:05:07.080 388 388 I : Error: set vsif failed
01-01 08:05:07.115 388 388 I : DVI mode selected: packets not configured
01-01 08:05:07.115 388 388 I : Error: set vsif failed
01-01 08:05:07.153 388 388 I : DVI mode selected: packets not configured
01-01 08:05:07.153 388 388 I : Error: set vsif failed
01-01 08:05:07.179 388 388 I : DVI mode selected: packets not configured
01-01 08:05:07.179 388 388 I : Error: set vsif failed
01-01 08:05:07.201 388 388 I : DVI mode selected: packets not configured
01-01 08:05:07.201 388 388 I : Error: set vsif failed
01-01 08:05:07.222 388 388 I : DVI mode selected: packets not configured
01-01 08:05:07.222 388 388 I : Error: set vsif failed
01-01 08:05:07.244 388 388 I : DVI mode selected: packets not configured
01-01 08:05:07.244 388 388 I : Error: set vsif failed
01-01 08:05:07.265 388 388 I : DVI mode selected: packets not configured
01-01 08:05:07.265 388 388 I : Error: set vsif failed
06-06 15:56:53.631 478 521 W IorapForwardingService: No service published for: iorapd
06-06 15:56:54.133 656 656 E WifiHAL : wifi_get_link_stats: requestResponse Error:-5
06-06 15:56:54.135 478 610 E WifiVendorHal: getWifiLinkLayerStats_1_5_Internal(l.1191) failed {.code = ERROR_INVALID_ARGS, .description = }
06-06 15:56:54.633 478 521 W IorapForwardingService: No service published for: iorapd
06-06 15:56:55.502 1177 1177 D bbb : onStartCommand begin !!!!!!! data分区剩余 24981MB
06-06 15:56:55.503 1128 1128 D aaa : LedStatusService onStartCommand begin
06-06 15:56:55.506 1128 3779 D aaa : topPkg is -------------- :com.dangbei.leard.leradlauncher
06-06 15:56:55.509 1128 3779 D aaa : WiFi is connect
06-06 15:56:55.636 478 521 W IorapForwardingService: No service published for: iorapd
06-06 15:56:56.639 478 521 W IorapForwardingService: No service published for: iorapd
01-01 08:05:10.595 388 388 W hdr10p_Configure: 63 callbacks suppressed
01-01 08:05:10.595 388 388 I : DVI mode selected: packets not configured
01-01 08:05:10.595 388 388 W set_vsif_config: 63 callbacks suppressed
01-01 08:05:10.595 388 388 I : Error: set vsif failed
01-01 08:05:10.629 388 388 I : DVI mode selected: packets not configured
01-01 08:05:10.629 388 388 I : Error: set vsif failed
01-01 08:05:10.668 388 388 I : DVI mode selected: packets not configured
01-01 08:05:10.668 388 388 I : Error: set vsif failed
01-01 08:05:10.706 388 388 I : DVI mode selected: packets not configured
01-01 08:05:10.706 388 388 I : Error: set vsif failed
01-01 08:05:10.732 388 388 I : DVI mode selected: packets not configured
01-01 08:05:10.732 388 388 I : Error: set vsif failed
01-01 08:05:10.753 388 388 I : DVI mode selected: packets not configured
01-01 08:05:10.753 388 388 I : Error: set vsif failed
01-01 08:05:10.774 388 388 I : DVI mode selected: packets not configured
01-01 08:05:10.774 388 388 I : Error: set vsif failed
01-01 08:05:10.796 388 388 I : DVI mode selected: packets not configured
01-01 08:05:10.796 388 388 I : Error: set vsif failed
01-01 08:05:10.817 388 388 I : DVI mode selected: packets not configured
01-01 08:05:10.817 388 388 I : Error: set vsif failed
01-01 08:05:10.839 388 388 I : DVI mode selected: packets not configured
01-01 08:05:10.839 388 388 I : Error: set vsif failed
06-06 15:56:57.148 656 656 E WifiHAL : wifi_get_link_stats: requestResponse Error:-5
06-06 15:56:57.150 478 610 E WifiVendorHal: getWifiLinkLayerStats_1_5_Internal(l.1191) failed {.code = ERROR_INVALID_ARGS, .description = }
06-06 15:56:57.641 478 521 W IorapForwardingService: No service published for: iorapd
06-06 15:56:58.643 478 521 W IorapForwardingService: No service published for: iorapd
06-06 15:56:59.144 756 766 I rkstack.proces: Background concurrent copying GC freed 83376(2567KB) AllocSpace objects, 2(120KB) LOS objects, 49% free, 3154KB/6308KB, paused 121us total 101.053ms
06-06 15:56:59.155 2157 2230 D UtilLog : 日志批量上报 进行正常循环 !!!!!!本次有0次请求,共0条数据
06-06 15:56:59.645 478 521 W IorapForwardingService: No service published for: iorapd
06-06 15:57:00.162 656 656 E WifiHAL : wifi_get_link_stats: requestResponse Error:-5
06-06 15:57:00.164 478 610 E WifiVendorHal: getWifiLinkLayerStats_1_5_Internal(l.1191) failed {.code = ERROR_INVALID_ARGS, .description = }
06-06 15:57:00.648 478 521 W IorapForwardingService: No service published for: iorapd
06-06 15:57:01.421 269 282 D hdmi-cec: receive invalid cec message!
06-06 15:57:01.421 269 282 D hdmi-cec: receive poll message [04], skip!
06-06 15:57:01.650 478 521 W IorapForwardingService: No service published for: iorapd
01-01 08:05:15.608 388 388 W hdr10p_Configure: 132 callbacks suppressed
01-01 08:05:15.608 388 388 I : DVI mode selected: packets not configured
01-01 08:05:15.608 388 388 W set_vsif_config: 132 callbacks suppressed
01-01 08:05:15.608 388 388 I : Error: set vsif failed
01-01 08:05:15.628 388 388 I : DVI mode selected: packets not configured
01-01 08:05:15.628 388 388 I : Error: set vsif failed
06-06 15:57:02.652 478 521 W IorapForwardingService: No service published for: iorapd
06-06 15:57:03.182 656 656 E WifiHAL : wifi_get_link_stats: requestResponse Error:-5
06-06 15:57:03.184 478 610 E WifiVendorHal: getWifiLinkLayerStats_1_5_Internal(l.1191) failed {.code = ERROR_INVALID_ARGS, .description = }
06-06 15:57:03.510 1177 1177 D bbb : onStartCommand begin !!!!!!! data分区剩余 24981MB
06-06 15:57:03.512 1128 1128 D aaa : LedStatusService onStartCommand begin
06-06 15:57:03.514 1128 3788 D aaa : topPkg is -------------- :com.dangbei.leard.leradlauncher
06-06 15:57:03.518 1128 3788 D aaa : WiFi is connect
01-01 08:05:17.592 388 388 I : DVI mode selected: packets not configured
01-01 08:05:17.592 388 388 I : Error: set vsif failed
06-06 15:57:03.655 478 521 W IorapForwardingService: No service published for: iorapd
01-01 08:05:17.627 388 388 I : DVI mode selected: packets not configured
01-01 08:05:17.627 388 388 I : Error: set vsif failed
01-01 08:05:17.665 388 388 I : DVI mode selected: packets not configured
01-01 08:05:17.665 388 388 I : Error: set vsif failed
01-01 08:05:17.703 388 388 I : DVI mode selected: packets not configured
01-01 08:05:17.703 388 388 I : Error: set vsif failed
01-01 08:05:17.723 388 388 I : DVI mode selected: packets not configured
01-01 08:05:17.723 388 388 I : Error: set vsif failed
01-01 08:05:17.744 388 388 I : DVI mode selected: packets not configured
01-01 08:05:17.744 388 388 I : Error: set vsif failed
01-01 08:05:17.764 388 388 I : DVI mode selected: packets not configured
01-01 08:05:17.764 388 388 I : Error: set vsif failed
01-01 08:05:17.785 388 388 I : DVI mode selected: packets not configured
01-01 08:05:17.785 388 388 I : Error: set vsif failed
06-06 15:57:04.656 478 521 W IorapForwardingService: No service published for: iorapd
06-06 15:57:05.659 478 521 W IorapForwardingService: No service published for: iorapd
06-06 15:57:06.198 656 656 E WifiHAL : wifi_get_link_stats: requestResponse Error:-5
06-06 15:57:06.200 478 610 E WifiVendorHal: getWifiLinkLayerStats_1_5_Internal(l.1191) failed {.code = ERROR_INVALID_ARGS, .description = }
06-06 15:57:06.662 478 521 W IorapForwardingService: No service published for: iorapd
01-01 08:05:21.115 388 388 W hdr10p_Configure: 64 callbacks suppressed
01-01 08:05:21.115 388 388 I : DVI mode selected: packets not configured
01-01 08:05:21.115 388 388 W set_vsif_config: 64 callbacks suppressed
01-01 08:05:21.115 388 388 I : Error: set vsif failed
06-06 15:57:07.199 478 1000 W ZramWriteback: Writeback device is not set
06-06 15:57:07.199 478 1000 D ZramWriteback: wait to flush
01-01 08:05:21.150 388 388 I : DVI mode selected: packets not configured
01-01 08:05:21.150 388 388 I : Error: set vsif failed
01-01 08:05:21.188 388 388 I : DVI mode selected: packets not configured
01-01 08:05:21.188 388 388 I : Error: set vsif failed
01-01 08:05:21.226 388 388 I : DVI mode selected: packets not configured
01-01 08:05:21.226 388 388 I : Error: set vsif failed
01-01 08:05:21.263 388 388 I : DVI mode selected: packets not configured
01-01 08:05:21.263 388 388 I : Error: set vsif failed
01-01 08:05:21.285 388 388 I : DVI mode selected: packets not configured
01-01 08:05:21.285 388 388 I : Error: set vsif failed
01-01 08:05:21.306 388 388 I : DVI mode selected: packets not configured
01-01 08:05:21.306 388 388 I : Error: set vsif failed
01-01 08:05:21.327 388 388 I : DVI mode selected: packets not configured
01-01 08:05:21.328 388 388 I : Error: set vsif failed
01-01 08:05:21.349 388 388 I : DVI mode selected: packets not configured
01-01 08:05:21.349 388 388 I : Error: set vsif failed
01-01 08:05:21.371 388 388 I : DVI mode selected: packets not configured
01-01 08:05:21.371 388 388 I : Error: set vsif failed
06-06 15:57:07.451 2985 2985 I cling--ap-2: type=1400 audit(0.0:1135): avc: denied { search } for name="net" dev="sysfs" ino=10442 scontext=u:r:platform_app:s0:c512,c768 tcontext=u:object_r:sysfs_net:s0 tclass=dir permissive=1 app=com.dangbei.screencast
06-06 15:57:07.664 478 521 W IorapForwardingService: No service published for: iorapd
06-06 15:57:08.666 478 521 W IorapForwardingService: No service published for: iorapd
06-06 15:57:09.156 2157 2230 D UtilLog : 日志批量上报 进行正常循环 !!!!!!本次有0次请求,共0条数据
06-06 15:57:09.217 656 656 E WifiHAL : wifi_get_link_stats: requestResponse Error:-5
06-06 15:57:09.219 478 610 E WifiVendorHal: getWifiLinkLayerStats_1_5_Internal(l.1191) failed {.code = ERROR_INVALID_ARGS, .description = }
06-06 15:57:09.669 478 521 W IorapForwardingService: No service published for: iorapd
06-06 15:57:09.816 1062 1062 E CrashHandler: clear CrashInfo
06-06 15:57:09.816 1062 1062 I FrameWorkHelper: setLastCrashInfo:
06-06 15:57:10.671 478 521 W IorapForwardingService: No service published for: iorapd
06-06 15:57:11.553 1177 1177 D bbb : onStartCommand begin !!!!!!! data分区剩余 24981MB
06-06 15:57:11.556 1128 1128 D aaa : LedStatusService onStartCommand begin
06-06 15:57:11.558 1128 3797 D aaa : topPkg is -------------- :com.dangbei.leard.leradlauncher
06-06 15:57:11.561 1128 3797 D aaa : WiFi is connect
06-06 15:57:11.673 478 521 W IorapForwardingService: No service published for: iorapd
01-01 08:05:26.136 388 388 W hdr10p_Configure: 131 callbacks suppressed
01-01 08:05:26.136 388 388 I : DVI mode selected: packets not configured
01-01 08:05:26.136 388 388 W set_vsif_config: 131 callbacks suppressed
01-01 08:05:26.136 388 388 I : Error: set vsif failed
01-01 08:05:26.155 388 388 I : DVI mode selected: packets not configured
01-01 08:05:26.155 388 388 I : Error: set vsif failed
06-06 15:57:12.233 656 656 E WifiHAL : wifi_get_link_stats: requestResponse Error:-5
06-06 15:57:12.234 478 610 E WifiVendorHal: getWifiLinkLayerStats_1_5_Internal(l.1191) failed {.code = ERROR_INVALID_ARGS, .description = }
06-06 15:57:12.676 478 521 W IorapForwardingService: No service published for: iorapd
06-06 15:57:13.679 478 521 W IorapForwardingService: No service published for: iorapd
01-01 08:05:28.126 388 388 I : DVI mode selected: packets not configured
01-01 08:05:28.126 388 388 I : Error: set vsif failed
01-01 08:05:28.161 388 388 I : DVI mode selected: packets not configured
01-01 08:05:28.161 388 388 I : Error: set vsif failed
01-01 08:05:28.199 388 388 I : DVI mode selected: packets not configured
01-01 08:05:28.199 388 388 I : Error: set vsif failed
01-01 08:05:28.238 388 388 I : DVI mode selected: packets not configured
01-01 08:05:28.238 388 388 I : Error: set vsif failed
01-01 08:05:28.264 388 388 I : DVI mode selected: packets not configured
01-01 08:05:28.264 388 388 I : Error: set vsif failed
01-01 08:05:28.284 388 388 I : DVI mode selected: packets not configured
01-01 08:05:28.285 388 388 I : Error: set vsif failed
01-01 08:05:28.305 388 388 I : DVI mode selected: packets not configured
01-01 08:05:28.305 388 388 I : Error: set vsif failed
01-01 08:05:28.325 388 388 I : DVI mode selected: packets not configured
01-01 08:05:28.325 388 388 I : Error: set vsif failed
06-06 15:57:14.681 478 521 W IorapForwardingService: No service published for: iorapd
06-06 15:57:15.250 656 656 E WifiHAL : wifi_get_link_stats: requestResponse Error:-5
06-06 15:57:15.252 478 610 E WifiVendorHal: getWifiLinkLayerStats_1_5_Internal(l.1191) failed {.code = ERROR_INVALID_ARGS, .description = }
06-06 15:57:15.683 478 521 W IorapForwardingService: No service published for: iorapd
06-06 15:57:16.446 269 282 D hdmi-cec: receive invalid cec message!
06-06 15:57:16.446 269 282 D hdmi-cec: receive poll message [04], skip!
06-06 15:57:16.685 478 521 W IorapForwardingService: No service published for: iorapd
06-06 15:57:17.091 2985 2985 I efs-base: type=1400 audit(0.0:1136): avc: denied { search } for name="com.dangbei.screencast" dev="mmcblk0p25" ino=889 scontext=u:r:platform_app:s0:c512,c768 tcontext=u:object_r:app_data_file:s0:c512,c768 tclass=dir permissive=1 app=com.dangbei.screencast
06-06 15:57:17.091 2985 2985 I efs-base: type=1400 audit(0.0:1137): avc: denied { getattr } for path="/data/user/0/com.dangbei.screencast/app_UApm/5fc60c21094d637f3130af19/ready" dev="mmcblk0p25" ino=1965 scontext=u:r:platform_app:s0:c512,c768 tcontext=u:object_r:app_data_file:s0:c512,c768 tclass=dir permissive=1 app=com.dangbei.screencast
06-06 15:57:17.095 2985 2985 I efs-base: type=1400 audit(0.0:1138): avc: denied { read } for name="ready" dev="mmcblk0p25" ino=1965 scontext=u:r:platform_app:s0:c512,c768 tcontext=u:object_r:app_data_file:s0:c512,c768 tclass=dir permissive=1 app=com.dangbei.screencast
06-06 15:57:17.095 2985 2985 I efs-base: type=1400 audit(0.0:1139): avc: denied { open } for path="/data/user/0/com.dangbei.screencast/app_UApm/5fc60c21094d637f3130af19/ready" dev="mmcblk0p25" ino=1965 scontext=u:r:platform_app:s0:c512,c768 tcontext=u:object_r:app_data_file:s0:c512,c768 tclass=dir permissive=1 app=com.dangbei.screencast
01-01 08:05:31.609 388 388 W hdr10p_Configure: 65 callbacks suppressed
01-01 08:05:31.609 388 388 I : DVI mode selected: packets not configured
01-01 08:05:31.609 388 388 W set_vsif_config: 65 callbacks suppressed
01-01 08:05:31.609 388 388 I : Error: set vsif failed
06-06 15:57:17.688 478 521 W IorapForwardingService: No service published for: iorapd
01-01 08:05:31.644 388 388 I : DVI mode selected: packets not configured
01-01 08:05:31.644 388 388 I : Error: set vsif failed
01-01 08:05:31.682 388 388 I : DVI mode selected: packets not configured
01-01 08:05:31.682 388 388 I : Error: set vsif failed
01-01 08:05:31.707 388 388 I : DVI mode selected: packets not configured
01-01 08:05:31.708 388 388 I : Error: set vsif failed
01-01 08:05:31.728 388 388 I : DVI mode selected: packets not configured
01-01 08:05:31.728 388 388 I : Error: set vsif failed
01-01 08:05:31.749 388 388 I : DVI mode selected: packets not configured
01-01 08:05:31.749 388 388 I : Error: set vsif failed
01-01 08:05:31.769 388 388 I : DVI mode selected: packets not configured
01-01 08:05:31.769 388 388 I : Error: set vsif failed
01-01 08:05:31.790 388 388 I : DVI mode selected: packets not configured
01-01 08:05:31.790 388 388 I : Error: set vsif failed
01-01 08:05:31.810 388 388 I : DVI mode selected: packets not configured
01-01 08:05:31.810 388 388 I : Error: set vsif failed
01-01 08:05:31.831 388 388 I : DVI mode selected: packets not configured
01-01 08:05:31.831 388 388 I : Error: set vsif failed
06-06 15:57:18.274 656 656 E WifiHAL : wifi_get_link_stats: requestResponse Error:-5
06-06 15:57:18.276 478 610 E WifiVendorHal: getWifiLinkLayerStats_1_5_Internal(l.1191) failed {.code = ERROR_INVALID_ARGS, .description = }
06-06 15:57:18.690 478 521 W IorapForwardingService: No service published for: iorapd
06-06 15:57:19.159 2157 2230 D UtilLog : 日志批量上报 进行正常循环 !!!!!!本次有0次请求,共0条数据
06-06 15:57:19.586 1128 1128 D aaa : LedStatusService onStartCommand begin
06-06 15:57:19.588 1128 3809 D aaa : topPkg is -------------- :com.dangbei.leard.leradlauncher
06-06 15:57:19.590 1177 1177 D bbb : onStartCommand begin !!!!!!! data分区剩余 24981MB
06-06 15:57:19.592 1128 3809 D aaa : WiFi is connect
06-06 15:57:19.693 478 521 W IorapForwardingService: No service published for: iorapd
06-06 15:57:20.695 478 521 W IorapForwardingService: No service published for: iorapd
06-06 15:57:21.285 656 656 E WifiHAL : wifi_get_link_stats: requestResponse Error:-5
06-06 15:57:21.287 478 610 E WifiVendorHal: getWifiLinkLayerStats_1_5_Internal(l.1191) failed {.code = ERROR_INVALID_ARGS, .description = }
06-06 15:57:21.698 478 521 W IorapForwardingService: No service published for: iorapd
01-01 08:05:36.618 388 388 W hdr10p_Configure: 130 callbacks suppressed
01-01 08:05:36.618 388 388 I : DVI mode selected: packets not configured
01-01 08:05:36.618 388 388 W set_vsif_config: 130 callbacks suppressed
01-01 08:05:36.618 388 388 I : Error: set vsif failed
01-01 08:05:36.638 388 388 I : DVI mode selected: packets not configured
01-01 08:05:36.638 388 388 I : Error: set vsif failed
06-06 15:57:22.700 478 521 W IorapForwardingService: No service published for: iorapd
01-01 08:05:36.657 388 388 I : DVI mode selected: packets not configured
01-01 08:05:36.657 388 388 I : Error: set vsif failed
06-06 15:57:23.702 478 521 W IorapForwardingService: No service published for: iorapd
06-06 15:57:24.302 656 656 E WifiHAL : wifi_get_link_stats: requestResponse Error:-5
06-06 15:57:24.304 478 610 E WifiVendorHal: getWifiLinkLayerStats_1_5_Internal(l.1191) failed {.code = ERROR_INVALID_ARGS, .description = }
01-01 08:05:38.625 388 388 I : DVI mode selected: packets not configured
01-01 08:05:38.625 388 388 I : Error: set vsif failed
06-06 15:57:24.704 478 521 W IorapForwardingService: No service published for: iorapd
01-01 08:05:38.659 388 388 I : DVI mode selected: packets not configured
01-01 08:05:38.660 388 388 I : Error: set vsif failed
01-01 08:05:38.694 388 388 I : DVI mode selected: packets not configured
01-01 08:05:38.694 388 388 I : Error: set vsif failed
01-01 08:05:38.715 388 388 I : DVI mode selected: packets not configured
01-01 08:05:38.715 388 388 I : Error: set vsif failed
01-01 08:05:38.736 388 388 I : DVI mode selected: packets not configured
01-01 08:05:38.736 388 388 I : Error: set vsif failed
01-01 08:05:38.757 388 388 I : DVI mode selected: packets not configured
01-01 08:05:38.757 388 388 I : Error: set vsif failed
01-01 08:05:38.778 388 388 I : DVI mode selected: packets not configured
01-01 08:05:38.778 388 388 I : Error: set vsif failed
06-06 15:57:25.707 478 521 W IorapForwardingService: No service published for: iorapd
06-06 15:57:26.709 478 521 W IorapForwardingService: No service published for: iorapd
06-06 15:57:27.317 656 656 E WifiHAL : wifi_get_link_stats: requestResponse Error:-5
06-06 15:57:27.317 478 610 E WifiVendorHal: getWifiLinkLayerStats_1_5_Internal(l.1191) failed {.code = ERROR_INVALID_ARGS, .description = }
06-06 15:57:27.614 1128 1128 D aaa : LedStatusService onStartCommand begin
06-06 15:57:27.616 1128 3819 D aaa : topPkg is -------------- :com.dangbei.leard.leradlauncher
06-06 15:57:27.617 1177 1177 D bbb : onStartCommand begin !!!!!!! data分区剩余 24981MB
06-06 15:57:27.619 1128 3819 D aaa : WiFi is connect
06-06 15:57:27.713 478 521 W IorapForwardingService: No service published for: iorapd
06-06 15:57:28.023 3158 3232 D nStackXCoAP: IsInSameNetwork:[276] :IsInSameNetwork exec
06-06 15:57:28.023 3158 3232 I nStackXDFinder: GetLocalInterfaceDetail:[461] :GetLocalInterfaceDetail in
06-06 15:57:28.023 3158 3232 E nStackXCoAP: IsInSameNetwork:[281] :IsInSameNetwork: not priority process
06-06 15:57:28.023 3158 3232 D nStackXCoAP: ParseServiceDiscover:[330] :new device join
06-06 15:57:28.023 3158 3232 I nStackXDFinder: NotifyDeviceListChanged:[540] :notify callback: device list changed callback is null
06-06 15:57:28.023 3158 3232 E nStackXDFinder: GetLocalIp:[401] :GetLocalIp exec
06-06 15:57:28.138 3158 3232 D nStackXCoAP: IsInSameNetwork:[276] :IsInSameNetwork exec
06-06 15:57:28.138 3158 3232 I nStackXDFinder: GetLocalInterfaceDetail:[461] :GetLocalInterfaceDetail in
06-06 15:57:28.139 3158 3232 E nStackXCoAP: IsInSameNetwork:[281] :IsInSameNetwork: not priority process
06-06 15:57:28.139 3158 3232 D nStackXCoAP: ParseServiceDiscover:[330] :new device join
06-06 15:57:28.139 3158 3232 E nStackXDFinder: GetLocalIp:[401] :GetLocalIp exec
06-06 15:57:28.147 3158 3232 D nStackXCoAP: CoapMessageHandler:[133] :2.01
06-06 15:57:28.161 3158 3232 D nStackXCoAP: CoapMessageHandler:[133] :2.01
01-01 08:05:42.142 388 388 W hdr10p_Configure: 66 callbacks suppressed
01-01 08:05:42.142 388 388 I : DVI mode selected: packets not configured
01-01 08:05:42.142 388 388 W set_vsif_config: 66 callbacks suppressed
01-01 08:05:42.142 388 388 I : Error: set vsif failed
01-01 08:05:42.177 388 388 I : DVI mode selected: packets not configured
01-01 08:05:42.177 388 388 I : Error: set vsif failed
01-01 08:05:42.215 388 388 I : DVI mode selected: packets not configured
01-01 08:05:42.215 388 388 I : Error: set vsif failed
01-01 08:05:42.255 388 388 I : DVI mode selected: packets not configured
01-01 08:05:42.255 388 388 I : Error: set vsif failed
06-06 15:57:28.329 3158 3232 D nStackXCoAP: IsInSameNetwork:[276] :IsInSameNetwork exec
06-06 15:57:28.329 3158 3232 I nStackXDFinder: GetLocalInterfaceDetail:[461] :GetLocalInterfaceDetail in
06-06 15:57:28.329 3158 3232 E nStackXCoAP: IsInSameNetwork:[281] :IsInSameNetwork: not priority process
06-06 15:57:28.329 3158 3232 D nStackXCoAP: ParseServiceDiscover:[330] :new device join
06-06 15:57:28.330 3158 3232 E nStackXDFinder: GetLocalIp:[401] :GetLocalIp exec
06-06 15:57:28.342 3158 3232 D nStackXCoAP: CoapMessageHandler:[133] :2.01
01-01 08:05:42.292 388 388 I : DVI mode selected: packets not configured
01-01 08:05:42.292 388 388 I : Error: set vsif failed
01-01 08:05:42.312 388 388 I : DVI mode selected: packets not configured
01-01 08:05:42.312 388 388 I : Error: set vsif failed
01-01 08:05:42.333 388 388 I : DVI mode selected: packets not configured
01-01 08:05:42.333 388 388 I : Error: set vsif failed
01-01 08:05:42.353 388 388 I : DVI mode selected: packets not configured
01-01 08:05:42.353 388 388 I : Error: set vsif failed
01-01 08:05:42.374 388 388 I : DVI mode selected: packets not configured
01-01 08:05:42.374 388 388 I : Error: set vsif failed
01-01 08:05:42.394 388 388 I : DVI mode selected: packets not configured
01-01 08:05:42.394 388 388 I : Error: set vsif failed
06-06 15:57:28.535 3158 3232 D nStackXCoAP: IsInSameNetwork:[276] :IsInSameNetwork exec
06-06 15:57:28.535 3158 3232 I nStackXDFinder: GetLocalInterfaceDetail:[461] :GetLocalInterfaceDetail in
06-06 15:57:28.535 3158 3232 E nStackXCoAP: IsInSameNetwork:[281] :IsInSameNetwork: not priority process
06-06 15:57:28.535 3158 3232 D nStackXCoAP: ParseServiceDiscover:[330] :new device join
06-06 15:57:28.535 3158 3232 E nStackXDFinder: GetLocalIp:[401] :GetLocalIp exec
06-06 15:57:28.558 3158 3232 D nStackXCoAP: CoapMessageHandler:[133] :2.01
06-06 15:57:28.715 478 521 W IorapForwardingService: No service published for: iorapd
06-06 15:57:29.043 3158 3232 D nStackXCoAP: IsInSameNetwork:[276] :IsInSameNetwork exec
06-06 15:57:29.044 3158 3232 I nStackXDFinder: GetLocalInterfaceDetail:[461] :GetLocalInterfaceDetail in
06-06 15:57:29.044 3158 3232 E nStackXCoAP: IsInSameNetwork:[281] :IsInSameNetwork: not priority process
06-06 15:57:29.044 3158 3232 D nStackXCoAP: ParseServiceDiscover:[330] :new device join
06-06 15:57:29.044 3158 3232 E nStackXDFinder: GetLocalIp:[401] :GetLocalIp exec
06-06 15:57:29.058 3158 3232 D nStackXCoAP: CoapMessageHandler:[133] :2.01
06-06 15:57:29.158 2157 2230 D UtilLog : 日志批量上报 进行正常循环 !!!!!!本次有0次请求,共0条数据
06-06 15:57:29.555 3158 3232 D nStackXCoAP: IsInSameNetwork:[276] :IsInSameNetwork exec
06-06 15:57:29.555 3158 3232 I nStackXDFinder: GetLocalInterfaceDetail:[461] :GetLocalInterfaceDetail in
06-06 15:57:29.555 3158 3232 E nStackXCoAP: IsInSameNetwork:[281] :IsInSameNetwork: not priority process
06-06 15:57:29.555 3158 3232 D nStackXCoAP: ParseServiceDiscover:[330] :new device join
06-06 15:57:29.555 3158 3232 E nStackXDFinder: GetLocalIp:[401] :GetLocalIp exec
06-06 15:57:29.568 3158 3232 D nStackXCoAP: CoapMessageHandler:[133] :2.01
06-06 15:57:29.717 478 521 W IorapForwardingService: No service published for: iorapd
06-06 15:57:30.330 656 656 E WifiHAL : wifi_get_link_stats: requestResponse Error:-5
06-06 15:57:30.332 478 610 E WifiVendorHal: getWifiLinkLayerStats_1_5_Internal(l.1191) failed {.code = ERROR_INVALID_ARGS, .description = }
06-06 15:57:30.579 3158 3232 D nStackXCoAP: IsInSameNetwork:[276] :IsInSameNetwork exec
06-06 15:57:30.580 3158 3232 I nStackXDFinder: GetLocalInterfaceDetail:[461] :GetLocalInterfaceDetail in
06-06 15:57:30.580 3158 3232 E nStackXCoAP: IsInSameNetwork:[281] :IsInSameNetwork: not priority process
06-06 15:57:30.580 3158 3232 D nStackXCoAP: ParseServiceDiscover:[330] :new device join
06-06 15:57:30.581 3158 3232 E nStackXDFinder: GetLocalIp:[401] :GetLocalIp exec
06-06 15:57:30.598 3158 3232 D nStackXCoAP: CoapMessageHandler:[133] :2.01
06-06 15:57:30.720 478 521 W IorapForwardingService: No service published for: iorapd
06-06 15:57:31.093 3158 3232 D nStackXCoAP: IsInSameNetwork:[276] :IsInSameNetwork exec
06-06 15:57:31.093 3158 3232 I nStackXDFinder: GetLocalInterfaceDetail:[461] :GetLocalInterfaceDetail in
06-06 15:57:31.093 3158 3232 E nStackXCoAP: IsInSameNetwork:[281] :IsInSameNetwork: not priority process
06-06 15:57:31.093 3158 3232 D nStackXCoAP: ParseServiceDiscover:[330] :new device join
06-06 15:57:31.093 3158 3232 E nStackXDFinder: GetLocalIp:[401] :GetLocalIp exec
06-06 15:57:31.116 3158 3232 D nStackXCoAP: CoapMessageHandler:[133] :2.01
06-06 15:57:31.415 2985 2985 I ModuleDataForwa: type=1400 audit(0.0:1140): avc: denied { lock } for path="/data/user/0/com.dangbei.screencast/files/TD__Env_Synchronous_Lock__" dev="mmcblk0p25" ino=2728 scontext=u:r:platform_app:s0:c512,c768 tcontext=u:object_r:app_data_file:s0:c512,c768 tclass=file permissive=1 app=com.dangbei.screencast
06-06 15:57:31.474 269 282 D hdmi-cec: receive invalid cec message!
06-06 15:57:31.474 269 282 D hdmi-cec: receive poll message [04], skip!
06-06 15:57:31.603 3158 3232 D nStackXCoAP: IsInSameNetwork:[276] :IsInSameNetwork exec
06-06 15:57:31.604 3158 3232 I nStackXDFinder: GetLocalInterfaceDetail:[461] :GetLocalInterfaceDetail in
06-06 15:57:31.604 3158 3232 E nStackXCoAP: IsInSameNetwork:[281] :IsInSameNetwork: not priority process
06-06 15:57:31.604 3158 3232 D nStackXCoAP: ParseServiceDiscover:[330] :new device join
06-06 15:57:31.604 3158 3232 E nStackXDFinder: GetLocalIp:[401] :GetLocalIp exec
06-06 15:57:31.619 3158 3232 D nStackXCoAP: CoapMessageHandler:[133] :2.01
06-06 15:57:31.722 478 521 W IorapForwardingService: No service published for: iorapd
06-06 15:57:32.016 3158 3232 D nStackXCoAP: IsInSameNetwork:[276] :IsInSameNetwork exec
06-06 15:57:32.016 3158 3232 I nStackXDFinder: GetLocalInterfaceDetail:[461] :GetLocalInterfaceDetail in
06-06 15:57:32.016 3158 3232 E nStackXCoAP: IsInSameNetwork:[281] :IsInSameNetwork: not priority process
06-06 15:57:32.016 3158 3232 D nStackXCoAP: ParseServiceDiscover:[330] :new device join
06-06 15:57:32.016 3158 3232 E nStackXDFinder: GetLocalIp:[401] :GetLocalIp exec
06-06 15:57:32.032 3158 3232 D nStackXCoAP: CoapMessageHandler:[133] :2.01
06-06 15:57:32.530 3158 3232 D nStackXCoAP: IsInSameNetwork:[276] :IsInSameNetwork exec
06-06 15:57:32.530 3158 3232 I nStackXDFinder: GetLocalInterfaceDetail:[461] :GetLocalInterfaceDetail in
06-06 15:57:32.530 3158 3232 E nStackXCoAP: IsInSameNetwork:[281] :IsInSameNetwork: not priority process
06-06 15:57:32.530 3158 3232 D nStackXCoAP: ParseServiceDiscover:[330] :new device join
06-06 15:57:32.530 3158 3232 E nStackXDFinder: GetLocalIp:[401] :GetLocalIp exec
06-06 15:57:32.564 3158 3232 D nStackXCoAP: CoapMessageHandler:[133] :2.01
06-06 15:57:32.723 478 521 W IorapForwardingService: No service published for: iorapd
01-01 08:05:47.159 388 388 W hdr10p_Configure: 131 callbacks suppressed
01-01 08:05:47.159 388 388 I : DVI mode selected: packets not configured
01-01 08:05:47.159 388 388 W set_vsif_config: 131 callbacks suppressed
01-01 08:05:47.159 388 388 I : Error: set vsif failed
01-01 08:05:47.178 388 388 I : DVI mode selected: packets not configured
01-01 08:05:47.178 388 388 I : Error: set vsif failed
06-06 15:57:33.348 656 656 E WifiHAL : wifi_get_link_stats: requestResponse Error:-5
06-06 15:57:33.349 478 610 E WifiVendorHal: getWifiLinkLayerStats_1_5_Internal(l.1191) failed {.code = ERROR_INVALID_ARGS, .description = }
06-06 15:57:33.725 478 521 W IorapForwardingService: No service published for: iorapd
06-06 15:57:34.607 2985 2994 I gbei.screencas: Background concurrent copying GC freed 73231(6221KB) AllocSpace objects, 0(0B) LOS objects, 49% free, 6138KB/11MB, paused 132us total 143.116ms
06-06 15:57:34.728 478 521 W IorapForwardingService: No service published for: iorapd
01-01 08:05:49.140 388 388 I : DVI mode selected: packets not configured
01-01 08:05:49.140 388 388 I : Error: set vsif failed
01-01 08:05:49.174 388 388 I : DVI mode selected: packets not configured
01-01 08:05:49.174 388 388 I : Error: set vsif failed
01-01 08:05:49.213 388 388 I : DVI mode selected: packets not configured
01-01 08:05:49.213 388 388 I : Error: set vsif failed
01-01 08:05:49.241 388 388 I : DVI mode selected: packets not configured
01-01 08:05:49.241 388 388 I : Error: set vsif failed
01-01 08:05:49.263 388 388 I : DVI mode selected: packets not configured
01-01 08:05:49.263 388 388 I : Error: set vsif failed
01-01 08:05:49.284 388 388 I : DVI mode selected: packets not configured
01-01 08:05:49.284 388 388 I : Error: set vsif failed
01-01 08:05:49.306 388 388 I : DVI mode selected: packets not configured
01-01 08:05:49.306 388 388 I : Error: set vsif failed
01-01 08:05:49.327 388 388 I : DVI mode selected: packets not configured
01-01 08:05:49.327 388 388 I : Error: set vsif failed
06-06 15:57:35.661 1128 1128 D aaa : LedStatusService onStartCommand begin
06-06 15:57:35.662 1128 3828 D aaa : topPkg is -------------- :com.dangbei.leard.leradlauncher
06-06 15:57:35.665 1128 3828 D aaa : WiFi is connect
06-06 15:57:35.670 1177 1177 D bbb : onStartCommand begin !!!!!!! data分区剩余 24981MB
06-06 15:57:35.730 478 521 W IorapForwardingService: No service published for: iorapd
06-06 15:57:36.362 656 656 E WifiHAL : wifi_get_link_stats: requestResponse Error:-5
06-06 15:57:36.364 478 610 E WifiVendorHal: getWifiLinkLayerStats_1_5_Internal(l.1191) failed {.code = ERROR_INVALID_ARGS, .description = }
06-06 15:57:36.732 478 521 W IorapForwardingService: No service published for: iorapd
06-06 15:57:37.201 478 1000 W ZramWriteback: Writeback device is not set
06-06 15:57:37.201 478 1000 D ZramWriteback: wait to flush
06-06 15:57:37.734 478 521 W IorapForwardingService: No service published for: iorapd
01-01 08:05:52.644 388 388 W hdr10p_Configure: 63 callbacks suppressed
01-01 08:05:52.644 388 388 I : DVI mode selected: packets not configured
01-01 08:05:52.644 388 388 W set_vsif_config: 63 callbacks suppressed
01-01 08:05:52.644 388 388 I : Error: set vsif failed
06-06 15:57:38.736 478 521 W IorapForwardingService: No service published for: iorapd
01-01 08:05:52.679 388 388 I : DVI mode selected: packets not configured
01-01 08:05:52.679 388 388 I : Error: set vsif failed
01-01 08:05:52.717 388 388 I : DVI mode selected: packets not configured
01-01 08:05:52.717 388 388 I : Error: set vsif failed
01-01 08:05:52.755 388 388 I : DVI mode selected: packets not configured
01-01 08:05:52.755 388 388 I : Error: set vsif failed
01-01 08:05:52.782 388 388 I : DVI mode selected: packets not configured
01-01 08:05:52.782 388 388 I : Error: set vsif failed
01-01 08:05:52.804 388 388 I : DVI mode selected: packets not configured
01-01 08:05:52.804 388 388 I : Error: set vsif failed
01-01 08:05:52.825 388 388 I : DVI mode selected: packets not configured
01-01 08:05:52.825 388 388 I : Error: set vsif failed
01-01 08:05:52.846 388 388 I : DVI mode selected: packets not configured
01-01 08:05:52.846 388 388 I : Error: set vsif failed
01-01 08:05:52.868 388 388 I : DVI mode selected: packets not configured
01-01 08:05:52.868 388 388 I : Error: set vsif failed
01-01 08:05:52.890 388 388 I : DVI mode selected: packets not configured
01-01 08:05:52.890 388 388 I : Error: set vsif failed
06-06 15:57:39.154 2157 2230 D UtilLog : 日志批量上报 进行正常循环 !!!!!!本次有0次请求,共0条数据
06-06 15:57:39.378 656 656 E WifiHAL : wifi_get_link_stats: requestResponse Error:-5
06-06 15:57:39.380 478 610 E WifiVendorHal: getWifiLinkLayerStats_1_5_Internal(l.1191) failed {.code = ERROR_INVALID_ARGS, .description = }
06-06 15:57:39.739 478 521 W IorapForwardingService: No service published for: iorapd
06-06 15:57:40.741 478 521 W IorapForwardingService: No service published for: iorapd
06-06 15:57:41.744 478 521 W IorapForwardingService: No service published for: iorapd
06-06 15:57:42.396 656 656 E WifiHAL : wifi_get_link_stats: requestResponse Error:-5
06-06 15:57:42.397 478 610 E WifiVendorHal: getWifiLinkLayerStats_1_5_Internal(l.1191) failed {.code = ERROR_INVALID_ARGS, .description = }
06-06 15:57:42.747 478 521 W IorapForwardingService: No service published for: iorapd
06-06 15:57:43.705 1128 1128 D aaa : LedStatusService onStartCommand begin
06-06 15:57:43.708 1128 3842 D aaa : topPkg is -------------- :com.dangbei.leard.leradlauncher
06-06 15:57:43.709 1177 1177 D bbb : onStartCommand begin !!!!!!! data分区剩余 24981MB
06-06 15:57:43.712 1128 3842 D aaa : WiFi is connect
01-01 08:05:57.658 388 388 W hdr10p_Configure: 132 callbacks suppressed
01-01 08:05:57.658 388 388 I : DVI mode selected: packets not configured
01-01 08:05:57.658 388 388 W set_vsif_config: 132 callbacks suppressed
01-01 08:05:57.658 388 388 I : Error: set vsif failed
01-01 08:05:57.677 388 388 I : DVI mode selected: packets not configured
01-01 08:05:57.677 388 388 I : Error: set vsif failed
06-06 15:57:43.749 478 521 W IorapForwardingService: No service published for: iorapd
01-01 08:05:57.697 388 388 I : DVI mode selected: packets not configured
01-01 08:05:57.697 388 388 I : Error: set vsif failed
06-06 15:57:44.752 478 521 W IorapForwardingService: No service published for: iorapd
06-06 15:57:45.418 656 656 E WifiHAL : wifi_get_link_stats: requestResponse Error:-5
