01-01 08:00:10.481 248 248 I netd : Initializing ClatdController: 209us
01-01 08:00:10.494 257 257 I HidlServiceManagement: Registered android.hardware.cas@1.2::IMediaCasService/default
01-01 08:00:10.494 248 248 I netd : Initializing traffic control: 12236us
01-01 08:00:10.494 257 257 I HidlServiceManagement: Removing namespace from process name android.hardware.cas@1.2-service to cas@1.2-service.
01-01 08:00:10.508 214 214 D tee_supplicant: looping
01-01 08:00:10.511 267 267 I android.hardware.lights-service: Light Hal current version V2.0.0
01-01 08:00:10.512 267 267 D lights_device: success open disp device type=0.
01-01 08:00:10.513 268 268 I AW_PowerHAL: AW Power HAL AIDL Service is starting.
01-01 08:00:10.513 269 269 E cutils-trace: Error opening trace file: No such file or directory (2)
01-01 08:00:10.514 186 186 I servicemanager: Found android.hardware.light.ILights/default in device VINTF manifest.
01-01 08:00:10.519 264 264 E cutils-trace: Error opening trace file: No such file or directory (2)
01-01 08:00:10.520 268 268 I AW_PowerHAL: PowerHAL initiated
01-01 08:00:10.525 186 186 I servicemanager: Found android.hardware.power.IPower/default in device VINTF manifest.
01-01 08:00:10.531 248 248 I netd : Enabling bandwidth control: 37170us
01-01 08:00:10.536 258 258 I HidlServiceManagement: Registered android.hardware.gatekeeper@1.0::IGatekeeper/default
01-01 08:00:10.537 258 258 I HidlServiceManagement: Removing namespace from process name android.hardware.gatekeeper@1.0-service-aw to gatekeeper@1.0-service-aw.
01-01 08:00:10.537 258 258 I LegacySupport: Registration complete for android.hardware.gatekeeper@1.0::IGatekeeper/default.
01-01 08:00:10.545 248 248 I netd : Initializing RouteController: 14259us
01-01 08:00:10.560 264 264 W healthd : No battery devices found
01-01 08:00:10.556 269 269 D hdmi-cec: Loading: sunxi HDMI CEC module
01-01 08:00:10.557 264 264 I android.hardware.health@2.1-service: default instance initializing with healthd_config...
01-01 08:00:10.565 269 282 I hdmi-cec: HDMI-CEC EventThread start
01-01 08:00:10.575 263 263 I sunxihwc: open: Loading: sunxi hwcomposer module
01-01 08:00:10.576 263 263 E cutils-trace: Error opening trace file: No such file or directory (2)
01-01 08:00:10.578 248 248 D XfrmController: XfrmController::ipSecAddXfrmInterface, line=1479
01-01 08:00:10.582 271 271 I display.output-service: DisplayOutputManagerService is started
01-01 08:00:10.582 271 271 I display.output-service: DisplayOutputManagerService current version V2.2.0
01-01 08:00:10.585 248 248 D XfrmController: XfrmController::ipSecRemoveTunnelInterface, line=1692
01-01 08:00:10.585 270 270 E android.hardware.usb.gadget@1.1-service.aw: configfs setup not done yet
01-01 08:00:10.586 270 270 E cutils-trace: Error opening trace file: No such file or directory (2)
01-01 08:00:10.587 248 248 D XfrmController: deviceName=ipsec_test
01-01 08:00:10.589 271 271 E cutils-trace: Error opening trace file: No such file or directory (2)
01-01 08:00:10.591 186 186 I servicemanager: Found android.hardware.rebootescrow.IRebootEscrow/default in device VINTF manifest.
01-01 08:00:10.596 264 264 I HidlServiceManagement: Registered android.hardware.health@2.1::IHealth/default
01-01 08:00:10.596 264 264 I HidlServiceManagement: Removing namespace from process name android.hardware.health@2.1-service to health@2.1-service.
01-01 08:00:10.597 264 264 I android.hardware.health@2.1-service: default: Hal init done
01-01 08:00:10.602 262 262 E gralloc : Arm Module v1.0
01-01 08:00:10.604 255 255 E cutils-trace: Error opening trace file: No such file or directory (2)
01-01 08:00:10.610 264 264 W healthd : battery none chg=
01-01 08:00:10.612 169 169 I init : type=1400 audit(0.0:14): avc: denied { add_name } for name="runtime_enable" scontext=u:r:vendor_init:s0 tcontext=u:object_r:sysfs_disp:s0 tclass=dir permissive=1
01-01 08:00:10.612 169 169 I init : type=1400 audit(0.0:15): avc: denied { create } for name="runtime_enable" scontext=u:r:vendor_init:s0 tcontext=u:object_r:sysfs_disp:s0 tclass=file permissive=1
01-01 08:00:10.620 269 269 I HidlServiceManagement: Registered android.hardware.tv.cec@1.0::IHdmiCec/default
01-01 08:00:10.620 269 269 I HidlServiceManagement: Removing namespace from process name android.hardware.tv.cec@1.0-service to cec@1.0-service.
01-01 08:00:10.624 269 269 I LegacySupport: Registration complete for android.hardware.tv.cec@1.0::IHdmiCec/default.
01-01 08:00:10.628 263 263 I HidlServiceManagement: Registered android.hardware.graphics.composer@2.2::IComposer/default
01-01 08:00:10.628 263 263 I HidlServiceManagement: Removing namespace from process name android.hardware.graphics.composer@2.2-service to composer@2.2-service.
01-01 08:00:10.628 270 270 I HidlServiceManagement: Registered android.hardware.usb@1.0::IUsb/default
01-01 08:00:10.628 270 270 I HidlServiceManagement: Removing namespace from process name android.hardware.usb@1.0-service.aw to usb@1.0-service.aw.
01-01 08:00:10.630 187 187 I hwservicemanager: Since vendor.display.config@1.0::IDisplayConfig/default is not registered, trying to start it as a lazy HAL.
01-01 08:00:10.634 262 262 I HidlServiceManagement: Registered android.hardware.graphics.allocator@2.0::IAllocator/default
01-01 08:00:10.634 262 262 I HidlServiceManagement: Removing namespace from process name android.hardware.graphics.allocator@2.0-service to allocator@2.0-service.
01-01 08:00:10.635 262 262 I LegacySupport: Registration complete for android.hardware.graphics.allocator@2.0::IAllocator/default.
01-01 08:00:10.638 270 270 I HidlServiceManagement: Registered android.hardware.usb.gadget@1.1::IUsbGadget/default
01-01 08:00:10.638 270 270 I android.hardware.usb@1.0-service: USB HAL Ready.
01-01 08:00:10.641 255 255 I HidlServiceManagement: Registered android.hardware.bluetooth@1.0::IBluetoothHci/default
01-01 08:00:10.641 255 255 I HidlServiceManagement: Removing namespace from process name android.hardware.bluetooth@1.0-service to bluetooth@1.0-service.
01-01 08:00:10.643 255 255 I LegacySupport: Registration complete for android.hardware.bluetooth@1.0::IBluetoothHci/default.
01-01 08:00:10.644 187 187 I hwservicemanager: Since vendor.display.config@1.0::IDisplayConfig/default is not registered, trying to start it as a lazy HAL.
01-01 08:00:10.646 271 271 I HidlServiceManagement: getService: Trying again for vendor.display.config@1.0::IDisplayConfig/default...
01-01 08:00:10.649 254 254 I HidlServiceManagement: Registered android.hardware.audio@7.0::IDevicesFactory/default
01-01 08:00:10.650 254 254 I HidlServiceManagement: Removing namespace from process name android.hardware.audio.service to audio.service.
01-01 08:00:10.651 254 254 I LegacySupport: Registration complete for android.hardware.audio@7.0::IDevicesFactory/default.
01-01 08:00:10.653 248 248 D XfrmController: Sending Netlink XFRM Message: XFRM_MSG_FLUSHSA
01-01 08:00:10.654 248 248 D XfrmController: Sending Netlink XFRM Message: XFRM_MSG_FLUSHPOLICY
01-01 08:00:10.654 248 248 I netd : Initializing XfrmController: 108591us
01-01 08:00:10.658 187 289 W libc : Unable to set property "ctl.interface_start" to "vendor.display.config@1.0::IDisplayConfig/default": error code: 0x20
01-01 08:00:10.659 187 289 I hwservicemanager: Tried to start vendor.display.config@1.0::IDisplayConfig/default as a lazy service, but was unable to. Usually this happens when a service is not installed, but if the service is intended to be used as a lazy service, then it may be configured incorrectly.
01-01 08:00:10.667 169 169 I : file system registered
01-01 08:00:10.666 248 248 E cutils-trace: Error opening trace file: No such file or directory (2)
01-01 08:00:10.673 284 284 D Sunxi_PQ: ic_id=2, de_version=201 0x2
01-01 08:00:10.673 284 284 D Sunxi_PQ: /vendor/lib/libde201.so
01-01 08:00:10.675 284 284 D Sunxi_PQ: maybe /vendor/etc/firmware/disp_firmware, fd:-1 @O_RDONLY.
01-01 08:00:10.676 284 284 I pqd : type=1400 audit(0.0:16): avc: denied { read write } for name="disp_firmware" dev="mmcblk0p25" ino=219 scontext=u:r:pqd:s0 tcontext=u:object_r:system_data_root_file:s0 tclass=file permissive=1
01-01 08:00:10.676 284 284 I pqd : type=1400 audit(0.0:17): avc: denied { open } for path="/data/disp_firmware" dev="mmcblk0p25" ino=219 scontext=u:r:pqd:s0 tcontext=u:object_r:system_data_root_file:s0 tclass=file permissive=1
01-01 08:00:10.676 284 284 I pqd : type=1400 audit(0.0:18): avc: denied { map } for path="/data/disp_firmware" dev="mmcblk0p25" ino=219 scontext=u:r:pqd:s0 tcontext=u:object_r:system_data_root_file:s0 tclass=file permissive=1
01-01 08:00:10.682 284 284 D Sunxi_PQ: config display firmware completed...
01-01 08:00:10.682 284 284 D Sunxi_PQ: There is not the /vendor/etc/firmware/disp_firmware, creat it.
01-01 08:00:10.683 284 284 D Sunxi_PQ: sunxi PQ wait for client connect from tcp port:5005...
01-01 08:00:10.684 275 275 I credstore: Registered binder service
01-01 08:00:10.684 187 292 W libc : Unable to set property "ctl.interface_start" to "vendor.display.config@1.0::IDisplayConfig/default": error code: 0x20
01-01 08:00:10.685 187 292 I hwservicemanager: Tried to start vendor.display.config@1.0::IDisplayConfig/default as a lazy service, but was unable to. Usually this happens when a service is not installed, but if the service is intended to be used as a lazy service, then it may be configured incorrectly.
01-01 08:00:10.686 284 308 D Sunxi_PQ: creat a connect thread to deal the socket.
01-01 08:00:10.689 284 307 D Sunxi_PQ: Sunxi PQ entry tanslate thread.
01-01 08:00:10.691 280 309 E GpuMem : Failed to retrieve pinned program from /sys/fs/bpf/prog_gpu_mem_tracepoint_gpu_mem_gpu_mem_total [2(No such file or directory)]
01-01 08:00:10.691 280 309 E GpuMemTracer: Cannot initialize GpuMemTracer before GpuMem
01-01 08:00:10.710 254 254 I HidlServiceManagement: Registered android.hardware.audio.effect@7.0::IEffectsFactory/default
01-01 08:00:10.710 254 254 I LegacySupport: Registration complete for android.hardware.audio.effect@7.0::IEffectsFactory/default.
01-01 08:00:10.711 256 256 I ExtCamUtils@3.4: loadFromCfg: load external camera config succeed!
01-01 08:00:10.711 256 256 I ExtCamUtils@3.4: loadFromCfg: no internal ignored device specified
01-01 08:00:10.708 312 312 I init : type=1400 audit(0.0:19): avc: denied { execute_no_trans } for path="/system/bin/xiriservice.sh" dev="dm-0" ino=1296 scontext=u:r:init:s0 tcontext=u:object_r:system_file:s0 tclass=file permissive=1
01-01 08:00:10.711 256 256 V CamPrvdr@2.4-external: Preferred HAL 3 minor version is 4
01-01 08:00:10.716 1 1 I init : type=1400 audit(0.0:20): avc: denied { setattr } for name="ext_csd" dev="debugfs" ino=6243 scontext=u:r:init:s0 tcontext=u:object_r:debugfs_mmc:s0 tclass=file permissive=1
01-01 08:00:10.723 187 187 I hwservicemanager: getTransport: Cannot find entry android.hardware.soundtrigger@2.3::ISoundTriggerHw/default in either framework or device VINTF manifest.
01-01 08:00:10.731 254 254 E LegacySupport: Could not get passthrough implementation for android.hardware.soundtrigger@2.3::ISoundTriggerHw/default.
01-01 08:00:10.738 169 169 I sunxi-rfkill soc@3000000: rfkill: set block: 0
01-01 08:00:10.738 169 169 I sunxi-rfkill soc@3000000: rfkill: bt power on success
01-01 08:00:10.732 312 312 I xiriservice.sh: type=1400 audit(0.0:21): avc: denied { write } for name="tmp" dev="mmcblk0p25" ino=85 scontext=u:r:init:s0 tcontext=u:object_r:shell_data_file:s0 tclass=dir permissive=1 bug=b/77873135
01-01 08:00:10.736 311 311 I onstartup.sh: type=1400 audit(0.0:22): avc: denied { write search } for name="tmp" dev="mmcblk0p25" ino=85 scontext=u:r:onstartup:s0 tcontext=u:object_r:shell_data_file:s0 tclass=dir permissive=1
01-01 08:00:10.740 256 256 I HidlServiceManagement: Registered android.hardware.camera.provider@2.4::ICameraProvider/external/0
01-01 08:00:10.740 256 256 I HidlServiceManagement: Removing namespace from process name android.hardware.camera.provider@2.4-external-service to provider@2.4-external-service.
01-01 08:00:10.736 311 311 I onstartup.sh: type=1400 audit(0.0:23): avc: denied { getattr } for path="/data/local/tmp" dev="mmcblk0p25" ino=85 scontext=u:r:onstartup:s0 tcontext=u:object_r:shell_data_file:s0 tclass=dir permissive=1
01-01 08:00:10.741 256 256 I LegacySupport: Registration complete for android.hardware.camera.provider@2.4::ICameraProvider/external/0.
01-01 08:00:10.742 187 187 I hwservicemanager: getTransport: Cannot find entry android.hardware.soundtrigger@2.2::ISoundTriggerHw/default in either framework or device VINTF manifest.
01-01 08:00:10.743 254 254 E LegacySupport: Could not get passthrough implementation for android.hardware.soundtrigger@2.2::ISoundTriggerHw/default.
01-01 08:00:10.743 187 187 I hwservicemanager: getTransport: Cannot find entry android.hardware.soundtrigger@2.1::ISoundTriggerHw/default in either framework or device VINTF manifest.
01-01 08:00:10.744 318 318 I init : type=1400 audit(0.0:24): avc: denied { write } for name="kmsg_debug" dev="tmpfs" ino=3747 scontext=u:r:init:s0 tcontext=u:object_r:kmsg_debug_device:s0 tclass=chr_file permissive=1
01-01 08:00:10.753 254 254 E LegacySupport: Could not get passthrough implementation for android.hardware.soundtrigger@2.1::ISoundTriggerHw/default.
01-01 08:00:10.754 187 187 I hwservicemanager: getTransport: Cannot find entry android.hardware.soundtrigger@2.0::ISoundTriggerHw/default in either framework or device VINTF manifest.
01-01 08:00:10.754 254 254 E LegacySupport: Could not get passthrough implementation for android.hardware.soundtrigger@2.0::ISoundTriggerHw/default.
01-01 08:00:10.755 254 254 W audiohalservice: Could not register Soundtrigger API
01-01 08:00:10.755 256 313 I CamPrvdr@2.4-external: threadLoop start monitoring new V4L2 devices
01-01 08:00:10.755 187 187 I hwservicemanager: getTransport: Cannot find entry android.hardware.bluetooth.audio@2.1::IBluetoothAudioProvidersFactory/default in either framework or device VINTF manifest.
01-01 08:00:10.756 254 254 E LegacySupport: Could not get passthrough implementation for android.hardware.bluetooth.audio@2.1::IBluetoothAudioProvidersFactory/default.
01-01 08:00:10.759 187 187 I hwservicemanager: getTransport: Cannot find entry android.hardware.bluetooth.audio@2.0::IBluetoothAudioProvidersFactory/default in either framework or device VINTF manifest.
01-01 08:00:10.756 318 318 I init : type=1400 audit(0.0:25): avc: denied { open } for path="/dev/kmsg_debug" dev="tmpfs" ino=3747 scontext=u:r:init:s0 tcontext=u:object_r:kmsg_debug_device:s0 tclass=chr_file permissive=1
01-01 08:00:10.767 254 254 E LegacySupport: Could not get passthrough implementation for android.hardware.bluetooth.audio@2.0::IBluetoothAudioProvidersFactory/default.
01-01 08:00:10.779 315 315 I gsid : no DSU: No such file or directory
01-01 08:00:10.779 254 254 W audiohalservice: Could not register Bluetooth Audio API
01-01 08:00:10.779 187 187 I hwservicemanager: getTransport: Cannot find entry android.hardware.bluetooth.a2dp@1.0::IBluetoothAudioOffload/default in either framework or device VINTF manifest.
01-01 08:00:10.780 254 254 E LegacySupport: Could not get passthrough implementation for android.hardware.bluetooth.a2dp@1.0::IBluetoothAudioOffload/default.
01-01 08:00:10.780 254 254 W audiohalservice: Could not register Bluetooth Audio Offload API
01-01 08:00:10.798 319 319 D XiriService: XiriService version 2.5.0.11258
01-01 08:00:10.800 311 311 I onstartup.sh: type=1400 audit(0.0:26): avc: denied { getattr } for path="/data/local/fast_apks_installed" dev="mmcblk0p25" ino=222 scontext=u:r:onstartup:s0 tcontext=u:object_r:onstartup_system_file:s0 tclass=file permissive=1
01-01 08:00:10.800 319 319 I xiriservice_All: type=1400 audit(0.0:27): avc: denied { search } for name="com.android.connectivity.resources" dev="mmcblk0p25" ino=501 scontext=u:r:init:s0 tcontext=u:object_r:privapp_data_file:s0:c512,c768 tclass=dir permissive=1
01-01 08:00:10.800 319 319 I xiriservice_All: type=1400 audit(0.0:28): avc: denied { search } for name="android" dev="mmcblk0p25" ino=505 scontext=u:r:init:s0 tcontext=u:object_r:system_app_data_file:s0 tclass=dir permissive=1
01-01 08:00:10.804 319 319 I xiriservice_All: type=1400 audit(0.0:29): avc: denied { read } for name="lib" dev="mmcblk0p25" ino=3381 scontext=u:r:init:s0 tcontext=u:object_r:system_app_data_file:s0 tclass=lnk_file permissive=1
01-01 08:00:10.804 319 319 I xiriservice_All: type=1400 audit(0.0:30): avc: denied { search } for name="android.ext.shared" dev="mmcblk0p25" ino=522 scontext=u:r:init:s0 tcontext=u:object_r:app_data_file:s0:c512,c768 tclass=dir permissive=1
01-01 08:00:10.808 319 319 I xiriservice_All: type=1400 audit(0.0:31): avc: denied { read } for name="lib" dev="mmcblk0p25" ino=3392 scontext=u:r:init:s0 tcontext=u:object_r:app_data_file:s0:c512,c768 tclass=lnk_file permissive=1
01-01 08:00:10.808 323 323 I init : type=1400 audit(0.0:32): avc: denied { execute } for name="led_switch.sh" dev="dm-1" ino=129 scontext=u:r:init:s0 tcontext=u:object_r:vendor_file:s0 tclass=file permissive=1
01-01 08:00:10.808 319 319 I xiriservice_All: type=1400 audit(0.0:33): avc: denied { search } for name="com.android.permissioncontroller" dev="mmcblk0p25" ino=551 scontext=u:r:init:s0 tcontext=u:object_r:privapp_data_file:s0:c73,c256,c512,c768 tclass=dir permissive=1
01-01 08:00:10.808 319 319 I xiriservice_All: type=1400 audit(0.0:34): avc: denied { read } for name="lib" dev="mmcblk0p25" ino=3370 scontext=u:r:init:s0 tcontext=u:object_r:privapp_data_file:s0:c512,c768 tclass=lnk_file permissive=1
01-01 08:00:10.812 323 323 I init : type=1400 audit(0.0:35): avc: denied { execute_no_trans } for path="/vendor/bin/led_switch.sh" dev="dm-1" ino=129 scontext=u:r:init:s0 tcontext=u:object_r:vendor_file:s0 tclass=file permissive=1
01-01 08:00:10.816 319 319 I xiriservice_All: type=1400 audit(0.0:36): avc: denied { search } for name="com.android.internal.systemui.navbar.gestural_wide_back" dev="mmcblk0p25" ino=626 scontext=u:r:init:s0 tcontext=u:object_r:app_data_file:s0:c9,c256,c512,c768 tclass=dir permissive=1
01-01 08:00:10.820 319 319 I xiriservice_All: type=1400 audit(0.0:37): avc: denied { search } for name="com.sohu.inputmethod.sogou.tv" dev="mmcblk0p25" ino=1406 scontext=u:r:init:s0 tcontext=u:object_r:app_data_file:s0:c48,c256,c512,c768 tclass=dir permissive=1
01-01 08:00:10.820 319 319 I xiriservice_All: type=1400 audit(0.0:38): avc: denied { read } for name="lib" dev="mmcblk0p25" ino=3377 scontext=u:r:init:s0 tcontext=u:object_r:app_data_file:s0:c48,c256,c512,c768 tclass=lnk_file permissive=1
01-01 08:00:10.820 319 319 I xiriservice_All: type=1400 audit(0.0:39): avc: denied { search } for name="com.android.htmlviewer" dev="mmcblk0p25" ino=698 scontext=u:r:init:s0 tcontext=u:object_r:app_data_file:s0:c32,c256,c512,c768 tclass=dir permissive=1
01-01 08:00:10.820 319 319 I xiriservice_All: type=1400 audit(0.0:40): avc: denied { search } for name="com.android.companiondevicemanager" dev="mmcblk0p25" ino=706 scontext=u:r:init:s0 tcontext=u:object_r:app_data_file:s0:c39,c256,c512,c768 tclass=dir permissive=1
01-01 08:00:10.820 319 319 I xiriservice_All: type=1400 audit(0.0:41): avc: denied { search } for name="com.android.internal.systemui.onehanded.gestural" dev="mmcblk0p25" ino=731 scontext=u:r:init:s0 tcontext=u:object_r:app_data_file:s0:c0,c256,c512,c768 tclass=dir permissive=1
01-01 08:00:10.824 321 321 I pgrep : type=1400 audit(0.0:42): avc: denied { read } for scontext=u:r:toolbox:s0 tcontext=u:r:init:s0 tclass=file permissive=1
01-01 08:00:10.824 321 321 I pgrep : type=1400 audit(0.0:43): avc: denied { read } for scontext=u:r:toolbox:s0 tcontext=u:r:kernel:s0 tclass=file permissive=1
01-01 08:00:10.824 319 319 I xiriservice_All: type=1400 audit(0.0:44): avc: denied { search } for name="com.android.simappdialog" dev="mmcblk0p25" ino=771 scontext=u:r:init:s0 tcontext=u:object_r:app_data_file:s0:c54,c256,c512,c768 tclass=dir permissive=1
01-01 08:00:10.824 319 319 I xiriservice_All: type=1400 audit(0.0:45): avc: denied { read } for name="lib" dev="mmcblk0p25" ino=3380 scontext=u:r:init:s0 tcontext=u:object_r:radio_data_file:s0 tclass=lnk_file permissive=1
01-01 08:00:10.828 319 319 I xiriservice_All: type=1400 audit(0.0:46): avc: denied { search } for name="com.android.modulemetadata" dev="mmcblk0p25" ino=789 scontext=u:r:init:s0 tcontext=u:object_r:app_data_file:s0:c58,c256,c512,c768 tclass=dir permissive=1
01-01 08:00:10.828 319 319 I xiriservice_All: type=1400 audit(0.0:47): avc: denied { search } for name="com.google.android.apps.searchlite.overlay" dev="mmcblk0p25" ino=814 scontext=u:r:init:s0 tcontext=u:object_r:app_data_file:s0:c1,c256,c512,c768 tclass=dir permissive=1
01-01 08:00:10.828 319 319 I xiriservice_All: type=1400 audit(0.0:48): avc: denied { search } for name="com.android.internal.systemui.navbar.threebutton" dev="mmcblk0p25" ino=822 scontext=u:r:init:s0 tcontext=u:object_r:app_data_file:s0:c11,c256,c512,c768 tclass=dir permissive=1
01-01 08:00:10.828 319 319 I xiriservice_All: type=1400 audit(0.0:49): avc: denied { search } for name="com.google.android.networkstackconfig" dev="mmcblk0p25" ino=830 scontext=u:r:init:s0 tcontext=u:object_r:app_data_file:s0:c2,c256,c512,c768 tclass=dir permissive=1
01-01 08:00:10.828 319 319 I xiriservice_All: type=1400 audit(0.0:50): avc: denied { search } for name="com.android.internal.systemui.navbar.gestural_extra_wide_back" dev="mmcblk0p25" ino=907 scontext=u:r:init:s0 tcontext=u:object_r:app_data_file:s0:c7,c256,c512,c768 tclass=dir permissive=1
01-01 08:00:10.828 319 319 I xiriservice_All: type=1400 audit(0.0:51): avc: denied { search } for name="com.android.printspooler" dev="mmcblk0p25" ino=935 scontext=u:r:init:s0 tcontext=u:object_r:app_data_file:s0:c52,c256,c512,c768 tclass=dir permissive=1
01-01 08:00:10.832 319 319 I xiriservice_All: type=1400 audit(0.0:52): avc: denied { read } for name="lib" dev="mmcblk0p25" ino=3386 scontext=u:r:init:s0 tcontext=u:object_r:app_data_file:s0:c52,c256,c512,c768 tclass=lnk_file permissive=1
01-01 08:00:10.832 321 321 I pgrep : type=1400 audit(0.0:53): avc: denied { read } for scontext=u:r:toolbox:s0 tcontext=u:r:vendor_init:s0 tclass=file permissive=1
01-01 08:00:10.832 321 321 I pgrep : type=1400 audit(0.0:54): avc: denied { getattr } for path="/proc/1" dev="proc" ino=3761 scontext=u:r:toolbox:s0 tcontext=u:r:init:s0 tclass=dir permissive=1
01-01 08:00:10.832 321 321 I pgrep : type=1400 audit(0.0:55): avc: denied { search } for name="1" dev="proc" ino=3761 scontext=u:r:toolbox:s0 tcontext=u:r:init:s0 tclass=dir permissive=1
01-01 08:00:10.832 321 321 I pgrep : type=1400 audit(0.0:56): avc: denied { open } for path="/proc/1/stat" dev="proc" ino=9329 scontext=u:r:toolbox:s0 tcontext=u:r:init:s0 tclass=file permissive=1
01-01 08:00:10.832 321 321 I pgrep : type=1400 audit(0.0:57): avc: denied { getattr } for path="/proc/2" dev="proc" ino=9240 scontext=u:r:toolbox:s0 tcontext=u:r:kernel:s0 tclass=dir permissive=1
01-01 08:00:10.832 321 321 I pgrep : type=1400 audit(0.0:58): avc: denied { search } for name="2" dev="proc" ino=9240 scontext=u:r:toolbox:s0 tcontext=u:r:kernel:s0 tclass=dir permissive=1
01-01 08:00:10.832 321 321 I pgrep : type=1400 audit(0.0:59): avc: denied { open } for path="/proc/2/stat" dev="proc" ino=9330 scontext=u:r:toolbox:s0 tcontext=u:r:kernel:s0 tclass=file permissive=1
01-01 08:00:10.836 319 319 I xiriservice_All: type=1400 audit(0.0:60): avc: denied { search } for name="com.android.dreams.basic" dev="mmcblk0p25" ino=943 scontext=u:r:init:s0 tcontext=u:object_r:app_data_file:s0:c40,c256,c512,c768 tclass=dir permissive=1
01-01 08:00:10.836 319 319 I xiriservice_All: type=1400 audit(0.0:61): avc: denied { search } for name="com.android.webview" dev="mmcblk0p25" ino=951 scontext=u:r:init:s0 tcontext=u:object_r:app_data_file:s0:c60,c256,c512,c768 tclass=dir permissive=1
01-01 08:00:10.836 319 319 I xiriservice_All: type=1400 audit(0.0:62): avc: denied { read } for name="lib" dev="mmcblk0p25" ino=3387 scontext=u:r:init:s0 tcontext=u:object_r:app_data_file:s0:c60,c256,c512,c768 tclass=lnk_file permissive=1
01-01 08:00:10.840 319 319 I xiriservice_All: type=1400 audit(0.0:63): avc: denied { search } for name="com.android.printservice.recommendation" dev="mmcblk0p25" ino=1023 scontext=u:r:init:s0 tcontext=u:object_r:app_data_file:s0:c51,c256,c512,c768 tclass=dir permissive=1
01-01 08:00:10.844 319 319 I xiriservice_All: type=1400 audit(0.0:64): avc: denied { search } for name="com.google.android.networkstack.tetheringconfig" dev="mmcblk0p25" ino=1031 scontext=u:r:init:s0 tcontext=u:object_r:app_data_file:s0:c4,c256,c512,c768 tclass=dir permissive=1
01-01 08:00:10.848 319 319 I xiriservice_All: type=1400 audit(0.0:65): avc: denied { search } for name="com.android.theme.font.notoserifsource" dev="mmcblk0p25" ino=1055 scontext=u:r:init:s0 tcontext=u:object_r:app_data_file:s0:c3,c256,c512,c768 tclass=dir permissive=1
01-01 08:00:10.852 319 319 I xiriservice_All: type=1400 audit(0.0:66): avc: denied { search } for name="com.android.smspush" dev="mmcblk0p25" ino=1121 scontext=u:r:init:s0 tcontext=u:object_r:app_data_file:s0:c69,c256,c512,c768 tclass=dir permissive=1
01-01 08:00:10.856 319 319 I xiriservice_All: type=1400 audit(0.0:67): avc: denied { search } for name="com.tv.filemanager.os" dev="mmcblk0p25" ino=1137 scontext=u:r:init:s0 tcontext=u:object_r:app_data_file:s0:c38,c256,c512,c768 tclass=dir permissive=1
01-01 08:00:10.860 323 323 I led_switch.sh: type=1400 audit(0.0:68): avc: denied { add_name } for name="led_swith.txt" scontext=u:r:init:s0 tcontext=u:object_r:shell_data_file:s0 tclass=dir permissive=1 bug=b/77873135
01-01 08:00:10.860 323 323 I led_switch.sh: type=1400 audit(0.0:69): avc: denied { create } for name="led_swith.txt" scontext=u:r:init:s0 tcontext=u:object_r:shell_data_file:s0 tclass=file permissive=1 bug=b/77873135
01-01 08:00:10.860 319 319 I xiriservice_All: type=1400 audit(0.0:70): avc: denied { search } for name="com.android.bookmarkprovider" dev="mmcblk0p25" ino=1161 scontext=u:r:init:s0 tcontext=u:object_r:app_data_file:s0:c41,c256,c512,c768 tclass=dir permissive=1
01-01 08:00:10.860 323 323 I led_switch.sh: type=1400 audit(0.0:71): avc: denied { write } for name="led_swith.txt" dev="mmcblk0p25" ino=220 scontext=u:r:init:s0 tcontext=u:object_r:shell_data_file:s0 tclass=file permissive=1 bug=b/77873135
01-01 08:00:10.860 319 319 I xiriservice_All: type=1400 audit(0.0:72): avc: denied { search } for name="com.android.cts.ctsshim" dev="mmcblk0p25" ino=1177 scontext=u:r:init:s0 tcontext=u:object_r:app_data_file:s0:c47,c256,c512,c768 tclass=dir permissive=1
01-01 08:00:10.860 319 319 I xiriservice_All: type=1400 audit(0.0:74): avc: denied { search } for name="com.dangbei.lerad.screensaver" dev="mmcblk0p25" ino=1185 scontext=u:r:init:s0 tcontext=u:object_r:app_data_file:s0:c36,c256,c512,c768 tclass=dir permissive=1
01-01 08:00:10.860 323 323 I led_switch.sh: type=1400 audit(0.0:73): avc: denied { open } for path="/data/local/tmp/led_swith.txt" dev="mmcblk0p25" ino=220 scontext=u:r:init:s0 tcontext=u:object_r:shell_data_file:s0 tclass=file permissive=1 bug=b/77873135
01-01 08:00:10.860 319 319 I xiriservice_All: type=1400 audit(0.0:75): avc: denied { read } for name="lib" dev="mmcblk0p25" ino=3400 scontext=u:r:init:s0 tcontext=u:object_r:app_data_file:s0:c36,c256,c512,c768 tclass=lnk_file permissive=1
01-01 08:00:10.864 321 321 I pgrep : type=1400 audit(0.0:76): avc: denied { sys_ptrace } for capability=19 scontext=u:r:toolbox:s0 tcontext=u:r:toolbox:s0 tclass=capability permissive=1
01-01 08:00:10.864 321 321 I pgrep : type=1400 audit(0.0:77): avc: denied { read } for scontext=u:r:toolbox:s0 tcontext=u:r:ueventd:s0 tclass=file permissive=1
01-01 08:00:10.864 319 319 I xiriservice_All: type=1400 audit(0.0:78): avc: denied { search } for name="com.android.remoteprovisioner" dev="mmcblk0p25" ino=1193 scontext=u:r:init:s0 tcontext=u:object_r:app_data_file:s0:c62,c256,c512,c768 tclass=dir permissive=1
01-01 08:00:10.864 319 319 I xiriservice_All: type=1400 audit(0.0:79): avc: denied { search } for name="com.softwinner.theme.icon" dev="mmcblk0p25" ino=1201 scontext=u:r:init:s0 tcontext=u:object_r:app_data_file:s0:c8,c256,c512,c768 tclass=dir permissive=1
01-01 08:00:10.864 319 319 I xiriservice_All: type=1400 audit(0.0:80): avc: denied { search } for name="com.android.music" dev="mmcblk0p25" ino=1225 scontext=u:r:init:s0 tcontext=u:object_r:app_data_file:s0:c42,c256,c512,c768 tclass=dir permissive=1
01-01 08:00:10.864 321 321 I pgrep : type=1400 audit(0.0:81): avc: denied { read } for scontext=u:r:toolbox:s0 tcontext=u:r:logd:s0 tclass=file permissive=1
01-01 08:00:10.864 321 321 I pgrep : type=1400 audit(0.0:82): avc: denied { read } for scontext=u:r:toolbox:s0 tcontext=u:r:lmkd:s0 tclass=file permissive=1
01-01 08:00:10.864 319 319 I xiriservice_All: type=1400 audit(0.0:83): avc: denied { search } for name="com.android.providers.media.module" dev="mmcblk0p25" ino=1257 scontext=u:r:init:s0 tcontext=u:object_r:privapp_data_file:s0:c74,c256,c512,c768 tclass=dir permissive=1
01-01 08:00:10.864 321 321 I pgrep : type=1400 audit(0.0:84): avc: denied { read } for scontext=u:r:toolbox:s0 tcontext=u:r:servicemanager:s0 tclass=file permissive=1
01-01 08:00:10.864 319 319 I xiriservice_All: type=1400 audit(0.0:85): avc: denied { read } for name="lib" dev="mmcblk0p25" ino=3402 scontext=u:r:init:s0 tcontext=u:object_r:privapp_data_file:s0:c74,c256,c512,c768 tclass=lnk_file permissive=1
01-01 08:00:10.864 321 321 I pgrep : type=1400 audit(0.0:86): avc: denied { read } for scontext=u:r:toolbox:s0 tcontext=u:r:hwservicemanager:s0 tclass=file permissive=1
01-01 08:00:10.864 321 321 I pgrep : type=1400 audit(0.0:87): avc: denied { read } for scontext=u:r:toolbox:s0 tcontext=u:r:vndservicemanager:s0 tclass=file permissive=1
01-01 08:00:10.864 321 321 I pgrep : type=1400 audit(0.0:88): avc: denied { read } for scontext=u:r:toolbox:s0 tcontext=u:r:shell:s0 tclass=file permissive=1
01-01 08:00:10.864 321 321 I pgrep : type=1400 audit(0.0:89): avc: denied { read } for scontext=u:r:toolbox:s0 tcontext=u:r:vold:s0 tclass=file permissive=1
01-01 08:00:10.864 321 321 I pgrep : type=1400 audit(0.0:90): avc: denied { read } for scontext=u:r:toolbox:s0 tcontext=u:r:system_suspend:s0 tclass=file permissive=1
01-01 08:00:10.864 321 321 I pgrep : type=1400 audit(0.0:91): avc: denied { read } for scontext=u:r:toolbox:s0 tcontext=u:r:keystore:s0 tclass=file permissive=1
01-01 08:00:10.864 321 321 I pgrep : type=1400 audit(0.0:92): avc: denied { read } for scontext=u:r:toolbox:s0 tcontext=u:r:hal_bootctl_default:s0 tclass=file permissive=1
01-01 08:00:10.864 321 321 I pgrep : type=1400 audit(0.0:93): avc: denied { read } for scontext=u:r:toolbox:s0 tcontext=u:r:hal_keymint_default:s0 tclass=file permissive=1
01-01 08:00:10.864 321 321 I pgrep : type=1400 audit(0.0:94): avc: denied { read } for scontext=u:r:toolbox:s0 tcontext=u:r:tee:s0 tclass=file permissive=1
01-01 08:00:10.864 321 321 I pgrep : type=1400 audit(0.0:95): avc: denied { read } for scontext=u:r:toolbox:s0 tcontext=u:r:tombstoned:s0 tclass=file permissive=1
01-01 08:00:10.864 321 321 I pgrep : type=1400 audit(0.0:96): avc: denied { read } for scontext=u:r:toolbox:s0 tcontext=u:r:statsd:s0 tclass=file permissive=1
01-01 08:00:10.864 321 321 I pgrep : type=1400 audit(0.0:97): avc: denied { read } for scontext=u:r:toolbox:s0 tcontext=u:r:netd:s0 tclass=file permissive=1
01-01 08:00:10.864 321 321 I pgrep : type=1400 audit(0.0:98): avc: denied { read } for scontext=u:r:toolbox:s0 tcontext=u:r:zygote:s0 tclass=file permissive=1
01-01 08:00:10.864 321 321 I pgrep : type=1400 audit(0.0:99): avc: denied { read } for scontext=u:r:toolbox:s0 tcontext=u:r:hal_allocator_default:s0 tclass=file permissive=1
01-01 08:00:10.864 321 321 I pgrep : type=1400 audit(0.0:100): avc: denied { read } for scontext=u:r:toolbox:s0 tcontext=u:r:hal_audio_default:s0 tclass=file permissive=1
01-01 08:00:10.864 321 321 I pgrep : type=1400 audit(0.0:101): avc: denied { read } for scontext=u:r:toolbox:s0 tcontext=u:r:hal_bluetooth_default:s0 tclass=file permissive=1
01-01 08:00:10.864 321 321 I pgrep : type=1400 audit(0.0:102): avc: denied { read } for scontext=u:r:toolbox:s0 tcontext=u:r:hal_camera_default:s0 tclass=file permissive=1
01-01 08:00:10.864 321 321 I pgrep : type=1400 audit(0.0:103): avc: denied { read } for scontext=u:r:toolbox:s0 tcontext=u:r:hal_cas_default:s0 tclass=file permissive=1
01-01 08:00:10.864 321 321 I pgrep : type=1400 audit(0.0:104): avc: denied { read } for scontext=u:r:toolbox:s0 tcontext=u:r:hal_gatekeeper_default:s0 tclass=file permissive=1
01-01 08:00:10.864 321 321 I pgrep : type=1400 audit(0.0:105): avc: denied { read } for scontext=u:r:toolbox:s0 tcontext=u:r:hal_graphics_allocator_default:s0 tclass=file permissive=1
01-01 08:00:10.864 321 321 I pgrep : type=1400 audit(0.0:106): avc: denied { read } for scontext=u:r:toolbox:s0 tcontext=u:r:hal_graphics_composer_default:s0 tclass=file permissive=1
01-01 08:00:10.864 321 321 I pgrep : type=1400 audit(0.0:107): avc: denied { read } for scontext=u:r:toolbox:s0 tcontext=u:r:hal_health_default:s0 tclass=file permissive=1
01-01 08:00:10.864 321 321 I pgrep : type=1400 audit(0.0:108): avc: denied { read } for scontext=u:r:toolbox:s0 tcontext=u:r:hal_light_default:s0 tclass=file permissive=1
01-01 08:00:10.864 321 321 I pgrep : type=1400 audit(0.0:109): avc: denied { read } for scontext=u:r:toolbox:s0 tcontext=u:r:hal_power_default:s0 tclass=file permissive=1
01-01 08:00:10.864 319 319 I xiriservice_All: type=1400 audit(0.0:110): avc: denied { search } for name="com.softwinner.theme.color" dev="mmcblk0p25" ino=1265 scontext=u:r:init:s0 tcontext=u:object_r:app_data_file:s0:c5,c256,c512,c768 tclass=dir permissive=1
01-01 08:00:10.864 321 321 I pgrep : type=1400 audit(0.0:111): avc: denied { read } for scontext=u:r:toolbox:s0 tcontext=u:r:hal_tv_cec_default:s0 tclass=file permissive=1
01-01 08:00:10.864 321 321 I pgrep : type=1400 audit(0.0:112): avc: denied { read } for scontext=u:r:toolbox:s0 tcontext=u:r:hal_usb_impl:s0 tclass=file permissive=1
01-01 08:00:10.864 321 321 I pgrep : type=1400 audit(0.0:113): avc: denied { read } for scontext=u:r:toolbox:s0 tcontext=u:r:hal_awdisplayoutput_default:s0 tclass=file permissive=1
01-01 08:00:10.868 321 321 I pgrep : type=1400 audit(0.0:114): avc: denied { read } for scontext=u:r:toolbox:s0 tcontext=u:r:hal_rebootescrow_default:s0 tclass=file permissive=1
01-01 08:00:10.868 321 321 I pgrep : type=1400 audit(0.0:115): avc: denied { read } for scontext=u:r:toolbox:s0 tcontext=u:r:audioserver:s0 tclass=file permissive=1
01-01 08:00:10.868 321 321 I pgrep : type=1400 audit(0.0:116): avc: denied { read } for scontext=u:r:toolbox:s0 tcontext=u:r:credstore:s0 tclass=file permissive=1
01-01 08:00:10.868 321 321 I pgrep : type=1400 audit(0.0:117): avc: denied { read } for scontext=u:r:toolbox:s0 tcontext=u:r:gpuservice:s0 tclass=file permissive=1
01-01 08:00:10.868 321 321 I pgrep : type=1400 audit(0.0:118): avc: denied { read } for scontext=u:r:toolbox:s0 tcontext=u:r:surfaceflinger:s0 tclass=file permissive=1
01-01 08:00:10.868 321 321 I pgrep : type=1400 audit(0.0:119): avc: denied { read } for scontext=u:r:toolbox:s0 tcontext=u:r:pqd:s0 tclass=file permissive=1
01-01 08:00:10.868 321 321 I pgrep : type=1400 audit(0.0:120): avc: denied { read } for scontext=u:r:toolbox:s0 tcontext=u:r:init:s0 tclass=file permissive=1
01-01 08:00:10.868 321 321 I pgrep : type=1400 audit(0.0:121): avc: denied { getattr } for path="/proc/169" dev="proc" ino=2126 scontext=u:r:toolbox:s0 tcontext=u:r:vendor_init:s0 tclass=dir permissive=1
01-01 08:00:10.868 321 321 I pgrep : type=1400 audit(0.0:122): avc: denied { read } for scontext=u:r:toolbox:s0 tcontext=u:r:vendor_init:s0 tclass=file permissive=1
01-01 08:00:10.868 321 321 I pgrep : type=1400 audit(0.0:123): avc: denied { search } for name="169" dev="proc" ino=2126 scontext=u:r:toolbox:s0 tcontext=u:r:vendor_init:s0 tclass=dir permissive=1
01-01 08:00:10.868 321 321 I pgrep : type=1400 audit(0.0:124): avc: denied { open } for path="/proc/169/stat" dev="proc" ino=9438 scontext=u:r:toolbox:s0 tcontext=u:r:vendor_init:s0 tclass=file permissive=1
01-01 08:00:10.868 321 321 I pgrep : type=1400 audit(0.0:125): avc: denied { getattr } for path="/proc/172" dev="proc" ino=2168 scontext=u:r:toolbox:s0 tcontext=u:r:ueventd:s0 tclass=dir permissive=1
01-01 08:00:10.868 321 321 I pgrep : type=1400 audit(0.0:126): avc: denied { search } for name="172" dev="proc" ino=2168 scontext=u:r:toolbox:s0 tcontext=u:r:ueventd:s0 tclass=dir permissive=1
01-01 08:00:10.868 321 321 I pgrep : type=1400 audit(0.0:127): avc: denied { open } for path="/proc/172/stat" dev="proc" ino=9439 scontext=u:r:toolbox:s0 tcontext=u:r:ueventd:s0 tclass=file permissive=1
01-01 08:00:10.868 321 321 I pgrep : type=1400 audit(0.0:128): avc: denied { getattr } for path="/proc/184" dev="proc" ino=234 scontext=u:r:toolbox:s0 tcontext=u:r:logd:s0 tclass=dir permissive=1
01-01 08:00:10.868 321 321 I pgrep : type=1400 audit(0.0:129): avc: denied { read } for scontext=u:r:toolbox:s0 tcontext=u:r:logd:s0 tclass=file permissive=1
01-01 08:00:10.868 321 321 I pgrep : type=1400 audit(0.0:130): avc: denied { search } for name="184" dev="proc" ino=234 scontext=u:r:toolbox:s0 tcontext=u:r:logd:s0 tclass=dir permissive=1
01-01 08:00:10.868 321 321 I pgrep : type=1400 audit(0.0:131): avc: denied { open } for path="/proc/184/stat" dev="proc" ino=9442 scontext=u:r:toolbox:s0 tcontext=u:r:logd:s0 tclass=file permissive=1
01-01 08:00:10.868 321 321 I pgrep : type=1400 audit(0.0:132): avc: denied { getattr } for path="/proc/185" dev="proc" ino=6378 scontext=u:r:toolbox:s0 tcontext=u:r:lmkd:s0 tclass=dir permissive=1
01-01 08:00:10.868 321 321 I pgrep : type=1400 audit(0.0:133): avc: denied { read } for scontext=u:r:toolbox:s0 tcontext=u:r:lmkd:s0 tclass=file permissive=1
01-01 08:00:10.868 321 321 I pgrep : type=1400 audit(0.0:134): avc: denied { search } for name="185" dev="proc" ino=6378 scontext=u:r:toolbox:s0 tcontext=u:r:lmkd:s0 tclass=dir permissive=1
01-01 08:00:10.868 321 321 I pgrep : type=1400 audit(0.0:135): avc: denied { open } for path="/proc/185/stat" dev="proc" ino=9443 scontext=u:r:toolbox:s0 tcontext=u:r:lmkd:s0 tclass=file permissive=1
01-01 08:00:10.868 321 321 I pgrep : type=1400 audit(0.0:136): avc: denied { getattr } for path="/proc/186" dev="proc" ino=238 scontext=u:r:toolbox:s0 tcontext=u:r:servicemanager:s0 tclass=dir permissive=1
01-01 08:00:10.868 321 321 I pgrep : type=1400 audit(0.0:137): avc: denied { read } for scontext=u:r:toolbox:s0 tcontext=u:r:servicemanager:s0 tclass=file permissive=1
01-01 08:00:10.868 321 321 I pgrep : type=1400 audit(0.0:138): avc: denied { search } for name="186" dev="proc" ino=238 scontext=u:r:toolbox:s0 tcontext=u:r:servicemanager:s0 tclass=dir permissive=1
01-01 08:00:10.868 321 321 I pgrep : type=1400 audit(0.0:139): avc: denied { open } for path="/proc/186/stat" dev="proc" ino=9444 scontext=u:r:toolbox:s0 tcontext=u:r:servicemanager:s0 tclass=file permissive=1
01-01 08:00:10.868 321 321 I pgrep : type=1400 audit(0.0:140): avc: denied { getattr } for path="/proc/187" dev="proc" ino=242 scontext=u:r:toolbox:s0 tcontext=u:r:hwservicemanager:s0 tclass=dir permissive=1
01-01 08:00:10.868 321 321 I pgrep : type=1400 audit(0.0:141): avc: denied { read } for scontext=u:r:toolbox:s0 tcontext=u:r:hwservicemanager:s0 tclass=file permissive=1
01-01 08:00:10.868 321 321 I pgrep : type=1400 audit(0.0:142): avc: denied { search } for name="187" dev="proc" ino=242 scontext=u:r:toolbox:s0 tcontext=u:r:hwservicemanager:s0 tclass=dir permissive=1
01-01 08:00:10.868 321 321 I pgrep : type=1400 audit(0.0:143): avc: denied { open } for path="/proc/187/stat" dev="proc" ino=9445 scontext=u:r:toolbox:s0 tcontext=u:r:hwservicemanager:s0 tclass=file permissive=1
01-01 08:00:10.868 319 319 I xiriservice_All: type=1400 audit(0.0:144): avc: denied { search } for name="com.android.hotspot2.osulogin" dev="mmcblk0p25" ino=1281 scontext=u:r:init:s0 tcontext=u:object_r:app_data_file:s0:c71,c256,c512,c768 tclass=dir permissive=1
01-01 08:00:10.868 319 319 I xiriservice_All: type=1400 audit(0.0:145): avc: denied { search } for name="com.android.internal.systemui.navbar.gestural" dev="mmcblk0p25" ino=1289 scontext=u:r:init:s0 tcontext=u:object_r:app_data_file:s0:c6,c256,c512,c768 tclass=dir permissive=1
01-01 08:00:10.868 321 321 I pgrep : type=1400 audit(0.0:146): avc: denied { getattr } for path="/proc/189" dev="proc" ino=7385 scontext=u:r:toolbox:s0 tcontext=u:r:vndservicemanager:s0 tclass=dir permissive=1
01-01 08:00:10.868 321 321 I pgrep : type=1400 audit(0.0:147): avc: denied { search } for name="189" dev="proc" ino=7385 scontext=u:r:toolbox:s0 tcontext=u:r:vndservicemanager:s0 tclass=dir permissive=1
01-01 08:00:10.868 321 321 I pgrep : type=1400 audit(0.0:148): avc: denied { open } for path="/proc/189/stat" dev="proc" ino=9447 scontext=u:r:toolbox:s0 tcontext=u:r:vndservicemanager:s0 tclass=file permissive=1
01-01 08:00:10.868 321 321 I pgrep : type=1400 audit(0.0:149): avc: denied { getattr } for path="/proc/190" dev="proc" ino=2307 scontext=u:r:toolbox:s0 tcontext=u:r:shell:s0 tclass=dir permissive=1
01-01 08:00:10.868 321 321 I pgrep : type=1400 audit(0.0:150): avc: denied { search } for name="190" dev="proc" ino=2307 scontext=u:r:toolbox:s0 tcontext=u:r:shell:s0 tclass=dir permissive=1
01-01 08:00:10.868 321 321 I pgrep : type=1400 audit(0.0:151): avc: denied { open } for path="/proc/190/stat" dev="proc" ino=9448 scontext=u:r:toolbox:s0 tcontext=u:r:shell:s0 tclass=file permissive=1
01-01 08:00:10.868 321 321 I pgrep : type=1400 audit(0.0:152): avc: denied { getattr } for path="/proc/196" dev="proc" ino=294 scontext=u:r:toolbox:s0 tcontext=u:r:vold:s0 tclass=dir permissive=1
01-01 08:00:10.868 321 321 I pgrep : type=1400 audit(0.0:153): avc: denied { search } for name="196" dev="proc" ino=294 scontext=u:r:toolbox:s0 tcontext=u:r:vold:s0 tclass=dir permissive=1
01-01 08:00:10.868 321 321 I pgrep : type=1400 audit(0.0:154): avc: denied { open } for path="/proc/196/stat" dev="proc" ino=9451 scontext=u:r:toolbox:s0 tcontext=u:r:vold:s0 tclass=file permissive=1
01-01 08:00:10.887 249 249 D AndroidRuntime: >>>>>> START com.android.internal.os.ZygoteInit uid 0 <<<<<<
01-01 08:00:10.872 319 319 I xiriservice_All: type=1400 audit(0.0:155): avc: denied { search } for name="com.android.bluetoothmidiservice" dev="mmcblk0p25" ino=1305 scontext=u:r:init:s0 tcontext=u:object_r:app_data_file:s0:c53,c256,c512,c768 tclass=dir permissive=1
01-01 08:00:10.872 321 321 I pgrep : type=1400 audit(0.0:156): avc: denied { getattr } for path="/proc/210" dev="proc" ino=2372 scontext=u:r:toolbox:s0 tcontext=u:r:system_suspend:s0 tclass=dir permissive=1
01-01 08:00:10.872 321 321 I pgrep : type=1400 audit(0.0:157): avc: denied { search } for name="210" dev="proc" ino=2372 scontext=u:r:toolbox:s0 tcontext=u:r:system_suspend:s0 tclass=dir permissive=1
01-01 08:00:10.872 321 321 I pgrep : type=1400 audit(0.0:158): avc: denied { open } for path="/proc/210/stat" dev="proc" ino=9456 scontext=u:r:toolbox:s0 tcontext=u:r:system_suspend:s0 tclass=file permissive=1
01-01 08:00:10.872 321 321 I pgrep : type=1400 audit(0.0:159): avc: denied { getattr } for path="/proc/211" dev="proc" ino=328 scontext=u:r:toolbox:s0 tcontext=u:r:keystore:s0 tclass=dir permissive=1
01-01 08:00:10.872 321 321 I pgrep : type=1400 audit(0.0:160): avc: denied { search } for name="211" dev="proc" ino=328 scontext=u:r:toolbox:s0 tcontext=u:r:keystore:s0 tclass=dir permissive=1
01-01 08:00:10.872 321 321 I pgrep : type=1400 audit(0.0:161): avc: denied { open } for path="/proc/211/stat" dev="proc" ino=9457 scontext=u:r:toolbox:s0 tcontext=u:r:keystore:s0 tclass=file permissive=1
01-01 08:00:10.872 321 321 I pgrep : type=1400 audit(0.0:162): avc: denied { getattr } for path="/proc/212" dev="proc" ino=2382 scontext=u:r:toolbox:s0 tcontext=u:r:hal_bootctl_default:s0 tclass=dir permissive=1
01-01 08:00:10.872 321 321 I pgrep : type=1400 audit(0.0:163): avc: denied { search } for name="212" dev="proc" ino=2382 scontext=u:r:toolbox:s0 tcontext=u:r:hal_bootctl_default:s0 tclass=dir permissive=1
01-01 08:00:10.872 321 321 I pgrep : type=1400 audit(0.0:164): avc: denied { open } for path="/proc/212/stat" dev="proc" ino=9458 scontext=u:r:toolbox:s0 tcontext=u:r:hal_bootctl_default:s0 tclass=file permissive=1
01-01 08:00:10.872 321 321 I pgrep : type=1400 audit(0.0:165): avc: denied { getattr } for path="/proc/213" dev="proc" ino=352 scontext=u:r:toolbox:s0 tcontext=u:r:hal_keymint_default:s0 tclass=dir permissive=1
01-01 08:00:10.872 321 321 I pgrep : type=1400 audit(0.0:166): avc: denied { search } for name="213" dev="proc" ino=352 scontext=u:r:toolbox:s0 tcontext=u:r:hal_keymint_default:s0 tclass=dir permissive=1
01-01 08:00:10.872 321 321 I pgrep : type=1400 audit(0.0:167): avc: denied { open } for path="/proc/213/stat" dev="proc" ino=9459 scontext=u:r:toolbox:s0 tcontext=u:r:hal_keymint_default:s0 tclass=file permissive=1
01-01 08:00:10.872 321 321 I pgrep : type=1400 audit(0.0:168): avc: denied { getattr } for path="/proc/214" dev="proc" ino=7462 scontext=u:r:toolbox:s0 tcontext=u:r:tee:s0 tclass=dir permissive=1
01-01 08:00:10.872 321 321 I pgrep : type=1400 audit(0.0:169): avc: denied { search } for name="214" dev="proc" ino=7462 scontext=u:r:toolbox:s0 tcontext=u:r:tee:s0 tclass=dir permissive=1
01-01 08:00:10.872 321 321 I pgrep : type=1400 audit(0.0:170): avc: denied { open } for path="/proc/214/stat" dev="proc" ino=9460 scontext=u:r:toolbox:s0 tcontext=u:r:tee:s0 tclass=file permissive=1
01-01 08:00:10.872 319 319 I xiriservice_All: type=1400 audit(0.0:171): avc: denied { search } for name="com.android.traceur" dev="mmcblk0p25" ino=1329 scontext=u:r:init:s0 tcontext=u:object_r:app_data_file:s0:c14,c256,c512,c768 tclass=dir permissive=1
01-01 08:00:10.872 319 319 I xiriservice_All: type=1400 audit(0.0:172): avc: denied { read } for name="lib" dev="mmcblk0p25" ino=3407 scontext=u:r:init:s0 tcontext=u:object_r:bluetooth_data_file:s0 tclass=lnk_file permissive=1
01-01 08:00:10.876 324 324 I led_switch.sh: type=1400 audit(0.0:173): avc: denied { execute_no_trans } for path="/vendor/bin/toolbox" dev="dm-1" ino=229 scontext=u:r:init:s0 tcontext=u:object_r:vendor_toolbox_exec:s0 tclass=file permissive=1
01-01 08:00:10.876 321 321 I pgrep : type=1400 audit(0.0:174): avc: denied { getattr } for path="/proc/225" dev="proc" ino=2411 scontext=u:r:toolbox:s0 tcontext=u:r:tombstoned:s0 tclass=dir permissive=1
01-01 08:00:10.876 321 321 I pgrep : type=1400 audit(0.0:175): avc: denied { search } for name="225" dev="proc" ino=2411 scontext=u:r:toolbox:s0 tcontext=u:r:tombstoned:s0 tclass=dir permissive=1
01-01 08:00:10.876 321 321 I pgrep : type=1400 audit(0.0:176): avc: denied { open } for path="/proc/225/stat" dev="proc" ino=9464 scontext=u:r:toolbox:s0 tcontext=u:r:tombstoned:s0 tclass=file permissive=1
01-01 08:00:10.876 321 321 I pgrep : type=1400 audit(0.0:177): avc: denied { getattr } for path="/proc/247" dev="proc" ino=2584 scontext=u:r:toolbox:s0 tcontext=u:r:statsd:s0 tclass=dir permissive=1
01-01 08:00:10.876 321 321 I pgrep : type=1400 audit(0.0:178): avc: denied { search } for name="247" dev="proc" ino=2584 scontext=u:r:toolbox:s0 tcontext=u:r:statsd:s0 tclass=dir permissive=1
01-01 08:00:10.876 321 321 I pgrep : type=1400 audit(0.0:179): avc: denied { open } for path="/proc/247/stat" dev="proc" ino=9465 scontext=u:r:toolbox:s0 tcontext=u:r:statsd:s0 tclass=file permissive=1
01-01 08:00:10.876 319 319 I xiriservice_All: type=1400 audit(0.0:180): avc: denied { search } for name="com.android.captiveportallogin" dev="mmcblk0p25" ino=1353 scontext=u:r:init:s0 tcontext=u:object_r:app_data_file:s0:c44,c256,c512,c768 tclass=dir permissive=1
01-01 08:00:10.876 319 319 I xiriservice_All: type=1400 audit(0.0:181): avc: denied { search } for name="com.android.internal.systemui.navbar.gestural_narrow_back" dev="mmcblk0p25" ino=1361 scontext=u:r:init:s0 tcontext=u:object_r:app_data_file:s0:c10,c256,c512,c768 tclass=dir permissive=1
01-01 08:00:10.876 319 319 I xiriservice_All: type=1400 audit(0.0:182): avc: denied { search } for name="com.longs.adbenable" dev="mmcblk0p25" ino=2986 scontext=u:r:init:s0 tcontext=u:object_r:app_data_file:s0:c76,c256,c512,c768 tclass=dir permissive=1
01-01 08:00:10.876 319 319 I xiriservice_All: type=1400 audit(0.0:183): avc: denied { read } for name="lib" dev="mmcblk0p25" ino=3374 scontext=u:r:init:s0 tcontext=u:object_r:app_data_file:s0:c76,c256,c512,c768 tclass=lnk_file permissive=1
01-01 08:00:10.880 321 321 I pgrep : type=1400 audit(0.0:184): avc: denied { getattr } for path="/proc/248" dev="proc" ino=7674 scontext=u:r:toolbox:s0 tcontext=u:r:netd:s0 tclass=dir permissive=1
01-01 08:00:10.880 321 321 I pgrep : type=1400 audit(0.0:185): avc: denied { search } for name="248" dev="proc" ino=7674 scontext=u:r:toolbox:s0 tcontext=u:r:netd:s0 tclass=dir permissive=1
01-01 08:00:10.880 321 321 I pgrep : type=1400 audit(0.0:186): avc: denied { open } for path="/proc/248/stat" dev="proc" ino=9466 scontext=u:r:toolbox:s0 tcontext=u:r:netd:s0 tclass=file permissive=1
01-01 08:00:10.880 321 321 I pgrep : type=1400 audit(0.0:187): avc: denied { getattr } for path="/proc/249" dev="proc" ino=553 scontext=u:r:toolbox:s0 tcontext=u:r:zygote:s0 tclass=dir permissive=1
01-01 08:00:10.880 321 321 I pgrep : type=1400 audit(0.0:188): avc: denied { search } for name="249" dev="proc" ino=553 scontext=u:r:toolbox:s0 tcontext=u:r:zygote:s0 tclass=dir permissive=1
01-01 08:00:10.880 321 321 I pgrep : type=1400 audit(0.0:189): avc: denied { open } for path="/proc/249/stat" dev="proc" ino=9467 scontext=u:r:toolbox:s0 tcontext=u:r:zygote:s0 tclass=file permissive=1
