05-27 14:26:15.863 I/keystore2( 289): system/security/keystore2/src/watchdog.rs:319 - Watchdog thread idle -> terminating. Have a great day.
05-27 14:26:15.934 I/PlayThreadMonitor( 3391): in playerthread monitor handler
05-27 14:26:15.934 I/PlayThreadMonitor( 3391): in monitor runnable
05-27 14:26:16.279 D/TrafficStats( 4019): tagSocket(226) with statsTag=0xffffffff, statsUid=-1
05-27 14:26:16.284 W/ServiceDescriptorBinder( 4019): UPnP specification violation: Not producing element to be compatible with WMP12: (ActionArgument, OUT) CurrentVolume
05-27 14:26:16.284 W/ServiceDescriptorBinder( 4019): UPnP specification violation: Not producing element to be compatible with WMP12: (ActionArgument, OUT) CurrentMute
05-27 14:26:16.284 W/ServiceDescriptorBinder( 4019): UPnP specification violation: Not producing element to be compatible with WMP12: (ActionArgument, OUT) CurrentPresetNameList
05-27 14:26:16.285 W/ServiceDescriptorBinder( 4019): UPnP specification violation: Not producing element to be compatible with WMP12: (ActionArgument, OUT) CurrentLoudness
05-27 14:26:16.285 W/ServiceDescriptorBinder( 4019): UPnP specification violation: Not producing element to be compatible with WMP12: (ActionArgument, OUT) CurrentVolume
05-27 14:26:16.640 I/com.ktcp.video( 2561): Background concurrent copying GC freed 142249(5868KB) AllocSpace objects, 8(380KB) LOS objects, 49% free, 6618KB/12MB, paused 135us,112us total 145.719ms
05-27 14:26:16.926 I/TvUniPlayer/UniPlayer@52ede0f( 3391): in handleMessage event:10000
05-27 14:26:17.025 D/UtilLog ( 2509): 日志批量上报 进行正常循环 !!!!!!本次有0次请求,共0条数据
05-27 14:26:17.336 I/WifiHAL ( 519): call wifi_get_link_stats handler
05-27 14:26:17.336 I/WifiHAL ( 519): Creating message to get link statistics; iface = 19
05-27 14:26:17.336 D/WifiHAL ( 519): error code -95 mapped to -3
05-27 14:26:17.337 E/WifiStaIfaceAidlImpl( 704): getLinkLayerStats failed with service-specific exception: android.os.ServiceSpecificException: (code 4)
05-27 14:26:17.592 D/OomAdjuster( 704): Not killing cached processes
05-27 14:26:17.593 W/ProcessStats( 704): Tracking association SourceState{fa0a80 com.ktcp.video:daemon/10088 Fgs #664} whose proc state 3 is better than process ProcessState{10347f9 com.ktcp.video/10088 pkg=com.ktcp.video} proc state 10 (0 skipped)
05-27 14:26:17.594 I/binder:478_3( 478): type=1400 audit(0.0:2200): avc: denied { add_name } for name="globalAlert" scontext=u:r:netd:s0 tcontext=u:object_r:proc_net:s0 tclass=dir permissive=1
05-27 14:26:18.926 I/TvUniPlayer/UniPlayer@52ede0f( 3391): in handleMessage event:10000
05-27 14:26:18.934 I/PlayThreadMonitor( 3391): in playerthread monitor handler
05-27 14:26:18.934 I/PlayThreadMonitor( 3391): in monitor runnable
05-27 14:26:19.128 D/uninstall( 3076): isAllowStart last_delay 0, current_time 1748327179
05-27 14:26:19.128 I/uninstall( 3076): enable_service com.ktcp.video/com.tencent.qqlivetv.keeplive.proc.DaemonService com.ktcp.video/(null)
05-27 14:26:19.129 D/uninstall( 3076): enable_service waitpid
05-27 14:26:19.129 D/uninstall( 4280): enable_service pid == 0
05-27 14:26:19.129 D/uninstall( 4280): enable_service version >= 17 || version == 0 version == 34
05-27 14:26:19.179 I/uninstall( 3076): watchdaemon process_name = com.ktcp.video:daemon has gone, start it
05-27 14:26:19.180 D/uninstall( 3076): watchdaemon waitpid
05-27 14:26:19.180 D/uninstall( 4284): watchdaemon pid == 0
05-27 14:26:19.180 D/uninstall( 4284): watchdaemon version >= 17 || version == 0 version == 34
05-27 14:26:20.342 I/WifiHAL ( 519): call wifi_get_link_stats handler
05-27 14:26:20.342 I/WifiHAL ( 519): Creating message to get link statistics; iface = 19
05-27 14:26:20.343 D/WifiHAL ( 519): error code -95 mapped to -3
05-27 14:26:20.343 E/WifiStaIfaceAidlImpl( 704): getLinkLayerStats failed with service-specific exception: android.os.ServiceSpecificException: (code 4)
05-27 14:26:20.927 I/TvUniPlayer/UniPlayer@52ede0f( 3391): in handleMessage event:10000
05-27 14:26:21.614 I/cling--ap-2( 4019): type=1400 audit(0.0:2201): avc: denied { read } for name="address" dev="sysfs" ino=22126 scontext=u:r:untrusted_app_27:s0:c43,c256,c512,c768 tcontext=u:object_r:sysfs_net:s0 tclass=file permissive=1 app=com.dangbei.screencast
05-27 14:26:21.614 I/cling--ap-2( 4019): type=1400 audit(0.0:2202): avc: denied { open } for path="/sys/devices/virtual/net/dummy0/address" dev="sysfs" ino=22126 scontext=u:r:untrusted_app_27:s0:c43,c256,c512,c768 tcontext=u:object_r:sysfs_net:s0 tclass=file permissive=1 app=com.dangbei.screencast
05-27 14:26:21.614 I/cling--ap-2( 4019): type=1400 audit(0.0:2203): avc: denied { getattr } for path="/sys/devices/virtual/net/dummy0/address" dev="sysfs" ino=22126 scontext=u:r:untrusted_app_27:s0:c43,c256,c512,c768 tcontext=u:object_r:sysfs_net:s0 tclass=file permissive=1 app=com.dangbei.screencast
05-27 14:26:21.934 I/PlayThreadMonitor( 3391): in playerthread monitor handler
05-27 14:26:21.935 I/PlayThreadMonitor( 3391): in monitor runnable
05-27 14:26:22.216 I/android.hardware.bluetooth@1.0-impl( 501): [HandleIncomingEvent-549]: rec adv direct packet
05-27 14:26:22.819 E/p2pfile ( 3391): HCDN_LOG: [T:3612][HINFO]:[f:GetParam],[l:4289],[Task(0), key=storage_mem_size]
05-27 14:26:22.819 E/p2pfile ( 3391): HCDN_LOG: [T:3612][HINFO]:[f:GetParam],[l:4289],[Task(0), key=p2p_mem_size]
05-27 14:26:22.819 E/localserver( 3391): HCDN_LOG: [T:3612][func:MonitorMem],[line:73],[Memstatistics],[bRet:1],[bNextRet:1],[pParamStorageBuffer:0],[pParamP2PBuffer:0]
05-27 14:26:22.928 I/TvUniPlayer/UniPlayer@52ede0f( 3391): in handleMessage event:10000
05-27 14:26:23.348 I/WifiHAL ( 519): call wifi_get_link_stats handler
05-27 14:26:23.348 I/WifiHAL ( 519): Creating message to get link statistics; iface = 19
05-27 14:26:23.348 D/WifiHAL ( 519): error code -95 mapped to -3
05-27 14:26:23.349 E/WifiStaIfaceAidlImpl( 704): getLinkLayerStats failed with service-specific exception: android.os.ServiceSpecificException: (code 4)
05-27 14:26:23.512 I/CLog ( 3391): 2025-05-27 14:26:23.512 T:3680 INFO: RM_AE::1,HEARTBEAT, sink_delay:0.0000, spatial_delay:0.0000, iqae:0,0,0,0,0,0
05-27 14:26:23.612 I/UNIPLAYERSDK( 3391): MediaPlayerAdaptor.cpp:297 [PumaPlayerAdaptor@0xe45213e4]doHandleMessage(KMSG_INNERACTION_PB_DOWNLOADSPEED, arg1:-111, arg2:-111)
05-27 14:26:23.612 I/UNIPLAYERSDK( 3391): PumaPlayer.cpp:966 [PumaPlayer@0xab1e295c]InvokeMctoPlayerCommand(), command = 29, command_params = {}, buffer = 0xb8b26d7c
05-27 14:26:23.612 I/UNIPLAYERSDK( 3391): PumaPlayer.cpp:396 getRealtimeSpeed(), get kMctoPlayerCmd_GetSpeed averageSpeed = 2491392 B/s
05-27 14:26:23.612 I/UNIPLAYERSDK( 3391): PumaPlayer.cpp:400 getRealtimeSpeed(), get kMctoPlayerCmd_GetSpeed realTimeSpeed = 0 B/s
05-27 14:26:23.612 I/UNIPLAYERSDK( 3391): PumaPlayerAdaptor.cpp:797 [PumaPlayerAdaptor@0xe45213e4]KMSG_INNERACTION_PB_DOWNLOADSPEED speed= 19464
05-27 14:26:23.612 D/UNIPLAYERSDK( 3391): BaseState.cpp:42 [PumaPlayerAdaptor@0xe45213e4@0xb1bfe668]{fm(KMSG_INNERACTION_PB_DOWNLOADSPEED),ret(0),at(1,6501,6502),s(12,-2,-2,-2,12),fm=Message@0xe46ef130{what=2097226,when=116501,arg1=-1111111111,arg2=-1111111111,arg3=-1111111111,str=,timeout=0,obj=0x0,runnable=0x0,target=0xe4521300,watchDogOp=0x0}
05-27 14:26:23.613 D/UNIPLAYERSDK( 3391): BaseState.cpp:56 [PumaPlayerAdaptor@0xe45213e4@0xb1bfe668]{fm(KMSG_INNERACTION_PB_DOWNLOADSPEED),o(AudioPrevi)-t(0,6502,6502),o(BitstreamS)-t(0,6502,6502),o(CarouselPr)-t(0,6502,6502),o(FastHelper)-t(0,6502,6502),o(HeaderTail)-t(0,6502,6502),o(HighLights)-t(0,6502,6502),o(InteractPr)-t(0,6502,6502),o(LivePrevie)-t(0,6502,6502),o(MediaPlaye)-t(0,6502,6502),o(MovieVVInf)-t(0,6502,6502),o(PPrecacher)-t(0,6502,6502),o(PlayerStuc)-t(0,6502,6502),o(PumaAbsCmd)-t(0,6502,6502),o(PumaAdvert)-t(0,6502,6502),o(PumaBuffer)-t(0,6502,6502),o(PumaError@)-t(0,6502,6502),o(PumaMediaD)-t(0,6502,6502),o(PumaPlayer)-t(0,6502,6502),o(PumaRate@0)-t(0,6502,6502),o(PumaSegmen)-t(0,6502,6502),o(PumaSubtit)-t(0,6502,6502),o(RefreshAcc)-t(0,6501,6501),o(RefreshSer)-t(1,6501,6502),o(SceneKeepe)-t(0,6502,6502),o(SetRate@0x)-t(0,6502,6502),o(SwitchEpis)-t(0,6502,6502),o(VideoPlayC)-t(0,6501,6501)}
05-27 14:26:24.022 I/android.hardware.bluetooth@1.0-impl( 501): [HandleIncomingEvent-549]: rec adv direct packet
05-27 14:26:24.460 I/audio_hw_hal_alsamgr( 499): alsa format =0x9000000 delay frames =1664 total frames=4608000
05-27 14:26:24.929 I/TvUniPlayer/UniPlayer@52ede0f( 3391): in handleMessage event:10000
05-27 14:26:24.935 I/PlayThreadMonitor( 3391): in playerthread monitor handler
05-27 14:26:24.936 I/PlayThreadMonitor( 3391): in monitor runnable
05-27 14:26:26.354 I/WifiHAL ( 519): call wifi_get_link_stats handler
05-27 14:26:26.354 I/WifiHAL ( 519): Creating message to get link statistics; iface = 19
05-27 14:26:26.355 D/WifiHAL ( 519): error code -95 mapped to -3
05-27 14:26:26.355 E/WifiStaIfaceAidlImpl( 704): getLinkLayerStats failed with service-specific exception: android.os.ServiceSpecificException: (code 4)
05-27 14:26:26.762 D/OomAdjuster( 704): Not killing cached processes
05-27 14:26:26.930 I/TvUniPlayer/UniPlayer@52ede0f( 3391): in handleMessage event:10000
05-27 14:26:27.025 D/UtilLog ( 2509): 日志批量上报 进行正常循环 !!!!!!本次有0次请求,共0条数据
05-27 14:26:27.936 I/PlayThreadMonitor( 3391): in playerthread monitor handler
05-27 14:26:27.936 I/PlayThreadMonitor( 3391): in monitor runnable
05-27 14:26:28.931 I/TvUniPlayer/UniPlayer@52ede0f( 3391): in handleMessage event:10000
05-27 14:26:29.276 D/uninstall( 3076): isAllowStart last_delay 0, current_time 1748327189
05-27 14:26:29.277 I/uninstall( 3076): enable_service com.ktcp.video/com.tencent.qqlivetv.keeplive.proc.DaemonService com.ktcp.video/(null)
05-27 14:26:29.277 D/uninstall( 3076): enable_service waitpid
05-27 14:26:29.277 D/uninstall( 4305): enable_service pid == 0
05-27 14:26:29.278 D/uninstall( 4305): enable_service version >= 17 || version == 0 version == 34
05-27 14:26:29.325 I/uninstall( 3076): watchdaemon process_name = com.ktcp.video:daemon has gone, start it
05-27 14:26:29.326 D/uninstall( 3076): watchdaemon waitpid
05-27 14:26:29.326 D/uninstall( 4309): watchdaemon pid == 0
05-27 14:26:29.326 D/uninstall( 4309): watchdaemon version >= 17 || version == 0 version == 34
05-27 14:26:29.362 I/WifiHAL ( 519): call wifi_get_link_stats handler
05-27 14:26:29.362 I/WifiHAL ( 519): Creating message to get link statistics; iface = 19
05-27 14:26:29.362 D/WifiHAL ( 519): error code -95 mapped to -3
05-27 14:26:29.362 E/WifiStaIfaceAidlImpl( 704): getLinkLayerStats failed with service-specific exception: android.os.ServiceSpecificException: (code 4)
05-27 14:26:29.433 I/android.hardware.bluetooth@1.0-impl( 501): [HandleIncomingEvent-549]: rec adv direct packet
05-27 14:26:30.178 D/DhcpClient( 1112): Received packet: 72:d4:c0:63:af:45 NAK, reason requested address is incorrect
05-27 14:26:30.209 D/DhcpClient( 1112): Received packet: 72:d4:c0:63:af:45 ACK: your new IP /192.168.3.225, netmask /255.255.254.0, gateways [/192.168.3.1] DNS servers: /202.96.134.133 /202.96.128.166 , lease time 3600
05-27 14:26:30.932 I/TvUniPlayer/UniPlayer@52ede0f( 3391): in handleMessage event:10000
05-27 14:26:30.937 I/PlayThreadMonitor( 3391): in playerthread monitor handler
05-27 14:26:30.937 I/PlayThreadMonitor( 3391): in monitor runnable
05-27 14:26:32.367 I/WifiHAL ( 519): call wifi_get_link_stats handler
05-27 14:26:32.367 I/WifiHAL ( 519): Creating message to get link statistics; iface = 19
05-27 14:26:32.367 D/WifiHAL ( 519): error code -95 mapped to -3
05-27 14:26:32.367 E/WifiStaIfaceAidlImpl( 704): getLinkLayerStats failed with service-specific exception: android.os.ServiceSpecificException: (code 4)
05-27 14:26:32.820 E/p2pfile ( 3391): HCDN_LOG: [T:3612][HINFO]:[f:GetParam],[l:4289],[Task(0), key=storage_mem_size]
05-27 14:26:32.820 E/p2pfile ( 3391): HCDN_LOG: [T:3612][HINFO]:[f:GetParam],[l:4289],[Task(0), key=p2p_mem_size]
05-27 14:26:32.820 E/localserver( 3391): HCDN_LOG: [T:3612][func:MonitorMem],[line:73],[Memstatistics],[bRet:1],[bNextRet:1],[pParamStorageBuffer:0],[pParamP2PBuffer:0]
05-27 14:26:32.933 I/TvUniPlayer/UniPlayer@52ede0f( 3391): in handleMessage event:10000
05-27 14:26:33.040 I/android.hardware.bluetooth@1.0-impl( 501): [HandleIncomingEvent-549]: rec adv direct packet
05-27 14:26:33.361 W/System ( 704): A resource failed to call release.
05-27 14:26:33.362 W/System ( 704): A resource failed to call release.
05-27 14:26:33.517 I/CLog ( 3391): 2025-05-27 14:26:33.517 T:3680 INFO: RM_AE::1,HEARTBEAT, sink_delay:0.0000, spatial_delay:0.0000, iqae:0,0,0,0,0,0
05-27 14:26:33.612 I/UNIPLAYERSDK( 3391): MediaPlayerAdaptor.cpp:297 [PumaPlayerAdaptor@0xe45213e4]doHandleMessage(KMSG_INNERACTION_PB_DOWNLOADSPEED, arg1:-111, arg2:-111)
05-27 14:26:33.612 I/UNIPLAYERSDK( 3391): PumaPlayer.cpp:966 [PumaPlayer@0xab1e295c]InvokeMctoPlayerCommand(), command = 29, command_params = {}, buffer = 0xb8b26d7c
05-27 14:26:33.613 I/UNIPLAYERSDK( 3391): PumaPlayer.cpp:396 getRealtimeSpeed(), get kMctoPlayerCmd_GetSpeed averageSpeed = 2491392 B/s
05-27 14:26:33.613 I/UNIPLAYERSDK( 3391): PumaPlayer.cpp:400 getRealtimeSpeed(), get kMctoPlayerCmd_GetSpeed realTimeSpeed = 0 B/s
05-27 14:26:33.613 I/UNIPLAYERSDK( 3391): PumaPlayerAdaptor.cpp:797 [PumaPlayerAdaptor@0xe45213e4]KMSG_INNERACTION_PB_DOWNLOADSPEED speed= 19464
05-27 14:26:33.613 D/UNIPLAYERSDK( 3391): BaseState.cpp:42 [PumaPlayerAdaptor@0xe45213e4@0xb1bfe668]{fm(KMSG_INNERACTION_PB_DOWNLOADSPEED),ret(0),at(1,6502,6503),s(12,-2,-2,-2,12),fm=Message@0xe46d6270{what=2097226,when=126502,arg1=-1111111111,arg2=-1111111111,arg3=-1111111111,str=,timeout=0,obj=0x0,runnable=0x0,target=0xe4521300,watchDogOp=0x0}
05-27 14:26:33.613 D/UNIPLAYERSDK( 3391): BaseState.cpp:56 [PumaPlayerAdaptor@0xe45213e4@0xb1bfe668]{fm(KMSG_INNERACTION_PB_DOWNLOADSPEED),o(AudioPrevi)-t(0,6502,6502),o(BitstreamS)-t(0,6502,6502),o(CarouselPr)-t(0,6502,6502),o(FastHelper)-t(0,6502,6502),o(HeaderTail)-t(0,6502,6502),o(HighLights)-t(0,6502,6502),o(InteractPr)-t(0,6502,6502),o(LivePrevie)-t(0,6502,6502),o(MediaPlaye)-t(0,6503,6503),o(MovieVVInf)-t(0,6502,6502),o(PPrecacher)-t(0,6502,6502),o(PlayerStuc)-t(0,6502,6502),o(PumaAbsCmd)-t(0,6502,6502),o(PumaAdvert)-t(0,6502,6502),o(PumaBuffer)-t(0,6502,6502),o(PumaError@)-t(0,6502,6502),o(PumaMediaD)-t(0,6502,6502),o(PumaPlayer)-t(0,6502,6502),o(PumaRate@0)-t(0,6502,6502),o(PumaSegmen)-t(0,6502,6502),o(PumaSubtit)-t(0,6502,6502),o(RefreshAcc)-t(0,6502,6502),o(RefreshSer)-t(0,6502,6502),o(SceneKeepe)-t(0,6502,6502),o(SetRate@0x)-t(0,6502,6502),o(SwitchEpis)-t(0,6502,6502),o(VideoPlayC)-t(0,6502,6502)}
05-27 14:26:33.938 I/PlayThreadMonitor( 3391): in playerthread monitor handler
05-27 14:26:33.938 I/PlayThreadMonitor( 3391): in monitor runnable
05-27 14:26:34.293 D/OomAdjuster( 704): Not killing cached processes
05-27 14:26:34.934 I/TvUniPlayer/UniPlayer@52ede0f( 3391): in handleMessage event:10000
05-27 14:26:35.373 I/WifiHAL ( 519): call wifi_get_link_stats handler
05-27 14:26:35.373 I/WifiHAL ( 519): Creating message to get link statistics; iface = 19
05-27 14:26:35.373 D/WifiHAL ( 519): error code -95 mapped to -3
05-27 14:26:35.374 E/WifiStaIfaceAidlImpl( 704): getLinkLayerStats failed with service-specific exception: android.os.ServiceSpecificException: (code 4)
05-27 14:26:35.629 I/audio_hw_hal_alsamgr( 499): alsa format =0x1 delay frames =768 total frames=5578240
05-27 14:26:36.934 I/TvUniPlayer/UniPlayer@52ede0f( 3391): in handleMessage event:10000
05-27 14:26:36.939 I/PlayThreadMonitor( 3391): in playerthread monitor handler
05-27 14:26:36.939 I/PlayThreadMonitor( 3391): in monitor runnable
05-27 14:26:37.024 D/UtilLog ( 2509): 日志批量上报 进行正常循环 !!!!!!本次有0次请求,共0条数据
05-27 14:26:37.932 D/TrafficStats( 4019): tagSocket(227) with statsTag=0xffffffff, statsUid=-1
05-27 14:26:38.379 I/WifiHAL ( 519): call wifi_get_link_stats handler
05-27 14:26:38.379 I/WifiHAL ( 519): Creating message to get link statistics; iface = 19
05-27 14:26:38.380 D/WifiHAL ( 519): error code -95 mapped to -3
05-27 14:26:38.380 E/WifiStaIfaceAidlImpl( 704): getLinkLayerStats failed with service-specific exception: android.os.ServiceSpecificException: (code 4)
05-27 14:26:38.454 I/android.hardware.bluetooth@1.0-impl( 501): [HandleIncomingEvent-549]: rec adv direct packet
05-27 14:26:38.934 I/TvUniPlayer/UniPlayer@52ede0f( 3391): in handleMessage event:10000
05-27 14:26:39.421 D/uninstall( 3076): isAllowStart last_delay 0, current_time 1748327199
05-27 14:26:39.421 I/uninstall( 3076): enable_service com.ktcp.video/com.tencent.qqlivetv.keeplive.proc.DaemonService com.ktcp.video/(null)
05-27 14:26:39.422 D/uninstall( 3076): enable_service waitpid
05-27 14:26:39.422 D/uninstall( 4331): enable_service pid == 0
05-27 14:26:39.422 D/uninstall( 4331): enable_service version >= 17 || version == 0 version == 34
05-27 14:26:39.467 I/uninstall( 3076): watchdaemon process_name = com.ktcp.video:daemon has gone, start it
05-27 14:26:39.468 D/uninstall( 3076): watchdaemon waitpid
05-27 14:26:39.468 D/uninstall( 4335): watchdaemon pid == 0
05-27 14:26:39.468 D/uninstall( 4335): watchdaemon version >= 17 || version == 0 version == 34
05-27 14:26:39.940 I/PlayThreadMonitor( 3391): in playerthread monitor handler
05-27 14:26:39.940 I/PlayThreadMonitor( 3391): in monitor runnable
05-27 14:26:40.934 I/TvUniPlayer/UniPlayer@52ede0f( 3391): in handleMessage event:10000
05-27 14:26:41.385 I/WifiHAL ( 519): call wifi_get_link_stats handler
05-27 14:26:41.385 I/WifiHAL ( 519): Creating message to get link statistics; iface = 19
05-27 14:26:41.386 D/WifiHAL ( 519): error code -95 mapped to -3
05-27 14:26:41.386 E/WifiStaIfaceAidlImpl( 704): getLinkLayerStats failed with service-specific exception: android.os.ServiceSpecificException: (code 4)
05-27 14:26:42.484 W/q_h_c_s ( 3391): HCDN_LOG: [T:3596]MethodLog:1333,QTP AsyncGet (reid: 48170104, url: http://127.0.0.1:1991/netinfo, connect: 5000, read: 8000, strict: 0, qtp: 0, module: 14)
05-27 14:26:42.484 W/q_h_c_s ( 3391): HCDN_LOG: [T:3595]SetEasyOpt:1497,curl_easy_setopt CURLOPT_URL success: http://127.0.0.1:1991/netinfo?business=QTP (reid: 48170104)
05-27 14:26:42.485 W/q_h_c_s ( 3391): HCDN_LOG: [T:3595]SetCurlTimeout:4095,curl_easy_setopt CURLOPT_CONNECTTIMEOUT_MS success (reid: 48170104, timeout: 5000)
05-27 14:26:42.485 W/q_h_c_s ( 3391): HCDN_LOG: [T:3595]SetCurlTimeout:4161,curl_easy_setopt CURLOPT_TIMEOUT_MS success (reid: 48170104, timeout: 8000)
05-27 14:26:42.485 W/q_h_c_s ( 3391): HCDN_LOG: [T:3595]AddToMultiHandle:1145,AddToMultiHandle reid: 48170104, taskid(0), moduleId(14), offset(0), length(-1), CURL(0xeb3734b0), m_mapRun(1), m_mapReqId2EasyHandle(1), m_vecModuleRun(0,0,1,0,0,0,0,0,0)
05-27 14:26:42.489 W/q_h_c_s ( 3391): HCDN_LOG: [T:3596]SetFastDnsNetwork:3481,FastDnsNetwork changed: [0] -> ctc[0]
05-27 14:26:42.490 W/q_h_c_s ( 3391): HCDN_LOG: [T:3596]IsIpv6Works:3416,IsIpv6Works update to 0 (error_type: 2, error_code: 101)
05-27 14:26:42.490 W/q_h_c_s ( 3391): HCDN_LOG: [T:3596]HcbOnFastDnsNetworkDetectRespEx:927,HcbOnFastDnsNetworkDetectRespEx find network changed (reid: 48170104)
05-27 14:26:42.491 W/q_h_c_s ( 3391): HCDN_LOG: [T:3596]MethodLog:1333,QTP AsyncGet (reid: 48170105, url: https://ip.ptqy.gitv.tv/queryZone?format=json, connect: 5001, read: 10000, strict: 0, qtp: 1, module: 13)
05-27 14:26:42.491 W/q_h_c_s ( 3391): HCDN_LOG: [T:3595]SetEasyOpt:1497,curl_easy_setopt CURLOPT_URL success: https://ip.ptqy.gitv.tv/queryZone?format=json&t=1748327202&src=qtp&key=1d2fe9735c6e4ec71374265f12e94e6e&scene=4 (reid: 48170105)
05-27 14:26:42.491 W/q_h_c_s ( 3391): HCDN_LOG: [T:3595]SetCurlTimeout:4095,curl_easy_setopt CURLOPT_CONNECTTIMEOUT_MS success (reid: 48170105, timeout: 5001)
05-27 14:26:42.491 W/q_h_c_s ( 3391): HCDN_LOG: [T:3595]SetCurlTimeout:4161,curl_easy_setopt CURLOPT_TIMEOUT_MS success (reid: 48170105, timeout: 10000)
05-27 14:26:42.491 W/q_h_c_s ( 3391): HCDN_LOG: [T:3595]AddToMultiHandle:1145,AddToMultiHandle reid: 48170105, taskid(0), moduleId(13), offset(0), length(-1), CURL(0xeb3734b0), m_mapRun(1), m_mapReqId2EasyHandle(1), m_vecModuleRun(0,0,1,0,0,0,0,0,0)
05-27 14:26:42.775 W/q_h_c_s ( 3391): HCDN_LOG: [T:3595]PrintHttpStatInfo:3879,Connection info for reid: 48170105, req_domain: ip.ptqy.gitv.tv, http_code: 200[2], classified_err: 0, own_err: 0, try_path: ld, ipv6_check: 2-101, net_type: 0, connection info: (m_primaryIp: 59.39.2.12, m_primaryPort: 443, m_connectIp: 59.39.2.12, m_connectPort: 443, m_localIp: 192.168.3.33, m_localPort: 51242, m_resolveTime: 0.002972s, m_connectTime: 0.016038s, m_appConnectTime: 0.216506s, m_preTransTime: 0.217043s, m_startTransTime: 0.282822s, m_totalTime: 0.284000s, m_stageTime: 0.283067s, m_avgDownloadSpeed: 0.496094kB/s, m_totalDownloadSize: 144B, m_avgUploadSpeed: 0.000000kB/s, m_totalUploadSize: 0B, m_isHappyEyeballsHappened: 0, m_connectionReuse: 0, m_numConnects: 1, m_ipVersion: 4, m_redirectTime: 0.000000s)
05-27 14:26:42.776 W/q_h_c_s ( 3391): HCDN_LOG: [T:3595]PrintHttpStatInfo:3918,Qtp state record for reid: 48170105, QS_UNINIT -> VP_START -> VP_WAITFOR_CURLDNS_RESP -> VP_WAITFOR_HTTP_RESP -> QS_SUCCESS
05-27 14:26:42.820 E/p2pfile ( 3391): HCDN_LOG: [T:3612][HINFO]:[f:GetParam],[l:4289],[Task(0), key=storage_mem_size]
05-27 14:26:42.821 E/p2pfile ( 3391): HCDN_LOG: [T:3612][HINFO]:[f:GetParam],[l:4289],[Task(0), key=p2p_mem_size]
05-27 14:26:42.821 E/localserver( 3391): HCDN_LOG: [T:3612][func:MonitorMem],[line:73],[Memstatistics],[bRet:1],[bNextRet:1],[pParamStorageBuffer:0],[pParamP2PBuffer:0]
05-27 14:26:42.852 E/storage_operate( 3391): HCDN_LOG: [T:3632][HINFO]:[f:GetPgfCapacityChange],[l:77],[total_space:55668],[available_space:52596]
05-27 14:26:42.853 E/storage_operate( 3391): HCDN_LOG: [T:3632][HINFO]:[f:UpdatePgfCapacity],[l:1001],[state:1]
05-27 14:26:42.853 E/storage_operate( 3391): HCDN_LOG: [T:3632][HINFO]:[f:MonitorDiskFreeSpace],[l:2776],[state:1]
05-27 14:26:42.853 E/storage_operate( 3391): HCDN_LOG: [T:3632][HINFO]:[f:UpdateWriteBlockCount],[l:880],[new write:2]
05-27 14:26:42.853 E/storage_operate( 3391): HCDN_LOG: [T:3632][HINFO]:[f:UpdateWriteBlockCount],[l:1181],[have write:10],[DailyMaxWriteCount:11133]
05-27 14:26:42.935 I/TvUniPlayer/UniPlayer@52ede0f( 3391): in handleMessage event:10000
05-27 14:26:42.940 I/PlayThreadMonitor( 3391): in playerthread monitor handler
05-27 14:26:42.940 I/PlayThreadMonitor( 3391): in monitor runnable
05-27 14:26:43.521 I/CLog ( 3391): 2025-05-27 14:26:43.521 T:3680 INFO: RM_AE::1,HEARTBEAT, sink_delay:0.0000, spatial_delay:0.0000, iqae:0,0,0,0,0,0
05-27 14:26:43.614 I/UNIPLAYERSDK( 3391): MediaPlayerAdaptor.cpp:297 [PumaPlayerAdaptor@0xe45213e4]doHandleMessage(KMSG_INNERACTION_PB_DOWNLOADSPEED, arg1:-111, arg2:-111)
05-27 14:26:43.614 I/UNIPLAYERSDK( 3391): PumaPlayer.cpp:966 [PumaPlayer@0xab1e295c]InvokeMctoPlayerCommand(), command = 29, command_params = {}, buffer = 0xb8b26d7c
05-27 14:26:43.614 I/UNIPLAYERSDK( 3391): PumaPlayer.cpp:396 getRealtimeSpeed(), get kMctoPlayerCmd_GetSpeed averageSpeed = 2491392 B/s
05-27 14:26:43.614 I/UNIPLAYERSDK( 3391): PumaPlayer.cpp:400 getRealtimeSpeed(), get kMctoPlayerCmd_GetSpeed realTimeSpeed = 0 B/s
05-27 14:26:43.614 I/UNIPLAYERSDK( 3391): PumaPlayerAdaptor.cpp:797 [PumaPlayerAdaptor@0xe45213e4]KMSG_INNERACTION_PB_DOWNLOADSPEED speed= 19464
05-27 14:26:43.614 D/UNIPLAYERSDK( 3391): BaseState.cpp:42 [PumaPlayerAdaptor@0xe45213e4@0x9cbc85e8]{fm(KMSG_INNERACTION_PB_DOWNLOADSPEED),ret(0),at(1,6503,6504),s(12,-2,-2,-2,12),fm=Message@0xe46ef130{what=2097226,when=136502,arg1=-1111111111,arg2=-1111111111,arg3=-1111111111,str=,timeout=0,obj=0x0,runnable=0x0,target=0xe4521300,watchDogOp=0x0}
05-27 14:26:43.615 D/UNIPLAYERSDK( 3391): BaseState.cpp:56 [PumaPlayerAdaptor@0xe45213e4@0x9cbc85e8]{fm(KMSG_INNERACTION_PB_DOWNLOADSPEED),o(AudioPrevi)-t(0,6503,6503),o(BitstreamS)-t(0,6504,6504),o(CarouselPr)-t(0,6503,6503),o(FastHelper)-t(0,6503,6503),o(HeaderTail)-t(0,6503,6503),o(HighLights)-t(0,6503,6503),o(InteractPr)-t(0,6503,6503),o(LivePrevie)-t(0,6503,6503),o(MediaPlaye)-t(0,6504,6504),o(MovieVVInf)-t(0,6504,6504),o(PPrecacher)-t(0,6503,6503),o(PlayerStuc)-t(0,6504,6504),o(PumaAbsCmd)-t(0,6504,6504),o(PumaAdvert)-t(0,6503,6503),o(PumaBuffer)-t(0,6503,6503),o(PumaError@)-t(0,6503,6503),o(PumaMediaD)-t(0,6503,6503),o(PumaPlayer)-t(0,6503,6503),o(PumaRate@0)-t(0,6503,6503),o(PumaSegmen)-t(0,6503,6503),o(PumaSubtit)-t(0,6503,6503),o(RefreshAcc)-t(0,6503,6503),o(RefreshSer)-t(0,6503,6503),o(SceneKeepe)-t(0,6503,6503),o(SetRate@0x)-t(0,6504,6504),o(SwitchEpis)-t(0,6504,6504),o(VideoPlayC)-t(0,6503,6503)}
05-27 14:26:43.842 E/multisource( 3391): HCDN_LOG: [T:3634][HINFO]:[f:UpdateMaxSpeed],[l:465], TOTAL => play speed:0[len:0, tm:0], offline speed:0[len:0, tm:0], predeploy speed:0[len:0, tm:0], m_maxDownloadSpeed:1796
05-27 14:26:44.390 I/WifiHAL ( 519): call wifi_get_link_stats handler
05-27 14:26:44.390 I/WifiHAL ( 519): Creating message to get link statistics; iface = 19
05-27 14:26:44.391 D/WifiHAL ( 519): error code -95 mapped to -3
05-27 14:26:44.391 E/WifiStaIfaceAidlImpl( 704): getLinkLayerStats failed with service-specific exception: android.os.ServiceSpecificException: (code 4)
05-27 14:26:44.936 I/TvUniPlayer/UniPlayer@52ede0f( 3391): in handleMessage event:10000
05-27 14:26:44.971 I/adbd ( 1409): host-16: read thread spawning
05-27 14:26:44.972 I/adbd ( 1409): host-16: write thread spawning
05-27 14:26:44.974 I/adbd ( 1409): authentication not required
05-27 14:26:45.001 D/OomAdjuster( 704): Not killing cached processes
05-27 14:26:45.002 W/ProcessStats( 704): Tracking association SourceState{fa0a80 com.ktcp.video:daemon/10088 Fgs #669} whose proc state 3 is better than process ProcessState{10347f9 com.ktcp.video/10088 pkg=com.ktcp.video} proc state 10 (2 skipped)
05-27 14:26:45.940 I/PlayThreadMonitor( 3391): in playerthread monitor handler
05-27 14:26:45.941 I/PlayThreadMonitor( 3391): in monitor runnable
05-27 14:26:46.937 I/TvUniPlayer/UniPlayer@52ede0f( 3391): in handleMessage event:10000
05-27 14:26:47.025 D/UtilLog ( 2509): 日志批量上报 进行正常循环 !!!!!!本次有0次请求,共0条数据
05-27 14:26:47.397 I/WifiHAL ( 519): call wifi_get_link_stats handler
05-27 14:26:47.397 I/WifiHAL ( 519): Creating message to get link statistics; iface = 19
05-27 14:26:47.397 D/WifiHAL ( 519): error code -95 mapped to -3
05-27 14:26:47.397 E/WifiStaIfaceAidlImpl( 704): getLinkLayerStats failed with service-specific exception: android.os.ServiceSpecificException: (code 4)
05-27 14:26:47.484 I/android.hardware.bluetooth@1.0-impl( 501): [HandleIncomingEvent-549]: rec adv direct packet
05-27 14:26:47.761 I/adbd ( 1409): host-16: read failed: Success
05-27 14:26:47.761 I/adbd ( 1409): host-16: offline
05-27 14:26:47.761 I/adbd ( 1409): BlockingConnectionAdapter(host-16): stopping
05-27 14:26:47.761 I/adbd ( 1409): BlockingConnectionAdapter(host-16): stopped
05-27 14:26:47.761 I/adbd ( 1409): BlockingConnectionAdapter(host-16): destructing
05-27 14:26:47.761 I/adbd ( 1409): BlockingConnectionAdapter(host-16): already stopped
05-27 14:26:48.754 I/xm_hidread( 1928): type=1400 audit(0.0:2204): avc: denied { read } for scontext=u:r:init:s0 tcontext=u:r:init:s0 tclass=netlink_kobject_uevent_socket permissive=1
05-27 14:26:48.762 I/rainbow_flow( 2928): type=1400 audit(0.0:2205): avc: denied { ioctl } for path="/dev/spidev1.0" dev="tmpfs" ino=531 ioctlcmd=0x6b00 scontext=u:r:init:s0 tcontext=u:object_r:device:s0 tclass=chr_file permissive=1
05-27 14:26:48.890 I/adbd ( 1409): host-26: read thread spawning
05-27 14:26:48.890 I/adbd ( 1409): host-26: write thread spawning
05-27 14:26:48.890 I/adbd ( 1409): authentication not required
05-27 14:26:48.938 I/TvUniPlayer/UniPlayer@52ede0f( 3391): in handleMessage event:10000
05-27 14:26:48.941 I/PlayThreadMonitor( 3391): in playerthread monitor handler
05-27 14:26:48.941 I/PlayThreadMonitor( 3391): in monitor runnable
05-27 14:26:49.561 D/uninstall( 3076): isAllowStart last_delay 0, current_time 1748327209
05-27 14:26:49.561 I/uninstall( 3076): enable_service com.ktcp.video/com.tencent.qqlivetv.keeplive.proc.DaemonService com.ktcp.video/(null)
05-27 14:26:49.563 D/uninstall( 3076): enable_service waitpid
05-27 14:26:49.563 D/uninstall( 4361): enable_service pid == 0
05-27 14:26:49.563 D/uninstall( 4361): enable_service version >= 17 || version == 0 version == 34
05-27 14:26:49.616 I/uninstall( 3076): watchdaemon process_name = com.ktcp.video:daemon has gone, start it
05-27 14:26:49.617 D/uninstall( 3076): watchdaemon waitpid
05-27 14:26:49.617 D/uninstall( 4365): watchdaemon pid == 0
05-27 14:26:49.617 D/uninstall( 4365): watchdaemon version >= 17 || version == 0 version == 34
05-27 14:26:50.404 I/WifiHAL ( 519): call wifi_get_link_stats handler
05-27 14:26:50.404 I/WifiHAL ( 519): Creating message to get link statistics; iface = 19
05-27 14:26:50.404 D/WifiHAL ( 519): error code -95 mapped to -3
05-27 14:26:50.404 E/WifiStaIfaceAidlImpl( 704): getLinkLayerStats failed with service-specific exception: android.os.ServiceSpecificException: (code 4)
05-27 14:26:50.877 D/OomAdjuster( 704): Not killing cached processes
05-27 14:26:50.881 D/bbb ( 1639): onStartCommand begin !!!!!!! data分区剩余 52599MB
05-27 14:26:50.938 I/TvUniPlayer/UniPlayer@52ede0f( 3391): in handleMessage event:10000
05-27 14:26:51.942 I/PlayThreadMonitor( 3391): in playerthread monitor handler
05-27 14:26:51.942 I/PlayThreadMonitor( 3391): in monitor runnable
05-27 14:26:52.820 E/p2pfile ( 3391): HCDN_LOG: [T:3612][HINFO]:[f:GetParam],[l:4289],[Task(0), key=storage_mem_size]
05-27 14:26:52.821 E/p2pfile ( 3391): HCDN_LOG: [T:3612][HINFO]:[f:GetParam],[l:4289],[Task(0), key=p2p_mem_size]
05-27 14:26:52.821 E/localserver( 3391): HCDN_LOG: [T:3612][func:MonitorMem],[line:73],[Memstatistics],[bRet:1],[bNextRet:1],[pParamStorageBuffer:0],[pParamP2PBuffer:0]
05-27 14:26:52.939 I/TvUniPlayer/UniPlayer@52ede0f( 3391): in handleMessage event:10000
05-27 14:26:53.410 I/WifiHAL ( 519): call wifi_get_link_stats handler
05-27 14:26:53.410 I/WifiHAL ( 519): Creating message to get link statistics; iface = 19
05-27 14:26:53.411 D/WifiHAL ( 519): error code -95 mapped to -3
05-27 14:26:53.411 E/WifiStaIfaceAidlImpl( 704): getLinkLayerStats failed with service-specific exception: android.os.ServiceSpecificException: (code 4)
05-27 14:26:53.523 I/CLog ( 3391): 2025-05-27 14:26:53.523 T:3680 INFO: RM_AE::1,HEARTBEAT, sink_delay:0.0000, spatial_delay:0.0000, iqae:0,0,0,0,0,0
05-27 14:26:53.615 I/UNIPLAYERSDK( 3391): MediaPlayerAdaptor.cpp:297 [PumaPlayerAdaptor@0xe45213e4]doHandleMessage(KMSG_INNERACTION_PB_DOWNLOADSPEED, arg1:-111, arg2:-111)
05-27 14:26:53.615 I/UNIPLAYERSDK( 3391): PumaPlayer.cpp:966 [PumaPlayer@0xab1e295c]InvokeMctoPlayerCommand(), command = 29, command_params = {}, buffer = 0xb8b26d7c
05-27 14:26:53.615 I/UNIPLAYERSDK( 3391): PumaPlayer.cpp:396 getRealtimeSpeed(), get kMctoPlayerCmd_GetSpeed averageSpeed = 2491392 B/s
05-27 14:26:53.615 I/UNIPLAYERSDK( 3391): PumaPlayer.cpp:400 getRealtimeSpeed(), get kMctoPlayerCmd_GetSpeed realTimeSpeed = 0 B/s
05-27 14:26:53.615 I/UNIPLAYERSDK( 3391): PumaPlayerAdaptor.cpp:797 [PumaPlayerAdaptor@0xe45213e4]KMSG_INNERACTION_PB_DOWNLOADSPEED speed= 19464
05-27 14:26:53.615 D/UNIPLAYERSDK( 3391): BaseState.cpp:42 [PumaPlayerAdaptor@0xe45213e4@0x9cbc85e8]{fm(KMSG_INNERACTION_PB_DOWNLOADSPEED),ret(0),at(1,6504,6505),s(12,-2,-2,-2,12),fm=Message@0xe46f7290{what=2097226,when=146504,arg1=-1111111111,arg2=-1111111111,arg3=-1111111111,str=,timeout=0,obj=0x0,runnable=0x0,target=0xe4521300,watchDogOp=0x0}
05-27 14:26:53.615 D/UNIPLAYERSDK( 3391): BaseState.cpp:56 [PumaPlayerAdaptor@0xe45213e4@0x9cbc85e8]{fm(KMSG_INNERACTION_PB_DOWNLOADSPEED),o(AudioPrevi)-t(0,6504,6504),o(BitstreamS)-t(0,6504,6504),o(CarouselPr)-t(0,6504,6504),o(FastHelper)-t(0,6504,6504),o(HeaderTail)-t(0,6504,6504),o(HighLights)-t(0,6504,6504),o(InteractPr)-t(0,6504,6504),o(LivePrevie)-t(0,6504,6504),o(MediaPlaye)-t(0,6505,6505),o(MovieVVInf)-t(0,6505,6505),o(PPrecacher)-t(0,6504,6504),o(PlayerStuc)-t(0,6505,6505),o(PumaAbsCmd)-t(0,6505,6505),o(PumaAdvert)-t(0,6504,6504),o(PumaBuffer)-t(0,6504,6504),o(PumaError@)-t(0,6504,6504),o(PumaMediaD)-t(0,6504,6504),o(PumaPlayer)-t(0,6504,6504),o(PumaRate@0)-t(0,6504,6504),o(PumaSegmen)-t(0,6504,6504),o(PumaSubtit)-t(0,6504,6504),o(RefreshAcc)-t(0,6504,6504),o(RefreshSer)-t(0,6504,6504),o(SceneKeepe)-t(0,6504,6504),o(SetRate@0x)-t(0,6504,6504),o(SwitchEpis)-t(0,6504,6504),o(VideoPlayC)-t(0,6504,6504)}
05-27 14:26:53.698 V/HotPlugDetectionAction( 704): Poll all devices.
05-27 14:26:53.755 D/hdmicecd( 512): [CEC]:printCecMessage, [4 -> 0] len: 0, body:, result:success
05-27 14:26:53.815 D/hdmicecd( 512): [CEC]:printCecMessage, [4 -> 1] len: 0, body:, result:no ack
05-27 14:26:53.871 D/hdmicecd( 512): [CEC]:printCecMessage, [4 -> 3] len: 0, body:, result:no ack
05-27 14:26:53.927 D/hdmicecd( 512): [CEC]:printCecMessage, [4 -> 5] len: 0, body:, result:no ack
05-27 14:26:53.983 D/hdmicecd( 512): [CEC]:printCecMessage, [4 -> 8] len: 0, body:, result:no ack
05-27 14:26:54.039 D/hdmicecd( 512): [CEC]:printCecMessage, [4 -> b] len: 0, body:, result:no ack
05-27 14:26:54.099 D/hdmicecd( 512): [CEC]:printCecMessage, [4 -> e] len: 0, body:, result:no ack
05-27 14:26:54.100 D/HdmiCecController( 704): [P]:AllocatedAddress=[0]
05-27 14:26:54.940 I/TvUniPlayer/UniPlayer@52ede0f( 3391): in handleMessage event:10000
05-27 14:26:54.942 I/PlayThreadMonitor( 3391): in playerthread monitor handler
05-27 14:26:54.943 I/PlayThreadMonitor( 3391): in monitor runnable
05-27 14:26:55.008 W/ProcessStats( 704): Tracking association SourceState{fa0a80 com.ktcp.video:daemon/10088 Fgs #672} whose proc state 3 is better than process ProcessState{10347f9 com.ktcp.video/10088 pkg=com.ktcp.video} proc state 10 (0 skipped)
05-27 14:26:56.097 D/nStackXCoAP( 4131): IsInSameNetwork:[276] :IsInSameNetwork exec
05-27 14:26:56.097 I/nStackXDFinder( 4131): GetLocalInterfaceDetail:[461] :GetLocalInterfaceDetail in
05-27 14:26:56.097 E/nStackXCoAP( 4131): IsInSameNetwork:[281] :IsInSameNetwork: not priority process
05-27 14:26:56.097 D/nStackXCoAP( 4131): ParseServiceDiscover:[330] :new device join
05-27 14:26:56.097 I/nStackXDFinder( 4131): NotifyDeviceListChanged:[540] :notify callback: device list changed callback is null
05-27 14:26:56.097 E/nStackXDFinder( 4131): GetLocalIp:[401] :GetLocalIp exec
05-27 14:26:56.120 D/nStackXCoAP( 4131): CoapMessageHandler:[133] :2.01
05-27 14:26:56.331 D/nStackXCoAP( 4131): IsInSameNetwork:[276] :IsInSameNetwork exec
05-27 14:26:56.331 I/nStackXDFinder( 4131): GetLocalInterfaceDetail:[461] :GetLocalInterfaceDetail in
05-27 14:26:56.331 E/nStackXCoAP( 4131): IsInSameNetwork:[281] :IsInSameNetwork: not priority process
05-27 14:26:56.331 D/nStackXCoAP( 4131): ParseServiceDiscover:[330] :new device join
05-27 14:26:56.331 E/nStackXDFinder( 4131): GetLocalIp:[401] :GetLocalIp exec
05-27 14:26:56.349 D/nStackXCoAP( 4131): CoapMessageHandler:[133] :2.01
05-27 14:26:56.417 I/WifiHAL ( 519): call wifi_get_link_stats handler
05-27 14:26:56.417 I/WifiHAL ( 519): Creating message to get link statistics; iface = 19
05-27 14:26:56.417 D/WifiHAL ( 519): error code -95 mapped to -3
05-27 14:26:56.418 E/WifiStaIfaceAidlImpl( 704): getLinkLayerStats failed with service-specific exception: android.os.ServiceSpecificException: (code 4)
05-27 14:26:56.461 I/audio_hw_hal_alsamgr( 499): alsa format =0x9000000 delay frames =1536 total frames=6144000
05-27 14:26:56.472 D/nStackXCoAP( 4131): IsInSameNetwork:[276] :IsInSameNetwork exec
05-27 14:26:56.472 I/nStackXDFinder( 4131): GetLocalInterfaceDetail:[461] :GetLocalInterfaceDetail in
05-27 14:26:56.472 E/nStackXCoAP( 4131): IsInSameNetwork:[281] :IsInSameNetwork: not priority process
05-27 14:26:56.472 D/nStackXCoAP( 4131): ParseServiceDiscover:[330] :new device join
05-27 14:26:56.472 E/nStackXDFinder( 4131): GetLocalIp:[401] :GetLocalIp exec
05-27 14:26:56.500 D/nStackXCoAP( 4131): CoapMessageHandler:[133] :2.01
05-27 14:26:56.631 D/nStackXCoAP( 4131): IsInSameNetwork:[276] :IsInSameNetwork exec
05-27 14:26:56.631 I/nStackXDFinder( 4131): GetLocalInterfaceDetail:[461] :GetLocalInterfaceDetail in
05-27 14:26:56.631 E/nStackXCoAP( 4131): IsInSameNetwork:[281] :IsInSameNetwork: not priority process
05-27 14:26:56.631 D/nStackXCoAP( 4131): ParseServiceDiscover:[330] :new device join
05-27 14:26:56.631 E/nStackXDFinder( 4131): GetLocalIp:[401] :GetLocalIp exec
05-27 14:26:56.645 D/nStackXCoAP( 4131): CoapMessageHandler:[133] :2.01
05-27 14:26:56.941 I/TvUniPlayer/UniPlayer@52ede0f( 3391): in handleMessage event:10000
05-27 14:26:57.025 D/UtilLog ( 2509): 日志批量上报 进行正常循环 !!!!!!本次有0次请求,共0条数据
05-27 14:26:57.081 D/nStackXCoAP( 4131): IsInSameNetwork:[276] :IsInSameNetwork exec
05-27 14:26:57.081 I/nStackXDFinder( 4131): GetLocalInterfaceDetail:[461] :GetLocalInterfaceDetail in
05-27 14:26:57.081 E/nStackXCoAP( 4131): IsInSameNetwork:[281] :IsInSameNetwork: not priority process
05-27 14:26:57.081 D/nStackXCoAP( 4131): ParseServiceDiscover:[330] :new device join
05-27 14:26:57.081 E/nStackXDFinder( 4131): GetLocalIp:[401] :GetLocalIp exec
05-27 14:26:57.091 D/nStackXCoAP( 4131): CoapMessageHandler:[133] :2.01
05-27 14:26:57.186 D/nStackXCoAP( 4131): IsInSameNetwork:[276] :IsInSameNetwork exec
05-27 14:26:57.186 I/nStackXDFinder( 4131): GetLocalInterfaceDetail:[461] :GetLocalInterfaceDetail in
05-27 14:26:57.186 E/nStackXCoAP( 4131): IsInSameNetwork:[281] :IsInSameNetwork: not priority process
05-27 14:26:57.186 D/nStackXCoAP( 4131): ParseServiceDiscover:[330] :new device join
05-27 14:26:57.186 E/nStackXDFinder( 4131): GetLocalIp:[401] :GetLocalIp exec
05-27 14:26:57.231 D/nStackXCoAP( 4131): CoapMessageHandler:[133] :2.01
05-27 14:26:57.332 D/nStackXCoAP( 4131): IsInSameNetwork:[276] :IsInSameNetwork exec
05-27 14:26:57.332 I/nStackXDFinder( 4131): GetLocalInterfaceDetail:[461] :GetLocalInterfaceDetail in
05-27 14:26:57.332 E/nStackXCoAP( 4131): IsInSameNetwork:[281] :IsInSameNetwork: not priority process
05-27 14:26:57.332 D/nStackXCoAP( 4131): ParseServiceDiscover:[330] :new device join
05-27 14:26:57.332 E/nStackXDFinder( 4131): GetLocalIp:[401] :GetLocalIp exec
05-27 14:26:57.356 D/nStackXCoAP( 4131): CoapMessageHandler:[133] :2.01
05-27 14:26:57.483 D/nStackXCoAP( 4131): IsInSameNetwork:[276] :IsInSameNetwork exec
05-27 14:26:57.483 I/nStackXDFinder( 4131): GetLocalInterfaceDetail:[461] :GetLocalInterfaceDetail in
05-27 14:26:57.483 E/nStackXCoAP( 4131): IsInSameNetwork:[281] :IsInSameNetwork: not priority process
05-27 14:26:57.483 D/nStackXCoAP( 4131): ParseServiceDiscover:[330] :new device join
05-27 14:26:57.483 E/nStackXDFinder( 4131): GetLocalIp:[401] :GetLocalIp exec
05-27 14:26:57.493 D/nStackXCoAP( 4131): CoapMessageHandler:[133] :2.01
05-27 14:26:57.633 D/nStackXCoAP( 4131): IsInSameNetwork:[276] :IsInSameNetwork exec
05-27 14:26:57.633 I/nStackXDFinder( 4131): GetLocalInterfaceDetail:[461] :GetLocalInterfaceDetail in
05-27 14:26:57.633 E/nStackXCoAP( 4131): IsInSameNetwork:[281] :IsInSameNetwork: not priority process
05-27 14:26:57.633 D/nStackXCoAP( 4131): ParseServiceDiscover:[330] :new device join
05-27 14:26:57.633 E/nStackXDFinder( 4131): GetLocalIp:[401] :GetLocalIp exec
05-27 14:26:57.681 D/nStackXCoAP( 4131): CoapMessageHandler:[133] :2.01
05-27 14:26:57.758 D/nStackXCoAP( 4131): IsInSameNetwork:[276] :IsInSameNetwork exec
05-27 14:26:57.758 I/nStackXDFinder( 4131): GetLocalInterfaceDetail:[461] :GetLocalInterfaceDetail in
05-27 14:26:57.758 E/nStackXCoAP( 4131): IsInSameNetwork:[281] :IsInSameNetwork: not priority process
05-27 14:26:57.758 D/nStackXCoAP( 4131): ParseServiceDiscover:[330] :new device join
05-27 14:26:57.758 E/nStackXDFinder( 4131): GetLocalIp:[401] :GetLocalIp exec
05-27 14:26:57.792 D/nStackXCoAP( 4131): CoapMessageHandler:[133] :2.01
05-27 14:26:57.886 D/nStackXCoAP( 4131): IsInSameNetwork:[276] :IsInSameNetwork exec
05-27 14:26:57.886 I/nStackXDFinder( 4131): GetLocalInterfaceDetail:[461] :GetLocalInterfaceDetail in
05-27 14:26:57.886 E/nStackXCoAP( 4131): IsInSameNetwork:[281] :IsInSameNetwork: not priority process
05-27 14:26:57.886 D/nStackXCoAP( 4131): ParseServiceDiscover:[330] :new device join
05-27 14:26:57.886 E/nStackXDFinder( 4131): GetLocalIp:[401] :GetLocalIp exec
05-27 14:26:57.943 I/PlayThreadMonitor( 3391): in playerthread monitor handler
05-27 14:26:57.943 I/PlayThreadMonitor( 3391): in monitor runnable
05-27 14:26:57.953 D/nStackXCoAP( 4131): CoapMessageHandler:[133] :2.01
05-27 14:26:58.176 D/nStackXCoAP( 4131): IsInSameNetwork:[276] :IsInSameNetwork exec
05-27 14:26:58.176 I/nStackXDFinder( 4131): GetLocalInterfaceDetail:[461] :GetLocalInterfaceDetail in
05-27 14:26:58.176 E/nStackXCoAP( 4131): IsInSameNetwork:[281] :IsInSameNetwork: not priority process
05-27 14:26:58.176 D/nStackXCoAP( 4131): ParseServiceDiscover:[330] :new device join
05-27 14:26:58.176 E/nStackXDFinder( 4131): GetLocalIp:[401] :GetLocalIp exec
05-27 14:26:58.188 D/nStackXCoAP( 4131): CoapMessageHandler:[133] :2.01
05-27 14:26:58.359 D/nStackXCoAP( 4131): IsInSameNetwork:[276] :IsInSameNetwork exec
05-27 14:26:58.359 I/nStackXDFinder( 4131): GetLocalInterfaceDetail:[461] :GetLocalInterfaceDetail in
05-27 14:26:58.359 E/nStackXCoAP( 4131): IsInSameNetwork:[281] :IsInSameNetwork: not priority process
05-27 14:26:58.359 D/nStackXCoAP( 4131): ParseServiceDiscover:[330] :new device join
05-27 14:26:58.359 E/nStackXDFinder( 4131): GetLocalIp:[401] :GetLocalIp exec
05-27 14:26:58.381 D/nStackXCoAP( 4131): CoapMessageHandler:[133] :2.01
05-27 14:26:58.466 D/nStackXCoAP( 4131): IsInSameNetwork:[276] :IsInSameNetwork exec
05-27 14:26:58.466 I/nStackXDFinder( 4131): GetLocalInterfaceDetail:[461] :GetLocalInterfaceDetail in
05-27 14:26:58.466 E/nStackXCoAP( 4131): IsInSameNetwork:[281] :IsInSameNetwork: not priority process
05-27 14:26:58.466 D/nStackXCoAP( 4131): ParseServiceDiscover:[330] :new device join
05-27 14:26:58.466 E/nStackXDFinder( 4131): GetLocalIp:[401] :GetLocalIp exec
05-27 14:26:58.496 D/nStackXCoAP( 4131): CoapMessageHandler:[133] :2.01
05-27 14:26:58.605 D/nStackXCoAP( 4131): IsInSameNetwork:[276] :IsInSameNetwork exec
05-27 14:26:58.605 I/nStackXDFinder( 4131): GetLocalInterfaceDetail:[461] :GetLocalInterfaceDetail in
05-27 14:26:58.605 E/nStackXCoAP( 4131): IsInSameNetwork:[281] :IsInSameNetwork: not priority process
05-27 14:26:58.605 D/nStackXCoAP( 4131): ParseServiceDiscover:[330] :new device join
05-27 14:26:58.605 E/nStackXDFinder( 4131): GetLocalIp:[401] :GetLocalIp exec
05-27 14:26:58.618 D/nStackXCoAP( 4131): CoapMessageHandler:[133] :2.01
05-27 14:26:58.801 D/nStackXCoAP( 4131): IsInSameNetwork:[276] :IsInSameNetwork exec
05-27 14:26:58.801 I/nStackXDFinder( 4131): GetLocalInterfaceDetail:[461] :GetLocalInterfaceDetail in
05-27 14:26:58.801 E/nStackXCoAP( 4131): IsInSameNetwork:[281] :IsInSameNetwork: not priority process
05-27 14:26:58.801 D/nStackXCoAP( 4131): ParseServiceDiscover:[330] :new device join
05-27 14:26:58.801 E/nStackXDFinder( 4131): GetLocalIp:[401] :GetLocalIp exec
05-27 14:26:58.816 D/nStackXCoAP( 4131): CoapMessageHandler:[133] :2.01
05-27 14:26:58.899 D/nStackXCoAP( 4131): IsInSameNetwork:[276] :IsInSameNetwork exec
05-27 14:26:58.900 I/nStackXDFinder( 4131): GetLocalInterfaceDetail:[461] :GetLocalInterfaceDetail in
05-27 14:26:58.900 E/nStackXCoAP( 4131): IsInSameNetwork:[281] :IsInSameNetwork: not priority process
05-27 14:26:58.900 D/nStackXCoAP( 4131): ParseServiceDiscover:[330] :new device join
05-27 14:26:58.900 E/nStackXDFinder( 4131): GetLocalIp:[401] :GetLocalIp exec
05-27 14:26:58.909 D/nStackXCoAP( 4131): CoapMessageHandler:[133] :2.01
05-27 14:26:58.942 I/TvUniPlayer/UniPlayer@52ede0f( 3391): in handleMessage event:10000
05-27 14:26:59.147 D/nStackXCoAP( 4131): IsInSameNetwork:[276] :IsInSameNetwork exec
05-27 14:26:59.147 I/nStackXDFinder( 4131): GetLocalInterfaceDetail:[461] :GetLocalInterfaceDetail in
05-27 14:26:59.147 E/nStackXCoAP( 4131): IsInSameNetwork:[281] :IsInSameNetwork: not priority process
05-27 14:26:59.147 D/nStackXCoAP( 4131): ParseServiceDiscover:[330] :new device join
05-27 14:26:59.147 E/nStackXDFinder( 4131): GetLocalIp:[401] :GetLocalIp exec
05-27 14:26:59.178 D/nStackXCoAP( 4131): CoapMessageHandler:[133] :2.01
05-27 14:26:59.203 D/nStackXCoAP( 4131): IsInSameNetwork:[276] :IsInSameNetwork exec
05-27 14:26:59.203 I/nStackXDFinder( 4131): GetLocalInterfaceDetail:[461] :GetLocalInterfaceDetail in
05-27 14:26:59.203 E/nStackXCoAP( 4131): IsInSameNetwork:[281] :IsInSameNetwork: not priority process
05-27 14:26:59.203 D/nStackXCoAP( 4131): ParseServiceDiscover:[330] :new device join
05-27 14:26:59.203 E/nStackXDFinder( 4131): GetLocalIp:[401] :GetLocalIp exec
05-27 14:26:59.217 D/nStackXCoAP( 4131): CoapMessageHandler:[133] :2.01
05-27 14:26:59.319 D/nStackXCoAP( 4131): IsInSameNetwork:[276] :IsInSameNetwork exec
05-27 14:26:59.319 I/nStackXDFinder( 4131): GetLocalInterfaceDetail:[461] :GetLocalInterfaceDetail in
05-27 14:26:59.319 E/nStackXCoAP( 4131): IsInSameNetwork:[281] :IsInSameNetwork: not priority process
05-27 14:26:59.319 D/nStackXCoAP( 4131): ParseServiceDiscover:[330] :new device join
05-27 14:26:59.319 E/nStackXDFinder( 4131): GetLocalIp:[401] :GetLocalIp exec
05-27 14:26:59.332 D/nStackXCoAP( 4131): CoapMessageHandler:[133] :2.01
05-27 14:26:59.424 I/WifiHAL ( 519): call wifi_get_link_stats handler
05-27 14:26:59.424 I/WifiHAL ( 519): Creating message to get link statistics; iface = 19
05-27 14:26:59.424 D/WifiHAL ( 519): error code -95 mapped to -3
05-27 14:26:59.425 E/WifiStaIfaceAidlImpl( 704): getLinkLayerStats failed with service-specific exception: android.os.ServiceSpecificException: (code 4)
05-27 14:26:59.462 D/nStackXCoAP( 4131): IsInSameNetwork:[276] :IsInSameNetwork exec
05-27 14:26:59.462 I/nStackXDFinder( 4131): GetLocalInterfaceDetail:[461] :GetLocalInterfaceDetail in
05-27 14:26:59.462 E/nStackXCoAP( 4131): IsInSameNetwork:[281] :IsInSameNetwork: not priority process
05-27 14:26:59.462 D/nStackXCoAP( 4131): ParseServiceDiscover:[330] :new device join
05-27 14:26:59.462 E/nStackXDFinder( 4131): GetLocalIp:[401] :GetLocalIp exec
05-27 14:26:59.666 D/nStackXCoAP( 4131): IsInSameNetwork:[276] :IsInSameNetwork exec
05-27 14:26:59.666 I/nStackXDFinder( 4131): GetLocalInterfaceDetail:[461] :GetLocalInterfaceDetail in
05-27 14:26:59.666 E/nStackXCoAP( 4131): IsInSameNetwork:[281] :IsInSameNetwork: not priority process
05-27 14:26:59.666 D/nStackXCoAP( 4131): ParseServiceDiscover:[330] :new device join
05-27 14:26:59.666 E/nStackXDFinder( 4131): GetLocalIp:[401] :GetLocalIp exec
05-27 14:26:59.710 D/uninstall( 3076): isAllowStart last_delay 0, current_time 1748327219
05-27 14:26:59.710 I/uninstall( 3076): enable_service com.ktcp.video/com.tencent.qqlivetv.keeplive.proc.DaemonService com.ktcp.video/(null)
05-27 14:26:59.711 D/nStackXCoAP( 4131): CoapMessageHandler:[133] :2.01
05-27 14:26:59.711 D/uninstall( 3076): enable_service waitpid
05-27 14:26:59.711 D/uninstall( 4382): enable_service pid == 0
05-27 14:26:59.711 D/uninstall( 4382): enable_service version >= 17 || version == 0 version == 34
05-27 14:26:59.721 D/nStackXCoAP( 4131): CoapMessageHandler:[133] :2.01
05-27 14:26:59.755 I/uninstall( 3076): watchdaemon process_name = com.ktcp.video:daemon has gone, start it
05-27 14:26:59.755 D/uninstall( 3076): watchdaemon waitpid
05-27 14:26:59.755 D/uninstall( 4386): watchdaemon pid == 0
05-27 14:26:59.756 D/uninstall( 4386): watchdaemon version >= 17 || version == 0 version == 34
05-27 14:26:59.779 D/nStackXCoAP( 4131): IsInSameNetwork:[276] :IsInSameNetwork exec
05-27 14:26:59.779 I/nStackXDFinder( 4131): GetLocalInterfaceDetail:[461] :GetLocalInterfaceDetail in
05-27 14:26:59.779 E/nStackXCoAP( 4131): IsInSameNetwork:[281] :IsInSameNetwork: not priority process
05-27 14:26:59.779 D/nStackXCoAP( 4131): ParseServiceDiscover:[330] :new device join
05-27 14:26:59.779 E/nStackXDFinder( 4131): GetLocalIp:[401] :GetLocalIp exec
05-27 14:26:59.809 D/nStackXCoAP( 4131): CoapMessageHandler:[133] :2.01
05-27 14:26:59.898 D/nStackXCoAP( 4131): IsInSameNetwork:[276] :IsInSameNetwork exec
05-27 14:26:59.899 I/nStackXDFinder( 4131): GetLocalInterfaceDetail:[461] :GetLocalInterfaceDetail in
05-27 14:26:59.899 E/nStackXCoAP( 4131): IsInSameNetwork:[281] :IsInSameNetwork: not priority process
05-27 14:26:59.899 D/nStackXCoAP( 4131): ParseServiceDiscover:[330] :new device join
05-27 14:26:59.899 E/nStackXDFinder( 4131): GetLocalIp:[401] :GetLocalIp exec
05-27 14:26:59.919 D/nStackXCoAP( 4131): CoapMessageHandler:[133] :2.01
05-27 14:26:59.925 D/TrafficStats( 2561): tagSocket(172) with statsTag=0xffffffff, statsUid=-1
05-27 14:27:00.051 D/nStackXCoAP( 4131): IsInSameNetwork:[276] :IsInSameNetwork exec
05-27 14:27:00.051 I/nStackXDFinder( 4131): GetLocalInterfaceDetail:[461] :GetLocalInterfaceDetail in
05-27 14:27:00.051 E/nStackXCoAP( 4131): IsInSameNetwork:[281] :IsInSameNetwork: not priority process
05-27 14:27:00.051 D/nStackXCoAP( 4131): ParseServiceDiscover:[330] :new device join
05-27 14:27:00.051 E/nStackXDFinder( 4131): GetLocalIp:[401] :GetLocalIp exec
05-27 14:27:00.059 D/nStackXCoAP( 4131): CoapMessageHandler:[133] :2.01
05-27 14:27:00.173 D/nStackXCoAP( 4131): IsInSameNetwork:[276] :IsInSameNetwork exec
05-27 14:27:00.173 I/nStackXDFinder( 4131): GetLocalInterfaceDetail:[461] :GetLocalInterfaceDetail in
05-27 14:27:00.173 E/nStackXCoAP( 4131): IsInSameNetwork:[281] :IsInSameNetwork: not priority process
05-27 14:27:00.173 D/nStackXCoAP( 4131): ParseServiceDiscover:[330] :new device join
05-27 14:27:00.173 E/nStackXDFinder( 4131): GetLocalIp:[401] :GetLocalIp exec
05-27 14:27:00.314 D/nStackXCoAP( 4131): CoapMessageHandler:[133] :2.01
05-27 14:27:00.318 D/nStackXCoAP( 4131): IsInSameNetwork:[276] :IsInSameNetwork exec
05-27 14:27:00.318 I/nStackXDFinder( 4131): GetLocalInterfaceDetail:[461] :GetLocalInterfaceDetail in
05-27 14:27:00.318 E/nStackXCoAP( 4131): IsInSameNetwork:[281] :IsInSameNetwork: not priority process
05-27 14:27:00.318 D/nStackXCoAP( 4131): ParseServiceDiscover:[330] :new device join
05-27 14:27:00.318 E/nStackXDFinder( 4131): GetLocalIp:[401] :GetLocalIp exec
