05-27 14:29:11.386 I/uninstall( 3076): enable_service com.ktcp.video/com.tencent.qqlivetv.keeplive.proc.DaemonService com.ktcp.video/(null)
05-27 14:29:11.387 D/uninstall( 3076): enable_service waitpid
05-27 14:29:11.387 D/uninstall( 4682): enable_service pid == 0
05-27 14:29:11.388 D/uninstall( 4682): enable_service version >= 17 || version == 0 version == 34
05-27 14:29:11.436 I/uninstall( 3076): watchdaemon process_name = com.ktcp.video:daemon has gone, start it
05-27 14:29:11.437 D/uninstall( 3076): watchdaemon waitpid
05-27 14:29:11.437 D/uninstall( 4686): watchdaemon pid == 0
05-27 14:29:11.437 D/uninstall( 4686): watchdaemon version >= 17 || version == 0 version == 34
05-27 14:29:11.703 I/WifiHAL ( 519): call wifi_get_link_stats handler
05-27 14:29:11.703 I/WifiHAL ( 519): Creating message to get link statistics; iface = 19
05-27 14:29:11.703 D/WifiHAL ( 519): error code -95 mapped to -3
05-27 14:29:11.703 E/WifiStaIfaceAidlImpl( 704): getLinkLayerStats failed with service-specific exception: android.os.ServiceSpecificException: (code 4)
05-27 14:29:14.709 I/WifiHAL ( 519): call wifi_get_link_stats handler
05-27 14:29:14.710 I/WifiHAL ( 519): Creating message to get link statistics; iface = 19
05-27 14:29:14.710 D/WifiHAL ( 519): error code -95 mapped to -3
05-27 14:29:14.710 E/WifiStaIfaceAidlImpl( 704): getLinkLayerStats failed with service-specific exception: android.os.ServiceSpecificException: (code 4)
05-27 14:29:15.629 I/audio_hw_hal_alsamgr( 499): alsa format =0x1 delay frames =768 total frames=13258240
05-27 14:29:15.768 D/nStackXCoAP( 4131): IsInSameNetwork:[276] :IsInSameNetwork exec
05-27 14:29:15.768 I/nStackXDFinder( 4131): GetLocalInterfaceDetail:[461] :GetLocalInterfaceDetail in
05-27 14:29:15.768 E/nStackXCoAP( 4131): IsInSameNetwork:[281] :IsInSameNetwork: not priority process
05-27 14:29:15.768 D/nStackXCoAP( 4131): ParseServiceDiscover:[330] :new device join
05-27 14:29:15.768 E/nStackXDFinder( 4131): GetLocalIp:[401] :GetLocalIp exec
05-27 14:29:15.800 D/nStackXCoAP( 4131): CoapMessageHandler:[133] :2.01
05-27 14:29:16.003 D/nStackXCoAP( 4131): IsInSameNetwork:[276] :IsInSameNetwork exec
05-27 14:29:16.003 I/nStackXDFinder( 4131): GetLocalInterfaceDetail:[461] :GetLocalInterfaceDetail in
05-27 14:29:16.003 E/nStackXCoAP( 4131): IsInSameNetwork:[281] :IsInSameNetwork: not priority process
05-27 14:29:16.003 D/nStackXCoAP( 4131): ParseServiceDiscover:[330] :new device join
05-27 14:29:16.003 E/nStackXDFinder( 4131): GetLocalIp:[401] :GetLocalIp exec
05-27 14:29:16.014 D/nStackXCoAP( 4131): CoapMessageHandler:[133] :2.01
05-27 14:29:16.255 D/nStackXCoAP( 4131): IsInSameNetwork:[276] :IsInSameNetwork exec
05-27 14:29:16.255 I/nStackXDFinder( 4131): GetLocalInterfaceDetail:[461] :GetLocalInterfaceDetail in
05-27 14:29:16.255 E/nStackXCoAP( 4131): IsInSameNetwork:[281] :IsInSameNetwork: not priority process
05-27 14:29:16.255 D/nStackXCoAP( 4131): ParseServiceDiscover:[330] :new device join
05-27 14:29:16.255 E/nStackXDFinder( 4131): GetLocalIp:[401] :GetLocalIp exec
05-27 14:29:16.297 D/nStackXCoAP( 4131): CoapMessageHandler:[133] :2.01
05-27 14:29:16.660 D/nStackXCoAP( 4131): IsInSameNetwork:[276] :IsInSameNetwork exec
05-27 14:29:16.660 I/nStackXDFinder( 4131): GetLocalInterfaceDetail:[461] :GetLocalInterfaceDetail in
05-27 14:29:16.660 E/nStackXCoAP( 4131): IsInSameNetwork:[281] :IsInSameNetwork: not priority process
05-27 14:29:16.660 D/nStackXCoAP( 4131): ParseServiceDiscover:[330] :new device join
05-27 14:29:16.660 E/nStackXDFinder( 4131): GetLocalIp:[401] :GetLocalIp exec
05-27 14:29:16.666 D/nStackXCoAP( 4131): CoapMessageHandler:[133] :2.01
05-27 14:29:17.024 D/UtilLog ( 2509): 日志批量上报 进行正常循环 !!!!!!本次有0次请求,共0条数据
05-27 14:29:17.155 D/nStackXCoAP( 4131): IsInSameNetwork:[276] :IsInSameNetwork exec
05-27 14:29:17.155 I/nStackXDFinder( 4131): GetLocalInterfaceDetail:[461] :GetLocalInterfaceDetail in
05-27 14:29:17.155 E/nStackXCoAP( 4131): IsInSameNetwork:[281] :IsInSameNetwork: not priority process
05-27 14:29:17.155 D/nStackXCoAP( 4131): ParseServiceDiscover:[330] :new device join
05-27 14:29:17.155 E/nStackXDFinder( 4131): GetLocalIp:[401] :GetLocalIp exec
05-27 14:29:17.166 D/nStackXCoAP( 4131): CoapMessageHandler:[133] :2.01
05-27 14:29:17.686 D/nStackXCoAP( 4131): IsInSameNetwork:[276] :IsInSameNetwork exec
05-27 14:29:17.686 I/nStackXDFinder( 4131): GetLocalInterfaceDetail:[461] :GetLocalInterfaceDetail in
05-27 14:29:17.686 E/nStackXCoAP( 4131): IsInSameNetwork:[281] :IsInSameNetwork: not priority process
05-27 14:29:17.686 D/nStackXCoAP( 4131): ParseServiceDiscover:[330] :new device join
05-27 14:29:17.686 E/nStackXDFinder( 4131): GetLocalIp:[401] :GetLocalIp exec
05-27 14:29:17.696 D/nStackXCoAP( 4131): CoapMessageHandler:[133] :2.01
05-27 14:29:17.715 I/WifiHAL ( 519): call wifi_get_link_stats handler
05-27 14:29:17.715 I/WifiHAL ( 519): Creating message to get link statistics; iface = 19
05-27 14:29:17.715 D/WifiHAL ( 519): error code -95 mapped to -3
05-27 14:29:17.715 E/WifiStaIfaceAidlImpl( 704): getLinkLayerStats failed with service-specific exception: android.os.ServiceSpecificException: (code 4)
05-27 14:29:18.162 D/nStackXCoAP( 4131): IsInSameNetwork:[276] :IsInSameNetwork exec
05-27 14:29:18.162 I/nStackXDFinder( 4131): GetLocalInterfaceDetail:[461] :GetLocalInterfaceDetail in
05-27 14:29:18.162 E/nStackXCoAP( 4131): IsInSameNetwork:[281] :IsInSameNetwork: not priority process
05-27 14:29:18.162 D/nStackXCoAP( 4131): ParseServiceDiscover:[330] :new device join
05-27 14:29:18.162 E/nStackXDFinder( 4131): GetLocalIp:[401] :GetLocalIp exec
05-27 14:29:18.176 D/nStackXCoAP( 4131): CoapMessageHandler:[133] :2.01
05-27 14:29:18.680 D/nStackXCoAP( 4131): IsInSameNetwork:[276] :IsInSameNetwork exec
05-27 14:29:18.680 I/nStackXDFinder( 4131): GetLocalInterfaceDetail:[461] :GetLocalInterfaceDetail in
05-27 14:29:18.680 E/nStackXCoAP( 4131): IsInSameNetwork:[281] :IsInSameNetwork: not priority process
05-27 14:29:18.680 D/nStackXCoAP( 4131): ParseServiceDiscover:[330] :new device join
05-27 14:29:18.680 E/nStackXDFinder( 4131): GetLocalIp:[401] :GetLocalIp exec
05-27 14:29:18.703 D/nStackXCoAP( 4131): CoapMessageHandler:[133] :2.01
05-27 14:29:19.173 D/nStackXCoAP( 4131): IsInSameNetwork:[276] :IsInSameNetwork exec
05-27 14:29:19.173 I/nStackXDFinder( 4131): GetLocalInterfaceDetail:[461] :GetLocalInterfaceDetail in
05-27 14:29:19.173 E/nStackXCoAP( 4131): IsInSameNetwork:[281] :IsInSameNetwork: not priority process
05-27 14:29:19.173 D/nStackXCoAP( 4131): ParseServiceDiscover:[330] :new device join
05-27 14:29:19.173 E/nStackXDFinder( 4131): GetLocalIp:[401] :GetLocalIp exec
05-27 14:29:19.183 D/nStackXCoAP( 4131): CoapMessageHandler:[133] :2.01
05-27 14:29:20.271 D/nStackXCoAP( 4131): IsInSameNetwork:[276] :IsInSameNetwork exec
05-27 14:29:20.271 I/nStackXDFinder( 4131): GetLocalInterfaceDetail:[461] :GetLocalInterfaceDetail in
05-27 14:29:20.271 E/nStackXCoAP( 4131): IsInSameNetwork:[281] :IsInSameNetwork: not priority process
05-27 14:29:20.271 D/nStackXCoAP( 4131): ParseServiceDiscover:[330] :new device join
05-27 14:29:20.271 E/nStackXDFinder( 4131): GetLocalIp:[401] :GetLocalIp exec
05-27 14:29:20.309 D/nStackXCoAP( 4131): CoapMessageHandler:[133] :2.01
05-27 14:29:20.722 I/WifiHAL ( 519): call wifi_get_link_stats handler
05-27 14:29:20.722 I/WifiHAL ( 519): Creating message to get link statistics; iface = 19
05-27 14:29:20.723 D/WifiHAL ( 519): error code -95 mapped to -3
05-27 14:29:20.723 E/WifiStaIfaceAidlImpl( 704): getLinkLayerStats failed with service-specific exception: android.os.ServiceSpecificException: (code 4)
05-27 14:29:21.501 D/uninstall( 3076): isAllowStart last_delay 0, current_time 1748327361
05-27 14:29:21.501 I/uninstall( 3076): enable_service com.ktcp.video/com.tencent.qqlivetv.keeplive.proc.DaemonService com.ktcp.video/(null)
05-27 14:29:21.502 D/uninstall( 3076): enable_service waitpid
05-27 14:29:21.503 D/uninstall( 4702): enable_service pid == 0
05-27 14:29:21.503 D/uninstall( 4702): enable_service version >= 17 || version == 0 version == 34
05-27 14:29:21.552 I/uninstall( 3076): watchdaemon process_name = com.ktcp.video:daemon has gone, start it
05-27 14:29:21.554 D/uninstall( 3076): watchdaemon waitpid
05-27 14:29:21.554 D/uninstall( 4706): watchdaemon pid == 0
05-27 14:29:21.554 D/uninstall( 4706): watchdaemon version >= 17 || version == 0 version == 34
05-27 14:29:23.730 I/WifiHAL ( 519): call wifi_get_link_stats handler
05-27 14:29:23.730 I/WifiHAL ( 519): Creating message to get link statistics; iface = 19
05-27 14:29:23.730 D/WifiHAL ( 519): error code -95 mapped to -3
05-27 14:29:23.731 E/WifiStaIfaceAidlImpl( 704): getLinkLayerStats failed with service-specific exception: android.os.ServiceSpecificException: (code 4)
05-27 14:29:26.738 I/WifiHAL ( 519): call wifi_get_link_stats handler
05-27 14:29:26.738 I/WifiHAL ( 519): Creating message to get link statistics; iface = 19
05-27 14:29:26.738 D/WifiHAL ( 519): error code -95 mapped to -3
05-27 14:29:26.739 E/WifiStaIfaceAidlImpl( 704): getLinkLayerStats failed with service-specific exception: android.os.ServiceSpecificException: (code 4)
05-27 14:29:27.025 D/UtilLog ( 2509): 日志批量上报 进行正常循环 !!!!!!本次有0次请求,共0条数据
05-27 14:29:29.742 I/WifiHAL ( 519): call wifi_get_link_stats handler
05-27 14:29:29.742 I/WifiHAL ( 519): Creating message to get link statistics; iface = 19
05-27 14:29:29.742 D/WifiHAL ( 519): error code -95 mapped to -3
05-27 14:29:29.743 E/WifiStaIfaceAidlImpl( 704): getLinkLayerStats failed with service-specific exception: android.os.ServiceSpecificException: (code 4)
05-27 14:29:30.416 I/TDLog ( 2509): [APP] New data found, Submitting...
05-27 14:29:30.422 D/TrafficStats( 2509): tagSocket(109) with statsTag=0xffffffff, statsUid=-1
05-27 14:29:30.429 I/TDLog ( 2509): [APP] Failed to submit data!
05-27 14:29:31.652 D/uninstall( 3076): isAllowStart last_delay 0, current_time 1748327371
05-27 14:29:31.652 I/uninstall( 3076): enable_service com.ktcp.video/com.tencent.qqlivetv.keeplive.proc.DaemonService com.ktcp.video/(null)
05-27 14:29:31.653 D/uninstall( 3076): enable_service waitpid
05-27 14:29:31.653 D/uninstall( 4726): enable_service pid == 0
05-27 14:29:31.654 D/uninstall( 4726): enable_service version >= 17 || version == 0 version == 34
05-27 14:29:31.703 I/uninstall( 3076): watchdaemon process_name = com.ktcp.video:daemon has gone, start it
05-27 14:29:31.704 D/uninstall( 3076): watchdaemon waitpid
05-27 14:29:31.704 D/uninstall( 4730): watchdaemon pid == 0
05-27 14:29:31.704 D/uninstall( 4730): watchdaemon version >= 17 || version == 0 version == 34
05-27 14:29:32.370 D/nStackXCoAP( 4131): IsInSameNetwork:[276] :IsInSameNetwork exec
05-27 14:29:32.370 I/nStackXDFinder( 4131): GetLocalInterfaceDetail:[461] :GetLocalInterfaceDetail in
05-27 14:29:32.370 E/nStackXCoAP( 4131): IsInSameNetwork:[281] :IsInSameNetwork: not priority process
05-27 14:29:32.370 D/nStackXCoAP( 4131): ParseServiceDiscover:[330] :new device join
05-27 14:29:32.370 I/nStackXDFinder( 4131): NotifyDeviceListChanged:[540] :notify callback: device list changed callback is null
05-27 14:29:32.370 E/nStackXDFinder( 4131): GetLocalIp:[401] :GetLocalIp exec
05-27 14:29:32.383 D/nStackXCoAP( 4131): CoapMessageHandler:[133] :2.01
05-27 14:29:32.527 D/nStackXCoAP( 4131): IsInSameNetwork:[276] :IsInSameNetwork exec
05-27 14:29:32.527 I/nStackXDFinder( 4131): GetLocalInterfaceDetail:[461] :GetLocalInterfaceDetail in
05-27 14:29:32.527 E/nStackXCoAP( 4131): IsInSameNetwork:[281] :IsInSameNetwork: not priority process
05-27 14:29:32.527 D/nStackXCoAP( 4131): ParseServiceDiscover:[330] :new device join
05-27 14:29:32.528 I/nStackXDFinder( 4131): NotifyDeviceListChanged:[540] :notify callback: device list changed callback is null
05-27 14:29:32.528 E/nStackXDFinder( 4131): GetLocalIp:[401] :GetLocalIp exec
05-27 14:29:32.709 D/nStackXCoAP( 4131): IsInSameNetwork:[276] :IsInSameNetwork exec
05-27 14:29:32.709 I/nStackXDFinder( 4131): GetLocalInterfaceDetail:[461] :GetLocalInterfaceDetail in
05-27 14:29:32.709 E/nStackXCoAP( 4131): IsInSameNetwork:[281] :IsInSameNetwork: not priority process
05-27 14:29:32.709 D/nStackXCoAP( 4131): ParseServiceDiscover:[330] :new device join
05-27 14:29:32.709 E/nStackXDFinder( 4131): GetLocalIp:[401] :GetLocalIp exec
05-27 14:29:32.736 D/nStackXCoAP( 4131): CoapMessageHandler:[133] :2.01
05-27 14:29:32.736 D/nStackXCoAP( 4131): CoapMessageHandler:[133] :2.01
05-27 14:29:32.746 I/WifiHAL ( 519): call wifi_get_link_stats handler
05-27 14:29:32.746 I/WifiHAL ( 519): Creating message to get link statistics; iface = 19
05-27 14:29:32.747 D/WifiHAL ( 519): error code -95 mapped to -3
05-27 14:29:32.747 E/WifiStaIfaceAidlImpl( 704): getLinkLayerStats failed with service-specific exception: android.os.ServiceSpecificException: (code 4)
05-27 14:29:33.140 D/nStackXCoAP( 4131): IsInSameNetwork:[276] :IsInSameNetwork exec
05-27 14:29:33.140 I/nStackXDFinder( 4131): GetLocalInterfaceDetail:[461] :GetLocalInterfaceDetail in
05-27 14:29:33.140 E/nStackXCoAP( 4131): IsInSameNetwork:[281] :IsInSameNetwork: not priority process
05-27 14:29:33.140 D/nStackXCoAP( 4131): ParseServiceDiscover:[330] :new device join
05-27 14:29:33.140 E/nStackXDFinder( 4131): GetLocalIp:[401] :GetLocalIp exec
05-27 14:29:33.283 D/nStackXCoAP( 4131): CoapMessageHandler:[133] :2.01
05-27 14:29:33.545 D/nStackXCoAP( 4131): IsInSameNetwork:[276] :IsInSameNetwork exec
05-27 14:29:33.545 I/nStackXDFinder( 4131): GetLocalInterfaceDetail:[461] :GetLocalInterfaceDetail in
05-27 14:29:33.545 E/nStackXCoAP( 4131): IsInSameNetwork:[281] :IsInSameNetwork: not priority process
05-27 14:29:33.545 D/nStackXCoAP( 4131): ParseServiceDiscover:[330] :new device join
05-27 14:29:33.545 E/nStackXDFinder( 4131): GetLocalIp:[401] :GetLocalIp exec
05-27 14:29:33.822 D/nStackXCoAP( 4131): IsInSameNetwork:[276] :IsInSameNetwork exec
05-27 14:29:33.822 I/nStackXDFinder( 4131): GetLocalInterfaceDetail:[461] :GetLocalInterfaceDetail in
05-27 14:29:33.822 E/nStackXCoAP( 4131): IsInSameNetwork:[281] :IsInSameNetwork: not priority process
05-27 14:29:33.822 D/nStackXCoAP( 4131): ParseServiceDiscover:[330] :new device join
05-27 14:29:33.822 E/nStackXDFinder( 4131): GetLocalIp:[401] :GetLocalIp exec
05-27 14:29:33.925 D/nStackXCoAP( 4131): IsInSameNetwork:[276] :IsInSameNetwork exec
05-27 14:29:33.925 I/nStackXDFinder( 4131): GetLocalInterfaceDetail:[461] :GetLocalInterfaceDetail in
05-27 14:29:33.925 E/nStackXCoAP( 4131): IsInSameNetwork:[281] :IsInSameNetwork: not priority process
05-27 14:29:33.925 D/nStackXCoAP( 4131): ParseServiceDiscover:[330] :new device join
05-27 14:29:33.925 E/nStackXDFinder( 4131): GetLocalIp:[401] :GetLocalIp exec
05-27 14:29:33.940 D/nStackXCoAP( 4131): IsInSameNetwork:[276] :IsInSameNetwork exec
05-27 14:29:33.940 I/nStackXDFinder( 4131): GetLocalInterfaceDetail:[461] :GetLocalInterfaceDetail in
05-27 14:29:33.940 E/nStackXCoAP( 4131): IsInSameNetwork:[281] :IsInSameNetwork: not priority process
05-27 14:29:33.940 D/nStackXCoAP( 4131): ParseServiceDiscover:[330] :new device join
05-27 14:29:33.940 E/nStackXDFinder( 4131): GetLocalIp:[401] :GetLocalIp exec
05-27 14:29:33.964 D/nStackXCoAP( 4131): IsInSameNetwork:[276] :IsInSameNetwork exec
05-27 14:29:33.964 I/nStackXDFinder( 4131): GetLocalInterfaceDetail:[461] :GetLocalInterfaceDetail in
05-27 14:29:33.964 E/nStackXCoAP( 4131): IsInSameNetwork:[281] :IsInSameNetwork: not priority process
05-27 14:29:33.964 D/nStackXCoAP( 4131): ParseServiceDiscover:[330] :new device join
05-27 14:29:33.964 E/nStackXDFinder( 4131): GetLocalIp:[401] :GetLocalIp exec
05-27 14:29:34.077 D/nStackXCoAP( 4131): CoapMessageHandler:[133] :2.01
05-27 14:29:34.080 D/nStackXCoAP( 4131): CoapMessageHandler:[133] :2.01
05-27 14:29:34.133 D/nStackXCoAP( 4131): CoapMessageHandler:[133] :2.01
05-27 14:29:34.134 D/nStackXCoAP( 4131): CoapMessageHandler:[133] :2.01
05-27 14:29:34.135 D/nStackXCoAP( 4131): CoapMessageHandler:[133] :2.01
05-27 14:29:34.273 D/nStackXCoAP( 4131): IsInSameNetwork:[276] :IsInSameNetwork exec
05-27 14:29:34.273 I/nStackXDFinder( 4131): GetLocalInterfaceDetail:[461] :GetLocalInterfaceDetail in
05-27 14:29:34.273 E/nStackXCoAP( 4131): IsInSameNetwork:[281] :IsInSameNetwork: not priority process
05-27 14:29:34.273 D/nStackXCoAP( 4131): ParseServiceDiscover:[330] :new device join
05-27 14:29:34.273 E/nStackXDFinder( 4131): GetLocalIp:[401] :GetLocalIp exec
05-27 14:29:34.297 D/nStackXCoAP( 4131): IsInSameNetwork:[276] :IsInSameNetwork exec
05-27 14:29:34.297 I/nStackXDFinder( 4131): GetLocalInterfaceDetail:[461] :GetLocalInterfaceDetail in
05-27 14:29:34.297 E/nStackXCoAP( 4131): IsInSameNetwork:[281] :IsInSameNetwork: not priority process
05-27 14:29:34.297 D/nStackXCoAP( 4131): ParseServiceDiscover:[330] :new device join
05-27 14:29:34.297 E/nStackXDFinder( 4131): GetLocalIp:[401] :GetLocalIp exec
05-27 14:29:34.369 D/nStackXCoAP( 4131): CoapMessageHandler:[133] :2.01
05-27 14:29:34.369 D/nStackXCoAP( 4131): CoapMessageHandler:[133] :2.01
05-27 14:29:34.544 D/nStackXCoAP( 4131): IsInSameNetwork:[276] :IsInSameNetwork exec
05-27 14:29:34.544 I/nStackXDFinder( 4131): GetLocalInterfaceDetail:[461] :GetLocalInterfaceDetail in
05-27 14:29:34.544 E/nStackXCoAP( 4131): IsInSameNetwork:[281] :IsInSameNetwork: not priority process
05-27 14:29:34.544 D/nStackXCoAP( 4131): ParseServiceDiscover:[330] :new device join
05-27 14:29:34.544 E/nStackXDFinder( 4131): GetLocalIp:[401] :GetLocalIp exec
05-27 14:29:34.602 D/nStackXCoAP( 4131): CoapMessageHandler:[133] :2.01
05-27 14:29:34.853 D/nStackXCoAP( 4131): IsInSameNetwork:[276] :IsInSameNetwork exec
05-27 14:29:34.853 I/nStackXDFinder( 4131): GetLocalInterfaceDetail:[461] :GetLocalInterfaceDetail in
05-27 14:29:34.853 E/nStackXCoAP( 4131): IsInSameNetwork:[281] :IsInSameNetwork: not priority process
05-27 14:29:34.853 D/nStackXCoAP( 4131): ParseServiceDiscover:[330] :new device join
05-27 14:29:34.853 E/nStackXDFinder( 4131): GetLocalIp:[401] :GetLocalIp exec
05-27 14:29:34.855 D/OomAdjuster( 704): Not killing cached processes
05-27 14:29:35.116 D/nStackXCoAP( 4131): IsInSameNetwork:[276] :IsInSameNetwork exec
05-27 14:29:35.116 I/nStackXDFinder( 4131): GetLocalInterfaceDetail:[461] :GetLocalInterfaceDetail in
05-27 14:29:35.116 E/nStackXCoAP( 4131): IsInSameNetwork:[281] :IsInSameNetwork: not priority process
05-27 14:29:35.116 D/nStackXCoAP( 4131): ParseServiceDiscover:[330] :new device join
05-27 14:29:35.116 E/nStackXDFinder( 4131): GetLocalIp:[401] :GetLocalIp exec
05-27 14:29:35.172 D/nStackXCoAP( 4131): IsInSameNetwork:[276] :IsInSameNetwork exec
05-27 14:29:35.172 I/nStackXDFinder( 4131): GetLocalInterfaceDetail:[461] :GetLocalInterfaceDetail in
05-27 14:29:35.172 E/nStackXCoAP( 4131): IsInSameNetwork:[281] :IsInSameNetwork: not priority process
05-27 14:29:35.172 D/nStackXCoAP( 4131): ParseServiceDiscover:[330] :new device join
05-27 14:29:35.172 E/nStackXDFinder( 4131): GetLocalIp:[401] :GetLocalIp exec
05-27 14:29:35.188 D/nStackXCoAP( 4131): CoapMessageHandler:[133] :2.01
05-27 14:29:35.193 D/nStackXCoAP( 4131): CoapMessageHandler:[133] :2.01
05-27 14:29:35.200 D/nStackXCoAP( 4131): CoapMessageHandler:[133] :2.01
05-27 14:29:35.309 D/nStackXCoAP( 4131): IsInSameNetwork:[276] :IsInSameNetwork exec
05-27 14:29:35.309 I/nStackXDFinder( 4131): GetLocalInterfaceDetail:[461] :GetLocalInterfaceDetail in
05-27 14:29:35.309 E/nStackXCoAP( 4131): IsInSameNetwork:[281] :IsInSameNetwork: not priority process
05-27 14:29:35.309 D/nStackXCoAP( 4131): ParseServiceDiscover:[330] :new device join
05-27 14:29:35.309 E/nStackXDFinder( 4131): GetLocalIp:[401] :GetLocalIp exec
05-27 14:29:35.359 D/nStackXCoAP( 4131): CoapMessageHandler:[133] :2.01
05-27 14:29:35.520 D/nStackXCoAP( 4131): IsInSameNetwork:[276] :IsInSameNetwork exec
05-27 14:29:35.520 I/nStackXDFinder( 4131): GetLocalInterfaceDetail:[461] :GetLocalInterfaceDetail in
05-27 14:29:35.520 E/nStackXCoAP( 4131): IsInSameNetwork:[281] :IsInSameNetwork: not priority process
05-27 14:29:35.520 D/nStackXCoAP( 4131): ParseServiceDiscover:[330] :new device join
05-27 14:29:35.520 E/nStackXDFinder( 4131): GetLocalIp:[401] :GetLocalIp exec
05-27 14:29:35.551 D/nStackXCoAP( 4131): CoapMessageHandler:[133] :2.01
05-27 14:29:35.639 D/nStackXCoAP( 4131): IsInSameNetwork:[276] :IsInSameNetwork exec
05-27 14:29:35.639 I/nStackXDFinder( 4131): GetLocalInterfaceDetail:[461] :GetLocalInterfaceDetail in
05-27 14:29:35.639 E/nStackXCoAP( 4131): IsInSameNetwork:[281] :IsInSameNetwork: not priority process
05-27 14:29:35.639 D/nStackXCoAP( 4131): ParseServiceDiscover:[330] :new device join
05-27 14:29:35.639 E/nStackXDFinder( 4131): GetLocalIp:[401] :GetLocalIp exec
05-27 14:29:35.665 D/nStackXCoAP( 4131): CoapMessageHandler:[133] :2.01
05-27 14:29:35.754 I/WifiHAL ( 519): call wifi_get_link_stats handler
05-27 14:29:35.754 I/WifiHAL ( 519): Creating message to get link statistics; iface = 19
05-27 14:29:35.755 D/WifiHAL ( 519): error code -95 mapped to -3
05-27 14:29:35.755 E/WifiStaIfaceAidlImpl( 704): getLinkLayerStats failed with service-specific exception: android.os.ServiceSpecificException: (code 4)
05-27 14:29:35.831 D/nStackXCoAP( 4131): IsInSameNetwork:[276] :IsInSameNetwork exec
05-27 14:29:35.832 I/nStackXDFinder( 4131): GetLocalInterfaceDetail:[461] :GetLocalInterfaceDetail in
05-27 14:29:35.832 E/nStackXCoAP( 4131): IsInSameNetwork:[281] :IsInSameNetwork: not priority process
05-27 14:29:35.832 D/nStackXCoAP( 4131): ParseServiceDiscover:[330] :new device join
05-27 14:29:35.832 E/nStackXDFinder( 4131): GetLocalIp:[401] :GetLocalIp exec
05-27 14:29:35.943 D/nStackXCoAP( 4131): IsInSameNetwork:[276] :IsInSameNetwork exec
05-27 14:29:35.943 I/nStackXDFinder( 4131): GetLocalInterfaceDetail:[461] :GetLocalInterfaceDetail in
05-27 14:29:35.943 E/nStackXCoAP( 4131): IsInSameNetwork:[281] :IsInSameNetwork: not priority process
05-27 14:29:35.943 D/nStackXCoAP( 4131): ParseServiceDiscover:[330] :new device join
05-27 14:29:35.943 E/nStackXDFinder( 4131): GetLocalIp:[401] :GetLocalIp exec
05-27 14:29:36.004 D/nStackXCoAP( 4131): CoapMessageHandler:[133] :2.01
05-27 14:29:36.128 D/nStackXCoAP( 4131): IsInSameNetwork:[276] :IsInSameNetwork exec
05-27 14:29:36.128 I/nStackXDFinder( 4131): GetLocalInterfaceDetail:[461] :GetLocalInterfaceDetail in
05-27 14:29:36.128 E/nStackXCoAP( 4131): IsInSameNetwork:[281] :IsInSameNetwork: not priority process
05-27 14:29:36.128 D/nStackXCoAP( 4131): ParseServiceDiscover:[330] :new device join
05-27 14:29:36.128 E/nStackXDFinder( 4131): GetLocalIp:[401] :GetLocalIp exec
05-27 14:29:36.134 D/nStackXCoAP( 4131): CoapMessageHandler:[133] :2.01
05-27 14:29:36.144 D/nStackXCoAP( 4131): CoapMessageHandler:[133] :2.01
05-27 14:29:36.230 D/nStackXCoAP( 4131): IsInSameNetwork:[276] :IsInSameNetwork exec
05-27 14:29:36.230 I/nStackXDFinder( 4131): GetLocalInterfaceDetail:[461] :GetLocalInterfaceDetail in
05-27 14:29:36.230 E/nStackXCoAP( 4131): IsInSameNetwork:[281] :IsInSameNetwork: not priority process
05-27 14:29:36.230 D/nStackXCoAP( 4131): ParseServiceDiscover:[330] :new device join
05-27 14:29:36.230 E/nStackXDFinder( 4131): GetLocalIp:[401] :GetLocalIp exec
05-27 14:29:36.460 I/audio_hw_hal_alsamgr( 499): alsa format =0x9000000 delay frames =1664 total frames=13824000
05-27 14:29:36.479 D/nStackXCoAP( 4131): CoapMessageHandler:[133] :2.01
05-27 14:29:36.541 D/nStackXCoAP( 4131): IsInSameNetwork:[276] :IsInSameNetwork exec
05-27 14:29:36.541 I/nStackXDFinder( 4131): GetLocalInterfaceDetail:[461] :GetLocalInterfaceDetail in
05-27 14:29:36.541 E/nStackXCoAP( 4131): IsInSameNetwork:[281] :IsInSameNetwork: not priority process
05-27 14:29:36.541 D/nStackXCoAP( 4131): ParseServiceDiscover:[330] :new device join
05-27 14:29:36.541 E/nStackXDFinder( 4131): GetLocalIp:[401] :GetLocalIp exec
05-27 14:29:36.543 D/nStackXCoAP( 4131): IsInSameNetwork:[276] :IsInSameNetwork exec
05-27 14:29:36.543 I/nStackXDFinder( 4131): GetLocalInterfaceDetail:[461] :GetLocalInterfaceDetail in
05-27 14:29:36.543 E/nStackXCoAP( 4131): IsInSameNetwork:[281] :IsInSameNetwork: not priority process
05-27 14:29:36.543 D/nStackXCoAP( 4131): ParseServiceDiscover:[330] :new device join
05-27 14:29:36.543 E/nStackXDFinder( 4131): GetLocalIp:[401] :GetLocalIp exec
05-27 14:29:36.643 D/nStackXCoAP( 4131): IsInSameNetwork:[276] :IsInSameNetwork exec
05-27 14:29:36.643 I/nStackXDFinder( 4131): GetLocalInterfaceDetail:[461] :GetLocalInterfaceDetail in
05-27 14:29:36.643 E/nStackXCoAP( 4131): IsInSameNetwork:[281] :IsInSameNetwork: not priority process
05-27 14:29:36.643 D/nStackXCoAP( 4131): ParseServiceDiscover:[330] :new device join
05-27 14:29:36.643 E/nStackXDFinder( 4131): GetLocalIp:[401] :GetLocalIp exec
05-27 14:29:36.751 D/nStackXCoAP( 4131): IsInSameNetwork:[276] :IsInSameNetwork exec
05-27 14:29:36.751 I/nStackXDFinder( 4131): GetLocalInterfaceDetail:[461] :GetLocalInterfaceDetail in
05-27 14:29:36.751 E/nStackXCoAP( 4131): IsInSameNetwork:[281] :IsInSameNetwork: not priority process
05-27 14:29:36.751 D/nStackXCoAP( 4131): ParseServiceDiscover:[330] :new device join
05-27 14:29:36.751 E/nStackXDFinder( 4131): GetLocalIp:[401] :GetLocalIp exec
05-27 14:29:36.775 D/nStackXCoAP( 4131): CoapMessageHandler:[133] :2.01
05-27 14:29:36.775 D/nStackXCoAP( 4131): CoapMessageHandler:[133] :2.01
05-27 14:29:36.776 D/nStackXCoAP( 4131): CoapMessageHandler:[133] :2.01
05-27 14:29:36.793 D/nStackXCoAP( 4131): CoapMessageHandler:[133] :2.01
05-27 14:29:37.024 D/UtilLog ( 2509): 日志批量上报 进行正常循环 !!!!!!本次有0次请求,共0条数据
05-27 14:29:37.069 D/nStackXCoAP( 4131): IsInSameNetwork:[276] :IsInSameNetwork exec
05-27 14:29:37.069 I/nStackXDFinder( 4131): GetLocalInterfaceDetail:[461] :GetLocalInterfaceDetail in
05-27 14:29:37.069 E/nStackXCoAP( 4131): IsInSameNetwork:[281] :IsInSameNetwork: not priority process
05-27 14:29:37.069 D/nStackXCoAP( 4131): ParseServiceDiscover:[330] :new device join
05-27 14:29:37.069 E/nStackXDFinder( 4131): GetLocalIp:[401] :GetLocalIp exec
05-27 14:29:37.118 D/nStackXCoAP( 4131): CoapMessageHandler:[133] :2.01
05-27 14:29:37.140 D/nStackXCoAP( 4131): IsInSameNetwork:[276] :IsInSameNetwork exec
05-27 14:29:37.140 I/nStackXDFinder( 4131): GetLocalInterfaceDetail:[461] :GetLocalInterfaceDetail in
05-27 14:29:37.140 E/nStackXCoAP( 4131): IsInSameNetwork:[281] :IsInSameNetwork: not priority process
05-27 14:29:37.140 D/nStackXCoAP( 4131): ParseServiceDiscover:[330] :new device join
05-27 14:29:37.140 E/nStackXDFinder( 4131): GetLocalIp:[401] :GetLocalIp exec
05-27 14:29:37.192 D/nStackXCoAP( 4131): CoapMessageHandler:[133] :2.01
05-27 14:29:37.346 D/nStackXCoAP( 4131): IsInSameNetwork:[276] :IsInSameNetwork exec
05-27 14:29:37.346 I/nStackXDFinder( 4131): GetLocalInterfaceDetail:[461] :GetLocalInterfaceDetail in
05-27 14:29:37.346 E/nStackXCoAP( 4131): IsInSameNetwork:[281] :IsInSameNetwork: not priority process
05-27 14:29:37.346 D/nStackXCoAP( 4131): ParseServiceDiscover:[330] :new device join
05-27 14:29:37.346 E/nStackXDFinder( 4131): GetLocalIp:[401] :GetLocalIp exec
05-27 14:29:37.372 D/nStackXCoAP( 4131): CoapMessageHandler:[133] :2.01
05-27 14:29:38.762 I/WifiHAL ( 519): call wifi_get_link_stats handler
05-27 14:29:38.762 I/WifiHAL ( 519): Creating message to get link statistics; iface = 19
05-27 14:29:38.762 D/WifiHAL ( 519): error code -95 mapped to -3
05-27 14:29:38.762 E/WifiStaIfaceAidlImpl( 704): getLinkLayerStats failed with service-specific exception: android.os.ServiceSpecificException: (code 4)
05-27 14:29:39.456 I/ResourceTimer( 704): GetResourceValue count=4012 pvalues=3000,30000,32000,54000
05-27 14:29:39.457 I/ResourceTimer( 704): RetrieveAttributes count=153 pvalues=5000,15000,20000,64000
05-27 14:29:41.767 I/WifiHAL ( 519): call wifi_get_link_stats handler
05-27 14:29:41.767 I/WifiHAL ( 519): Creating message to get link statistics; iface = 19
05-27 14:29:41.767 D/WifiHAL ( 519): error code -95 mapped to -3
05-27 14:29:41.767 E/WifiStaIfaceAidlImpl( 704): getLinkLayerStats failed with service-specific exception: android.os.ServiceSpecificException: (code 4)
05-27 14:29:41.800 D/uninstall( 3076): isAllowStart last_delay 0, current_time 1748327381
05-27 14:29:41.800 I/uninstall( 3076): enable_service com.ktcp.video/com.tencent.qqlivetv.keeplive.proc.DaemonService com.ktcp.video/(null)
05-27 14:29:41.801 D/uninstall( 3076): enable_service waitpid
05-27 14:29:41.801 D/uninstall( 4747): enable_service pid == 0
05-27 14:29:41.802 D/uninstall( 4747): enable_service version >= 17 || version == 0 version == 34
05-27 14:29:41.845 I/uninstall( 3076): watchdaemon process_name = com.ktcp.video:daemon has gone, start it
05-27 14:29:41.846 D/uninstall( 3076): watchdaemon waitpid
05-27 14:29:41.846 D/uninstall( 4751): watchdaemon pid == 0
05-27 14:29:41.846 D/uninstall( 4751): watchdaemon version >= 17 || version == 0 version == 34
05-27 14:29:44.772 I/WifiHAL ( 519): call wifi_get_link_stats handler
05-27 14:29:44.772 I/WifiHAL ( 519): Creating message to get link statistics; iface = 19
05-27 14:29:44.773 D/WifiHAL ( 519): error code -95 mapped to -3
05-27 14:29:44.773 E/WifiStaIfaceAidlImpl( 704): getLinkLayerStats failed with service-specific exception: android.os.ServiceSpecificException: (code 4)
05-27 14:29:47.025 D/UtilLog ( 2509): 日志批量上报 进行正常循环 !!!!!!本次有0次请求,共0条数据
05-27 14:29:47.628 I/audio_hw_hal_alsamgr( 499): alsa format =0x1 delay frames =768 total frames=14794240
05-27 14:29:47.778 I/WifiHAL ( 519): call wifi_get_link_stats handler
05-27 14:29:47.778 I/WifiHAL ( 519): Creating message to get link statistics; iface = 19
05-27 14:29:47.779 D/WifiHAL ( 519): error code -95 mapped to -3
05-27 14:29:47.779 E/WifiStaIfaceAidlImpl( 704): getLinkLayerStats failed with service-specific exception: android.os.ServiceSpecificException: (code 4)
05-27 14:29:50.783 I/WifiHAL ( 519): call wifi_get_link_stats handler
05-27 14:29:50.783 I/WifiHAL ( 519): Creating message to get link statistics; iface = 19
05-27 14:29:50.783 D/WifiHAL ( 519): error code -95 mapped to -3
05-27 14:29:50.783 E/WifiStaIfaceAidlImpl( 704): getLinkLayerStats failed with service-specific exception: android.os.ServiceSpecificException: (code 4)
05-27 14:29:50.893 D/OomAdjuster( 704): Not killing cached processes
05-27 14:29:50.897 D/bbb ( 1639): onStartCommand begin !!!!!!! data分区剩余 52597MB
05-27 14:29:51.926 D/uninstall( 3076): isAllowStart last_delay 0, current_time 1748327391
05-27 14:29:51.926 I/uninstall( 3076): enable_service com.ktcp.video/com.tencent.qqlivetv.keeplive.proc.DaemonService com.ktcp.video/(null)
05-27 14:29:51.928 D/uninstall( 3076): enable_service waitpid
05-27 14:29:51.928 D/uninstall( 4769): enable_service pid == 0
05-27 14:29:51.928 D/uninstall( 4769): enable_service version >= 17 || version == 0 version == 34
05-27 14:29:51.979 I/uninstall( 3076): watchdaemon process_name = com.ktcp.video:daemon has gone, start it
05-27 14:29:51.980 D/uninstall( 3076): watchdaemon waitpid
05-27 14:29:51.980 D/uninstall( 4773): watchdaemon pid == 0
05-27 14:29:51.980 D/uninstall( 4773): watchdaemon version >= 17 || version == 0 version == 34
05-27 14:29:53.703 V/HotPlugDetectionAction( 704): Poll all devices.
05-27 14:29:53.763 D/hdmicecd( 512): [CEC]:printCecMessage, [4 -> 0] len: 0, body:, result:success
05-27 14:29:53.788 D/nStackXCoAP( 4131): IsInSameNetwork:[276] :IsInSameNetwork exec
05-27 14:29:53.788 I/nStackXDFinder( 4131): GetLocalInterfaceDetail:[461] :GetLocalInterfaceDetail in
05-27 14:29:53.788 E/nStackXCoAP( 4131): IsInSameNetwork:[281] :IsInSameNetwork: not priority process
05-27 14:29:53.788 D/nStackXCoAP( 4131): ParseServiceDiscover:[330] :new device join
05-27 14:29:53.788 E/nStackXDFinder( 4131): GetLocalIp:[401] :GetLocalIp exec
05-27 14:29:53.789 I/WifiHAL ( 519): call wifi_get_link_stats handler
05-27 14:29:53.789 I/WifiHAL ( 519): Creating message to get link statistics; iface = 19
05-27 14:29:53.790 D/WifiHAL ( 519): error code -95 mapped to -3
05-27 14:29:53.790 E/WifiStaIfaceAidlImpl( 704): getLinkLayerStats failed with service-specific exception: android.os.ServiceSpecificException: (code 4)
05-27 14:29:53.803 D/nStackXCoAP( 4131): CoapMessageHandler:[133] :2.01
05-27 14:29:53.819 D/hdmicecd( 512): [CEC]:printCecMessage, [4 -> 1] len: 0, body:, result:no ack
05-27 14:29:53.875 D/hdmicecd( 512): [CEC]:printCecMessage, [4 -> 3] len: 0, body:, result:no ack
05-27 14:29:53.931 D/hdmicecd( 512): [CEC]:printCecMessage, [4 -> 5] len: 0, body:, result:no ack
05-27 14:29:53.991 D/hdmicecd( 512): [CEC]:printCecMessage, [4 -> 8] len: 0, body:, result:no ack
05-27 14:29:54.051 D/hdmicecd( 512): [CEC]:printCecMessage, [4 -> b] len: 0, body:, result:no ack
05-27 14:29:54.107 D/hdmicecd( 512): [CEC]:printCecMessage, [4 -> e] len: 0, body:, result:no ack
05-27 14:29:54.108 D/HdmiCecController( 704): [P]:AllocatedAddress=[0]
05-27 14:29:54.153 D/nStackXCoAP( 4131): IsInSameNetwork:[276] :IsInSameNetwork exec
05-27 14:29:54.153 I/nStackXDFinder( 4131): GetLocalInterfaceDetail:[461] :GetLocalInterfaceDetail in
05-27 14:29:54.153 E/nStackXCoAP( 4131): IsInSameNetwork:[281] :IsInSameNetwork: not priority process
05-27 14:29:54.153 D/nStackXCoAP( 4131): ParseServiceDiscover:[330] :new device join
05-27 14:29:54.153 E/nStackXDFinder( 4131): GetLocalIp:[401] :GetLocalIp exec
05-27 14:29:54.359 D/nStackXCoAP( 4131): IsInSameNetwork:[276] :IsInSameNetwork exec
05-27 14:29:54.359 I/nStackXDFinder( 4131): GetLocalInterfaceDetail:[461] :GetLocalInterfaceDetail in
05-27 14:29:54.359 E/nStackXCoAP( 4131): IsInSameNetwork:[281] :IsInSameNetwork: not priority process
05-27 14:29:54.359 D/nStackXCoAP( 4131): ParseServiceDiscover:[330] :new device join
05-27 14:29:54.359 E/nStackXDFinder( 4131): GetLocalIp:[401] :GetLocalIp exec
05-27 14:29:54.366 D/nStackXCoAP( 4131): CoapMessageHandler:[133] :2.01
05-27 14:29:54.401 D/nStackXCoAP( 4131): CoapMessageHandler:[133] :2.01
05-27 14:29:54.815 D/nStackXCoAP( 4131): IsInSameNetwork:[276] :IsInSameNetwork exec
05-27 14:29:54.815 I/nStackXDFinder( 4131): GetLocalInterfaceDetail:[461] :GetLocalInterfaceDetail in
05-27 14:29:54.815 E/nStackXCoAP( 4131): IsInSameNetwork:[281] :IsInSameNetwork: not priority process
05-27 14:29:54.815 D/nStackXCoAP( 4131): ParseServiceDiscover:[330] :new device join
05-27 14:29:54.815 E/nStackXDFinder( 4131): GetLocalIp:[401] :GetLocalIp exec
05-27 14:29:54.843 D/nStackXCoAP( 4131): CoapMessageHandler:[133] :2.01
05-27 14:29:55.286 D/nStackXCoAP( 4131): IsInSameNetwork:[276] :IsInSameNetwork exec
05-27 14:29:55.287 I/nStackXDFinder( 4131): GetLocalInterfaceDetail:[461] :GetLocalInterfaceDetail in
05-27 14:29:55.287 E/nStackXCoAP( 4131): IsInSameNetwork:[281] :IsInSameNetwork: not priority process
05-27 14:29:55.287 D/nStackXCoAP( 4131): ParseServiceDiscover:[330] :new device join
05-27 14:29:55.287 E/nStackXDFinder( 4131): GetLocalIp:[401] :GetLocalIp exec
05-27 14:29:55.300 D/nStackXCoAP( 4131): CoapMessageHandler:[133] :2.01
05-27 14:29:55.858 D/nStackXCoAP( 4131): IsInSameNetwork:[276] :IsInSameNetwork exec
05-27 14:29:55.858 I/nStackXDFinder( 4131): GetLocalInterfaceDetail:[461] :GetLocalInterfaceDetail in
05-27 14:29:55.858 E/nStackXCoAP( 4131): IsInSameNetwork:[281] :IsInSameNetwork: not priority process
05-27 14:29:55.858 D/nStackXCoAP( 4131): ParseServiceDiscover:[330] :new device join
05-27 14:29:55.858 E/nStackXDFinder( 4131): GetLocalIp:[401] :GetLocalIp exec
05-27 14:29:56.069 D/nStackXCoAP( 4131): CoapMessageHandler:[133] :2.01
05-27 14:29:56.360 D/nStackXCoAP( 4131): IsInSameNetwork:[276] :IsInSameNetwork exec
05-27 14:29:56.360 I/nStackXDFinder( 4131): GetLocalInterfaceDetail:[461] :GetLocalInterfaceDetail in
05-27 14:29:56.361 E/nStackXCoAP( 4131): IsInSameNetwork:[281] :IsInSameNetwork: not priority process
05-27 14:29:56.361 D/nStackXCoAP( 4131): ParseServiceDiscover:[330] :new device join
05-27 14:29:56.361 E/nStackXDFinder( 4131): GetLocalIp:[401] :GetLocalIp exec
05-27 14:29:56.439 D/nStackXCoAP( 4131): CoapMessageHandler:[133] :2.01
05-27 14:29:56.794 I/WifiHAL ( 519): call wifi_get_link_stats handler
05-27 14:29:56.794 I/WifiHAL ( 519): Creating message to get link statistics; iface = 19
05-27 14:29:56.795 D/WifiHAL ( 519): error code -95 mapped to -3
05-27 14:29:56.795 E/WifiStaIfaceAidlImpl( 704): getLinkLayerStats failed with service-specific exception: android.os.ServiceSpecificException: (code 4)
05-27 14:29:56.845 D/nStackXCoAP( 4131): IsInSameNetwork:[276] :IsInSameNetwork exec
05-27 14:29:56.845 I/nStackXDFinder( 4131): GetLocalInterfaceDetail:[461] :GetLocalInterfaceDetail in
05-27 14:29:56.845 E/nStackXCoAP( 4131): IsInSameNetwork:[281] :IsInSameNetwork: not priority process
05-27 14:29:56.845 D/nStackXCoAP( 4131): ParseServiceDiscover:[330] :new device join
05-27 14:29:56.845 E/nStackXDFinder( 4131): GetLocalIp:[401] :GetLocalIp exec
05-27 14:29:56.913 D/nStackXCoAP( 4131): CoapMessageHandler:[133] :2.01
05-27 14:29:57.025 D/UtilLog ( 2509): 日志批量上报 进行正常循环 !!!!!!本次有0次请求,共0条数据
05-27 14:29:57.301 D/nStackXCoAP( 4131): IsInSameNetwork:[276] :IsInSameNetwork exec
05-27 14:29:57.301 I/nStackXDFinder( 4131): GetLocalInterfaceDetail:[461] :GetLocalInterfaceDetail in
05-27 14:29:57.301 E/nStackXCoAP( 4131): IsInSameNetwork:[281] :IsInSameNetwork: not priority process
05-27 14:29:57.301 D/nStackXCoAP( 4131): ParseServiceDiscover:[330] :new device join
05-27 14:29:57.301 E/nStackXDFinder( 4131): GetLocalIp:[401] :GetLocalIp exec
05-27 14:29:57.342 D/nStackXCoAP( 4131): CoapMessageHandler:[133] :2.01
05-27 14:29:57.650 I/cling--ap-10( 4019): type=1400 audit(0.0:2213): avc: denied { search } for name="net" dev="sysfs" ino=12344 scontext=u:r:untrusted_app_27:s0:c43,c256,c512,c768 tcontext=u:object_r:sysfs_net:s0 tclass=dir permissive=1 app=com.dangbei.screencast
05-27 14:29:57.650 I/cling--ap-10( 4019): type=1400 audit(0.0:2214): avc: denied { read } for name="address" dev="sysfs" ino=22126 scontext=u:r:untrusted_app_27:s0:c43,c256,c512,c768 tcontext=u:object_r:sysfs_net:s0 tclass=file permissive=1 app=com.dangbei.screencast
05-27 14:29:57.650 I/cling--ap-10( 4019): type=1400 audit(0.0:2215): avc: denied { open } for path="/sys/devices/virtual/net/dummy0/address" dev="sysfs" ino=22126 scontext=u:r:untrusted_app_27:s0:c43,c256,c512,c768 tcontext=u:object_r:sysfs_net:s0 tclass=file permissive=1 app=com.dangbei.screencast
05-27 14:29:57.650 I/cling--ap-10( 4019): type=1400 audit(0.0:2216): avc: denied { getattr } for path="/sys/devices/virtual/net/dummy0/address" dev="sysfs" ino=22126 scontext=u:r:untrusted_app_27:s0:c43,c256,c512,c768 tcontext=u:object_r:sysfs_net:s0 tclass=file permissive=1 app=com.dangbei.screencast
05-27 14:29:58.331 D/nStackXCoAP( 4131): IsInSameNetwork:[276] :IsInSameNetwork exec
05-27 14:29:58.331 I/nStackXDFinder( 4131): GetLocalInterfaceDetail:[461] :GetLocalInterfaceDetail in
05-27 14:29:58.331 E/nStackXCoAP( 4131): IsInSameNetwork:[281] :IsInSameNetwork: not priority process
05-27 14:29:58.331 D/nStackXCoAP( 4131): ParseServiceDiscover:[330] :new device join
05-27 14:29:58.331 E/nStackXDFinder( 4131): GetLocalIp:[401] :GetLocalIp exec
05-27 14:29:58.346 D/nStackXCoAP( 4131): CoapMessageHandler:[133] :2.01
05-27 14:29:59.798 I/WifiHAL ( 519): call wifi_get_link_stats handler
05-27 14:29:59.798 I/WifiHAL ( 519): Creating message to get link statistics; iface = 19
05-27 14:29:59.799 D/WifiHAL ( 519): error code -95 mapped to -3
05-27 14:29:59.799 E/WifiStaIfaceAidlImpl( 704): getLinkLayerStats failed with service-specific exception: android.os.ServiceSpecificException: (code 4)
05-27 14:30:01.954 D/hdmicecd( 512): [CEC]:printCecMsgBuf, msg: 04 8f
05-27 14:30:01.955 D/HDMI ( 704): [R]: 04:8F
05-27 14:30:01.956 D/HDMI ( 704): [S]: 40:90:00
05-27 14:30:02.057 D/uninstall( 3076): isAllowStart last_delay 0, current_time 1748327402
05-27 14:30:02.057 I/uninstall( 3076): enable_service com.ktcp.video/com.tencent.qqlivetv.keeplive.proc.DaemonService com.ktcp.video/(null)
05-27 14:30:02.058 D/uninstall( 3076): enable_service waitpid
05-27 14:30:02.058 D/uninstall( 4792): enable_service pid == 0
05-27 14:30:02.059 D/uninstall( 4792): enable_service version >= 17 || version == 0 version == 34
05-27 14:30:02.064 D/hdmicecd( 512): [CEC]:printCecMessage, [4 -> 0] len: 2, body: 90 00, result:success
05-27 14:30:02.064 E/IPCThreadState( 512): binder thread pool (1 threads) starved for 108 ms
05-27 14:30:02.110 I/uninstall( 3076): watchdaemon process_name = com.ktcp.video:daemon has gone, start it
05-27 14:30:02.112 D/uninstall( 3076): watchdaemon waitpid
05-27 14:30:02.112 D/uninstall( 4796): watchdaemon pid == 0
05-27 14:30:02.112 D/uninstall( 4796): watchdaemon version >= 17 || version == 0 version == 34
05-27 14:30:02.802 I/WifiHAL ( 519): call wifi_get_link_stats handler
05-27 14:30:02.802 I/WifiHAL ( 519): Creating message to get link statistics; iface = 19
05-27 14:30:02.803 D/WifiHAL ( 519): error code -95 mapped to -3
05-27 14:30:02.803 E/WifiStaIfaceAidlImpl( 704): getLinkLayerStats failed with service-specific exception: android.os.ServiceSpecificException: (code 4)
05-27 14:30:04.956 D/OomAdjuster( 704): Not killing cached processes
05-27 14:30:05.810 I/WifiHAL ( 519): call wifi_get_link_stats handler
05-27 14:30:05.810 I/WifiHAL ( 519): Creating message to get link statistics; iface = 19
05-27 14:30:05.810 D/WifiHAL ( 519): error code -95 mapped to -3
05-27 14:30:05.811 E/WifiStaIfaceAidlImpl( 704): getLinkLayerStats failed with service-specific exception: android.os.ServiceSpecificException: (code 4)
05-27 14:30:05.826 D/nStackXCoAP( 4131): IsInSameNetwork:[276] :IsInSameNetwork exec
05-27 14:30:05.826 I/nStackXDFinder( 4131): GetLocalInterfaceDetail:[461] :GetLocalInterfaceDetail in
05-27 14:30:05.826 E/nStackXCoAP( 4131): IsInSameNetwork:[281] :IsInSameNetwork: not priority process
05-27 14:30:05.826 D/nStackXCoAP( 4131): ParseServiceDiscover:[330] :new device join
05-27 14:30:05.827 I/nStackXDFinder( 4131): NotifyDeviceListChanged:[540] :notify callback: device list changed callback is null
05-27 14:30:05.827 E/nStackXDFinder( 4131): GetLocalIp:[401] :GetLocalIp exec
05-27 14:30:06.004 D/nStackXCoAP( 4131): CoapMessageHandler:[133] :2.01
05-27 14:30:06.090 D/nStackXCoAP( 4131): IsInSameNetwork:[276] :IsInSameNetwork exec
05-27 14:30:06.090 I/nStackXDFinder( 4131): GetLocalInterfaceDetail:[461] :GetLocalInterfaceDetail in
05-27 14:30:06.090 E/nStackXCoAP( 4131): IsInSameNetwork:[281] :IsInSameNetwork: not priority process
05-27 14:30:06.090 D/nStackXCoAP( 4131): ParseServiceDiscover:[330] :new device join
05-27 14:30:06.090 E/nStackXDFinder( 4131): GetLocalIp:[401] :GetLocalIp exec
05-27 14:30:06.099 D/nStackXCoAP( 4131): CoapMessageHandler:[133] :2.01
05-27 14:30:07.024 D/UtilLog ( 2509): 日志批量上报 进行正常循环 !!!!!!本次有0次请求,共0条数据
05-27 14:30:07.415 D/nStackXCoAP( 4131): IsInSameNetwork:[276] :IsInSameNetwork exec
05-27 14:30:07.415 I/nStackXDFinder( 4131): GetLocalInterfaceDetail:[461] :GetLocalInterfaceDetail in
05-27 14:30:07.415 E/nStackXCoAP( 4131): IsInSameNetwork:[281] :IsInSameNetwork: not priority process
05-27 14:30:07.415 D/nStackXCoAP( 4131): ParseServiceDiscover:[330] :new device join
05-27 14:30:07.415 E/nStackXDFinder( 4131): GetLocalIp:[401] :GetLocalIp exec
05-27 14:30:07.529 D/nStackXCoAP( 4131): CoapMessageHandler:[133] :2.01
05-27 14:30:07.834 D/nStackXCoAP( 4131): IsInSameNetwork:[276] :IsInSameNetwork exec
05-27 14:30:07.834 I/nStackXDFinder( 4131): GetLocalInterfaceDetail:[461] :GetLocalInterfaceDetail in
05-27 14:30:07.834 E/nStackXCoAP( 4131): IsInSameNetwork:[281] :IsInSameNetwork: not priority process
05-27 14:30:07.834 D/nStackXCoAP( 4131): ParseServiceDiscover:[330] :new device join
05-27 14:30:07.834 E/nStackXDFinder( 4131): GetLocalIp:[401] :GetLocalIp exec
05-27 14:30:07.850 D/nStackXCoAP( 4131): CoapMessageHandler:[133] :2.01
05-27 14:30:08.461 I/audio_hw_hal_alsamgr( 499): alsa format =0x9000000 delay frames =1536 total frames=15360000
05-27 14:30:08.527 D/nStackXCoAP( 4131): IsInSameNetwork:[276] :IsInSameNetwork exec
05-27 14:30:08.528 I/nStackXDFinder( 4131): GetLocalInterfaceDetail:[461] :GetLocalInterfaceDetail in
05-27 14:30:08.528 E/nStackXCoAP( 4131): IsInSameNetwork:[281] :IsInSameNetwork: not priority process
05-27 14:30:08.528 D/nStackXCoAP( 4131): ParseServiceDiscover:[330] :new device join
05-27 14:30:08.528 E/nStackXDFinder( 4131): GetLocalIp:[401] :GetLocalIp exec
05-27 14:30:08.790 D/nStackXCoAP( 4131): CoapMessageHandler:[133] :2.01
05-27 14:30:08.809 D/nStackXCoAP( 4131): IsInSameNetwork:[276] :IsInSameNetwork exec
05-27 14:30:08.809 I/nStackXDFinder( 4131): GetLocalInterfaceDetail:[461] :GetLocalInterfaceDetail in
05-27 14:30:08.809 E/nStackXCoAP( 4131): IsInSameNetwork:[281] :IsInSameNetwork: not priority process
05-27 14:30:08.809 D/nStackXCoAP( 4131): ParseServiceDiscover:[330] :new device join
05-27 14:30:08.809 E/nStackXDFinder( 4131): GetLocalIp:[401] :GetLocalIp exec
05-27 14:30:08.818 I/WifiHAL ( 519): call wifi_get_link_stats handler
05-27 14:30:08.818 I/WifiHAL ( 519): Creating message to get link statistics; iface = 19
05-27 14:30:08.818 D/WifiHAL ( 519): error code -95 mapped to -3
05-27 14:30:08.819 D/nStackXCoAP( 4131): CoapMessageHandler:[133] :2.01
05-27 14:30:08.819 E/WifiStaIfaceAidlImpl( 704): getLinkLayerStats failed with service-specific exception: android.os.ServiceSpecificException: (code 4)
05-27 14:30:09.786 D/nStackXCoAP( 4131): IsInSameNetwork:[276] :IsInSameNetwork exec
05-27 14:30:09.786 I/nStackXDFinder( 4131): GetLocalInterfaceDetail:[461] :GetLocalInterfaceDetail in
05-27 14:30:09.786 E/nStackXCoAP( 4131): IsInSameNetwork:[281] :IsInSameNetwork: not priority process
05-27 14:30:09.786 D/nStackXCoAP( 4131): ParseServiceDiscover:[330] :new device join
05-27 14:30:09.786 E/nStackXDFinder( 4131): GetLocalIp:[401] :GetLocalIp exec
05-27 14:30:09.854 D/nStackXCoAP( 4131): IsInSameNetwork:[276] :IsInSameNetwork exec
05-27 14:30:09.854 I/nStackXDFinder( 4131): GetLocalInterfaceDetail:[461] :GetLocalInterfaceDetail in
05-27 14:30:09.854 E/nStackXCoAP( 4131): IsInSameNetwork:[281] :IsInSameNetwork: not priority process
05-27 14:30:09.854 D/nStackXCoAP( 4131): ParseServiceDiscover:[330] :new device join
05-27 14:30:09.854 E/nStackXDFinder( 4131): GetLocalIp:[401] :GetLocalIp exec
05-27 14:30:09.866 D/nStackXCoAP( 4131): CoapMessageHandler:[133] :2.01
05-27 14:30:09.967 D/nStackXCoAP( 4131): CoapMessageHandler:[133] :2.01
05-27 14:30:10.462 D/nStackXCoAP( 4131): IsInSameNetwork:[276] :IsInSameNetwork exec
05-27 14:30:10.462 I/nStackXDFinder( 4131): GetLocalInterfaceDetail:[461] :GetLocalInterfaceDetail in
05-27 14:30:10.462 E/nStackXCoAP( 4131): IsInSameNetwork:[281] :IsInSameNetwork: not priority process
05-27 14:30:10.462 D/nStackXCoAP( 4131): ParseServiceDiscover:[330] :new device join
05-27 14:30:10.462 E/nStackXDFinder( 4131): GetLocalIp:[401] :GetLocalIp exec
05-27 14:30:10.508 D/nStackXCoAP( 4131): CoapMessageHandler:[133] :2.01
05-27 14:30:11.822 I/WifiHAL ( 519): call wifi_get_link_stats handler
05-27 14:30:11.822 I/WifiHAL ( 519): Creating message to get link statistics; iface = 19
05-27 14:30:11.823 D/WifiHAL ( 519): error code -95 mapped to -3
05-27 14:30:11.823 E/WifiStaIfaceAidlImpl( 704): getLinkLayerStats failed with service-specific exception: android.os.ServiceSpecificException: (code 4)
05-27 14:30:12.181 D/uninstall( 3076): isAllowStart last_delay 0, current_time 1748327412
05-27 14:30:12.182 I/uninstall( 3076): enable_service com.ktcp.video/com.tencent.qqlivetv.keeplive.proc.DaemonService com.ktcp.video/(null)
05-27 14:30:12.183 D/uninstall( 3076): enable_service waitpid
05-27 14:30:12.183 D/uninstall( 4813): enable_service pid == 0
05-27 14:30:12.183 D/uninstall( 4813): enable_service version >= 17 || version == 0 version == 34
05-27 14:30:12.226 I/uninstall( 3076): watchdaemon process_name = com.ktcp.video:daemon has gone, start it
05-27 14:30:12.227 D/uninstall( 3076): watchdaemon waitpid
05-27 14:30:12.227 D/uninstall( 4817): watchdaemon pid == 0
05-27 14:30:12.227 D/uninstall( 4817): watchdaemon version >= 17 || version == 0 version == 34
05-27 14:30:14.828 I/WifiHAL ( 519): call wifi_get_link_stats handler
05-27 14:30:14.828 I/WifiHAL ( 519): Creating message to get link statistics; iface = 19
05-27 14:30:14.828 D/WifiHAL ( 519): error code -95 mapped to -3
05-27 14:30:14.829 E/WifiStaIfaceAidlImpl( 704): getLinkLayerStats failed with service-specific exception: android.os.ServiceSpecificException: (code 4)
05-27 14:30:17.025 D/UtilLog ( 2509): 日志批量上报 进行正常循环 !!!!!!本次有0次请求,共0条数据
05-27 14:30:17.835 I/WifiHAL ( 519): call wifi_get_link_stats handler
05-27 14:30:17.835 I/WifiHAL ( 519): Creating message to get link statistics; iface = 19
05-27 14:30:17.835 D/WifiHAL ( 519): error code -95 mapped to -3
05-27 14:30:17.836 E/WifiStaIfaceAidlImpl( 704): getLinkLayerStats failed with service-specific exception: android.os.ServiceSpecificException: (code 4)
05-27 14:30:18.822 I/xm_hidread( 1928): type=1400 audit(0.0:2217): avc: denied { read } for scontext=u:r:init:s0 tcontext=u:r:init:s0 tclass=netlink_kobject_uevent_socket permissive=1
05-27 14:30:19.628 I/audio_hw_hal_alsamgr( 499): alsa format =0x1 delay frames =768 total frames=16330240
05-27 14:30:20.666 I/binder:478_3( 478): type=1400 audit(0.0:2218): avc: denied { add_name } for name="globalAlert" scontext=u:r:netd:s0 tcontext=u:object_r:proc_net:s0 tclass=dir permissive=1
05-27 14:30:20.842 I/WifiHAL ( 519): call wifi_get_link_stats handler
05-27 14:30:20.842 I/WifiHAL ( 519): Creating message to get link statistics; iface = 19
05-27 14:30:20.842 D/WifiHAL ( 519): error code -95 mapped to -3
05-27 14:30:20.843 E/WifiStaIfaceAidlImpl( 704): getLinkLayerStats failed with service-specific exception: android.os.ServiceSpecificException: (code 4)
