05-27 14:30:20.853 D/InstantWifi( 704): Receive Wifi is connected, freq = 5745 and currentNetworkId : 0, wifiinfo = SSID: , BSSID: 02:00:00:00:00:00, MAC: 02:00:00:00:00:00, IP: /192.168.3.33, Security type: 2, Supplicant state: COMPLETED, Wi-Fi standard: 6, RSSI: -55, Link speed: 1200Mbps, Tx Link speed: 1200Mbps, Max Supported Tx Link speed: 1200Mbps, Rx Link speed: 6Mbps, Max Supported Rx Link speed: 1200Mbps, Frequency: 5745MHz, Net ID: -1, Metered hint: false, score: 60, isUsable: true, CarrierMerged: false, SubscriptionId: -1, IsPrimary: 1, Trusted: true, Restricted: false, Ephemeral: false, OEM paid: false, OEM private: false, OSU AP: false, FQDN: , Provider friendly name: , Requesting package name: MLO Information: , Is TID-To-Link negotiation supported by the AP: false, AP MLD Address: , AP MLO Link Id: , AP MLO Affiliated links:
05-27 14:30:22.313 D/uninstall( 3076): isAllowStart last_delay 0, current_time 1748327422
05-27 14:30:22.313 I/uninstall( 3076): enable_service com.ktcp.video/com.tencent.qqlivetv.keeplive.proc.DaemonService com.ktcp.video/(null)
05-27 14:30:22.315 D/uninstall( 3076): enable_service waitpid
05-27 14:30:22.315 D/uninstall( 4834): enable_service pid == 0
05-27 14:30:22.315 D/uninstall( 4834): enable_service version >= 17 || version == 0 version == 34
05-27 14:30:22.360 I/uninstall( 3076): watchdaemon process_name = com.ktcp.video:daemon has gone, start it
05-27 14:30:22.361 D/uninstall( 3076): watchdaemon waitpid
05-27 14:30:22.361 D/uninstall( 4838): watchdaemon pid == 0
05-27 14:30:22.361 D/uninstall( 4838): watchdaemon version >= 17 || version == 0 version == 34
05-27 14:30:23.850 I/WifiHAL ( 519): call wifi_get_link_stats handler
05-27 14:30:23.850 I/WifiHAL ( 519): Creating message to get link statistics; iface = 19
05-27 14:30:23.851 D/WifiHAL ( 519): error code -95 mapped to -3
05-27 14:30:23.851 E/WifiStaIfaceAidlImpl( 704): getLinkLayerStats failed with service-specific exception: android.os.ServiceSpecificException: (code 4)
05-27 14:30:24.694 I/rainbow_flow( 2928): type=1400 audit(0.0:2219): avc: denied { ioctl } for path="/dev/spidev1.0" dev="tmpfs" ino=531 ioctlcmd=0x6b00 scontext=u:r:init:s0 tcontext=u:object_r:device:s0 tclass=chr_file permissive=1
05-27 14:30:24.701 D/TrafficStats( 1519): tagSocket(107) with statsTag=0xffffffff, statsUid=-1
05-27 14:30:26.854 I/WifiHAL ( 519): call wifi_get_link_stats handler
05-27 14:30:26.855 I/WifiHAL ( 519): Creating message to get link statistics; iface = 19
05-27 14:30:26.855 D/WifiHAL ( 519): error code -95 mapped to -3
05-27 14:30:26.856 E/WifiStaIfaceAidlImpl( 704): getLinkLayerStats failed with service-specific exception: android.os.ServiceSpecificException: (code 4)
05-27 14:30:27.025 D/UtilLog ( 2509): 日志批量上报 进行正常循环 !!!!!!本次有0次请求,共0条数据
05-27 14:30:28.659 I/TDLog ( 2509): [APP] New data found, Submitting...
05-27 14:30:28.724 D/TrafficStats( 2509): tagSocket(94) with statsTag=0xffffffff, statsUid=-1
05-27 14:30:28.731 I/TDLog ( 2509): [APP] Failed to submit data!
05-27 14:30:29.862 I/WifiHAL ( 519): call wifi_get_link_stats handler
05-27 14:30:29.862 I/WifiHAL ( 519): Creating message to get link statistics; iface = 19
05-27 14:30:29.862 D/WifiHAL ( 519): error code -95 mapped to -3
05-27 14:30:29.862 E/WifiStaIfaceAidlImpl( 704): getLinkLayerStats failed with service-specific exception: android.os.ServiceSpecificException: (code 4)
05-27 14:30:29.872 D/InstantWifi( 704): Receive Wifi is connected, freq = 5745 and currentNetworkId : 0, wifiinfo = SSID: , BSSID: 02:00:00:00:00:00, MAC: 02:00:00:00:00:00, IP: /192.168.3.33, Security type: 2, Supplicant state: COMPLETED, Wi-Fi standard: 6, RSSI: -59, Link speed: 1200Mbps, Tx Link speed: 1200Mbps, Max Supported Tx Link speed: 1200Mbps, Rx Link speed: 6Mbps, Max Supported Rx Link speed: 1200Mbps, Frequency: 5745MHz, Net ID: -1, Metered hint: false, score: 60, isUsable: true, CarrierMerged: false, SubscriptionId: -1, IsPrimary: 1, Trusted: true, Restricted: false, Ephemeral: false, OEM paid: false, OEM private: false, OSU AP: false, FQDN: , Provider friendly name: , Requesting package name: MLO Information: , Is TID-To-Link negotiation supported by the AP: false, AP MLD Address: , AP MLO Link Id: , AP MLO Affiliated links:
05-27 14:30:32.408 D/uninstall( 3076): isAllowStart last_delay 0, current_time 1748327432
05-27 14:30:32.408 I/uninstall( 3076): enable_service com.ktcp.video/com.tencent.qqlivetv.keeplive.proc.DaemonService com.ktcp.video/(null)
05-27 14:30:32.409 D/uninstall( 3076): enable_service waitpid
05-27 14:30:32.410 D/uninstall( 4862): enable_service pid == 0
05-27 14:30:32.410 D/uninstall( 4862): enable_service version >= 17 || version == 0 version == 34
05-27 14:30:32.456 I/uninstall( 3076): watchdaemon process_name = com.ktcp.video:daemon has gone, start it
05-27 14:30:32.457 D/uninstall( 3076): watchdaemon waitpid
05-27 14:30:32.457 D/uninstall( 4866): watchdaemon pid == 0
05-27 14:30:32.457 D/uninstall( 4866): watchdaemon version >= 17 || version == 0 version == 34
05-27 14:30:32.870 I/WifiHAL ( 519): call wifi_get_link_stats handler
05-27 14:30:32.870 I/WifiHAL ( 519): Creating message to get link statistics; iface = 19
05-27 14:30:32.871 D/WifiHAL ( 519): error code -95 mapped to -3
05-27 14:30:32.871 E/WifiStaIfaceAidlImpl( 704): getLinkLayerStats failed with service-specific exception: android.os.ServiceSpecificException: (code 4)
05-27 14:30:34.181 I/com.ktcp.video( 2561): Background concurrent copying GC freed 172753(6157KB) AllocSpace objects, 0(0B) LOS objects, 49% free, 6077KB/11MB, paused 136us,105us total 140.764ms
05-27 14:30:35.053 D/OomAdjuster( 704): Not killing cached processes
05-27 14:30:35.878 I/WifiHAL ( 519): call wifi_get_link_stats handler
05-27 14:30:35.878 I/WifiHAL ( 519): Creating message to get link statistics; iface = 19
05-27 14:30:35.878 D/WifiHAL ( 519): error code -95 mapped to -3
05-27 14:30:35.879 E/WifiStaIfaceAidlImpl( 704): getLinkLayerStats failed with service-specific exception: android.os.ServiceSpecificException: (code 4)
05-27 14:30:35.890 D/InstantWifi( 704): Receive Wifi is connected, freq = 5745 and currentNetworkId : 0, wifiinfo = SSID: , BSSID: 02:00:00:00:00:00, MAC: 02:00:00:00:00:00, IP: /192.168.3.33, Security type: 2, Supplicant state: COMPLETED, Wi-Fi standard: 6, RSSI: -55, Link speed: 1200Mbps, Tx Link speed: 1200Mbps, Max Supported Tx Link speed: 1200Mbps, Rx Link speed: 6Mbps, Max Supported Rx Link speed: 1200Mbps, Frequency: 5745MHz, Net ID: -1, Metered hint: false, score: 60, isUsable: true, CarrierMerged: false, SubscriptionId: -1, IsPrimary: 1, Trusted: true, Restricted: false, Ephemeral: false, OEM paid: false, OEM private: false, OSU AP: false, FQDN: , Provider friendly name: , Requesting package name: MLO Information: , Is TID-To-Link negotiation supported by the AP: false, AP MLD Address: , AP MLO Link Id: , AP MLO Affiliated links:
05-27 14:30:37.024 D/UtilLog ( 2509): 日志批量上报 进行正常循环 !!!!!!本次有0次请求,共0条数据
05-27 14:30:38.887 I/WifiHAL ( 519): call wifi_get_link_stats handler
05-27 14:30:38.887 I/WifiHAL ( 519): Creating message to get link statistics; iface = 19
05-27 14:30:38.887 D/WifiHAL ( 519): error code -95 mapped to -3
05-27 14:30:38.887 E/WifiStaIfaceAidlImpl( 704): getLinkLayerStats failed with service-specific exception: android.os.ServiceSpecificException: (code 4)
05-27 14:30:40.459 I/audio_hw_hal_alsamgr( 499): alsa format =0x9000000 delay frames =1664 total frames=16896000
05-27 14:30:41.894 I/WifiHAL ( 519): call wifi_get_link_stats handler
05-27 14:30:41.894 I/WifiHAL ( 519): Creating message to get link statistics; iface = 19
05-27 14:30:41.894 D/WifiHAL ( 519): error code -95 mapped to -3
05-27 14:30:41.895 E/WifiStaIfaceAidlImpl( 704): getLinkLayerStats failed with service-specific exception: android.os.ServiceSpecificException: (code 4)
05-27 14:30:41.905 D/InstantWifi( 704): Receive Wifi is connected, freq = 5745 and currentNetworkId : 0, wifiinfo = SSID: , BSSID: 02:00:00:00:00:00, MAC: 02:00:00:00:00:00, IP: /192.168.3.33, Security type: 2, Supplicant state: COMPLETED, Wi-Fi standard: 6, RSSI: -57, Link speed: 1200Mbps, Tx Link speed: 1200Mbps, Max Supported Tx Link speed: 1200Mbps, Rx Link speed: 6Mbps, Max Supported Rx Link speed: 1200Mbps, Frequency: 5745MHz, Net ID: -1, Metered hint: false, score: 60, isUsable: true, CarrierMerged: false, SubscriptionId: -1, IsPrimary: 1, Trusted: true, Restricted: false, Ephemeral: false, OEM paid: false, OEM private: false, OSU AP: false, FQDN: , Provider friendly name: , Requesting package name: MLO Information: , Is TID-To-Link negotiation supported by the AP: false, AP MLD Address: , AP MLO Link Id: , AP MLO Affiliated links:
05-27 14:30:42.551 D/uninstall( 3076): isAllowStart last_delay 0, current_time 1748327442
05-27 14:30:42.552 I/uninstall( 3076): enable_service com.ktcp.video/com.tencent.qqlivetv.keeplive.proc.DaemonService com.ktcp.video/(null)
05-27 14:30:42.553 D/uninstall( 3076): enable_service waitpid
05-27 14:30:42.553 D/uninstall( 4884): enable_service pid == 0
05-27 14:30:42.553 D/uninstall( 4884): enable_service version >= 17 || version == 0 version == 34
05-27 14:30:42.600 I/uninstall( 3076): watchdaemon process_name = com.ktcp.video:daemon has gone, start it
05-27 14:30:42.601 D/uninstall( 3076): watchdaemon waitpid
05-27 14:30:42.601 D/uninstall( 4888): watchdaemon pid == 0
05-27 14:30:42.601 D/uninstall( 4888): watchdaemon version >= 17 || version == 0 version == 34
05-27 14:30:44.903 I/WifiHAL ( 519): call wifi_get_link_stats handler
05-27 14:30:44.903 I/WifiHAL ( 519): Creating message to get link statistics; iface = 19
05-27 14:30:44.903 D/WifiHAL ( 519): error code -95 mapped to -3
05-27 14:30:44.904 E/WifiStaIfaceAidlImpl( 704): getLinkLayerStats failed with service-specific exception: android.os.ServiceSpecificException: (code 4)
05-27 14:30:47.025 D/UtilLog ( 2509): 日志批量上报 进行正常循环 !!!!!!本次有0次请求,共0条数据
05-27 14:30:47.910 I/WifiHAL ( 519): call wifi_get_link_stats handler
05-27 14:30:47.910 I/WifiHAL ( 519): Creating message to get link statistics; iface = 19
05-27 14:30:47.910 D/WifiHAL ( 519): error code -95 mapped to -3
05-27 14:30:47.911 E/WifiStaIfaceAidlImpl( 704): getLinkLayerStats failed with service-specific exception: android.os.ServiceSpecificException: (code 4)
05-27 14:30:50.898 D/OomAdjuster( 704): Not killing cached processes
05-27 14:30:50.901 D/bbb ( 1639): onStartCommand begin !!!!!!! data分区剩余 52596MB
05-27 14:30:50.914 I/WifiHAL ( 519): call wifi_get_link_stats handler
05-27 14:30:50.914 I/WifiHAL ( 519): Creating message to get link statistics; iface = 19
05-27 14:30:50.915 D/WifiHAL ( 519): error code -95 mapped to -3
05-27 14:30:50.915 E/WifiStaIfaceAidlImpl( 704): getLinkLayerStats failed with service-specific exception: android.os.ServiceSpecificException: (code 4)
05-27 14:30:51.629 I/audio_hw_hal_alsamgr( 499): alsa format =0x1 delay frames =768 total frames=17866240
05-27 14:30:52.692 D/uninstall( 3076): isAllowStart last_delay 0, current_time 1748327452
05-27 14:30:52.692 I/uninstall( 3076): enable_service com.ktcp.video/com.tencent.qqlivetv.keeplive.proc.DaemonService com.ktcp.video/(null)
05-27 14:30:52.693 D/uninstall( 3076): enable_service waitpid
05-27 14:30:52.693 D/uninstall( 4906): enable_service pid == 0
05-27 14:30:52.693 D/uninstall( 4906): enable_service version >= 17 || version == 0 version == 34
05-27 14:30:52.737 I/uninstall( 3076): watchdaemon process_name = com.ktcp.video:daemon has gone, start it
05-27 14:30:52.738 D/uninstall( 3076): watchdaemon waitpid
05-27 14:30:52.738 D/uninstall( 4910): watchdaemon pid == 0
05-27 14:30:52.738 D/uninstall( 4910): watchdaemon version >= 17 || version == 0 version == 34
05-27 14:30:53.706 V/HotPlugDetectionAction( 704): Poll all devices.
05-27 14:30:53.767 D/hdmicecd( 512): [CEC]:printCecMessage, [4 -> 0] len: 0, body:, result:success
05-27 14:30:53.823 D/hdmicecd( 512): [CEC]:printCecMessage, [4 -> 1] len: 0, body:, result:no ack
05-27 14:30:53.879 D/hdmicecd( 512): [CEC]:printCecMessage, [4 -> 3] len: 0, body:, result:no ack
05-27 14:30:53.918 I/WifiHAL ( 519): call wifi_get_link_stats handler
05-27 14:30:53.918 I/WifiHAL ( 519): Creating message to get link statistics; iface = 19
05-27 14:30:53.918 D/WifiHAL ( 519): error code -95 mapped to -3
05-27 14:30:53.919 E/WifiStaIfaceAidlImpl( 704): getLinkLayerStats failed with service-specific exception: android.os.ServiceSpecificException: (code 4)
05-27 14:30:53.935 D/hdmicecd( 512): [CEC]:printCecMessage, [4 -> 5] len: 0, body:, result:no ack
05-27 14:30:53.991 D/hdmicecd( 512): [CEC]:printCecMessage, [4 -> 8] len: 0, body:, result:no ack
05-27 14:30:54.051 D/hdmicecd( 512): [CEC]:printCecMessage, [4 -> b] len: 0, body:, result:no ack
05-27 14:30:54.107 D/hdmicecd( 512): [CEC]:printCecMessage, [4 -> e] len: 0, body:, result:no ack
05-27 14:30:54.108 D/HdmiCecController( 704): [P]:AllocatedAddress=[0]
05-27 14:30:54.804 E/ccc ( 1474): cccccc sendCycleCheckBroadcast
05-27 14:30:54.804 W/ContextImpl( 1474): Calling a method in the system process without a qualified user: android.app.ContextImpl.sendBroadcast:1220 android.content.ContextWrapper.sendBroadcast:504 com.dangbei.etna.setting.core.SettingHelper.sendCycleToProjector:246 com.dangbei.etna.setting.core.SettingHelper.sendCycleCheckBroadcast:215 com.dangbei.etna.setting.core.SettingHelper.startLoop$lambda-0:174
05-27 14:30:54.806 W/ContextImpl( 1474): Calling a method in the system process without a qualified user: android.app.ContextImpl.sendBroadcast:1220 android.content.ContextWrapper.sendBroadcast:504 com.dangbei.etna.setting.core.SettingHelper.sendCycleToVoice:231 com.dangbei.etna.setting.core.SettingHelper.sendCycleCheckBroadcast:216 com.dangbei.etna.setting.core.SettingHelper.startLoop$lambda-0:174
05-27 14:30:54.812 D/RockyVoice( 1774): RestartReceiver onReceive
05-27 14:30:55.554 E/dangbei111( 1474): cccccc 检查遥控器是否连接: Dangbei E4:BB:D3:57:C0:22
05-27 14:30:55.557 E/dangbei111( 1474): cccccc 检查遥控器是否连接: 蓝牙的结果 Dangbei E4:BB:D3:57:C0:22 true
05-27 14:30:55.557 E/dangbei111( 1474): cccccc 确实有遥控器 存在
05-27 14:30:55.557 E/dangbei111( 1474): cccccc rc is connected, stop scan =E4:BB:D3:57:C0:22
05-27 14:30:56.925 I/WifiHAL ( 519): call wifi_get_link_stats handler
05-27 14:30:56.925 I/WifiHAL ( 519): Creating message to get link statistics; iface = 19
05-27 14:30:56.925 D/WifiHAL ( 519): error code -95 mapped to -3
05-27 14:30:56.925 E/WifiStaIfaceAidlImpl( 704): getLinkLayerStats failed with service-specific exception: android.os.ServiceSpecificException: (code 4)
05-27 14:30:57.025 D/UtilLog ( 2509): 日志批量上报 进行正常循环 !!!!!!本次有0次请求,共0条数据
05-27 14:30:59.930 I/WifiHAL ( 519): call wifi_get_link_stats handler
05-27 14:30:59.930 I/WifiHAL ( 519): Creating message to get link statistics; iface = 19
05-27 14:30:59.930 D/WifiHAL ( 519): error code -95 mapped to -3
05-27 14:30:59.931 E/WifiStaIfaceAidlImpl( 704): getLinkLayerStats failed with service-specific exception: android.os.ServiceSpecificException: (code 4)
05-27 14:31:01.956 D/hdmicecd( 512): [CEC]:printCecMsgBuf, msg: 04 8f
05-27 14:31:01.957 D/HDMI ( 704): [R]: 04:8F
05-27 14:31:01.958 D/HDMI ( 704): [S]: 40:90:00
05-27 14:31:02.064 D/hdmicecd( 512): [CEC]:printCecMessage, [4 -> 0] len: 2, body: 90 00, result:success
05-27 14:31:02.064 E/IPCThreadState( 512): binder thread pool (1 threads) starved for 105 ms
05-27 14:31:02.824 D/uninstall( 3076): isAllowStart last_delay 0, current_time 1748327462
05-27 14:31:02.824 I/uninstall( 3076): enable_service com.ktcp.video/com.tencent.qqlivetv.keeplive.proc.DaemonService com.ktcp.video/(null)
05-27 14:31:02.825 D/uninstall( 3076): enable_service waitpid
05-27 14:31:02.825 D/uninstall( 4927): enable_service pid == 0
05-27 14:31:02.825 D/uninstall( 4927): enable_service version >= 17 || version == 0 version == 34
05-27 14:31:02.871 I/uninstall( 3076): watchdaemon process_name = com.ktcp.video:daemon has gone, start it
05-27 14:31:02.871 D/uninstall( 3076): watchdaemon waitpid
05-27 14:31:02.872 D/uninstall( 4931): watchdaemon pid == 0
05-27 14:31:02.872 D/uninstall( 4931): watchdaemon version >= 17 || version == 0 version == 34
05-27 14:31:02.938 I/WifiHAL ( 519): call wifi_get_link_stats handler
05-27 14:31:02.938 I/WifiHAL ( 519): Creating message to get link statistics; iface = 19
05-27 14:31:02.938 D/WifiHAL ( 519): error code -95 mapped to -3
05-27 14:31:02.939 E/WifiStaIfaceAidlImpl( 704): getLinkLayerStats failed with service-specific exception: android.os.ServiceSpecificException: (code 4)
05-27 14:31:05.156 D/OomAdjuster( 704): Not killing cached processes
05-27 14:31:05.942 I/WifiHAL ( 519): call wifi_get_link_stats handler
05-27 14:31:05.942 I/WifiHAL ( 519): Creating message to get link statistics; iface = 19
05-27 14:31:05.943 D/WifiHAL ( 519): error code -95 mapped to -3
05-27 14:31:05.943 E/WifiStaIfaceAidlImpl( 704): getLinkLayerStats failed with service-specific exception: android.os.ServiceSpecificException: (code 4)
05-27 14:31:05.951 D/InstantWifi( 704): Receive Wifi is connected, freq = 5745 and currentNetworkId : 0, wifiinfo = SSID: , BSSID: 02:00:00:00:00:00, MAC: 02:00:00:00:00:00, IP: /192.168.3.33, Security type: 2, Supplicant state: COMPLETED, Wi-Fi standard: 6, RSSI: -55, Link speed: 1200Mbps, Tx Link speed: 1200Mbps, Max Supported Tx Link speed: 1200Mbps, Rx Link speed: 6Mbps, Max Supported Rx Link speed: 1200Mbps, Frequency: 5745MHz, Net ID: -1, Metered hint: false, score: 60, isUsable: true, CarrierMerged: false, SubscriptionId: -1, IsPrimary: 1, Trusted: true, Restricted: false, Ephemeral: false, OEM paid: false, OEM private: false, OSU AP: false, FQDN: , Provider friendly name: , Requesting package name: MLO Information: , Is TID-To-Link negotiation supported by the AP: false, AP MLD Address: , AP MLO Link Id: , AP MLO Affiliated links:
05-27 14:31:07.024 D/UtilLog ( 2509): 日志批量上报 进行正常循环 !!!!!!本次有0次请求,共0条数据
05-27 14:31:08.948 I/WifiHAL ( 519): call wifi_get_link_stats handler
05-27 14:31:08.948 I/WifiHAL ( 519): Creating message to get link statistics; iface = 19
05-27 14:31:08.948 D/WifiHAL ( 519): error code -95 mapped to -3
05-27 14:31:08.949 E/WifiStaIfaceAidlImpl( 704): getLinkLayerStats failed with service-specific exception: android.os.ServiceSpecificException: (code 4)
05-27 14:31:11.666 I/TDLog ( 2509): [APP] New data found, Submitting...
05-27 14:31:11.673 D/TrafficStats( 2509): tagSocket(88) with statsTag=0xffffffff, statsUid=-1
05-27 14:31:11.680 I/TDLog ( 2509): [APP] Failed to submit data!
05-27 14:31:11.955 I/WifiHAL ( 519): call wifi_get_link_stats handler
05-27 14:31:11.955 I/WifiHAL ( 519): Creating message to get link statistics; iface = 19
05-27 14:31:11.955 D/WifiHAL ( 519): error code -95 mapped to -3
05-27 14:31:11.955 E/WifiStaIfaceAidlImpl( 704): getLinkLayerStats failed with service-specific exception: android.os.ServiceSpecificException: (code 4)
05-27 14:31:12.461 I/audio_hw_hal_alsamgr( 499): alsa format =0x9000000 delay frames =1536 total frames=18432000
05-27 14:31:12.964 D/uninstall( 3076): isAllowStart last_delay 0, current_time 1748327472
05-27 14:31:12.964 I/uninstall( 3076): enable_service com.ktcp.video/com.tencent.qqlivetv.keeplive.proc.DaemonService com.ktcp.video/(null)
05-27 14:31:12.965 D/uninstall( 3076): enable_service waitpid
05-27 14:31:12.965 D/uninstall( 4952): enable_service pid == 0
05-27 14:31:12.966 D/uninstall( 4952): enable_service version >= 17 || version == 0 version == 34
05-27 14:31:13.014 I/uninstall( 3076): watchdaemon process_name = com.ktcp.video:daemon has gone, start it
05-27 14:31:13.015 D/uninstall( 4956): watchdaemon pid == 0
05-27 14:31:13.015 D/uninstall( 3076): watchdaemon waitpid
05-27 14:31:13.015 D/uninstall( 4956): watchdaemon version >= 17 || version == 0 version == 34
05-27 14:31:14.961 I/WifiHAL ( 519): call wifi_get_link_stats handler
05-27 14:31:14.962 I/WifiHAL ( 519): Creating message to get link statistics; iface = 19
05-27 14:31:14.962 D/WifiHAL ( 519): error code -95 mapped to -3
05-27 14:31:14.963 E/WifiStaIfaceAidlImpl( 704): getLinkLayerStats failed with service-specific exception: android.os.ServiceSpecificException: (code 4)
05-27 14:31:17.025 D/UtilLog ( 2509): 日志批量上报 进行正常循环 !!!!!!本次有0次请求,共0条数据
05-27 14:31:17.966 I/WifiHAL ( 519): call wifi_get_link_stats handler
05-27 14:31:17.966 I/WifiHAL ( 519): Creating message to get link statistics; iface = 19
05-27 14:31:17.967 D/WifiHAL ( 519): error code -95 mapped to -3
05-27 14:31:17.967 E/WifiStaIfaceAidlImpl( 704): getLinkLayerStats failed with service-specific exception: android.os.ServiceSpecificException: (code 4)
05-27 14:31:17.978 D/InstantWifi( 704): Receive Wifi is connected, freq = 5745 and currentNetworkId : 0, wifiinfo = SSID: , BSSID: 02:00:00:00:00:00, MAC: 02:00:00:00:00:00, IP: /192.168.3.33, Security type: 2, Supplicant state: COMPLETED, Wi-Fi standard: 6, RSSI: -58, Link speed: 1200Mbps, Tx Link speed: 1200Mbps, Max Supported Tx Link speed: 1200Mbps, Rx Link speed: 6Mbps, Max Supported Rx Link speed: 1200Mbps, Frequency: 5745MHz, Net ID: -1, Metered hint: false, score: 60, isUsable: true, CarrierMerged: false, SubscriptionId: -1, IsPrimary: 1, Trusted: true, Restricted: false, Ephemeral: false, OEM paid: false, OEM private: false, OSU AP: false, FQDN: , Provider friendly name: , Requesting package name: MLO Information: , Is TID-To-Link negotiation supported by the AP: false, AP MLD Address: , AP MLO Link Id: , AP MLO Affiliated links:
05-27 14:31:20.974 I/WifiHAL ( 519): call wifi_get_link_stats handler
05-27 14:31:20.974 I/WifiHAL ( 519): Creating message to get link statistics; iface = 19
05-27 14:31:20.975 D/WifiHAL ( 519): error code -95 mapped to -3
05-27 14:31:20.975 E/WifiStaIfaceAidlImpl( 704): getLinkLayerStats failed with service-specific exception: android.os.ServiceSpecificException: (code 4)
05-27 14:31:23.104 D/uninstall( 3076): isAllowStart last_delay 0, current_time 1748327483
05-27 14:31:23.104 I/uninstall( 3076): enable_service com.ktcp.video/com.tencent.qqlivetv.keeplive.proc.DaemonService com.ktcp.video/(null)
05-27 14:31:23.105 D/uninstall( 4974): enable_service pid == 0
05-27 14:31:23.105 D/uninstall( 3076): enable_service waitpid
05-27 14:31:23.105 D/uninstall( 4974): enable_service version >= 17 || version == 0 version == 34
05-27 14:31:23.156 I/uninstall( 3076): watchdaemon process_name = com.ktcp.video:daemon has gone, start it
05-27 14:31:23.157 D/uninstall( 3076): watchdaemon waitpid
05-27 14:31:23.157 D/uninstall( 4978): watchdaemon pid == 0
05-27 14:31:23.158 D/uninstall( 4978): watchdaemon version >= 17 || version == 0 version == 34
05-27 14:31:23.630 I/audio_hw_hal_alsamgr( 499): alsa format =0x1 delay frames =640 total frames=19402240
05-27 14:31:23.981 I/WifiHAL ( 519): call wifi_get_link_stats handler
05-27 14:31:23.982 I/WifiHAL ( 519): Creating message to get link statistics; iface = 19
05-27 14:31:23.982 D/WifiHAL ( 519): error code -95 mapped to -3
05-27 14:31:23.982 E/WifiStaIfaceAidlImpl( 704): getLinkLayerStats failed with service-specific exception: android.os.ServiceSpecificException: (code 4)
05-27 14:31:26.986 I/WifiHAL ( 519): call wifi_get_link_stats handler
05-27 14:31:26.986 I/WifiHAL ( 519): Creating message to get link statistics; iface = 19
05-27 14:31:26.986 D/WifiHAL ( 519): error code -95 mapped to -3
05-27 14:31:26.987 E/WifiStaIfaceAidlImpl( 704): getLinkLayerStats failed with service-specific exception: android.os.ServiceSpecificException: (code 4)
05-27 14:31:27.025 D/UtilLog ( 2509): 日志批量上报 进行正常循环 !!!!!!本次有0次请求,共0条数据
05-27 14:31:29.992 I/WifiHAL ( 519): call wifi_get_link_stats handler
05-27 14:31:29.992 I/WifiHAL ( 519): Creating message to get link statistics; iface = 19
05-27 14:31:29.992 D/WifiHAL ( 519): error code -95 mapped to -3
05-27 14:31:29.993 E/WifiStaIfaceAidlImpl( 704): getLinkLayerStats failed with service-specific exception: android.os.ServiceSpecificException: (code 4)
05-27 14:31:32.998 I/WifiHAL ( 519): call wifi_get_link_stats handler
05-27 14:31:32.998 I/WifiHAL ( 519): Creating message to get link statistics; iface = 19
05-27 14:31:32.998 D/WifiHAL ( 519): error code -95 mapped to -3
05-27 14:31:32.999 E/WifiStaIfaceAidlImpl( 704): getLinkLayerStats failed with service-specific exception: android.os.ServiceSpecificException: (code 4)
05-27 14:31:33.249 D/uninstall( 3076): isAllowStart last_delay 0, current_time 1748327493
05-27 14:31:33.250 I/uninstall( 3076): enable_service com.ktcp.video/com.tencent.qqlivetv.keeplive.proc.DaemonService com.ktcp.video/(null)
05-27 14:31:33.251 D/uninstall( 3076): enable_service waitpid
05-27 14:31:33.251 D/uninstall( 4995): enable_service pid == 0
05-27 14:31:33.251 D/uninstall( 4995): enable_service version >= 17 || version == 0 version == 34
05-27 14:31:33.293 I/uninstall( 3076): watchdaemon process_name = com.ktcp.video:daemon has gone, start it
05-27 14:31:33.294 D/uninstall( 3076): watchdaemon waitpid
05-27 14:31:33.294 D/uninstall( 4999): watchdaemon pid == 0
05-27 14:31:33.295 D/uninstall( 4999): watchdaemon version >= 17 || version == 0 version == 34
05-27 14:31:35.232 D/OomAdjuster( 704): Not killing cached processes
05-27 14:31:36.002 I/WifiHAL ( 519): call wifi_get_link_stats handler
05-27 14:31:36.002 I/WifiHAL ( 519): Creating message to get link statistics; iface = 19
05-27 14:31:36.003 D/WifiHAL ( 519): error code -95 mapped to -3
05-27 14:31:36.003 E/WifiStaIfaceAidlImpl( 704): getLinkLayerStats failed with service-specific exception: android.os.ServiceSpecificException: (code 4)
05-27 14:31:37.025 D/UtilLog ( 2509): 日志批量上报 进行正常循环 !!!!!!本次有0次请求,共0条数据
05-27 14:31:39.010 I/WifiHAL ( 519): call wifi_get_link_stats handler
05-27 14:31:39.010 I/WifiHAL ( 519): Creating message to get link statistics; iface = 19
05-27 14:31:39.010 D/WifiHAL ( 519): error code -95 mapped to -3
05-27 14:31:39.010 E/WifiStaIfaceAidlImpl( 704): getLinkLayerStats failed with service-specific exception: android.os.ServiceSpecificException: (code 4)
05-27 14:31:42.014 I/WifiHAL ( 519): call wifi_get_link_stats handler
05-27 14:31:42.014 I/WifiHAL ( 519): Creating message to get link statistics; iface = 19
05-27 14:31:42.014 D/WifiHAL ( 519): error code -95 mapped to -3
05-27 14:31:42.015 E/WifiStaIfaceAidlImpl( 704): getLinkLayerStats failed with service-specific exception: android.os.ServiceSpecificException: (code 4)
05-27 14:31:43.360 D/uninstall( 3076): isAllowStart last_delay 0, current_time 1748327503
05-27 14:31:43.360 I/uninstall( 3076): enable_service com.ktcp.video/com.tencent.qqlivetv.keeplive.proc.DaemonService com.ktcp.video/(null)
05-27 14:31:43.361 D/uninstall( 3076): enable_service waitpid
05-27 14:31:43.361 D/uninstall( 5016): enable_service pid == 0
05-27 14:31:43.362 D/uninstall( 5016): enable_service version >= 17 || version == 0 version == 34
05-27 14:31:43.404 I/uninstall( 3076): watchdaemon process_name = com.ktcp.video:daemon has gone, start it
05-27 14:31:43.405 D/uninstall( 3076): watchdaemon waitpid
05-27 14:31:43.405 D/uninstall( 5020): watchdaemon pid == 0
05-27 14:31:43.405 D/uninstall( 5020): watchdaemon version >= 17 || version == 0 version == 34
05-27 14:31:44.459 I/audio_hw_hal_alsamgr( 499): alsa format =0x9000000 delay frames =1664 total frames=19968000
05-27 14:31:45.020 I/WifiHAL ( 519): call wifi_get_link_stats handler
05-27 14:31:45.020 I/WifiHAL ( 519): Creating message to get link statistics; iface = 19
05-27 14:31:45.020 D/WifiHAL ( 519): error code -95 mapped to -3
05-27 14:31:45.021 E/WifiStaIfaceAidlImpl( 704): getLinkLayerStats failed with service-specific exception: android.os.ServiceSpecificException: (code 4)
05-27 14:31:45.406 D/nStackXCoAP( 4131): IsInSameNetwork:[276] :IsInSameNetwork exec
05-27 14:31:45.406 I/nStackXDFinder( 4131): GetLocalInterfaceDetail:[461] :GetLocalInterfaceDetail in
05-27 14:31:45.406 E/nStackXCoAP( 4131): IsInSameNetwork:[281] :IsInSameNetwork: not priority process
05-27 14:31:45.406 D/nStackXCoAP( 4131): ParseServiceDiscover:[330] :new device join
05-27 14:31:45.406 E/nStackXDFinder( 4131): GetLocalIp:[401] :GetLocalIp exec
05-27 14:31:45.416 D/nStackXCoAP( 4131): IsInSameNetwork:[276] :IsInSameNetwork exec
05-27 14:31:45.416 I/nStackXDFinder( 4131): GetLocalInterfaceDetail:[461] :GetLocalInterfaceDetail in
05-27 14:31:45.416 E/nStackXCoAP( 4131): IsInSameNetwork:[281] :IsInSameNetwork: not priority process
05-27 14:31:45.416 D/nStackXCoAP( 4131): ParseServiceDiscover:[330] :new device join
05-27 14:31:45.416 E/nStackXDFinder( 4131): GetLocalIp:[401] :GetLocalIp exec
05-27 14:31:45.432 D/nStackXCoAP( 4131): IsInSameNetwork:[276] :IsInSameNetwork exec
05-27 14:31:45.432 I/nStackXDFinder( 4131): GetLocalInterfaceDetail:[461] :GetLocalInterfaceDetail in
05-27 14:31:45.432 E/nStackXCoAP( 4131): IsInSameNetwork:[281] :IsInSameNetwork: not priority process
05-27 14:31:45.432 D/nStackXCoAP( 4131): ParseServiceDiscover:[330] :new device join
05-27 14:31:45.432 E/nStackXDFinder( 4131): GetLocalIp:[401] :GetLocalIp exec
05-27 14:31:45.512 I/com.ktcp.video( 2561): Background concurrent copying GC freed 161856(5902KB) AllocSpace objects, 20(400KB) LOS objects, 49% free, 5756KB/11MB, paused 133us,68us total 141.425ms
05-27 14:31:46.594 D/nStackXCoAP( 4131): IsInSameNetwork:[276] :IsInSameNetwork exec
05-27 14:31:46.594 I/nStackXDFinder( 4131): GetLocalInterfaceDetail:[461] :GetLocalInterfaceDetail in
05-27 14:31:46.594 E/nStackXCoAP( 4131): IsInSameNetwork:[281] :IsInSameNetwork: not priority process
05-27 14:31:46.594 D/nStackXCoAP( 4131): ParseServiceDiscover:[330] :new device join
05-27 14:31:46.594 E/nStackXDFinder( 4131): GetLocalIp:[401] :GetLocalIp exec
05-27 14:31:47.025 D/UtilLog ( 2509): 日志批量上报 进行正常循环 !!!!!!本次有0次请求,共0条数据
05-27 14:31:47.655 D/nStackXCoAP( 4131): IsInSameNetwork:[276] :IsInSameNetwork exec
05-27 14:31:47.655 I/nStackXDFinder( 4131): GetLocalInterfaceDetail:[461] :GetLocalInterfaceDetail in
05-27 14:31:47.655 E/nStackXCoAP( 4131): IsInSameNetwork:[281] :IsInSameNetwork: not priority process
05-27 14:31:47.655 D/nStackXCoAP( 4131): ParseServiceDiscover:[330] :new device join
05-27 14:31:47.655 E/nStackXDFinder( 4131): GetLocalIp:[401] :GetLocalIp exec
05-27 14:31:47.903 D/nStackXCoAP( 4131): IsInSameNetwork:[276] :IsInSameNetwork exec
05-27 14:31:47.903 I/nStackXDFinder( 4131): GetLocalInterfaceDetail:[461] :GetLocalInterfaceDetail in
05-27 14:31:47.904 E/nStackXCoAP( 4131): IsInSameNetwork:[281] :IsInSameNetwork: not priority process
05-27 14:31:47.904 D/nStackXCoAP( 4131): ParseServiceDiscover:[330] :new device join
05-27 14:31:47.904 E/nStackXDFinder( 4131): GetLocalIp:[401] :GetLocalIp exec
05-27 14:31:48.027 I/WifiHAL ( 519): call wifi_get_link_stats handler
05-27 14:31:48.027 I/WifiHAL ( 519): Creating message to get link statistics; iface = 19
05-27 14:31:48.027 D/WifiHAL ( 519): error code -95 mapped to -3
05-27 14:31:48.028 E/WifiStaIfaceAidlImpl( 704): getLinkLayerStats failed with service-specific exception: android.os.ServiceSpecificException: (code 4)
05-27 14:31:48.086 D/nStackXCoAP( 4131): IsInSameNetwork:[276] :IsInSameNetwork exec
05-27 14:31:48.086 I/nStackXDFinder( 4131): GetLocalInterfaceDetail:[461] :GetLocalInterfaceDetail in
05-27 14:31:48.086 E/nStackXCoAP( 4131): IsInSameNetwork:[281] :IsInSameNetwork: not priority process
05-27 14:31:48.086 D/nStackXCoAP( 4131): ParseServiceDiscover:[330] :new device join
05-27 14:31:48.086 E/nStackXDFinder( 4131): GetLocalIp:[401] :GetLocalIp exec
05-27 14:31:48.359 D/nStackXCoAP( 4131): IsInSameNetwork:[276] :IsInSameNetwork exec
05-27 14:31:48.359 I/nStackXDFinder( 4131): GetLocalInterfaceDetail:[461] :GetLocalInterfaceDetail in
05-27 14:31:48.359 E/nStackXCoAP( 4131): IsInSameNetwork:[281] :IsInSameNetwork: not priority process
05-27 14:31:48.359 D/nStackXCoAP( 4131): ParseServiceDiscover:[330] :new device join
05-27 14:31:48.359 E/nStackXDFinder( 4131): GetLocalIp:[401] :GetLocalIp exec
05-27 14:31:48.543 D/nStackXCoAP( 4131): IsInSameNetwork:[276] :IsInSameNetwork exec
05-27 14:31:48.543 I/nStackXDFinder( 4131): GetLocalInterfaceDetail:[461] :GetLocalInterfaceDetail in
05-27 14:31:48.543 E/nStackXCoAP( 4131): IsInSameNetwork:[281] :IsInSameNetwork: not priority process
05-27 14:31:48.543 D/nStackXCoAP( 4131): ParseServiceDiscover:[330] :new device join
05-27 14:31:48.543 E/nStackXDFinder( 4131): GetLocalIp:[401] :GetLocalIp exec
05-27 14:31:48.659 I/TDLog ( 2509): [APP] New data found, Submitting...
05-27 14:31:48.669 D/TrafficStats( 2509): tagSocket(88) with statsTag=0xffffffff, statsUid=-1
05-27 14:31:48.678 I/TDLog ( 2509): [APP] Failed to submit data!
05-27 14:31:49.021 D/nStackXCoAP( 4131): IsInSameNetwork:[276] :IsInSameNetwork exec
05-27 14:31:49.021 I/nStackXDFinder( 4131): GetLocalInterfaceDetail:[461] :GetLocalInterfaceDetail in
05-27 14:31:49.021 E/nStackXCoAP( 4131): IsInSameNetwork:[281] :IsInSameNetwork: not priority process
05-27 14:31:49.021 D/nStackXCoAP( 4131): ParseServiceDiscover:[330] :new device join
05-27 14:31:49.021 E/nStackXDFinder( 4131): GetLocalIp:[401] :GetLocalIp exec
05-27 14:31:49.503 D/nStackXCoAP( 4131): IsInSameNetwork:[276] :IsInSameNetwork exec
05-27 14:31:49.503 I/nStackXDFinder( 4131): GetLocalInterfaceDetail:[461] :GetLocalInterfaceDetail in
05-27 14:31:49.503 E/nStackXCoAP( 4131): IsInSameNetwork:[281] :IsInSameNetwork: not priority process
05-27 14:31:49.503 D/nStackXCoAP( 4131): ParseServiceDiscover:[330] :new device join
05-27 14:31:49.503 E/nStackXDFinder( 4131): GetLocalIp:[401] :GetLocalIp exec
05-27 14:31:50.902 D/OomAdjuster( 704): Not killing cached processes
05-27 14:31:50.906 D/bbb ( 1639): onStartCommand begin !!!!!!! data分区剩余 52595MB
05-27 14:31:51.033 I/WifiHAL ( 519): call wifi_get_link_stats handler
05-27 14:31:51.033 I/WifiHAL ( 519): Creating message to get link statistics; iface = 19
05-27 14:31:51.033 D/WifiHAL ( 519): error code -95 mapped to -3
05-27 14:31:51.034 E/WifiStaIfaceAidlImpl( 704): getLinkLayerStats failed with service-specific exception: android.os.ServiceSpecificException: (code 4)
05-27 14:31:53.496 D/uninstall( 3076): isAllowStart last_delay 0, current_time 1748327513
05-27 14:31:53.496 I/uninstall( 3076): enable_service com.ktcp.video/com.tencent.qqlivetv.keeplive.proc.DaemonService com.ktcp.video/(null)
05-27 14:31:53.497 D/uninstall( 3076): enable_service waitpid
05-27 14:31:53.497 D/uninstall( 5039): enable_service pid == 0
05-27 14:31:53.497 D/uninstall( 5039): enable_service version >= 17 || version == 0 version == 34
05-27 14:31:53.544 I/uninstall( 3076): watchdaemon process_name = com.ktcp.video:daemon has gone, start it
05-27 14:31:53.545 D/uninstall( 3076): watchdaemon waitpid
05-27 14:31:53.545 D/uninstall( 5043): watchdaemon pid == 0
05-27 14:31:53.545 D/uninstall( 5043): watchdaemon version >= 17 || version == 0 version == 34
05-27 14:31:53.708 V/HotPlugDetectionAction( 704): Poll all devices.
05-27 14:31:53.767 D/hdmicecd( 512): [CEC]:printCecMessage, [4 -> 0] len: 0, body:, result:success
05-27 14:31:53.827 D/hdmicecd( 512): [CEC]:printCecMessage, [4 -> 1] len: 0, body:, result:no ack
05-27 14:31:53.887 D/hdmicecd( 512): [CEC]:printCecMessage, [4 -> 3] len: 0, body:, result:no ack
05-27 14:31:53.943 D/hdmicecd( 512): [CEC]:printCecMessage, [4 -> 5] len: 0, body:, result:no ack
05-27 14:31:54.003 D/hdmicecd( 512): [CEC]:printCecMessage, [4 -> 8] len: 0, body:, result:no ack
05-27 14:31:54.040 I/WifiHAL ( 519): call wifi_get_link_stats handler
05-27 14:31:54.040 I/WifiHAL ( 519): Creating message to get link statistics; iface = 19
05-27 14:31:54.041 D/WifiHAL ( 519): error code -95 mapped to -3
05-27 14:31:54.041 E/WifiStaIfaceAidlImpl( 704): getLinkLayerStats failed with service-specific exception: android.os.ServiceSpecificException: (code 4)
05-27 14:31:54.059 D/hdmicecd( 512): [CEC]:printCecMessage, [4 -> b] len: 0, body:, result:no ack
05-27 14:31:54.115 D/hdmicecd( 512): [CEC]:printCecMessage, [4 -> e] len: 0, body:, result:no ack
05-27 14:31:54.115 D/HdmiCecController( 704): [P]:AllocatedAddress=[0]
05-27 14:31:55.628 I/audio_hw_hal_alsamgr( 499): alsa format =0x1 delay frames =768 total frames=20938240
05-27 14:31:57.024 D/UtilLog ( 2509): 日志批量上报 进行正常循环 !!!!!!本次有0次请求,共0条数据
05-27 14:31:57.047 I/WifiHAL ( 519): call wifi_get_link_stats handler
05-27 14:31:57.047 I/WifiHAL ( 519): Creating message to get link statistics; iface = 19
05-27 14:31:57.047 D/WifiHAL ( 519): error code -95 mapped to -3
05-27 14:31:57.047 E/WifiStaIfaceAidlImpl( 704): getLinkLayerStats failed with service-specific exception: android.os.ServiceSpecificException: (code 4)
05-27 14:32:00.050 I/WifiHAL ( 519): call wifi_get_link_stats handler
05-27 14:32:00.050 I/WifiHAL ( 519): Creating message to get link statistics; iface = 19
05-27 14:32:00.051 D/WifiHAL ( 519): error code -95 mapped to -3
05-27 14:32:00.051 E/WifiStaIfaceAidlImpl( 704): getLinkLayerStats failed with service-specific exception: android.os.ServiceSpecificException: (code 4)
05-27 14:32:01.958 D/hdmicecd( 512): [CEC]:printCecMsgBuf, msg: 04 8f
05-27 14:32:01.960 D/HDMI ( 704): [R]: 04:8F
05-27 14:32:01.961 D/HDMI ( 704): [S]: 40:90:00
05-27 14:32:02.064 D/hdmicecd( 512): [CEC]:printCecMessage, [4 -> 0] len: 2, body: 90 00, result:success
05-27 14:32:02.064 E/IPCThreadState( 512): binder thread pool (1 threads) starved for 103 ms
05-27 14:32:03.058 I/WifiHAL ( 519): call wifi_get_link_stats handler
05-27 14:32:03.058 I/WifiHAL ( 519): Creating message to get link statistics; iface = 19
05-27 14:32:03.058 D/WifiHAL ( 519): error code -95 mapped to -3
05-27 14:32:03.059 E/WifiStaIfaceAidlImpl( 704): getLinkLayerStats failed with service-specific exception: android.os.ServiceSpecificException: (code 4)
05-27 14:32:03.640 D/uninstall( 3076): isAllowStart last_delay 0, current_time 1748327523
05-27 14:32:03.640 I/uninstall( 3076): enable_service com.ktcp.video/com.tencent.qqlivetv.keeplive.proc.DaemonService com.ktcp.video/(null)
05-27 14:32:03.641 D/uninstall( 3076): enable_service waitpid
05-27 14:32:03.641 D/uninstall( 5061): enable_service pid == 0
05-27 14:32:03.642 D/uninstall( 5061): enable_service version >= 17 || version == 0 version == 34
05-27 14:32:03.685 I/uninstall( 3076): watchdaemon process_name = com.ktcp.video:daemon has gone, start it
05-27 14:32:03.686 D/uninstall( 3076): watchdaemon waitpid
05-27 14:32:03.686 D/uninstall( 5065): watchdaemon pid == 0
05-27 14:32:03.686 D/uninstall( 5065): watchdaemon version >= 17 || version == 0 version == 34
05-27 14:32:05.332 D/OomAdjuster( 704): Not killing cached processes
05-27 14:32:06.062 I/WifiHAL ( 519): call wifi_get_link_stats handler
05-27 14:32:06.062 I/WifiHAL ( 519): Creating message to get link statistics; iface = 19
05-27 14:32:06.063 D/WifiHAL ( 519): error code -95 mapped to -3
05-27 14:32:06.063 E/WifiStaIfaceAidlImpl( 704): getLinkLayerStats failed with service-specific exception: android.os.ServiceSpecificException: (code 4)
05-27 14:32:07.025 D/UtilLog ( 2509): 日志批量上报 进行正常循环 !!!!!!本次有0次请求,共0条数据
05-27 14:32:07.634 D/nStackXCoAP( 4131): IsInSameNetwork:[276] :IsInSameNetwork exec
05-27 14:32:07.634 I/nStackXDFinder( 4131): GetLocalInterfaceDetail:[461] :GetLocalInterfaceDetail in
05-27 14:32:07.634 E/nStackXCoAP( 4131): IsInSameNetwork:[281] :IsInSameNetwork: not priority process
05-27 14:32:07.634 D/nStackXCoAP( 4131): ParseServiceDiscover:[330] :new device join
05-27 14:32:07.634 I/nStackXDFinder( 4131): NotifyDeviceListChanged:[540] :notify callback: device list changed callback is null
05-27 14:32:07.634 E/nStackXDFinder( 4131): GetLocalIp:[401] :GetLocalIp exec
05-27 14:32:07.843 D/nStackXCoAP( 4131): IsInSameNetwork:[276] :IsInSameNetwork exec
05-27 14:32:07.843 I/nStackXDFinder( 4131): GetLocalInterfaceDetail:[461] :GetLocalInterfaceDetail in
05-27 14:32:07.843 E/nStackXCoAP( 4131): IsInSameNetwork:[281] :IsInSameNetwork: not priority process
05-27 14:32:07.843 D/nStackXCoAP( 4131): ParseServiceDiscover:[330] :new device join
05-27 14:32:07.843 E/nStackXDFinder( 4131): GetLocalIp:[401] :GetLocalIp exec
05-27 14:32:08.466 D/nStackXCoAP( 4131): IsInSameNetwork:[276] :IsInSameNetwork exec
05-27 14:32:08.466 I/nStackXDFinder( 4131): GetLocalInterfaceDetail:[461] :GetLocalInterfaceDetail in
05-27 14:32:08.466 E/nStackXCoAP( 4131): IsInSameNetwork:[281] :IsInSameNetwork: not priority process
05-27 14:32:08.466 D/nStackXCoAP( 4131): ParseServiceDiscover:[330] :new device join
05-27 14:32:08.466 E/nStackXDFinder( 4131): GetLocalIp:[401] :GetLocalIp exec
05-27 14:32:09.066 I/WifiHAL ( 519): call wifi_get_link_stats handler
05-27 14:32:09.067 I/WifiHAL ( 519): Creating message to get link statistics; iface = 19
05-27 14:32:09.067 D/WifiHAL ( 519): error code -95 mapped to -3
05-27 14:32:09.068 E/WifiStaIfaceAidlImpl( 704): getLinkLayerStats failed with service-specific exception: android.os.ServiceSpecificException: (code 4)
05-27 14:32:09.097 D/nStackXCoAP( 4131): IsInSameNetwork:[276] :IsInSameNetwork exec
05-27 14:32:09.097 I/nStackXDFinder( 4131): GetLocalInterfaceDetail:[461] :GetLocalInterfaceDetail in
05-27 14:32:09.097 E/nStackXCoAP( 4131): IsInSameNetwork:[281] :IsInSameNetwork: not priority process
05-27 14:32:09.097 D/nStackXCoAP( 4131): ParseServiceDiscover:[330] :new device join
05-27 14:32:09.097 E/nStackXDFinder( 4131): GetLocalIp:[401] :GetLocalIp exec
05-27 14:32:09.478 D/nStackXCoAP( 4131): IsInSameNetwork:[276] :IsInSameNetwork exec
05-27 14:32:09.479 I/nStackXDFinder( 4131): GetLocalInterfaceDetail:[461] :GetLocalInterfaceDetail in
05-27 14:32:09.479 E/nStackXCoAP( 4131): IsInSameNetwork:[281] :IsInSameNetwork: not priority process
05-27 14:32:09.479 D/nStackXCoAP( 4131): ParseServiceDiscover:[330] :new device join
05-27 14:32:09.479 E/nStackXDFinder( 4131): GetLocalIp:[401] :GetLocalIp exec
05-27 14:32:09.995 D/nStackXCoAP( 4131): IsInSameNetwork:[276] :IsInSameNetwork exec
05-27 14:32:09.995 I/nStackXDFinder( 4131): GetLocalInterfaceDetail:[461] :GetLocalInterfaceDetail in
05-27 14:32:09.995 E/nStackXCoAP( 4131): IsInSameNetwork:[281] :IsInSameNetwork: not priority process
05-27 14:32:09.995 D/nStackXCoAP( 4131): ParseServiceDiscover:[330] :new device join
05-27 14:32:09.995 E/nStackXDFinder( 4131): GetLocalIp:[401] :GetLocalIp exec
05-27 14:32:10.524 D/nStackXCoAP( 4131): IsInSameNetwork:[276] :IsInSameNetwork exec
05-27 14:32:10.524 I/nStackXDFinder( 4131): GetLocalInterfaceDetail:[461] :GetLocalInterfaceDetail in
05-27 14:32:10.524 E/nStackXCoAP( 4131): IsInSameNetwork:[281] :IsInSameNetwork: not priority process
05-27 14:32:10.524 D/nStackXCoAP( 4131): ParseServiceDiscover:[330] :new device join
05-27 14:32:10.524 E/nStackXDFinder( 4131): GetLocalIp:[401] :GetLocalIp exec
05-27 14:32:10.683 D/TrafficStats( 4019): tagSocket(5) with statsTag=0xffffffff, statsUid=-1
05-27 14:32:11.101 D/nStackXCoAP( 4131): IsInSameNetwork:[276] :IsInSameNetwork exec
05-27 14:32:11.101 I/nStackXDFinder( 4131): GetLocalInterfaceDetail:[461] :GetLocalInterfaceDetail in
05-27 14:32:11.101 E/nStackXCoAP( 4131): IsInSameNetwork:[281] :IsInSameNetwork: not priority process
05-27 14:32:11.101 D/nStackXCoAP( 4131): ParseServiceDiscover:[330] :new device join
05-27 14:32:11.101 E/nStackXDFinder( 4131): GetLocalIp:[401] :GetLocalIp exec
05-27 14:32:11.493 D/nStackXCoAP( 4131): IsInSameNetwork:[276] :IsInSameNetwork exec
05-27 14:32:11.494 I/nStackXDFinder( 4131): GetLocalInterfaceDetail:[461] :GetLocalInterfaceDetail in
05-27 14:32:11.494 E/nStackXCoAP( 4131): IsInSameNetwork:[281] :IsInSameNetwork: not priority process
05-27 14:32:11.494 D/nStackXCoAP( 4131): ParseServiceDiscover:[330] :new device join
05-27 14:32:11.494 E/nStackXDFinder( 4131): GetLocalIp:[401] :GetLocalIp exec
05-27 14:32:12.074 I/WifiHAL ( 519): call wifi_get_link_stats handler
05-27 14:32:12.074 I/WifiHAL ( 519): Creating message to get link statistics; iface = 19
05-27 14:32:12.074 D/WifiHAL ( 519): error code -95 mapped to -3
05-27 14:32:12.075 E/WifiStaIfaceAidlImpl( 704): getLinkLayerStats failed with service-specific exception: android.os.ServiceSpecificException: (code 4)
05-27 14:32:13.776 D/uninstall( 3076): isAllowStart last_delay 0, current_time 1748327533
05-27 14:32:13.776 I/uninstall( 3076): enable_service com.ktcp.video/com.tencent.qqlivetv.keeplive.proc.DaemonService com.ktcp.video/(null)
05-27 14:32:13.777 D/uninstall( 3076): enable_service waitpid
05-27 14:32:13.778 D/uninstall( 5084): enable_service pid == 0
05-27 14:32:13.778 D/uninstall( 5084): enable_service version >= 17 || version == 0 version == 34
05-27 14:32:13.828 I/uninstall( 3076): watchdaemon process_name = com.ktcp.video:daemon has gone, start it
05-27 14:32:13.830 D/uninstall( 3076): watchdaemon waitpid
05-27 14:32:13.830 D/uninstall( 5088): watchdaemon pid == 0
05-27 14:32:13.830 D/uninstall( 5088): watchdaemon version >= 17 || version == 0 version == 34
05-27 14:32:15.078 I/WifiHAL ( 519): call wifi_get_link_stats handler
05-27 14:32:15.078 I/WifiHAL ( 519): Creating message to get link statistics; iface = 19
05-27 14:32:15.079 D/WifiHAL ( 519): error code -95 mapped to -3
05-27 14:32:15.079 E/WifiStaIfaceAidlImpl( 704): getLinkLayerStats failed with service-specific exception: android.os.ServiceSpecificException: (code 4)
05-27 14:32:16.459 I/audio_hw_hal_alsamgr( 499): alsa format =0x9000000 delay frames =1664 total frames=21504000
05-27 14:32:17.025 D/UtilLog ( 2509): 日志批量上报 进行正常循环 !!!!!!本次有0次请求,共0条数据
05-27 14:32:18.086 I/WifiHAL ( 519): call wifi_get_link_stats handler
05-27 14:32:18.086 I/WifiHAL ( 519): Creating message to get link statistics; iface = 19
05-27 14:32:18.086 D/WifiHAL ( 519): error code -95 mapped to -3
05-27 14:32:18.086 E/WifiStaIfaceAidlImpl( 704): getLinkLayerStats failed with service-specific exception: android.os.ServiceSpecificException: (code 4)
05-27 14:32:21.090 I/WifiHAL ( 519): call wifi_get_link_stats handler
05-27 14:32:21.091 I/WifiHAL ( 519): Creating message to get link statistics; iface = 19
05-27 14:32:21.091 D/WifiHAL ( 519): error code -95 mapped to -3
05-27 14:32:21.091 E/WifiStaIfaceAidlImpl( 704): getLinkLayerStats failed with service-specific exception: android.os.ServiceSpecificException: (code 4)
05-27 14:32:23.899 D/uninstall( 3076): isAllowStart last_delay 0, current_time 1748327543
05-27 14:32:23.899 I/uninstall( 3076): enable_service com.ktcp.video/com.tencent.qqlivetv.keeplive.proc.DaemonService com.ktcp.video/(null)
05-27 14:32:23.900 D/uninstall( 3076): enable_service waitpid
05-27 14:32:23.901 D/uninstall( 5105): enable_service pid == 0
05-27 14:32:23.901 D/uninstall( 5105): enable_service version >= 17 || version == 0 version == 34
05-27 14:32:23.943 I/uninstall( 3076): watchdaemon process_name = com.ktcp.video:daemon has gone, start it
05-27 14:32:23.944 D/uninstall( 3076): watchdaemon waitpid
05-27 14:32:23.944 D/uninstall( 5109): watchdaemon pid == 0
05-27 14:32:23.944 D/uninstall( 5109): watchdaemon version >= 17 || version == 0 version == 34
05-27 14:32:24.098 I/WifiHAL ( 519): call wifi_get_link_stats handler
05-27 14:32:24.099 I/WifiHAL ( 519): Creating message to get link statistics; iface = 19
05-27 14:32:24.099 D/WifiHAL ( 519): error code -95 mapped to -3
05-27 14:32:24.099 E/WifiStaIfaceAidlImpl( 704): getLinkLayerStats failed with service-specific exception: android.os.ServiceSpecificException: (code 4)
05-27 14:32:27.024 D/UtilLog ( 2509): 日志批量上报 进行正常循环 !!!!!!本次有0次请求,共0条数据
05-27 14:32:27.104 I/WifiHAL ( 519): call wifi_get_link_stats handler
05-27 14:32:27.104 I/WifiHAL ( 519): Creating message to get link statistics; iface = 19
05-27 14:32:27.104 D/WifiHAL ( 519): error code -95 mapped to -3
05-27 14:32:27.105 E/WifiStaIfaceAidlImpl( 704): getLinkLayerStats failed with service-specific exception: android.os.ServiceSpecificException: (code 4)
05-27 14:32:27.630 I/audio_hw_hal_alsamgr( 499): alsa format =0x1 delay frames =640 total frames=22474240
05-27 14:32:30.110 I/WifiHAL ( 519): call wifi_get_link_stats handler
05-27 14:32:30.110 I/WifiHAL ( 519): Creating message to get link statistics; iface = 19
05-27 14:32:30.110 D/WifiHAL ( 519): error code -95 mapped to -3
05-27 14:32:30.111 E/WifiStaIfaceAidlImpl( 704): getLinkLayerStats failed with service-specific exception: android.os.ServiceSpecificException: (code 4)
05-27 14:32:32.456 D/nStackXCoAP( 4131): IsInSameNetwork:[276] :IsInSameNetwork exec
05-27 14:32:32.456 I/nStackXDFinder( 4131): GetLocalInterfaceDetail:[461] :GetLocalInterfaceDetail in
05-27 14:32:32.456 E/nStackXCoAP( 4131): IsInSameNetwork:[281] :IsInSameNetwork: not priority process
05-27 14:32:32.456 D/nStackXCoAP( 4131): ParseServiceDiscover:[330] :new device join
05-27 14:32:32.456 E/nStackXDFinder( 4131): GetLocalIp:[401] :GetLocalIp exec
05-27 14:32:32.517 D/nStackXCoAP( 4131): IsInSameNetwork:[276] :IsInSameNetwork exec
05-27 14:32:32.517 I/nStackXDFinder( 4131): GetLocalInterfaceDetail:[461] :GetLocalInterfaceDetail in
05-27 14:32:32.517 E/nStackXCoAP( 4131): IsInSameNetwork:[281] :IsInSameNetwork: not priority process
05-27 14:32:32.517 D/nStackXCoAP( 4131): ParseServiceDiscover:[330] :new device join
05-27 14:32:32.517 E/nStackXDFinder( 4131): GetLocalIp:[401] :GetLocalIp exec
05-27 14:32:32.521 D/nStackXCoAP( 4131): CoapMessageHandler:[133] :2.01
05-27 14:32:32.531 D/nStackXCoAP( 4131): CoapMessageHandler:[133] :2.01
05-27 14:32:32.832 D/nStackXCoAP( 4131): IsInSameNetwork:[276] :IsInSameNetwork exec
05-27 14:32:32.832 I/nStackXDFinder( 4131): GetLocalInterfaceDetail:[461] :GetLocalInterfaceDetail in
05-27 14:32:32.832 E/nStackXCoAP( 4131): IsInSameNetwork:[281] :IsInSameNetwork: not priority process
05-27 14:32:32.832 D/nStackXCoAP( 4131): ParseServiceDiscover:[330] :new device join
05-27 14:32:32.832 E/nStackXDFinder( 4131): GetLocalIp:[401] :GetLocalIp exec
05-27 14:32:32.846 D/nStackXCoAP( 4131): CoapMessageHandler:[133] :2.01
05-27 14:32:33.118 I/WifiHAL ( 519): call wifi_get_link_stats handler
05-27 14:32:33.118 I/WifiHAL ( 519): Creating message to get link statistics; iface = 19
05-27 14:32:33.119 D/WifiHAL ( 519): error code -95 mapped to -3
