05-27 14:25:50.477 I/ActivityTaskManager( 704): Displayed com.dangbei.haqusetting/.ui.HomeActivity for user 0: +110ms
05-27 14:25:50.478 V/WindowManager( 704): Sent Transition #7 createdAt=05-27 14:25:50.360 via request=TransitionRequestInfo { type = 1, triggerTask = TaskInfo{userId=0 taskId=105 displayId=0 isRunning=true baseIntent=Intent { dat=haqu://setting:8080/... flg=0x10000000 pkg=com.dangbei.haqusetting cmp=com.dangbei.haqusetting/.ui.HomeActivity } baseActivity=ComponentInfo{com.dangbei.haqusetting/com.dangbei.haqusetting.ui.HomeActivity} topActivity=ComponentInfo{com.dangbei.haqusetting/com.dangbei.haqusetting.ui.HomeActivity} origActivity=null realActivity=ComponentInfo{com.dangbei.haqusetting/com.dangbei.haqusetting.ui.HomeActivity} numActivities=1 lastActiveTime=83259 supportsMultiWindow=true resizeMode=1 isResizeable=true minWidth=-1 minHeight=-1 defaultMinSize=220 token=WCT{RemoteToken{7cfe1ea Task{947801d #105 type=standard A=1000:com.dangbei.haqusetting}}} topActivityType=1 pictureInPictureParams=null shouldDockBigOverlays=true launchIntoPipHostTaskId=-1 lastParentTaskIdBeforePip=-1 displayCutoutSafeInsets=null topActivityInfo=ActivityInfo{f54acdb com.dangbei.haqusetting.ui.HomeActivity} launchCookies=[] positionInParent=Point(0, 0) parentTaskId=-1 isFocused=false isVisible=false isVisibleRequested=false isSleeping=false topActivityInSizeCompat=false topActivityEligibleForLetterboxEducation= false isLetterboxDoubleTapEnabled= false topActivityEligibleForUserAspectRatioButton= false topActivityBoundsLetterboxed= false isFromLetterboxDoubleTap= false topActivityLetterboxVerticalPosition= -1 topActivityLetterboxHorizontalPosition= -1 topActivityLetterboxWidth=-1 topActivityLetterboxHeight=-1 isUserFullscreenOverrideEnabled=false isTopActivityTransparent=true locusId=null displayAreaFeatureId=1 cameraCompatControlState=hidden}, remoteTransition = null, displayChange = null, flags = 0 }
05-27 14:25:50.478 V/WindowManagerShell( 990): animated by com.android.wm.shell.transition.DefaultTransitionHandler@6517d55
05-27 14:25:50.478 V/WindowManager( 704): startWCT=WindowContainerTransaction { changes = {} hops = [] errorCallbackToken=null taskFragmentOrganizer=null }
05-27 14:25:50.478 V/WindowManager( 704): info={id=7 t=OPEN f=0x0 trk=0 r=[0@Point(0, 0)] c=[{WCT{RemoteToken{7cfe1ea Task{947801d #105 type=standard A=1000:com.dangbei.haqusetting}}} m=OPEN f=TRANSLUCENT leash=Surface(name=Task=105)/@0x52093bf sb=Rect(0, 0 - 1920, 1080) eb=Rect(0, 0 - 1920, 1080) d=0}]}
05-27 14:25:50.484 D/WindowManagerShell( 990): TvPipController: onTaskStackChanged()
05-27 14:25:50.495 E/Hcdn_DeTask220659184( 3391): HCDN_LOG: [T:3627][HINFO]:[f:PostNotifyInfo],[l:248], notify type(6),info({"BandWidth":-2,"IsAd":1,"IsP2P":1,"VID":""}
05-27 14:25:50.495 E/Hcdn_DeTask220659184( 3391): )
05-27 14:25:50.495 E/Hcdn_DeTask3589828670( 3391): HCDN_LOG: [T:3627][HINFO]:[f:PostNotifyInfo],[l:248], notify type(6),info({"BandWidth":0,"IsAd":1,"IsP2P":1,"VID":""}
05-27 14:25:50.495 E/Hcdn_DeTask3589828670( 3391): )
05-27 14:25:50.495 E/playfilesourceNew( 3391): HCDN_LOG: [T:3619][HINFO]:[f:DoAsynNotifyInfoResponse],[l:2605],[TaskID(220659184),type(6),msg({"BandWidth":-2,"IsAd":1,"IsP2P":1,"VID":""}
05-27 14:25:50.495 E/playfilesourceNew( 3391): )!]
05-27 14:25:50.495 E/playfilesourceNew( 3391): HCDN_LOG: [T:3619][HINFO]:[f:DoAsynNotifyInfoResponse],[l:2605],[TaskID(3589828670),type(6),msg({"BandWidth":0,"IsAd":1,"IsP2P":1,"VID":""}
05-27 14:25:50.495 E/playfilesourceNew( 3391): )!]
05-27 14:25:50.496 I/audio_hw_hal_primary( 499): [audiohal_get_latency:1333] io 13: out:0xf3280740 frames:1024 rate:48000 whole_latency:21 alsa_latency:21
05-27 14:25:50.537 I/ImeTracker( 704): com.dangbei.haqusetting:5281054c: onRequestHide at ORIGIN_SERVER_HIDE_INPUT reason HIDE_UNSPECIFIED_WINDOW
05-27 14:25:50.537 I/ImeTracker( 704): com.dangbei.haqusetting:5281054c: onCancelled at PHASE_SERVER_SHOULD_HIDE
05-27 14:25:50.539 I/audio_hw_hal_primary( 499): [audiohal_get_latency:1333] io 13: out:0xf3280740 frames:1280 rate:48000 whole_latency:26 alsa_latency:26
05-27 14:25:50.540 I/DefaultIMS( 1501): onStartInput attribute=android.view.inputmethod.EditorInfo@952aef9 restarting=false inputType: 0
05-27 14:25:50.541 W/ContextImpl( 704): Calling a method in the system process without a qualified user: android.app.ContextImpl.startService:1899 com.android.server.wm.DisplayPolicy.lambda$focusChangedLw$5:2126 com.android.server.wm.DisplayPolicy.$r8$lambda$Znxk63oh-WzVnzo_WQefN7uxV48:0 com.android.server.wm.DisplayPolicy$$ExternalSyntheticLambda13.run:0 android.os.Handler.handleCallback:958
05-27 14:25:50.544 D/aaa ( 1555): LedStatusService onStartCommand begin
05-27 14:25:50.545 D/aaa ( 1555): topPkg is -------------- :com.dangbei.haqusetting
05-27 14:25:50.582 I/audio_hw_hal_primary( 499): [audiohal_get_latency:1333] io 13: out:0xf3280740 frames:1024 rate:48000 whole_latency:21 alsa_latency:21
05-27 14:25:50.582 I/audio_hw_hal_primary( 499): [audiohal_get_latency:1333] io 13: out:0xf3280740 frames:1280 rate:48000 whole_latency:26 alsa_latency:26
05-27 14:25:50.595 E/Hcdn_DeTask220659184( 3391): HCDN_LOG: [T:3627][HINFO]:[f:PostNotifyInfo],[l:248], notify type(6),info({"BandWidth":-2,"IsAd":1,"IsP2P":1,"VID":""}
05-27 14:25:50.595 E/Hcdn_DeTask220659184( 3391): )
05-27 14:25:50.595 E/Hcdn_DeTask3589828670( 3391): HCDN_LOG: [T:3627][HINFO]:[f:PostNotifyInfo],[l:248], notify type(6),info({"BandWidth":0,"IsAd":1,"IsP2P":1,"VID":""}
05-27 14:25:50.595 E/Hcdn_DeTask3589828670( 3391): )
05-27 14:25:50.595 E/playfilesourceNew( 3391): HCDN_LOG: [T:3619][HINFO]:[f:DoAsynNotifyInfoResponse],[l:2605],[TaskID(220659184),type(6),msg({"BandWidth":-2,"IsAd":1,"IsP2P":1,"VID":""}
05-27 14:25:50.595 E/playfilesourceNew( 3391): )!]
05-27 14:25:50.595 E/playfilesourceNew( 3391): HCDN_LOG: [T:3619][HINFO]:[f:DoAsynNotifyInfoResponse],[l:2605],[TaskID(3589828670),type(6),msg({"BandWidth":0,"IsAd":1,"IsP2P":1,"VID":""}
05-27 14:25:50.595 E/playfilesourceNew( 3391): )!]
05-27 14:25:50.604 I/audio_hw_hal_primary( 499): [audiohal_get_latency:1333] io 13: out:0xf3280740 frames:1152 rate:48000 whole_latency:24 alsa_latency:24
05-27 14:25:50.604 I/audio_hw_hal_primary( 499): [audiohal_get_latency:1333] io 13: out:0xf3280740 frames:1152 rate:48000 whole_latency:24 alsa_latency:24
05-27 14:25:50.616 I/CLog ( 3391): 2025-05-27 14:25:50.616 T:3595 DEBUG: qtp-load(17) QtpHttpHeaderFinishCallback reqid:48170093 adv_header:0
05-27 14:25:50.616 I/CLog ( 3391): 2025-05-27 14:25:50.616 T:3595 DEBUG: [17]RecordNewConnectCount, count:1
05-27 14:25:50.617 I/CLog ( 3391): 2025-05-27 14:25:50.616 T:3595 INFO: qtp-load(17) QtpHttpFinishCallback reqid:48170093
05-27 14:25:50.617 I/CLog ( 3391): 2025-05-27 14:25:50.617 T:3595 INFO: qtp-load(17): local:192.168.3.33 remote:124.237.225.21, DNS:770(ms) Connect:393(ms) SSL Connect:0(ms) Recv Data:525(ms) total:1937(ms), speed:0.00(KB/s)
05-27 14:25:50.617 I/CLog ( 3391): 2025-05-27 14:25:50.617 T:3595 INFO: qtp-load(17) QTPINFO_QTPFLOW_INFO: [1748327150616,id:48170093,ip:124.237.225.21,port:80,rt:0.770,ct:0.394,at:0.000,pt:0.395,st:0.525,tt:1.937,as:0.000,ts:0,rdt:0.000,ec:0,hc:200,hv:1,tp:fc>ld]
05-27 14:25:50.617 I/CLog ( 3391): 2025-05-27 14:25:50.617 T:3595 DEBUG: qtp-load(17), data-len:0, access-control-allow-credentials:true access-control-allow-headers:Accept,Authorization,Cache-Control,Content-Type,DNT,If-Modified-Since,Keep-Alive,Origin,User-Agent,X-Requested-With access-control-allow-methods:GET, POST, PUT, DELETE, OPTIONS connection:keep-alive content-length:0 content-type:text/html date:Tue, 27 May 2025 06:25:50 GMT server:nginx server_ip:124.237.225.21
05-27 14:25:50.617 I/CLog ( 3391): 2025-05-27 14:25:50.617 T:3595 INFO: qtp-load(17), err(0, 0), syserr(0), transerr(0), multi(0), easy(0), http(200)
05-27 14:25:50.617 I/CLog ( 3391): 2025-05-27 14:25:50.617 T:3595 INFO: qtp-load(17): success! url:http://msg.ptqy.gitv.tv/v5/core/pstat?ptid=14025032401000000000&pf=3&c1=2&c2=&lvbck=&r=4825528930037400&aid=5567532336805201&u=tv_a5d24680886b5f8eab7a993cc77a0ee1_1748316299384_5714770789&pu=6040457410&os=android_034-01-01&v=2.1403.1.241012&krv=5.1.0201&krvb=12785&hcdnv=10.2.3.5212&lnv=&mdlm=&ra1=1&ra2=-1&ra3=500&ra4=25&ra5=100&ra6=0&va=0&as=f35cdc93b05e4dd618975ac27f23b049&ve=0d135a3df32d187fd3eeb15a4183939b&islocal=0&ht=0&tpcd=&tpad=-1&drm_t=4&abr_t=0&abr_m=-1&abr_at=&abr_p=0_0&drm_v=3.1.0&drmlicsv=5&chipid=amlogic&mod=&nettype=11&ua_model=DBBOX-A3&rn=1748327148675&stime=1748327148675&vdurt=1984000&krus=tv_android_player&vpt=-100&p1=0&p2=0&pdc_src=-1&a_ra=&a_va=&prtype=0&smallplyrtp=&hwnp=&netmod=1&play_src=&mpi=&q_a=1&q_z=0&q_b=1&q_c=1_1&q_d=0_0&q_e=1_1&q_f=1_2_0&q_g=1_1&q_h=0_0&q_i=0_0_0&q_j=0_0&q_k=0_0_0&q_y=0
05-27 14:25:50.617 I/CLog ( 3391): 2025-05-27 14:25:50.617 T:3595 DEBUG: qtp-load(17): CheckLoadComplete exit
05-27 14:25:50.617 I/CLog ( 3391): 2025-05-27 14:25:50.617 T:3595 DEBUG: qtp-load(17) QtpHttpFinishCallback reqid:48170093 exit
05-27 14:25:50.617 I/CLog ( 3391): 2025-05-27 14:25:50.617 T:3607 INFO: qtp-load(17), reqid:48170093, timeout:3000, once_callback:1
05-27 14:25:50.618 I/CLog ( 3391): 2025-05-27 14:25:50.618 T:3607 DEBUG: CheckAndRegisterEventID, 0d135a3df32d187fd3eeb15a4183939b
05-27 14:25:50.618 I/CLog ( 3391): 2025-05-27 14:25:50.618 T:3607 INFO: qtp-load(18) - Load, http://msg.ptqy.gitv.tv/v5/core/qb?ptid=14025032401000000000&pf=3&c1=2&c2=&lvbck=&r=4825528930037400&aid=5567532336805201&u=tv_a5d24680886b5f8eab7a993cc77a0ee1_1748316299384_5714770789&pu=6040457410&os=android_034-01-01&v=2.1403.1.241012&krv=5.1.0201&krvb=12785&hcdnv=10.2.3.5212&lnv=&mdlm=&ra1=1&ra2=-1&ra3=500&ra4=25&ra5=100&ra6=0&va=0&as=f35cdc93b05e4dd618975ac27f23b049&ve=0d135a3df32d187fd3eeb15a4183939b&islocal=0&ht=0&tpcd=&tpad=-1&drm_t=4&abr_t=0&abr_m=-1&abr_at=&abr_p=0_0&drm_v=3.1.0&drmlicsv=5&chipid=amlogic&mod=&nettype=11&ua_model=DBBOX-A3&rn=1748327148676&stime=1748327148676&vdurt=1984000&krus=tv_android_player&vpt=-100&p1=0&p2=0&pdc_src=-1&a_ra=&a_va=&prtype=0&smallplyrtp=&hwnp=&netmod=1&play_src=&mpi=&starttm=3762527257596987792&sycb=0&firpictm=1391&sptype=15&prlst=-1&spyht=2&bpbytes=1018689&stuck5s=&mtype=3&bptm=2680&z=huoshancdn_ct&vfrmtp=1&a1=1437&b8=&b30=&b40=&b41=&b42=&b43=&b44=&b1=523&c11=120&c12=173&c13=272&c14=378&b2=626&c16=&c17
05-27 14:25:50.619 I/CLog ( 3391): 2025-05-27 14:25:50.619 T:3607 DEBUG: enter
05-27 14:25:50.619 W/q_h_c_s ( 3391): HCDN_LOG: [T:3607]MethodLog:1333,QTP SyncGet (reid: 48170095, url: http://msg.ptqy.gitv.tv/v5/core/qb?ptid=14025032401000000000&pf=3&c1=2&c2=&lvbck=&r=4825528930037400&aid=5567532336805201&u=tv_a5d24680886b5f8eab7a993cc77a0ee1_1748316299384_5714770789&pu=6040457410&os=android_034-01-01&v=2.1403.1.241012&krv=5.1.0201&krvb=12785&hcdnv=10.2.3.5212&lnv=&mdlm=&ra1=1&ra2=-1&ra3=500&ra4=25&ra5=100&ra6=0&va=0&as=f35cdc93b05e4dd618975ac27f23b049&ve=0d135a3df32d187fd3eeb15a4183939b&islocal=0&ht=0&tpcd=&tpad=-1&drm_t=4&abr_t=0&abr_m=-1&abr_at=&abr_p=0_0&drm_v=3.1.0&drmlicsv=5&chipid=amlogic&mod=&nettype=11&ua_model=DBBOX-A3&rn=1748327148676&stime=1748327148676&vdurt=1984000&krus=tv_android_player&vpt=-100&p1=0&p2=0&pdc_src=-1&a_ra=&a_va=&prtype=0&smallplyrtp=&hwnp=&netmod=1&play_src=&mpi=&starttm=3762527257596987792&sycb=0&firpictm=1391&sptype=15&prlst=-1&spyht=2&bpbytes=1018689&stuck5s=&mtype=3&bptm=2680&z=huoshancdn_ct&vfrmtp=1&a1=1437&b8=&b30=&b40=&b41=&b42=&b43=&b44=&b1=523&c11=120&c12=173&c13=272&c14=
05-27 14:25:50.619 W/q_h_c_s ( 3391): HCDN_LOG: 378&b2=626&c16=&c17=&c18=&c19=&b3=98&c21=30&c22=18&c23=30&c24=40&b4=632&c26=0&c27=8&c28=0&c29=60&b5=&c31=&c32=&c33=&c34=&b6=&c36=&c37=&c38=&c39=&b9=&c41=&c42=&c43=&c44=&b7=&c46=&c47=&c48=&c49=&b11=&c51=&c52=&c53=&c54=&b12=&c56=&c57=&c58=&c59=&b34=&c66=&c67=&c68=&c69=&b35=&c71=&c72=&c73=&c74=&b36=&c76=&c77=&c78=&c79=&b37=&c81=&c82=&c83=&c84=&b38=&c86=&c87=&c88=&c89=&b13=&c91=&c92=&c93=&c94=&b14=&c96=&c97=&c98=&c99=, connect: 5001, read: 3000, strict: 0, qtp: 1, module: 3001)
05-27 14:25:50.620 W/q_h_c_s ( 3391): HCDN_LOG: [T:3595]SetEasyOpt:1497,curl_easy_setopt CURLOPT_URL success: http://msg.ptqy.gitv.tv/v5/core/qb?ptid=14025032401000000000&pf=3&c1=2&c2=&lvbck=&r=4825528930037400&aid=5567532336805201&u=tv_a5d24680886b5f8eab7a993cc77a0ee1_1748316299384_5714770789&pu=6040457410&os=android_034-01-01&v=2.1403.1.241012&krv=5.1.0201&krvb=12785&hcdnv=10.2.3.5212&lnv=&mdlm=&ra1=1&ra2=-1&ra3=500&ra4=25&ra5=100&ra6=0&va=0&as=f35cdc93b05e4dd618975ac27f23b049&ve=0d135a3df32d187fd3eeb15a4183939b&islocal=0&ht=0&tpcd=&tpad=-1&drm_t=4&abr_t=0&abr_m=-1&abr_at=&abr_p=0_0&drm_v=3.1.0&drmlicsv=5&chipid=amlogic&mod=&nettype=11&ua_model=DBBOX-A3&rn=1748327148676&stime=1748327148676&vdurt=1984000&krus=tv_android_player&vpt=-100&p1=0&p2=0&pdc_src=-1&a_ra=&a_va=&prtype=0&smallplyrtp=&hwnp=&netmod=1&play_src=&mpi=&starttm=3762527257596987792&sycb=0&firpictm=1391&sptype=15&prlst=-1&spyht=2&bpbytes=1018689&stuck5s=&mtype=3&bptm=2680&z=huoshancdn_ct&vfrmtp=1&a1=1437&b8=&b30=&b40=&b41=&b42=&b43=&b44=&b1=523&c11=120&c12=173&c13=272
05-27 14:25:50.620 W/q_h_c_s ( 3391): HCDN_LOG: &c14=378&b2=626&c16=&c17=&c18=&c19=&b3=98&c21=30&c22=18&c23=30&c24=40&b4=632&c26=0&c27=8&c28=0&c29=60&b5=&c31=&c32=&c33=&c34=&b6=&c36=&c37=&c38=&c39=&b9=&c41=&c42=&c43=&c44=&b7=&c46=&c47=&c48=&c49=&b11=&c51=&c52=&c53=&c54=&b12=&c56=&c57=&c58=&c59=&b34=&c66=&c67=&c68=&c69=&b35=&c71=&c72=&c73=&c74=&b36=&c76=&c77=&c78=&c79=&b37=&c81=&c82=&c83=&c84=&b38=&c86=&c87=&c88=&c89=&b13=&c91=&c92=&c93=&c94=&b14=&c96=&c97=&c98=&c99= (reid: 48170095)
05-27 14:25:50.620 W/q_h_c_s ( 3391): HCDN_LOG: [T:3595]SetCurlTimeout:4095,curl_easy_setopt CURLOPT_CONNECTTIMEOUT_MS success (reid: 48170095, timeout: 5001)
05-27 14:25:50.620 W/q_h_c_s ( 3391): HCDN_LOG: [T:3595]SetCurlTimeout:4161,curl_easy_setopt CURLOPT_TIMEOUT_MS success (reid: 48170095, timeout: 3000)
05-27 14:25:50.620 W/q_h_c_s ( 3391): HCDN_LOG: [T:3595]AddToMultiHandle:1145,AddToMultiHandle reid: 48170095, taskid(0), moduleId(3001), offset(0), length(-1), CURL(0xeb3734b0), m_mapRun(1), m_mapReqId2EasyHandle(1), m_vecModuleRun(0,0,0,0,0,0,1,0,0)
05-27 14:25:50.624 D/XM_HIDREAD( 1928): poll ret=1, event=1
05-27 14:25:50.624 D/XM_HIDREAD( 1928): [9 bytes]:01 00 00 51 00 00 00 00 00
05-27 14:25:50.624 I/audio_hw_hal_primary( 499): [audiohal_get_latency:1333] io 13: out:0xf3280740 frames:1280 rate:48000 whole_latency:26 alsa_latency:26
05-27 14:25:50.624 I/audio_hw_hal_primary( 499): [audiohal_get_latency:1333] io 13: out:0xf3280740 frames:1280 rate:48000 whole_latency:26 alsa_latency:26
05-27 14:25:50.626 I/audio_hw_hal_primary( 499): [audiohal_get_latency:1333] io 13: out:0xf3280740 frames:1152 rate:48000 whole_latency:24 alsa_latency:24
05-27 14:25:50.629 I/SogouIME( 1501): onKeyDown: keyoCode=20
05-27 14:25:50.629 I/DefaultIMS( 1501): onKeyDown: keyoCode=20
05-27 14:25:50.668 I/audio_hw_hal_primary( 499): [audiohal_get_latency:1333] io 13: out:0xf3280740 frames:1280 rate:48000 whole_latency:26 alsa_latency:26
05-27 14:25:50.695 E/Hcdn_DeTask220659184( 3391): HCDN_LOG: [T:3627][HINFO]:[f:PostNotifyInfo],[l:248], notify type(6),info({"BandWidth":-2,"IsAd":1,"IsP2P":1,"VID":""}
05-27 14:25:50.695 E/Hcdn_DeTask220659184( 3391): )
05-27 14:25:50.696 E/Hcdn_DeTask3589828670( 3391): HCDN_LOG: [T:3627][HINFO]:[f:PostNotifyInfo],[l:248], notify type(6),info({"BandWidth":0,"IsAd":1,"IsP2P":1,"VID":""}
05-27 14:25:50.696 E/Hcdn_DeTask3589828670( 3391): )
05-27 14:25:50.696 E/playfilesourceNew( 3391): HCDN_LOG: [T:3619][HINFO]:[f:DoAsynNotifyInfoResponse],[l:2605],[TaskID(220659184),type(6),msg({"BandWidth":-2,"IsAd":1,"IsP2P":1,"VID":""}
05-27 14:25:50.696 E/playfilesourceNew( 3391): )!]
05-27 14:25:50.696 E/playfilesourceNew( 3391): HCDN_LOG: [T:3619][HINFO]:[f:DoAsynNotifyInfoResponse],[l:2605],[TaskID(3589828670),type(6),msg({"BandWidth":0,"IsAd":1,"IsP2P":1,"VID":""}
05-27 14:25:50.696 E/playfilesourceNew( 3391): )!]
05-27 14:25:50.710 I/audio_hw_hal_primary( 499): [audiohal_get_latency:1333] io 13: out:0xf3280740 frames:1280 rate:48000 whole_latency:26 alsa_latency:26
05-27 14:25:50.716 I/CLog ( 3391): 2025-05-27 14:25:50.715 T:3595 DEBUG: qtp-load(18) QtpHttpHeaderFinishCallback reqid:48170095 adv_header:0
05-27 14:25:50.716 I/CLog ( 3391): 2025-05-27 14:25:50.716 T:3595 DEBUG: [18]RecordNewConnectCount, count:0
05-27 14:25:50.716 I/CLog ( 3391): 2025-05-27 14:25:50.716 T:3595 INFO: qtp-load(18) QtpHttpFinishCallback reqid:48170095
05-27 14:25:50.716 I/CLog ( 3391): 2025-05-27 14:25:50.716 T:3595 INFO: qtp-load(18): local:192.168.3.33 remote:124.237.225.21, DNS:0(ms) Connect:0(ms) SSL Connect:0(ms) Recv Data:93(ms) total:95(ms), speed:0.00(KB/s)
05-27 14:25:50.717 I/CLog ( 3391): 2025-05-27 14:25:50.716 T:3595 INFO: qtp-load(18) QTPINFO_QTPFLOW_INFO: [1748327150715,id:48170095,ip:124.237.225.21,port:80,rt:0.001,ct:0.001,at:0.000,pt:0.001,st:0.094,tt:0.095,as:0.000,ts:0,rdt:0.000,ec:0,hc:200,hv:1,tp:ld]
05-27 14:25:50.717 I/CLog ( 3391): 2025-05-27 14:25:50.717 T:3595 DEBUG: qtp-load(18), data-len:0, access-control-allow-credentials:true access-control-allow-headers:Accept,Authorization,Cache-Control,Content-Type,DNT,If-Modified-Since,Keep-Alive,Origin,User-Agent,X-Requested-With access-control-allow-methods:GET, POST, PUT, DELETE, OPTIONS connection:keep-alive content-length:0 content-type:text/html date:Tue, 27 May 2025 06:25:50 GMT server:nginx server_ip:124.237.225.21
05-27 14:25:50.717 I/CLog ( 3391): 2025-05-27 14:25:50.717 T:3595 INFO: qtp-load(18), err(0, 0), syserr(0), transerr(0), multi(0), easy(0), http(200)
05-27 14:25:50.717 I/CLog ( 3391): 2025-05-27 14:25:50.717 T:3595 INFO: qtp-load(18): success! url:http://msg.ptqy.gitv.tv/v5/core/qb?ptid=14025032401000000000&pf=3&c1=2&c2=&lvbck=&r=4825528930037400&aid=5567532336805201&u=tv_a5d24680886b5f8eab7a993cc77a0ee1_1748316299384_5714770789&pu=6040457410&os=android_034-01-01&v=2.1403.1.241012&krv=5.1.0201&krvb=12785&hcdnv=10.2.3.5212&lnv=&mdlm=&ra1=1&ra2=-1&ra3=500&ra4=25&ra5=100&ra6=0&va=0&as=f35cdc93b05e4dd618975ac27f23b049&ve=0d135a3df32d187fd3eeb15a4183939b&islocal=0&ht=0&tpcd=&tpad=-1&drm_t=4&abr_t=0&abr_m=-1&abr_at=&abr_p=0_0&drm_v=3.1.0&drmlicsv=5&chipid=amlogic&mod=&nettype=11&ua_model=DBBOX-A3&rn=1748327148676&stime=1748327148676&vdurt=1984000&krus=tv_android_player&vpt=-100&p1=0&p2=0&pdc_src=-1&a_ra=&a_va=&prtype=0&smallplyrtp=&hwnp=&netmod=1&play_src=&mpi=&starttm=3762527257596987792&sycb=0&firpictm=1391&sptype=15&prlst=-1&spyht=2&bpbytes=1018689&stuck5s=&mtype=3&bptm=2680&z=huoshancdn_ct&vfrmtp=1&a1=1437&b8=&b30=&b40=&b41=&b42=&b43=&b44=&b1=523&c11=120&c12=173&c13=272&c14=378&b2=626&c1
05-27 14:25:50.717 I/CLog ( 3391): 2025-05-27 14:25:50.717 T:3595 DEBUG: qtp-load(18): CheckLoadComplete exit
05-27 14:25:50.718 I/CLog ( 3391): 2025-05-27 14:25:50.718 T:3595 DEBUG: qtp-load(18) QtpHttpFinishCallback reqid:48170095 exit
05-27 14:25:50.719 I/CLog ( 3391): 2025-05-27 14:25:50.719 T:3607 INFO: qtp-load(18), reqid:48170095, timeout:3000, once_callback:1
05-27 14:25:50.721 I/CLog ( 3391): 2025-05-27 14:25:50.721 T:3607 INFO: qtp-load(19) - Load, https://msg.ptqy.gitv.tv/core?t=11&ct=1506251_1&ptid=14025032401000000000&pf=3&c1=&c2=&lvbck=&r=7607440088367517&aid=&u=tv_a5d24680886b5f8eab7a993cc77a0ee1_1748316299384_5714770789&pu=6040457410&os=android_034-01-01&v=2.1403.1.241012&krv=5.1.0201&krvb=12785&hcdnv=10.2.3.5212&lnv=&mdlm=2&ra1=6&ra2=-1&ra3=600&ra4=25&ra5=100&ra6=0&va=0&as=42e0fecd9291c7d1e61e7eebdba91fdc&ve=0d135a3df32d187fd3eeb15a4183939b&islocal=&ht=0&tpcd=4&tpad=-1&drm_t=0&abr_t=0&abr_m=0&abr_at=&abr_p=0_0&chipid=amlogic&mod=&nettype=11&ua_model=DBBOX-A3&rn=1748327148677&stime=1748327148677&vdurt=15000&krus=tv_android_player&vpt=-100&p1=0&p2=0&pdc_src=-1&a_ra=&a_va=&prtype=&smallplyrtp=&hwnp=&netmod=1&play_src=&mpi=&tm1=15&cache_ra=5&idcache=2&idx=1&cache_t=&tmdif=92&adid=b7baa9bc8d0b1798d595e4a19ad3e8c6.mp4&nsd1=0&iskd=0&load_t=1&play_t=5&chy=&adpos=0
05-27 14:25:50.721 I/CLog ( 3391): 2025-05-27 14:25:50.721 T:3607 DEBUG: enter
05-27 14:25:50.721 W/q_h_c_s ( 3391): HCDN_LOG: [T:3607]MethodLog:1333,QTP SyncGet (reid: 48170096, url: https://msg.ptqy.gitv.tv/core?t=11&ct=1506251_1&ptid=14025032401000000000&pf=3&c1=&c2=&lvbck=&r=7607440088367517&aid=&u=tv_a5d24680886b5f8eab7a993cc77a0ee1_1748316299384_5714770789&pu=6040457410&os=android_034-01-01&v=2.1403.1.241012&krv=5.1.0201&krvb=12785&hcdnv=10.2.3.5212&lnv=&mdlm=2&ra1=6&ra2=-1&ra3=600&ra4=25&ra5=100&ra6=0&va=0&as=42e0fecd9291c7d1e61e7eebdba91fdc&ve=0d135a3df32d187fd3eeb15a4183939b&islocal=&ht=0&tpcd=4&tpad=-1&drm_t=0&abr_t=0&abr_m=0&abr_at=&abr_p=0_0&chipid=amlogic&mod=&nettype=11&ua_model=DBBOX-A3&rn=1748327148677&stime=1748327148677&vdurt=15000&krus=tv_android_player&vpt=-100&p1=0&p2=0&pdc_src=-1&a_ra=&a_va=&prtype=&smallplyrtp=&hwnp=&netmod=1&play_src=&mpi=&tm1=15&cache_ra=5&idcache=2&idx=1&cache_t=&tmdif=92&adid=b7baa9bc8d0b1798d595e4a19ad3e8c6.mp4&nsd1=0&iskd=0&load_t=1&play_t=5&chy=&adpos=0, connect: 5001, read: 3000, strict: 0, qtp: 1, module: 3001)
05-27 14:25:50.722 W/q_h_c_s ( 3391): HCDN_LOG: [T:3595]SetEasyOpt:1497,curl_easy_setopt CURLOPT_URL success: https://msg.ptqy.gitv.tv/core?t=11&ct=1506251_1&ptid=14025032401000000000&pf=3&c1=&c2=&lvbck=&r=7607440088367517&aid=&u=tv_a5d24680886b5f8eab7a993cc77a0ee1_1748316299384_5714770789&pu=6040457410&os=android_034-01-01&v=2.1403.1.241012&krv=5.1.0201&krvb=12785&hcdnv=10.2.3.5212&lnv=&mdlm=2&ra1=6&ra2=-1&ra3=600&ra4=25&ra5=100&ra6=0&va=0&as=42e0fecd9291c7d1e61e7eebdba91fdc&ve=0d135a3df32d187fd3eeb15a4183939b&islocal=&ht=0&tpcd=4&tpad=-1&drm_t=0&abr_t=0&abr_m=0&abr_at=&abr_p=0_0&chipid=amlogic&mod=&nettype=11&ua_model=DBBOX-A3&rn=1748327148677&stime=1748327148677&vdurt=15000&krus=tv_android_player&vpt=-100&p1=0&p2=0&pdc_src=-1&a_ra=&a_va=&prtype=&smallplyrtp=&hwnp=&netmod=1&play_src=&mpi=&tm1=15&cache_ra=5&idcache=2&idx=1&cache_t=&tmdif=92&adid=b7baa9bc8d0b1798d595e4a19ad3e8c6.mp4&nsd1=0&iskd=0&load_t=1&play_t=5&chy=&adpos=0 (reid: 48170096)
05-27 14:25:50.723 W/q_h_c_s ( 3391): HCDN_LOG: [T:3595]SetCurlTimeout:4095,curl_easy_setopt CURLOPT_CONNECTTIMEOUT_MS success (reid: 48170096, timeout: 5001)
05-27 14:25:50.723 W/q_h_c_s ( 3391): HCDN_LOG: [T:3595]SetCurlTimeout:4161,curl_easy_setopt CURLOPT_TIMEOUT_MS success (reid: 48170096, timeout: 3000)
05-27 14:25:50.723 W/q_h_c_s ( 3391): HCDN_LOG: [T:3595]AddToMultiHandle:1145,AddToMultiHandle reid: 48170096, taskid(0), moduleId(3001), offset(0), length(-1), CURL(0xeb3734b0), m_mapRun(1), m_mapReqId2EasyHandle(1), m_vecModuleRun(0,0,0,0,0,0,1,0,0)
05-27 14:25:50.732 E/ccc ( 1474): cccccc UpdateHelper onMessageReceived com.dangbei.haqusetting com.dangbei.etna.update {"action":"get","functionTag":"leaf_controller_function_controller_dangbei_update","value":0} com.dangbei.lerad.etna.aidl.IEtnaAidlCallback$Stub$Proxy@4c80e40
05-27 14:25:50.732 E/ccc ( 1474): cccccc 缓存获取遥控器版本 DB-15B-H5-R0111
05-27 14:25:50.735 E/ccc ( 1474): cccccc 请求电量缓存 100
05-27 14:25:50.752 I/audio_hw_hal_primary( 499): [audiohal_get_latency:1333] io 13: out:0xf3280740 frames:1024 rate:48000 whole_latency:21 alsa_latency:21
05-27 14:25:50.761 I/CLog ( 3391): 2025-05-27 14:25:50.761 T:3595 DEBUG: qtp-load(19) QtpHttpHeaderFinishCallback reqid:48170096 adv_header:0
05-27 14:25:50.761 I/CLog ( 3391): 2025-05-27 14:25:50.761 T:3595 DEBUG: [19]RecordNewConnectCount, count:0
05-27 14:25:50.761 I/CLog ( 3391): 2025-05-27 14:25:50.761 T:3595 INFO: qtp-load(19) QtpHttpFinishCallback reqid:48170096
05-27 14:25:50.761 I/CLog ( 3391): 2025-05-27 14:25:50.761 T:3595 INFO: qtp-load(19): local:192.168.3.33 remote:116.211.189.249, DNS:0(ms) Connect:0(ms) SSL Connect:0(ms) Recv Data:33(ms) total:37(ms), speed:0.00(KB/s)
05-27 14:25:50.761 I/CLog ( 3391): 2025-05-27 14:25:50.761 T:3595 INFO: qtp-load(19) QTPINFO_QTPFLOW_INFO: [1748327150761,id:48170096,ip:116.211.189.249,port:443,rt:0.001,ct:0.001,at:0.001,pt:0.002,st:0.034,tt:0.037,as:0.000,ts:0,rdt:0.000,ec:0,hc:200,hv:2,tp:ld]
05-27 14:25:50.761 I/CLog ( 3391): 2025-05-27 14:25:50.761 T:3595 DEBUG: qtp-load(19), data-len:0, access-control-allow-credentials:true access-control-allow-headers:Accept,Authorization,Cache-Control,Content-Type,DNT,If-Modified-Since,Keep-Alive,Origin,User-Agent,X-Requested-With access-control-allow-methods:GET, POST, PUT, DELETE, OPTIONS content-length:0 content-type:text/html date:Tue, 27 May 2025 06:25:50 GMT server:nginx server_ip:116.211.189.249
05-27 14:25:50.762 I/CLog ( 3391): 2025-05-27 14:25:50.762 T:3595 INFO: qtp-load(19), err(0, 0), syserr(0), transerr(0), multi(0), easy(0), http(200)
05-27 14:25:50.762 I/CLog ( 3391): 2025-05-27 14:25:50.762 T:3595 INFO: qtp-load(19): success! url:https://msg.ptqy.gitv.tv/core?t=11&ct=1506251_1&ptid=14025032401000000000&pf=3&c1=&c2=&lvbck=&r=7607440088367517&aid=&u=tv_a5d24680886b5f8eab7a993cc77a0ee1_1748316299384_5714770789&pu=6040457410&os=android_034-01-01&v=2.1403.1.241012&krv=5.1.0201&krvb=12785&hcdnv=10.2.3.5212&lnv=&mdlm=2&ra1=6&ra2=-1&ra3=600&ra4=25&ra5=100&ra6=0&va=0&as=42e0fecd9291c7d1e61e7eebdba91fdc&ve=0d135a3df32d187fd3eeb15a4183939b&islocal=&ht=0&tpcd=4&tpad=-1&drm_t=0&abr_t=0&abr_m=0&abr_at=&abr_p=0_0&chipid=amlogic&mod=&nettype=11&ua_model=DBBOX-A3&rn=1748327148677&stime=1748327148677&vdurt=15000&krus=tv_android_player&vpt=-100&p1=0&p2=0&pdc_src=-1&a_ra=&a_va=&prtype=&smallplyrtp=&hwnp=&netmod=1&play_src=&mpi=&tm1=15&cache_ra=5&idcache=2&idx=1&cache_t=&tmdif=92&adid=b7baa9bc8d0b1798d595e4a19ad3e8c6.mp4&nsd1=0&iskd=0&load_t=1&play_t=5&chy=&adpos=0
05-27 14:25:50.762 I/CLog ( 3391): 2025-05-27 14:25:50.762 T:3595 DEBUG: qtp-load(19): CheckLoadComplete exit
05-27 14:25:50.762 I/CLog ( 3391): 2025-05-27 14:25:50.762 T:3595 DEBUG: qtp-load(19) QtpHttpFinishCallback reqid:48170096 exit
05-27 14:25:50.762 I/CLog ( 3391): 2025-05-27 14:25:50.762 T:3607 INFO: qtp-load(19), reqid:48170096, timeout:3000, once_callback:1
05-27 14:25:50.762 I/CLog ( 3391): 2025-05-27 14:25:50.762 T:3607 INFO: qtp-load(20) - Load, https://msg.ptqy.gitv.tv/core?t=11&ct=adend&ptid=14025032401000000000&pf=3&c1=&c2=&lvbck=&r=&aid=&u=tv_a5d24680886b5f8eab7a993cc77a0ee1_1748316299384_5714770789&pu=6040457410&os=android_034-01-01&v=2.1403.1.241012&krv=5.1.0201&krvb=12785&hcdnv=10.2.3.5212&lnv=&mdlm=&ra1=&ra2=&ra3=&ra4=&ra5=&ra6=&va=0&as=25173e1a1cd20ff5b973e1147515bd04&ve=0d135a3df32d187fd3eeb15a4183939b&islocal=&ht=0&tpcd=&tpad=-1&drm_t=0&abr_t=0&abr_m=0&abr_at=&abr_p=0_0&chipid=amlogic&mod=&nettype=11&ua_model=DBBOX-A3&rn=1748327148677&stime=1748327148677&vdurt=&krus=tv_android_player&vpt=-100&p1=0&p2=0&pdc_src=-1&a_ra=&a_va=&prtype=&smallplyrtp=&hwnp=&netmod=1&play_src=&mpi=&adpos=0
05-27 14:25:50.763 I/CLog ( 3391): 2025-05-27 14:25:50.763 T:3607 DEBUG: enter
05-27 14:25:50.763 W/q_h_c_s ( 3391): HCDN_LOG: [T:3607]MethodLog:1333,QTP SyncGet (reid: 48170097, url: https://msg.ptqy.gitv.tv/core?t=11&ct=adend&ptid=14025032401000000000&pf=3&c1=&c2=&lvbck=&r=&aid=&u=tv_a5d24680886b5f8eab7a993cc77a0ee1_1748316299384_5714770789&pu=6040457410&os=android_034-01-01&v=2.1403.1.241012&krv=5.1.0201&krvb=12785&hcdnv=10.2.3.5212&lnv=&mdlm=&ra1=&ra2=&ra3=&ra4=&ra5=&ra6=&va=0&as=25173e1a1cd20ff5b973e1147515bd04&ve=0d135a3df32d187fd3eeb15a4183939b&islocal=&ht=0&tpcd=&tpad=-1&drm_t=0&abr_t=0&abr_m=0&abr_at=&abr_p=0_0&chipid=amlogic&mod=&nettype=11&ua_model=DBBOX-A3&rn=1748327148677&stime=1748327148677&vdurt=&krus=tv_android_player&vpt=-100&p1=0&p2=0&pdc_src=-1&a_ra=&a_va=&prtype=&smallplyrtp=&hwnp=&netmod=1&play_src=&mpi=&adpos=0, connect: 5001, read: 3000, strict: 0, qtp: 1, module: 3001)
05-27 14:25:50.764 W/q_h_c_s ( 3391): HCDN_LOG: [T:3595]SetEasyOpt:1497,curl_easy_setopt CURLOPT_URL success: https://msg.ptqy.gitv.tv/core?t=11&ct=adend&ptid=14025032401000000000&pf=3&c1=&c2=&lvbck=&r=&aid=&u=tv_a5d24680886b5f8eab7a993cc77a0ee1_1748316299384_5714770789&pu=6040457410&os=android_034-01-01&v=2.1403.1.241012&krv=5.1.0201&krvb=12785&hcdnv=10.2.3.5212&lnv=&mdlm=&ra1=&ra2=&ra3=&ra4=&ra5=&ra6=&va=0&as=25173e1a1cd20ff5b973e1147515bd04&ve=0d135a3df32d187fd3eeb15a4183939b&islocal=&ht=0&tpcd=&tpad=-1&drm_t=0&abr_t=0&abr_m=0&abr_at=&abr_p=0_0&chipid=amlogic&mod=&nettype=11&ua_model=DBBOX-A3&rn=1748327148677&stime=1748327148677&vdurt=&krus=tv_android_player&vpt=-100&p1=0&p2=0&pdc_src=-1&a_ra=&a_va=&prtype=&smallplyrtp=&hwnp=&netmod=1&play_src=&mpi=&adpos=0 (reid: 48170097)
05-27 14:25:50.764 W/q_h_c_s ( 3391): HCDN_LOG: [T:3595]SetCurlTimeout:4095,curl_easy_setopt CURLOPT_CONNECTTIMEOUT_MS success (reid: 48170097, timeout: 5001)
05-27 14:25:50.765 W/q_h_c_s ( 3391): HCDN_LOG: [T:3595]SetCurlTimeout:4161,curl_easy_setopt CURLOPT_TIMEOUT_MS success (reid: 48170097, timeout: 3000)
05-27 14:25:50.765 W/q_h_c_s ( 3391): HCDN_LOG: [T:3595]AddToMultiHandle:1145,AddToMultiHandle reid: 48170097, taskid(0), moduleId(3001), offset(0), length(-1), CURL(0xeb3734b0), m_mapRun(1), m_mapReqId2EasyHandle(1), m_vecModuleRun(0,0,0,0,0,0,1,0,0)
05-27 14:25:50.795 I/audio_hw_hal_primary( 499): [audiohal_get_latency:1333] io 13: out:0xf3280740 frames:1280 rate:48000 whole_latency:26 alsa_latency:26
05-27 14:25:50.795 D/audioserver( 543): logFgsApiEnd: FGS Logger Transaction failed, -129
05-27 14:25:50.796 E/Hcdn_DeTask220659184( 3391): HCDN_LOG: [T:3627][HINFO]:[f:PostNotifyInfo],[l:248], notify type(6),info({"BandWidth":-2,"IsAd":1,"IsP2P":1,"VID":""}
05-27 14:25:50.796 E/Hcdn_DeTask220659184( 3391): )
05-27 14:25:50.796 I/audio_hw_hal_primary( 499): out_update_source_metadata_v7() line 2013 usage:1 content_type:2
05-27 14:25:50.796 E/Hcdn_DeTask3589828670( 3391): HCDN_LOG: [T:3627][HINFO]:[f:PostNotifyInfo],[l:248], notify type(6),info({"BandWidth":0,"IsAd":1,"IsP2P":1,"VID":""}
05-27 14:25:50.796 E/Hcdn_DeTask3589828670( 3391): )
05-27 14:25:50.797 E/playfilesourceNew( 3391): HCDN_LOG: [T:3619][HINFO]:[f:DoAsynNotifyInfoResponse],[l:2605],[TaskID(220659184),type(6),msg({"BandWidth":-2,"IsAd":1,"IsP2P":1,"VID":""}
05-27 14:25:50.797 E/playfilesourceNew( 3391): )!]
05-27 14:25:50.797 E/playfilesourceNew( 3391): HCDN_LOG: [T:3619][HINFO]:[f:DoAsynNotifyInfoResponse],[l:2605],[TaskID(3589828670),type(6),msg({"BandWidth":0,"IsAd":1,"IsP2P":1,"VID":""}
05-27 14:25:50.797 E/playfilesourceNew( 3391): )!]
05-27 14:25:50.810 D/ConnectivityService( 704): requestNetwork for uid/pid:1000/3250 activeRequest: null callbackRequest: 73 [NetworkRequest [ REQUEST id=74, [ Capabilities: INTERNET&NOT_RESTRICTED&TRUSTED&NOT_VCN_MANAGED Uid: 1000 RequestorUid: 1000 RequestorPkg: com.dangbei.haqusetting UnderlyingNetworks: Null] ]] callback flags: 0 order: 2147483647
05-27 14:25:50.814 D/WifiNetworkFactory( 704): got request NetworkRequest [ REQUEST id=74, [ Capabilities: INTERNET&NOT_RESTRICTED&TRUSTED&NOT_VCN_MANAGED Uid: 1000 RequestorUid: 1000 RequestorPkg: com.dangbei.haqusetting UnderlyingNetworks: Null] ]
05-27 14:25:50.815 D/UntrustedWifiNetworkFactory( 704): got request NetworkRequest [ REQUEST id=74, [ Capabilities: INTERNET&NOT_RESTRICTED&TRUSTED&NOT_VCN_MANAGED Uid: 1000 RequestorUid: 1000 RequestorPkg: com.dangbei.haqusetting UnderlyingNetworks: Null] ]
05-27 14:25:50.815 D/OemPaidWifiNetworkFactory( 704): got request NetworkRequest [ REQUEST id=74, [ Capabilities: INTERNET&NOT_RESTRICTED&TRUSTED&NOT_VCN_MANAGED Uid: 1000 RequestorUid: 1000 RequestorPkg: com.dangbei.haqusetting UnderlyingNetworks: Null] ]
05-27 14:25:50.815 D/MultiInternetWifiNetworkFactory( 704): got request NetworkRequest [ REQUEST id=74, [ Capabilities: INTERNET&NOT_RESTRICTED&TRUSTED&NOT_VCN_MANAGED Uid: 1000 RequestorUid: 1000 RequestorPkg: com.dangbei.haqusetting UnderlyingNetworks: Null] ]
05-27 14:25:50.815 D/ConnectivityService( 704): NetReassign [74 : null → 100] [c 0] [a 1] [i 2]
05-27 14:25:50.814 I/cling--ap-3( 1793): type=1400 audit(0.0:2148): avc: denied { read } for name="address" dev="sysfs" ino=22126 scontext=u:r:untrusted_app_27:s0:c43,c256,c512,c768 tcontext=u:object_r:sysfs_net:s0 tclass=file permissive=1 app=com.dangbei.screencast
05-27 14:25:50.814 I/cling--ap-3( 1793): type=1400 audit(0.0:2149): avc: denied { open } for path="/sys/devices/virtual/net/dummy0/address" dev="sysfs" ino=22126 scontext=u:r:untrusted_app_27:s0:c43,c256,c512,c768 tcontext=u:object_r:sysfs_net:s0 tclass=file permissive=1 app=com.dangbei.screencast
05-27 14:25:50.821 I/DefaultIMS( 1501): onStartInput attribute=android.view.inputmethod.EditorInfo@71a8e3e restarting=false inputType: 0
05-27 14:25:50.814 I/cling--ap-3( 1793): type=1400 audit(0.0:2150): avc: denied { getattr } for path="/sys/devices/virtual/net/dummy0/address" dev="sysfs" ino=22126 scontext=u:r:untrusted_app_27:s0:c43,c256,c512,c768 tcontext=u:object_r:sysfs_net:s0 tclass=file permissive=1 app=com.dangbei.screencast
05-27 14:25:50.838 I/audio_hw_hal_primary( 499): [audiohal_get_latency:1333] io 13: out:0xf3280740 frames:1024 rate:48000 whole_latency:21 alsa_latency:21
05-27 14:25:50.859 I/audio_hw_hal_primary( 499): [audiohal_get_latency:1333] io 13: out:0xf3280740 frames:1280 rate:48000 whole_latency:26 alsa_latency:26
05-27 14:25:50.875 D/bbb ( 1639): onStartCommand begin !!!!!!! data分区剩余 52604MB
05-27 14:25:50.880 I/audio_hw_hal_primary( 499): [audiohal_get_latency:1333] io 13: out:0xf3280740 frames:1024 rate:48000 whole_latency:21 alsa_latency:21
05-27 14:25:50.894 V/WindowManagerShell( 990): Transition animation finished (aborted=false), notifying core (#7)android.os.BinderProxy@69e1eb7@0
05-27 14:25:50.896 V/WindowManager( 704): Finish Transition #7: created at
05-27 14:25:50.360 collect-started=0.108ms request-sent=10.477ms started=14.395ms ready=22.318ms sent=110.723ms finished=535.622ms
05-27 14:25:50.899 V/WindowManagerShell( 990): Track 0 became idle
05-27 14:25:50.899 V/WindowManagerShell( 990): All active transition animations finished
05-27 14:25:50.900 E/Hcdn_DeTask220659184( 3391): HCDN_LOG: [T:3627][HINFO]:[f:PostNotifyInfo],[l:248], notify type(6),info({"BandWidth":-2,"IsAd":1,"IsP2P":1,"VID":""}
05-27 14:25:50.900 E/Hcdn_DeTask220659184( 3391): )
05-27 14:25:50.900 E/Hcdn_DeTask3589828670( 3391): HCDN_LOG: [T:3627][HINFO]:[f:PostNotifyInfo],[l:248], notify type(6),info({"BandWidth":-2,"IsAd":1,"IsP2P":1,"VID":""}
05-27 14:25:50.900 E/Hcdn_DeTask3589828670( 3391): )
05-27 14:25:50.900 E/playfilesourceNew( 3391): HCDN_LOG: [T:3619][HINFO]:[f:DoAsynNotifyInfoResponse],[l:2605],[TaskID(220659184),type(6),msg({"BandWidth":-2,"IsAd":1,"IsP2P":1,"VID":""}
05-27 14:25:50.900 E/playfilesourceNew( 3391): )!]
05-27 14:25:50.900 E/playfilesourceNew( 3391): HCDN_LOG: [T:3619][HINFO]:[f:DoAsynNotifyInfoResponse],[l:2605],[TaskID(3589828670),type(6),msg({"BandWidth":-2,"IsAd":1,"IsP2P":1,"VID":""}
05-27 14:25:50.900 E/playfilesourceNew( 3391): )!]
05-27 14:25:50.902 I/audio_hw_hal_primary( 499): [audiohal_get_latency:1333] io 13: out:0xf3280740 frames:1280 rate:48000 whole_latency:26 alsa_latency:26
05-27 14:25:50.915 I/TvUniPlayer/UniPlayer@52ede0f( 3391): in handleMessage event:10000
05-27 14:25:50.923 I/audio_hw_hal_primary( 499): [audiohal_get_latency:1333] io 13: out:0xf3280740 frames:1280 rate:48000 whole_latency:26 alsa_latency:26
05-27 14:25:50.944 I/audio_hw_hal_primary( 499): [audiohal_get_latency:1333] io 13: out:0xf3280740 frames:1280 rate:48000 whole_latency:26 alsa_latency:26
05-27 14:25:50.967 I/audio_hw_hal_primary( 499): [audiohal_get_latency:1333] io 13: out:0xf3280740 frames:1280 rate:48000 whole_latency:26 alsa_latency:26
05-27 14:25:50.970 I/CLog ( 3391): 2025-05-27 14:25:50.970 T:3595 DEBUG: qtp-load(20) QtpHttpHeaderFinishCallback reqid:48170097 adv_header:0
05-27 14:25:50.971 I/CLog ( 3391): 2025-05-27 14:25:50.970 T:3595 DEBUG: [20]RecordNewConnectCount, count:0
05-27 14:25:50.971 I/CLog ( 3391): 2025-05-27 14:25:50.971 T:3595 INFO: qtp-load(20) QtpHttpFinishCallback reqid:48170097
05-27 14:25:50.971 I/CLog ( 3391): 2025-05-27 14:25:50.971 T:3595 INFO: qtp-load(20): local:192.168.3.33 remote:116.211.189.249, DNS:0(ms) Connect:0(ms) SSL Connect:0(ms) Recv Data:201(ms) total:205(ms), speed:0.00(KB/s)
05-27 14:25:50.971 I/CLog ( 3391): 2025-05-27 14:25:50.971 T:3595 INFO: qtp-load(20) QTPINFO_QTPFLOW_INFO: [1748327150970,id:48170097,ip:116.211.189.249,port:443,rt:0.001,ct:0.001,at:0.001,pt:0.002,st:0.201,tt:0.205,as:0.000,ts:0,rdt:0.000,ec:0,hc:200,hv:2,tp:ld]
05-27 14:25:50.971 I/CLog ( 3391): 2025-05-27 14:25:50.971 T:3595 DEBUG: qtp-load(20), data-len:0, access-control-allow-credentials:true access-control-allow-headers:Accept,Authorization,Cache-Control,Content-Type,DNT,If-Modified-Since,Keep-Alive,Origin,User-Agent,X-Requested-With access-control-allow-methods:GET, POST, PUT, DELETE, OPTIONS content-length:0 content-type:text/html date:Tue, 27 May 2025 06:25:50 GMT server:nginx server_ip:116.211.189.249
05-27 14:25:50.971 I/CLog ( 3391): 2025-05-27 14:25:50.971 T:3595 INFO: qtp-load(20), err(0, 0), syserr(0), transerr(0), multi(0), easy(0), http(200)
05-27 14:25:50.971 I/CLog ( 3391): 2025-05-27 14:25:50.971 T:3595 INFO: qtp-load(20): success! url:https://msg.ptqy.gitv.tv/core?t=11&ct=adend&ptid=14025032401000000000&pf=3&c1=&c2=&lvbck=&r=&aid=&u=tv_a5d24680886b5f8eab7a993cc77a0ee1_1748316299384_5714770789&pu=6040457410&os=android_034-01-01&v=2.1403.1.241012&krv=5.1.0201&krvb=12785&hcdnv=10.2.3.5212&lnv=&mdlm=&ra1=&ra2=&ra3=&ra4=&ra5=&ra6=&va=0&as=25173e1a1cd20ff5b973e1147515bd04&ve=0d135a3df32d187fd3eeb15a4183939b&islocal=&ht=0&tpcd=&tpad=-1&drm_t=0&abr_t=0&abr_m=0&abr_at=&abr_p=0_0&chipid=amlogic&mod=&nettype=11&ua_model=DBBOX-A3&rn=1748327148677&stime=1748327148677&vdurt=&krus=tv_android_player&vpt=-100&p1=0&p2=0&pdc_src=-1&a_ra=&a_va=&prtype=&smallplyrtp=&hwnp=&netmod=1&play_src=&mpi=&adpos=0
05-27 14:25:50.971 I/CLog ( 3391): 2025-05-27 14:25:50.971 T:3595 DEBUG: qtp-load(20): CheckLoadComplete exit
05-27 14:25:50.971 I/CLog ( 3391): 2025-05-27 14:25:50.971 T:3595 DEBUG: qtp-load(20) QtpHttpFinishCallback reqid:48170097 exit
05-27 14:25:50.972 I/CLog ( 3391): 2025-05-27 14:25:50.972 T:3607 INFO: qtp-load(20), reqid:48170097, timeout:3000, once_callback:1
05-27 14:25:50.987 V/MesonDisplayServer( 300): GetDisplayMode:smpte50hz
05-27 14:25:50.988 I/audio_hw_hal_primary( 499): [audiohal_get_latency:1333] io 13: out:0xf3280740 frames:1152 rate:48000 whole_latency:24 alsa_latency:24
05-27 14:25:50.989 D/MesonDisplayServer( 300): use connector getDisplayAttribute "HDMI Color ATTR": "420,10bit"
05-27 14:25:50.990 I/SystemControl( 326): [/DisplayMode.cpp, getDeepColorAttr, 2290] getDeepColorAttr colorspace:420,10bit
05-27 14:25:50.990 I/SystemControl( 326): get deep color attr mode smpte50hz, value 420,10bit
05-27 14:25:50.991 E/ccc ( 1474): cccccc ColorHelper current get YCbCr 4:2:0 10-bit
05-27 14:25:50.999 V/MesonDisplayServer( 300): GetDisplayMode:smpte50hz
05-27 14:25:51.000 E/Hcdn_DeTask220659184( 3391): HCDN_LOG: [T:3627][HINFO]:[f:PostNotifyInfo],[l:248], notify type(6),info({"BandWidth":-2,"IsAd":1,"IsP2P":1,"VID":""}
05-27 14:25:51.000 E/Hcdn_DeTask220659184( 3391): )
05-27 14:25:51.000 D/MesonDisplayServer( 300): use connector getDisplayAttribute "HDMI Color ATTR": "420,10bit"
05-27 14:25:51.000 E/Hcdn_DeTask3589828670( 3391): HCDN_LOG: [T:3627][HINFO]:[f:PostNotifyInfo],[l:248], notify type(6),info({"BandWidth":-2,"IsAd":1,"IsP2P":1,"VID":""}
05-27 14:25:51.000 E/Hcdn_DeTask3589828670( 3391): )
05-27 14:25:51.000 E/playfilesourceNew( 3391): HCDN_LOG: [T:3619][HINFO]:[f:DoAsynNotifyInfoResponse],[l:2605],[TaskID(220659184),type(6),msg({"BandWidth":-2,"IsAd":1,"IsP2P":1,"VID":""}
05-27 14:25:51.000 E/playfilesourceNew( 3391): )!]
05-27 14:25:51.000 E/playfilesourceNew( 3391): HCDN_LOG: [T:3619][HINFO]:[f:DoAsynNotifyInfoResponse],[l:2605],[TaskID(3589828670),type(6),msg({"BandWidth":-2,"IsAd":1,"IsP2P":1,"VID":""}
05-27 14:25:51.000 E/playfilesourceNew( 3391): )!]
05-27 14:25:51.001 I/SystemControl( 326): [/DisplayMode.cpp, getDeepColorAttr, 2290] getDeepColorAttr colorspace:420,10bit
05-27 14:25:51.001 I/SystemControl( 326): get deep color attr mode smpte50hz, value 420,10bit
05-27 14:25:51.001 E/ccc ( 1474): cccccc ColorHelper current get YCbCr 4:2:0 10-bit
05-27 14:25:51.008 I/audio_hw_hal_primary( 499): [audiohal_get_latency:1333] io 13: out:0xf3280740 frames:1024 rate:48000 whole_latency:21 alsa_latency:21
05-27 14:25:51.046 I/SogouIME( 1501): onKeyDown: keyoCode=20
05-27 14:25:51.046 I/DefaultIMS( 1501): onKeyDown: keyoCode=20
05-27 14:25:51.094 I/audio_hw_hal_primary( 499): [register_audio_patch:8215] Patch 3:id:3 mix(io:13)->dev_0[OUT_HDMI(id:22)] found, register the same patch, do nothing.
05-27 14:25:51.094 I/audio_hw_hal_primary( 499): [adev_create_audio_patch:8316] Patch 3: MIX->DEVICE, num_src:1 num_sink:1 patch_src:INVAL
05-27 14:25:51.094 I/audio_hw_hal_primary( 499): [adev_create_audio_patch:8320] sink[0]: OUT_HDMI(id:22)
05-27 14:25:51.094 I/audio_hw_hal_primary( 499): [adev_create_audio_patch:8377] Patch 3: mix(io:13) -> dev[OUT_HDMI(id:22)]
05-27 14:25:51.094 D/UEventObserver( 1008): change@/devices/platform/auge_sound/sound/card0/controlC0ACTION=changeDEVPATH=/devices/platform/auge_sound/sound/card0/controlC0SUBSYSTEM=soundAUDIO_FORMAT=0MAJOR=116MINOR=13DEVNAME=snd/controlC0SEQNUM=3685
05-27 14:25:51.094 I/audio_hw_hal_primary( 499): [adev_create_audio_patch:8445] dev=0xf3340010 cur_out_device=0x400
05-27 14:25:51.095 D/audioserver( 543): logFgsApiEnd: FGS Logger Transaction failed, -129
05-27 14:25:51.095 D/audioserver( 543): logFgsApiBegin: FGS Logger Transaction failed, -129
05-27 14:25:51.094 I/xm_hidread( 1928): type=1400 audit(0.0:2151): avc: denied { read } for scontext=u:r:init:s0 tcontext=u:r:init:s0 tclass=netlink_kobject_uevent_socket permissive=1
05-27 14:25:51.097 I/audio_hw_hal_primary( 499): out_update_source_metadata_v7() line 2013 usage:1 content_type:2
05-27 14:25:51.101 E/Hcdn_DeTask220659184( 3391): HCDN_LOG: [T:3627][HINFO]:[f:PostNotifyInfo],[l:248], notify type(6),info({"BandWidth":-2,"IsAd":1,"IsP2P":1,"VID":""}
05-27 14:25:51.101 E/Hcdn_DeTask220659184( 3391): )
05-27 14:25:51.101 E/Hcdn_DeTask3589828670( 3391): HCDN_LOG: [T:3627][HINFO]:[f:PostNotifyInfo],[l:248], notify type(6),info({"BandWidth":-2,"IsAd":1,"IsP2P":1,"VID":""}
05-27 14:25:51.101 E/Hcdn_DeTask3589828670( 3391): )
05-27 14:25:51.101 E/playfilesourceNew( 3391): HCDN_LOG: [T:3619][HINFO]:[f:DoAsynNotifyInfoResponse],[l:2605],[TaskID(220659184),type(6),msg({"BandWidth":-2,"IsAd":1,"IsP2P":1,"VID":""}
05-27 14:25:51.101 E/playfilesourceNew( 3391): )!]
05-27 14:25:51.101 E/playfilesourceNew( 3391): HCDN_LOG: [T:3619][HINFO]:[f:DoAsynNotifyInfoResponse],[l:2605],[TaskID(3589828670),type(6),msg({"BandWidth":-2,"IsAd":1,"IsP2P":1,"VID":""}
05-27 14:25:51.101 E/playfilesourceNew( 3391): )!]
05-27 14:25:51.101 D/audioserver( 543): logFgsApiBegin: FGS Logger Transaction failed, -129
05-27 14:25:51.102 D/audioserver( 543): logFgsApiBegin: FGS Logger Transaction failed, -129
05-27 14:25:51.105 I/SogouIME( 1501): onKeyDown: keyoCode=20
05-27 14:25:51.105 I/DefaultIMS( 1501): onKeyDown: keyoCode=20
05-27 14:25:51.110 D/audioserver( 543): logFgsApiBegin: FGS Logger Transaction failed, -129
05-27 14:25:51.132 W/AudioFlinger( 543): createTrack_l(): mismatch between requested flags (00000004) and output flags (00000002)
05-27 14:25:51.135 I/audio_hw_hal_primary( 499): [audiohal_get_latency:1333] io 13: out:0xf3280740 frames:1024 rate:48000 whole_latency:21 alsa_latency:21
05-27 14:25:51.137 I/audio_hw_hal_primary( 499): out_update_source_metadata_v7() line 2013 usage:13 content_type:4
05-27 14:25:51.139 D/audioserver( 543): logFgsApiBegin: FGS Logger Transaction failed, -129
05-27 14:25:51.140 I/SogouIME( 1501): onKeyDown: keyoCode=20
05-27 14:25:51.140 I/DefaultIMS( 1501): onKeyDown: keyoCode=20
05-27 14:25:51.146 W/AudioFlinger( 543): createTrack_l(): mismatch between requested flags (00000004) and output flags (00000002)
05-27 14:25:51.148 I/audio_hw_hal_primary( 499): [audiohal_get_latency:1333] io 13: out:0xf3280740 frames:1152 rate:48000 whole_latency:24 alsa_latency:24
05-27 14:25:51.151 D/audioserver( 543): logFgsApiBegin: FGS Logger Transaction failed, -129
05-27 14:25:51.178 I/SogouIME( 1501): onKeyDown: keyoCode=20
05-27 14:25:51.178 I/DefaultIMS( 1501): onKeyDown: keyoCode=20
05-27 14:25:51.180 I/audio_hw_hal_primary( 499): out_update_source_metadata_v7() line 2013 usage:13 content_type:4
05-27 14:25:51.184 W/AudioFlinger( 543): createTrack_l(): mismatch between requested flags (00000004) and output flags (00000002)
05-27 14:25:51.186 I/audio_hw_hal_primary( 499): [audiohal_get_latency:1333] io 13: out:0xf3280740 frames:1152 rate:48000 whole_latency:24 alsa_latency:24
05-27 14:25:51.188 D/audioserver( 543): logFgsApiBegin: FGS Logger Transaction failed, -129
05-27 14:25:51.201 E/Hcdn_DeTask220659184( 3391): HCDN_LOG: [T:3627][HINFO]:[f:PostNotifyInfo],[l:248], notify type(6),info({"BandWidth":-2,"IsAd":1,"IsP2P":1,"VID":""}
05-27 14:25:51.201 E/Hcdn_DeTask220659184( 3391): )
05-27 14:25:51.201 E/Hcdn_DeTask3589828670( 3391): HCDN_LOG: [T:3627][HINFO]:[f:PostNotifyInfo],[l:248], notify type(6),info({"BandWidth":-2,"IsAd":1,"IsP2P":1,"VID":""}
05-27 14:25:51.201 E/Hcdn_DeTask3589828670( 3391): )
05-27 14:25:51.201 E/playfilesourceNew( 3391): HCDN_LOG: [T:3619][HINFO]:[f:DoAsynNotifyInfoResponse],[l:2605],[TaskID(220659184),type(6),msg({"BandWidth":-2,"IsAd":1,"IsP2P":1,"VID":""}
05-27 14:25:51.201 E/playfilesourceNew( 3391): )!]
05-27 14:25:51.201 E/playfilesourceNew( 3391): HCDN_LOG: [T:3619][HINFO]:[f:DoAsynNotifyInfoResponse],[l:2605],[TaskID(3589828670),type(6),msg({"BandWidth":-2,"IsAd":1,"IsP2P":1,"VID":""}
05-27 14:25:51.201 E/playfilesourceNew( 3391): )!]
05-27 14:25:51.222 E/PersistableBundle( 543): Failed at frameworks/native/libs/binder/PersistableBundle.cpp:160 (erase)
05-27 14:25:51.223 I/audio_hw_hal_primary( 499): out_update_source_metadata_v7() line 2013 usage:13 content_type:4
05-27 14:25:51.229 I/SogouIME( 1501): onKeyDown: keyoCode=20
05-27 14:25:51.229 I/DefaultIMS( 1501): onKeyDown: keyoCode=20
05-27 14:25:51.264 I/audio_hw_hal_primary( 499): [audiohal_get_latency:1333] io 13: out:0xf3280740 frames:1280 rate:48000 whole_latency:26 alsa_latency:26
05-27 14:25:51.279 I/SogouIME( 1501): onKeyDown: keyoCode=20
05-27 14:25:51.279 I/DefaultIMS( 1501): onKeyDown: keyoCode=20
05-27 14:25:51.301 E/Hcdn_DeTask220659184( 3391): HCDN_LOG: [T:3627][HINFO]:[f:PostNotifyInfo],[l:248], notify type(6),info({"BandWidth":-2,"IsAd":1,"IsP2P":1,"VID":""}
05-27 14:25:51.301 E/Hcdn_DeTask220659184( 3391): )
05-27 14:25:51.301 E/Hcdn_DeTask3589828670( 3391): HCDN_LOG: [T:3627][HINFO]:[f:PostNotifyInfo],[l:248], notify type(6),info({"BandWidth":-2,"IsAd":1,"IsP2P":1,"VID":""}
05-27 14:25:51.301 E/Hcdn_DeTask3589828670( 3391): )
05-27 14:25:51.302 E/playfilesourceNew( 3391): HCDN_LOG: [T:3619][HINFO]:[f:DoAsynNotifyInfoResponse],[l:2605],[TaskID(220659184),type(6),msg({"BandWidth":-2,"IsAd":1,"IsP2P":1,"VID":""}
05-27 14:25:51.302 E/playfilesourceNew( 3391): )!]
05-27 14:25:51.302 E/playfilesourceNew( 3391): HCDN_LOG: [T:3619][HINFO]:[f:DoAsynNotifyInfoResponse],[l:2605],[TaskID(3589828670),type(6),msg({"BandWidth":-2,"IsAd":1,"IsP2P":1,"VID":""}
05-27 14:25:51.302 E/playfilesourceNew( 3391): )!]
05-27 14:25:51.307 I/audio_hw_hal_primary( 499): [audiohal_get_latency:1333] io 13: out:0xf3280740 frames:1280 rate:48000 whole_latency:26 alsa_latency:26
05-27 14:25:51.307 I/audio_hw_hal_primary( 499): [audiohal_get_latency:1333] io 13: out:0xf3280740 frames:1280 rate:48000 whole_latency:26 alsa_latency:26
05-27 14:25:51.330 I/SogouIME( 1501): onKeyDown: keyoCode=20
05-27 14:25:51.330 I/DefaultIMS( 1501): onKeyDown: keyoCode=20
05-27 14:25:51.350 I/audio_hw_hal_primary( 499): [audiohal_get_latency:1333] io 13: out:0xf3280740 frames:1024 rate:48000 whole_latency:21 alsa_latency:21
05-27 14:25:51.350 I/audio_hw_hal_primary( 499): [audiohal_get_latency:1333] io 13: out:0xf3280740 frames:1024 rate:48000 whole_latency:21 alsa_latency:21
05-27 14:25:51.350 E/PersistableBundle( 543): Failed at frameworks/native/libs/binder/PersistableBundle.cpp:160 (erase)
05-27 14:25:51.350 I/audio_hw_hal_primary( 499): [audiohal_get_latency:1333] io 13: out:0xf3280740 frames:1280 rate:48000 whole_latency:26 alsa_latency:26
05-27 14:25:51.351 I/audio_hw_hal_primary( 499): out_update_source_metadata_v7() line 2013 usage:13 content_type:4
05-27 14:25:51.379 I/SogouIME( 1501): onKeyDown: keyoCode=20
05-27 14:25:51.379 I/DefaultIMS( 1501): onKeyDown: keyoCode=20
05-27 14:25:51.392 I/audio_hw_hal_primary( 499): [audiohal_get_latency:1333] io 13: out:0xf3280740 frames:1280 rate:48000 whole_latency:26 alsa_latency:26
05-27 14:25:51.393 I/audio_hw_hal_primary( 499): [audiohal_get_latency:1333] io 13: out:0xf3280740 frames:1280 rate:48000 whole_latency:26 alsa_latency:26
05-27 14:25:51.393 E/PersistableBundle( 543): Failed at frameworks/native/libs/binder/PersistableBundle.cpp:160 (erase)
05-27 14:25:51.393 I/audio_hw_hal_primary( 499): [audiohal_get_latency:1333] io 13: out:0xf3280740 frames:1280 rate:48000 whole_latency:26 alsa_latency:26
05-27 14:25:51.393 I/audio_hw_hal_primary( 499): [audiohal_get_latency:1333] io 13: out:0xf3280740 frames:1152 rate:48000 whole_latency:24 alsa_latency:24
05-27 14:25:51.394 I/audio_hw_hal_primary( 499): out_update_source_metadata_v7() line 2013 usage:13 content_type:4
05-27 14:25:51.400 E/Hcdn_DeTask220659184( 3391): HCDN_LOG: [T:3627][HINFO]:[f:PostNotifyInfo],[l:248], notify type(6),info({"BandWidth":-2,"IsAd":1,"IsP2P":1,"VID":""}
05-27 14:25:51.400 E/Hcdn_DeTask220659184( 3391): )
05-27 14:25:51.400 E/Hcdn_DeTask3589828670( 3391): HCDN_LOG: [T:3627][HINFO]:[f:PostNotifyInfo],[l:248], notify type(6),info({"BandWidth":-2,"IsAd":1,"IsP2P":1,"VID":""}
05-27 14:25:51.400 E/Hcdn_DeTask3589828670( 3391): )
05-27 14:25:51.401 E/playfilesourceNew( 3391): HCDN_LOG: [T:3619][HINFO]:[f:DoAsynNotifyInfoResponse],[l:2605],[TaskID(220659184),type(6),msg({"BandWidth":-2,"IsAd":1,"IsP2P":1,"VID":""}
05-27 14:25:51.401 E/playfilesourceNew( 3391): )!]
05-27 14:25:51.401 E/playfilesourceNew( 3391): HCDN_LOG: [T:3619][HINFO]:[f:DoAsynNotifyInfoResponse],[l:2605],[TaskID(3589828670),type(6),msg({"BandWidth":-2,"IsAd":1,"IsP2P":1,"VID":""}
05-27 14:25:51.401 E/playfilesourceNew( 3391): )!]
