05-27 14:24:44.523 W/ActivityManager( 704): Unable to start service Intent { flg=0x100 cmp=com.droidlogic/.StubKeyguardService } U=0: not found
05-27 14:24:44.523 D/SystemServerTiming( 704): startApexServices
05-27 14:24:44.523 D/CompatibilityChangeReporter( 704): Compat change id reported: 262645982; UID 10073; state: ENABLED
05-27 14:24:44.523 D/SystemServerTiming( 704): starting com.android.server.scheduling.RebootReadinessManagerService$Lifecycle
05-27 14:24:44.524 I/SystemServiceManager( 704): Starting com.android.server.scheduling.RebootReadinessManagerService$Lifecycle
05-27 14:24:44.524 I/SystemServiceManager( 704): Not starting an already started service com.android.server.scheduling.RebootReadinessManagerService$Lifecycle
05-27 14:24:44.524 D/SystemServerTiming( 704): UpdateWatchdogTimeout
05-27 14:24:44.524 D/CompatibilityChangeReporter( 704): Compat change id reported: 218533173; UID 10058; state: ENABLED
05-27 14:24:44.524 I/Watchdog( 704): Watchdog timeout updated to 60000 millis
05-27 14:24:44.524 D/CompatibilityChangeReporter( 704): Compat change id reported: 262645982; UID 10058; state: ENABLED
05-27 14:24:44.525 D/CompatibilityChangeReporter( 704): Compat change id reported: 218533173; UID 10056; state: ENABLED
05-27 14:24:44.525 D/CompatibilityChangeReporter( 704): Compat change id reported: 168419799; UID 1002; state: DISABLED
05-27 14:24:44.526 D/CompatibilityChangeReporter( 704): Compat change id reported: 273564678; UID 1002; state: DISABLED
05-27 14:24:44.526 D/CompatibilityChangeReporter( 704): Compat change id reported: 262645982; UID 10056; state: ENABLED
05-27 14:24:44.526 D/CompatibilityChangeReporter( 704): Compat change id reported: 218533173; UID 10019; state: ENABLED
05-27 14:24:44.527 D/CompatibilityChangeReporter( 704): Compat change id reported: 262645982; UID 10019; state: ENABLED
05-27 14:24:44.528 D/CompatibilityChangeReporter( 704): Compat change id reported: 218533173; UID 10075; state: DISABLED
05-27 14:24:44.528 D/CompatibilityChangeReporter( 704): Compat change id reported: 262645982; UID 10075; state: DISABLED
05-27 14:24:44.528 D/CompatibilityChangeReporter( 704): Compat change id reported: 218533173; UID 10018; state: ENABLED
05-27 14:24:44.529 D/CompatibilityChangeReporter( 704): Compat change id reported: 262645982; UID 10018; state: ENABLED
05-27 14:24:44.529 D/CompatibilityChangeReporter( 704): Compat change id reported: 218533173; UID 10057; state: ENABLED
05-27 14:24:44.530 D/CompatibilityChangeReporter( 704): Compat change id reported: 262645982; UID 10057; state: ENABLED
05-27 14:24:44.538 D/CompatibilityChangeReporter( 704): Compat change id reported: 218533173; UID 10070; state: ENABLED
05-27 14:24:44.539 D/CompatibilityChangeReporter( 704): Compat change id reported: 262645982; UID 10070; state: ENABLED
05-27 14:24:44.539 I/MR2ServiceImpl( 704): registerManager | uid: 10052, pid: 990, package: com.android.systemui, user: 0
05-27 14:24:44.540 D/CompatibilityChangeReporter( 704): Compat change id reported: 218533173; UID 10040; state: DISABLED
05-27 14:24:44.540 D/CompatibilityChangeReporter( 704): Compat change id reported: 262645982; UID 10040; state: DISABLED
05-27 14:24:44.540 D/CompatibilityChangeReporter( 704): Compat change id reported: 218533173; UID 10005; state: ENABLED
05-27 14:24:44.541 D/CompatibilityChangeReporter( 704): Compat change id reported: 262645982; UID 10005; state: ENABLED
05-27 14:24:44.543 D/CompatibilityChangeReporter( 704): Compat change id reported: 218533173; UID 10017; state: ENABLED
05-27 14:24:44.544 D/CompatibilityChangeReporter( 704): Compat change id reported: 262645982; UID 10017; state: ENABLED
05-27 14:24:44.544 W/Looper ( 704): Slow delivery took 5422ms main h=android.app.PropertyInvalidatedCache$AutoCorker$1 c=null m=0
05-27 14:24:44.544 D/CompatibilityChangeReporter( 704): Compat change id reported: 218533173; UID 10035; state: ENABLED
05-27 14:24:44.544 D/CompatibilityChangeReporter( 704): Compat change id reported: 262645982; UID 10035; state: ENABLED
05-27 14:24:44.547 D/CompatibilityChangeReporter( 704): Compat change id reported: 218533173; UID 10036; state: ENABLED
05-27 14:24:44.548 D/CompatibilityChangeReporter( 704): Compat change id reported: 262645982; UID 10036; state: ENABLED
05-27 14:24:44.552 D/CompatibilityChangeReporter( 704): Compat change id reported: 218533173; UID 10026; state: ENABLED
05-27 14:24:44.553 D/CompatibilityChangeReporter( 704): Compat change id reported: 262645982; UID 10026; state: ENABLED
05-27 14:24:44.557 D/CompatibilityChangeReporter( 704): Compat change id reported: 218533173; UID 10071; state: ENABLED
05-27 14:24:44.559 D/CompatibilityChangeReporter( 704): Compat change id reported: 262645982; UID 10071; state: ENABLED
05-27 14:24:44.560 D/CompatibilityChangeReporter( 704): Compat change id reported: 218533173; UID 10004; state: ENABLED
05-27 14:24:44.560 D/CompatibilityChangeReporter( 704): Compat change id reported: 262645982; UID 10004; state: ENABLED
05-27 14:24:44.561 D/CompatibilityChangeReporter( 704): Compat change id reported: 218533173; UID 10088; state: DISABLED
05-27 14:24:44.562 D/CompatibilityChangeReporter( 704): Compat change id reported: 262645982; UID 10088; state: DISABLED
05-27 14:24:44.563 D/CompatibilityChangeReporter( 704): Compat change id reported: 171306433; UID 10088; state: DISABLED
05-27 14:24:44.564 D/CompatibilityChangeReporter( 704): Compat change id reported: 218533173; UID 10010; state: ENABLED
05-27 14:24:44.564 D/CompatibilityChangeReporter( 704): Compat change id reported: 262645982; UID 10010; state: ENABLED
05-27 14:24:44.565 D/CompatibilityChangeReporter( 704): Compat change id reported: 218533173; UID 10066; state: ENABLED
05-27 14:24:44.566 D/CompatibilityChangeReporter( 704): Compat change id reported: 262645982; UID 10066; state: ENABLED
05-27 14:24:44.567 D/CompatibilityChangeReporter( 704): Compat change id reported: 218533173; UID 10037; state: ENABLED
05-27 14:24:44.567 D/CompatibilityChangeReporter( 704): Compat change id reported: 262645982; UID 10037; state: ENABLED
05-27 14:24:44.569 D/CompatibilityChangeReporter( 704): Compat change id reported: 218533173; UID 10062; state: ENABLED
05-27 14:24:44.570 D/CompatibilityChangeReporter( 704): Compat change id reported: 262645982; UID 10062; state: ENABLED
05-27 14:24:44.572 I/DisplayDeviceRepository( 704): Display device changed: DisplayDeviceInfo{"内置屏幕": uniqueId="local:4627013623894091019", 4096 x 2160, modeId 5, renderFrameRate 50.0, defaultModeId 5, supportedModes [{id=1, width=1920, height=1080, fps=59.94006, alternativeRefreshRates=[], supportedHdrTypes=[2, 3]}, {id=2, width=1920, height=1080, fps=60.000004, alternativeRefreshRates=[], supportedHdrTypes=[2, 3]}, {id=3, width=4096, height=2160, fps=59.94006, alternativeRefreshRates=[], supportedHdrTypes=[2, 3]}, {id=4, width=4096, height=2160, fps=60.000004, alternativeRefreshRates=[], supportedHdrTypes=[2, 3]}, {id=5, width=4096, height=2160, fps=50.0, alternativeRefreshRates=[], supportedHdrTypes=[2, 3]}, {id=6, width=4096, height=2160, fps=29.97003, alternativeRefreshRates=[], supportedHdrTypes=[2, 3]}, {id=7, width=4096, height=2160, fps=30.000002, alternativeRefreshRates=[], supportedHdrTypes=[2, 3]}, {id=8, width=4096, height=2160, fps=23.976025, alternativeRefreshRates=[], supportedHdrTypes=[2, 3]}, {id=9, width=4096, height=2160, fps=24.000002, alternativeRefreshRates=[], supportedHdrTypes=[2, 3]}, {id=10, width=3840, height=2160, fps=59.94006, alternativeRefreshRates=[], supportedHdrTypes=[2, 3]}, {id=11, width=3840, height=2160, fps=60.000004, alternativeRefreshRates=[], supportedHdrTypes=[2, 3]}, {id=12, width=3840, height=2160, fps=50.0, alternativeRefreshRates=[], supportedHdrTypes=[2, 3]}, {id=13, width=3840, height=2160, fps=29.97003, alternativeRefreshRates=[], supportedHdrTypes=[2, 3]}, {id=14, width=3840, height=2160, fps=30.000002, alternativeRefreshRates=[], supportedHdrTypes=[2, 3]}, {id=15, width=3840, height=2160, fps=25.0, alternativeRefreshRates=[], supportedHdrTypes=[2, 3]}, {id=16, width=3840, height=2160, fps=23.976025, alternativeRefreshRates=[], supportedHdrTypes=[2, 3]}, {id=17, width=3840, height=2160, fps=24.000002, alternativeRefreshRates=[], supportedHdrTypes=[2, 3]}, {id=18, width=1920, height=1080, fps=50.0, alternativeRefreshRates=[], supportedHdrTypes=[2, 3]}, {id=19, width=1920, height=1080, fps=29.97003, alternativeRefreshRates=[], supportedHdrTypes=[2, 3]}, {id=20, width=1920, height=1080, fps=30.000002, alternativeRefreshRates=[], supportedHdrTypes=[2, 3]}, {id=21, width=1920, height=1080, fps=23.976025, alternativeRefreshRates=[], supportedHdrTypes=[2, 3]}, {id=22, width=1920, height=1080, fps=24.000002, alternativeRefreshRates=[], supportedHdrTypes=[2, 3]}, {id=23, width=1280, height=720, fps=59.94006, alternativeRefreshRates=[], supportedHdrTypes=[2, 3]}, {id=24, width=1280, height=720, fps=60.000004, alternativeRefreshRates=[], supportedHdrTypes=[2, 3]}, {id=25, width=1280, height=720, fps=50.0, alternativeRefreshRates=[], supportedHdrTypes=[2, 3]}, {id=26, width=720, height=576, fps=50.0, alternativeRefreshRates=[], supportedHdrTypes=[2, 3]}, {id=27, width=720, height=480, fps=59.94006, alternativeRefreshRates=[], supportedHdrTypes=[2, 3]}, {id=28, width=720, height=480, fps=60.000004, alternativeRefreshRates=[], supportedHdrTypes=[2, 3]}], colorMode 0, supportedColorModes [0], hdrCapabilities HdrCapabilities{mSupportedHdrTypes=[2, 3], mMaxLuminance=500.0, mMaxAverageLuminance=500.0, mMinLuminance=0.0}, allmSupported false, gameContentTypeSupported false, density 480, 90.468 x 84.406 dpi, appVsyncOff 2000000, presDeadline 17000000, touch INTERNAL, rotation 0, type INTERNAL, address {port=11, model=0x403674603f19a5}, deviceProductInfo DeviceProductInfo{name=Dangbei , manufacturerPnpId=MST, productId=48, modelYear=null, manufactureDate=ManufactureDate{week=10, year=2014}, connectionToSinkType=2}, state ON, committedState ON, frameRateOverride , brightnessMinimum 0.0, brightnessMaximum 1.0, brightnessDefault 0.39763778, hdrSdrRatio NaN, FLAG_ALLOWED_TO_BE_DEFAULT_DISPLAY, FLAG_ROTATES_WITH_CONTENT, FLAG_SECURE, FLAG_SUPPORTS_PROTECTED_BUFFERS, FLAG_TRUSTED, installOrientation 0, displayShape DisplayShape{ spec=215504843 displayWidth=4096 displayHeight=2160 physicalPixelDisplaySizeRatio=1.0 rotation=0 offsetX=0 offsetY=0 scale=1.0}}
05-27 14:24:44.580 D/ConditionProviders.SCP( 704): onConnected
05-27 14:24:44.581 D/ConditionProviders.SCP( 704): onSubscribe condition://android/schedule?days=1.2.3.4.5.6.7&start=22.0&end=7.0&exitAtAlarm=true
05-27 14:24:44.583 D/ConditionProviders.SCP( 704): setRegistered true
05-27 14:24:44.588 W/ActivityThread( 704): Failed to find provider info for com.android.calendar (user not unlocked)
05-27 14:24:44.588 W/ActivityThread( 704): Failed to find provider info for com.android.calendar (user not unlocked)
05-27 14:24:44.591 D/CompatibilityChangeReporter( 704): Compat change id reported: 218533173; UID 1000; state: ENABLED
05-27 14:24:44.592 D/CompatibilityChangeReporter( 704): Compat change id reported: 218533173; UID 10047; state: DISABLED
05-27 14:24:44.593 D/CompatibilityChangeReporter( 704): Compat change id reported: 262645982; UID 10047; state: DISABLED
05-27 14:24:44.594 D/CompatibilityChangeReporter( 704): Compat change id reported: 218533173; UID 10034; state: ENABLED
05-27 14:24:44.595 D/CompatibilityChangeReporter( 704): Compat change id reported: 262645982; UID 10034; state: ENABLED
05-27 14:24:44.596 D/CompatibilityChangeReporter( 704): Compat change id reported: 218533173; UID 10055; state: ENABLED
05-27 14:24:44.596 D/CompatibilityChangeReporter( 704): Compat change id reported: 262645982; UID 10055; state: ENABLED
05-27 14:24:44.598 D/CompatibilityChangeReporter( 704): Compat change id reported: 218533173; UID 10015; state: ENABLED
05-27 14:24:44.598 D/CompatibilityChangeReporter( 704): Compat change id reported: 262645982; UID 10015; state: ENABLED
05-27 14:24:44.599 D/CompatibilityChangeReporter( 704): Compat change id reported: 218533173; UID 10012; state: ENABLED
05-27 14:24:44.600 D/CompatibilityChangeReporter( 704): Compat change id reported: 262645982; UID 10012; state: ENABLED
05-27 14:24:44.600 D/CompatibilityChangeReporter( 704): Compat change id reported: 218533173; UID 10007; state: ENABLED
05-27 14:24:44.601 D/CompatibilityChangeReporter( 704): Compat change id reported: 262645982; UID 10007; state: ENABLED
05-27 14:24:44.602 D/ConditionProviders.SCP( 704): evaluateSubscriptionLocked cal=ScheduleCalendar[mDays={1, 2, 3, 4, 5, 6, 7}, mSchedule=ScheduleInfo{days=[1, 2, 3, 4, 5, 6, 7], startHour=22, startMinute=0, endHour=7, endMinute=0, exitAtAlarm=true, nextAlarm=Thu Jan 01 08:00:00 GMT+08:00 1970 (0)}], now=Tue May 27 14:24:44 GMT+08:00 2025 (1748327084583), nextUserAlarmTime=Thu Jan 01 08:00:00 GMT+08:00 1970 (0)
05-27 14:24:44.602 D/ConditionProviders.SCP( 704): notifyCondition condition://android/schedule?days=1.2.3.4.5.6.7&start=22.0&end=7.0&exitAtAlarm=true STATE_FALSE reason=!meetsSchedule
05-27 14:24:44.603 D/CompatibilityChangeReporter( 704): Compat change id reported: 218533173; UID 10027; state: DISABLED
05-27 14:24:44.604 D/CompatibilityChangeReporter( 704): Compat change id reported: 262645982; UID 10027; state: DISABLED
05-27 14:24:44.604 D/ConditionProviders.SCP( 704): Scheduling evaluate for Tue May 27 22:00:00 GMT+08:00 2025 (1748354400000), in +7h35m15s417ms, now=Tue May 27 14:24:44 GMT+08:00 2025 (1748327084583)
05-27 14:24:44.604 D/CompatibilityChangeReporter( 704): Compat change id reported: 218533173; UID 10043; state: DISABLED
05-27 14:24:44.605 D/CompatibilityChangeReporter( 704): Compat change id reported: 262645982; UID 10043; state: DISABLED
05-27 14:24:44.605 D/CompatibilityChangeReporter( 704): Compat change id reported: 218533173; UID 10046; state: DISABLED
05-27 14:24:44.606 D/CompatibilityChangeReporter( 704): Compat change id reported: 262645982; UID 10046; state: DISABLED
05-27 14:24:44.607 D/CompatibilityChangeReporter( 704): Compat change id reported: 218533173; UID 10024; state: ENABLED
05-27 14:24:44.607 D/CompatibilityChangeReporter( 704): Compat change id reported: 262645982; UID 10024; state: ENABLED
05-27 14:24:44.608 D/CompatibilityChangeReporter( 704): Compat change id reported: 218533173; UID 10038; state: ENABLED
05-27 14:24:44.609 D/CompatibilityChangeReporter( 704): Compat change id reported: 262645982; UID 10038; state: ENABLED
05-27 14:24:44.609 D/HDMI ( 704): addCecDevice new:CEC: logical_address: 0x04 device_type: 4 cec_version: 5 vendor_id: 1877008 display_name: DBBOX-A3 power_status: 0 physical_address: 0x3000 port_id: 0 old:null
05-27 14:24:44.611 D/CompatibilityChangeReporter( 704): Compat change id reported: 218533173; UID 10031; state: ENABLED
05-27 14:24:44.611 D/CompatibilityChangeReporter( 704): Compat change id reported: 262645982; UID 10031; state: ENABLED
05-27 14:24:44.612 D/CompatibilityChangeReporter( 704): Compat change id reported: 218533173; UID 10051; state: ENABLED
05-27 14:24:44.613 D/CompatibilityChangeReporter( 704): Compat change id reported: 262645982; UID 10051; state: ENABLED
05-27 14:24:44.614 D/CompatibilityChangeReporter( 704): Compat change id reported: 218533173; UID 10065; state: ENABLED
05-27 14:24:44.614 D/CompatibilityChangeReporter( 704): Compat change id reported: 262645982; UID 10065; state: ENABLED
05-27 14:24:44.615 D/CompatibilityChangeReporter( 704): Compat change id reported: 218533173; UID 10011; state: ENABLED
05-27 14:24:44.615 D/CompatibilityChangeReporter( 704): Compat change id reported: 262645982; UID 10011; state: ENABLED
05-27 14:24:44.616 D/CompatibilityChangeReporter( 704): Compat change id reported: 218533173; UID 10021; state: ENABLED
05-27 14:24:44.616 D/CompatibilityChangeReporter( 704): Compat change id reported: 262645982; UID 10021; state: ENABLED
05-27 14:24:44.617 D/HDMI ( 704): onInitializeCecComplete 1
05-27 14:24:44.618 D/HdmiControlService( 704): Local device is under address allocation. Queue display callback for later process.
05-27 14:24:44.618 D/CompatibilityChangeReporter( 704): Compat change id reported: 218533173; UID 10029; state: DISABLED
05-27 14:24:44.618 D/HDMI ( 704): onAddressAllocated address:4 reason:1
05-27 14:24:44.618 D/CompatibilityChangeReporter( 704): Compat change id reported: 262645982; UID 10029; state: DISABLED
05-27 14:24:44.619 D/CompatibilityChangeReporter( 704): Compat change id reported: 218533173; UID 10089; state: DISABLED
05-27 14:24:44.620 D/CompatibilityChangeReporter( 704): Compat change id reported: 262645982; UID 10089; state: DISABLED
05-27 14:24:44.621 D/CompatibilityChangeReporter( 704): Compat change id reported: 218533173; UID 10003; state: ENABLED
05-27 14:24:44.622 D/CompatibilityChangeReporter( 704): Compat change id reported: 262645982; UID 10003; state: ENABLED
05-27 14:24:44.623 D/CompatibilityChangeReporter( 704): Compat change id reported: 218533173; UID 10033; state: ENABLED
05-27 14:24:44.623 D/HDMI ( 704): [S]: 4F:84:30:00:04
05-27 14:24:44.624 D/CompatibilityChangeReporter( 704): Compat change id reported: 262645982; UID 10033; state: ENABLED
05-27 14:24:44.625 D/CompatibilityChangeReporter( 704): Compat change id reported: 218533173; UID 10001; state: ENABLED
05-27 14:24:44.625 D/HDMI ( 704): DeviceDiscoveryAction start com.android.server.hdmi.DeviceDiscoveryAction@ed55b8e
05-27 14:24:44.625 D/CompatibilityChangeReporter( 704): Compat change id reported: 262645982; UID 10001; state: ENABLED
05-27 14:24:44.627 D/CompatibilityChangeReporter( 704): Compat change id reported: 218533173; UID 10068; state: ENABLED
05-27 14:24:44.628 D/CompatibilityChangeReporter( 704): Compat change id reported: 262645982; UID 10068; state: ENABLED
05-27 14:24:44.628 D/CompatibilityChangeReporter( 704): Compat change id reported: 218533173; UID 10053; state: ENABLED
05-27 14:24:44.629 D/CompatibilityChangeReporter( 704): Compat change id reported: 262645982; UID 10053; state: ENABLED
05-27 14:24:44.630 D/CompatibilityChangeReporter( 704): Compat change id reported: 218533173; UID 10030; state: ENABLED
05-27 14:24:44.631 D/CompatibilityChangeReporter( 704): Compat change id reported: 262645982; UID 10030; state: ENABLED
05-27 14:24:44.632 D/CompatibilityChangeReporter( 704): Compat change id reported: 218533173; UID 10013; state: ENABLED
05-27 14:24:44.635 D/CompatibilityChangeReporter( 704): Compat change id reported: 262645982; UID 10013; state: ENABLED
05-27 14:24:44.637 D/CompatibilityChangeReporter( 704): Compat change id reported: 135634846; UID 10068; state: DISABLED
05-27 14:24:44.640 D/CompatibilityChangeReporter( 704): Compat change id reported: 218533173; UID 10025; state: ENABLED
05-27 14:24:44.641 D/CompatibilityChangeReporter( 704): Compat change id reported: 262645982; UID 10025; state: ENABLED
05-27 14:24:44.641 D/CompatibilityChangeReporter( 704): Compat change id reported: 143937733; UID 10068; state: ENABLED
05-27 14:24:44.642 D/HDMI ( 704): receive android.intent.action.CONFIGURATION_CHANGED
05-27 14:24:44.647 D/HDMI ( 704): receive android.intent.action.CONFIGURATION_CHANGED
05-27 14:24:44.653 D/CompatibilityChangeReporter( 704): Compat change id reported: 218533173; UID 10086; state: DISABLED
05-27 14:24:44.664 D/CompatibilityChangeReporter( 704): Compat change id reported: 262645982; UID 10086; state: DISABLED
05-27 14:24:44.666 I/ActivityManager( 704): Start proc 1188:android.ext.services/u0a68 for service {android.ext.services/android.ext.services.autofill.InlineSuggestionRenderServiceImpl}
05-27 14:24:44.667 I/HdmiCecLocalDeviceSource( 704): queryDisplayStatus already in progress
05-27 14:24:44.667 D/CompatibilityChangeReporter( 704): Compat change id reported: 218533173; UID 10023; state: ENABLED
05-27 14:24:44.668 D/CompatibilityChangeReporter( 704): Compat change id reported: 262645982; UID 10023; state: ENABLED
05-27 14:24:44.669 D/CompatibilityChangeReporter( 704): Compat change id reported: 218533173; UID 10020; state: ENABLED
05-27 14:24:44.669 D/CompatibilityChangeReporter( 704): Compat change id reported: 262645982; UID 10020; state: ENABLED
05-27 14:24:44.671 D/CompatibilityChangeReporter( 704): Compat change id reported: 218533173; UID 10063; state: ENABLED
05-27 14:24:44.672 D/CompatibilityChangeReporter( 704): Compat change id reported: 262645982; UID 10063; state: ENABLED
05-27 14:24:44.673 D/CompatibilityChangeReporter( 704): Compat change id reported: 218533173; UID 10022; state: ENABLED
05-27 14:24:44.674 D/CompatibilityChangeReporter( 704): Compat change id reported: 262645982; UID 10022; state: ENABLED
05-27 14:24:44.679 D/CompatibilityChangeReporter( 704): Compat change id reported: 218533173; UID 10000; state: ENABLED
05-27 14:24:44.679 D/CompatibilityChangeReporter( 704): Compat change id reported: 262645982; UID 10000; state: ENABLED
05-27 14:24:44.680 D/CompatibilityChangeReporter( 704): Compat change id reported: 218533173; UID 10008; state: ENABLED
05-27 14:24:44.680 D/CompatibilityChangeReporter( 704): Compat change id reported: 262645982; UID 10008; state: ENABLED
05-27 14:24:44.682 D/CompatibilityChangeReporter( 704): Compat change id reported: 218533173; UID 10061; state: DISABLED
05-27 14:24:44.682 D/CompatibilityChangeReporter( 704): Compat change id reported: 262645982; UID 10061; state: DISABLED
05-27 14:24:44.683 D/CompatibilityChangeReporter( 704): Compat change id reported: 218533173; UID 10044; state: ENABLED
05-27 14:24:44.683 D/CompatibilityChangeReporter( 704): Compat change id reported: 262645982; UID 10044; state: ENABLED
05-27 14:24:44.684 D/CompatibilityChangeReporter( 704): Compat change id reported: 218533173; UID 10009; state: ENABLED
05-27 14:24:44.684 D/CompatibilityChangeReporter( 704): Compat change id reported: 262645982; UID 10009; state: ENABLED
05-27 14:24:44.684 D/CompatibilityChangeReporter( 704): Compat change id reported: 218533173; UID 10028; state: ENABLED
05-27 14:24:44.685 D/CompatibilityChangeReporter( 704): Compat change id reported: 262645982; UID 10028; state: ENABLED
05-27 14:24:44.686 D/CompatibilityChangeReporter( 704): Compat change id reported: 218533173; UID 10049; state: DISABLED
05-27 14:24:44.686 D/CompatibilityChangeReporter( 704): Compat change id reported: 262645982; UID 10049; state: DISABLED
05-27 14:24:44.687 D/CompatibilityChangeReporter( 704): Compat change id reported: 218533173; UID 10059; state: ENABLED
05-27 14:24:44.687 D/CompatibilityChangeReporter( 704): Compat change id reported: 262645982; UID 10059; state: ENABLED
05-27 14:24:44.688 D/CompatibilityChangeReporter( 704): Compat change id reported: 218533173; UID 10016; state: ENABLED
05-27 14:24:44.689 D/CompatibilityChangeReporter( 704): Compat change id reported: 262645982; UID 10016; state: ENABLED
05-27 14:24:44.690 D/CompatibilityChangeReporter( 704): Compat change id reported: 218533173; UID 10074; state: ENABLED
05-27 14:24:44.690 I/PackageWatchdog( 704): Syncing health check requests for packages: {}
05-27 14:24:44.690 D/CompatibilityChangeReporter( 704): Compat change id reported: 262645982; UID 10074; state: ENABLED
05-27 14:24:44.692 D/CompatibilityChangeReporter( 704): Compat change id reported: 218533173; UID 10054; state: ENABLED
05-27 14:24:44.692 D/CompatibilityChangeReporter( 704): Compat change id reported: 262645982; UID 10054; state: ENABLED
05-27 14:24:44.693 D/CompatibilityChangeReporter( 704): Compat change id reported: 218533173; UID 10052; state: ENABLED
05-27 14:24:44.694 D/CompatibilityChangeReporter( 704): Compat change id reported: 218533173; UID 10085; state: DISABLED
05-27 14:24:44.694 D/CompatibilityChangeReporter( 704): Compat change id reported: 262645982; UID 10085; state: DISABLED
05-27 14:24:44.697 I/ExplicitHealthCheckController( 704): Service not ready to get health check supported packages. Binding...
05-27 14:24:44.697 D/CompatibilityChangeReporter( 704): Compat change id reported: 218533173; UID 10006; state: ENABLED
05-27 14:24:44.698 D/CompatibilityChangeReporter( 704): Compat change id reported: 262645982; UID 10006; state: ENABLED
05-27 14:24:44.699 D/CompatibilityChangeReporter( 704): Compat change id reported: 218533173; UID 10067; state: ENABLED
05-27 14:24:44.699 D/CompatibilityChangeReporter( 704): Compat change id reported: 262645982; UID 10067; state: ENABLED
05-27 14:24:44.700 I/ExplicitHealthCheckController( 704): Explicit health check service is bound
05-27 14:24:44.700 D/CompatibilityChangeReporter( 704): Compat change id reported: 218533173; UID 10072; state: ENABLED
05-27 14:24:44.701 D/CompatibilityChangeReporter( 704): Compat change id reported: 262645982; UID 10072; state: ENABLED
05-27 14:24:44.702 D/CompatibilityChangeReporter( 704): Compat change id reported: 218533173; UID 10032; state: ENABLED
05-27 14:24:44.703 D/CompatibilityChangeReporter( 704): Compat change id reported: 262645982; UID 10032; state: DISABLED
05-27 14:24:44.704 D/CompatibilityChangeReporter( 704): Compat change id reported: 218533173; UID 10002; state: ENABLED
05-27 14:24:44.704 D/CompatibilityChangeReporter( 704): Compat change id reported: 262645982; UID 10002; state: ENABLED
05-27 14:24:44.705 D/CompatibilityChangeReporter( 704): Compat change id reported: 218533173; UID 10064; state: ENABLED
05-27 14:24:44.705 D/CompatibilityChangeReporter( 704): Compat change id reported: 262645982; UID 10064; state: ENABLED
05-27 14:24:44.706 D/CompatibilityChangeReporter( 704): Compat change id reported: 218533173; UID 10069; state: ENABLED
05-27 14:24:44.707 D/CompatibilityChangeReporter( 704): Compat change id reported: 262645982; UID 10069; state: ENABLED
05-27 14:24:44.707 D/CompatibilityChangeReporter( 704): Compat change id reported: 218533173; UID 10014; state: ENABLED
05-27 14:24:44.708 D/CompatibilityChangeReporter( 704): Compat change id reported: 262645982; UID 10014; state: ENABLED
05-27 14:24:44.716 D/CompatibilityChangeReporter( 704): Compat change id reported: 265195908; UID 1002; state: ENABLED
05-27 14:24:44.717 D/CompatibilityChangeReporter( 704): Compat change id reported: 161145287; UID 1068; state: ENABLED
05-27 14:24:44.740 D/CompatibilityChangeReporter( 704): Compat change id reported: 182478738; UID 1073; state: ENABLED
05-27 14:24:44.741 D/CompatibilityChangeReporter( 704): Compat change id reported: 168419799; UID 10068; state: DISABLED
05-27 14:24:44.742 D/CompatibilityChangeReporter( 704): Compat change id reported: 273564678; UID 10068; state: DISABLED
05-27 14:24:44.762 D/CompatibilityChangeReporter( 704): Compat change id reported: 170503758; UID 10068; state: ENABLED
05-27 14:24:44.777 D/HDMI ( 704): [S]: 4F:87:1C:A4:10
05-27 14:24:44.783 D/CompatibilityChangeReporter( 704): Compat change id reported: 161145287; UID 1000; state: DISABLED
05-27 14:24:44.783 D/CompatibilityChangeReporter( 704): Compat change id reported: 161145287; UID 1000; state: ENABLED
05-27 14:24:44.802 D/CompatibilityChangeReporter( 704): Compat change id reported: 265195908; UID 10068; state: ENABLED
05-27 14:24:44.808 I/MR2ServiceImpl( 704): addProviderRoutes | provider: com.android.server.media/.SystemMediaRoute2Provider, routes: [DEVICE_ROUTE | 电视]
05-27 14:24:44.816 D/AudioService( 704): onHdmiCecVolumeControlFeature enabled:false
05-27 14:24:44.844 D/AudioService( 704): setWiredDeviceConnectionState( type:400 state:DEVICE_STATE_AVAILABLE addr: name:) from android
05-27 14:24:44.844 I/AS.AudioDeviceInventory( 704): handleDeviceConnection(true dev:400 address: name:)
05-27 14:24:44.844 I/AS.AudioDeviceInventory( 704): deviceKey:0x400:
05-27 14:24:44.844 I/AS.AudioDeviceInventory( 704): deviceInfo:null is(already)Connected:false
05-27 14:24:44.898 D/AccessibilityManagerService( 704): Ignoring non-encryption-aware service ComponentInfo{com.tv.kuaisou/com.tv.kuaisou.utils.appUtil.installer.InstallAccessibilityService}
05-27 14:24:44.902 D/SystemServerTiming( 704): ManagedServices.unbindOtherUserServices_current0
05-27 14:24:44.903 D/SystemServerTiming( 704): ManagedServices.unbindOtherUserServices_current0
05-27 14:24:44.904 D/SystemServerTiming( 704): ManagedServices.unbindOtherUserServices_current0
05-27 14:24:44.904 V/NotificationAssistants( 704): enabling notification assistant for 0: ComponentInfo{android.ext.services/android.ext.services.notification.Assistant}
05-27 14:24:44.906 V/NotificationAssistants( 704): binding: Intent { act=android.service.notification.NotificationAssistantService cmp=android.ext.services/.notification.Assistant (has extras) }
05-27 14:24:45.039 D/CompatibilityChangeReporter( 704): Compat change id reported: 161145287; UID 10068; state: ENABLED
05-27 14:24:45.128 D/HDMI ( 704): [S]: 40:8C
05-27 14:24:45.212 D/HDMI ( 704): [S]: 40:47:44:42:42:4F:58:2D:41:33
05-27 14:24:45.282 W/ActivityTaskManager( 704): Activity top resumed state loss timeout for ActivityRecord{1096cc4 u0 com.android.systemui/.sensorprivacy.television.TvSensorPrivacyChangedActivity t2 f}}
05-27 14:24:45.284 W/ActivityTaskManager( 704): Activity pause timeout for ActivityRecord{1096cc4 u0 com.android.systemui/.sensorprivacy.television.TvSensorPrivacyChangedActivity t2 f}}
05-27 14:24:45.285 D/WindowManager( 704): ThemeHomeDelay: Home launch was deferred.
05-27 14:24:45.288 D/WindowManager( 704): ThemeHomeDelay: Home launch was deferred.
05-27 14:24:45.289 D/WindowManager( 704): ThemeHomeDelay: Home launch was deferred.
05-27 14:24:45.382 W/ActivityThread( 1151): Failed to find provider info for bluetooth_legacy.provider (user not unlocked)
05-27 14:24:45.401 D/WindowManagerShell( 990): TvPipController: onTaskStackChanged()
05-27 14:24:45.497 D/HDMI ( 704): [S]: 45:7D
05-27 14:24:45.611 I/android.hardware.wifi-service.droidlogic( 519): check loading wifi driver is ok...
05-27 14:24:45.612 W/android.hardware.wifi-service.droidlogic( 519): driver loaded
05-27 14:24:45.614 I/android.hardware.wifi-service.droidlogic( 519): After driver loaded, wifi_name:aml_w2_s
05-27 14:24:45.615 I/android.hardware.wifi-service.droidlogic( 519): Even /data/vendor/wifi/wpa/wpa_supplicant.conf exists, still overwrite it.
05-27 14:24:45.615 I/android.hardware.wifi-service.droidlogic( 519): Migrated conf file from /vendor/etc/wifi/unbcm_supplicant.conf to /data/vendor/wifi/wpa/wpa_supplicant.conf: Operation not permitted
05-27 14:24:45.616 I/android.hardware.wifi-service.droidlogic( 519): Even /data/vendor/wifi/wpa/p2p_supplicant.conf exists, still overwrite it.
05-27 14:24:45.616 I/android.hardware.wifi-service.droidlogic( 519): Migrated conf file from /vendor/etc/wifi/p2p_supplicant.conf to /data/vendor/wifi/wpa/p2p_supplicant.conf: Read-only file system
05-27 14:24:45.616 I/android.hardware.wifi-service.droidlogic( 519): no bcm and uwe wifi ,need use p2p0 with p2p interface
05-27 14:24:45.619 I/android.hardware.wifi-service.droidlogic( 519): Wifi HAL started
05-27 14:24:45.751 W/android.hardware.wifi-service.droidlogic( 519): No active wlan interfaces in use! Using default
05-27 14:24:45.752 E/android.hardware.wifi-service.droidlogic( 519): Unknown iface name: wlan0
05-27 14:24:45.752 E/android.hardware.wifi-service.droidlogic( 519): Unknown iface name: wlan0
05-27 14:24:45.955 E/HDMI ( 704): [1]:Failed to send 45:7D with errorCode=1
05-27 14:24:45.984 W/android.hardware.wifi-service.droidlogic( 519): No active wlan interfaces in use! Using default
05-27 14:24:45.984 E/android.hardware.wifi-service.droidlogic( 519): Unknown iface name: wlan0
05-27 14:24:45.984 E/android.hardware.wifi-service.droidlogic( 519): Unknown iface name: wlan0
05-27 14:24:46.102 D/CompatibilityChangeReporter( 704): Compat change id reported: 161145287; UID 1002; state: ENABLED
05-27 14:24:46.182 D/HDMI ( 704): [S]: 40:8F
05-27 14:24:46.192 I/android.hardware.wifi-service.droidlogic( 519): Adding interface handle for p2p0
05-27 14:24:46.192 I/android.hardware.wifi-service.droidlogic( 519): Adding interface handle for ap0
05-27 14:24:46.192 I/android.hardware.wifi-service.droidlogic( 519): Adding interface handle for wlan0
05-27 14:24:46.192 W/android.hardware.wifi-service.droidlogic( 519): No active wlan interfaces in use! Using default
05-27 14:24:46.192 E/android.hardware.wifi-service.droidlogic( 519): Failed to register radio mode change callback
05-27 14:24:46.192 W/android.hardware.wifi-service.droidlogic( 519): No active wlan interfaces in use! Using default
05-27 14:24:46.195 E/android.hardware.wifi-service.droidlogic( 519): Failed to get SupportedIfaceCombinations matrix from legacy HAL: NOT_SUPPORTED
05-27 14:24:46.195 I/android.hardware.wifi-service.droidlogic( 519): Configured chip in mode 3
05-27 14:24:46.195 W/android.hardware.wifi-service.droidlogic( 519): No active wlan interfaces in use! Using default
05-27 14:24:46.205 W/android.hardware.wifi-service.droidlogic( 519): No active wlan interfaces in use! Using default
05-27 14:24:46.241 I/AS.AudioDeviceInventory( 704): sendDeviceConnectionIntent(dev:0x400 state:0x1 address: name:);
05-27 14:24:46.264 I/android.hardware.wifi-service.droidlogic( 519): Adding interface handle for p2p0
05-27 14:24:46.264 I/android.hardware.wifi-service.droidlogic( 519): Adding interface handle for ap0
05-27 14:24:46.264 I/android.hardware.wifi-service.droidlogic( 519): Adding interface handle for wlan0
05-27 14:24:46.264 E/android.hardware.wifi-service.droidlogic( 519): Failed to set DFS flag; DFS channels may be unavailable.
05-27 14:24:46.599 E/android.hardware.wifi-service.droidlogic( 519): Failed to get chip capabilities from legacy HAL: NOT_SUPPORTED
05-27 14:24:46.601 I/wificond( 621): createClientInterface: wiphy_index 0 iface_name wlan0
05-27 14:24:46.603 I/wificond( 621): create scanner for interface with index: 19
05-27 14:24:46.603 I/wificond( 621): subscribe scan result for interface with index: 19
05-27 14:24:46.604 I/wificond( 621): add channel type 0 support at wiphy index: 0
05-27 14:24:46.604 I/wificond( 621): add channel type 1 support at wiphy index: 0
05-27 14:24:46.608 W/Looper ( 1008): Slow dispatch took 3158ms main h=android.app.ActivityThread$H c=null m=110
05-27 14:24:46.610 W/Looper ( 1008): Slow delivery took 2794ms main h=android.app.ActivityThread$H c=null m=164
05-27 14:24:46.614 W/ContextImpl( 1008): Calling a method in the system process without a qualified user: android.app.ContextImpl.startService:1899 android.content.ContextWrapper.startService:825 com.droidlogic.DroidlogicApplication$1.handleMessage:93 android.os.Handler.dispatchMessage:106 android.os.Looper.loopOnce:205
05-27 14:24:46.624 W/Looper ( 1008): Drained
05-27 14:24:46.842 E/android.hardware.wifi-service.droidlogic( 519): Failed to get SupportedRadioCombinations matrix from legacy HAL: NOT_SUPPORTED
05-27 14:24:47.220 I/wificond( 621): Receive notifyCountryCodeChanged
05-27 14:24:47.220 I/wificond( 621): UpdateBandInfo
05-27 14:24:47.244 I/wificond( 621): 2.4Ghz frequencies: 2412 2417 2422 2427 2432 2437 2442 2447 2452 2457 2462 2467 2472
05-27 14:24:47.244 I/wificond( 621): 5Ghz non-DFS frequencies: 5745 5765 5785 5805 5825
05-27 14:24:47.244 I/wificond( 621): 5Ghz DFS frequencies: 5180 5200 5220 5240 5260 5280 5300 5320
05-27 14:24:47.244 I/wificond( 621): 6Ghz frequencies:
05-27 14:24:47.244 I/wificond( 621): 60Ghz frequencies:
05-27 14:24:47.246 I/wificond( 621): Regulatory domain changed to country: CN on wiphy_index: 0
05-27 14:24:47.246 I/wificond( 621): UpdateBandInfo
05-27 14:24:47.251 I/wificond( 621): 2.4Ghz frequencies: 2412 2417 2422 2427 2432 2437 2442 2447 2452 2457 2462 2467 2472
05-27 14:24:47.251 I/wificond( 621): 5Ghz non-DFS frequencies: 5745 5765 5785 5805 5825
05-27 14:24:47.251 I/wificond( 621): 5Ghz DFS frequencies: 5180 5200 5220 5240 5260 5280 5300 5320
05-27 14:24:47.251 I/wificond( 621): 6Ghz frequencies:
05-27 14:24:47.251 I/wificond( 621): 60Ghz frequencies:
05-27 14:24:47.252 I/wificond( 621): Regulatory domain changed to country: CN on wiphy_index: 0
05-27 14:24:47.252 I/wificond( 621): UpdateBandInfo
05-27 14:24:47.258 I/wificond( 621): 2.4Ghz frequencies: 2412 2417 2422 2427 2432 2437 2442 2447 2452 2457 2462 2467 2472
05-27 14:24:47.258 I/wificond( 621): 5Ghz non-DFS frequencies: 5745 5765 5785 5805 5825
05-27 14:24:47.258 I/wificond( 621): 5Ghz DFS frequencies: 5180 5200 5220 5240 5260 5280 5300 5320
05-27 14:24:47.258 I/wificond( 621): 6Ghz frequencies:
05-27 14:24:47.258 I/wificond( 621): 60Ghz frequencies:
05-27 14:24:47.364 D/CompatibilityChangeReporter( 704): Compat change id reported: 182478738; UID 10052; state: ENABLED
05-27 14:24:47.416 I/StatusBarManagerService( 704): registerStatusBar bar=com.android.internal.statusbar.IStatusBar$Stub$Proxy@7233fdb
05-27 14:24:47.441 W/WindowManager( 704): Keyguard drawn timeout. Setting mKeyguardDrawComplete
05-27 14:24:47.595 W/Looper ( 990): Slow dispatch took 2782ms main h=android.app.ActivityThread$H c=null m=114
05-27 14:24:47.595 W/Looper ( 990): Slow delivery took 2878ms main h=android.app.ActivityThread$H c=null m=115
05-27 14:24:47.619 D/WindowManager( 704): ThemeHomeDelay: Home launch was deferred.
05-27 14:24:47.751 D/CompatibilityChangeReporter( 704): Compat change id reported: 265464455; UID 1000; state: DISABLED
05-27 14:24:47.752 D/CompatibilityChangeReporter( 704): Compat change id reported: 265452344; UID 1000; state: DISABLED
05-27 14:24:47.752 D/CompatibilityChangeReporter( 704): Compat change id reported: 266124927; UID 1000; state: DISABLED
05-27 14:24:47.753 D/CompatibilityChangeReporter( 704): Compat change id reported: 265451093; UID 1000; state: DISABLED
05-27 14:24:47.753 D/CompatibilityChangeReporter( 704): Compat change id reported: 265456536; UID 1000; state: DISABLED
05-27 14:24:47.753 D/CompatibilityChangeReporter( 704): Compat change id reported: 255940284; UID 1000; state: DISABLED
05-27 14:24:47.754 D/CompatibilityChangeReporter( 704): Compat change id reported: 236283604; UID 1000; state: DISABLED
05-27 14:24:47.754 D/CompatibilityChangeReporter( 704): Compat change id reported: 263959004; UID 1000; state: DISABLED
05-27 14:24:47.754 D/CompatibilityChangeReporter( 704): Compat change id reported: 264304459; UID 1000; state: DISABLED
05-27 14:24:47.755 D/CompatibilityChangeReporter( 704): Compat change id reported: 264301586; UID 1000; state: DISABLED
05-27 14:24:47.756 D/CompatibilityChangeReporter( 704): Compat change id reported: 254631730; UID 1000; state: DISABLED
05-27 14:24:47.757 D/CompatibilityChangeReporter( 704): Compat change id reported: 273509367; UID 1000; state: DISABLED
05-27 14:24:47.758 D/CompatibilityChangeReporter( 704): Compat change id reported: 263259275; UID 1000; state: DISABLED
05-27 14:24:47.758 D/CompatibilityChangeReporter( 704): Compat change id reported: 174042980; UID 1000; state: DISABLED
05-27 14:24:47.759 D/CompatibilityChangeReporter( 704): Compat change id reported: 174042936; UID 1000; state: DISABLED
05-27 14:24:47.759 D/CompatibilityChangeReporter( 704): Compat change id reported: 181136395; UID 1000; state: DISABLED
05-27 14:24:47.779 W/Looper ( 1151): Slow dispatch took 2221ms main h=android.app.ActivityThread$H c=null m=114
05-27 14:24:47.780 W/Looper ( 1151): Slow delivery took 2224ms main h=android.app.ActivityThread$H c=null m=121
05-27 14:24:47.780 W/Looper ( 1151): Drained
05-27 14:24:47.828 D/CompatibilityChangeReporter( 704): Compat change id reported: 194480991; UID 1000; state: ENABLED
05-27 14:24:47.836 D/CompatibilityChangeReporter( 704): Compat change id reported: 197654537; UID 1000; state: ENABLED
05-27 14:24:47.840 I/ActivityTaskManager( 704): START u0 {act=android.intent.action.MAIN cat=[android.intent.category.HOME] flg=0x10000100 cmp=com.android.tv.settings/.system.FallbackHome (has extras)} with LAUNCH_MULTIPLE from uid 0 (BAL_ALLOW_ALLOWLISTED_UID) result code=0
05-27 14:24:47.842 I/ActivityManager( 704): com.android.tv.settings is exempt from freezer
05-27 14:24:47.842 D/CompatibilityChangeReporter( 704): Compat change id reported: 135634846; UID 1000; state: DISABLED
05-27 14:24:47.855 D/SystemServerTiming( 704): getUserSwitchability-0
05-27 14:24:47.855 D/SystemServerTiming( 704): TM.isInCall
05-27 14:24:47.857 D/SystemServerTiming( 704): hasUserRestriction-DISALLOW_USER_SWITCH
05-27 14:24:47.857 D/SystemServerTiming( 704): getInt-ALLOW_USER_SWITCHING_WHEN_SYSTEM_USER_LOCKED
05-27 14:24:47.857 D/SystemServerTiming( 704): isUserUnlocked-USER_SYSTEM
05-27 14:24:47.863 I/ActivityManager( 704): Start proc 1342:com.android.tv.settings/1000 for top-activity {com.android.tv.settings/com.android.tv.settings.system.FallbackHome}
05-27 14:24:47.877 D/SystemServerTiming( 704): getUserSwitchability-0
05-27 14:24:47.877 D/SystemServerTiming( 704): TM.isInCall
05-27 14:24:47.878 D/SystemServerTiming( 704): hasUserRestriction-DISALLOW_USER_SWITCH
05-27 14:24:47.878 D/SystemServerTiming( 704): getInt-ALLOW_USER_SWITCHING_WHEN_SYSTEM_USER_LOCKED
05-27 14:24:47.878 D/SystemServerTiming( 704): isUserUnlocked-USER_SYSTEM
05-27 14:24:47.879 W/Looper ( 990): Drained
05-27 14:24:47.883 D/SystemServerTiming( 704): getUserSwitchability-0
05-27 14:24:47.883 D/SystemServerTiming( 704): TM.isInCall
05-27 14:24:47.883 D/SystemServerTiming( 704): hasUserRestriction-DISALLOW_USER_SWITCH
05-27 14:24:47.883 D/SystemServerTiming( 704): getInt-ALLOW_USER_SWITCHING_WHEN_SYSTEM_USER_LOCKED
05-27 14:24:47.883 D/SystemServerTiming( 704): isUserUnlocked-USER_SYSTEM
05-27 14:24:47.885 D/SystemServerTiming( 704): getUserSwitchability-0
05-27 14:24:47.886 D/SystemServerTiming( 704): TM.isInCall
05-27 14:24:47.886 D/SystemServerTiming( 704): hasUserRestriction-DISALLOW_USER_SWITCH
05-27 14:24:47.886 D/SystemServerTiming( 704): getInt-ALLOW_USER_SWITCHING_WHEN_SYSTEM_USER_LOCKED
05-27 14:24:47.886 D/SystemServerTiming( 704): isUserUnlocked-USER_SYSTEM
05-27 14:24:47.890 D/SystemServerTiming( 704): getUserSwitchability-0
05-27 14:24:47.890 D/SystemServerTiming( 704): TM.isInCall
05-27 14:24:47.891 D/SystemServerTiming( 704): hasUserRestriction-DISALLOW_USER_SWITCH
05-27 14:24:47.891 D/SystemServerTiming( 704): getInt-ALLOW_USER_SWITCHING_WHEN_SYSTEM_USER_LOCKED
05-27 14:24:47.891 D/SystemServerTiming( 704): isUserUnlocked-USER_SYSTEM
05-27 14:24:47.902 D/CompatibilityChangeReporter( 704): Compat change id reported: 168419799; UID 1000; state: DISABLED
05-27 14:24:47.902 D/CompatibilityChangeReporter( 704): Compat change id reported: 273564678; UID 1000; state: DISABLED
05-27 14:24:48.013 V/WindowManager( 704): app ------------- force_land :0
05-27 14:24:48.013 V/WindowManager( 704): app ------------- force_land :0
05-27 14:24:48.053 W/Looper ( 704): Slow dispatch took 3142ms main h=android.app.ActivityThread$H c=android.app.LoadedApk$ReceiverDispatcher$Args$$ExternalSyntheticLambda0@3e822 m=0
05-27 14:24:48.099 W/WindowManager( 704): [addWindow] title:com.android.tv.settings/com.android.tv.settings.system.FallbackHome
05-27 14:24:48.114 D/CoreBackPreview( 704): Window{4b89346 u0 com.android.tv.settings/com.android.tv.settings.system.FallbackHome}: Setting back callback OnBackInvokedCallbackInfo{mCallback=android.window.IOnBackInvokedCallback$Stub$Proxy@a749a34, mPriority=0, mIsAnimationCallback=false}
05-27 14:24:48.220 W/ContextImpl( 704): Calling a method in the system process without a qualified user: android.app.ContextImpl.startService:1899 com.android.server.wm.DisplayPolicy.lambda$focusChangedLw$5:2126 com.android.server.wm.DisplayPolicy.$r8$lambda$Znxk63oh-WzVnzo_WQefN7uxV48:0 com.android.server.wm.DisplayPolicy$$ExternalSyntheticLambda13.run:0 android.os.Handler.handleCallback:958
05-27 14:24:48.220 W/ActivityManager( 704): Unable to start service Intent { cmp=com.oranth.ledstatus/.LedStatusService } U=0: not found
05-27 14:24:48.229 D/ActivityManagerTiming( 704): FinishBooting
05-27 14:24:48.230 D/WindowManager( 704): updateCecScreenStatus 0
05-27 14:24:48.231 D/HDMI ( 704): setCecSettingIntValue name:cec_screen_state, value:0
05-27 14:24:48.246 V/WindowManager( 704): Sent Transition #0 createdAt=05-27 14:24:44.163
05-27 14:24:48.246 V/WindowManager( 704): startWCT=WindowContainerTransaction { changes = {} hops = [] errorCallbackToken=null taskFragmentOrganizer=null }
05-27 14:24:48.246 V/WindowManager( 704): info=null
05-27 14:24:48.250 V/WindowManager( 704): Finish Transition #0: created at
05-27 14:24:44.163 collect-started=1.644ms request-sent=24.079ms started=42.318ms ready=3855.126ms sent=4075.85ms finished=4086.329ms
05-27 14:24:48.361 W/Looper ( 704): Slow dispatch took 308ms main h=android.app.ActivityThread$H c=android.app.LoadedApk$ReceiverDispatcher$Args$$ExternalSyntheticLambda0@9b741ff m=0
05-27 14:24:48.363 D/WallpaperManagerService( 704): WPMS.onServiceConnected-ComponentInfo{com.android.systemui/com.android.systemui.wallpapers.ImageWallpaper}
05-27 14:24:48.364 D/WallpaperManagerService( 704): WPMS.attachServiceLocked
05-27 14:24:48.364 D/WallpaperManagerService( 704): WPMS.connectLocked-ComponentInfo{com.android.systemui/com.android.systemui.wallpapers.ImageWallpaper}
05-27 14:24:48.367 D/WallpaperManagerService( 704): WPMS.saveSettingsLocked-0
05-27 14:24:48.370 D/WallpaperManagerService( 704): WPMS.onServiceConnected-ComponentInfo{com.android.systemui/com.android.systemui.wallpapers.ImageWallpaper}
05-27 14:24:48.370 D/WallpaperManagerService( 704): WPMS.attachServiceLocked
05-27 14:24:48.376 I/AutofillManagerService( 704): Updating for user 0: disabled=false
05-27 14:24:48.378 D/HDMI ( 704): [R]: 04:46
05-27 14:24:48.379 W/WindowManager( 704): [addWindow] title:com.android.systemui.wallpapers.ImageWallpaper
05-27 14:24:48.380 D/HDMI ( 704): addCecDevice new:CEC: logical_address: 0x00 device_type: 0 cec_version: 5 vendor_id: 16777215 display_name: TV power_status: -1 physical_address: 0xFFFF port_id: -1 old:null
05-27 14:24:48.381 D/HdmiControlService( 704): Switching to full volume behavior
05-27 14:24:48.382 D/HDMI ( 704): TV is available now for receiving its message
05-27 14:24:48.382 D/AudioService( 704): onStatusChange cecEnabled:true available:true
05-27 14:24:48.384 D/HDMI ( 704): [S]: 40:47:44:42:42:4F:58:2D:41:33
05-27 14:24:48.385 I/ExplicitHealthCheckController( 704): Explicit health check service is connected ComponentInfo{android.ext.services/android.ext.services.watchdog.ExplicitHealthCheckServiceImpl}
05-27 14:24:48.386 I/ExplicitHealthCheckController( 704): Service initialized, syncing requests
05-27 14:24:48.387 V/NotificationAssistants( 704): 0 notification assistant service connected: ComponentInfo{android.ext.services/android.ext.services.notification.Assistant}
05-27 14:24:48.388 D/HDMI ( 704): [R]: 0F:87:6D:74:6B
05-27 14:24:48.391 D/HDMI ( 704): [R]: 04:8C
05-27 14:24:48.395 D/HDMI ( 704): AVR did not respond to
05-27 14:24:48.520 W/Looper ( 704): Slow dispatch took 124ms main h=android.app.ActivityThread$H c=android.app.LoadedApk$ReceiverDispatcher$Args$$ExternalSyntheticLambda0@7f92a7e m=0
05-27 14:24:48.522 D/HDMI ( 704): [R]: 04:90:00
05-27 14:24:48.523 D/HDMI ( 704): queryDisplayStatus status=0
05-27 14:24:48.523 D/AudioService( 704): onStatusChange cecEnabled:true available:true
05-27 14:24:48.524 D/HDMI ( 704): queryDisplayStatus status=0
05-27 14:24:48.524 D/AudioService( 704): onStatusChange cecEnabled:true available:true
05-27 14:24:48.525 D/ActivityManagerTiming( 704): FinishBooting
05-27 14:24:48.529 I/ActivityManager( 704): About to commit checkpoint
05-27 14:24:48.530 I/SystemServiceManager( 704): Starting phase 1000
05-27 14:24:48.530 D/ActivityManagerTiming( 704): OnBootPhase_1000
05-27 14:24:48.530 D/ActivityManagerTiming( 704): OnBootPhase_1000_com.android.server.security.FileIntegrityService
05-27 14:24:48.530 D/ActivityManagerTiming( 704): OnBootPhase_1000_com.android.server.pm.Installer
05-27 14:24:48.530 D/ActivityManagerTiming( 704): OnBootPhase_1000_com.android.server.os.DeviceIdentifiersPolicyService
05-27 14:24:48.530 D/ActivityManagerTiming( 704): OnBootPhase_1000_com.android.server.flags.FeatureFlagsService
05-27 14:24:48.530 D/ActivityManagerTiming( 704): OnBootPhase_1000_com.android.server.uri.UriGrantsManagerService$Lifecycle
05-27 14:24:48.530 D/ActivityManagerTiming( 704): OnBootPhase_1000_com.android.server.powerstats.PowerStatsService
05-27 14:24:48.530 E/PowerStatsService( 704): Failed to start PowerStatsService loggers
05-27 14:24:48.530 D/ActivityManagerTiming( 704): OnBootPhase_1000_com.android.server.permission.access.AccessCheckingService
05-27 14:24:48.530 D/ActivityManagerTiming( 704): OnBootPhase_1000_com.android.server.wm.ActivityTaskManagerService$Lifecycle
05-27 14:24:48.530 D/ActivityManagerTiming( 704): OnBootPhase_1000_com.android.server.am.ActivityManagerService$Lifecycle
05-27 14:24:48.530 D/ActivityManagerTiming( 704): OnBootPhase_1000_com.android.server.pm.DataLoaderManagerService
05-27 14:24:48.530 D/ActivityManagerTiming( 704): OnBootPhase_1000_com.android.server.power.PowerManagerService
05-27 14:24:48.531 I/DisplayBrightnessStrategySelector( 704): Changing the DisplayBrightnessStrategy from OverrideBrightnessStrategy toInvalidBrightnessStrategy for display 0
05-27 14:24:48.531 D/ActivityManagerTiming( 704): OnBootPhase_1000_com.android.server.power.ThermalManagerService
05-27 14:24:48.531 D/ActivityManagerTiming( 704): OnBootPhase_1000_com.android.server.power.hint.HintManagerService
05-27 14:24:48.532 V/DisplayPowerController2[0]( 704): Brightness [0.39763778] reason changing to: 'manual', previous reason: 'override'.
05-27 14:24:48.532 I/DisplayPowerController2[0]( 704): BrightnessEvent: disp=0, physDisp=local:4627013623894091019, brt=0.39763778, initBrt=0.39763778, rcmdBrt=NaN, preBrt=NaN, lux=0.0, preLux=0.0, hbmMax=1.0, hbmMode=off, rbcStrength=0, thrmMax=1.0, powerFactor=1.0, wasShortTermModelActive=false, flags=, reason=manual, autoBrightness=false, strategy=InvalidBrightnessStrategy
05-27 14:24:48.532 D/ActivityManagerTiming( 704): OnBootPhase_1000_com.android.server.recoverysystem.RecoverySystemService$Lifecycle
05-27 14:24:48.532 D/ActivityManagerTiming( 704): OnBootPhase_1000_com.android.server.lights.LightsService
05-27 14:24:48.532 D/ActivityManagerTiming( 704): OnBootPhase_1000_com.android.server.display.DisplayManagerService
