05-27 14:24:43.015 D/SystemServerTiming( 704): OnBootPhase_550_com.android.server.ambientcontext.AmbientContextManagerService
05-27 14:24:43.015 D/SystemServerTiming( 704): OnBootPhase_550_com.android.server.wearable.WearableSensingManagerService
05-27 14:24:43.015 D/SystemServerTiming( 704): OnBootPhase_550_com.android.server.speech.SpeechRecognitionManagerService
05-27 14:24:43.015 D/SystemServerTiming( 704): OnBootPhase_550_com.android.server.searchui.SearchUiManagerService
05-27 14:24:43.015 D/SystemServerTiming( 704): OnBootPhase_550_com.android.server.smartspace.SmartspaceManagerService
05-27 14:24:43.015 D/SystemServerTiming( 704): OnBootPhase_550_com.android.server.graphics.fonts.FontManagerService$Lifecycle
05-27 14:24:43.015 D/SystemServerTiming( 704): OnBootPhase_550_com.android.server.textservices.TextServicesManagerService$Lifecycle
05-27 14:24:43.015 D/SystemServerTiming( 704): OnBootPhase_550_com.android.server.textclassifier.TextClassificationManagerService$Lifecycle
05-27 14:24:43.015 D/SystemServerTiming( 704): OnBootPhase_550_com.android.server.NetworkScoreService$Lifecycle
05-27 14:24:43.015 D/SystemServerTiming( 704): OnBootPhase_550_com.android.server.NetworkStatsServiceInitializer
05-27 14:24:43.051 D/SystemServerTiming( 704): OnBootPhase_550_com.android.server.wifi.WifiService
05-27 14:24:43.052 D/SystemServerTiming( 704): OnBootPhase_550_com.android.server.wifi.scanner.WifiScanningService
05-27 14:24:43.052 D/SystemServerTiming( 704): OnBootPhase_550_com.android.server.wifi.p2p.WifiP2pService
05-27 14:24:43.052 D/SystemServerTiming( 704): OnBootPhase_550_com.android.server.ConnectivityServiceInitializer
05-27 14:24:43.052 D/SystemServerTiming( 704): OnBootPhase_550_com.android.server.notification.NotificationManagerService
05-27 14:24:43.052 D/SystemServerTiming( 704): OnBootPhase_550_com.android.server.storage.DeviceStorageMonitorService
05-27 14:24:43.052 D/SystemServerTiming( 704): OnBootPhase_550_com.android.server.timedetector.TimeDetectorService$Lifecycle
05-27 14:24:43.052 D/SystemServerTiming( 704): OnBootPhase_550_com.android.server.location.LocationManagerService$Lifecycle
05-27 14:24:43.052 D/SystemServerTiming( 704): OnBootPhase_550_com.android.server.timezonedetector.TimeZoneDetectorService$Lifecycle
05-27 14:24:43.052 D/SystemServerTiming( 704): OnBootPhase_550_com.android.server.location.altitude.AltitudeService$Lifecycle
05-27 14:24:43.052 D/SystemServerTiming( 704): OnBootPhase_550_com.android.server.timezonedetector.location.LocationTimeZoneManagerService$Lifecycle
05-27 14:24:43.052 D/SystemServerTiming( 704): OnBootPhase_550_com.android.server.search.SearchManagerService$Lifecycle
05-27 14:24:43.052 D/SystemServerTiming( 704): OnBootPhase_550_com.android.server.wallpaper.WallpaperManagerService$Lifecycle
05-27 14:24:43.053 V/WallpaperManagerService( 704): bindWallpaperComponentLocked: componentName=ComponentInfo{com.android.systemui/com.android.systemui.wallpapers.ImageWallpaper}
05-27 14:24:43.053 D/WallpaperManagerService( 704): WPMS.bindWallpaperComponentLocked-ComponentInfo{com.android.systemui/com.android.systemui.wallpapers.ImageWallpaper}
05-27 14:24:43.065 D/CompatibilityChangeReporter( 704): Compat change id reported: 135634846; UID 10052; state: DISABLED
05-27 14:24:43.065 D/CompatibilityChangeReporter( 704): Compat change id reported: 177438394; UID 10052; state: DISABLED
05-27 14:24:43.065 D/CompatibilityChangeReporter( 704): Compat change id reported: 135772972; UID 10052; state: DISABLED
05-27 14:24:43.066 D/CompatibilityChangeReporter( 704): Compat change id reported: 135754954; UID 10052; state: ENABLED
05-27 14:24:43.073 I/WallpaperDataParser( 704): No static wallpaper imagery; defaults will be shown
05-27 14:24:43.078 D/WallpaperCropper( 704): WPMS.generateCrop
05-27 14:24:43.078 D/CompatibilityChangeReporter( 704): Compat change id reported: 143937733; UID 10052; state: ENABLED
05-27 14:24:43.080 W/WallpaperCropper( 704): Invalid wallpaper data
05-27 14:24:43.080 E/WallpaperCropper( 704): Unable to apply new wallpaper
05-27 14:24:43.084 D/SystemServerTiming( 704): OnBootPhase_550_com.android.server.wallpapereffectsgeneration.WallpaperEffectsGenerationManagerService
05-27 14:24:43.084 D/SystemServerTiming( 704): OnBootPhase_550_com.android.server.audio.AudioService$Lifecycle
05-27 14:24:43.085 D/SystemServerTiming( 704): OnBootPhase_550_com.android.server.soundtrigger_middleware.SoundTriggerMiddlewareService$Lifecycle
05-27 14:24:43.085 D/SystemServerTiming( 704): OnBootPhase_550_com.android.server.adb.AdbService$Lifecycle
05-27 14:24:43.089 D/SystemServerTiming( 704): OnBootPhase_550_com.android.server.usb.UsbService$Lifecycle
05-27 14:24:43.089 D/SystemServerTiming( 704): OnBootPhase_550_com.android.server.twilight.TwilightService
05-27 14:24:43.089 D/SystemServerTiming( 704): OnBootPhase_550_com.android.server.display.color.ColorDisplayService
05-27 14:24:43.089 D/SystemServerTiming( 704): OnBootPhase_550_com.android.server.job.JobSchedulerService
05-27 14:24:43.089 D/SystemServerTiming( 704): OnBootPhase_550_com.android.server.soundtrigger.SoundTriggerService
05-27 14:24:43.089 D/SoundTriggerService( 704): onBootPhase: 550 : false
05-27 14:24:43.089 D/SystemServerTimingAsync( 704): InitThreadPoolExec:UsbService$Lifecycle#onBootPhase
05-27 14:24:43.090 D/SystemServerTiming( 704): OnBootPhase_550_com.android.server.trust.TrustManagerService
05-27 14:24:43.090 D/SystemServerTiming( 704): OnBootPhase_550_com.android.server.backup.BackupManagerService$Lifecycle
05-27 14:24:43.091 D/SystemServerTiming( 704): OnBootPhase_550_com.android.server.appwidget.AppWidgetService
05-27 14:24:43.091 D/SystemServerTiming( 704): OnBootPhase_550_com.android.server.voiceinteraction.VoiceInteractionManagerService
05-27 14:24:43.091 D/SystemServerTiming( 704): OnBootPhase_550_com.android.server.GestureLauncherService
05-27 14:24:43.091 D/SystemServerTiming( 704): OnBootPhase_550_com.android.server.SensorNotificationService
05-27 14:24:43.091 D/SystemServerTiming( 704): OnBootPhase_550_com.android.server.emergency.EmergencyAffordanceService
05-27 14:24:43.091 D/SystemServerTiming( 704): OnBootPhase_550_com.android.server.blob.BlobStoreManagerService
05-27 14:24:43.092 I/UsbPortManager( 704): all: opID:1 successful
05-27 14:24:43.092 D/SystemServerTiming( 704): OnBootPhase_550_com.android.server.dreams.DreamManagerService
05-27 14:24:43.092 D/SystemServerTiming( 704): OnBootPhase_550_com.android.server.security.AttestationVerificationManagerService
05-27 14:24:43.094 D/SystemServerTiming( 704): OnBootPhase_550_com.android.server.restrictions.RestrictionsManagerService
05-27 14:24:43.094 D/SystemServerTiming( 704): OnBootPhase_550_com.android.server.media.MediaSessionService
05-27 14:24:43.095 W/BroadcastLoopers( 704): Found previously unknown looper Thread[AudioDeviceBroker,5,main]
05-27 14:24:43.096 D/SystemServerTiming( 704): OnBootPhase_550_com.android.server.hdmi.HdmiControlService
05-27 14:24:43.097 D/SystemServerTiming( 704): OnBootPhase_550_com.android.server.tv.interactive.TvInteractiveAppManagerService
05-27 14:24:43.097 D/SystemServerTiming( 704): OnBootPhase_550_com.android.server.tv.TvInputManagerService
05-27 14:24:43.097 D/SystemServerTiming( 704): OnBootPhase_550_com.android.server.media.MediaResourceMonitorService
05-27 14:24:43.097 D/SystemServerTiming( 704): OnBootPhase_550_com.android.server.tv.TvRemoteService
05-27 14:24:43.097 D/SystemServerTiming( 704): OnBootPhase_550_com.android.server.biometrics.BiometricService
05-27 14:24:43.097 D/SystemServerTiming( 704): OnBootPhase_550_com.android.server.biometrics.AuthService
05-27 14:24:43.097 D/SystemServerTiming( 704): OnBootPhase_550_com.android.server.pm.ShortcutService$Lifecycle
05-27 14:24:43.097 D/SystemServerTiming( 704): OnBootPhase_550_com.android.server.pm.LauncherAppsService
05-27 14:24:43.097 D/SystemServerTiming( 704): OnBootPhase_550_com.android.server.pm.CrossProfileAppsService
05-27 14:24:43.097 D/SystemServerTiming( 704): OnBootPhase_550_com.android.server.people.PeopleService
05-27 14:24:43.097 D/SystemServerTiming( 704): OnBootPhase_550_com.android.server.media.metrics.MediaMetricsManagerService
05-27 14:24:43.097 D/SystemServerTiming( 704): OnBootPhase_550_com.android.server.pm.BackgroundInstallControlService
05-27 14:24:43.097 D/SystemServerTiming( 704): OnBootPhase_550_com.android.server.media.projection.MediaProjectionManagerService
05-27 14:24:43.097 D/SystemServerTiming( 704): OnBootPhase_550_com.android.server.slice.SliceManagerService$Lifecycle
05-27 14:24:43.097 D/SystemServerTiming( 704): OnBootPhase_550_com.android.server.stats.StatsCompanion$Lifecycle
05-27 14:24:43.097 D/SystemServerTiming( 704): OnBootPhase_550_com.android.server.scheduling.RebootReadinessManagerService$Lifecycle
05-27 14:24:43.097 D/SystemServerTiming( 704): OnBootPhase_550_com.android.server.stats.pull.StatsPullAtomService
05-27 14:24:43.097 D/SystemServerTiming( 704): OnBootPhase_550_com.android.server.stats.bootstrap.StatsBootstrapAtomService$Lifecycle
05-27 14:24:43.097 D/SystemServerTiming( 704): OnBootPhase_550_com.android.server.incident.IncidentCompanionService
05-27 14:24:43.097 D/SystemServerTiming( 704): OnBootPhase_550_com.android.server.sdksandbox.SdkSandboxManagerService$Lifecycle
05-27 14:24:43.097 D/SystemServerTiming( 704): OnBootPhase_550_com.android.server.adservices.AdServicesManagerService$Lifecycle
05-27 14:24:43.097 D/SystemServerTiming( 704): OnBootPhase_550_com.android.server.ondevicepersonalization.OnDevicePersonalizationSystemService$Lifecycle
05-27 14:24:43.097 D/SystemServerTiming( 704): OnBootPhase_550_com.android.server.autofill.AutofillManagerService
05-27 14:24:43.097 D/SystemServerTiming( 704): OnBootPhase_550_com.android.server.clipboard.ClipboardService
05-27 14:24:43.097 D/SystemServerTiming( 704): OnBootPhase_550_com.android.server.appbinding.AppBindingService$Lifecycle
05-27 14:24:43.098 D/HDMI ( 704): Process pid:704 is calling addHotplugEventListener
05-27 14:24:43.099 I/AppBindingService( 704): Updating constants with: null
05-27 14:24:43.100 D/SystemServerTiming( 704): OnBootPhase_550_com.android.server.tracing.TracingServiceProxy
05-27 14:24:43.100 D/SystemServerTiming( 704): OnBootPhase_550_com.android.server.policy.PermissionPolicyService
05-27 14:24:43.100 D/SystemServerTiming( 704): Permission_grant_default_permissions-0
05-27 14:24:43.100 D/SystemServerTiming( 704): Permission_synchronize_permissions-0
05-27 14:24:43.102 D/SystemServerTiming( 704): Permission_synchronize_addPackages-0
05-27 14:24:43.119 W/ActivityManager( 704): Slow operation: 56ms so far, now at startProcess: returned from zygote!
05-27 14:24:43.120 W/ActivityManager( 704): Slow operation: 57ms so far, now at startProcess: done updating battery stats
05-27 14:24:43.120 W/ActivityManager( 704): Slow operation: 57ms so far, now at startProcess: building log message
05-27 14:24:43.120 I/ActivityManager( 704): Start proc 990:com.android.systemui/u0a52 for service {com.android.systemui/com.android.systemui.wallpapers.ImageWallpaper}
05-27 14:24:43.120 W/ActivityManager( 704): Slow operation: 57ms so far, now at startProcess: starting to update pids map
05-27 14:24:43.125 W/ActivityManager( 704): Slow operation: 62ms so far, now at startProcess: done updating pids map
05-27 14:24:43.178 D/SystemServerTiming( 704): Permission_syncPackages-0
05-27 14:24:43.179 D/SystemServerTiming( 704): Permission_onInitialized-0
05-27 14:24:43.180 I/PermissionManager( 704): Permission ownership changed. Updating all permissions.
05-27 14:24:43.180 W/PermissionManager( 704): Package com.android.adservices.api is an APK in APEX, but has permission allowlist on the system image. Please bundle the allowlist in the com.android.adservices APEX instead.
05-27 14:24:43.204 D/AudioService( 704): No vibrator found
05-27 14:24:43.208 D/UsbHostManager( 704): USB device attached: vidpid 0b95:1790 mfg/product/ver/serial ASIX/AX88772D/3.00/00320BA2 hasAudio/HID/Storage: false/false/false
05-27 14:24:43.209 D/GameManagerService( 704): User ID '0' does not have a Game Mode selected for package: 'com.android.systemui'
05-27 14:24:43.210 D/CompatibilityChangeReporter( 704): Compat change id reported: 168419799; UID 10052; state: DISABLED
05-27 14:24:43.229 D/CompatibilityChangeReporter( 704): Compat change id reported: 273564678; UID 10052; state: DISABLED
05-27 14:24:43.238 W/ActivityManager( 704): Slow operation: 53ms so far, now at attachApplicationLocked: immediately before bindApplication
05-27 14:24:43.240 I/keystore2( 289): system/security/keystore2/src/watchdog.rs:319 - Watchdog thread idle -> terminating. Have a great day.
05-27 14:24:43.282 W/ActivityManager( 704): Slow operation: 97ms so far, now at attachApplicationLocked: immediately after bindApplication
05-27 14:24:43.282 W/ActivityManager( 704): Slow operation: 97ms so far, now at attachApplicationLocked: after updateLruProcessLocked
05-27 14:24:43.288 D/CompatibilityChangeReporter( 704): Compat change id reported: 265195908; UID 10052; state: ENABLED
05-27 14:24:43.290 W/ActivityManager( 704): Slow operation: 104ms so far, now at attachApplicationLocked: after updateOomAdjLocked
05-27 14:24:43.299 D/CompatibilityChangeReporter( 704): Compat change id reported: 170503758; UID 10052; state: ENABLED
05-27 14:24:43.334 D/UsbHostManager( 704): Added device UsbDevice[mName=/dev/bus/usb/003/003,mVendorId=2965,mProductId=6032,mClass=255,mSubclass=255,mProtocol=0,mManufacturerName=ASIX,mProductName=AX88772D,mVersion=3.00,mSerialNumberReader=com.android.server.usb.UsbSerialReader@91652f1, mHasAudioPlayback=false, mHasAudioCapture=false, mHasMidi=false, mHasVideoCapture=false, mHasVideoPlayback=false, mConfigurations=[
05-27 14:24:43.334 D/UsbHostManager( 704): UsbConfiguration[mId=1,mName=null,mAttributes=160,mMaxPower=50,mInterfaces=[
05-27 14:24:43.334 D/UsbHostManager( 704): UsbInterface[mId=0,mAlternateSetting=0,mName=Network_Interface,mClass=255,mSubclass=255,mProtocol=0,mEndpoints=[
05-27 14:24:43.334 D/UsbHostManager( 704): UsbEndpoint[mAddress=129,mAttributes=3,mMaxPacketSize=16,mInterval=11]
05-27 14:24:43.334 D/UsbHostManager( 704): UsbEndpoint[mAddress=130,mAttributes=2,mMaxPacketSize=512,mInterval=0]
05-27 14:24:43.334 D/UsbHostManager( 704): UsbEndpoint[mAddress=3,mAttributes=2,mMaxPacketSize=512,mInterval=0]
05-27 14:24:43.334 D/UsbHostManager( 704): UsbEndpoint[mAddress=5,mAttributes=2,mMaxPacketSize=512,mInterval=0]]]]
05-27 14:24:43.339 I/ActivityManager( 704): com.droidlogic is exempt from freezer
05-27 14:24:43.340 D/CompatibilityChangeReporter( 704): Compat change id reported: 135634846; UID 1000; state: DISABLED
05-27 14:24:43.348 E/UsbAlsaManager( 704): usbDeviceAdded(): cannot find sound card for /dev/bus/usb/003/003
05-27 14:24:43.357 I/ActivityManager( 704): Start proc 1008:com.droidlogic/1000 for broadcast {com.droidlogic/com.droidlogic.UsbCameraReceiver}
05-27 14:24:43.386 W/PermissionManager( 704): Package com.android.providers.media.module is an APK in APEX, but has permission allowlist on the system image. Please bundle the allowlist in the com.android.mediaprovider APEX instead.
05-27 14:24:43.387 W/PermissionManager( 704): Package com.android.providers.media.module is an APK in APEX, but has permission allowlist on the system image. Please bundle the allowlist in the com.android.mediaprovider APEX instead.
05-27 14:24:43.387 W/PermissionManager( 704): Package com.android.providers.media.module is an APK in APEX, but has permission allowlist on the system image. Please bundle the allowlist in the com.android.mediaprovider APEX instead.
05-27 14:24:43.387 W/PermissionManager( 704): Package com.android.providers.media.module is an APK in APEX, but has permission allowlist on the system image. Please bundle the allowlist in the com.android.mediaprovider APEX instead.
05-27 14:24:43.387 W/PermissionManager( 704): Package com.android.providers.media.module is an APK in APEX, but has permission allowlist on the system image. Please bundle the allowlist in the com.android.mediaprovider APEX instead.
05-27 14:24:43.387 W/PermissionManager( 704): Package com.android.providers.media.module is an APK in APEX, but has permission allowlist on the system image. Please bundle the allowlist in the com.android.mediaprovider APEX instead.
05-27 14:24:43.387 W/PermissionManager( 704): Package com.android.providers.media.module is an APK in APEX, but has permission allowlist on the system image. Please bundle the allowlist in the com.android.mediaprovider APEX instead.
05-27 14:24:43.387 W/PermissionManager( 704): Package com.android.providers.media.module is an APK in APEX, but has permission allowlist on the system image. Please bundle the allowlist in the com.android.mediaprovider APEX instead.
05-27 14:24:43.387 W/PermissionManager( 704): Package com.android.providers.media.module is an APK in APEX, but has permission allowlist on the system image. Please bundle the allowlist in the com.android.mediaprovider APEX instead.
05-27 14:24:43.387 W/PermissionManager( 704): Package com.android.providers.media.module is an APK in APEX, but has permission allowlist on the system image. Please bundle the allowlist in the com.android.mediaprovider APEX instead.
05-27 14:24:43.387 W/PermissionManager( 704): Package com.android.providers.media.module is an APK in APEX, but has permission allowlist on the system image. Please bundle the allowlist in the com.android.mediaprovider APEX instead.
05-27 14:24:43.387 W/PermissionManager( 704): Package com.android.providers.media.module is an APK in APEX, but has permission allowlist on the system image. Please bundle the allowlist in the com.android.mediaprovider APEX instead.
05-27 14:24:43.387 W/PermissionManager( 704): Package com.android.providers.media.module is an APK in APEX, but has permission allowlist on the system image. Please bundle the allowlist in the com.android.mediaprovider APEX instead.
05-27 14:24:43.419 D/GameManagerService( 704): User ID '0' does not have a Game Mode selected for package: 'com.droidlogic'
05-27 14:24:43.420 D/CompatibilityChangeReporter( 704): Compat change id reported: 168419799; UID 1000; state: DISABLED
05-27 14:24:43.420 D/CompatibilityChangeReporter( 704): Compat change id reported: 273564678; UID 1000; state: DISABLED
05-27 14:24:43.423 W/SystemServiceManager( 704): Service com.android.server.policy.PermissionPolicyService took 324 ms in onBootPhase
05-27 14:24:43.423 D/SystemServerTiming( 704): OnBootPhase_550_com.android.server.pm.StagingManager$Lifecycle
05-27 14:24:43.423 D/SystemServerTiming( 704): OnBootPhase_550_com.android.server.app.GameManagerService$Lifecycle
05-27 14:24:43.423 D/SystemServerTiming( 704): OnBootPhase_550_com.android.safetycenter.SafetyCenterService
05-27 14:24:43.423 D/SystemServerTiming( 704): OnBootPhase_550_com.android.server.appsearch.AppSearchModule$Lifecycle
05-27 14:24:43.424 D/SystemServerTiming( 704): OnBootPhase_550_com.android.server.media.MediaCommunicationService
05-27 14:24:43.424 D/SystemServerTiming( 704): OnBootPhase_550_com.android.server.compat.overrides.AppCompatOverridesService$Lifecycle
05-27 14:24:43.424 D/SystemServerTiming( 704): OnBootPhase_550_com.android.server.healthconnect.HealthConnectManagerService
05-27 14:24:43.424 D/SystemServerTiming( 704): OnBootPhase_550_com.android.server.devicelock.DeviceLockService
05-27 14:24:43.424 D/DeviceLockService( 704): onBootPhase: 550
05-27 14:24:43.424 D/SystemServerTiming( 704): StartObservingNativeCrashes
05-27 14:24:43.424 D/SystemServerTiming( 704): RegisterAppOpsPolicy
05-27 14:24:43.427 D/SystemServerTiming( 704): MakeNetworkManagementServiceReady
05-27 14:24:43.427 D/SystemServerTimingAsync( 704): InitThreadPoolExec:WebViewFactoryPreparation
05-27 14:24:43.427 I/SystemServer( 704): WebViewFactoryPreparation
05-27 14:24:43.427 D/SystemServerTimingAsync( 704): WebViewFactoryPreparation
05-27 14:24:43.431 D/SystemServerTiming( 704): MakeConnectivityServiceReady
05-27 14:24:43.438 W/BatteryExternalStatsWorker( 704): error reading modem stats:ERROR_PHONE_NOT_AVAILABLE
05-27 14:24:43.438 E/AppOps ( 704): Bad call made by uid 1000. Package "android" does not belong to uid 1037.
05-27 14:24:43.445 E/AppOps ( 704): Cannot checkOperation
05-27 14:24:43.445 E/AppOps ( 704): java.lang.SecurityException: Specified package "android" under uid 1037 but it is not
05-27 14:24:43.445 E/AppOps ( 704): at com.android.server.appop.AppOpsService.verifyAndGetBypass(AppOpsService.java:3894)
05-27 14:24:43.445 E/AppOps ( 704): at com.android.server.appop.AppOpsService.verifyAndGetBypass(AppOpsService.java:3754)
05-27 14:24:43.445 E/AppOps ( 704): at com.android.server.appop.AppOpsService.verifyAndGetBypass(AppOpsService.java:3746)
05-27 14:24:43.445 E/AppOps ( 704): at com.android.server.appop.AppOpsService.checkOperationUnchecked(AppOpsService.java:2417)
05-27 14:24:43.445 E/AppOps ( 704): at com.android.server.appop.AppOpsService.checkOperationImpl(AppOpsService.java:2400)
05-27 14:24:43.445 E/AppOps ( 704): at com.android.server.appop.AppOpsService.-$$Nest$mcheckOperationImpl(AppOpsService.java:0)
05-27 14:24:43.445 E/AppOps ( 704): at com.android.server.appop.AppOpsService$CheckOpsDelegateDispatcher.$r8$lambda$fx57Sum-uA3sXo7NCFwrI3iq4WM(AppOpsService.java:0)
05-27 14:24:43.445 E/AppOps ( 704): at com.android.server.appop.AppOpsService$CheckOpsDelegateDispatcher$$ExternalSyntheticLambda9.apply(R8$$SyntheticClass:0)
05-27 14:24:43.445 E/AppOps ( 704): at com.android.server.policy.AppOpsPolicy.checkOperation(AppOpsPolicy.java:221)
05-27 14:24:43.445 E/AppOps ( 704): at com.android.server.appop.AppOpsService$CheckOpsDelegateDispatcher.checkOperation(AppOpsService.java:6427)
05-27 14:24:43.445 E/AppOps ( 704): at com.android.server.appop.AppOpsService.checkOperation(AppOpsService.java:2385)
05-27 14:24:43.445 E/AppOps ( 704): at com.android.server.StorageManagerService$StorageManagerInternalImpl.hasExternalStorageAccess(StorageManagerService.java:4728)
05-27 14:24:43.445 E/AppOps ( 704): at com.android.server.am.ProcessList.startProcessLocked(ProcessList.java:1778)
05-27 14:24:43.445 E/AppOps ( 704): at com.android.server.am.ProcessList.startProcessLocked(ProcessList.java:2484)
05-27 14:24:43.445 E/AppOps ( 704): at com.android.server.am.ProcessList.startProcessLocked(ProcessList.java:2629)
05-27 14:24:43.445 E/AppOps ( 704): at com.android.server.am.ActivityManagerService.startIsolatedProcess(ActivityManagerService.java:2949)
05-27 14:24:43.445 E/AppOps ( 704): at com.android.server.am.ActivityManagerService$LocalService.startIsolatedProcess(ActivityManagerService.java:17521)
05-27 14:24:43.445 E/AppOps ( 704): at android.webkit.WebViewLibraryLoader.createRelroFile(WebViewLibraryLoader.java:126)
05-27 14:24:43.445 E/AppOps ( 704): at android.webkit.WebViewLibraryLoader.createRelros(WebViewLibraryLoader.java:164)
05-27 14:24:43.445 E/AppOps ( 704): at android.webkit.WebViewLibraryLoader.prepareNativeLibraries(WebViewLibraryLoader.java:152)
05-27 14:24:43.445 E/AppOps ( 704): at android.webkit.WebViewFactory.onWebViewProviderChanged(WebViewFactory.java:555)
05-27 14:24:43.445 E/AppOps ( 704): at com.android.server.webkit.SystemImpl.onWebViewProviderChanged(SystemImpl.java:174)
05-27 14:24:43.445 E/AppOps ( 704): at com.android.server.webkit.WebViewUpdateServiceImpl.onWebViewProviderChanged(WebViewUpdateServiceImpl.java:351)
05-27 14:24:43.445 E/AppOps ( 704): at com.android.server.webkit.WebViewUpdateServiceImpl.prepareWebViewInSystemServer(WebViewUpdateServiceImpl.java:182)
05-27 14:24:43.445 E/AppOps ( 704): at com.android.server.webkit.WebViewUpdateService.prepareWebViewInSystemServer(WebViewUpdateService.java:129)
05-27 14:24:43.445 E/AppOps ( 704): at com.android.server.SystemServer.lambda$startOtherServices$4(SystemServer.java:2939)
05-27 14:24:43.445 E/AppOps ( 704): at com.android.server.SystemServer.$r8$lambda$t1R-mpe1gQ3l_T3UqaEuPqwZT88(SystemServer.java:0)
05-27 14:24:43.445 E/AppOps ( 704): at com.android.server.SystemServer$$ExternalSyntheticLambda7.run(R8$$SyntheticClass:0)
05-27 14:24:43.445 E/AppOps ( 704): at com.android.server.SystemServerInitThreadPool.lambda$submitTask$0(SystemServerInitThreadPool.java:107)
05-27 14:24:43.445 E/AppOps ( 704): at com.android.server.SystemServerInitThreadPool.$r8$lambda$iar571g8isa6ZrPZMHj1USmyX48(SystemServerInitThreadPool.java:0)
05-27 14:24:43.445 E/AppOps ( 704): at com.android.server.SystemServerInitThreadPool$$ExternalSyntheticLambda1.run(R8$$SyntheticClass:0)
05-27 14:24:43.445 E/AppOps ( 704): at java.util.concurrent.Executors$RunnableAdapter.call(Executors.java:487)
05-27 14:24:43.445 E/AppOps ( 704): at java.util.concurrent.FutureTask.run(FutureTask.java:264)
05-27 14:24:43.445 E/AppOps ( 704): at java.util.concurrent.ThreadPoolExecutor.runWorker(ThreadPoolExecutor.java:1145)
05-27 14:24:43.445 E/AppOps ( 704): at java.util.concurrent.ThreadPoolExecutor$Worker.run(ThreadPoolExecutor.java:644)
05-27 14:24:43.445 E/AppOps ( 704): at com.android.internal.util.ConcurrentUtils$1$1.run(ConcurrentUtils.java:65)
05-27 14:24:43.445 I/ActivityManager( 704): android is exempt from freezer
05-27 14:24:43.446 D/CompatibilityChangeReporter( 704): Compat change id reported: 135634846; UID 1000; state: DISABLED
05-27 14:24:43.446 D/CompatibilityChangeReporter( 704): Compat change id reported: 177438394; UID 1000; state: DISABLED
05-27 14:24:43.447 D/CompatibilityChangeReporter( 704): Compat change id reported: 135772972; UID 1000; state: DISABLED
05-27 14:24:43.447 D/CompatibilityChangeReporter( 704): Compat change id reported: 178038272; UID 1000; state: DISABLED
05-27 14:24:43.470 I/ActivityManager( 704): Start proc 1029:WebViewLoader-armeabi-v7a/1037 [android.webkit.WebViewLibraryLoader$RelroFileCreator] for
05-27 14:24:43.476 W/NetworkPolicy( 704): setRestrictBackgroundUL: already false
05-27 14:24:43.483 D/CompatibilityChangeReporter( 704): Compat change id reported: 218533173; UID 10087; state: DISABLED
05-27 14:24:43.483 D/CompatibilityChangeReporter( 704): Compat change id reported: 262645982; UID 10087; state: DISABLED
05-27 14:24:43.485 D/CompatibilityChangeReporter( 704): Compat change id reported: 218533173; UID 10084; state: DISABLED
05-27 14:24:43.486 D/CompatibilityChangeReporter( 704): Compat change id reported: 262645982; UID 10084; state: DISABLED
05-27 14:24:43.487 D/CompatibilityChangeReporter( 704): Compat change id reported: 218533173; UID 10045; state: ENABLED
05-27 14:24:43.491 D/CompatibilityChangeReporter( 704): Compat change id reported: 262645982; UID 10045; state: ENABLED
05-27 14:24:43.492 D/CompatibilityChangeReporter( 704): Compat change id reported: 218533173; UID 10050; state: DISABLED
05-27 14:24:43.493 D/CompatibilityChangeReporter( 704): Compat change id reported: 262645982; UID 10050; state: DISABLED
05-27 14:24:43.496 D/CompatibilityChangeReporter( 704): Compat change id reported: 171306433; UID 10050; state: DISABLED
05-27 14:24:43.511 D/CompatibilityChangeReporter( 704): Compat change id reported: 218533173; UID 10081; state: DISABLED
05-27 14:24:43.512 D/CompatibilityChangeReporter( 704): Compat change id reported: 262645982; UID 10081; state: DISABLED
05-27 14:24:43.513 D/CompatibilityChangeReporter( 704): Compat change id reported: 218533173; UID 10078; state: DISABLED
05-27 14:24:43.514 D/CompatibilityChangeReporter( 704): Compat change id reported: 262645982; UID 10078; state: DISABLED
05-27 14:24:43.515 D/CompatibilityChangeReporter( 704): Compat change id reported: 218533173; UID 10041; state: DISABLED
05-27 14:24:43.515 D/CompatibilityChangeReporter( 704): Compat change id reported: 262645982; UID 10041; state: DISABLED
05-27 14:24:43.516 D/CompatibilityChangeReporter( 704): Compat change id reported: 218533173; UID 10077; state: DISABLED
05-27 14:24:43.516 D/CompatibilityChangeReporter( 704): Compat change id reported: 262645982; UID 10077; state: DISABLED
05-27 14:24:43.517 D/CompatibilityChangeReporter( 704): Compat change id reported: 218533173; UID 10082; state: DISABLED
05-27 14:24:43.518 D/CompatibilityChangeReporter( 704): Compat change id reported: 262645982; UID 10082; state: DISABLED
05-27 14:24:43.519 D/CompatibilityChangeReporter( 704): Compat change id reported: 171306433; UID 10082; state: DISABLED
05-27 14:24:43.520 D/CompatibilityChangeReporter( 704): Compat change id reported: 218533173; UID 10079; state: DISABLED
05-27 14:24:43.522 D/CompatibilityChangeReporter( 704): Compat change id reported: 262645982; UID 10079; state: DISABLED
05-27 14:24:43.524 D/CompatibilityChangeReporter( 704): Compat change id reported: 218533173; UID 10076; state: DISABLED
05-27 14:24:43.524 D/GameManagerService( 704): User ID '0' does not have a Game Mode selected for package: 'android'
05-27 14:24:43.527 E/android.hardware.wifi-service.droidlogic( 519): get aml true wifi is aml_w2_s
05-27 14:24:43.528 E/android.hardware.wifi-service.droidlogic( 519): multiwifi will rmmod wifi comm
05-27 14:24:43.548 D/CompatibilityChangeReporter( 704): Compat change id reported: 168419799; UID 1000; state: DISABLED
05-27 14:24:43.552 D/CompatibilityChangeReporter( 704): Compat change id reported: 262645982; UID 10076; state: DISABLED
05-27 14:24:43.552 D/CompatibilityChangeReporter( 704): Compat change id reported: 218533173; UID 10083; state: DISABLED
05-27 14:24:43.553 D/CompatibilityChangeReporter( 704): Compat change id reported: 262645982; UID 10083; state: DISABLED
05-27 14:24:43.553 I/android.hardware.wifi-service.droidlogic( 519): found the match wifi is: aml_w2_s
05-27 14:24:43.553 I/android.hardware.wifi-service.droidlogic( 519): insmod driver: /vendor/lib/modules/w2_comm.ko
05-27 14:24:43.553 D/CompatibilityChangeReporter( 704): Compat change id reported: 218533173; UID 10048; state: ENABLED
05-27 14:24:43.554 D/CompatibilityChangeReporter( 704): Compat change id reported: 273564678; UID 1000; state: DISABLED
05-27 14:24:43.554 D/CompatibilityChangeReporter( 704): Compat change id reported: 262645982; UID 10048; state: ENABLED
05-27 14:24:43.554 D/CompatibilityChangeReporter( 704): Compat change id reported: 218533173; UID 10080; state: DISABLED
05-27 14:24:43.555 D/CompatibilityChangeReporter( 704): Compat change id reported: 262645982; UID 10080; state: DISABLED
05-27 14:24:43.556 D/CompatibilityChangeReporter( 704): Compat change id reported: 218533173; UID 10042; state: DISABLED
05-27 14:24:43.557 D/CompatibilityChangeReporter( 704): Compat change id reported: 262645982; UID 10042; state: DISABLED
05-27 14:24:43.558 D/CompatibilityChangeReporter( 704): Compat change id reported: 218533173; UID 10039; state: DISABLED
05-27 14:24:43.558 D/CompatibilityChangeReporter( 704): Compat change id reported: 262645982; UID 10039; state: DISABLED
05-27 14:24:43.571 D/SystemServerTiming( 704): MakeVpnManagerServiceReady
05-27 14:24:43.582 D/SystemServerTiming( 704): MakeVcnManagementServiceReady
05-27 14:24:43.606 I/android.hardware.wifi-service.droidlogic( 519): insmod driver: /vendor/lib/modules/aml_bt.ko
05-27 14:24:43.640 D/SystemServerTiming( 704): MakeNetworkPolicyServiceReady
05-27 14:24:43.642 I/android.hardware.wifi-service.droidlogic( 519): insmod driver: /vendor/lib/modules/w2.ko
05-27 14:24:43.677 W/BroadcastLoopers( 704): Found previously unknown looper Thread[NetworkStats,5,main]
05-27 14:24:43.707 W/PackageManager( 704): Invalid dex load report. loadingPackageName=null, uid=1037
05-27 14:24:43.712 D/SystemServerTiming( 704): PhaseThirdPartyAppsCanStart
05-27 14:24:43.713 I/SystemServiceManager( 704): Starting phase 600
05-27 14:24:43.713 D/SystemServerTiming( 704): OnBootPhase_600
05-27 14:24:43.713 D/SystemServerTiming( 704): OnBootPhase_600_com.android.server.security.FileIntegrityService
05-27 14:24:43.713 D/SystemServerTiming( 704): OnBootPhase_600_com.android.server.pm.Installer
05-27 14:24:43.713 D/SystemServerTiming( 704): OnBootPhase_600_com.android.server.os.DeviceIdentifiersPolicyService
05-27 14:24:43.713 D/SystemServerTiming( 704): OnBootPhase_600_com.android.server.flags.FeatureFlagsService
05-27 14:24:43.713 D/SystemServerTiming( 704): OnBootPhase_600_com.android.server.uri.UriGrantsManagerService$Lifecycle
05-27 14:24:43.713 D/SystemServerTiming( 704): OnBootPhase_600_com.android.server.powerstats.PowerStatsService
05-27 14:24:43.713 D/SystemServerTiming( 704): OnBootPhase_600_com.android.server.permission.access.AccessCheckingService
05-27 14:24:43.713 D/SystemServerTiming( 704): OnBootPhase_600_com.android.server.wm.ActivityTaskManagerService$Lifecycle
05-27 14:24:43.713 D/SystemServerTiming( 704): OnBootPhase_600_com.android.server.am.ActivityManagerService$Lifecycle
05-27 14:24:43.716 I/ExplicitHealthCheckController( 704): Explicit health checks enabled.
05-27 14:24:43.716 I/PackageWatchdog( 704): Syncing state, reason: health check state enabled
05-27 14:24:43.717 I/PackageWatchdog( 704): Saving observer state to file
05-27 14:24:43.718 D/SystemServerTiming( 704): OnBootPhase_600_com.android.server.pm.DataLoaderManagerService
05-27 14:24:43.718 D/SystemServerTiming( 704): OnBootPhase_600_com.android.server.power.PowerManagerService
05-27 14:24:43.719 D/SystemServerTiming( 704): OnBootPhase_600_com.android.server.power.ThermalManagerService
05-27 14:24:43.719 D/SystemServerTiming( 704): OnBootPhase_600_com.android.server.power.hint.HintManagerService
05-27 14:24:43.719 D/SystemServerTiming( 704): OnBootPhase_600_com.android.server.recoverysystem.RecoverySystemService$Lifecycle
05-27 14:24:43.719 D/SystemServerTiming( 704): OnBootPhase_600_com.android.server.lights.LightsService
05-27 14:24:43.719 D/SystemServerTiming( 704): OnBootPhase_600_com.android.server.display.DisplayManagerService
05-27 14:24:43.719 D/SystemServerTiming( 704): OnBootPhase_600_com.android.server.pm.verify.domain.DomainVerificationService
05-27 14:24:43.719 D/SystemServerTiming( 704): OnBootPhase_600_com.android.server.pm.PackageInstallerService$Lifecycle
05-27 14:24:43.719 D/SystemServerTiming( 704): OnBootPhase_600_com.android.server.pm.UserManagerService$LifeCycle
05-27 14:24:43.719 D/SystemServerTiming( 704): OnBootPhase_600_com.android.server.om.OverlayManagerService
05-27 14:24:43.719 D/SystemServerTiming( 704): OnBootPhase_600_com.android.server.resources.ResourcesManagerService
05-27 14:24:43.719 D/SystemServerTiming( 704): OnBootPhase_600_com.android.server.sensorprivacy.SensorPrivacyService
05-27 14:24:43.719 D/SystemServerTiming( 704): OnBootPhase_600_com.android.server.sensors.SensorService
05-27 14:24:43.719 D/SystemServerTiming( 704): OnBootPhase_600_com.android.server.SystemConfigService
05-27 14:24:43.719 D/SystemServerTiming( 704): OnBootPhase_600_com.android.server.BatteryService
05-27 14:24:43.719 D/SystemServerTiming( 704): OnBootPhase_600_com.android.server.usage.UsageStatsService
05-27 14:24:43.719 D/SystemServerTiming( 704): OnBootPhase_600_com.android.server.webkit.WebViewUpdateService
05-27 14:24:43.719 D/SystemServerTiming( 704): OnBootPhase_600_com.android.server.CachedDeviceStateService
05-27 14:24:43.719 D/SystemServerTiming( 704): OnBootPhase_600_com.android.server.BinderCallsStatsService$LifeCycle
05-27 14:24:43.719 D/SystemServerTiming( 704): OnBootPhase_600_com.android.server.LooperStatsService$Lifecycle
05-27 14:24:43.719 D/SystemServerTiming( 704): OnBootPhase_600_com.android.server.rollback.RollbackManagerService
05-27 14:24:43.719 D/SystemServerTiming( 704): OnBootPhase_600_com.android.server.os.NativeTombstoneManagerService
05-27 14:24:43.719 D/SystemServerTiming( 704): OnBootPhase_600_com.android.server.os.BugreportManagerService
05-27 14:24:43.719 D/SystemServerTiming( 704): OnBootPhase_600_com.android.server.gpu.GpuService
05-27 14:24:43.719 D/SystemServerTiming( 704): OnBootPhase_600_com.android.server.security.rkp.RemoteProvisioningService
05-27 14:24:43.719 D/SystemServerTiming( 704): OnBootPhase_600_com.android.server.security.KeyChainSystemService
05-27 14:24:43.719 D/SystemServerTiming( 704): OnBootPhase_600_com.android.server.BinaryTransparencyService
05-27 14:24:43.719 D/SystemServerTiming( 704): OnBootPhase_600_com.android.server.accounts.AccountManagerService$Lifecycle
05-27 14:24:43.719 D/SystemServerTiming( 704): OnBootPhase_600_com.android.server.content.ContentService$Lifecycle
05-27 14:24:43.719 D/SystemServerTiming( 704): OnBootPhase_600_com.android.server.deviceconfig.DeviceConfigInit$Lifecycle
05-27 14:24:43.719 D/SystemServerTiming( 704): OnBootPhase_600_com.android.server.DropBoxManagerService
05-27 14:24:43.719 D/SystemServerTiming( 704): OnBootPhase_600_com.android.role.RoleService
05-27 14:24:43.719 D/SystemServerTiming( 704): OnBootPhase_600_com.android.server.vibrator.VibratorManagerService$Lifecycle
05-27 14:24:43.719 D/SystemServerTiming( 704): OnBootPhase_600_com.android.server.tare.InternalResourceService
05-27 14:24:43.719 D/SystemServerTiming( 704): OnBootPhase_600_com.android.server.alarm.AlarmManagerService
05-27 14:24:43.719 D/SystemServerTiming( 704): OnBootPhase_600_com.android.server.devicestate.DeviceStateManagerService
05-27 14:24:43.719 D/SystemServerTiming( 704): OnBootPhase_600_com.android.server.camera.CameraServiceProxy
05-27 14:24:43.719 D/SystemServerTiming( 704): OnBootPhase_600_com.android.server.bluetooth.BluetoothService
05-27 14:24:43.719 D/SystemServerTiming( 704): OnBootPhase_600_com.android.server.connectivity.IpConnectivityMetrics
05-27 14:24:43.719 D/SystemServerTiming( 704): OnBootPhase_600_com.android.server.net.watchlist.NetworkWatchlistService$Lifecycle
05-27 14:24:43.719 D/SystemServerTiming( 704): OnBootPhase_600_com.android.server.PinnerService
05-27 14:24:43.720 D/SystemServerTiming( 704): OnBootPhase_600_com.android.server.integrity.AppIntegrityManagerService
05-27 14:24:43.720 D/SystemServerTiming( 704): OnBootPhase_600_com.android.server.logcat.LogcatManagerService
05-27 14:24:43.720 D/SystemServerTiming( 704): OnBootPhase_600_com.android.server.inputmethod.InputMethodManagerService$Lifecycle
05-27 14:24:43.720 D/SystemServerTiming( 704): OnBootPhase_600_com.android.server.accessibility.AccessibilityManagerService$Lifecycle
05-27 14:24:43.723 D/SystemServerTiming( 704): OnBootPhase_600_com.android.server.StorageManagerService$Lifecycle
05-27 14:24:43.723 D/SystemServerTiming( 704): OnBootPhase_600_com.android.server.usage.StorageStatsService$Lifecycle
05-27 14:24:43.723 D/SystemServerTiming( 704): OnBootPhase_600_com.android.server.UiModeManagerService
05-27 14:24:43.723 D/SystemServerTiming( 704): OnBootPhase_600_com.android.server.locales.LocaleManagerService
05-27 14:24:43.723 D/SystemServerTiming( 704): OnBootPhase_600_com.android.server.grammaticalinflection.GrammaticalInflectionService
05-27 14:24:43.723 D/SystemServerTiming( 704): OnBootPhase_600_com.android.server.apphibernation.AppHibernationService
05-27 14:24:43.723 D/SystemServerTiming( 704): OnBootPhase_600_com.android.server.locksettings.LockSettingsService$Lifecycle
05-27 14:24:43.723 D/SystemServerTiming( 704): OnBootPhase_600_com.android.server.PersistentDataBlockService
05-27 14:24:43.723 D/SystemServerTiming( 704): OnBootPhase_600_com.android.server.testharness.TestHarnessModeService
05-27 14:24:43.723 D/SystemServerTiming( 704): OnBootPhase_600_com.android.server.oemlock.OemLockService
05-27 14:24:43.723 D/SystemServerTiming( 704): OnBootPhase_600_com.android.server.DeviceIdleController
05-27 14:24:43.723 D/SystemServerTiming( 704): OnBootPhase_600_com.android.server.devicepolicy.DevicePolicyManagerService$Lifecycle
05-27 14:24:43.723 D/SystemServerTiming( 704): OnBootPhase_600_com.android.server.texttospeech.TextToSpeechManagerService
05-27 14:24:43.724 D/SystemServerTiming( 704): OnBootPhase_600_com.android.server.ambientcontext.AmbientContextManagerService
05-27 14:24:43.724 D/SystemServerTiming( 704): OnBootPhase_600_com.android.server.wearable.WearableSensingManagerService
05-27 14:24:43.724 D/SystemServerTiming( 704): OnBootPhase_600_com.android.server.speech.SpeechRecognitionManagerService
05-27 14:24:43.725 D/SystemServerTiming( 704): OnBootPhase_600_com.android.server.searchui.SearchUiManagerService
05-27 14:24:43.725 D/SystemServerTiming( 704): OnBootPhase_600_com.android.server.smartspace.SmartspaceManagerService
05-27 14:24:43.725 D/SystemServerTiming( 704): OnBootPhase_600_com.android.server.graphics.fonts.FontManagerService$Lifecycle
05-27 14:24:43.725 D/SystemServerTiming( 704): OnBootPhase_600_com.android.server.textservices.TextServicesManagerService$Lifecycle
05-27 14:24:43.725 D/SystemServerTiming( 704): OnBootPhase_600_com.android.server.textclassifier.TextClassificationManagerService$Lifecycle
05-27 14:24:43.725 D/SystemServerTiming( 704): OnBootPhase_600_com.android.server.NetworkScoreService$Lifecycle
05-27 14:24:43.725 D/SystemServerTiming( 704): OnBootPhase_600_com.android.server.NetworkStatsServiceInitializer
05-27 14:24:43.725 D/SystemServerTiming( 704): OnBootPhase_600_com.android.server.wifi.WifiService
05-27 14:24:43.725 D/SystemServerTiming( 704): OnBootPhase_600_com.android.server.wifi.scanner.WifiScanningService
05-27 14:24:43.725 D/SystemServerTiming( 704): OnBootPhase_600_com.android.server.wifi.p2p.WifiP2pService
05-27 14:24:43.725 D/SystemServerTiming( 704): OnBootPhase_600_com.android.server.ConnectivityServiceInitializer
05-27 14:24:43.729 D/SystemServerTiming( 704): OnBootPhase_600_com.android.server.notification.NotificationManagerService
05-27 14:24:43.739 D/SystemServerTiming( 704): OnBootPhase_600_com.android.server.storage.DeviceStorageMonitorService
05-27 14:24:43.739 D/SystemServerTiming( 704): OnBootPhase_600_com.android.server.timedetector.TimeDetectorService$Lifecycle
05-27 14:24:43.739 D/SystemServerTiming( 704): OnBootPhase_600_com.android.server.location.LocationManagerService$Lifecycle
05-27 14:24:43.774 V/WindowManagerShell( 990): Adding init callback for DisplayChangeController
05-27 14:24:43.774 V/WindowManagerShell( 990): Adding init callback for DisplayController
05-27 14:24:43.774 V/WindowManagerShell( 990): Adding init callback for DisplayInsetsController
05-27 14:24:43.774 V/WindowManagerShell( 990): Adding init callback for DisplayImeController
05-27 14:24:43.774 V/WindowManagerShell( 990): Adding init callback for ShellController
05-27 14:24:43.779 V/WindowManagerShell( 990): Adding init callback for DragAndDropController
05-27 14:24:43.787 D/SystemServerTiming( 704): OnBootPhase_600_com.android.server.timezonedetector.TimeZoneDetectorService$Lifecycle
05-27 14:24:43.787 D/SystemServerTiming( 704): OnBootPhase_600_com.android.server.location.altitude.AltitudeService$Lifecycle
05-27 14:24:43.787 D/SystemServerTiming( 704): OnBootPhase_600_com.android.server.timezonedetector.location.LocationTimeZoneManagerService$Lifecycle
05-27 14:24:43.787 D/SystemServerTiming( 704): OnBootPhase_600_com.android.server.search.SearchManagerService$Lifecycle
05-27 14:24:43.787 D/SystemServerTiming( 704): OnBootPhase_600_com.android.server.wallpaper.WallpaperManagerService$Lifecycle
05-27 14:24:43.787 D/WallpaperManagerService( 704): Wallpaper_switch-user-0
05-27 14:24:43.788 V/WallpaperManagerService( 704): bindWallpaperComponentLocked: componentName=ComponentInfo{com.android.systemui/com.android.systemui.wallpapers.ImageWallpaper}
05-27 14:24:43.788 D/WallpaperManagerService( 704): WPMS.bindWallpaperComponentLocked-ComponentInfo{com.android.systemui/com.android.systemui.wallpapers.ImageWallpaper}
05-27 14:24:43.791 D/CompatibilityChangeReporter( 704): Compat change id reported: 261072174; UID 1000; state: ENABLED
05-27 14:24:43.795 D/SystemServerTiming( 704): OnBootPhase_600_com.android.server.wallpapereffectsgeneration.WallpaperEffectsGenerationManagerService
05-27 14:24:43.795 D/SystemServerTiming( 704): OnBootPhase_600_com.android.server.audio.AudioService$Lifecycle
05-27 14:24:43.796 D/SystemServerTiming( 704): OnBootPhase_600_com.android.server.soundtrigger_middleware.SoundTriggerMiddlewareService$Lifecycle
05-27 14:24:43.796 D/SystemServerTiming( 704): OnBootPhase_600_com.android.server.adb.AdbService$Lifecycle
05-27 14:24:43.796 D/SystemServerTiming( 704): OnBootPhase_600_com.android.server.usb.UsbService$Lifecycle
05-27 14:24:43.796 D/SystemServerTiming( 704): OnBootPhase_600_com.android.server.twilight.TwilightService
05-27 14:24:43.796 D/SystemServerTiming( 704): OnBootPhase_600_com.android.server.display.color.ColorDisplayService
05-27 14:24:43.796 D/SystemServerTiming( 704): OnBootPhase_600_com.android.server.job.JobSchedulerService
05-27 14:24:43.834 D/SystemServerTiming( 704): OnBootPhase_600_com.android.server.soundtrigger.SoundTriggerService
05-27 14:24:43.835 D/SoundTriggerService( 704): onBootPhase: 600 : false
05-27 14:24:43.838 D/SystemServerTiming( 704): OnBootPhase_600_com.android.server.trust.TrustManagerService
05-27 14:24:43.840 I/keystore2( 289): system/security/keystore2/src/authorization.rs:143 - on_lock_screen_event(r#UNLOCK, user_id=0, password.is_some()=false, unlocking_sids=Some([]))
05-27 14:24:43.842 D/SystemServerTiming( 704): OnBootPhase_600_com.android.server.backup.BackupManagerService$Lifecycle
05-27 14:24:43.842 D/SystemServerTiming( 704): OnBootPhase_600_com.android.server.appwidget.AppWidgetService
05-27 14:24:43.842 D/SystemServerTiming( 704): OnBootPhase_600_com.android.server.voiceinteraction.VoiceInteractionManagerService
05-27 14:24:43.845 D/SystemServerTiming( 704): OnBootPhase_600_com.android.server.GestureLauncherService
05-27 14:24:43.846 V/WindowManagerShell( 990): Adding init callback for CompatUIController
05-27 14:24:43.848 D/SystemServerTiming( 704): OnBootPhase_600_com.android.server.SensorNotificationService
05-27 14:24:43.849 D/SystemServerTiming( 704): OnBootPhase_600_com.android.server.emergency.EmergencyAffordanceService
05-27 14:24:43.849 D/SystemServerTiming( 704): OnBootPhase_600_com.android.server.blob.BlobStoreManagerService
05-27 14:24:43.862 D/SystemServerTiming( 704): OnBootPhase_600_com.android.server.dreams.DreamManagerService
05-27 14:24:43.874 V/WindowManagerShell( 990): Adding init callback for ShellTaskOrganizer
05-27 14:24:43.876 D/SystemServerTiming( 704): OnBootPhase_600_com.android.server.security.AttestationVerificationManagerService
05-27 14:24:43.876 D/SystemServerTiming( 704): OnBootPhase_600_com.android.server.restrictions.RestrictionsManagerService
05-27 14:24:43.876 D/SystemServerTiming( 704): OnBootPhase_600_com.android.server.media.MediaSessionService
05-27 14:24:43.876 D/SystemServerTiming( 704): OnBootPhase_600_com.android.server.hdmi.HdmiControlService
05-27 14:24:43.876 D/SystemServerTiming( 704): OnBootPhase_600_com.android.server.tv.interactive.TvInteractiveAppManagerService
05-27 14:24:43.883 D/SystemServerTiming( 704): OnBootPhase_600_com.android.server.tv.TvInputManagerService
05-27 14:24:43.883 D/SystemServerTiming( 704): OnBootPhase_600_com.android.server.media.MediaResourceMonitorService
05-27 14:24:43.883 D/SystemServerTiming( 704): OnBootPhase_600_com.android.server.tv.TvRemoteService
05-27 14:24:43.884 D/SystemServerTiming( 704): OnBootPhase_600_com.android.server.biometrics.BiometricService
05-27 14:24:43.884 D/SystemServerTiming( 704): OnBootPhase_600_com.android.server.biometrics.AuthService
05-27 14:24:43.884 D/SystemServerTiming( 704): OnBootPhase_600_com.android.server.pm.ShortcutService$Lifecycle
05-27 14:24:43.884 D/SystemServerTiming( 704): OnBootPhase_600_com.android.server.pm.LauncherAppsService
05-27 14:24:43.885 D/SystemServerTiming( 704): OnBootPhase_600_com.android.server.pm.CrossProfileAppsService
05-27 14:24:43.885 D/SystemServerTiming( 704): OnBootPhase_600_com.android.server.people.PeopleService
05-27 14:24:43.885 D/SystemServerTiming( 704): OnBootPhase_600_com.android.server.media.metrics.MediaMetricsManagerService
05-27 14:24:43.885 D/SystemServerTiming( 704): OnBootPhase_600_com.android.server.pm.BackgroundInstallControlService
05-27 14:24:43.885 D/SystemServerTiming( 704): OnBootPhase_600_com.android.server.media.projection.MediaProjectionManagerService
05-27 14:24:43.885 D/SystemServerTiming( 704): OnBootPhase_600_com.android.server.slice.SliceManagerService$Lifecycle
05-27 14:24:43.885 D/SystemServerTiming( 704): OnBootPhase_600_com.android.server.stats.StatsCompanion$Lifecycle
05-27 14:24:43.889 D/HDMI ( 704): Process pid:1008 is calling addHotplugEventListener
05-27 14:24:43.891 V/WindowManagerShell( 990): Adding init callback for DefaultTransitionHandler
05-27 14:24:43.891 V/WindowManagerShell( 990): addHandler: Default
05-27 14:24:43.891 V/WindowManagerShell( 990): addHandler: Remote
05-27 14:24:43.891 V/WindowManagerShell( 990): Adding init callback for Transitions
05-27 14:24:43.894 V/WindowManagerShell( 990): Adding init callback for FullscreenTaskListener
05-27 14:24:43.903 V/WindowManagerShell( 990): Adding init callback for ActivityEmbeddingController
05-27 14:24:43.912 D/CompatibilityChangeReporter( 704): Compat change id reported: 161145287; UID 10052; state: ENABLED
05-27 14:24:43.914 V/WindowManagerShell( 990): Adding init callback for StartingWindowController
05-27 14:24:43.914 V/WindowManagerShell( 990): Adding init callback for ProtoLogController
05-27 14:24:43.922 D/CompatibilityChangeReporter( 704): Compat change id reported: 135634846; UID 10051; state: DISABLED
05-27 14:24:43.922 D/CompatibilityChangeReporter( 704): Compat change id reported: 177438394; UID 10051; state: DISABLED
05-27 14:24:43.923 D/CompatibilityChangeReporter( 704): Compat change id reported: 135772972; UID 10051; state: DISABLED
05-27 14:24:43.923 D/CompatibilityChangeReporter( 704): Compat change id reported: 135754954; UID 10051; state: ENABLED
05-27 14:24:43.931 D/SystemServerTiming( 704): OnBootPhase_600_com.android.server.scheduling.RebootReadinessManagerService$Lifecycle
05-27 14:24:43.931 D/SystemServerTiming( 704): OnBootPhase_600_com.android.server.stats.pull.StatsPullAtomService
05-27 14:24:43.931 D/SystemServerTiming( 704): OnBootPhase_600_com.android.server.stats.bootstrap.StatsBootstrapAtomService$Lifecycle
