05-27 14:24:50.082 D/CoreBackPreview( 704): Window{1c8e917 u0 InputMethod}: Setting back callback OnBackInvokedCallbackInfo{mCallback=android.window.IOnBackInvokedCallback$Stub$Proxy@8f9970, mPriority=0, mIsAnimationCallback=false}
05-27 14:24:50.089 D/CompatibilityChangeReporter( 704): Compat change id reported: 161145287; UID 10040; state: DISABLED
05-27 14:24:50.089 W/StorageManagerService( 704): Reporting emulated;0 unmounted due to system locked
05-27 14:24:50.105 D/CompatibilityChangeReporter( 704): Compat change id reported: 170503758; UID 10075; state: DISABLED
05-27 14:24:50.158 D/HDMI ( 704): [R]: 04:90:00
05-27 14:24:50.159 D/HDMI ( 704): addCecDevice new:CEC: logical_address: 0x00 device_type: 0 cec_version: 5 vendor_id: 7173227 display_name: DBX5SPN power_status: 0 physical_address: 0x0000 port_id: -1 old:CEC: logical_address: 0x00 device_type: 0 cec_version: 5 vendor_id: 7173227 display_name: DBX5SPN power_status: 0 physical_address: 0x0000 port_id: -1
05-27 14:24:50.160 D/HdmiControlService( 704): Switching to full volume behavior
05-27 14:24:50.160 D/HDMI ( 704): addCecDevice new:CEC: logical_address: 0x04 device_type: 4 cec_version: 5 vendor_id: 1877008 display_name: DBBOX-A3 power_status: 0 physical_address: 0x3000 port_id: 0 old:null
05-27 14:24:50.161 D/HDMI ( 704): Hot-plug detection started.
05-27 14:24:50.191 W/StorageManagerService( 704): Reporting emulated;0 unmounted due to system locked
05-27 14:24:50.239 D/CompatibilityChangeReporter( 704): Compat change id reported: 161252188; UID 1000; state: DISABLED
05-27 14:24:50.241 I/ActivityManager( 704): com.android.keychain is exempt from freezer
05-27 14:24:50.242 D/CompatibilityChangeReporter( 704): Compat change id reported: 135634846; UID 1000; state: DISABLED
05-27 14:24:50.273 I/ActivityManager( 704): Start proc 1622:com.android.keychain/1000 for service {com.android.keychain/com.android.keychain.KeyChainService}
05-27 14:24:50.284 D/CompatibilityChangeReporter( 704): Compat change id reported: 161145287; UID 10074; state: ENABLED
05-27 14:24:50.308 D/CompatibilityChangeReporter( 704): Compat change id reported: 168419799; UID 1000; state: DISABLED
05-27 14:24:50.308 D/CompatibilityChangeReporter( 704): Compat change id reported: 273564678; UID 1000; state: DISABLED
05-27 14:24:50.319 I/ActivityManager( 704): com.oranth.storage is exempt from freezer
05-27 14:24:50.320 D/CompatibilityChangeReporter( 704): Compat change id reported: 135634846; UID 1000; state: DISABLED
05-27 14:24:50.328 W/ContextImpl( 1555): Calling a method in the system process without a qualified user: android.app.ContextImpl.startService:1899 android.content.ContextWrapper.startService:825 android.content.ContextWrapper.startService:825 com.oranth.ledstatus.BootCompletedReceiver.onReceive:15 android.app.ActivityThread.handleReceiver:4494
05-27 14:24:50.360 I/ActivityManager( 704): Start proc 1639:com.oranth.storage/1000 for broadcast {com.oranth.storage/com.oranth.storage.BootCompletedReceiver}
05-27 14:24:50.388 I/StorageUserConnection( 704): Service: [ComponentInfo{com.android.providers.media.module/com.android.providers.media.fuse.ExternalStorageServiceImpl}] connected. User [0]
05-27 14:24:50.421 D/CompatibilityChangeReporter( 704): Compat change id reported: 135634846; UID 10016; state: DISABLED
05-27 14:24:50.421 D/CompatibilityChangeReporter( 704): Compat change id reported: 177438394; UID 10016; state: DISABLED
05-27 14:24:50.421 D/CompatibilityChangeReporter( 704): Compat change id reported: 135772972; UID 10016; state: DISABLED
05-27 14:24:50.422 D/CompatibilityChangeReporter( 704): Compat change id reported: 135754954; UID 10016; state: ENABLED
05-27 14:24:50.422 D/CompatibilityChangeReporter( 704): Compat change id reported: 143937733; UID 10016; state: ENABLED
05-27 14:24:50.438 W/StorageManagerService( 704): Reporting emulated;0 unmounted due to system locked
05-27 14:24:50.439 W/StorageManagerService( 704): Reporting emulated;0 unmounted due to system locked
05-27 14:24:50.442 D/CompatibilityChangeReporter( 704): Compat change id reported: 161145287; UID 10075; state: DISABLED
05-27 14:24:50.445 W/StorageManagerService( 704): Reporting emulated;0 unmounted due to system locked
05-27 14:24:50.448 D/CompatibilityChangeReporter( 704): Compat change id reported: 168419799; UID 1000; state: DISABLED
05-27 14:24:50.448 D/CompatibilityChangeReporter( 704): Compat change id reported: 273564678; UID 1000; state: DISABLED
05-27 14:24:50.452 W/StorageManagerService( 704): Reporting emulated;0 unmounted due to system locked
05-27 14:24:50.453 I/ActivityManager( 704): Start proc 1665:android.process.acore/u0a16 for content provider {com.android.providers.contacts/com.android.providers.contacts.ContactsProvider2}
05-27 14:24:50.461 D/CompatibilityChangeReporter( 704): Compat change id reported: 149924527; UID 10040; state: ENABLED
05-27 14:24:50.461 D/CompatibilityChangeReporter( 704): Compat change id reported: 132649864; UID 10040; state: DISABLED
05-27 14:24:50.463 D/CompatibilityChangeReporter( 704): Compat change id reported: 149924527; UID 1000; state: ENABLED
05-27 14:24:50.464 D/CompatibilityChangeReporter( 704): Compat change id reported: 132649864; UID 1000; state: DISABLED
05-27 14:24:50.465 W/StorageManagerService( 704): Reporting emulated;0 unmounted due to system locked
05-27 14:24:50.473 W/StorageManagerService( 704): Reporting emulated;0 unmounted due to system locked
05-27 14:24:50.479 D/CompatibilityChangeReporter( 704): Compat change id reported: 261072174; UID 10052; state: ENABLED
05-27 14:24:50.486 W/StorageManagerService( 704): Reporting emulated;0 unmounted due to system locked
05-27 14:24:50.489 W/StorageManagerService( 704): Reporting emulated;0 unmounted due to system locked
05-27 14:24:50.491 W/StorageManagerService( 704): Reporting emulated;0 unmounted due to system locked
05-27 14:24:50.492 W/StorageManagerService( 704): Reporting emulated;0 unmounted due to system locked
05-27 14:24:50.492 W/StorageManagerService( 704): Reporting emulated;0 unmounted due to system locked
05-27 14:24:50.493 W/StorageManagerService( 704): Reporting emulated;0 unmounted due to system locked
05-27 14:24:50.509 D/CompatibilityChangeReporter( 704): Compat change id reported: 168419799; UID 10016; state: DISABLED
05-27 14:24:50.509 D/CompatibilityChangeReporter( 704): Compat change id reported: 273564678; UID 10016; state: DISABLED
05-27 14:24:50.513 D/CompatibilityChangeReporter( 704): Compat change id reported: 265195908; UID 10016; state: ENABLED
05-27 14:24:50.557 D/CompatibilityChangeReporter( 704): Compat change id reported: 170503758; UID 10016; state: ENABLED
05-27 14:24:50.627 W/StorageManagerService( 704): Reporting emulated;0 unmounted due to system locked
05-27 14:24:50.638 W/ContextImpl( 1474): Calling a method in the system process without a qualified user: android.app.ContextImpl.startService:1899 android.content.ContextWrapper.startService:825 com.dangbei.lerad.etna.core.EtnaManager.startService:64 com.dangbei.lerad.etna.core.EtnaManager.init:39 com.dangbei.lerad.etna.haqu.EtnaApplication.init:87
05-27 14:24:50.642 W/ContextImpl( 1474): Calling a method in the system process without a qualified user: android.app.ContextImpl.startService:1899 android.content.ContextWrapper.startService:825 com.dangbei.andes.CoreService$Companion.start:29 com.dangbei.lerad.etna.haqu.EtnaApplication.init:88 com.dangbei.lerad.etna.haqu.EtnaApplication.onCreate:59
05-27 14:24:50.644 W/ContextImpl( 1639): Calling a method in the system process without a qualified user: android.app.ContextImpl.startService:1899 android.content.ContextWrapper.startService:825 android.content.ContextWrapper.startService:825 com.oranth.storage.BootCompletedReceiver.onReceive:15 android.app.ActivityThread.handleReceiver:4494
05-27 14:24:50.666 E/BootReceiver( 704): Could not open /sys/kernel/tracing/instances/bootreceiver/trace_pipe
05-27 14:24:50.666 E/BootReceiver( 704): android.system.ErrnoException: open failed: ENOENT (No such file or directory)
05-27 14:24:50.666 E/BootReceiver( 704): at libcore.io.Linux.open(Native Method)
05-27 14:24:50.666 E/BootReceiver( 704): at libcore.io.ForwardingOs.open(ForwardingOs.java:563)
05-27 14:24:50.666 E/BootReceiver( 704): at libcore.io.BlockGuardOs.open(BlockGuardOs.java:274)
05-27 14:24:50.666 E/BootReceiver( 704): at android.system.Os.open(Os.java:494)
05-27 14:24:50.666 E/BootReceiver( 704): at com.android.server.BootReceiver.onReceive(BootReceiver.java:164)
05-27 14:24:50.666 E/BootReceiver( 704): at android.app.ActivityThread.handleReceiver(ActivityThread.java:4494)
05-27 14:24:50.666 E/BootReceiver( 704): at android.app.ActivityThread.-$$Nest$mhandleReceiver(Unknown Source:0)
05-27 14:24:50.666 E/BootReceiver( 704): at android.app.ActivityThread$H.handleMessage(ActivityThread.java:2285)
05-27 14:24:50.666 E/BootReceiver( 704): at android.os.Handler.dispatchMessage(Handler.java:106)
05-27 14:24:50.666 E/BootReceiver( 704): at android.os.Looper.loopOnce(Looper.java:205)
05-27 14:24:50.666 E/BootReceiver( 704): at android.os.Looper.loop(Looper.java:294)
05-27 14:24:50.666 E/BootReceiver( 704): at com.android.server.SystemServer.run(SystemServer.java:982)
05-27 14:24:50.666 E/BootReceiver( 704): at com.android.server.SystemServer.main(SystemServer.java:668)
05-27 14:24:50.666 E/BootReceiver( 704): at java.lang.reflect.Method.invoke(Native Method)
05-27 14:24:50.666 E/BootReceiver( 704): at com.android.internal.os.RuntimeInit$MethodAndArgsCaller.run(RuntimeInit.java:552)
05-27 14:24:50.666 E/BootReceiver( 704): at com.android.internal.os.ZygoteInit.main(ZygoteInit.java:956)
05-27 14:24:50.701 I/DropBoxManagerService( 704): add tag=SYSTEM_BOOT isTagEnabled=true flags=0x2
05-27 14:24:50.707 W/ContextImpl( 1008): Calling a method in the system process without a qualified user: android.app.ContextImpl.startService:1899 android.content.ContextWrapper.startService:825 android.content.ContextWrapper.startService:825 com.droidlogic.BootComplete.onReceive:116 android.app.ActivityThread.handleReceiver:4494
05-27 14:24:50.717 W/ContextImpl( 1008): Calling a method in the system process without a qualified user: android.app.ContextImpl.startForegroundService:1905 android.content.ContextWrapper.startForegroundService:830 android.content.ContextWrapper.startForegroundService:830 com.droidlogic.BootComplete.onReceive:125 android.app.ActivityThread.handleReceiver:4494
05-27 14:24:50.718 W/ActivityManager( 704): Unable to start service Intent { cmp=com.android.tv.mdnsoffloadcmd/.MdnsOffloadCmdService } U=0: not found
05-27 14:24:50.718 D/HDMI ( 704): Process pid:1474 is calling addHotplugEventListener
05-27 14:24:50.719 W/ContextImpl( 1008): Calling a method in the system process without a qualified user: android.app.ContextImpl.startService:1899 android.content.ContextWrapper.startService:825 android.content.ContextWrapper.startService:825 com.droidlogic.BootComplete.onReceive:127 android.app.ActivityThread.handleReceiver:4494
05-27 14:24:50.724 W/ContextImpl( 1008): Calling a method in the system process without a qualified user: android.app.ContextImpl.startService:1899 android.content.ContextWrapper.startService:825 android.content.ContextWrapper.startService:825 com.droidlogic.BootComplete.onReceive:128 android.app.ActivityThread.handleReceiver:4494
05-27 14:24:50.732 I/BootReceiver( 704): Copying /sys/fs/pstore/console-ramoops-0 to DropBox (SYSTEM_LAST_KMSG)
05-27 14:24:50.732 I/DropBoxManagerService( 704): add tag=SYSTEM_LAST_KMSG isTagEnabled=true flags=0x6
05-27 14:24:50.738 W/ContextImpl( 1008): Calling a method in the system process without a qualified user: android.app.ContextImpl.stopService:1911 android.content.ContextWrapper.stopService:835 android.content.ContextWrapper.stopService:835 com.droidlogic.BootComplete$2.onChange:276 com.droidlogic.BootComplete.updateDeveloperOptionsWatcher:283
05-27 14:24:50.738 I/BootReceiver( 704): Copying audit failures to DropBox
05-27 14:24:50.741 W/ContextImpl( 1008): Calling a method in the system process without a qualified user: android.app.ContextImpl.startService:1899 android.content.ContextWrapper.startService:825 android.content.ContextWrapper.startService:825 com.droidlogic.BootComplete.onReceive:173 android.app.ActivityThread.handleReceiver:4494
05-27 14:24:50.742 I/BootReceiver( 704): Copied 10337 worth of audits to DropBox
05-27 14:24:50.743 I/DropBoxManagerService( 704): add tag=SYSTEM_AUDIT isTagEnabled=true flags=0x2
05-27 14:24:50.744 I/BootReceiver( 704): Checking for fsck errors
05-27 14:24:50.745 I/BootReceiver( 704): fs_stat, partition:param stat:0x10013
05-27 14:24:50.746 I/BootReceiver( 704): fs_stat, partition:tee stat:0x3
05-27 14:24:50.746 I/BootReceiver( 704): fs_stat, partition:factory stat:0x0
05-27 14:24:50.746 I/BootReceiver( 704): fs_stat, partition:userdata stat:0x0
05-27 14:24:50.753 W/ContextImpl( 1474): Calling a method in the system process without a qualified user: android.app.ContextImpl.bindService:1988 android.content.ContextWrapper.bindService:861 com.dangbei.lerad.etna.lib.client.EtnaClient.bindServer:138 com.dangbei.lerad.etna.lib.client.EtnaClient.access$600:29 com.dangbei.lerad.etna.lib.client.EtnaClient$3.call:205
05-27 14:24:50.755 I/ActivityManager( 704): com.droidlogic.mictoggle is exempt from freezer
05-27 14:24:50.755 D/CompatibilityChangeReporter( 704): Compat change id reported: 135634846; UID 1000; state: DISABLED
05-27 14:24:50.767 D/HDMI ( 704): addVendorCommandListener 1877008
05-27 14:24:50.775 D/CompatibilityChangeReporter( 704): Compat change id reported: 135634846; UID 10018; state: DISABLED
05-27 14:24:50.775 D/CompatibilityChangeReporter( 704): Compat change id reported: 177438394; UID 10018; state: DISABLED
05-27 14:24:50.775 D/CompatibilityChangeReporter( 704): Compat change id reported: 135772972; UID 10018; state: DISABLED
05-27 14:24:50.776 D/CompatibilityChangeReporter( 704): Compat change id reported: 135754954; UID 10018; state: ENABLED
05-27 14:24:50.780 D/CompatibilityChangeReporter( 704): Compat change id reported: 161145287; UID 10016; state: ENABLED
05-27 14:24:50.815 W/ActivityManager( 704): Slow operation: 61ms so far, now at startProcess: returned from zygote!
05-27 14:24:50.816 W/ActivityManager( 704): Slow operation: 61ms so far, now at startProcess: done updating battery stats
05-27 14:24:50.816 W/ActivityManager( 704): Slow operation: 62ms so far, now at startProcess: building log message
05-27 14:24:50.816 I/ActivityManager( 704): Start proc 1721:com.droidlogic.mictoggle/1000 for broadcast {com.droidlogic.mictoggle/com.droidlogic.mictoggle.AssistantMicMuteReceiver}
05-27 14:24:50.816 W/ActivityManager( 704): Slow operation: 62ms so far, now at startProcess: starting to update pids map
05-27 14:24:50.816 W/ActivityManager( 704): Slow operation: 62ms so far, now at startProcess: done updating pids map
05-27 14:24:50.817 D/CompatibilityChangeReporter( 704): Compat change id reported: 143937733; UID 10018; state: ENABLED
05-27 14:24:50.819 W/ContextImpl( 1474): Calling a method in the system process without a qualified user: android.app.ContextImpl.bindService:1988 android.content.ContextWrapper.bindService:861 com.dangbei.lerad.etna.lib.client.EtnaClient.bindServer:138 com.dangbei.lerad.etna.lib.client.EtnaClient.access$600:29 com.dangbei.lerad.etna.lib.client.EtnaClient$3.call:205
05-27 14:24:50.822 D/CountryDetector( 704): The first listener is added
05-27 14:24:50.856 D/CompatibilityChangeReporter( 704): Compat change id reported: 168419799; UID 1000; state: DISABLED
05-27 14:24:50.857 D/CompatibilityChangeReporter( 704): Compat change id reported: 273564678; UID 1000; state: DISABLED
05-27 14:24:50.869 W/ActivityManager( 704): Slow operation: 95ms so far, now at startProcess: returned from zygote!
05-27 14:24:50.869 D/CompatibilityChangeReporter( 704): Compat change id reported: 171306433; UID 1000; state: ENABLED
05-27 14:24:50.870 W/ActivityManager( 704): Slow operation: 95ms so far, now at startProcess: done updating battery stats
05-27 14:24:50.870 W/ActivityManager( 704): Slow operation: 95ms so far, now at startProcess: building log message
05-27 14:24:50.870 I/ActivityManager( 704): Start proc 1737:android.process.media/u0a18 for content provider {com.android.providers.downloads/com.android.providers.downloads.DownloadProvider}
05-27 14:24:50.870 W/ActivityManager( 704): Slow operation: 95ms so far, now at startProcess: starting to update pids map
05-27 14:24:50.870 W/ActivityManager( 704): Slow operation: 95ms so far, now at startProcess: done updating pids map
05-27 14:24:50.870 D/CompatibilityChangeReporter( 704): Compat change id reported: 218533173; UID 1000; state: ENABLED
05-27 14:24:50.949 D/CompatibilityChangeReporter( 704): Compat change id reported: 168419799; UID 10018; state: DISABLED
05-27 14:24:50.950 D/CompatibilityChangeReporter( 704): Compat change id reported: 273564678; UID 10018; state: DISABLED
05-27 14:24:50.957 D/CompatibilityChangeReporter( 704): Compat change id reported: 265195908; UID 10018; state: ENABLED
05-27 14:24:50.964 D/CompatibilityChangeReporter( 704): Compat change id reported: 170503758; UID 10018; state: ENABLED
05-27 14:24:51.013 D/CompatibilityChangeReporter( 704): Compat change id reported: 261072174; UID 1000; state: DISABLED
05-27 14:24:51.019 W/ContextImpl( 1474): Calling a method in the system process without a qualified user: android.app.ContextImpl.sendBroadcast:1220 android.content.ContextWrapper.sendBroadcast:504 com.dangbei.lerad.etna.core.EtnaManager.sendRebootBroadcast:82 com.dangbei.lerad.etna.core.EtnaService.onStartCommand:89 android.app.ActivityThread.handleServiceArgs:4866
05-27 14:24:51.028 W/ContextImpl( 1474): Calling a method in the system process without a qualified user: android.app.ContextImpl.bindService:1988 android.content.ContextWrapper.bindService:861 com.dangbei.lerad.etna.lib.client.EtnaClient.bindServer:138 com.dangbei.lerad.etna.lib.client.EtnaClient.access$600:29 com.dangbei.lerad.etna.lib.client.EtnaClient$3.call:205
05-27 14:24:51.029 W/ContextImpl( 1474): Calling a method in the system process without a qualified user: android.app.ContextImpl.bindService:1988 android.content.ContextWrapper.bindService:861 com.dangbei.lerad.etna.lib.client.EtnaClient.bindServer:138 com.dangbei.lerad.etna.lib.client.EtnaClient.access$600:29 com.dangbei.lerad.etna.lib.client.EtnaClient$3.call:205
05-27 14:24:51.037 W/ContextImpl( 1474): Calling a method in the system process without a qualified user: android.app.ContextImpl.bindService:1988 android.content.ContextWrapper.bindService:861 com.dangbei.lerad.etna.lib.client.EtnaClient.bindServer:138 com.dangbei.lerad.etna.lib.client.EtnaClient.access$600:29 com.dangbei.lerad.etna.lib.client.EtnaClient$3.call:205
05-27 14:24:51.046 W/ContextImpl( 1474): Calling a method in the system process without a qualified user: android.app.ContextImpl.startService:1899 android.content.ContextWrapper.startService:825 com.dangbei.etna.setting.core.SettingHelper.startRocky:256 com.dangbei.etna.setting.core.SettingHelper.sendCycleCheckBootGuideStatusMessage:203 com.dangbei.etna.setting.core.SettingHelper.startLoop:192
05-27 14:24:51.047 W/ContextImpl( 1474): Calling a method in the system process without a qualified user: android.app.ContextImpl.startService:1899 android.content.ContextWrapper.startService:825 com.dangbei.etna.setting.core.SettingHelper.startRocky:256 com.dangbei.etna.setting.core.SettingHelper.sendCycleCheckBootGuideStatusMessage:203 com.dangbei.etna.setting.core.SettingHelper.startLoop:192
05-27 14:24:51.052 I/ActivityManager( 704): com.dangbei.lerad.rocky is exempt from freezer
05-27 14:24:51.053 D/CompatibilityChangeReporter( 704): Compat change id reported: 135634846; UID 1000; state: DISABLED
05-27 14:24:51.057 W/StorageManagerService( 704): Reporting emulated;0 unmounted due to system locked
05-27 14:24:51.068 W/ContextImpl( 1474): Calling a method in the system process without a qualified user: android.app.ContextImpl.sendBroadcast:1220 android.content.ContextWrapper.sendBroadcast:504 com.dangbei.etna.setting.core.SettingHelper.sendCycleToProjector:246 com.dangbei.etna.setting.core.SettingHelper.sendCycleCheckBroadcast:215 com.dangbei.etna.setting.core.SettingHelper.sendCycleCheckBootGuideStatusMessage:204
05-27 14:24:51.068 W/ContextImpl( 1474): Calling a method in the system process without a qualified user: android.app.ContextImpl.sendBroadcast:1220 android.content.ContextWrapper.sendBroadcast:504 com.dangbei.etna.setting.core.SettingHelper.sendCycleToProjector:246 com.dangbei.etna.setting.core.SettingHelper.sendCycleCheckBroadcast:215 com.dangbei.etna.setting.core.SettingHelper.sendCycleCheckBootGuideStatusMessage:204
05-27 14:24:51.070 W/ContextImpl( 1474): Calling a method in the system process without a qualified user: android.app.ContextImpl.sendBroadcast:1220 android.content.ContextWrapper.sendBroadcast:504 com.dangbei.etna.setting.core.SettingHelper.sendCycleToVoice:231 com.dangbei.etna.setting.core.SettingHelper.sendCycleCheckBroadcast:216 com.dangbei.etna.setting.core.SettingHelper.sendCycleCheckBootGuideStatusMessage:204
05-27 14:24:51.070 W/ContextImpl( 1474): Calling a method in the system process without a qualified user: android.app.ContextImpl.sendBroadcast:1220 android.content.ContextWrapper.sendBroadcast:504 com.dangbei.etna.setting.core.SettingHelper.sendCycleToVoice:231 com.dangbei.etna.setting.core.SettingHelper.sendCycleCheckBroadcast:216 com.dangbei.etna.setting.core.SettingHelper.sendCycleCheckBootGuideStatusMessage:204
05-27 14:24:51.075 I/ActivityManager( 704): Start proc 1774:com.dangbei.lerad.rocky/1000 for service {com.dangbei.lerad.rocky/com.dangbei.rocky.RockyService}
05-27 14:24:51.090 E/UsbDeviceManager( 704): Usb setCurrentUsbFunctionsCb failed ,functions:4 ,status:1 ,transactionId:6
05-27 14:24:51.091 I/UsbDeviceManager( 704): notifyCurrentFunction request:1 status:1
05-27 14:24:51.096 D/CompatibilityChangeReporter( 704): Compat change id reported: 135634846; UID 10043; state: DISABLED
05-27 14:24:51.097 D/CompatibilityChangeReporter( 704): Compat change id reported: 143937733; UID 10043; state: DISABLED
05-27 14:24:51.112 W/ContextImpl( 1721): Calling a method in the system process without a qualified user: android.app.ContextImpl.startService:1899 android.content.ContextWrapper.startService:825 android.content.ContextWrapper.startService:825 com.droidlogic.mictoggle.AssistantMicMuteReceiver.onReceive:48 android.app.ActivityThread.handleReceiver:4494
05-27 14:24:51.118 D/CompatibilityChangeReporter( 704): Compat change id reported: 168419799; UID 1000; state: DISABLED
05-27 14:24:51.118 D/CompatibilityChangeReporter( 704): Compat change id reported: 273564678; UID 1000; state: DISABLED
05-27 14:24:51.123 I/ActivityManager( 704): Start proc 1793:com.dangbei.screencast/u0a43 for broadcast {com.dangbei.screencast/com.dangbei.screencast.startup.BootReceiver}
05-27 14:24:51.153 D/HDMI ( 704): receive android.intent.action.BOOT_COMPLETED
05-27 14:24:51.154 I/HDMI ( 704): Receive boot completed broadcast
05-27 14:24:51.160 W/ContextImpl( 1342): Calling a method in the system process without a qualified user: android.app.ContextImpl.startForegroundService:1905 android.content.ContextWrapper.startForegroundService:830 android.content.ContextWrapper.startForegroundService:830 com.android.tv.settings.BootReceiver.onReceive:58 android.app.ActivityThread.handleReceiver:4494
05-27 14:24:51.163 W/ActivityManager( 704): Unable to start service Intent { act=android.intent.action.BOOT_COMPLETED flg=0x89000010 cmp=com.android.tv.settings/.BootReceiver (has extras) } U=0: not found
05-27 14:24:51.167 W/ContextImpl( 1008): Calling a method in the system process without a qualified user: android.app.ContextImpl.startService:1899 android.content.ContextWrapper.startService:825 android.content.ContextWrapper.startService:825 com.droidlogic.AiPqReceiver.onReceive:31 android.app.ActivityThread.handleReceiver:4494
05-27 14:24:51.190 D/CompatibilityChangeReporter( 704): Compat change id reported: 265195908; UID 10043; state: ENABLED
05-27 14:24:51.204 I/CheckInBootCompletedReceiver( 1405): Received boot completed intent
05-27 14:24:51.231 D/CompatibilityChangeReporter( 704): Compat change id reported: 253665015; UID 10074; state: ENABLED
05-27 14:24:51.231 D/CompatibilityChangeReporter( 704): Compat change id reported: 194532703; UID 10074; state: ENABLED
05-27 14:24:51.236 I/DlcClient( 1405): Binding com.android.devicelockcontroller/.storage.GlobalParametersService
05-27 14:24:51.239 I/DeviceCheckInHelper( 1405): enqueueDeviceCheckInWork with delay: PT0S
05-27 14:24:51.248 D/CompatibilityChangeReporter( 704): Compat change id reported: 168419799; UID 10043; state: DISABLED
05-27 14:24:51.248 D/CompatibilityChangeReporter( 704): Compat change id reported: 273564678; UID 10043; state: DISABLED
05-27 14:24:51.257 D/CompatibilityChangeReporter( 704): Compat change id reported: 170503758; UID 10043; state: DISABLED
05-27 14:24:51.371 W/StorageManagerService( 704): Reporting emulated;0 unmounted due to system locked
05-27 14:24:51.375 W/StorageManagerService( 704): Reporting emulated;0 unmounted due to system locked
05-27 14:24:51.376 W/StorageManagerService( 704): Reporting emulated;0 unmounted due to system locked
05-27 14:24:51.410 W/StorageManagerService( 704): Reporting emulated;0 unmounted due to system locked
05-27 14:24:51.428 W/StorageManagerService( 704): Reporting emulated;0 unmounted due to system locked
05-27 14:24:51.436 I/vold ( 257): fuse-bpf is enabled because /sys/fs/fuse/features/fuse_bpf reads 'supported'
05-27 14:24:51.437 I/vold ( 257): Setting ro.fuse.bpf.is_running to true
05-27 14:24:51.438 I/vold ( 257): Configuring read_ahead of /mnt/user/0/emulated fuse filesystem to 256kb
05-27 14:24:51.438 I/vold ( 257): Writing 256 to /sys/class/bdi/0:60/read_ahead_kb
05-27 14:24:51.438 I/vold ( 257): Configuring max_ratio of /mnt/user/0/emulated fuse filesystem to 40
05-27 14:24:51.439 I/vold ( 257): Writing 40 to /sys/class/bdi/0:60/max_ratio
05-27 14:24:51.439 I/StorageManagerService( 704): Mounted volume VolumeInfo{emulated;0}:
05-27 14:24:51.439 I/StorageManagerService( 704): type=EMULATED diskId=null partGuid= mountFlags=PRIMARY|VISIBLE_FOR_WRITE
05-27 14:24:51.439 I/StorageManagerService( 704): mountUserId=0 state=CHECKING
05-27 14:24:51.439 I/StorageManagerService( 704): fsType=null fsUuid=null fsLabel=null
05-27 14:24:51.439 I/StorageManagerService( 704): path=/storage/emulated internalPath=/data/media
05-27 14:24:51.443 I/StorageSessionController( 704): Notifying volume state changed for session with id: emulated;0
05-27 14:24:51.457 D/CompatibilityChangeReporter( 704): Compat change id reported: 161145287; UID 10018; state: ENABLED
05-27 14:24:51.507 I/StorageSessionController( 704): Notifying volume state changed for session with id: emulated;0
05-27 14:24:51.520 W/wificond( 621): Scan is not started. Ignore abort request
05-27 14:24:51.523 D/CompatibilityChangeReporter( 704): Compat change id reported: 271850009; UID 10064; state: ENABLED
05-27 14:24:51.524 D/CompatibilityChangeReporter( 704): Compat change id reported: 253665015; UID 10064; state: ENABLED
05-27 14:24:51.524 D/CompatibilityChangeReporter( 704): Compat change id reported: 194532703; UID 10064; state: ENABLED
05-27 14:24:51.527 I/StorageSessionController( 704): Notifying volume state changed for session with id: emulated;0
05-27 14:24:51.601 D/CompatibilityChangeReporter( 704): Compat change id reported: 253665015; UID 10018; state: ENABLED
05-27 14:24:51.601 D/CompatibilityChangeReporter( 704): Compat change id reported: 194532703; UID 10018; state: ENABLED
05-27 14:24:51.617 W/BroadcastLoopers( 704): Found previously unknown looper Thread[StorageManagerService,5,main]
05-27 14:24:51.619 D/StorageManagerService( 704): Volume emulated;0 broadcasting mounted to UserHandle{0}
05-27 14:24:51.632 D/StorageManagerService( 704): Volume emulated;0 broadcasting mounted to UserHandle{0}
05-27 14:24:51.701 W/ContextImpl( 704): Calling a method in the system process without a qualified user: android.app.ContextImpl.sendStickyBroadcast:1626 com.android.server.wifi.ClientModeImpl.sendNetworkChangeBroadcast:3008 com.android.server.wifi.ClientModeImpl.lambda$sendNetworkChangeBroadcastWithCurrentState$14:2985 com.android.server.wifi.ClientModeImpl.$r8$lambda$q-j88Pjw4gROgoJFr8wBlBVbuJI:0 com.android.server.wifi.ClientModeImpl$$ExternalSyntheticLambda4.send:0
05-27 14:24:51.728 W/ContextImpl( 1774): Calling a method in the system process without a qualified user: android.app.ContextImpl.startService:1899 android.content.ContextWrapper.startService:825 com.cvte.tv.api.TvApiSDKManager.:177 com.cvte.tv.api.TvApiSDKManager.init:217 com.dangbei.rocky.component.system.SystemControlUtils.initSystemAidl:82
05-27 14:24:51.729 W/ActivityManager( 704): Unable to start service Intent { act=com.cvte.tv.api.TV_API_SERVICE pkg=com.cvte.tv.api.impl } U=0: not found
05-27 14:24:51.732 W/ContextImpl( 1774): Calling a method in the system process without a qualified user: android.app.ContextImpl.bindService:1988 android.content.ContextWrapper.bindService:861 com.cvte.tv.api.TvApiSDKManager.:178 com.cvte.tv.api.TvApiSDKManager.init:217 com.dangbei.rocky.component.system.SystemControlUtils.initSystemAidl:82
05-27 14:24:51.733 W/ActivityManager( 704): Unable to start service Intent { act=com.cvte.tv.api.TV_API_SERVICE pkg=com.cvte.tv.api.impl } U=0: not found
05-27 14:24:51.735 W/ContextImpl( 1774): Calling a method in the system process without a qualified user: android.app.ContextImpl.startService:1899 android.content.ContextWrapper.startService:825 com.cvte.tv.api.TvApiSDKManager.getTvApi:361 com.dangbei.rocky.component.system.SystemControlUtils.initSystemAidl:83 com.dangbei.rocky.component.system.SystemComponent.onAttached:38
05-27 14:24:51.735 W/ActivityManager( 704): Unable to start service Intent { act=com.cvte.tv.api.TV_API_SERVICE pkg=com.cvte.tv.api.impl } U=0: not found
05-27 14:24:51.738 D/CompatibilityChangeReporter( 704): Compat change id reported: 182734110; UID 10074; state: ENABLED
05-27 14:24:51.738 W/ContextImpl( 1774): Calling a method in the system process without a qualified user: android.app.ContextImpl.bindService:1988 android.content.ContextWrapper.bindService:861 com.cvte.tv.api.TvApiSDKManager.getTvApi:362 com.dangbei.rocky.component.system.SystemControlUtils.initSystemAidl:83 com.dangbei.rocky.component.system.SystemComponent.onAttached:38
05-27 14:24:51.738 W/ActivityManager( 704): Unable to start service Intent { act=com.cvte.tv.api.TV_API_SERVICE pkg=com.cvte.tv.api.impl } U=0: not found
05-27 14:24:51.753 W/ContextImpl( 1774): Calling a method in the system process without a qualified user: android.app.ContextImpl.startService:1899 android.content.ContextWrapper.startService:825 com.dangbei.phrike.core.DownloadManager.register:294 com.dangbei.component_appcontrol.phrike.XPhrikeAppCreator.register:47 com.dangbei.component_appcontrol.AppControlComponent.onAttached:65
05-27 14:24:51.758 W/WindowManager( 704): [addWindow] title:com.dangbei.leard.leradlauncher/com.dangbei.launcher.home.LauncherActivity
05-27 14:24:51.759 W/WindowManager( 704): Failed looking up window session=Session{279f603 1519:1000} callers=com.android.server.wm.WindowManagerService.windowForClientLocked:6075 com.android.server.wm.Session.updateRequestedVisibleTypes:695 android.view.IWindowSession$Stub.onTransact:1034
05-27 14:24:51.793 W/ActivityManager( 704): Background start not allowed: service Intent { act=com.dangbei.screencast.STARTUP pkg=com.dangbei.screencast } to com.dangbei.screencast/.startup.StartupService from pid=1793 uid=10043 pkg=com.dangbei.screencast startFg?=false
05-27 14:24:51.794 D/CoreBackPreview( 704): Window{9ba227b u0 com.dangbei.leard.leradlauncher/com.dangbei.launcher.home.LauncherActivity}: Setting back callback OnBackInvokedCallbackInfo{mCallback=android.window.IOnBackInvokedCallback$Stub$Proxy@b029ba, mPriority=0, mIsAnimationCallback=false}
05-27 14:24:51.805 W/ActivityManager( 704): Background start not allowed: service Intent { act=com.dangbei.screencast.STARTUP pkg=com.dangbei.screencast } to com.dangbei.screencast/.startup.StartupService from pid=1793 uid=10043 pkg=com.dangbei.screencast startFg?=false
05-27 14:24:51.862 D/CompatibilityChangeReporter( 704): Compat change id reported: 149924527; UID 10075; state: ENABLED
05-27 14:24:51.863 D/CompatibilityChangeReporter( 704): Compat change id reported: 132649864; UID 10075; state: DISABLED
05-27 14:24:51.885 D/CompatibilityChangeReporter( 704): Compat change id reported: 149924527; UID 10043; state: ENABLED
05-27 14:24:51.888 D/CompatibilityChangeReporter( 704): Compat change id reported: 132649864; UID 10043; state: DISABLED
05-27 14:24:51.905 W/ContextImpl( 704): Calling a method in the system process without a qualified user: android.app.ContextImpl.startService:1899 com.android.server.wm.DisplayPolicy.lambda$focusChangedLw$5:2126 com.android.server.wm.DisplayPolicy.$r8$lambda$Znxk63oh-WzVnzo_WQefN7uxV48:0 com.android.server.wm.DisplayPolicy$$ExternalSyntheticLambda13.run:0 android.os.Handler.handleCallback:958
05-27 14:24:51.912 D/WallpaperManagerService( 704): Wallpaper_selinux_restorecon-0
05-27 14:24:51.912 D/CompatibilityChangeReporter( 704): Compat change id reported: 161145287; UID 10043; state: DISABLED
05-27 14:24:51.997 V/WindowManagerShell( 990): onTransitionReady android.os.BinderProxy@9428702: {id=1 t=CLOSE f=0x0 trk=0 r=[0@Point(0, 0)] c=[{WCT{android.window.IWindowContainerToken$Stub$Proxy@f7117e3} m=OPEN f=MOVE_TO_TOP leash=Surface(name=Task=102)/@0x3987674 sb=Rect(0, 0 - 1920, 1080) eb=Rect(0, 0 - 1920, 1080) d=0},{WCT{android.window.IWindowContainerToken$Stub$Proxy@50085e0} m=CLOSE f=SHOW_WALLPAPER leash=Surface(name=Task=3)/@0xdb9f79d sb=Rect(0, 0 - 1920, 1080) eb=Rect(0, 0 - 1920, 1080) d=0}]}
05-27 14:24:51.998 V/WindowManagerShell( 990): Playing animation for (#1)android.os.BinderProxy@9428702@0
05-27 14:24:51.998 V/WindowManagerShell( 990): try handler com.android.wm.shell.keyguard.KeyguardTransitionHandler@5437099
05-27 14:24:51.998 V/WindowManagerShell( 990): try handler com.android.wm.shell.pip.tv.TvPipTransition@95bbf5e
05-27 14:24:51.998 V/WindowManagerShell( 990): try handler com.android.wm.shell.activityembedding.ActivityEmbeddingController@1134f3f
05-27 14:24:51.998 V/WindowManagerShell( 990): try handler com.android.wm.shell.transition.RemoteTransitionHandler@118200c
05-27 14:24:51.999 V/WindowManagerShell( 990): Transition doesn't have explicit remote, search filters for match for {id=1 t=CLOSE f=0x0 trk=0 r=[0@Point(0, 0)] c=[{WCT{android.window.IWindowContainerToken$Stub$Proxy@f7117e3} m=OPEN f=MOVE_TO_TOP leash=Surface(name=Task=102)/@0x3987674 sb=Rect(0, 0 - 1920, 1080) eb=Rect(0, 0 - 1920, 1080) d=0},{WCT{android.window.IWindowContainerToken$Stub$Proxy@50085e0} m=CLOSE f=SHOW_WALLPAPER leash=Surface(name=Task=3)/@0xdb9f79d sb=Rect(0, 0 - 1920, 1080) eb=Rect(0, 0 - 1920, 1080) d=0}]}
05-27 14:24:51.999 V/WindowManagerShell( 990): Delegate animation for #1 to null
05-27 14:24:51.999 V/WindowManagerShell( 990): try handler com.android.wm.shell.transition.DefaultTransitionHandler@6517d55
05-27 14:24:51.999 V/WindowManagerShell( 990): start default transition animation, info = {id=1 t=CLOSE f=0x0 trk=0 r=[0@Point(0, 0)] c=[{WCT{android.window.IWindowContainerToken$Stub$Proxy@f7117e3} m=OPEN f=MOVE_TO_TOP leash=Surface(name=Task=102)/@0x3987674 sb=Rect(0, 0 - 1920, 1080) eb=Rect(0, 0 - 1920, 1080) d=0},{WCT{android.window.IWindowContainerToken$Stub$Proxy@50085e0} m=CLOSE f=SHOW_WALLPAPER leash=Surface(name=Task=3)/@0xdb9f79d sb=Rect(0, 0 - 1920, 1080) eb=Rect(0, 0 - 1920, 1080) d=0}]}
05-27 14:24:52.001 V/WindowManagerShell( 990): loadAnimation: anim=android.view.animation.AlphaAnimation@4f999d1 animAttr=0x13 type=CLOSE isEntrance=false
05-27 14:24:52.002 V/WindowManagerShell( 990): loadAnimation: anim=android.view.animation.AlphaAnimation@d05e737 animAttr=0x12 type=CLOSE isEntrance=true
05-27 14:24:52.006 V/WindowManager( 704): Sent Transition #1 createdAt=05-27 14:24:49.442 via request=TransitionRequestInfo { type = 2, triggerTask = TaskInfo{userId=0 taskId=3 displayId=0 isRunning=false baseIntent=Intent { act=android.intent.action.MAIN cat=[android.intent.category.HOME] flg=0x10800100 cmp=com.android.tv.settings/.system.FallbackHome } baseActivity=null topActivity=null origActivity=null realActivity=ComponentInfo{com.android.tv.settings/com.android.tv.settings.system.FallbackHome} numActivities=0 lastActiveTime=24442 supportsMultiWindow=true resizeMode=0 isResizeable=false minWidth=-1 minHeight=-1 defaultMinSize=220 token=WCT{RemoteToken{66e1a28 Task{1ce8fbe #3 type=home A=1000:com.android.tv.settings}}} topActivityType=2 pictureInPictureParams=null shouldDockBigOverlays=false launchIntoPipHostTaskId=-1 lastParentTaskIdBeforePip=-1 displayCutoutSafeInsets=null topActivityInfo=null launchCookies=[] positionInParent=Point(0, 0) parentTaskId=-1 isFocused=true isVisible=true isVisibleRequested=true isSleeping=false topActivityInSizeCompat=false topActivityEligibleForLetterboxEducation= false isLetterboxDoubleTapEnabled= false topActivityEligibleForUserAspectRatioButton= false topActivityBoundsLetterboxed= false isFromLetterboxDoubleTap= false topActivityLetterboxVerticalPosition= -1 topActivityLetterboxHorizontalPosition= -1 topActivityLetterboxWidth=-1 topActivityLetterboxHeight=-1 isUserFullscreenOverrideEnabled=false isTopActivityTransparent=false locusId=null displayAreaFeatureId=1 cameraCompatControlState=hidden}, remoteTransition = null, displayChange = null, flags = 0 }
05-27 14:24:52.006 V/WindowManager( 704): startWCT=WindowContainerTransaction { changes = {} hops = [] errorCallbackToken=null taskFragmentOrganizer=null }
05-27 14:24:52.006 V/WindowManagerShell( 990): animated by com.android.wm.shell.transition.DefaultTransitionHandler@6517d55
05-27 14:24:52.007 V/WindowManager( 704): info={id=1 t=CLOSE f=0x0 trk=0 r=[0@Point(0, 0)] c=[{WCT{RemoteToken{bc98341 Task{b0e328e #102 type=home A=1000:com.dangbei.leard.leradlauncher}}} m=OPEN f=MOVE_TO_TOP leash=Surface(name=Task=102)/@0x108afc5 sb=Rect(0, 0 - 1920, 1080) eb=Rect(0, 0 - 1920, 1080) d=0},{WCT{RemoteToken{66e1a28 Task{1ce8fbe #3 type=home A=1000:com.android.tv.settings}}} m=CLOSE f=SHOW_WALLPAPER leash=Surface(name=Task=3)/@0x99bd63c sb=Rect(0, 0 - 1920, 1080) eb=Rect(0, 0 - 1920, 1080) d=0}]}
05-27 14:24:52.069 D/CompatibilityChangeReporter( 704): Compat change id reported: 214016041; UID 1000; state: ENABLED
05-27 14:24:52.069 D/CompatibilityChangeReporter( 704): Compat change id reported: 214016041; UID 1000; state: DISABLED
05-27 14:24:52.126 D/CompatibilityChangeReporter( 704): Compat change id reported: 171306433; UID 1000; state: ENABLED
05-27 14:24:52.225 W/ActivityManager( 704): Slow operation: 102ms so far, now at finishAttachApplicationInner: after dispatching broadcasts
05-27 14:24:52.227 I/ActivityManager( 704): com.android.dynsystem is exempt from freezer
05-27 14:24:52.227 D/CompatibilityChangeReporter( 704): Compat change id reported: 135634846; UID 1000; state: DISABLED
05-27 14:24:52.239 D/CompatibilityChangeReporter( 704): Compat change id reported: 261072174; UID 1000; state: DISABLED
05-27 14:24:52.244 E/ActivityThread( 1578): Failed to find provider info for com.bili.xds.sdk.bilidev.provider
05-27 14:24:52.257 D/CoreBackPreview( 704): Window{4b89346 u0 com.android.tv.settings/com.android.tv.settings.system.FallbackHome}: Setting back callback null
05-27 14:24:52.288 W/ActivityManager( 704): Slow operation: 61ms so far, now at startProcess: returned from zygote!
05-27 14:24:52.288 W/ActivityManager( 704): Slow operation: 62ms so far, now at startProcess: done updating battery stats
05-27 14:24:52.288 W/ActivityManager( 704): Slow operation: 62ms so far, now at startProcess: building log message
05-27 14:24:52.288 I/ActivityManager( 704): Start proc 1936:com.android.dynsystem/1000 for broadcast {com.android.dynsystem/com.android.dynsystem.BootCompletedReceiver}
05-27 14:24:52.288 W/ActivityManager( 704): Slow operation: 62ms so far, now at startProcess: starting to update pids map
05-27 14:24:52.288 W/ActivityManager( 704): Slow operation: 62ms so far, now at startProcess: done updating pids map
05-27 14:24:52.365 W/ContextImpl( 704): Calling a method in the system process without a qualified user: android.app.ContextImpl.sendStickyBroadcast:1626 com.android.server.wifi.ClientModeImpl.sendNetworkChangeBroadcast:3008 com.android.server.wifi.ClientModeImpl.lambda$sendNetworkChangeBroadcastWithCurrentState$14:2985 com.android.server.wifi.ClientModeImpl.$r8$lambda$q-j88Pjw4gROgoJFr8wBlBVbuJI:0 com.android.server.wifi.ClientModeImpl$$ExternalSyntheticLambda4.send:0
05-27 14:24:52.383 I/ActivityManager( 704): Background started FGS: Allowed [callingPackage: com.dangbei.screencast; callingUid: 10043; uidState: CEM ; uidBFSL: n/a; intent: Intent { act=com.dangbei.screencast.STARTUP pkg=com.dangbei.screencast }; code:SYSTEM_ALERT_WINDOW_PERMISSION; tempAllowListReason:; targetSdkVersion:28; callerTargetSdkVersion:28; startForegroundCount:0; bindFromPackage:null: isBindService:false]
05-27 14:24:52.419 V/WindowManagerShell( 990): Transition animation finished (aborted=false), notifying core (#1)android.os.BinderProxy@9428702@0
05-27 14:24:52.447 V/WindowManagerShell( 990): Track 0 became idle
05-27 14:24:52.447 V/WindowManagerShell( 990): All active transition animations finished
05-27 14:24:52.462 V/WindowManager( 704): Finish Transition #1: created at
05-27 14:24:49.442 collect-started=0.087ms request-sent=0.62ms started=56.54ms ready=464.65ms sent=2550.723ms finished=2981.352ms
05-27 14:24:52.495 D/CompatibilityChangeReporter( 704): Compat change id reported: 170668199; UID 10043; state: DISABLED
05-27 14:24:52.495 W/ActivityManager( 704): Foreground service started from background can not have location/camera/microphone access: service com.dangbei.screencast/.startup.StartupService
05-27 14:24:52.495 D/CompatibilityChangeReporter( 704): Compat change id reported: 255038118; UID 10043; state: DISABLED
05-27 14:24:52.496 D/CompatibilityChangeReporter( 704): Compat change id reported: 255042465; UID 10043; state: DISABLED
05-27 14:24:52.498 W/ForegroundServiceTypeLoggerModule( 704): Foreground service start for UID: 10043 does not have any types
05-27 14:24:52.499 I/ActivityManager( 704): Deferring FGS notification in legacy app com.dangbei.screencast/u0a43 : Notification(channel=channel_record shortcut=null contentView=null vibrate=null sound=null defaults=0x0 flags=0x60 color=0x00000000 category=transport vis=PUBLIC)
05-27 14:24:52.502 D/CompatibilityChangeReporter( 704): Compat change id reported: 168419799; UID 1000; state: DISABLED
05-27 14:24:52.503 D/CompatibilityChangeReporter( 704): Compat change id reported: 273564678; UID 1000; state: DISABLED
05-27 14:24:52.509 W/ContextImpl( 704): Calling a method in the system process without a qualified user: android.app.ContextImpl.sendStickyBroadcast:1626 com.android.server.wifi.ClientModeImpl.sendNetworkChangeBroadcast:3008 com.android.server.wifi.ClientModeImpl.lambda$sendNetworkChangeBroadcastWithCurrentState$14:2985 com.android.server.wifi.ClientModeImpl.$r8$lambda$q-j88Pjw4gROgoJFr8wBlBVbuJI:0 com.android.server.wifi.ClientModeImpl$$ExternalSyntheticLambda4.send:0
05-27 14:24:52.532 W/ContextImpl( 704): Calling a method in the system process without a qualified user: android.app.ContextImpl.sendStickyBroadcast:1626 com.android.server.wifi.ClientModeImpl.sendNetworkChangeBroadcast:3008 com.android.server.wifi.ClientModeImpl.lambda$sendNetworkChangeBroadcastWithCurrentState$14:2985 com.android.server.wifi.ClientModeImpl.$r8$lambda$q-j88Pjw4gROgoJFr8wBlBVbuJI:0 com.android.server.wifi.ClientModeImpl$$ExternalSyntheticLambda4.send:0
05-27 14:24:52.583 D/CompatibilityChangeReporter( 704): Compat change id reported: 171306433; UID 1073; state: ENABLED
05-27 14:24:52.688 I/ActivityManager( 704): com.android.localtransport is exempt from freezer
05-27 14:24:52.688 D/CompatibilityChangeReporter( 704): Compat change id reported: 135634846; UID 1000; state: DISABLED
05-27 14:24:52.706 I/ActivityManager( 704): Background started FGS: Allowed [callingPackage: com.dangbei.screencast; callingUid: 10043; uidState: FGS ; uidBFSL: [BFSL]; intent: Intent { cmp=com.dangbei.screencast/.huaweicast.service.HuaweiCastService }; code:PROC_STATE_FGS; tempAllowListReason:; targetSdkVersion:28; callerTargetSdkVersion:28; startForegroundCount:0; bindFromPackage:null: isBindService:false]
05-27 14:24:52.724 I/ActivityManager( 704): com.android.managedprovisioning is exempt from freezer
05-27 14:24:52.724 D/CompatibilityChangeReporter( 704): Compat change id reported: 135634846; UID 10022; state: DISABLED
05-27 14:24:52.724 D/CompatibilityChangeReporter( 704): Compat change id reported: 177438394; UID 10022; state: DISABLED
05-27 14:24:52.725 D/CompatibilityChangeReporter( 704): Compat change id reported: 135772972; UID 10022; state: DISABLED
05-27 14:24:52.725 D/CompatibilityChangeReporter( 704): Compat change id reported: 135754954; UID 10022; state: ENABLED
05-27 14:24:52.734 I/ActivityManager( 704): com.android.dynsystem is exempt from freezer
05-27 14:24:52.761 W/ActivityManager( 704): Slow operation: 74ms so far, now at startProcess: returned from zygote!
05-27 14:24:52.762 W/ActivityManager( 704): Slow operation: 74ms so far, now at startProcess: done updating battery stats
05-27 14:24:52.762 W/ActivityManager( 704): Slow operation: 75ms so far, now at startProcess: building log message
05-27 14:24:52.762 I/ActivityManager( 704): Start proc 2018:com.android.localtransport/1000 for service {com.android.localtransport/com.android.localtransport.LocalTransportService}
05-27 14:24:52.762 W/ActivityManager( 704): Slow operation: 75ms so far, now at startProcess: starting to update pids map
05-27 14:24:52.762 W/ActivityManager( 704): Slow operation: 75ms so far, now at startProcess: done updating pids map
05-27 14:24:52.763 D/CompatibilityChangeReporter( 704): Compat change id reported: 143937733; UID 10022; state: ENABLED
05-27 14:24:52.801 D/CompatibilityChangeReporter( 704): Compat change id reported: 168419799; UID 1000; state: DISABLED
05-27 14:24:52.802 D/CompatibilityChangeReporter( 704): Compat change id reported: 273564678; UID 1000; state: DISABLED
05-27 14:24:52.836 W/ActivityManager( 704): Slow operation: 112ms so far, now at startProcess: returned from zygote!
05-27 14:24:52.836 W/ActivityManager( 704): Slow operation: 113ms so far, now at startProcess: done updating battery stats
05-27 14:24:52.836 W/ActivityManager( 704): Slow operation: 113ms so far, now at startProcess: building log message
05-27 14:24:52.836 I/ActivityManager( 704): Start proc 2042:com.android.managedprovisioning/u0a22 for broadcast {com.android.managedprovisioning/com.android.managedprovisioning.BootReminder}
05-27 14:24:52.836 W/ActivityManager( 704): Slow operation: 113ms so far, now at startProcess: starting to update pids map
05-27 14:24:52.836 W/ActivityManager( 704): Slow operation: 113ms so far, now at startProcess: done updating pids map
05-27 14:24:52.837 W/ActivityManager( 704): Slow operation: 104ms so far, now at startProcess: asking zygote to start proc
05-27 14:24:52.893 W/ActivityManager( 704): Slow operation: 160ms so far, now at startProcess: returned from zygote!
05-27 14:24:52.893 W/ActivityManager( 704): Slow operation: 161ms so far, now at startProcess: done updating battery stats
05-27 14:24:52.894 W/ActivityManager( 704): Slow operation: 161ms so far, now at startProcess: building log message
05-27 14:24:52.894 I/ActivityManager( 704): Start proc 2046:com.android.dynsystem:dynsystem/1000 for service {com.android.dynsystem/com.android.dynsystem.DynamicSystemInstallationService}
05-27 14:24:52.894 W/ActivityManager( 704): Slow operation: 161ms so far, now at startProcess: starting to update pids map
05-27 14:24:52.894 W/ActivityManager( 704): Slow operation: 161ms so far, now at startProcess: done updating pids map
05-27 14:24:52.997 D/CompatibilityChangeReporter( 704): Compat change id reported: 168419799; UID 10022; state: DISABLED
05-27 14:24:52.998 D/CompatibilityChangeReporter( 704): Compat change id reported: 273564678; UID 10022; state: DISABLED
05-27 14:24:53.011 D/CompatibilityChangeReporter( 704): Compat change id reported: 261072174; UID 10043; state: DISABLED
05-27 14:24:53.039 D/CompatibilityChangeReporter( 704): Compat change id reported: 265195908; UID 10022; state: ENABLED
05-27 14:24:53.056 W/ActivityManager( 704): Foreground service started from background can not have location/camera/microphone access: service com.dangbei.screencast/.huaweicast.service.HuaweiCastService
05-27 14:24:53.057 W/ForegroundServiceTypeLoggerModule( 704): Foreground service start for UID: 10043 does not have any types
05-27 14:24:53.081 D/CompatibilityChangeReporter( 704): Compat change id reported: 170503758; UID 10022; state: ENABLED
05-27 14:24:53.259 I/DynamicSystemService( 704): isInstalled(): false
05-27 14:24:53.283 I/TransportConnection( 704): LocalTransportService#0: Notifying [TransportManager.registerTransport()] transport = BackupTransportClient
05-27 14:24:53.285 I/ActivityManager( 704): com.android.packageinstaller is exempt from freezer
05-27 14:24:53.285 D/CompatibilityChangeReporter( 704): Compat change id reported: 135634846; UID 10025; state: DISABLED
05-27 14:24:53.285 D/CompatibilityChangeReporter( 704): Compat change id reported: 177438394; UID 10025; state: DISABLED
05-27 14:24:53.286 D/CompatibilityChangeReporter( 704): Compat change id reported: 135772972; UID 10025; state: DISABLED
05-27 14:24:53.286 D/CompatibilityChangeReporter( 704): Compat change id reported: 135754954; UID 10025; state: ENABLED
05-27 14:24:53.287 D/CompatibilityChangeReporter( 704): Compat change id reported: 143937733; UID 10025; state: ENABLED
