05-27 14:24:53.325 I/ActivityManager( 704): Start proc 2119:com.android.packageinstaller/u0a25 for broadcast {com.android.packageinstaller/com.android.packageinstaller.TemporaryFileManager}
05-27 14:24:53.352 D/BackupTransportManager( 704): [UserID:0] Transport com.android.localtransport/.LocalTransportService registered
05-27 14:24:53.352 D/BackupManagerService( 704): [UserID:0] Transport com.android.localtransport/.LocalTransport registered 3707ms after first request (delay = 3000ms)
05-27 14:24:53.398 I/BackupManagerService( 704): [UserID:0] Found 12 stale backup journal(s), scheduling.
05-27 14:24:53.446 D/CompatibilityChangeReporter( 704): Compat change id reported: 168419799; UID 10025; state: DISABLED
05-27 14:24:53.446 D/CompatibilityChangeReporter( 704): Compat change id reported: 273564678; UID 10025; state: DISABLED
05-27 14:24:53.469 D/CompatibilityChangeReporter( 704): Compat change id reported: 265195908; UID 10025; state: ENABLED
05-27 14:24:53.485 W/ContextImpl( 704): Calling a method in the system process without a qualified user: android.app.ContextImpl.sendStickyBroadcast:1626 com.android.server.wifi.ClientModeImpl.sendNetworkChangeBroadcast:3008 com.android.server.wifi.ClientModeImpl.lambda$sendNetworkChangeBroadcastWithCurrentState$14:2985 com.android.server.wifi.ClientModeImpl.$r8$lambda$q-j88Pjw4gROgoJFr8wBlBVbuJI:0 com.android.server.wifi.ClientModeImpl$$ExternalSyntheticLambda4.send:0
05-27 14:24:53.506 D/CompatibilityChangeReporter( 704): Compat change id reported: 170503758; UID 10025; state: ENABLED
05-27 14:24:53.563 W/BroadcastLoopers( 704): Found previously unknown looper Thread[ConnectivityServiceThread,5,main]
05-27 14:24:53.577 W/ContextImpl( 704): Calling a method in the system process without a qualified user: android.app.ContextImpl.sendStickyBroadcast:1626 com.android.server.wifi.ClientModeImpl.sendNetworkChangeBroadcast:3008 com.android.server.wifi.ClientModeImpl.lambda$sendNetworkChangeBroadcastWithCurrentState$14:2985 com.android.server.wifi.ClientModeImpl.$r8$lambda$q-j88Pjw4gROgoJFr8wBlBVbuJI:0 com.android.server.wifi.ClientModeImpl$$ExternalSyntheticLambda4.send:0
05-27 14:24:53.581 I/BackupManagerService( 704): [UserID:0] Stale backup journals: Scheduled 6 package(s) total
05-27 14:24:53.784 E/NetlinkEvent( 478): NetlinkEvent::FindParam(): Parameter 'INTERFACE' not found
05-27 14:24:53.784 E/NetlinkEvent( 478): NetlinkEvent::FindParam(): Parameter 'STATE' not found
05-27 14:24:53.784 E/NetlinkEvent( 478): NetlinkEvent::FindParam(): Parameter 'TIME_NS' not found
05-27 14:24:53.784 E/NetlinkEvent( 478): NetlinkEvent::FindParam(): Parameter 'UID' not found
05-27 14:24:53.785 D/CompatibilityChangeReporter( 704): Compat change id reported: 135634846; UID 10067; state: DISABLED
05-27 14:24:53.785 D/CompatibilityChangeReporter( 704): Compat change id reported: 177438394; UID 10067; state: DISABLED
05-27 14:24:53.786 D/CompatibilityChangeReporter( 704): Compat change id reported: 135772972; UID 10067; state: DISABLED
05-27 14:24:53.786 D/CompatibilityChangeReporter( 704): Compat change id reported: 135754954; UID 10067; state: ENABLED
05-27 14:24:53.787 D/CompatibilityChangeReporter( 704): Compat change id reported: 143937733; UID 10067; state: ENABLED
05-27 14:24:53.816 I/ActivityManager( 704): Start proc 2156:com.android.permissioncontroller/u0a67 for broadcast {com.android.permissioncontroller/com.android.permissioncontroller.permission.service.LocationAccessCheck$SetupPeriodicBackgroundLocationAccessCheck}
05-27 14:24:53.930 W/ContextImpl( 704): Calling a method in the system process without a qualified user: android.app.ContextImpl.sendStickyBroadcast:1626 android.net.connectivity.com.android.server.ConnectivityService.sendStickyBroadcast:3280 android.net.connectivity.com.android.server.ConnectivityService.sendGeneralBroadcast:3250 android.net.connectivity.com.android.server.ConnectivityService.sendConnectedBroadcast:3223 android.net.connectivity.com.android.server.ConnectivityService.sendLegacyNetworkBroadcast:10138
05-27 14:24:54.001 D/CompatibilityChangeReporter( 704): Compat change id reported: 168419799; UID 10067; state: DISABLED
05-27 14:24:54.002 D/CompatibilityChangeReporter( 704): Compat change id reported: 273564678; UID 10067; state: DISABLED
05-27 14:24:54.007 D/CompatibilityChangeReporter( 704): Compat change id reported: 265195908; UID 10067; state: ENABLED
05-27 14:24:54.007 E/TaskWorkerFactory( 1405): Cannot create worker: com.android.devicelockcontroller.provision.worker.DeviceCheckInWorker
05-27 14:24:54.007 E/TaskWorkerFactory( 1405): java.lang.NoSuchMethodException: com.android.devicelockcontroller.provision.worker.DeviceCheckInWorker. [class android.content.Context, class androidx.work.WorkerParameters, interface com.google.common.util.concurrent.ListeningExecutorService]
05-27 14:24:54.007 E/TaskWorkerFactory( 1405): at java.lang.Class.getConstructor0(Class.java:3325)
05-27 14:24:54.007 E/TaskWorkerFactory( 1405): at java.lang.Class.getDeclaredConstructor(Class.java:3063)
05-27 14:24:54.007 E/TaskWorkerFactory( 1405): at com.android.devicelockcontroller.policy.TaskWorkerFactory.createWorker(TaskWorkerFactory.java:53)
05-27 14:24:54.007 E/TaskWorkerFactory( 1405): at androidx.work.DelegatingWorkerFactory.createWorker(DelegatingWorkerFactory.java:71)
05-27 14:24:54.007 E/TaskWorkerFactory( 1405): at androidx.work.WorkerFactory.createWorkerWithDefaultFallback(WorkerFactory.java:82)
05-27 14:24:54.007 E/TaskWorkerFactory( 1405): at androidx.work.impl.WorkerWrapper.runWorker(WorkerWrapper.java:240)
05-27 14:24:54.007 E/TaskWorkerFactory( 1405): at androidx.work.impl.WorkerWrapper.run(WorkerWrapper.java:142)
05-27 14:24:54.007 E/TaskWorkerFactory( 1405): at androidx.work.impl.utils.SerialExecutorImpl$Task.run(SerialExecutorImpl.java:96)
05-27 14:24:54.007 E/TaskWorkerFactory( 1405): at java.util.concurrent.ThreadPoolExecutor.runWorker(ThreadPoolExecutor.java:1145)
05-27 14:24:54.007 E/TaskWorkerFactory( 1405): at java.util.concurrent.ThreadPoolExecutor$Worker.run(ThreadPoolExecutor.java:644)
05-27 14:24:54.007 E/TaskWorkerFactory( 1405): at java.lang.Thread.run(Thread.java:1012)
05-27 14:24:54.018 D/CompatibilityChangeReporter( 704): Compat change id reported: 170503758; UID 10067; state: ENABLED
05-27 14:24:54.050 W/ContextImpl( 704): Calling a method in the system process without a qualified user: android.app.ContextImpl.sendStickyBroadcast:1626 android.net.connectivity.com.android.server.ConnectivityService.sendStickyBroadcast:3280 android.net.connectivity.com.android.server.ConnectivityService.sendGeneralBroadcast:3250 android.net.connectivity.com.android.server.ConnectivityService.sendInetConditionBroadcast:3227 android.net.connectivity.com.android.server.ConnectivityService.updateInetCondition:9819
05-27 14:24:54.082 W/Looper ( 990): Slow delivery took 1007ms SysUiBg h=android.os.Handler c=android.app.LoadedApk$ReceiverDispatcher$Args$$ExternalSyntheticLambda0@ec7bfd3 m=0
05-27 14:24:54.088 I/CheckInWorker( 1405): perform check-in request
05-27 14:24:54.106 W/CheckInWorker( 1405): CheckIn failed. No device identifier available!
05-27 14:24:54.119 W/OverlayManager( 704): service 'idmap' died
05-27 14:24:54.172 D/OomAdjuster( 704): Not killing cached processes
05-27 14:24:54.182 E/ActivityThread( 1578): Failed to find provider info for com.tcl.xian.StartandroidService.MyContentProvider
05-27 14:24:54.428 I/ActivityManager( 704): reportOnUserCompletedEvent(0): stored=10, eligible=111
05-27 14:24:54.428 D/SystemServerTimingAsync( 704): ssm.CompletedEventUser-0
05-27 14:24:54.428 I/SystemServiceManager( 704): Calling onCompletedEventUser 0
05-27 14:24:54.433 D/SystemServerTimingAsync( 704): ssm.onCompletedEventUser-0_{|Unlocked|}_com.android.server.os.DeviceIdentifiersPolicyService
05-27 14:24:54.433 D/SystemServerTimingAsync( 704): ssm.onCompletedEventUser-0_{|Unlocked|}_com.android.server.flags.FeatureFlagsService
05-27 14:24:54.433 D/SystemServerTimingAsync( 704): ssm.onCompletedEventUser-0_{|Unlocked|}_com.android.server.uri.UriGrantsManagerService$Lifecycle
05-27 14:24:54.433 D/SystemServerTimingAsync( 704): ssm.onCompletedEventUser-0_{|Unlocked|}_com.android.server.powerstats.PowerStatsService
05-27 14:24:54.433 D/SystemServerTimingAsync( 704): ssm.onCompletedEventUser-0_{|Unlocked|}_com.android.server.permission.access.AccessCheckingService
05-27 14:24:54.433 D/SystemServerTimingAsync( 704): ssm.onCompletedEventUser-0_{|Unlocked|}_com.android.server.wm.ActivityTaskManagerService$Lifecycle
05-27 14:24:54.433 D/SystemServerTimingAsync( 704): ssm.onCompletedEventUser-0_{|Unlocked|}_com.android.server.am.ActivityManagerService$Lifecycle
05-27 14:24:54.433 D/SystemServerTimingAsync( 704): ssm.onCompletedEventUser-0_{|Unlocked|}_com.android.server.pm.DataLoaderManagerService
05-27 14:24:54.433 D/SystemServerTimingAsync( 704): ssm.onCompletedEventUser-0_{|Unlocked|}_com.android.server.power.PowerManagerService
05-27 14:24:54.433 D/SystemServerTimingAsync( 704): ssm.onCompletedEventUser-0_{|Unlocked|}_com.android.server.power.ThermalManagerService
05-27 14:24:54.434 D/SystemServerTimingAsync( 704): ssm.onCompletedEventUser-0_{|Unlocked|}_com.android.server.power.hint.HintManagerService
05-27 14:24:54.434 D/SystemServerTimingAsync( 704): ssm.onCompletedEventUser-0_{|Unlocked|}_com.android.server.recoverysystem.RecoverySystemService$Lifecycle
05-27 14:24:54.434 D/SystemServerTimingAsync( 704): ssm.onCompletedEventUser-0_{|Unlocked|}_com.android.server.lights.LightsService
05-27 14:24:54.434 D/SystemServerTimingAsync( 704): ssm.onCompletedEventUser-0_{|Unlocked|}_com.android.server.display.DisplayManagerService
05-27 14:24:54.434 D/SystemServerTimingAsync( 704): ssm.onCompletedEventUser-0_{|Unlocked|}_com.android.server.pm.verify.domain.DomainVerificationService
05-27 14:24:54.434 D/SystemServerTimingAsync( 704): ssm.onCompletedEventUser-0_{|Unlocked|}_com.android.server.pm.PackageInstallerService$Lifecycle
05-27 14:24:54.434 D/SystemServerTimingAsync( 704): ssm.onCompletedEventUser-0_{|Unlocked|}_com.android.server.pm.UserManagerService$LifeCycle
05-27 14:24:54.434 D/SystemServerTimingAsync( 704): ssm.onCompletedEventUser-0_{|Unlocked|}_com.android.server.om.OverlayManagerService
05-27 14:24:54.434 D/SystemServerTimingAsync( 704): ssm.onCompletedEventUser-0_{|Unlocked|}_com.android.server.resources.ResourcesManagerService
05-27 14:24:54.434 D/SystemServerTimingAsync( 704): ssm.onCompletedEventUser-0_{|Unlocked|}_com.android.server.sensorprivacy.SensorPrivacyService
05-27 14:24:54.434 D/SystemServerTimingAsync( 704): ssm.onCompletedEventUser-0_{|Unlocked|}_com.android.server.sensors.SensorService
05-27 14:24:54.434 D/SystemServerTimingAsync( 704): ssm.onCompletedEventUser-0_{|Unlocked|}_com.android.server.SystemConfigService
05-27 14:24:54.434 D/SystemServerTimingAsync( 704): ssm.onCompletedEventUser-0_{|Unlocked|}_com.android.server.BatteryService
05-27 14:24:54.434 D/SystemServerTimingAsync( 704): ssm.onCompletedEventUser-0_{|Unlocked|}_com.android.server.usage.UsageStatsService
05-27 14:24:54.434 D/SystemServerTimingAsync( 704): ssm.onCompletedEventUser-0_{|Unlocked|}_com.android.server.webkit.WebViewUpdateService
05-27 14:24:54.434 D/SystemServerTimingAsync( 704): ssm.onCompletedEventUser-0_{|Unlocked|}_com.android.server.CachedDeviceStateService
05-27 14:24:54.434 D/SystemServerTimingAsync( 704): ssm.onCompletedEventUser-0_{|Unlocked|}_com.android.server.BinderCallsStatsService$LifeCycle
05-27 14:24:54.434 D/SystemServerTimingAsync( 704): ssm.onCompletedEventUser-0_{|Unlocked|}_com.android.server.LooperStatsService$Lifecycle
05-27 14:24:54.434 D/SystemServerTimingAsync( 704): ssm.onCompletedEventUser-0_{|Unlocked|}_com.android.server.rollback.RollbackManagerService
05-27 14:24:54.434 D/SystemServerTimingAsync( 704): ssm.onCompletedEventUser-0_{|Unlocked|}_com.android.server.os.NativeTombstoneManagerService
05-27 14:24:54.434 D/SystemServerTimingAsync( 704): ssm.onCompletedEventUser-0_{|Unlocked|}_com.android.server.os.BugreportManagerService
05-27 14:24:54.434 D/SystemServerTimingAsync( 704): ssm.onCompletedEventUser-0_{|Unlocked|}_com.android.server.gpu.GpuService
05-27 14:24:54.434 D/SystemServerTimingAsync( 704): ssm.onCompletedEventUser-0_{|Unlocked|}_com.android.server.security.rkp.RemoteProvisioningService
05-27 14:24:54.434 D/SystemServerTimingAsync( 704): ssm.onCompletedEventUser-0_{|Unlocked|}_com.android.server.security.KeyChainSystemService
05-27 14:24:54.434 D/SystemServerTimingAsync( 704): ssm.onCompletedEventUser-0_{|Unlocked|}_com.android.server.BinaryTransparencyService
05-27 14:24:54.434 D/SystemServerTimingAsync( 704): ssm.onCompletedEventUser-0_{|Unlocked|}_com.android.server.accounts.AccountManagerService$Lifecycle
05-27 14:24:54.434 D/SystemServerTimingAsync( 704): ssm.onCompletedEventUser-0_{|Unlocked|}_com.android.server.content.ContentService$Lifecycle
05-27 14:24:54.434 D/SystemServerTimingAsync( 704): ssm.onCompletedEventUser-0_{|Unlocked|}_com.android.server.deviceconfig.DeviceConfigInit$Lifecycle
05-27 14:24:54.434 D/SystemServerTimingAsync( 704): ssm.onCompletedEventUser-0_{|Unlocked|}_com.android.server.DropBoxManagerService
05-27 14:24:54.434 D/SystemServerTimingAsync( 704): ssm.onCompletedEventUser-0_{|Unlocked|}_com.android.role.RoleService
05-27 14:24:54.434 D/SystemServerTimingAsync( 704): ssm.onCompletedEventUser-0_{|Unlocked|}_com.android.server.vibrator.VibratorManagerService$Lifecycle
05-27 14:24:54.434 D/SystemServerTimingAsync( 704): ssm.onCompletedEventUser-0_{|Unlocked|}_com.android.server.tare.InternalResourceService
05-27 14:24:54.434 D/SystemServerTimingAsync( 704): ssm.onCompletedEventUser-0_{|Unlocked|}_com.android.server.alarm.AlarmManagerService
05-27 14:24:54.434 D/SystemServerTimingAsync( 704): ssm.onCompletedEventUser-0_{|Unlocked|}_com.android.server.devicestate.DeviceStateManagerService
05-27 14:24:54.434 D/SystemServerTimingAsync( 704): ssm.onCompletedEventUser-0_{|Unlocked|}_com.android.server.camera.CameraServiceProxy
05-27 14:24:54.434 D/SystemServerTimingAsync( 704): ssm.onCompletedEventUser-0_{|Unlocked|}_com.android.server.bluetooth.BluetoothService
05-27 14:24:54.434 D/SystemServerTimingAsync( 704): ssm.onCompletedEventUser-0_{|Unlocked|}_com.android.server.connectivity.IpConnectivityMetrics
05-27 14:24:54.434 D/SystemServerTimingAsync( 704): ssm.onCompletedEventUser-0_{|Unlocked|}_com.android.server.net.watchlist.NetworkWatchlistService$Lifecycle
05-27 14:24:54.434 D/SystemServerTimingAsync( 704): ssm.onCompletedEventUser-0_{|Unlocked|}_com.android.server.PinnerService
05-27 14:24:54.434 D/SystemServerTimingAsync( 704): ssm.onCompletedEventUser-0_{|Unlocked|}_com.android.server.integrity.AppIntegrityManagerService
05-27 14:24:54.434 D/SystemServerTimingAsync( 704): ssm.onCompletedEventUser-0_{|Unlocked|}_com.android.server.logcat.LogcatManagerService
05-27 14:24:54.434 D/SystemServerTimingAsync( 704): ssm.onCompletedEventUser-0_{|Unlocked|}_com.android.server.inputmethod.InputMethodManagerService$Lifecycle
05-27 14:24:54.434 D/SystemServerTimingAsync( 704): ssm.onCompletedEventUser-0_{|Unlocked|}_com.android.server.accessibility.AccessibilityManagerService$Lifecycle
05-27 14:24:54.434 D/SystemServerTimingAsync( 704): ssm.onCompletedEventUser-0_{|Unlocked|}_com.android.server.StorageManagerService$Lifecycle
05-27 14:24:54.434 D/SystemServerTimingAsync( 704): ssm.onCompletedEventUser-0_{|Unlocked|}_com.android.server.usage.StorageStatsService$Lifecycle
05-27 14:24:54.434 D/SystemServerTimingAsync( 704): ssm.onCompletedEventUser-0_{|Unlocked|}_com.android.server.UiModeManagerService
05-27 14:24:54.435 D/SystemServerTimingAsync( 704): ssm.onCompletedEventUser-0_{|Unlocked|}_com.android.server.locales.LocaleManagerService
05-27 14:24:54.435 D/SystemServerTimingAsync( 704): ssm.onCompletedEventUser-0_{|Unlocked|}_com.android.server.grammaticalinflection.GrammaticalInflectionService
05-27 14:24:54.435 D/SystemServerTimingAsync( 704): ssm.onCompletedEventUser-0_{|Unlocked|}_com.android.server.apphibernation.AppHibernationService
05-27 14:24:54.435 D/SystemServerTimingAsync( 704): ssm.onCompletedEventUser-0_{|Unlocked|}_com.android.server.locksettings.LockSettingsService$Lifecycle
05-27 14:24:54.435 D/SystemServerTimingAsync( 704): ssm.onCompletedEventUser-0_{|Unlocked|}_com.android.server.PersistentDataBlockService
05-27 14:24:54.435 D/SystemServerTimingAsync( 704): ssm.onCompletedEventUser-0_{|Unlocked|}_com.android.server.testharness.TestHarnessModeService
05-27 14:24:54.435 D/SystemServerTimingAsync( 704): ssm.onCompletedEventUser-0_{|Unlocked|}_com.android.server.oemlock.OemLockService
05-27 14:24:54.435 D/SystemServerTimingAsync( 704): ssm.onCompletedEventUser-0_{|Unlocked|}_com.android.server.DeviceIdleController
05-27 14:24:54.435 D/SystemServerTimingAsync( 704): ssm.onCompletedEventUser-0_{|Unlocked|}_com.android.server.devicepolicy.DevicePolicyManagerService$Lifecycle
05-27 14:24:54.435 D/SystemServerTimingAsync( 704): ssm.onCompletedEventUser-0_{|Unlocked|}_com.android.server.texttospeech.TextToSpeechManagerService
05-27 14:24:54.435 D/SystemServerTimingAsync( 704): ssm.onCompletedEventUser-0_{|Unlocked|}_com.android.server.ambientcontext.AmbientContextManagerService
05-27 14:24:54.435 D/SystemServerTimingAsync( 704): ssm.onCompletedEventUser-0_{|Unlocked|}_com.android.server.wearable.WearableSensingManagerService
05-27 14:24:54.435 D/SystemServerTimingAsync( 704): ssm.onCompletedEventUser-0_{|Unlocked|}_com.android.server.speech.SpeechRecognitionManagerService
05-27 14:24:54.435 D/SystemServerTimingAsync( 704): ssm.onCompletedEventUser-0_{|Unlocked|}_com.android.server.searchui.SearchUiManagerService
05-27 14:24:54.435 D/SystemServerTimingAsync( 704): ssm.onCompletedEventUser-0_{|Unlocked|}_com.android.server.smartspace.SmartspaceManagerService
05-27 14:24:54.435 D/SystemServerTimingAsync( 704): ssm.onCompletedEventUser-0_{|Unlocked|}_com.android.server.graphics.fonts.FontManagerService$Lifecycle
05-27 14:24:54.435 D/SystemServerTimingAsync( 704): ssm.onCompletedEventUser-0_{|Unlocked|}_com.android.server.textservices.TextServicesManagerService$Lifecycle
05-27 14:24:54.435 D/SystemServerTimingAsync( 704): ssm.onCompletedEventUser-0_{|Unlocked|}_com.android.server.textclassifier.TextClassificationManagerService$Lifecycle
05-27 14:24:54.435 D/SystemServerTimingAsync( 704): ssm.onCompletedEventUser-0_{|Unlocked|}_com.android.server.NetworkScoreService$Lifecycle
05-27 14:24:54.435 D/SystemServerTimingAsync( 704): ssm.onCompletedEventUser-0_{|Unlocked|}_com.android.server.NetworkStatsServiceInitializer
05-27 14:24:54.435 D/SystemServerTimingAsync( 704): ssm.onCompletedEventUser-0_{|Unlocked|}_com.android.server.wifi.WifiService
05-27 14:24:54.435 D/SystemServerTimingAsync( 704): ssm.onCompletedEventUser-0_{|Unlocked|}_com.android.server.wifi.scanner.WifiScanningService
05-27 14:24:54.435 D/SystemServerTimingAsync( 704): ssm.onCompletedEventUser-0_{|Unlocked|}_com.android.server.wifi.p2p.WifiP2pService
05-27 14:24:54.435 D/SystemServerTimingAsync( 704): ssm.onCompletedEventUser-0_{|Unlocked|}_com.android.server.ConnectivityServiceInitializer
05-27 14:24:54.435 D/SystemServerTimingAsync( 704): ssm.onCompletedEventUser-0_{|Unlocked|}_com.android.server.notification.NotificationManagerService
05-27 14:24:54.435 D/SystemServerTimingAsync( 704): ssm.onCompletedEventUser-0_{|Unlocked|}_com.android.server.storage.DeviceStorageMonitorService
05-27 14:24:54.435 D/SystemServerTimingAsync( 704): ssm.onCompletedEventUser-0_{|Unlocked|}_com.android.server.timedetector.TimeDetectorService$Lifecycle
05-27 14:24:54.435 D/SystemServerTimingAsync( 704): ssm.onCompletedEventUser-0_{|Unlocked|}_com.android.server.location.LocationManagerService$Lifecycle
05-27 14:24:54.435 D/SystemServerTimingAsync( 704): ssm.onCompletedEventUser-0_{|Unlocked|}_com.android.server.timezonedetector.TimeZoneDetectorService$Lifecycle
05-27 14:24:54.435 D/SystemServerTimingAsync( 704): ssm.onCompletedEventUser-0_{|Unlocked|}_com.android.server.location.altitude.AltitudeService$Lifecycle
05-27 14:24:54.435 D/SystemServerTimingAsync( 704): ssm.onCompletedEventUser-0_{|Unlocked|}_com.android.server.timezonedetector.location.LocationTimeZoneManagerService$Lifecycle
05-27 14:24:54.435 D/SystemServerTimingAsync( 704): ssm.onCompletedEventUser-0_{|Unlocked|}_com.android.server.search.SearchManagerService$Lifecycle
05-27 14:24:54.435 D/SystemServerTimingAsync( 704): ssm.onCompletedEventUser-0_{|Unlocked|}_com.android.server.wallpaper.WallpaperManagerService$Lifecycle
05-27 14:24:54.435 D/SystemServerTimingAsync( 704): ssm.onCompletedEventUser-0_{|Unlocked|}_com.android.server.wallpapereffectsgeneration.WallpaperEffectsGenerationManagerService
05-27 14:24:54.435 D/SystemServerTimingAsync( 704): ssm.onCompletedEventUser-0_{|Unlocked|}_com.android.server.audio.AudioService$Lifecycle
05-27 14:24:54.435 D/SystemServerTimingAsync( 704): ssm.onCompletedEventUser-0_{|Unlocked|}_com.android.server.soundtrigger_middleware.SoundTriggerMiddlewareService$Lifecycle
05-27 14:24:54.435 D/SystemServerTimingAsync( 704): ssm.onCompletedEventUser-0_{|Unlocked|}_com.android.server.adb.AdbService$Lifecycle
05-27 14:24:54.435 D/SystemServerTimingAsync( 704): ssm.onCompletedEventUser-0_{|Unlocked|}_com.android.server.usb.UsbService$Lifecycle
05-27 14:24:54.435 D/SystemServerTimingAsync( 704): ssm.onCompletedEventUser-0_{|Unlocked|}_com.android.server.twilight.TwilightService
05-27 14:24:54.435 D/SystemServerTimingAsync( 704): ssm.onCompletedEventUser-0_{|Unlocked|}_com.android.server.display.color.ColorDisplayService
05-27 14:24:54.435 D/SystemServerTimingAsync( 704): ssm.onCompletedEventUser-0_{|Unlocked|}_com.android.server.job.JobSchedulerService
05-27 14:24:54.435 D/SystemServerTimingAsync( 704): ssm.onCompletedEventUser-0_{|Unlocked|}_com.android.server.soundtrigger.SoundTriggerService
05-27 14:24:54.435 D/SystemServerTimingAsync( 704): ssm.onCompletedEventUser-0_{|Unlocked|}_com.android.server.trust.TrustManagerService
05-27 14:24:54.435 D/SystemServerTimingAsync( 704): ssm.onCompletedEventUser-0_{|Unlocked|}_com.android.server.backup.BackupManagerService$Lifecycle
05-27 14:24:54.436 D/SystemServerTimingAsync( 704): ssm.onCompletedEventUser-0_{|Unlocked|}_com.android.server.appwidget.AppWidgetService
05-27 14:24:54.436 D/SystemServerTimingAsync( 704): ssm.onCompletedEventUser-0_{|Unlocked|}_com.android.server.voiceinteraction.VoiceInteractionManagerService
05-27 14:24:54.436 D/SystemServerTimingAsync( 704): ssm.onCompletedEventUser-0_{|Unlocked|}_com.android.server.GestureLauncherService
05-27 14:24:54.436 D/SystemServerTimingAsync( 704): ssm.onCompletedEventUser-0_{|Unlocked|}_com.android.server.SensorNotificationService
05-27 14:24:54.436 D/SystemServerTimingAsync( 704): ssm.onCompletedEventUser-0_{|Unlocked|}_com.android.server.emergency.EmergencyAffordanceService
05-27 14:24:54.436 D/SystemServerTimingAsync( 704): ssm.onCompletedEventUser-0_{|Unlocked|}_com.android.server.blob.BlobStoreManagerService
05-27 14:24:54.436 D/SystemServerTimingAsync( 704): ssm.onCompletedEventUser-0_{|Unlocked|}_com.android.server.dreams.DreamManagerService
05-27 14:24:54.436 D/SystemServerTimingAsync( 704): ssm.onCompletedEventUser-0_{|Unlocked|}_com.android.server.security.AttestationVerificationManagerService
05-27 14:24:54.436 D/SystemServerTimingAsync( 704): ssm.onCompletedEventUser-0_{|Unlocked|}_com.android.server.restrictions.RestrictionsManagerService
05-27 14:24:54.436 D/SystemServerTimingAsync( 704): ssm.onCompletedEventUser-0_{|Unlocked|}_com.android.server.media.MediaSessionService
05-27 14:24:54.436 D/SystemServerTimingAsync( 704): ssm.onCompletedEventUser-0_{|Unlocked|}_com.android.server.hdmi.HdmiControlService
05-27 14:24:54.436 D/SystemServerTimingAsync( 704): ssm.onCompletedEventUser-0_{|Unlocked|}_com.android.server.tv.interactive.TvInteractiveAppManagerService
05-27 14:24:54.436 D/SystemServerTimingAsync( 704): ssm.onCompletedEventUser-0_{|Unlocked|}_com.android.server.tv.TvInputManagerService
05-27 14:24:54.436 D/SystemServerTimingAsync( 704): ssm.onCompletedEventUser-0_{|Unlocked|}_com.android.server.media.MediaResourceMonitorService
05-27 14:24:54.436 D/SystemServerTimingAsync( 704): ssm.onCompletedEventUser-0_{|Unlocked|}_com.android.server.tv.TvRemoteService
05-27 14:24:54.436 D/SystemServerTimingAsync( 704): ssm.onCompletedEventUser-0_{|Unlocked|}_com.android.server.biometrics.BiometricService
05-27 14:24:54.436 D/SystemServerTimingAsync( 704): ssm.onCompletedEventUser-0_{|Unlocked|}_com.android.server.biometrics.AuthService
05-27 14:24:54.436 D/SystemServerTimingAsync( 704): ssm.onCompletedEventUser-0_{|Unlocked|}_com.android.server.pm.ShortcutService$Lifecycle
05-27 14:24:54.436 D/SystemServerTimingAsync( 704): ssm.onCompletedEventUser-0_{|Unlocked|}_com.android.server.pm.LauncherAppsService
05-27 14:24:54.436 D/SystemServerTimingAsync( 704): ssm.onCompletedEventUser-0_{|Unlocked|}_com.android.server.pm.CrossProfileAppsService
05-27 14:24:54.436 D/SystemServerTimingAsync( 704): ssm.onCompletedEventUser-0_{|Unlocked|}_com.android.server.people.PeopleService
05-27 14:24:54.436 D/SystemServerTimingAsync( 704): ssm.onCompletedEventUser-0_{|Unlocked|}_com.android.server.media.metrics.MediaMetricsManagerService
05-27 14:24:54.436 D/SystemServerTimingAsync( 704): ssm.onCompletedEventUser-0_{|Unlocked|}_com.android.server.pm.BackgroundInstallControlService
05-27 14:24:54.436 D/SystemServerTimingAsync( 704): ssm.onCompletedEventUser-0_{|Unlocked|}_com.android.server.media.projection.MediaProjectionManagerService
05-27 14:24:54.436 D/SystemServerTimingAsync( 704): ssm.onCompletedEventUser-0_{|Unlocked|}_com.android.server.slice.SliceManagerService$Lifecycle
05-27 14:24:54.436 D/SystemServerTimingAsync( 704): ssm.onCompletedEventUser-0_{|Unlocked|}_com.android.server.stats.StatsCompanion$Lifecycle
05-27 14:24:54.436 D/SystemServerTimingAsync( 704): ssm.onCompletedEventUser-0_{|Unlocked|}_com.android.server.scheduling.RebootReadinessManagerService$Lifecycle
05-27 14:24:54.436 D/SystemServerTimingAsync( 704): ssm.onCompletedEventUser-0_{|Unlocked|}_com.android.server.stats.pull.StatsPullAtomService
05-27 14:24:54.436 D/SystemServerTimingAsync( 704): ssm.onCompletedEventUser-0_{|Unlocked|}_com.android.server.stats.bootstrap.StatsBootstrapAtomService$Lifecycle
05-27 14:24:54.436 D/SystemServerTimingAsync( 704): ssm.onCompletedEventUser-0_{|Unlocked|}_com.android.server.incident.IncidentCompanionService
05-27 14:24:54.436 D/SystemServerTimingAsync( 704): ssm.onCompletedEventUser-0_{|Unlocked|}_com.android.server.sdksandbox.SdkSandboxManagerService$Lifecycle
05-27 14:24:54.436 D/SystemServerTimingAsync( 704): ssm.onCompletedEventUser-0_{|Unlocked|}_com.android.server.adservices.AdServicesManagerService$Lifecycle
05-27 14:24:54.436 D/SystemServerTimingAsync( 704): ssm.onCompletedEventUser-0_{|Unlocked|}_com.android.server.ondevicepersonalization.OnDevicePersonalizationSystemService$Lifecycle
05-27 14:24:54.436 D/SystemServerTimingAsync( 704): ssm.onCompletedEventUser-0_{|Unlocked|}_com.android.server.autofill.AutofillManagerService
05-27 14:24:54.436 D/SystemServerTimingAsync( 704): ssm.onCompletedEventUser-0_{|Unlocked|}_com.android.server.clipboard.ClipboardService
05-27 14:24:54.436 D/SystemServerTimingAsync( 704): ssm.onCompletedEventUser-0_{|Unlocked|}_com.android.server.appbinding.AppBindingService$Lifecycle
05-27 14:24:54.436 D/SystemServerTimingAsync( 704): ssm.onCompletedEventUser-0_{|Unlocked|}_com.android.server.tracing.TracingServiceProxy
05-27 14:24:54.436 D/SystemServerTimingAsync( 704): ssm.onCompletedEventUser-0_{|Unlocked|}_com.android.server.policy.PermissionPolicyService
05-27 14:24:54.436 D/SystemServerTimingAsync( 704): ssm.onCompletedEventUser-0_{|Unlocked|}_com.android.server.pm.StagingManager$Lifecycle
05-27 14:24:54.436 D/SystemServerTimingAsync( 704): ssm.onCompletedEventUser-0_{|Unlocked|}_com.android.server.app.GameManagerService$Lifecycle
05-27 14:24:54.436 D/SystemServerTimingAsync( 704): ssm.onCompletedEventUser-0_{|Unlocked|}_com.android.safetycenter.SafetyCenterService
05-27 14:24:54.436 D/SystemServerTimingAsync( 704): ssm.onCompletedEventUser-0_{|Unlocked|}_com.android.server.appsearch.AppSearchModule$Lifecycle
05-27 14:24:54.436 D/SystemServerTimingAsync( 704): ssm.onCompletedEventUser-0_{|Unlocked|}_com.android.server.media.MediaCommunicationService
05-27 14:24:54.436 D/SystemServerTimingAsync( 704): ssm.onCompletedEventUser-0_{|Unlocked|}_com.android.server.compat.overrides.AppCompatOverridesService$Lifecycle
05-27 14:24:54.436 D/SystemServerTimingAsync( 704): ssm.onCompletedEventUser-0_{|Unlocked|}_com.android.server.healthconnect.HealthConnectManagerService
05-27 14:24:54.436 D/SystemServerTimingAsync( 704): ssm.onCompletedEventUser-0_{|Unlocked|}_com.android.server.devicelock.DeviceLockService
05-27 14:24:54.439 D/SystemServerTimingAsync( 704): ssm.onCompletedEventUser-0_{|Unlocked|}_com.android.server.pm.Installer
05-27 14:24:54.442 D/SystemServerTimingAsync( 704): ssm.onCompletedEventUser-0_{|Unlocked|}_com.android.server.security.FileIntegrityService
05-27 14:24:54.640 D/CompatibilityChangeReporter( 704): Compat change id reported: 135634846; UID 10019; state: DISABLED
05-27 14:24:54.640 D/CompatibilityChangeReporter( 704): Compat change id reported: 177438394; UID 10019; state: DISABLED
05-27 14:24:54.640 D/CompatibilityChangeReporter( 704): Compat change id reported: 135772972; UID 10019; state: DISABLED
05-27 14:24:54.640 D/CompatibilityChangeReporter( 704): Compat change id reported: 135754954; UID 10019; state: ENABLED
05-27 14:24:54.641 D/CompatibilityChangeReporter( 704): Compat change id reported: 143937733; UID 10019; state: ENABLED
05-27 14:24:54.667 I/ActivityManager( 704): Start proc 2229:com.android.providers.calendar/u0a19 for broadcast {com.android.providers.calendar/com.android.providers.calendar.CalendarReceiver}
05-27 14:24:54.689 D/CompatibilityChangeReporter( 704): Compat change id reported: 261072174; UID 10075; state: DISABLED
05-27 14:24:54.698 W/Looper ( 1578): Slow dispatch took 4630ms main h=android.app.ActivityThread$H c=null m=110
05-27 14:24:54.698 W/Looper ( 1578): Slow delivery took 3192ms main h=android.os.Handler c=com.bilibili.lib.blkv.internal.sp.b$d@eb0937 m=0
05-27 14:24:54.702 D/CompatibilityChangeReporter( 704): Compat change id reported: 253665015; UID 10067; state: ENABLED
05-27 14:24:54.705 D/CompatibilityChangeReporter( 704): Compat change id reported: 194532703; UID 10067; state: ENABLED
05-27 14:24:54.711 D/CompatibilityChangeReporter( 704): Compat change id reported: 168419799; UID 10019; state: DISABLED
05-27 14:24:54.711 D/CompatibilityChangeReporter( 704): Compat change id reported: 273564678; UID 10019; state: DISABLED
05-27 14:24:54.717 D/CompatibilityChangeReporter( 704): Compat change id reported: 265195908; UID 10019; state: ENABLED
05-27 14:24:54.723 D/CompatibilityChangeReporter( 704): Compat change id reported: 135634846; UID 10075; state: DISABLED
05-27 14:24:54.724 D/CompatibilityChangeReporter( 704): Compat change id reported: 143937733; UID 10075; state: DISABLED
05-27 14:24:54.748 D/CompatibilityChangeReporter( 704): Compat change id reported: 170503758; UID 10019; state: ENABLED
05-27 14:24:54.750 I/ActivityManager( 704): Start proc 2249:com.xiaodianshi.tv.yst:stats/u0a75 for service {com.xiaodianshi.tv.yst/com.bilibili.lib.neuron.internal.NeuronRemoteService}
05-27 14:24:54.780 I/MediaSessionStack( 704): addSession to bottom of stack | record: com.xiaodianshi.tv.yst/YstMediaService (userId=0)
05-27 14:24:54.792 D/CompatibilityChangeReporter( 704): Compat change id reported: 168419799; UID 10075; state: DISABLED
05-27 14:24:54.793 D/CompatibilityChangeReporter( 704): Compat change id reported: 273564678; UID 10075; state: DISABLED
05-27 14:24:54.816 I/ActivityManager( 704): Background started FGS: Allowed [callingPackage: com.xiaodianshi.tv.yst; callingUid: 10075; uidState: IMPF; uidBFSL: n/a; intent: Intent { cmp=com.xiaodianshi.tv.yst/com.bilibili.opd.app.bizcommon.hybridruntime.mod.TickBackGroundService }; code:SYSTEM_ALERT_WINDOW_PERMISSION; tempAllowListReason:; targetSdkVersion:26; callerTargetSdkVersion:26; startForegroundCount:0; bindFromPackage:null: isBindService:false]
05-27 14:24:54.828 D/CompatibilityChangeReporter( 704): Compat change id reported: 170668199; UID 10075; state: DISABLED
05-27 14:24:54.828 W/ActivityManager( 704): Foreground service started from background can not have location/camera/microphone access: service com.xiaodianshi.tv.yst/com.bilibili.opd.app.bizcommon.hybridruntime.mod.TickBackGroundService
05-27 14:24:54.829 D/CompatibilityChangeReporter( 704): Compat change id reported: 255038118; UID 10075; state: DISABLED
05-27 14:24:54.829 D/CompatibilityChangeReporter( 704): Compat change id reported: 255042465; UID 10075; state: DISABLED
05-27 14:24:54.831 W/ForegroundServiceTypeLoggerModule( 704): Foreground service start for UID: 10075 does not have any types
05-27 14:24:54.833 V/ActivityManager( 704): Attempted to start a foreground service (com.xiaodianshi.tv.yst/com.bilibili.opd.app.bizcommon.hybridruntime.mod.TickBackGroundService) with a broken notification (no icon: Notification(channel=3 shortcut=null contentView=null vibrate=null sound=null defaults=0x0 flags=0x40 color=0x00000000 vis=PRIVATE))
05-27 14:24:54.848 W/Looper ( 1578): Drained
05-27 14:24:54.851 I/ActivityManager( 704): Deferring FGS notification in legacy app com.xiaodianshi.tv.yst/u0a75 : Notification(channel=3 shortcut=null contentView=null vibrate=null sound=null defaults=0x0 flags=0x40 color=0x00000000 vis=PRIVATE)
05-27 14:24:54.860 D/CompatibilityChangeReporter( 704): Compat change id reported: 161252188; UID 10075; state: DISABLED
05-27 14:24:54.867 D/CompatibilityChangeReporter( 704): Compat change id reported: 170503758; UID 10075; state: DISABLED
05-27 14:24:54.892 I/MediaSessionStack( 704): removeSession | record: com.xiaodianshi.tv.yst/YstMediaService (userId=0)
05-27 14:24:54.908 I/MediaSessionStack( 704): addSession to bottom of stack | record: com.xiaodianshi.tv.yst/YstMediaService (userId=0)
05-27 14:24:54.928 D/CompatibilityChangeReporter( 704): Compat change id reported: 161145287; UID 10019; state: ENABLED
05-27 14:24:54.942 D/CompatibilityChangeReporter( 704): Compat change id reported: 135634846; UID 10026; state: DISABLED
05-27 14:24:54.942 D/CompatibilityChangeReporter( 704): Compat change id reported: 177438394; UID 10026; state: DISABLED
05-27 14:24:54.942 D/CompatibilityChangeReporter( 704): Compat change id reported: 135772972; UID 10026; state: DISABLED
05-27 14:24:54.942 D/CompatibilityChangeReporter( 704): Compat change id reported: 135754954; UID 10026; state: ENABLED
05-27 14:24:54.943 D/CompatibilityChangeReporter( 704): Compat change id reported: 143937733; UID 10026; state: ENABLED
05-27 14:24:55.003 D/CompatibilityChangeReporter( 704): Compat change id reported: 171306433; UID 10019; state: ENABLED
05-27 14:24:55.005 D/CompatibilityChangeReporter( 704): Compat change id reported: 218533173; UID 10019; state: ENABLED
05-27 14:24:55.038 D/CompatibilityChangeReporter( 704): Compat change id reported: 143231523; UID 10019; state: DISABLED
05-27 14:24:55.067 W/ActivityManager( 704): Slow operation: 126ms so far, now at startProcess: returned from zygote!
05-27 14:24:55.067 W/ActivityManager( 704): Slow operation: 127ms so far, now at startProcess: done updating battery stats
05-27 14:24:55.067 W/ActivityManager( 704): Slow operation: 127ms so far, now at startProcess: building log message
05-27 14:24:55.067 I/ActivityManager( 704): Start proc 2287:com.android.providers.tv/u0a26 for broadcast {com.android.providers.tv/com.android.providers.tv.BootCompletedReceiver}
05-27 14:24:55.067 W/ActivityManager( 704): Slow operation: 127ms so far, now at startProcess: starting to update pids map
05-27 14:24:55.068 W/ActivityManager( 704): Slow operation: 127ms so far, now at startProcess: done updating pids map
05-27 14:24:55.117 D/CompatibilityChangeReporter( 704): Compat change id reported: 168419799; UID 10026; state: DISABLED
05-27 14:24:55.122 D/CompatibilityChangeReporter( 704): Compat change id reported: 273564678; UID 10026; state: DISABLED
05-27 14:24:55.131 D/CompatibilityChangeReporter( 704): Compat change id reported: 265195908; UID 10026; state: ENABLED
05-27 14:24:55.140 D/CompatibilityChangeReporter( 704): Compat change id reported: 170503758; UID 10026; state: ENABLED
05-27 14:24:55.276 D/CompatibilityChangeReporter( 704): Compat change id reported: 135634846; UID 99000; state: DISABLED
05-27 14:24:55.278 D/CompatibilityChangeReporter( 704): Compat change id reported: 143937733; UID 10075; state: ENABLED
05-27 14:24:55.306 D/CompatibilityChangeReporter( 704): Compat change id reported: 135634846; UID 10065; state: DISABLED
05-27 14:24:55.306 D/CompatibilityChangeReporter( 704): Compat change id reported: 177438394; UID 10065; state: DISABLED
05-27 14:24:55.306 D/CompatibilityChangeReporter( 704): Compat change id reported: 135772972; UID 10065; state: DISABLED
05-27 14:24:55.307 D/CompatibilityChangeReporter( 704): Compat change id reported: 135754954; UID 10065; state: ENABLED
05-27 14:24:55.377 W/ActivityManager( 704): Slow operation: 102ms so far, now at startProcess: returned from zygote!
05-27 14:24:55.378 W/ActivityManager( 704): Slow operation: 102ms so far, now at startProcess: done updating battery stats
05-27 14:24:55.378 W/ActivityManager( 704): Slow operation: 102ms so far, now at startProcess: building log message
05-27 14:24:55.378 I/ActivityManager( 704): Start proc 2317:com.android.webview:sandboxed_process0:org.chromium.content.app.SandboxedProcessService0:0/u0ai9000 for {com.xiaodianshi.tv.yst/org.chromium.content.app.SandboxedProcessService0:0}
05-27 14:24:55.378 W/ActivityManager( 704): Slow operation: 103ms so far, now at startProcess: starting to update pids map
05-27 14:24:55.378 W/ActivityManager( 704): Slow operation: 103ms so far, now at startProcess: done updating pids map
05-27 14:24:55.378 W/ActivityManager( 704): Slow operation: 73ms so far, now at startProcess: asking zygote to start proc
05-27 14:24:55.378 D/CompatibilityChangeReporter( 704): Compat change id reported: 143937733; UID 10065; state: ENABLED
05-27 14:24:55.433 W/ActivityManager( 704): Slow operation: 128ms so far, now at startProcess: returned from zygote!
05-27 14:24:55.434 W/ActivityManager( 704): Slow operation: 128ms so far, now at startProcess: done updating battery stats
05-27 14:24:55.434 W/ActivityManager( 704): Slow operation: 128ms so far, now at startProcess: building log message
05-27 14:24:55.434 I/ActivityManager( 704): Start proc 2326:com.android.rkpdapp/u0a65 for broadcast {com.android.rkpdapp/com.android.rkpdapp.BootReceiver}
05-27 14:24:55.434 W/ActivityManager( 704): Slow operation: 129ms so far, now at startProcess: starting to update pids map
05-27 14:24:55.434 W/ActivityManager( 704): Slow operation: 129ms so far, now at startProcess: done updating pids map
05-27 14:24:55.539 D/CompatibilityChangeReporter( 704): Compat change id reported: 168419799; UID 10065; state: DISABLED
05-27 14:24:55.539 D/CompatibilityChangeReporter( 704): Compat change id reported: 273564678; UID 10065; state: DISABLED
05-27 14:24:55.545 D/CompatibilityChangeReporter( 704): Compat change id reported: 265195908; UID 10065; state: ENABLED
05-27 14:24:55.554 D/CompatibilityChangeReporter( 704): Compat change id reported: 170503758; UID 10065; state: ENABLED
05-27 14:24:55.752 I/ActivityManager( 704): com.android.shell is exempt from freezer
05-27 14:24:55.753 D/CompatibilityChangeReporter( 704): Compat change id reported: 135634846; UID 2000; state: DISABLED
05-27 14:24:55.753 D/CompatibilityChangeReporter( 704): Compat change id reported: 177438394; UID 2000; state: DISABLED
05-27 14:24:55.753 D/CompatibilityChangeReporter( 704): Compat change id reported: 135772972; UID 2000; state: DISABLED
05-27 14:24:55.753 D/CompatibilityChangeReporter( 704): Compat change id reported: 135754954; UID 2000; state: ENABLED
05-27 14:24:55.753 W/Looper ( 990): Drained
05-27 14:24:55.816 E/ActivityThread( 2249): Failed to find provider info for com.bili.xds.sdk.bilidev.provider
05-27 14:24:55.817 W/ActivityManager( 704): Slow operation: 66ms so far, now at startProcess: returned from zygote!
05-27 14:24:55.817 W/ActivityManager( 704): Slow operation: 66ms so far, now at startProcess: done updating battery stats
05-27 14:24:55.818 W/ActivityManager( 704): Slow operation: 66ms so far, now at startProcess: building log message
05-27 14:24:55.818 I/ActivityManager( 704): Start proc 2373:com.android.shell/2000 for broadcast {com.android.shell/com.android.shell.HeapDumpReceiver}
05-27 14:24:55.818 W/ActivityManager( 704): Slow operation: 66ms so far, now at startProcess: starting to update pids map
05-27 14:24:55.818 W/ActivityManager( 704): Slow operation: 66ms so far, now at startProcess: done updating pids map
05-27 14:24:55.862 D/CompatibilityChangeReporter( 704): Compat change id reported: 168419799; UID 2000; state: DISABLED
05-27 14:24:55.862 D/CompatibilityChangeReporter( 704): Compat change id reported: 273564678; UID 2000; state: DISABLED
05-27 14:24:55.867 D/CompatibilityChangeReporter( 704): Compat change id reported: 265195908; UID 2000; state: ENABLED
05-27 14:24:55.894 D/CompatibilityChangeReporter( 704): Compat change id reported: 271850009; UID 10065; state: ENABLED
05-27 14:24:55.895 D/CompatibilityChangeReporter( 704): Compat change id reported: 253665015; UID 10065; state: ENABLED
05-27 14:24:55.895 D/CompatibilityChangeReporter( 704): Compat change id reported: 194532703; UID 10065; state: ENABLED
05-27 14:24:56.004 D/CompatibilityChangeReporter( 704): Compat change id reported: 135634846; UID 10027; state: DISABLED
05-27 14:24:56.004 D/CompatibilityChangeReporter( 704): Compat change id reported: 177438394; UID 10027; state: DISABLED
05-27 14:24:56.004 D/CompatibilityChangeReporter( 704): Compat change id reported: 135772972; UID 10027; state: DISABLED
05-27 14:24:56.005 D/CompatibilityChangeReporter( 704): Compat change id reported: 135754954; UID 10027; state: DISABLED
05-27 14:24:56.006 D/CompatibilityChangeReporter( 704): Compat change id reported: 143937733; UID 10027; state: DISABLED
05-27 14:24:56.083 W/ActivityManager( 704): Slow operation: 79ms so far, now at startProcess: returned from zygote!
05-27 14:24:56.083 W/ActivityManager( 704): Slow operation: 79ms so far, now at startProcess: done updating battery stats
05-27 14:24:56.083 W/ActivityManager( 704): Slow operation: 80ms so far, now at startProcess: building log message
05-27 14:24:56.083 I/ActivityManager( 704): Start proc 2421:com.android.statementservice/u0a27 for broadcast {com.android.statementservice/com.android.statementservice.domain.BootCompletedReceiver}
05-27 14:24:56.083 W/ActivityManager( 704): Slow operation: 80ms so far, now at startProcess: starting to update pids map
05-27 14:24:56.083 W/ActivityManager( 704): Slow operation: 80ms so far, now at startProcess: done updating pids map
05-27 14:24:56.083 D/CompatibilityChangeReporter( 704): Compat change id reported: 143937733; UID 10051; state: ENABLED
05-27 14:24:56.111 W/ActivityManager( 704): Slow operation: 74ms so far, now at startProcess: returned from zygote!
05-27 14:24:56.112 W/ActivityManager( 704): Slow operation: 75ms so far, now at startProcess: done updating battery stats
05-27 14:24:56.112 W/ActivityManager( 704): Slow operation: 75ms so far, now at startProcess: building log message
05-27 14:24:56.112 I/ActivityManager( 704): Start proc 2440:com.android.webview:webview_service/u0a51 for service {com.android.webview/org.chromium.android_webview.services.ComponentsProviderService}
05-27 14:24:56.112 W/ActivityManager( 704): Slow operation: 75ms so far, now at startProcess: starting to update pids map
05-27 14:24:56.112 W/ActivityManager( 704): Slow operation: 76ms so far, now at startProcess: done updating pids map
05-27 14:24:56.122 I/MediaSessionStack( 704): removeSession | record: com.xiaodianshi.tv.yst/YstMediaService (userId=0)
05-27 14:24:56.139 D/CompatibilityChangeReporter( 704): Compat change id reported: 168419799; UID 10027; state: DISABLED
05-27 14:24:56.140 D/CompatibilityChangeReporter( 704): Compat change id reported: 273564678; UID 10027; state: DISABLED
05-27 14:24:56.220 D/CompatibilityChangeReporter( 704): Compat change id reported: 265195908; UID 10027; state: ENABLED
05-27 14:24:56.283 D/CompatibilityChangeReporter( 704): Compat change id reported: 168419799; UID 10051; state: DISABLED
05-27 14:24:56.283 D/CompatibilityChangeReporter( 704): Compat change id reported: 273564678; UID 10051; state: DISABLED
05-27 14:24:56.290 D/CompatibilityChangeReporter( 704): Compat change id reported: 265195908; UID 10051; state: ENABLED
05-27 14:24:56.294 D/CompatibilityChangeReporter( 704): Compat change id reported: 170503758; UID 10051; state: ENABLED
05-27 14:24:56.296 D/CompatibilityChangeReporter( 704): Compat change id reported: 170503758; UID 10027; state: DISABLED
05-27 14:24:56.433 D/CompatibilityChangeReporter( 704): Compat change id reported: 261072174; UID 10051; state: ENABLED
05-27 14:24:56.473 I/ActivityManager( 704): com.dangbei.zhushou.os is exempt from freezer
05-27 14:24:56.474 D/CompatibilityChangeReporter( 704): Compat change id reported: 135634846; UID 1000; state: DISABLED
05-27 14:24:56.580 W/ActivityManager( 704): Slow operation: 108ms so far, now at startProcess: returned from zygote!
05-27 14:24:56.581 W/ActivityManager( 704): Slow operation: 108ms so far, now at startProcess: done updating battery stats
05-27 14:24:56.581 W/ActivityManager( 704): Slow operation: 109ms so far, now at startProcess: building log message
05-27 14:24:56.581 I/ActivityManager( 704): Start proc 2509:com.dangbei.zhushou.os/1000 for broadcast {com.dangbei.zhushou.os/com.dangbei.projector.assistant.receiver.BootReceiver}
05-27 14:24:56.581 W/ActivityManager( 704): Slow operation: 109ms so far, now at startProcess: starting to update pids map
05-27 14:24:56.581 W/ActivityManager( 704): Slow operation: 109ms so far, now at startProcess: done updating pids map
05-27 14:24:56.636 D/CompatibilityChangeReporter( 704): Compat change id reported: 168419799; UID 1000; state: DISABLED
05-27 14:24:56.636 D/CompatibilityChangeReporter( 704): Compat change id reported: 273564678; UID 1000; state: DISABLED
05-27 14:24:56.828 D/CompatibilityChangeReporter( 704): Compat change id reported: 271850009; UID 10027; state: DISABLED
05-27 14:24:56.829 D/CompatibilityChangeReporter( 704): Compat change id reported: 253665015; UID 10027; state: DISABLED
05-27 14:24:56.829 D/CompatibilityChangeReporter( 704): Compat change id reported: 194532703; UID 10027; state: DISABLED
05-27 14:24:57.031 D/CompatibilityChangeReporter( 704): Compat change id reported: 135634846; UID 10088; state: DISABLED
05-27 14:24:57.032 D/CompatibilityChangeReporter( 704): Compat change id reported: 143937733; UID 10088; state: DISABLED
05-27 14:24:57.054 I/ActivityManager( 704): Start proc 2561:com.ktcp.video/u0a88 for broadcast {com.ktcp.video/com.ktcp.msg.lib.BootCompletedReceiver}
05-27 14:24:57.117 D/CompatibilityChangeReporter( 704): Compat change id reported: 168419799; UID 10088; state: DISABLED
05-27 14:24:57.117 D/CompatibilityChangeReporter( 704): Compat change id reported: 273564678; UID 10088; state: DISABLED
05-27 14:24:57.121 D/CompatibilityChangeReporter( 704): Compat change id reported: 265195908; UID 10088; state: ENABLED
05-27 14:24:57.131 D/CompatibilityChangeReporter( 704): Compat change id reported: 170503758; UID 10088; state: DISABLED
05-27 14:24:57.483 D/CompatibilityChangeReporter( 704): Compat change id reported: 149924527; UID 10088; state: ENABLED
05-27 14:24:57.483 D/CompatibilityChangeReporter( 704): Compat change id reported: 132649864; UID 10088; state: DISABLED
05-27 14:24:57.600 D/CompatibilityChangeReporter( 704): Compat change id reported: 161145287; UID 10088; state: DISABLED
05-27 14:24:57.704 D/CompatibilityChangeReporter( 704): Compat change id reported: 135634846; UID 10043; state: DISABLED
05-27 14:24:57.705 D/CompatibilityChangeReporter( 704): Compat change id reported: 143937733; UID 10043; state: DISABLED
05-27 14:24:57.736 I/ActivityManager( 704): Start proc 2603:com.huawei.connection/u0a43 for service {com.dangbei.screencast/com.huawei.connection.service.NearFieldManagerService}
05-27 14:24:57.802 D/CompatibilityChangeReporter( 704): Compat change id reported: 168419799; UID 10043; state: DISABLED
05-27 14:24:57.802 D/CompatibilityChangeReporter( 704): Compat change id reported: 273564678; UID 10043; state: DISABLED
05-27 14:24:57.815 D/CompatibilityChangeReporter( 704): Compat change id reported: 170503758; UID 10043; state: DISABLED
05-27 14:24:57.998 D/CompatibilityChangeReporter( 704): Compat change id reported: 161145287; UID 10043; state: DISABLED
05-27 14:24:58.211 D/CompatibilityChangeReporter( 704): Compat change id reported: 261072174; UID 10043; state: DISABLED
05-27 14:24:58.300 E/ActivityThread( 2561): Failed to find provider info for com.tcl.xian.StartandroidService.MyContentProvider
05-27 14:24:58.406 D/HDMI ( 704): [R]: 04:8F
05-27 14:24:58.421 D/HDMI ( 704): [S]: 40:90:00
05-27 14:24:58.907 W/BroadcastLoopers( 704): Found previously unknown looper Thread[PackageManager,5,main]
05-27 14:24:59.006 D/CompatibilityChangeReporter( 704): Compat change id reported: 261072174; UID 10088; state: DISABLED
05-27 14:24:59.013 D/CompatibilityChangeReporter( 704): Compat change id reported: 135634846; UID 10017; state: DISABLED
05-27 14:24:59.014 D/CompatibilityChangeReporter( 704): Compat change id reported: 177438394; UID 10017; state: DISABLED
05-27 14:24:59.014 D/CompatibilityChangeReporter( 704): Compat change id reported: 135772972; UID 10017; state: DISABLED
05-27 14:24:59.014 D/CompatibilityChangeReporter( 704): Compat change id reported: 135754954; UID 10017; state: ENABLED
