05-27 14:25:48.635 W/dangbei.hqmedia( 3391): ApkAssets: Deleting an ApkAssets object ' and /system/app/InputMacSn/InputMacSn.apk' with 1 weak references
05-27 14:25:48.637 W/dangbei.hqmedia( 3391): ApkAssets: Deleting an ApkAssets object ' and /system/priv-app/MusicFX/MusicFX.apk' with 1 weak references
05-27 14:25:48.637 W/dangbei.hqmedia( 3391): ApkAssets: Deleting an ApkAssets object ' and /data/app/~~wVIWThOvKCMOyMxSpsDuig==/com.tencent.karaoketv-_uLJYYbQ8P94FV89HkI6XA==/base.apk' with 1 weak references
05-27 14:25:48.638 I/WebSDK/WebViewEvent( 3391): clearImmediately on destroyWebView
05-27 14:25:48.638 I/WebSDK/WebViewEvent( 3391): mWebView.destroy() called
05-27 14:25:48.639 I/WebSDK/WebViewEvent( 3391): destroyWebView end
05-27 14:25:48.640 I/WebSDK/Playerwebview119283673( 3391): clearWhenAllDestroy onDetachedFromWindow
05-27 14:25:48.640 I/WebSDK/Playerwebview119283673( 3391): releaseBridge
05-27 14:25:48.640 I/WebSDK/Playerwebview119283673( 3391): onDetachedFromWindow: isReleaseOnDetachedFromWindow = true
05-27 14:25:48.640 I/WebSDK/Playerwebview119283673( 3391): releaseOnDetachedFromWindow
05-27 14:25:48.640 I/Player/UI/EnjoyContent@86959fa( 3391): hide mEnjoyOverlay=null
05-27 14:25:48.641 I/AdpurchaseTipController( 3391): onAdEnd()
05-27 14:25:48.641 D/yc_test ( 3391): IQiyiPlayer : dispatchActivityOnStop mediaPlayer - stop
05-27 14:25:48.642 I/TvUniPlayer/SdkMediaPlayer@b374e9c( 3391): native_stop
05-27 14:25:48.642 D/TVUNIPLAYER( 3391): gala_player_SdkMediaPlayer.cpp:518 native_stop(player=0xeb6bd870)
05-27 14:25:48.642 I/UNIPLAYERSDK( 3391): MediaPlayerImpl.cpp:678 [MediaPlayerImpl@0xeb6bd8d4]stop()
05-27 14:25:48.642 I/UNIPLAYERSDK( 3391): WakeModeSetter.cpp:91 stayAwake() awake = 0.
05-27 14:25:48.642 D/WakeModeSetter( 3391): stayAwake awake:false,mWakeLock.isHeld():false
05-27 14:25:48.643 I/UNIPLAYERSDK( 3391): PumaAdvertisement.cpp:470 [PumaAdvertisement@0xa340030c]clearAdData 1, 0, 1, 1
05-27 14:25:48.643 I/UNIPLAYERSDK( 3391): PumaAdvertisement.cpp:442 [PumaAdvertisement@0xa340030c]clearCurrentAdData 1, 0
05-27 14:25:48.643 I/UNIPLAYERSDK( 3391): Advertisement.cpp:477 destroyVvId() vvId:131072
05-27 14:25:48.643 I/CLog ( 3391): 2025-05-27 14:25:48.643 T:3464 WARNING: CheckCAInfo, g_cainfo_path is empty!
05-27 14:25:48.644 I/CLog ( 3391): 2025-05-27 14:25:48.644 T:3464 WARNING: CheckCAInfo, g_cainfo_path is empty!
05-27 14:25:48.645 D/staticsHelp( 3391): StaticsBuilder{topic='os_boot_play', map={play_type=3, aid_name=淮水竹亭, source=12, devboot_id=1748327091145, play_id=1748327143718, aid=68075221, cid=1970, num=1, video_duration=, playaddtime=1748327148641, video_id=1, function=boot_detail, last_page=detail, ispause=2}}
05-27 14:25:48.647 D/hdmicecd( 512): [CEC]:printCecMsgBuf, msg: 04 90 00
05-27 14:25:48.647 D/hdmicecd( 512): [HdmiCecControl]:updateActiveState received tv power status 0
05-27 14:25:48.648 D/HDMI ( 704): [R]: 04:90:00
05-27 14:25:48.648 D/HDMI ( 704): One touch play is done for TV's power is ready
05-27 14:25:48.649 D/HDMI ( 704): setActiveSource logical:0x04 physical:0x3000 ActiveSourceAction
05-27 14:25:48.649 D/HDMI ( 704): [S]: 4F:82:30:00
05-27 14:25:48.650 D/hdmicecd( 512): [HdmiCecControl]:getPhysicalAddress, physical addr: 3000, last pa: 3000, ret = 0
05-27 14:25:48.651 D/hdmicecd( 512): [HdmiCecControl]:updateActiveState sending messag:82 active state:1
05-27 14:25:48.651 D/hdmicecd( 512): [HdmiCecControl]:getPhysicalAddress, physical addr: 3000, last pa: 3000, ret = 0
05-27 14:25:48.651 E/Hcdn_DeTask220659184( 3391): HCDN_LOG: [T:3627][HINFO]:[f:PostNotifyInfo],[l:248], notify type(6),info({"BandWidth":1925120,"IsAd":1,"IsP2P":0,"VID":""}
05-27 14:25:48.651 E/Hcdn_DeTask220659184( 3391): )
05-27 14:25:48.651 E/Hcdn_DeTask3589828670( 3391): HCDN_LOG: [T:3627][HINFO]:[f:PostNotifyInfo],[l:248], notify type(6),info({"BandWidth":0,"IsAd":1,"IsP2P":1,"VID":""}
05-27 14:25:48.651 E/Hcdn_DeTask3589828670( 3391): )
05-27 14:25:48.651 D/HDMI ( 704): ActiveSourceHistoryRecord active source=(0x04, 0x3000) isActiveSource=true from=ActiveSourceAction
05-27 14:25:48.651 E/playfilesourceNew( 3391): HCDN_LOG: [T:3619][HINFO]:[f:DoAsynNotifyInfoResponse],[l:2605],[TaskID(220659184),type(6),msg({"BandWidth":1925120,"IsAd":1,"IsP2P":0,"VID":""}
05-27 14:25:48.651 E/playfilesourceNew( 3391): )!]
05-27 14:25:48.651 E/playfilesourceNew( 3391): HCDN_LOG: [T:3619][HINFO]:[f:DoAsynNotifyInfoResponse],[l:2605],[TaskID(3589828670),type(6),msg({"BandWidth":0,"IsAd":1,"IsP2P":1,"VID":""}
05-27 14:25:48.651 E/playfilesourceNew( 3391): )!]
05-27 14:25:48.652 E/abs_info( 3391): HCDN_LOG: [T:3619][HINFO]:[f:PostABSInfo],[l:7214],Task(2), SetABSInterface ret(0) SetParam("DownloadStatusByHcdn", {"BandWidth":0,"BandWidth_1":14376960,"IsAd":1,"IsP2P":1,"VID":""}
05-27 14:25:48.652 E/abs_info( 3391): )
05-27 14:25:48.652 D/HdmiControlService( 704): Switching to full volume behavior
05-27 14:25:48.655 W/q_h_c_s ( 3391): HCDN_LOG: [T:3598]MethodLog:1333,QTP AsyncPost (reid: 48170089, url: https://msg.ptqy.gitv.tv/scp2.gif, connect: 5001, read: 5000, strict: 0, qtp: 1, module: 5000)
05-27 14:25:48.656 W/q_h_c_s ( 3391): HCDN_LOG: [T:3598]MethodLog:1333,QTP AsyncPost (reid: 48170091, url: http://127.0.0.1:1981/md, connect: 150, read: 100, strict: 0, qtp: 0, module: 14)
05-27 14:25:48.656 W/q_h_c_s ( 3391): HCDN_LOG: [T:3598]MethodLog:1333,QTP AsyncPost (reid: 48170090, url: https://msg.ptqy.gitv.tv/scp2.gif, connect: 5001, read: 5000, strict: 0, qtp: 1, module: 5000)
05-27 14:25:48.656 W/q_h_c_s ( 3391): HCDN_LOG: [T:3598]MethodLog:1333,QTP AsyncPost (reid: 48170092, url: http://127.0.0.1:1981/md, connect: 150, read: 100, strict: 0, qtp: 0, module: 14)
05-27 14:25:48.658 W/dangbei.hqmedia( 3391): ApkAssets: Deleting an ApkAssets object ' and /system/priv-app/dangbei-boot-guide/dangbei-boot-guide.apk' with 1 weak references
05-27 14:25:48.658 W/dangbei.hqmedia( 3391): ApkAssets: Deleting an ApkAssets object ' and /system/app/ExtShared/ExtShared.apk' with 1 weak references
05-27 14:25:48.658 W/dangbei.hqmedia( 3391): ApkAssets: Deleting an ApkAssets object ' and /system/app/KeyChain/KeyChain.apk' with 1 weak references
05-27 14:25:48.659 W/dangbei.hqmedia( 3391): ApkAssets: Deleting an ApkAssets object ' and /apex/com.android.extservices/priv-app/ExtServices@UD2A.240505.001.W1/ExtServices.apk' with 1 weak references
05-27 14:25:48.659 W/dangbei.hqmedia( 3391): ApkAssets: Deleting an ApkAssets object ' and /apex/com.android.wifi/priv-app/ServiceWifiResources@UD2A.240505.001.W1/ServiceWifiResources.apk' with 1 weak references
05-27 14:25:48.659 W/dangbei.hqmedia( 3391): ApkAssets: Deleting an ApkAssets object '/product/overlay/TvWifiOverlay.apk' with 1 weak references
05-27 14:25:48.659 W/dangbei.hqmedia( 3391): ApkAssets: Deleting an ApkAssets object '/product/overlay/WiFiTetheringOverlay.apk' with 1 weak references
05-27 14:25:48.659 W/dangbei.hqmedia( 3391): ApkAssets: Deleting an ApkAssets object ' and /data/app/~~GvsqkIx6uK-49M4DYr0tHw==/com.newtv.cboxtv-fnX0UA4OEQytopHCptZynA==/base.apk' with 1 weak references
05-27 14:25:48.659 W/dangbei.hqmedia( 3391): ApkAssets: Deleting an ApkAssets object ' and /system/app/CameraExtensionsProxy/CameraExtensionsProxy.apk' with 1 weak references
05-27 14:25:48.659 W/dangbei.hqmedia( 3391): ApkAssets: Deleting an ApkAssets object ' and /system_ext/priv-app/MicToggleProvider/MicToggleProvider.apk' with 1 weak references
05-27 14:25:48.659 W/dangbei.hqmedia( 3391): ApkAssets: Deleting an ApkAssets object ' and /system/priv-app/PackageInstaller_tv/PackageInstaller_tv.apk' with 1 weak references
05-27 14:25:48.660 W/dangbei.hqmedia( 3391): ApkAssets: Deleting an ApkAssets object ' and /data/app/~~EidSiSFD5YSep7WhfPSa3Q==/com.tencent.qqmusictv-y1I8SwT5g_DKnRGj5XxQkw==/base.apk' with 1 weak references
05-27 14:25:48.660 W/dangbei.hqmedia( 3391): ApkAssets: Deleting an ApkAssets object ' and /system/app/FactoryTest_oranth/FactoryTest_oranth.apk' with 1 weak references
05-27 14:25:48.660 W/dangbei.hqmedia( 3391): ApkAssets: Deleting an ApkAssets object ' and /data/app/~~oIBBn_CzupCpV8sFDNaSsA==/com.dangbei.dbmusic-F1OcdJXh8wlhdSjFC2--VA==/base.apk' with 1 weak references
05-27 14:25:48.660 W/dangbei.hqmedia( 3391): ApkAssets: Deleting an ApkAssets object ' and /data/app/~~3vJN8D7t1GX2rPODEv1NeQ==/cn.miguvideo.migutv-8AKJFEGoy2KoIQTXvMDF6w==/base.apk' with 1 weak references
05-27 14:25:48.661 W/dangbei.hqmedia( 3391): ApkAssets: Deleting an ApkAssets object ' and /system/priv-app/ProxyHandler/ProxyHandler.apk' with 1 weak references
05-27 14:25:48.661 W/dangbei.hqmedia( 3391): ApkAssets: Deleting an ApkAssets object ' and /system/priv-app/IntentResolver/IntentResolver.apk' with 1 weak references
05-27 14:25:48.661 W/dangbei.hqmedia( 3391): ApkAssets: Deleting an ApkAssets object ' and /system/priv-app/ManagedProvisioning/ManagedProvisioning.apk' with 1 weak references
05-27 14:25:48.661 W/dangbei.hqmedia( 3391): ApkAssets: Deleting an ApkAssets object ' and /system/app/UsbOpenFT/UsbOpenFT.apk' with 1 weak references
05-27 14:25:48.661 W/dangbei.hqmedia( 3391): ApkAssets: Deleting an ApkAssets object ' and /system/priv-app/SoundPicker/SoundPicker.apk' with 1 weak references
05-27 14:25:48.662 W/dangbei.hqmedia( 3391): ApkAssets: Deleting an ApkAssets object ' and /system/app/dangbei-etna-service/dangbei-etna-service.apk' with 1 weak references
05-27 14:25:48.664 D/TrafficStats( 3391): tagSocket(77) with statsTag=0xffffffff, statsUid=-1
05-27 14:25:48.666 D/UNIPLAYERSDK( 3391): VideoPrecacher.cpp:68 getAdaptor() type = 2
05-27 14:25:48.666 D/UNIPLAYERSDK( 3391): PumaVideoPrecacheAdaptor.cpp:67 [PumaVideoPrecacheAdaptor@0xe4583b24]resetHitData()
05-27 14:25:48.667 I/UNIPLAYERSDK( 3391): MediaPlayerAdaptor.cpp:297 [PumaPlayerAdaptor@0xe45213e4]doHandleMessage(KMSG_ACTION_STOP, arg1:-111, arg2:-111)
05-27 14:25:48.667 D/UNIPLAYERSDK( 3391): CarouselProgramVV.cpp:124 CarouselProgramVV::stop
05-27 14:25:48.668 D/UNIPLAYERSDK( 3391): CarouselProgramVV.cpp:42 CarouselProgramVV::stop(), mStarting=0
05-27 14:25:48.668 I/UNIPLAYERSDK( 3391): PumaAbsCmdScheduler.cpp:58 [PumaAbsCmdScheduler@0xb1bd465c]Received KMSG_INNERACTION_EVENT_STOPPING,mStatus=0
05-27 14:25:48.668 I/UNIPLAYERSDK( 3391): MediaPlayerAdaptor.cpp:297 [PumaPlayerAdaptor@0xe45213e4]doHandleMessage(KMSG_INNERACTION_EVENT_STOPPING, arg1:-111, arg2:-111)
05-27 14:25:48.668 I/UNIPLAYERSDK( 3391): MediaPlayerListenerContainer.cpp:211 onStopping
05-27 14:25:48.668 I/TVUNIPLAYER( 3391): JNIMediaPlayerOnStateChangedListener.cpp:89 OnStopping(player=0xeb6bd870, media=0xeb3eca10)
05-27 14:25:48.668 I/TvUniPlayer/SdkMediaPlayer@b374e9c( 3391): postEventFromNative(112, 0, 0, null)
05-27 14:25:48.668 I/TvUniPlayer/UniPlayer@52ede0f( 3391): player sdk event:112,hasBarrier:false
05-27 14:25:48.668 D/UNIPLAYERSDK( 3391): PlayerTimeRecorder.cpp:410 onStopping
05-27 14:25:48.668 D/UNIPLAYERSDK( 3391): PlayerTimeRecorder.cpp:82 stopRecord() needIssueTiming=1, mIsRecording=0
05-27 14:25:48.668 D/UNIPLAYERSDK( 3391): PlayerBabelPingbackSender.cpp:741 onStopping, breakcause=, isRetrying=0
05-27 14:25:48.668 D/UNIPLAYERSDK( 3391): PlayerBabelPingbackSender.cpp:1730 checkAndSendPlayerBreak(), mlastState=4
05-27 14:25:48.668 D/UNIPLAYERSDK( 3391): PlayerBabelPingbackSender.cpp:1758 getLoadingStepBeforeBreak()
05-27 14:25:48.668 D/UNIPLAYERSDK( 3391): Config.cpp:1893 getPlayPreloadMainSwitch 1
05-27 14:25:48.668 D/UNIPLAYERSDK( 3391): Config.cpp:1925 getPlayPreloadPrepareSwitch 1
05-27 14:25:48.668 I/UNIPLAYERSDK( 3391): PerformaceStepInfo.cpp:611 no effect data, key=diy_playmodule2, begin=0, end=0
05-27 14:25:48.668 I/UNIPLAYERSDK( 3391): PerformaceStepInfo.cpp:611 no effect data, key=diy_playmodule2, begin=0, end=0
05-27 14:25:48.669 I/UNIPLAYERSDK( 3391): PerformaceStepInfo.cpp:611 no effect data, key=diy_playmodule3, begin=0, end=0
05-27 14:25:48.669 I/UNIPLAYERSDK( 3391): PerformaceStepInfo.cpp:611 no effect data, key=diy_playmodule5, begin=0, end=0
05-27 14:25:48.669 I/UNIPLAYERSDK( 3391): PerformaceStepInfo.cpp:611 no effect data, key=diy_playmodule5, begin=0, end=0
05-27 14:25:48.669 I/UNIPLAYERSDK( 3391): PerformaceStepInfo.cpp:611 no effect data, key=diy_playmodule6, begin=0, end=0
05-27 14:25:48.669 I/UNIPLAYERSDK( 3391): PerformaceStepInfo.cpp:611 no effect data, key=diy_playmodule7, begin=0, end=0
05-27 14:25:48.669 I/UNIPLAYERSDK( 3391): PerformaceStepInfo.cpp:611 no effect data, key=diy_playmodule8, begin=0, end=0
05-27 14:25:48.669 I/UNIPLAYERSDK( 3391): PerformaceStepInfo.cpp:611 no effect data, key=diy_playmodule9, begin=0, end=0
05-27 14:25:48.669 I/UNIPLAYERSDK( 3391): PerformaceStepInfo.cpp:611 no effect data, key=diy_geturitm, begin=0, end=0
05-27 14:25:48.669 D/PINGBACKSDK( 3391): PingbackSenderImpl.cpp:102 PingbackSenderImpl::sendPingback() start, type 36
05-27 14:25:48.669 D/PINGBACKSDK( 3391): Pingback.cpp:131 babelSend() start: PbPlayerType:breakLoad
05-27 14:25:48.669 D/PINGBACKSDK( 3391): Pingback.cpp:135 babelSend() sendurl: PbPlayerType:breakLoad
05-27 14:25:48.672 V/UFUnilog( 3391): api_group_impl.cpp : 434 PingbackSdk {fuc=APIGroupImpl:call(),name=babelqos_pb,params=0xb8b26b4c,callback=0xa9a970e0}
05-27 14:25:48.672 W/UFUnilog( 3391): api_group_impl.cpp : 890 PingbackSdk {fuc=APIGroupImpl:BuildRequest(),logtag=babelqos_pb_67,interface_msg=Null formdata Parameters!}
05-27 14:25:48.673 D/UFUnilog( 3391): api_group_impl.cpp : 1051 PingbackSdk {fuc=APIGroupImpl:BuildRequest(),logtag=babelqos_pb_67,request_type=1,client_type=0}
05-27 14:25:48.673 W/UNIPLAYERSDK( 3391): PlayerBabelPingbackSender.cpp:766 OnStopping, playback not started, no need to send userQuit pingback!
05-27 14:25:48.673 D/UNIPLAYERSDK( 3391): BaseState.cpp:42 [PumaPlayerAdaptor@0xe45213e4@0xb1bfef68]{fm(KMSG_INNERACTION_EVENT_STOPPING),ret(0),at(7,1556,1563),s(11,-2,-2,-2,11),fm=Message@0xe46e4230{what=2097215,when=18446744073709551615,arg1=-1111111111,arg2=-1111111111,arg3=-1111111111,str=,timeout=0,obj=0x0,runnable=0x0,target=0x0,watchDogOp=0x0}
05-27 14:25:48.673 D/UNIPLAYERSDK( 3391): BaseState.cpp:56 [PumaPlayerAdaptor@0xe45213e4@0xb1bfef68]{fm(KMSG_INNERACTION_EVENT_STOPPING),o(AudioPrevi)-t(1,1556,1557),o(BitstreamS)-t(0,1557,1557),o(CarouselPr)-t(0,1557,1557),o(FastHelper)-t(0,1557,1557),o(HeaderTail)-t(0,1557,1557),o(HighLights)-t(0,1556,1556),o(InteractPr)-t(0,1557,1557),o(LivePrevie)-t(0,1557,1557),o(MediaPlaye)-t(6,1557,1563),o(MovieVVInf)-t(0,1557,1557),o(PPrecacher)-t(0,1557,1557),o(PlayerStuc)-t(0,1557,1557),o(PumaAbsCmd)-t(0,1557,1557),o(PumaAdvert)-t(0,1557,1557),o(PumaBuffer)-t(0,1557,1557),o(PumaError@)-t(0,1557,1557),o(PumaMediaD)-t(0,1557,1557),o(PumaPlayer)-t(0,1557,1557),o(PumaRate@0)-t(0,1557,1557),o(PumaSegmen)-t(0,1557,1557),o(PumaSubtit)-t(0,1557,1557),o(RefreshAcc)-t(0,1556,1556),o(RefreshSer)-t(0,1556,1556),o(SceneKeepe)-t(0,1556,1556),o(SetRate@0x)-t(0,1557,1557),o(SwitchEpis)-t(0,1557,1557),o(VideoPlayC)-t(0,1556,1556)}
05-27 14:25:48.673 I/UNIPLAYERSDK( 3391): PumaPlayer.cpp:529 [PumaPlayer@0xab1e295c]stop()
05-27 14:25:48.673 I/CLog ( 3391): 2025-05-27 14:25:48.673 T:3464 INFO: [0xcfa27d80]CMctoMediaPlayer::Stop
05-27 14:25:48.673 I/CLog ( 3391): 2025-05-27 14:25:48.673 T:3464 INFO: IMctoPlayerHandlerProxy::SetPlayID:-1
05-27 14:25:48.673 V/UNIPLAYERSDK( 3391): Advertisement.cpp:389 [PumaAdvertisement@0xa340030c]HandleStateExitMessage() msg = KMSG_STATEEXIT_SLEEPED
05-27 14:25:48.673 I/UNIPLAYERSDK( 3391): MediaPlayerAdaptor.cpp:297 [PumaPlayerAdaptor@0xe45213e4]doHandleMessage(KMSG_STATEEXIT_SLEEPED, arg1:12, arg2:-111)
05-27 14:25:48.673 V/UNIPLAYERSDK( 3391): MediaPlayerListenerContainer.cpp:322 HandleStateExitMessage() msg = KMSG_STATEEXIT_SLEEPED
05-27 14:25:48.673 D/UNIPLAYERSDK( 3391): BaseState.cpp:42 [PumaPlayerAdaptor@0xe45213e4@0xb1bfef68]{fm(KMSG_STATEEXIT_SLEEPED),ret(0),at(0,1563,1563),s(11,-2,-2,-2,11),fm=Message@0xe46e4230{what=25165929,when=18446744073709551615,arg1=12,arg2=-1111111111,arg3=-1111111111,str=,timeout=0,obj=0x0,runnable=0x0,target=0x0,watchDogOp=0x0}
05-27 14:25:48.674 D/UNIPLAYERSDK( 3391): BaseState.cpp:56 [PumaPlayerAdaptor@0xe45213e4@0xb1bfef68]{fm(KMSG_STATEEXIT_SLEEPED),o(AudioPrevi)-t(0,1563,1563),o(BitstreamS)-t(0,1563,1563),o(CarouselPr)-t(0,1563,1563),o(FastHelper)-t(0,1563,1563),o(HeaderTail)-t(0,1563,1563),o(HighLights)-t(0,1563,1563),o(InteractPr)-t(0,1563,1563),o(LivePrevie)-t(0,1563,1563),o(MediaPlaye)-t(0,1563,1563),o(MovieVVInf)-t(0,1563,1563),o(PPrecacher)-t(0,1563,1563),o(PlayerStuc)-t(0,1563,1563),o(PumaAbsCmd)-t(0,1563,1563),o(PumaAdvert)-t(0,1563,1563),o(PumaBuffer)-t(0,1563,1563),o(PumaError@)-t(0,1563,1563),o(PumaMediaD)-t(0,1563,1563),o(PumaPlayer)-t(0,1563,1563),o(PumaRate@0)-t(0,1563,1563),o(PumaSegmen)-t(0,1563,1563),o(PumaSubtit)-t(0,1563,1563),o(RefreshAcc)-t(0,1563,1563),o(RefreshSer)-t(0,1563,1563),o(SceneKeepe)-t(0,1563,1563),o(SetRate@0x)-t(0,1563,1563),o(SwitchEpis)-t(0,1563,1563),o(VideoPlayC)-t(0,1563,1563)}
05-27 14:25:48.674 I/UNIPLAYERSDK( 3391): MediaPlayerAdaptor.cpp:282 [PumaPlayerAdaptor@0xe45213e4]onPlayerStateChanged(11:SLEEPED, 12:STOPPED)
05-27 14:25:48.674 I/UNIUTIL ( 3391): PerfLog.cpp:48 PumaPlayerAdaptor@0xe45213e4, [PERF-LOADING]stop
05-27 14:25:48.674 D/UFUnilog( 3391): api_network_status.cpp : 105 {fuc=APINetworkStatus:IsIPV6Works(),interface_msg=localResult=0, fastdnsResult=0}
05-27 14:25:48.674 I/UFUnilog( 3391): api_engine.cpp : 993 PingbackSdk {fuc=APIEngine::generateFinalIPV6Config(),logtag=babelqos_pb_67,interface_msg=forceIPV6Status:-1}
05-27 14:25:48.674 I/UFUnilog( 3391): api_engine.cpp : 1003 PingbackSdk {fuc=APIEngine::generateFinalIPV6Config(),logtag=babelqos_pb_67,interface_msg=domain support ipv6, sOriginHost:msg.ptqy.gitv.tv, strIPV6Domain:}
05-27 14:25:48.674 V/UFUnilog( 3391): api_engine.cpp : 189 PingbackSdk {fuc=APIEngine:Call(),logtag=babelqos_pb_67,interface_msg=Start Try!,try_count=0}
05-27 14:25:48.674 I/UFUnilog( 3391): api_strategy_impl.cpp : 438 PingbackSdk {fuc=APIStrategyImpl:CreateStrategyResult(),logtag=babelqos_pb_67,strategyname=httpdns-strategy,current_try_count=0,interface_msg=try to get ip list from dns_type = 1}
05-27 14:25:48.674 W/UFUnilog( 3391): api_httpdns_fastdns.cpp : 110 {fuc=APIHttpdnsFastDns:GetHttpDnsResult(),interface_msg=start find,business=unifiedx,bgp_flag=1,timeout=2000,domain_list=msg.ptqy.gitv.tv,cache_only=0}
05-27 14:25:48.674 V/UNIPLAYERSDK( 3391): PerformaceStepInfo.cpp:312 doRecord 12 81563 0
05-27 14:25:48.674 V/UNIPLAYERSDK( 3391): PerformaceStepInfo.cpp:312 doRecord 48 81563 0
05-27 14:25:48.674 V/UNIPLAYERSDK( 3391): PerformaceStepInfo.cpp:312 doRecord 49 81563 0
05-27 14:25:48.674 I/CLog ( 3391): 2025-05-27 14:25:48.674 T:3678 INFO: ProcessUserActionMessage,Stop Begin
05-27 14:25:48.674 I/CLog ( 3391): 2025-05-27 14:25:48.674 T:3678 DEBUG: GetCurrentDefinition bs=500, have 8 defs, ret=0xe37d8e50
05-27 14:25:48.674 I/CLog ( 3391): 2025-05-27 14:25:48.674 T:3678 DEBUG: GetCurrentDefinition bs=500, have 8 defs, ret=0xe37d8e50
05-27 14:25:48.675 I/CLog ( 3391): 2025-05-27 14:25:48.675 T:3678 DEBUG: Stop remove the qos timer.
05-27 14:25:48.675 I/CLog ( 3391): 2025-05-27 14:25:48.675 T:3678 DEBUG: GetCurrentDefinition bs=500, have 8 defs, ret=0xe37d8e50
05-27 14:25:48.676 I/CLog ( 3391): 2025-05-27 14:25:48.676 T:3678 DEBUG: OPLL:&starttm=3762527257596987792&sycb=0&firpictm=1391&sptype=15&prlst=-1&spyht=2&bpbytes=1018689&stuck5s=&mtype=3&bptm=2680&z=huoshancdn_ct&vfrmtp=1&a1=1437&b8=&b30=&b40=&b41=&b42=&b43=&b44=&b1=523&c11=12
05-27 14:25:48.676 I/CLog ( 3391): 2025-05-27 14:25:48.676 T:3678 DEBUG: OPLL:0&c12=173&c13=272&c14=378&b2=626&c16=&c17=&c18=&c19=&b3=98&c21=30&c22=18&c23=30&c24=40&b4=632&c26=0&c27=8&c28=0&c29=60&b5=&c31=&c32=&c33=&c34=&b6=&c36=&c37=&c38=&c39=&b9=&c41=&c42=&c43=&c44=&b7=&c46=&
05-27 14:25:48.676 I/CLog ( 3391): 2025-05-27 14:25:48.676 T:3678 DEBUG: OPLL:c47=&c48=&c49=&b11=&c51=&c52=&c53=&c54=&b12=&c56=&c57=&c58=&c59=&b34=&c66=&c67=&c68=&c69=&b35=&c71=&c72=&c73=&c74=&b36=&c76=&c77=&c78=&c79=&b37=&c81=&c82=&c83=&c84=&b38=&c86=&c87=&c88=&c89=&b13=&c91=&
05-27 14:25:48.676 I/CLog ( 3391): 2025-05-27 14:25:48.676 T:3678 DEBUG: OPLL:c92=&c93=&c94=&b14=&c96=&c97=&c98=&c99=
05-27 14:25:48.676 I/CLog ( 3391): 2025-05-27 14:25:48.676 T:3678 DEBUG: GetCurrentDefinition bs=500, have 8 defs, ret=0xe37d8e50
05-27 14:25:48.676 I/CLog ( 3391): 2025-05-27 14:25:48.676 T:3678 INFO: ABS Stop begin
05-27 14:25:48.676 I/CLog ( 3391): 2025-05-27 14:25:48.676 T:3678 DEBUG: MessageCenter::RemoveMsgBySenderID(sender_id:45)
05-27 14:25:48.676 I/CLog ( 3391): 2025-05-27 14:25:48.676 T:3678 INFO: Stop
05-27 14:25:48.676 I/CLog ( 3391): 2025-05-27 14:25:48.676 T:3678 INFO: StopVideo
05-27 14:25:48.676 I/CLog ( 3391): 2025-05-27 14:25:48.676 T:3678 INFO: RM_DEM::1,Clear seek: 0
05-27 14:25:48.676 I/CLog ( 3391): 2025-05-27 14:25:48.676 T:3678 INFO: PlayCoreManager::EndMovie begin
05-27 14:25:48.676 I/CLog ( 3391): 2025-05-27 14:25:48.676 T:3678 INFO: RM::1,EndMovie, is_clear_picture: 1
05-27 14:25:48.676 I/CLog ( 3391): 2025-05-27 14:25:48.676 T:3678 DEBUG: RM_RE::1,ISubtitleEngineConsumer_Clear
05-27 14:25:48.676 I/CLog ( 3391): 2025-05-27 14:25:48.676 T:3678 INFO: RM_RE::1, MarkClearPicture
05-27 14:25:48.677 I/CLog ( 3391): 2025-05-27 14:25:48.677 T:3678 INFO: SetPictureInPictureStatus, 0
05-27 14:25:48.677 I/CLog ( 3391): 2025-05-27 14:25:48.677 T:3678 INFO: PlayCoreManager::EndMovie end, clear_last_pic=1
05-27 14:25:48.677 I/CLog ( 3391): 2025-05-27 14:25:48.677 T:3678 INFO: qtp-load(11) - close
05-27 14:25:48.677 I/CLog ( 3391): 2025-05-27 14:25:48.677 T:3678 INFO: qtp-load(11), reqid:48170045
05-27 14:25:48.677 W/q_h_c_s ( 3391): HCDN_LOG: [T:3678]StopHttpRequest:1503,reid: 48170045 not found when StopHttpRequest
05-27 14:25:48.677 I/CLog ( 3391): 2025-05-27 14:25:48.677 T:3678 DEBUG: wait begin
05-27 14:25:48.677 I/CLog ( 3391): 2025-05-27 14:25:48.677 T:3678 DEBUG: GetCurrentDefinition bs=500, have 8 defs, ret=0xe37d8e50
05-27 14:25:48.677 I/CLog ( 3391): 2025-05-27 14:25:48.677 T:3678 DEBUG: MessageCenter::RemoveMsgBySenderID(sender_id:46)
05-27 14:25:48.677 I/CLog ( 3391): 2025-05-27 14:25:48.677 T:3678 DEBUG: MessageCenter::RemoveMsgBySenderID(sender_id:55)
05-27 14:25:48.677 I/CLog ( 3391): 2025-05-27 14:25:48.677 T:3678 DEBUG: DoAdStreamPlayEnd, adid:131329, stream:5001, start:1, playerror:0, cancel:1
05-27 14:25:48.677 I/CLog ( 3391): 2025-05-27 14:25:48.677 T:3678 DEBUG: LoadImplLock:will_stop_=====1(0)
05-27 14:25:48.677 I/CLog ( 3391): 2025-05-27 14:25:48.677 T:3678 INFO: IMctoPlayerHandlerProxy::OnAdCallback:-1,896
05-27 14:25:48.677 I/UNIPLAYERSDK( 3391): PumaPlayerListener.cpp:173 OnAdCallback 0, {"slot_type":0,"show":0}
05-27 14:25:48.677 I/CLog ( 3391): 2025-05-27 14:25:48.677 T:3678 INFO: OnADCallback:0,{"slot_type":0,"show":0}
05-27 14:25:48.677 I/CLog ( 3391): 2025-05-27 14:25:48.677 T:3678 INFO: [131072]OnAdEvent, 131329, AD_EVENT_COMPLETE
05-27 14:25:48.677 I/CLog ( 3391): 2025-05-27 14:25:48.677 T:3678 INFO: StreamChanged, [0, 131329]
05-27 14:25:48.677 I/CLog ( 3391): 2025-05-27 14:25:48.677 T:3678 DEBUG: MessageCenter::RemoveMsgBySenderID(sender_id:57)
05-27 14:25:48.677 I/CLog ( 3391): 2025-05-27 14:25:48.677 T:3678 DEBUG: MessageCenter::RemoveMsgBySenderID(sender_id:56)
05-27 14:25:48.677 I/CLog ( 3391): 2025-05-27 14:25:48.677 T:3678 DEBUG: MessageCenter::RemoveMsgBySenderID(sender_id:58)
05-27 14:25:48.678 I/CLog ( 3391): 2025-05-27 14:25:48.678 T:3678 DEBUG: MessageCenter::RemoveMsgBySenderID(sender_id:59)
05-27 14:25:48.678 I/CLog ( 3391): 2025-05-27 14:25:48.678 T:3678 DEBUG: MessageCenter::RemoveMsgBySenderID(sender_id:60)
05-27 14:25:48.678 I/CLog ( 3391): 2025-05-27 14:25:48.678 T:3678 DEBUG: DataPush id=-1
05-27 14:25:48.678 I/CLog ( 3391): 2025-05-27 14:25:48.678 T:3678 DEBUG: MessageCenter::RemoveMsgBySenderID(sender_id:54)
05-27 14:25:48.678 I/CLog ( 3391): 2025-05-27 14:25:48.678 T:3678 INFO: [10001]PlayController::Stop begin
05-27 14:25:48.678 I/CLog ( 3391): 2025-05-27 14:25:48.678 T:3678 DEBUG: MessageCenter::RemoveMsgBySenderID(sender_id:44)
05-27 14:25:48.678 I/CLog ( 3391): 2025-05-27 14:25:48.678 T:3678 INFO: PlayController::Stop end
05-27 14:25:48.678 I/CLog ( 3391): 2025-05-27 14:25:48.678 T:3678 INFO: DestroyModel:0xa30b8a90
05-27 14:25:48.678 I/CLog ( 3391): 2025-05-27 14:25:48.678 T:3678 INFO: SetSeekingState 0
05-27 14:25:48.678 I/CLog ( 3391): 2025-05-27 14:25:48.678 T:3678 INFO: SetCorePlayerState:CPS_Stopped
05-27 14:25:48.678 I/CLog ( 3391):
05-27 14:25:48.678 I/CLog ( 3391): 2025-05-27 14:25:48.678 T:3678 INFO: SetMctoPlayerState:PS_End
05-27 14:25:48.678 I/CLog ( 3391):
05-27 14:25:48.678 I/CLog ( 3391): 2025-05-27 14:25:48.678 T:3678 INFO: IMctoPlayerHandlerProxy::OnPlayerStateChanged:128
05-27 14:25:48.678 I/UNIPLAYERSDK( 3391): PumaPlayerListener.cpp:105 OnPlayerStateChanged 128
05-27 14:25:48.678 I/CLog ( 3391): 2025-05-27 14:25:48.678 T:3678 DEBUG: SetWaiting, ignore this stuck! continuestuck:1, seekingtime:0, videoswitching:0, from_wakeup:0, stuck:1, streamstatus:0, is_seeking 0
05-27 14:25:48.678 I/CLog ( 3391): 2025-05-27 14:25:48.678 T:3678 INFO: Stop Complete,consume: 2 ms, stop video:0, destroy model:1
05-27 14:25:48.678 I/CLog ( 3391): 2025-05-27 14:25:48.678 T:3678 INFO: ProcessUserActionMessage, Stop End consume time(4)
05-27 14:25:48.678 I/CLog ( 3391): 2025-05-27 14:25:48.678 T:3608 INFO: AddPlayStopTask 4825528930037400
05-27 14:25:48.678 I/CLog ( 3391): 2025-05-27 14:25:48.678 T:3608 DEBUG: not member
05-27 14:25:48.678 I/CLog ( 3391): 2025-05-27 14:25:48.675 T:3607 INFO: qtp-load(17) - Load, http://msg.ptqy.gitv.tv/v5/core/pstat?ptid=14025032401000000000&pf=3&c1=2&c2=&lvbck=&r=4825528930037400&aid=5567532336805201&u=tv_a5d24680886b5f8eab7a993cc77a0ee1_1748316299384_5714770789&pu=6040457410&os=android_034-01-01&v=2.1403.1.241012&krv=5.1.0201&krvb=12785&hcdnv=10.2.3.5212&lnv=&mdlm=&ra1=1&ra2=-1&ra3=500&ra4=25&ra5=100&ra6=0&va=0&as=f35cdc93b05e4dd618975ac27f23b049&ve=0d135a3df32d187fd3eeb15a4183939b&islocal=0&ht=0&tpcd=&tpad=-1&drm_t=4&abr_t=0&abr_m=-1&abr_at=&abr_p=0_0&drm_v=3.1.0&drmlicsv=5&chipid=amlogic&mod=&nettype=11&ua_model=DBBOX-A3&rn=1748327148675&stime=1748327148675&vdurt=1984000&krus=tv_android_player&vpt=-100&p1=0&p2=0&pdc_src=-1&a_ra=&a_va=&prtype=0&smallplyrtp=&hwnp=&netmod=1&play_src=&mpi=&q_a=1&q_z=0&q_b=1&q_c=1_1&q_d=0_0&q_e=1_1&q_f=1_2_0&q_g=1_1&q_h=0_0&q_i=0_0_0&q_j=0_0&q_k=0_0_0&q_y=0
05-27 14:25:48.678 I/CLog ( 3391): 2025-05-27 14:25:48.678 T:3607 DEBUG: enter
05-27 14:25:48.679 W/q_h_c_s ( 3391): HCDN_LOG: [T:3607]MethodLog:1333,QTP SyncGet (reid: 48170093, url: http://msg.ptqy.gitv.tv/v5/core/pstat?ptid=14025032401000000000&pf=3&c1=2&c2=&lvbck=&r=4825528930037400&aid=5567532336805201&u=tv_a5d24680886b5f8eab7a993cc77a0ee1_1748316299384_5714770789&pu=6040457410&os=android_034-01-01&v=2.1403.1.241012&krv=5.1.0201&krvb=12785&hcdnv=10.2.3.5212&lnv=&mdlm=&ra1=1&ra2=-1&ra3=500&ra4=25&ra5=100&ra6=0&va=0&as=f35cdc93b05e4dd618975ac27f23b049&ve=0d135a3df32d187fd3eeb15a4183939b&islocal=0&ht=0&tpcd=&tpad=-1&drm_t=4&abr_t=0&abr_m=-1&abr_at=&abr_p=0_0&drm_v=3.1.0&drmlicsv=5&chipid=amlogic&mod=&nettype=11&ua_model=DBBOX-A3&rn=1748327148675&stime=1748327148675&vdurt=1984000&krus=tv_android_player&vpt=-100&p1=0&p2=0&pdc_src=-1&a_ra=&a_va=&prtype=0&smallplyrtp=&hwnp=&netmod=1&play_src=&mpi=&q_a=1&q_z=0&q_b=1&q_c=1_1&q_d=0_0&q_e=1_1&q_f=1_2_0&q_g=1_1&q_h=0_0&q_i=0_0_0&q_j=0_0&q_k=0_0_0&q_y=0, connect: 5001, read: 3000, strict: 0, qtp: 1, module: 3001)
05-27 14:25:48.679 W/q_h_c_s ( 3391): HCDN_LOG: [T:3607]MethodLog:1333,QTP AsyncPost (reid: 48170094, url: http://127.0.0.1:1981/md, connect: 150, read: 100, strict: 0, qtp: 0, module: 14)
05-27 14:25:48.686 D/UNIPLAYERSDK( 3391): HeaderTailer.cpp:63 [HeaderTailer@0xab1e1e80]KMSG_STATECHANGED_STOPPED
05-27 14:25:48.686 I/UNIPLAYERSDK( 3391): HeaderTailer.cpp:214 [HeaderTailer@0xab1e1e80]stopAutoSkipCheck
05-27 14:25:48.686 D/UNIPLAYERSDK( 3391): PositionHintHelper.cpp:165 (0xeb682260)stop() - mRunning=0
05-27 14:25:48.686 D/UNIPLAYERSDK( 3391): PositionHintHelper.cpp:137 (0xeb682260)clearHints()
05-27 14:25:48.686 I/UNIPLAYERSDK( 3391): PumaAdvertisement.cpp:442 [PumaAdvertisement@0xa340030c]clearCurrentAdData 0, 0
05-27 14:25:48.686 D/UNIPLAYERSDK( 3391): PumaAdvertisement.cpp:66 [PumaAdvertisement@0xa340030c]update(KMSG_STATECHANGED_STOPPED) stopHintHelper
05-27 14:25:48.686 D/UNIPLAYERSDK( 3391): PositionHintHelper.cpp:137 (0xeb6bd750)clearHints()
05-27 14:25:48.686 D/UNIPLAYERSDK( 3391): PositionHintHelper.cpp:165 (0xeb6bd750)stop() - mRunning=0
05-27 14:25:48.686 I/UNIPLAYERSDK( 3391): BitstreamSwitcher.cpp:172 [BitstreamSwitcher@0xab1dc2fc]clearStatus
05-27 14:25:48.686 I/UNIPLAYERSDK( 3391): MediaPlayerAdaptor.cpp:297 [PumaPlayerAdaptor@0xe45213e4]doHandleMessage(KMSG_STATECHANGED_STOPPED, arg1:11, arg2:-111)
05-27 14:25:48.686 D/UNIPLAYERSDK( 3391): MediaPlayerListenerContainer.cpp:542 HandleStateChangedMessage() msg = KMSG_STATECHANGED_STOPPED
05-27 14:25:48.686 V/UNIPLAYERSDK( 3391): MediaPlayerListenerContainer.cpp:549 OnStateMachineChanged
05-27 14:25:48.686 D/TVUNIPLAYER( 3391): JNIMediaPlayerOnStateMachineListener.cpp:18 onStateChanged(player=0xeb6bd870, media=0xeb3eca10, from=11, to=12)
05-27 14:25:48.687 I/TvUniPlayer/SdkMediaPlayer@b374e9c( 3391): postEventFromNative(1901, 11, 12, null)
05-27 14:25:48.687 I/TvUniPlayer/UniPlayer@52ede0f( 3391): player sdk event:1901,hasBarrier:false
05-27 14:25:48.687 D/UNIPLAYERSDK( 3391): BaseState.cpp:42 [PumaPlayerAdaptor@0xe45213e4@0xb1bfef68]{fm(KMSG_STATECHANGED_STOPPED),ret(0),at(14,1563,1577),s(11,-2,-2,-2,11),fm=Message@0xe46e4230{what=4194410,when=18446744073709551615,arg1=11,arg2=-1111111111,arg3=-1111111111,str=,timeout=0,obj=0x0,runnable=0x0,target=0x0,watchDogOp=0x0}
05-27 14:25:48.688 D/UNIPLAYERSDK( 3391): BaseState.cpp:56 [PumaPlayerAdaptor@0xe45213e4@0xb1bfef68]{fm(KMSG_STATECHANGED_STOPPED),o(AudioPrevi)-t(0,1576,1576),o(BitstreamS)-t(0,1576,1576),o(CarouselPr)-t(0,1576,1576),o(FastHelper)-t(0,1576,1576),o(HeaderTail)-t(0,1576,1576),o(HighLights)-t(0,1576,1576),o(InteractPr)-t(0,1576,1576),o(LivePrevie)-t(0,1576,1576),o(MediaPlaye)-t(1,1576,1577),o(MovieVVInf)-t(0,1576,1576),o(PPrecacher)-t(0,1576,1576),o(PlayerStuc)-t(0,1576,1576),o(PumaAbsCmd)-t(0,1576,1576),o(PumaAdvert)-t(0,1576,1576),o(PumaBuffer)-t(0,1576,1576),o(PumaError@)-t(0,1576,1576),o(PumaMediaD)-t(0,1576,1576),o(PumaPlayer)-t(0,1576,1576),o(PumaRate@0)-t(0,1576,1576),o(PumaSegmen)-t(0,1576,1576),o(PumaSubtit)-t(0,1576,1576),o(RefreshAcc)-t(0,1576,1576),o(RefreshSer)-t(0,1576,1576),o(SceneKeepe)-t(0,1576,1576),o(SetRate@0x)-t(0,1576,1576),o(SwitchEpis)-t(0,1576,1576),o(VideoPlayC)-t(0,1563,1563)}
05-27 14:25:48.688 I/UNIPLAYERSDK( 3391): LogRecordHelper.cpp:339 [LogRecordHelper@0xab1dfea0]<<<<<<<<<<<<<<<<<<<<<<<<<<< onStopped(1748327143580)
05-27 14:25:48.688 V/UNIPLAYERSDK( 3391): Advertisement.cpp:403 [PumaAdvertisement@0xa340030c]HandleStateEnterMessage() msg = KMSG_STATEENTER_STOPPED
05-27 14:25:48.689 I/UNIPLAYERSDK( 3391): PlayerStuckChecker.cpp:72 PlayerStuckChecker::update, msg = KMSG_STATEENTER_STOPPED
05-27 14:25:48.689 I/UNIPLAYERSDK( 3391): PlayerStuckChecker.cpp:166 PlayerStuckChecker::stop(scene=0)
05-27 14:25:48.689 I/UNIPLAYERSDK( 3391): MediaPlayerAdaptor.cpp:297 [PumaPlayerAdaptor@0xe45213e4]doHandleMessage(KMSG_STATEENTER_STOPPED, arg1:11, arg2:-111)
05-27 14:25:48.689 V/UNIPLAYERSDK( 3391): MediaPlayerListenerContainer.cpp:341 HandleStateEnterMessage() msg=KMSG_STATEENTER_STOPPED, arg1=11
05-27 14:25:48.689 I/UNIPLAYERSDK( 3391): MediaPlayerListenerContainer.cpp:346 onWakeuped
05-27 14:25:48.689 I/TVUNIPLAYER( 3391): JNIMediaPlayerOnStateChangedListener.cpp:69 OnWakeuped(player=0xeb6bd870, media=0xeb3eca10)
05-27 14:25:48.689 I/TvUniPlayer/SdkMediaPlayer@b374e9c( 3391): postEventFromNative(110, 0, 0, null)
05-27 14:25:48.689 I/TvUniPlayer/UniPlayer@52ede0f( 3391): player sdk event:110,hasBarrier:false
05-27 14:25:48.689 D/UNIPLAYERSDK( 3391): PlayerTimeRecorder.cpp:395 onWakeuped
05-27 14:25:48.689 D/UNIPLAYERSDK( 3391): PlayerTimeRecorder.cpp:71 startRrecord(), mIsRecording=0
05-27 14:25:48.689 D/UNIPLAYERSDK( 3391): PlayerTimeRecorder.cpp:77 startRecord ignore!
05-27 14:25:48.689 D/UNIPLAYERSDK( 3391): PlayerBabelPingbackSender.cpp:1051 onWakeuped, sleepTime=80896, wakeupTime=81579, td=683
05-27 14:25:48.689 D/PINGBACKSDK( 3391): PingbackSenderImpl.cpp:102 PingbackSenderImpl::sendPingback() start, type 27
05-27 14:25:48.689 D/PINGBACKSDK( 3391): Pingback.cpp:131 babelSend() start: PbPlayerType:playerwakeup
05-27 14:25:48.689 D/PINGBACKSDK( 3391): Pingback.cpp:135 babelSend() sendurl: PbPlayerType:playerwakeup
05-27 14:25:48.690 D/BaseMediaDetailActivity( 3391): activity_life_onStop
05-27 14:25:48.693 V/UFUnilog( 3391): api_group_impl.cpp : 434 PingbackSdk {fuc=APIGroupImpl:call(),name=babel_pb,params=0xb8b27444,callback=0xa9a98c70}
05-27 14:25:48.693 W/UFUnilog( 3391): api_group_impl.cpp : 890 PingbackSdk {fuc=APIGroupImpl:BuildRequest(),logtag=babel_pb_68,interface_msg=Null formdata Parameters!}
05-27 14:25:48.693 D/UFUnilog( 3391): api_group_impl.cpp : 1051 PingbackSdk {fuc=APIGroupImpl:BuildRequest(),logtag=babel_pb_68,request_type=1,client_type=0}
05-27 14:25:48.693 D/UNIPLAYERSDK( 3391): BaseState.cpp:42 [PumaPlayerAdaptor@0xe45213e4@0xb1bfef68]{fm(KMSG_STATEENTER_STOPPED),ret(0),at(5,1578,1583),s(12,-2,-2,-2,12),fm=Message@0xe46e4230{what=24117354,when=18446744073709551615,arg1=11,arg2=-1111111111,arg3=-1111111111,str=,timeout=0,obj=0x0,runnable=0x0,target=0x0,watchDogOp=0x0}
05-27 14:25:48.693 D/UNIPLAYERSDK( 3391): BaseState.cpp:56 [PumaPlayerAdaptor@0xe45213e4@0xb1bfef68]{fm(KMSG_STATEENTER_STOPPED),o(AudioPrevi)-t(0,1578,1578),o(BitstreamS)-t(0,1578,1578),o(CarouselPr)-t(0,1578,1578),o(FastHelper)-t(0,1578,1578),o(HeaderTail)-t(0,1578,1578),o(HighLights)-t(0,1578,1578),o(InteractPr)-t(0,1578,1578),o(LivePrevie)-t(0,1578,1578),o(MediaPlaye)-t(5,1578,1583),o(MovieVVInf)-t(0,1578,1578),o(PPrecacher)-t(0,1578,1578),o(PlayerStuc)-t(0,1578,1578),o(PumaAbsCmd)-t(0,1578,1578),o(PumaAdvert)-t(0,1578,1578),o(PumaBuffer)-t(0,1578,1578),o(PumaError@)-t(0,1578,1578),o(PumaMediaD)-t(0,1578,1578),o(PumaPlayer)-t(0,1578,1578),o(PumaRate@0)-t(0,1578,1578),o(PumaSegmen)-t(0,1578,1578),o(PumaSubtit)-t(0,1578,1578),o(RefreshAcc)-t(0,1578,1578),o(RefreshSer)-t(0,1578,1578),o(SceneKeepe)-t(0,1578,1578),o(SetRate@0x)-t(0,1578,1578),o(SwitchEpis)-t(0,1578,1578),o(VideoPlayC)-t(0,1578,1578)}
05-27 14:25:48.694 D/UNIPLAYERSDK( 3391): BaseState.cpp:42 [PumaPlayerAdaptor@0xe45213e4@0xeb5f2168]{fm(KMSG_ACTION_STOP),ret(0),at(51,1532,1583),s(11,12,-2,-2,12),fm=Message@0xe46d19f0{what=1048595,when=18446744073709551615,arg1=-1111111111,arg2=-1111111111,arg3=-1111111111,str=,timeout=0,obj=0x0,runnable=0x0,target=0x0,watchDogOp=0x0}
05-27 14:25:48.694 D/UNIPLAYERSDK( 3391): BaseState.cpp:56 [PumaPlayerAdaptor@0xe45213e4@0xeb5f2168]{fm(KMSG_ACTION_STOP),o(AudioPrevi)-t(0,1532,1532),o(BitstreamS)-t(0,1556,1556),o(CarouselPr)-t(0,1556,1556),o(FastHelper)-t(0,1532,1532),o(HeaderTail)-t(0,1532,1532),o(HighLights)-t(0,1532,1532),o(InteractPr)-t(0,1555,1555),o(LivePrevie)-t(0,1555,1555),o(MediaPlaye)-t(0,1563,1563),o(MovieVVInf)-t(0,1556,1556),o(PPrecacher)-t(1,1555,1556),o(PlayerStuc)-t(0,1556,1556),o(PumaAbsCmd)-t(0,1556,1556),o(PumaAdvert)-t(23,1532,1555),o(PumaBuffer)-t(0,1555,1555),o(PumaError@)-t(0,1555,1555),o(PumaMediaD)-t(0,1532,1532),o(PumaPlayer)-t(0,1555,1555),o(PumaRate@0)-t(0,1555,1555),o(PumaSegmen)-t(0,1555,1555),o(PumaSubtit)-t(0,1555,1555),o(RefreshAcc)-t(0,1532,1532),o(RefreshSer)-t(0,1532,1532),o(SceneKeepe)-t(0,1532,1532),o(SetRate@0x)-t(0,1556,1556),o(SwitchEpis)-t(0,1556,1556),o(VideoPlayC)-t(0,1532,1532)}
05-27 14:25:48.695 I/UNIPLAYERSDK( 3391): PumaAdvertisement.cpp:593 [PumaAdvertisement@0xa340030c]PumaAdCallbackType = 0
05-27 14:25:48.695 D/UNIPLAYERSDK( 3391): PumaAdvertisement.cpp:598 [PumaAdvertisement@0xa340030c]slot! showflag=0, slottype=0
05-27 14:25:48.695 I/UNIPLAYERSDK( 3391): MediaPlayerAdaptor.cpp:297 [PumaPlayerAdaptor@0xe45213e4]doHandleMessage(KMSG_PUMAPLAYER_EVENT_ADCALLBACK, arg1:0, arg2:-111)
05-27 14:25:48.695 D/UNIPLAYERSDK( 3391): BaseState.cpp:42 [PumaPlayerAdaptor@0xe45213e4@0xeb5f2168]{fm(KMSG_PUMAPLAYER_EVENT_ADCALLBACK),ret(0),at(0,1585,1585),s(12,-2,-2,-2,12),fm=Message@0xe46f0210{what=7340169,when=81567,arg1=0,arg2=-1111111111,arg3=-1111111111,str={"slot_type":0,"show":0},timeout=0,obj=0x0,runnable=0x0,target=0xb6ce2ae0,watchDogOp=0x0}
05-27 14:25:48.695 D/UNIPLAYERSDK( 3391): BaseState.cpp:56 [PumaPlayerAdaptor@0xe45213e4@0xeb5f2168]{fm(KMSG_PUMAPLAYER_EVENT_ADCALLBACK),o(AudioPrevi)-t(0,1585,1585),o(BitstreamS)-t(0,1585,1585),o(CarouselPr)-t(0,1585,1585),o(FastHelper)-t(0,1585,1585),o(HeaderTail)-t(0,1585,1585),o(HighLights)-t(0,1585,1585),o(InteractPr)-t(0,1585,1585),o(LivePrevie)-t(0,1585,1585),o(MediaPlaye)-t(0,1585,1585),o(MovieVVInf)-t(0,1585,1585),o(PPrecacher)-t(0,1585,1585),o(PlayerStuc)-t(0,1585,1585),o(PumaAbsCmd)-t(0,1585,1585),o(PumaAdvert)-t(0,1585,1585),o(PumaBuffer)-t(0,1585,1585),o(PumaError@)-t(0,1585,1585),o(PumaMediaD)-t(0,1585,1585),o(PumaPlayer)-t(0,1585,1585),o(PumaRate@0)-t(0,1585,1585),o(PumaSegmen)-t(0,1585,1585),o(PumaSubtit)-t(0,1585,1585),o(RefreshAcc)-t(0,1585,1585),o(RefreshSer)-t(0,1585,1585),o(SceneKeepe)-t(0,1585,1585),o(SetRate@0x)-t(0,1585,1585),o(SwitchEpis)-t(0,1585,1585),o(VideoPlayC)-t(0,1585,1585)}
05-27 14:25:48.696 I/UNIPLAYERSDK( 3391): MediaPlayerAdaptor.cpp:297 [PumaPlayerAdaptor@0xe45213e4]doHandleMessage(KMSG_PUMAPLAYER_EVENT_PLAYERSTATECHANGED, arg1:128, arg2:-111)
05-27 14:25:48.696 D/UNIPLAYERSDK( 3391): BaseState.cpp:42 [PumaPlayerAdaptor@0xe45213e4@0xeb5f2168]{fm(KMSG_PUMAPLAYER_EVENT_PLAYERSTATECHANGED),ret(0),at(1,1585,1586),s(12,-2,-2,-2,12),fm=Message@0xe46f7ab0{what=7340167,when=81568,arg1=128,arg2=-1111111111,arg3=-1111111111,str=,timeout=0,obj=0x0,runnable=0x0,target=0xb6ce2ae0,watchDogOp=0x0}
05-27 14:25:48.696 D/UNIPLAYERSDK( 3391): BaseState.cpp:56 [PumaPlayerAdaptor@0xe45213e4@0xeb5f2168]{fm(KMSG_PUMAPLAYER_EVENT_PLAYERSTATECHANGED),o(AudioPrevi)-t(0,1585,1585),o(BitstreamS)-t(0,1585,1585),o(CarouselPr)-t(0,1585,1585),o(FastHelper)-t(0,1585,1585),o(HeaderTail)-t(0,1585,1585),o(HighLights)-t(0,1585,1585),o(InteractPr)-t(0,1585,1585),o(LivePrevie)-t(0,1585,1585),o(MediaPlaye)-t(0,1586,1586),o(MovieVVInf)-t(0,1585,1585),o(PPrecacher)-t(0,1585,1585),o(PlayerStuc)-t(0,1585,1585),o(PumaAbsCmd)-t(0,1585,1585),o(PumaAdvert)-t(0,1585,1585),o(PumaBuffer)-t(0,1585,1585),o(PumaError@)-t(0,1585,1585),o(PumaMediaD)-t(0,1585,1585),o(PumaPlayer)-t(0,1585,1585),o(PumaRate@0)-t(0,1585,1585),o(PumaSegmen)-t(0,1585,1585),o(PumaSubtit)-t(0,1585,1585),o(RefreshAcc)-t(0,1585,1585),o(RefreshSer)-t(0,1585,1585),o(SceneKeepe)-t(0,1585,1585),o(SetRate@0x)-t(0,1585,1585),o(SwitchEpis)-t(0,1585,1585),o(VideoPlayC)-t(0,1585,1585)}
05-27 14:25:48.702 W/dangbei.hqmedia( 3391): ApkAssets: Deleting an ApkAssets object ' and /product/app/Miracast/Miracast.apk' with 1 weak references
05-27 14:25:48.702 W/dangbei.hqmedia( 3391): ApkAssets: Deleting an ApkAssets object ' and /system/app/dangbei-file-manager/dangbei-file-manager.apk' with 1 weak references
05-27 14:25:48.703 W/dangbei.hqmedia( 3391): ApkAssets: Deleting an ApkAssets object ' and /system/app/PowerUI/PowerUI.apk' with 1 weak references
05-27 14:25:48.705 D/lau_LauncherLogManager( 3391): onActivitySaveInstanceState FilmDetailActivity com.dangbei.launcher.media.ui.media.film.FilmDetailActivity@51570a
05-27 14:25:48.706 I/CLog ( 3391): 2025-05-27 14:25:48.706 T:3681 INFO: RM_RE::1,RENDER_CLEAR_SUBTITLE
05-27 14:25:48.708 D/uninstall( 3076): isAllowStart last_delay 0, current_time 1748327148
05-27 14:25:48.708 I/uninstall( 3076): enable_service com.ktcp.video/com.tencent.qqlivetv.keeplive.proc.DaemonService com.ktcp.video/(null)
05-27 14:25:48.708 I/TvUniPlayer/SurfaceViewEx@118755488( 3391): onVisibilityChanged(DecorView@5b65b32[FilmDetailActivity]+4
05-27 14:25:48.709 D/uninstall( 3076): enable_service waitpid
05-27 14:25:48.709 D/uninstall( 3874): enable_service pid == 0
05-27 14:25:48.709 D/uninstall( 3874): enable_service version >= 17 || version == 0 version == 34
05-27 14:25:48.734 I/CLog ( 3391): 2025-05-27 14:25:48.734 T:3608 INFO: ~PlayModel(0xa30b8a90) begin
05-27 14:25:48.734 I/CLog ( 3391): 2025-05-27 14:25:48.734 T:3608 DEBUG: [10001]PlayModel::Stop:0xa30b8a90 begin
05-27 14:25:48.734 I/CLog ( 3391): 2025-05-27 14:25:48.734 T:3608 INFO: [10001]PlayModel::DeActive
05-27 14:25:48.734 I/CLog ( 3391): 2025-05-27 14:25:48.734 T:3608 INFO: [131072]DeregisterADObjectDelegate, pre, 0xd08e4a0c
05-27 14:25:48.734 I/CLog ( 3391): 2025-05-27 14:25:48.734 T:3608 INFO: [131072]DeregisterADObjectDelegate, recap, 0xd08e4b7c
05-27 14:25:48.734 I/CLog ( 3391): 2025-05-27 14:25:48.734 T:3608 INFO: [131072]DeregisterADObjectDelegate, mid, 0xd08e4abc
05-27 14:25:48.734 I/CLog ( 3391): 2025-05-27 14:25:48.734 T:3608 INFO: [131072]DeregisterADObjectDelegate, post, 0xd08e4c3c
05-27 14:25:48.734 I/CLog ( 3391): 2025-05-27 14:25:48.734 T:3608 INFO: [131072]DeregisterInteractiveADObjectDelegate, pre, 0xd08e4a10
05-27 14:25:48.734 I/CLog ( 3391): 2025-05-27 14:25:48.734 T:3608 INFO: [131072]DeregisterInteractiveADObjectDelegate, recap, 0xd08e4b80
05-27 14:25:48.734 I/CLog ( 3391): 2025-05-27 14:25:48.734 T:3608 INFO: [131072]DeregisterInteractiveADObjectDelegate, mid, 0xd08e4ac0
05-27 14:25:48.734 I/CLog ( 3391): 2025-05-27 14:25:48.734 T:3608 INFO: [131072]DeregisterInteractiveADObjectDelegate, post, 0xd08e4c40
05-27 14:25:48.734 I/CLog ( 3391): 2025-05-27 14:25:48.734 T:3608 INFO: [131072]DeregisterJsonDelegate, , 0xd08e4db8
05-27 14:25:48.734 I/CLog ( 3391): 2025-05-27 14:25:48.734 T:3608 INFO: ADHCDNLoader::Close
05-27 14:25:48.734 I/CLog ( 3391): 2025-05-27 14:25:48.734 T:3608 DEBUG: CloseImpl:stop_lock_ begin,will_stop_(1)
05-27 14:25:48.734 I/CLog ( 3391): 2025-05-27 14:25:48.734 T:3608 DEBUG: CloseImpl:stop_lock_ end,will_stop_(1)
05-27 14:25:48.734 I/CLog ( 3391): 2025-05-27 14:25:48.734 T:3608 DEBUG: CloseImpl:Close begin,will_stop_(1)
05-27 14:25:48.734 I/CLog ( 3391): 2025-05-27 14:25:48.734 T:3608 INFO: [5001]HCDNLoaderClient::Close
05-27 14:25:48.734 I/CLog ( 3391): 2025-05-27 14:25:48.734 T:3608 DEBUG: [5001]CHCDNControl::StopLoad begin.
05-27 14:25:48.734 I/CLog ( 3391): 2025-05-27 14:25:48.734 T:3608 INFO: [5001]CHCDNControl::StopLoad1
05-27 14:25:48.734 I/CLog ( 3391): 2025-05-27 14:25:48.734 T:3608 INFO: [5001]CHCDNControl::StopLoad3
05-27 14:25:48.734 I/CLog ( 3391): 2025-05-27 14:25:48.734 T:3608 DEBUG: [5001]CHCDNControl::StopLoad begin.
05-27 14:25:48.734 I/CLog ( 3391): 2025-05-27 14:25:48.734 T:3608 INFO: [5001]CHCDNControl::StopLoad1
05-27 14:25:48.734 I/CLog ( 3391): 2025-05-27 14:25:48.734 T:3608 INFO: [5001]CHCDNControl::StopLoad3
05-27 14:25:48.734 I/CLog ( 3391): 2025-05-27 14:25:48.734 T:3608 DEBUG: [5001]CHCDNControl::Uninitialize
05-27 14:25:48.734 I/CLog ( 3391): 2025-05-27 14:25:48.734 T:3608 DEBUG: [5001]CHCDNControl::Uninitialize DeleteP2PFile!
05-27 14:25:48.734 I/CLog ( 3391): 2025-05-27 14:25:48.734 T:3608 DEBUG: CloseImpl:Close end,will_stop_(1)
05-27 14:25:48.734 I/CLog ( 3391): 2025-05-27 14:25:48.734 T:3608 INFO: [5001]HCDNLoaderClient::Close
05-27 14:25:48.735 I/CLog ( 3391): 2025-05-27 14:25:48.735 T:3608 DEBUG: [5001]PacketList::Clear, dpid_param:-1
05-27 14:25:48.737 I/CLog ( 3391): 2025-05-27 14:25:48.737 T:3608 DEBUG: has closed
05-27 14:25:48.737 I/CLog ( 3391): 2025-05-27 14:25:48.737 T:3608 DEBUG: ~PumaQTPClient 0xeb451ca0
05-27 14:25:48.737 I/CLog ( 3391): 2025-05-27 14:25:48.737 T:3608 DEBUG: CacheDataInfo::Release begin.
05-27 14:25:48.737 I/CLog ( 3391): 2025-05-27 14:25:48.737 T:3608 DEBUG: CacheDataInfo::Release end.
05-27 14:25:48.742 I/CLog ( 3391): 2025-05-27 14:25:48.742 T:3608 DEBUG: has closed
05-27 14:25:48.743 I/CLog ( 3391): 2025-05-27 14:25:48.743 T:3608 DEBUG: ~PumaQTPClient 0xeb451390
05-27 14:25:48.743 I/CLog ( 3391): 2025-05-27 14:25:48.743 T:3608 DEBUG: has closed
05-27 14:25:48.743 I/CLog ( 3391): 2025-05-27 14:25:48.743 T:3608 DEBUG: ~PumaQTPClient 0xeb44e810
05-27 14:25:48.743 I/CLog ( 3391): 2025-05-27 14:25:48.743 T:3608 INFO: close b6a87e08[402]
05-27 14:25:48.744 I/CLog ( 3391): 2025-05-27 14:25:48.744 T:3608 INFO: DelFile, /storage/emulated/0/Android/data/com.dangbei.hqmedia/files/qcache/data/ad_cache/TempFile/pre_5001_1748327144_0xb6a87de0/b7baa9bc8d0b1798d595e4a19ad3e8c6.mp4.pm, 0
05-27 14:25:48.745 I/CLog ( 3391): 2025-05-27 14:25:48.745 T:3608 DEBUG: remove: /storage/emulated/0/Android/data/com.dangbei.hqmedia/files/qcache/data/ad_cache/TempFile/pre_5001_1748327144_0xb6a87de0/
05-27 14:25:48.745 I/CLog ( 3391): 2025-05-27 14:25:48.745 T:3608 INFO: RemovePath: /storage/emulated/0/Android/data/com.dangbei.hqmedia/files/qcache/data/ad_cache/TempFile/pre_5001_1748327144_0xb6a87de0/
05-27 14:25:48.745 I/CLog ( 3391): 2025-05-27 14:25:48.745 T:3608 INFO: RM_P_M4::101, destructor, dp_id:5001,...
05-27 14:25:48.745 I/CLog ( 3391): 2025-05-27 14:25:48.745 T:3608 DEBUG: RM_P_M4::0, DestroyMoov, tracks:2
05-27 14:25:48.745 I/CLog ( 3391): 2025-05-27 14:25:48.745 T:3608 DEBUG: RM_P_M4::0, DestroyMoov, tracks:2, end
05-27 14:25:48.745 I/CLog ( 3391): 2025-05-27 14:25:48.745 T:3608 DEBUG: RM_P_M4::0, DestroyBoxesData, track:0, stsd:1
05-27 14:25:48.745 I/CLog ( 3391): 2025-05-27 14:25:48.745 T:3608 DEBUG: RM_P_M4::0, DestroyBoxesData, track:0, stsd:1, stsd OK
05-27 14:25:48.753 I/uninstall( 3076): watchdaemon process_name = com.ktcp.video:daemon has gone, start it
05-27 14:25:48.754 D/uninstall( 3076): watchdaemon waitpid
05-27 14:25:48.754 I/CLog ( 3391): 2025-05-27 14:25:48.754 T:3608 DEBUG: RM_P_M4::0, DestroyBoxesData, track:0, stsd:1, minf OK
05-27 14:25:48.754 I/CLog ( 3391): 2025-05-27 14:25:48.754 T:3608 DEBUG: RM_P_M4::0, DestroyBoxesData, track:1, stsd:1
05-27 14:25:48.754 D/uninstall( 3878): watchdaemon pid == 0
05-27 14:25:48.754 I/CLog ( 3391): 2025-05-27 14:25:48.754 T:3608 DEBUG: RM_P_M4::0, DestroyBoxesData, track:1, stsd:1, stsd OK
05-27 14:25:48.754 I/CLog ( 3391): 2025-05-27 14:25:48.754 T:3608 DEBUG: RM_P_M4::0, DestroyBoxesData, track:1, stsd:1, minf OK
05-27 14:25:48.754 I/CLog ( 3391): 2025-05-27 14:25:48.754 T:3608 INFO: RM_P_M4::101, info-reset, [v:0, a:1]
05-27 14:25:48.754 D/uninstall( 3878): watchdaemon version >= 17 || version == 0 version == 34
05-27 14:25:48.754 I/CLog ( 3391): 2025-05-27 14:25:48.754 T:3608 INFO: RM_P_M4::101, DestroyBoxesTree...
05-27 14:25:48.755 I/CLog ( 3391): 2025-05-27 14:25:48.755 T:3608 INFO: RM_P_M4::101, destructor, dp_id:5001,end
05-27 14:25:48.755 I/CLog ( 3391): 2025-05-27 14:25:48.755 T:3608 DEBUG: [5001]PacketList::Clear, dpid_param:-1
05-27 14:25:48.755 I/CLog ( 3391): 2025-05-27 14:25:48.755 T:3608 INFO: ADHCDNLoader::Close
05-27 14:25:48.755 I/CLog ( 3391): 2025-05-27 14:25:48.755 T:3608 DEBUG: CloseImpl:stop_lock_ begin,will_stop_(1)
05-27 14:25:48.755 I/CLog ( 3391): 2025-05-27 14:25:48.755 T:3608 DEBUG: CloseImpl:stop_lock_ end,will_stop_(1)
05-27 14:25:48.755 I/CLog ( 3391): 2025-05-27 14:25:48.755 T:3608 DEBUG: CloseImpl:Close begin,will_stop_(1)
05-27 14:25:48.755 I/CLog ( 3391): 2025-05-27 14:25:48.755 T:3608 INFO: [5002]HCDNLoaderClient::Close
05-27 14:25:48.755 I/CLog ( 3391): 2025-05-27 14:25:48.755 T:3608 DEBUG: [5002]CHCDNControl::StopLoad begin.
05-27 14:25:48.755 I/CLog ( 3391): 2025-05-27 14:25:48.755 T:3608 INFO: [5002]CHCDNControl::StopLoad1
05-27 14:25:48.755 E/p2pfile ( 3391): HCDN_LOG: [T:3608][HINFO]:[f:Close],[l:2389],[Task(2),tvid(4836759250394517),vid(),priority(25)]
05-27 14:25:48.755 E/p2pfile ( 3391): HCDN_LOG: [T:3608][HINFO]:[f:Close],[l:2600],[Task(2), taskid(3589828670), idx(0)]
05-27 14:25:48.755 E/playfilesourceNew( 3391): HCDN_LOG: [T:3608][HINFO]:[f:StopTask],[l:425],[TaskID(3589828670)]
05-27 14:25:48.755 E/Hcdn_DeTask220659184( 3391): HCDN_LOG: [T:3627][HINFO]:[f:PostNotifyInfo],[l:248], notify type(6),info({"BandWidth":1925120,"IsAd":1,"IsP2P":0,"VID":""}
05-27 14:25:48.755 E/Hcdn_DeTask220659184( 3391): )
05-27 14:25:48.755 E/Hcdn_DeTask3589828670( 3391): HCDN_LOG: [T:3627][HINFO]:[f:PostNotifyInfo],[l:248], notify type(6),info({"BandWidth":0,"IsAd":1,"IsP2P":1,"VID":""}
05-27 14:25:48.755 E/Hcdn_DeTask3589828670( 3391): )
05-27 14:25:48.755 E/Hcdn_DeTask3589828670( 3391): HCDN_LOG: [T:3627][HINFO]:[f:OnRecvStopDownloadTaskRequest],[l:1547], recv msg:MMSG_PLAYER2DE_stop_download_task_request
05-27 14:25:48.755 I/CLog ( 3391): 2025-05-27 14:25:48.755 T:3843 INFO: HCDNLoaderClient::DoRead with stop thread2.
05-27 14:25:48.755 I/CLog ( 3391): 2025-05-27 14:25:48.755 T:3843 DEBUG: Thread PumaHCDNLoader 18446744071951598016 terminating
05-27 14:25:48.756 E/playfilesourceNew( 3391): HCDN_LOG: [T:3619][HINFO]:[f:DoAsynNotifyInfoResponse],[l:2605],[TaskID(220659184),type(6),msg({"BandWidth":1925120,"IsAd":1,"IsP2P":0,"VID":""}
05-27 14:25:48.756 E/playfilesourceNew( 3391): )!]
05-27 14:25:48.756 E/playfilesourceNew( 3391): HCDN_LOG: [T:3619][HINFO]:[f:DoAsynNotifyInfoResponse],[l:2605],[TaskID(3589828670),type(6),msg({"BandWidth":0,"IsAd":1,"IsP2P":1,"VID":""}
05-27 14:25:48.756 E/playfilesourceNew( 3391): )!]
05-27 14:25:48.756 W/cdn_unlimity_retry_stategy( 3391): HCDN_LOG: [T:3634][HERROR]:[f:Stop],[l:412], taskid:3589828670, enable_unlimited_try[false], Stop, task_status_[3], rid[d2dc92181d49a3dd131ed65ad0f93779]
05-27 14:25:48.756 W/cdntask_new( 3391): HCDN_LOG: [T:3634][HERROR]:[f:Stop],[l:442],taskid:3589828670 rid=d2dc92181d49a3dd131ed65ad0f93779!
05-27 14:25:48.756 W/cdn_unlimity_retry_stategy( 3391): HCDN_LOG: [T:3634][HERROR]:[f:Stop],[l:412], taskid:3589828670, enable_unlimited_try[false], Stop, task_status_[7], rid[d2dc92181d49a3dd131ed65ad0f93779]
05-27 14:25:48.756 W/cdntask_new( 3391): HCDN_LOG: [T:3634][HERROR]:[f:Stop],[l:442],taskid:3589828670 rid=d2dc92181d49a3dd131ed65ad0f93779!
05-27 14:25:48.756 E/storage_operate( 3391): HCDN_LOG: [T:3632][HINFO]:[f:DealCloseFileRequest],[l:742],[taskid:3589828670],[fid:d2dc92181d49a3dd131ed65ad0f9377900000000]
