--------- beginning of system
05-27 14:24:30.621 I/vold ( 257): Vold 3.0 (the awakening) firing up
05-27 14:24:30.621 D/vold ( 257): Detected support for: ext4 f2fs vfat
05-27 14:24:30.637 D/vold ( 257): VoldNativeService::start() completed OK
05-27 14:24:31.329 I/vold ( 257): Using AIDL version of IBootControl
05-27 14:24:31.365 I/keystore2( 289): system/security/keystore2/src/keystore2_main.rs:61 - Keystore2 is starting.
05-27 14:24:31.366 I/keystore2( 289): system/security/keystore2/src/keystore2_main.rs:67 - Setting up sqlite logging for keystore2
05-27 14:24:31.371 W/keystore2( 289): system/security/keystore2/src/metrics_store.rs:577 - In update_keystore_crash_sysprop: Failed to read the existing system property due to: system/security/keystore2/src/metrics_store.rs:608: Property not set..Therefore, keystore crashes will not be logged.
05-27 14:24:31.373 D/vold ( 257): fscrypt_mount_metadata_encrypted: /data encrypt: 0 format: 0 with null block device: /dev/block/by-name/userdata and zoned device:
05-27 14:24:31.373 D/vold ( 257): metadata_key_dir/key: /metadata/vold/metadata_encryption/key
05-27 14:24:31.375 I/keystore2( 289): system/security/keystore2/src/keystore2_main.rs:97 - Starting thread pool now.
05-27 14:24:31.376 D/vold ( 257): Key exists, using: /metadata/vold/metadata_encryption/key
05-27 14:24:31.379 I/keystore2( 289): system/security/keystore2/src/globals.rs:256 - KeyMint device is current version (Some(300)) for security level: r#TRUSTED_ENVIRONMENT
05-27 14:24:31.389 I/keystore2( 289): system/security/keystore2/src/shared_secret_negotiation.rs:47 - Shared secret negotiation concluded successfully.
05-27 14:24:31.395 I/keystore2( 289): system/security/keystore2/src/shared_secret_negotiation.rs:294 - No StrongBox Keymint available, so no RoT transfer
05-27 14:24:31.396 I/keystore2( 289): system/security/keystore2/src/keystore2_main.rs:152 - Successfully registered Keystore 2.0 service.
05-27 14:24:31.396 I/keystore2( 289): system/security/keystore2/src/keystore2_main.rs:154 - Joining thread pool now.
05-27 14:24:31.400 D/vold ( 257): Mounting metadata-encrypted filesystem:/data
05-27 14:24:31.402 I/vold ( 257): [libfs_mgr] Running /system/bin/fsck.f2fs -a -c 10000 --debug-cache /dev/block/dm-58
05-27 14:24:31.517 I/vold ( 257): [libfs_mgr] __mount(source=/dev/block/dm-58,target=/data,type=f2fs)=0: Success
05-27 14:24:31.517 D/vold ( 257): Mounted /data
05-27 14:24:31.589 I/Checkpoint( 257): cp_prepareCheckpoint called
05-27 14:24:31.614 I/vold ( 257): fscrypt_initialize_systemwide_keys
05-27 14:24:31.616 D/vold ( 257): Key exists, using: /data/unencrypted/key
05-27 14:24:31.624 D/vold ( 257): Installed fscrypt key with ref 8db05ad529b7f88c04c46d56edd787f0 to /data
05-27 14:24:31.624 D/vold ( 257): Added fscrypt-provisioning key for 8db05ad529b7f88c04c46d56edd787f0 to session keyring
05-27 14:24:31.628 I/vold ( 257): Wrote system DE key reference to:/data/unencrypted/ref
05-27 14:24:31.628 D/vold ( 257): Generating standard storage key
05-27 14:24:31.628 D/vold ( 257): Installed fscrypt key with ref 0a0a93105ccf5eb291d06a871a607e6c to /data
05-27 14:24:31.628 D/vold ( 257): Added fscrypt-provisioning key for 0a0a93105ccf5eb291d06a871a607e6c to session keyring
05-27 14:24:31.630 I/vold ( 257): Wrote per boot key reference to:/data/unencrypted/per_boot_ref
05-27 14:24:31.670 I/incfs ( 257): Initial API level of the device: 34
05-27 14:24:31.670 I/incfs ( 257): ro.incremental.enable: yes
05-27 14:24:31.670 I/incfs ( 257): isFsAvailable: true
05-27 14:24:31.670 I/incfs ( 257): isFsAvailable: true
05-27 14:24:31.670 I/incfs ( 257): IncFs_Features: v2
05-27 14:24:31.672 I/keystore2( 289): system/security/keystore2/src/maintenance.rs:206 - In early_boot_ended.
05-27 14:24:31.685 I/keystore2( 289): system/security/keystore2/src/globals.rs:66 - Touching Keystore 2.0 database for this first time since boot.
05-27 14:24:31.685 I/keystore2( 289): system/security/keystore2/src/globals.rs:68 - Calling cleanup leftovers.
05-27 14:24:31.685 I/keystore2( 289): system/security/keystore2/src/boot_level_keys.rs:57 - ro.keystore.boot_level_key.strategy not set, inferring from installed KM instances
05-27 14:24:31.685 I/keystore2( 289): system/security/keystore2/src/boot_level_keys.rs:115 - In get_level_zero_key: security_level=r#SOFTWARE, deny_later_strategy=EarlyBootOnly
05-27 14:24:31.692 I/keystore2( 289): system/security/keystore2/src/super_key.rs:293 - Starting boot level watcher.
05-27 14:24:31.692 I/keystore2( 289): system/security/keystore2/src/maintenance.rs:187 - Call to earlyBootEnded succeeded for security level TRUSTED_ENVIRONMENT.
05-27 14:24:31.692 I/keystore2( 289): system/security/keystore2/src/super_key.rs:325 - Read keystore.boot_level value 30
05-27 14:24:31.693 I/keystore2( 289): system/security/keystore2/src/super_key.rs:325 - Read keystore.boot_level value 30
05-27 14:24:31.695 E/keystore2( 289): system/security/keystore2/src/maintenance.rs:192 - Call to earlyBootEnded failed for security level STRONGBOX: system/security/keystore2/src/maintenance.rs:167: getting keymint device.
05-27 14:24:31.695 E/keystore2( 289): system/security/keystore2/src/error.rs:180 - system/security/keystore2/src/maintenance.rs:167: getting keymint device
05-27 14:24:31.695 E/keystore2( 289):
05-27 14:24:31.695 E/keystore2( 289): Caused by:
05-27 14:24:31.695 E/keystore2( 289): 0: system/security/keystore2/src/globals.rs:335: Cannot connect to Keymint
05-27 14:24:31.695 E/keystore2( 289): 1: system/security/keystore2/src/globals.rs:246: Trying to get Legacy wrapper.
05-27 14:24:31.695 E/keystore2( 289): 2: Error::Km(r#HARDWARE_TYPE_UNAVAILABLE)
05-27 14:24:31.695 E/vold ( 257): keystore2 Keystore earlyBootEnded returned service specific error: -68
05-27 14:24:32.345 V/BootAnimation( 261): Surface size has been limited to [1920x1012] from [4096x2160]
05-27 14:24:32.465 V/BootAnimation( 261): Surface size has been limited to [1920x1012] from [4096x2160]
05-27 14:24:32.465 D/BootAnimation( 261): resizeSurface BLASTBufferQueue to 1920 1012.
05-27 14:24:32.488 D/vold ( 257): fscrypt_init_user0
05-27 14:24:32.488 D/vold ( 257): Preparing: /data/misc/vold/user_keys
05-27 14:24:32.493 D/vold ( 257): Preparing: /data/misc/vold/user_keys/ce
05-27 14:24:32.494 D/vold ( 257): Preparing: /data/misc/vold/user_keys/de
05-27 14:24:32.505 D/vold ( 257): Installed fscrypt key with ref 21245c80de79051cfaa33b5c1a203a26 to /data
05-27 14:24:32.505 D/vold ( 257): Added fscrypt-provisioning key for 21245c80de79051cfaa33b5c1a203a26 to session keyring
05-27 14:24:32.505 D/vold ( 257): Installed de key for user 0
05-27 14:24:32.507 D/vold ( 257): Preparing: /data/data
05-27 14:24:32.508 D/vold ( 257): Preparing: /data/user/0
05-27 14:24:32.509 D/vold ( 257): Preparing: /data/media/obb
05-27 14:24:32.510 D/vold ( 257): fscrypt_prepare_user_storage for volume null, user 0, serial 0, flags 1
05-27 14:24:32.510 D/vold ( 257): Preparing: /data/system/users/0
05-27 14:24:32.512 D/vold ( 257): Preparing: /data/misc/profiles/cur/0
05-27 14:24:32.513 D/vold ( 257): Preparing: /data/system_de/0
05-27 14:24:32.514 I/vold ( 257): Verified that /data/system_de/0 has the encryption policy 21245c80de79051cfaa33b5c1a203a26 v2 modes 1/4 flags 0xa
05-27 14:24:32.515 D/vold ( 257): Preparing: /data/vendor_de/0
05-27 14:24:32.517 I/vold ( 257): Verified that /data/vendor_de/0 has the encryption policy 21245c80de79051cfaa33b5c1a203a26 v2 modes 1/4 flags 0xa
05-27 14:24:32.517 D/vold ( 257): Preparing: /data/misc_de/0
05-27 14:24:32.519 I/vold ( 257): Verified that /data/misc_de/0 has the encryption policy 21245c80de79051cfaa33b5c1a203a26 v2 modes 1/4 flags 0xa
05-27 14:24:32.519 D/vold ( 257): Preparing: /data/user_de/0
05-27 14:24:32.520 I/vold ( 257): Verified that /data/user_de/0 has the encryption policy 21245c80de79051cfaa33b5c1a203a26 v2 modes 1/4 flags 0xa
05-27 14:24:32.520 D/vold ( 257): /system/bin/vold_prepare_subdirs
05-27 14:24:32.520 D/vold ( 257): prepare
05-27 14:24:32.520 D/vold ( 257):
05-27 14:24:32.520 D/vold ( 257): 0
05-27 14:24:32.520 D/vold ( 257): 1
05-27 14:24:32.552 D/BootAnimation( 261): BootAnimation::threadLoop
05-27 14:24:32.552 D/BootAnimation( 261): bootVideoProp=50, mConfig=0, mVol=50, mMute=0
05-27 14:24:32.574 D/BootAnimation( 261): BootAnimationShownTiming start time: 9001ms
05-27 14:24:32.596 D/vold ( 257): Detected support for FS_IOC_ADD_ENCRYPTION_KEY
05-27 14:24:32.732 I/odsign ( 457): Trying to retrieve existing HMAC key...
05-27 14:24:32.734 I/odsign ( 457): Trying to retrieve existing keystore key...
05-27 14:24:32.740 I/odsign ( 457): Verified public key signature.
05-27 14:24:32.740 I/odsign ( 457): Initialized Keystore key.
05-27 14:24:32.742 I/odsign ( 457): Found and verified existing public key certificate: /data/misc/odsign/key.cert
05-27 14:24:32.900 I/odrefresh( 458): ART APEX version 340090000
05-27 14:24:33.048 I/odrefresh( 458): Boot images on /system OK (arm)
05-27 14:24:33.052 I/odrefresh( 458): system_server artifacts on /system OK
05-27 14:24:33.066 I/odsign ( 457): /data/misc/odsign/odsign.info.signature matches.
05-27 14:24:33.067 I/odsign ( 457): Loaded /data/misc/odsign/odsign.info
05-27 14:24:33.068 I/odsign ( 457): All root hashes match.
05-27 14:24:33.069 I/odsign ( 457): odrefresh said artifacts are VALID
05-27 14:24:33.069 I/odsign ( 457): On-device signing done.
05-27 14:24:33.069 I/odsign ( 457): Metrics report is empty
05-27 14:24:33.088 I/keystore2( 289): system/security/keystore2/src/super_key.rs:330 - keystore.boot_level 1000000000 hits maximum 1000000000, finishing.
05-27 14:24:34.142 I/android.hardware.wifi-service.droidlogic( 519): Wifi Hal is booting up...
05-27 14:24:34.148 I/android.hardware.wifi-service.droidlogic( 519): Joining RPC thread pool
05-27 14:24:34.465 I/gsid ( 572): no DSU: No such file or directory
05-27 14:24:34.828 I/installd( 612): installd firing up
05-27 14:24:34.916 I/wificond( 621): wificond is starting up...
05-27 14:24:34.943 E/HidlServiceManagement( 621): Service android.system.wifi.keystore@1.0::IKeystore/default must be in VINTF manifest in order to register/get.
05-27 14:24:34.943 I/wificond( 621): Did not register wifi keystore HIDL HAL service: -2147483648
05-27 14:24:35.058 W/storaged( 618): health: invalid battery status
05-27 14:24:37.801 D/SystemServerTiming( 704): InitBeforeStartServices
05-27 14:24:37.808 I/SystemServer( 704): Entered the Android system server!
05-27 14:24:38.102 I/SystemServerInitThreadPool( 704): Creating instance with 4 threads
05-27 14:24:38.626 D/SystemServerTiming( 704): StartServices
05-27 14:24:38.626 D/SystemServerTiming( 704): startBootstrapServices
05-27 14:24:38.626 D/SystemServerTiming( 704): ArtModuleServiceInitializer
05-27 14:24:38.628 D/SystemServerTiming( 704): StartWatchdog
05-27 14:24:38.632 I/SystemServer( 704): Reading configuration...
05-27 14:24:38.632 D/SystemServerTiming( 704): ReadingSystemConfig
05-27 14:24:38.632 D/SystemServerTiming( 704): PlatformCompat
05-27 14:24:38.633 D/SystemServerTimingAsync( 704): InitThreadPoolExec:ReadingSystemConfig
05-27 14:24:38.633 D/CompatConfig( 704): Found a config file: /system/etc/compatconfig/TeleService-platform-compat-config.xml
05-27 14:24:38.634 D/CompatConfig( 704): Adding: com.android.server.compat.config.Change@d42c28f
05-27 14:24:38.634 I/SystemConfig( 704): Reading permissions from /system/etc/sysconfig/framework-sysconfig.xml
05-27 14:24:38.634 D/CompatConfig( 704): Adding: com.android.server.compat.config.Change@64e991c
05-27 14:24:38.634 D/CompatConfig( 704): Adding: com.android.server.compat.config.Change@9c5e925
05-27 14:24:38.634 D/CompatConfig( 704): Adding: com.android.server.compat.config.Change@debbafa
05-27 14:24:38.634 D/CompatConfig( 704): Adding: com.android.server.compat.config.Change@7b2f8ab
05-27 14:24:38.634 D/CompatConfig( 704): Adding: com.android.server.compat.config.Change@e3a2b08
05-27 14:24:38.637 I/SystemConfig( 704): Reading permissions from /system/etc/sysconfig/hiddenapi-package-whitelist.xml
05-27 14:24:38.637 D/CompatConfig( 704): Found a config file: /system/etc/compatconfig/calendar-provider-compat-config.xml
05-27 14:24:38.637 I/SystemConfig( 704): Reading permissions from /system/etc/sysconfig/initial-package-stopped-states.xml
05-27 14:24:38.638 D/CompatConfig( 704): Adding: com.android.server.compat.config.Change@5caefb4
05-27 14:24:38.638 D/CompatConfig( 704): Found a config file: /system/etc/compatconfig/contacts-provider-platform-compat-config.xml
05-27 14:24:38.639 I/SystemConfig( 704): Reading permissions from /system/etc/sysconfig/preinstalled-packages-asl-files.xml
05-27 14:24:38.640 D/CompatConfig( 704): Found a config file: /system/etc/compatconfig/documents-ui-compat-config.xml
05-27 14:24:38.640 I/SystemConfig( 704): Reading permissions from /system/etc/sysconfig/preinstalled-packages-com.android.providers.media.module.xml
05-27 14:24:38.640 D/CompatConfig( 704): Adding: com.android.server.compat.config.Change@ea454d9
05-27 14:24:38.641 I/SystemConfig( 704): Reading permissions from /system/etc/sysconfig/preinstalled-packages-platform.xml
05-27 14:24:38.641 D/CompatConfig( 704): Found a config file: /system/etc/compatconfig/framework-platform-compat-config.xml
05-27 14:24:38.643 I/SystemConfig( 704): Reading permissions from /system/etc/permissions/android.hardware.bluetooth.xml
05-27 14:24:38.644 I/SystemConfig( 704): Reading permissions from /system/etc/permissions/android.hardware.bluetooth_le.xml
05-27 14:24:38.645 I/SystemConfig( 704): Reading permissions from /system/etc/permissions/android.software.webview.xml
05-27 14:24:38.647 I/SystemConfig( 704): Reading permissions from /system/etc/permissions/android.test.base.xml
05-27 14:24:38.648 I/SystemConfig( 704): Reading permissions from /system/etc/permissions/android.test.mock.xml
05-27 14:24:38.648 D/CompatConfig( 704): Adding: com.android.server.compat.config.Change@c8ac611
05-27 14:24:38.648 D/CompatConfig( 704): Adding: com.android.server.compat.config.Change@195b376
05-27 14:24:38.648 D/CompatConfig( 704): Adding: com.android.server.compat.config.Change@caf8d77
05-27 14:24:38.648 D/CompatConfig( 704): Adding: com.android.server.compat.config.Change@4e3ade4
05-27 14:24:38.648 D/CompatConfig( 704): Adding: com.android.server.compat.config.Change@644b24d
05-27 14:24:38.648 D/CompatConfig( 704): Adding: com.android.server.compat.config.Change@e219102
05-27 14:24:38.648 D/CompatConfig( 704): Adding: com.android.server.compat.config.Change@8058a13
05-27 14:24:38.648 D/CompatConfig( 704): Adding: com.android.server.compat.config.Change@81fc450
05-27 14:24:38.648 D/CompatConfig( 704): Adding: com.android.server.compat.config.Change@9372649
05-27 14:24:38.648 D/CompatConfig( 704): Adding: com.android.server.compat.config.Change@f9bbb4e
05-27 14:24:38.648 D/CompatConfig( 704): Adding: com.android.server.compat.config.Change@4b4b46f
05-27 14:24:38.648 D/CompatConfig( 704): Adding: com.android.server.compat.config.Change@cc4d57c
05-27 14:24:38.649 D/CompatConfig( 704): Adding: com.android.server.compat.config.Change@2c2de05
05-27 14:24:38.649 D/CompatConfig( 704): Adding: com.android.server.compat.config.Change@97c3e5a
05-27 14:24:38.649 D/CompatConfig( 704): Adding: com.android.server.compat.config.Change@882288b
05-27 14:24:38.649 D/CompatConfig( 704): Adding: com.android.server.compat.config.Change@e47cd68
05-27 14:24:38.649 D/CompatConfig( 704): Adding: com.android.server.compat.config.Change@b985581
05-27 14:24:38.649 D/CompatConfig( 704): Adding: com.android.server.compat.config.Change@cafe626
05-27 14:24:38.649 D/CompatConfig( 704): Adding: com.android.server.compat.config.Change@668c267
05-27 14:24:38.649 D/CompatConfig( 704): Adding: com.android.server.compat.config.Change@8805814
05-27 14:24:38.649 D/CompatConfig( 704): Adding: com.android.server.compat.config.Change@cf3c8bd
05-27 14:24:38.649 D/CompatConfig( 704): Adding: com.android.server.compat.config.Change@a243eb2
05-27 14:24:38.649 D/CompatConfig( 704): Adding: com.android.server.compat.config.Change@c351e03
05-27 14:24:38.649 D/CompatConfig( 704): Adding: com.android.server.compat.config.Change@b14e180
05-27 14:24:38.649 D/CompatConfig( 704): Adding: com.android.server.compat.config.Change@d9933b9
05-27 14:24:38.649 D/CompatConfig( 704): Adding: com.android.server.compat.config.Change@21393fe
05-27 14:24:38.649 D/CompatConfig( 704): Adding: com.android.server.compat.config.Change@de1975f
05-27 14:24:38.649 D/CompatConfig( 704): Adding: com.android.server.compat.config.Change@7a695ac
05-27 14:24:38.649 D/CompatConfig( 704): Adding: com.android.server.compat.config.Change@2905275
05-27 14:24:38.649 D/CompatConfig( 704): Adding: com.android.server.compat.config.Change@c10f20a
05-27 14:24:38.649 D/CompatConfig( 704): Adding: com.android.server.compat.config.Change@ab24a7b
05-27 14:24:38.649 D/CompatConfig( 704): Adding: com.android.server.compat.config.Change@6bd6098
05-27 14:24:38.649 D/CompatConfig( 704): Adding: com.android.server.compat.config.Change@fa0a0f1
05-27 14:24:38.649 D/CompatConfig( 704): Adding: com.android.server.compat.config.Change@3d424d6
05-27 14:24:38.649 D/CompatConfig( 704): Adding: com.android.server.compat.config.Change@8111357
05-27 14:24:38.649 D/CompatConfig( 704): Adding: com.android.server.compat.config.Change@f73ee44
05-27 14:24:38.649 D/CompatConfig( 704): Adding: com.android.server.compat.config.Change@38d5b2d
05-27 14:24:38.649 D/CompatConfig( 704): Adding: com.android.server.compat.config.Change@6c5b862
05-27 14:24:38.649 D/CompatConfig( 704): Adding: com.android.server.compat.config.Change@e298df3
05-27 14:24:38.649 D/CompatConfig( 704): Adding: com.android.server.compat.config.Change@de3aab0
05-27 14:24:38.649 D/CompatConfig( 704): Adding: com.android.server.compat.config.Change@c117d29
05-27 14:24:38.649 D/CompatConfig( 704): Adding: com.android.server.compat.config.Change@e4af8ae
05-27 14:24:38.649 D/CompatConfig( 704): Adding: com.android.server.compat.config.Change@245164f
05-27 14:24:38.649 D/CompatConfig( 704): Adding: com.android.server.compat.config.Change@450c1dc
05-27 14:24:38.649 D/CompatConfig( 704): Adding: com.android.server.compat.config.Change@d9bc2e5
05-27 14:24:38.649 D/CompatConfig( 704): Adding: com.android.server.compat.config.Change@2d1f1ba
05-27 14:24:38.649 D/CompatConfig( 704): Adding: com.android.server.compat.config.Change@ae6c86b
05-27 14:24:38.649 D/CompatConfig( 704): Adding: com.android.server.compat.config.Change@3161fc8
05-27 14:24:38.649 D/CompatConfig( 704): Adding: com.android.server.compat.config.Change@acaa861
05-27 14:24:38.649 D/CompatConfig( 704): Adding: com.android.server.compat.config.Change@39d6f86
05-27 14:24:38.649 D/CompatConfig( 704): Adding: com.android.server.compat.config.Change@9a78047
05-27 14:24:38.649 D/CompatConfig( 704): Adding: com.android.server.compat.config.Change@3517074
05-27 14:24:38.649 D/CompatConfig( 704): Adding: com.android.server.compat.config.Change@7a8699d
05-27 14:24:38.649 D/CompatConfig( 704): Adding: com.android.server.compat.config.Change@f50fe12
05-27 14:24:38.649 D/CompatConfig( 704): Adding: com.android.server.compat.config.Change@6d1d9e3
05-27 14:24:38.649 D/CompatConfig( 704): Adding: com.android.server.compat.config.Change@4f1fe0
05-27 14:24:38.649 D/CompatConfig( 704): Adding: com.android.server.compat.config.Change@4a70299
05-27 14:24:38.649 D/CompatConfig( 704): Adding: com.android.server.compat.config.Change@93ce95e
05-27 14:24:38.649 D/CompatConfig( 704): Adding: com.android.server.compat.config.Change@abe313f
05-27 14:24:38.649 D/CompatConfig( 704): Adding: com.android.server.compat.config.Change@bb65a0c
05-27 14:24:38.649 D/CompatConfig( 704): Adding: com.android.server.compat.config.Change@d5c2f55
05-27 14:24:38.649 D/CompatConfig( 704): Adding: com.android.server.compat.config.Change@76a3d6a
05-27 14:24:38.649 D/CompatConfig( 704): Adding: com.android.server.compat.config.Change@eea25b
05-27 14:24:38.649 D/CompatConfig( 704): Adding: com.android.server.compat.config.Change@8750af8
05-27 14:24:38.649 D/CompatConfig( 704): Adding: com.android.server.compat.config.Change@6fd6bd1
05-27 14:24:38.649 D/CompatConfig( 704): Adding: com.android.server.compat.config.Change@566c636
05-27 14:24:38.649 D/CompatConfig( 704): Adding: com.android.server.compat.config.Change@eb0937
05-27 14:24:38.649 D/CompatConfig( 704): Adding: com.android.server.compat.config.Change@86bdea4
05-27 14:24:38.649 D/CompatConfig( 704): Adding: com.android.server.compat.config.Change@a9bf40d
05-27 14:24:38.649 D/CompatConfig( 704): Adding: com.android.server.compat.config.Change@7d10fc2
05-27 14:24:38.650 D/CompatConfig( 704): Adding: com.android.server.compat.config.Change@8dd01d3
05-27 14:24:38.650 D/CompatConfig( 704): Adding: com.android.server.compat.config.Change@8da4110
05-27 14:24:38.650 D/CompatConfig( 704): Adding: com.android.server.compat.config.Change@720c409
05-27 14:24:38.650 D/CompatConfig( 704): Adding: com.android.server.compat.config.Change@ca4660e
05-27 14:24:38.650 D/CompatConfig( 704): Adding: com.android.server.compat.config.Change@5ebe82f
05-27 14:24:38.650 D/CompatConfig( 704): Adding: com.android.server.compat.config.Change@98a5e3c
05-27 14:24:38.650 D/CompatConfig( 704): Adding: com.android.server.compat.config.Change@70897c5
05-27 14:24:38.650 D/CompatConfig( 704): Adding: com.android.server.compat.config.Change@444d51a
05-27 14:24:38.650 D/CompatConfig( 704): Adding: com.android.server.compat.config.Change@658d84b
05-27 14:24:38.650 D/CompatConfig( 704): Adding: com.android.server.compat.config.Change@abd2228
05-27 14:24:38.650 D/CompatConfig( 704): Adding: com.android.server.compat.config.Change@5dfeb41
05-27 14:24:38.650 D/CompatConfig( 704): Adding: com.android.server.compat.config.Change@f4b28e6
05-27 14:24:38.650 D/CompatConfig( 704): Adding: com.android.server.compat.config.Change@15aae27
05-27 14:24:38.650 D/CompatConfig( 704): Adding: com.android.server.compat.config.Change@dd638d4
05-27 14:24:38.650 D/CompatConfig( 704): Adding: com.android.server.compat.config.Change@17efa7d
05-27 14:24:38.650 D/CompatConfig( 704): Adding: com.android.server.compat.config.Change@d10ed72
05-27 14:24:38.650 D/CompatConfig( 704): Adding: com.android.server.compat.config.Change@ba05c3
05-27 14:24:38.650 D/CompatConfig( 704): Adding: com.android.server.compat.config.Change@4c80e40
05-27 14:24:38.650 D/CompatConfig( 704): Adding: com.android.server.compat.config.Change@305c179
05-27 14:24:38.650 D/CompatConfig( 704): Adding: com.android.server.compat.config.Change@6fc6ebe
05-27 14:24:38.650 D/CompatConfig( 704): Adding: com.android.server.compat.config.Change@82d3b1f
05-27 14:24:38.650 D/CompatConfig( 704): Adding: com.android.server.compat.config.Change@c3fce6c
05-27 14:24:38.650 D/CompatConfig( 704): Adding: com.android.server.compat.config.Change@b97fc35
05-27 14:24:38.650 D/CompatConfig( 704): Adding: com.android.server.compat.config.Change@48cb8ca
05-27 14:24:38.650 D/CompatConfig( 704): Adding: com.android.server.compat.config.Change@6746a3b
05-27 14:24:38.650 D/CompatConfig( 704): Adding: com.android.server.compat.config.Change@c916558
05-27 14:24:38.650 D/CompatConfig( 704): Adding: com.android.server.compat.config.Change@d926b1
05-27 14:24:38.650 D/CompatConfig( 704): Adding: com.android.server.compat.config.Change@4259796
05-27 14:24:38.650 D/CompatConfig( 704): Adding: com.android.server.compat.config.Change@c356f17
05-27 14:24:38.650 D/CompatConfig( 704): Adding: com.android.server.compat.config.Change@d637f04
05-27 14:24:38.650 D/CompatConfig( 704): Adding: com.android.server.compat.config.Change@49b9722
05-27 14:24:38.650 D/CompatConfig( 704): Adding: com.android.server.compat.config.Change@497e5b3
05-27 14:24:38.650 D/CompatConfig( 704): Adding: com.android.server.compat.config.Change@81b8770
05-27 14:24:38.650 D/CompatConfig( 704): Adding: com.android.server.compat.config.Change@79cfae9
05-27 14:24:38.650 D/CompatConfig( 704): Adding: com.android.server.compat.config.Change@b80036e
05-27 14:24:38.650 D/CompatConfig( 704): Adding: com.android.server.compat.config.Change@ba12a0f
05-27 14:24:38.650 D/CompatConfig( 704): Adding: com.android.server.compat.config.Change@509aa9c
05-27 14:24:38.650 D/CompatConfig( 704): Adding: com.android.server.compat.config.Change@7c15ca5
05-27 14:24:38.650 D/CompatConfig( 704): Adding: com.android.server.compat.config.Change@42ce87a
05-27 14:24:38.650 I/SystemConfig( 704): Reading permissions from /system/etc/permissions/android.test.runner.xml
05-27 14:24:38.651 D/CompatConfig( 704): Adding: com.android.server.compat.config.Change@e50582b
05-27 14:24:38.651 D/CompatConfig( 704): Adding: com.android.server.compat.config.Change@f54d488
05-27 14:24:38.651 D/CompatConfig( 704): Adding: com.android.server.compat.config.Change@9101e21
05-27 14:24:38.651 D/CompatConfig( 704): Adding: com.android.server.compat.config.Change@3911246
05-27 14:24:38.651 D/CompatConfig( 704): Adding: com.android.server.compat.config.Change@7a4c07
05-27 14:24:38.651 D/CompatConfig( 704): Adding: com.android.server.compat.config.Change@ba6b134
05-27 14:24:38.651 D/CompatConfig( 704): Adding: com.android.server.compat.config.Change@22f7b5d
05-27 14:24:38.651 D/CompatConfig( 704): Adding: com.android.server.compat.config.Change@cbc0cd2
05-27 14:24:38.651 D/CompatConfig( 704): Adding: com.android.server.compat.config.Change@465a1a3
05-27 14:24:38.651 D/CompatConfig( 704): Adding: com.android.server.compat.config.Change@d97aca0
05-27 14:24:38.651 D/CompatConfig( 704): Adding: com.android.server.compat.config.Change@3ed7059
05-27 14:24:38.651 D/CompatConfig( 704): Adding: com.android.server.compat.config.Change@22a241e
05-27 14:24:38.651 D/CompatConfig( 704): Adding: com.android.server.compat.config.Change@26b4ff
05-27 14:24:38.651 D/CompatConfig( 704): Adding: com.android.server.compat.config.Change@7daf2cc
05-27 14:24:38.651 D/CompatConfig( 704): Adding: com.android.server.compat.config.Change@3fbb915
05-27 14:24:38.651 D/CompatConfig( 704): Adding: com.android.server.compat.config.Change@fd0642a
05-27 14:24:38.651 D/CompatConfig( 704): Adding: com.android.server.compat.config.Change@32a6fb8
05-27 14:24:38.651 D/CompatConfig( 704): Adding: com.android.server.compat.config.Change@76bd191
05-27 14:24:38.651 D/CompatConfig( 704): Adding: com.android.server.compat.config.Change@9e898f6
05-27 14:24:38.651 I/SystemConfig( 704): Reading permissions from /system/etc/permissions/com.android.adservices.sdksandbox.xml
05-27 14:24:38.652 D/CompatConfig( 704): Found a config file: /system/etc/compatconfig/icu4j-platform-compat-config.xml
05-27 14:24:38.652 I/SystemConfig( 704): Reading permissions from /system/etc/permissions/com.android.future.usb.accessory.xml
05-27 14:24:38.652 D/CompatConfig( 704): Adding: com.android.server.compat.config.Change@8eaf5cd
05-27 14:24:38.653 I/SystemConfig( 704): Reading permissions from /system/etc/permissions/com.android.intentresolver.xml
05-27 14:24:38.653 D/CompatConfig( 704): Found a config file: /system/etc/compatconfig/services-platform-compat-config.xml
05-27 14:24:38.654 I/SystemConfig( 704): Reading permissions from /system/etc/permissions/com.android.location.provider.xml
05-27 14:24:38.655 I/SystemConfig( 704): Reading permissions from /system/etc/permissions/com.android.media.remotedisplay.xml
05-27 14:24:38.656 I/SystemConfig( 704): Reading permissions from /system/etc/permissions/com.android.media.tv.remoteprovider.xml
05-27 14:24:38.656 D/CompatConfig( 704): Adding: com.android.server.compat.config.Change@b5cdbef
05-27 14:24:38.656 D/CompatConfig( 704): Adding: com.android.server.compat.config.Change@b66a6fc
05-27 14:24:38.656 D/CompatConfig( 704): Adding: com.android.server.compat.config.Change@47e1185
05-27 14:24:38.656 D/CompatConfig( 704): Adding: com.android.server.compat.config.Change@4e22bda
05-27 14:24:38.656 D/CompatConfig( 704): Adding: com.android.server.compat.config.Change@245480b
05-27 14:24:38.656 D/CompatConfig( 704): Adding: com.android.server.compat.config.Change@6f536e8
05-27 14:24:38.656 D/CompatConfig( 704): Adding: com.android.server.compat.config.Change@c934101
05-27 14:24:38.656 D/CompatConfig( 704): Adding: com.android.server.compat.config.Change@472ba6
05-27 14:24:38.656 D/CompatConfig( 704): Adding: com.android.server.compat.config.Change@5fe59e7
05-27 14:24:38.656 D/CompatConfig( 704): Adding: com.android.server.compat.config.Change@c5ad994
05-27 14:24:38.656 D/CompatConfig( 704): Adding: com.android.server.compat.config.Change@d71ec3d
05-27 14:24:38.656 D/CompatConfig( 704): Adding: com.android.server.compat.config.Change@3aa5c32
05-27 14:24:38.656 D/CompatConfig( 704): Adding: com.android.server.compat.config.Change@84cad83
05-27 14:24:38.656 D/CompatConfig( 704): Adding: com.android.server.compat.config.Change@bd5fb00
05-27 14:24:38.656 D/CompatConfig( 704): Adding: com.android.server.compat.config.Change@e960f39
05-27 14:24:38.656 D/CompatConfig( 704): Adding: com.android.server.compat.config.Change@d9e097e
05-27 14:24:38.656 D/CompatConfig( 704): Adding: com.android.server.compat.config.Change@8a29edf
05-27 14:24:38.656 D/CompatConfig( 704): Adding: com.android.server.compat.config.Change@91fc72c
05-27 14:24:38.656 D/CompatConfig( 704): Adding: com.android.server.compat.config.Change@93f65f5
05-27 14:24:38.657 D/CompatConfig( 704): Adding: com.android.server.compat.config.Change@18d3f8a
05-27 14:24:38.657 D/CompatConfig( 704): Adding: com.android.server.compat.config.Change@13c49fb
05-27 14:24:38.657 D/CompatConfig( 704): Adding: com.android.server.compat.config.Change@8582a18
05-27 14:24:38.657 D/CompatConfig( 704): Adding: com.android.server.compat.config.Change@ed6c71
05-27 14:24:38.657 D/CompatConfig( 704): Adding: com.android.server.compat.config.Change@c87ca56
05-27 14:24:38.657 D/CompatConfig( 704): Adding: com.android.server.compat.config.Change@9fb8ad7
05-27 14:24:38.657 D/CompatConfig( 704): Adding: com.android.server.compat.config.Change@79b5ead
05-27 14:24:38.657 D/CompatConfig( 704): Adding: com.android.server.compat.config.Change@ace35e2
05-27 14:24:38.657 D/CompatConfig( 704): Adding: com.android.server.compat.config.Change@d03fd73
05-27 14:24:38.657 D/CompatConfig( 704): Adding: com.android.server.compat.config.Change@bde2430
05-27 14:24:38.657 D/CompatConfig( 704): Adding: com.android.server.compat.config.Change@9bc38a9
05-27 14:24:38.657 I/SystemConfig( 704): Reading permissions from /system/etc/permissions/com.android.mediadrm.signer.xml
05-27 14:24:38.657 D/CompatConfig( 704): Adding: com.android.server.compat.config.Change@a1dce2e
05-27 14:24:38.657 D/CompatConfig( 704): Adding: com.android.server.compat.config.Change@916fdcf
05-27 14:24:38.657 D/CompatConfig( 704): Adding: com.android.server.compat.config.Change@d39535c
05-27 14:24:38.657 D/CompatConfig( 704): Adding: com.android.server.compat.config.Change@df6b665
05-27 14:24:38.657 D/CompatConfig( 704): Adding: com.android.server.compat.config.Change@4bc9f3a
05-27 14:24:38.657 D/CompatConfig( 704): Adding: com.android.server.compat.config.Change@dafa7eb
05-27 14:24:38.657 D/CompatConfig( 704): Adding: com.android.server.compat.config.Change@3b64948
05-27 14:24:38.657 D/CompatConfig( 704): Adding: com.android.server.compat.config.Change@4a153e1
05-27 14:24:38.657 D/CompatConfig( 704): Adding: com.android.server.compat.config.Change@1457506
05-27 14:24:38.657 D/CompatConfig( 704): Adding: com.android.server.compat.config.Change@cded7c7
05-27 14:24:38.657 D/CompatConfig( 704): Adding: com.android.server.compat.config.Change@b8ab1f4
05-27 14:24:38.657 D/CompatConfig( 704): Adding: com.android.server.compat.config.Change@2fe4d1d
05-27 14:24:38.657 D/CompatConfig( 704): Adding: com.android.server.compat.config.Change@333db92
05-27 14:24:38.657 D/CompatConfig( 704): Adding: com.android.server.compat.config.Change@ee72963
05-27 14:24:38.657 D/CompatConfig( 704): Adding: com.android.server.compat.config.Change@c9af960
05-27 14:24:38.657 D/CompatConfig( 704): Adding: com.android.server.compat.config.Change@6379e19
05-27 14:24:38.657 D/CompatConfig( 704): Adding: com.android.server.compat.config.Change@8301ede
05-27 14:24:38.657 D/CompatConfig( 704): Adding: com.android.server.compat.config.Change@398f8bf
05-27 14:24:38.657 D/CompatConfig( 704): Adding: com.android.server.compat.config.Change@6a64b8c
05-27 14:24:38.657 D/CompatConfig( 704): Adding: com.android.server.compat.config.Change@a1b02d5
05-27 14:24:38.657 D/CompatConfig( 704): Adding: com.android.server.compat.config.Change@e1b4aea
05-27 14:24:38.657 D/CompatConfig( 704): Adding: com.android.server.compat.config.Change@d6e61db
05-27 14:24:38.657 D/CompatConfig( 704): Adding: com.android.server.compat.config.Change@4329478
05-27 14:24:38.657 D/CompatConfig( 704): Adding: com.android.server.compat.config.Change@f95f751
05-27 14:24:38.657 D/CompatConfig( 704): Adding: com.android.server.compat.config.Change@ddb2bb6
05-27 14:24:38.657 D/CompatConfig( 704): Adding: com.android.server.compat.config.Change@388024
05-27 14:24:38.657 D/CompatConfig( 704): Adding: com.android.server.compat.config.Change@ef1b78d
05-27 14:24:38.657 D/CompatConfig( 704): Adding: com.android.server.compat.config.Change@6e64d42
05-27 14:24:38.657 D/CompatConfig( 704): Adding: com.android.server.compat.config.Change@ea53153
05-27 14:24:38.657 D/CompatConfig( 704): Adding: com.android.server.compat.config.Change@a8f7a90
05-27 14:24:38.657 D/CompatConfig( 704): Adding: com.android.server.compat.config.Change@1cf3f89
05-27 14:24:38.657 D/CompatConfig( 704): Adding: com.android.server.compat.config.Change@78ffb8e
05-27 14:24:38.658 D/CompatConfig( 704): Adding: com.android.server.compat.config.Change@4c78faf
05-27 14:24:38.658 I/SystemConfig( 704): Reading permissions from /system/etc/permissions/com.android.networkstack.xml
05-27 14:24:38.658 D/CompatConfig( 704): Adding: com.android.server.compat.config.Change@719afbc
05-27 14:24:38.658 D/CompatConfig( 704): Adding: com.android.server.compat.config.Change@e34b45
05-27 14:24:38.658 D/CompatConfig( 704): Adding: com.android.server.compat.config.Change@e14429a
05-27 14:24:38.658 D/CompatConfig( 704): Adding: com.android.server.compat.config.Change@80777cb
05-27 14:24:38.658 D/CompatConfig( 704): Adding: com.android.server.compat.config.Change@3b00ba8
05-27 14:24:38.658 D/CompatConfig( 704): Adding: com.android.server.compat.config.Change@17256c1
05-27 14:24:38.658 D/CompatConfig( 704): Adding: com.android.server.compat.config.Change@e63ee66
05-27 14:24:38.658 D/CompatConfig( 704): Adding: com.android.server.compat.config.Change@c13c5a7
05-27 14:24:38.658 D/CompatConfig( 704): Adding: com.android.server.compat.config.Change@ce3a54
05-27 14:24:38.658 D/CompatConfig( 704): Adding: com.android.server.compat.config.Change@e8c9dfd
05-27 14:24:38.658 D/CompatConfig( 704): Adding: com.android.server.compat.config.Change@8b08af2
05-27 14:24:38.658 D/CompatConfig( 704): Adding: com.android.server.compat.config.Change@6ad1543
05-27 14:24:38.658 D/CompatConfig( 704): Adding: com.android.server.compat.config.Change@8fea7c0
05-27 14:24:38.658 D/CompatConfig( 704): Adding: com.android.server.compat.config.Change@a0a1cf9
05-27 14:24:38.658 D/CompatConfig( 704): Adding: com.android.server.compat.config.Change@cb8643e
05-27 14:24:38.658 D/CompatConfig( 704): Adding: com.android.server.compat.config.Change@f01c29f
05-27 14:24:38.658 D/CompatConfig( 704): Adding: com.android.server.compat.config.Change@3067fec
05-27 14:24:38.658 D/CompatConfig( 704): Adding: com.android.server.compat.config.Change@1468fb5
05-27 14:24:38.658 D/CompatConfig( 704): Adding: com.android.server.compat.config.Change@5d2864a
05-27 14:24:38.658 D/CompatConfig( 704): Adding: com.android.server.compat.config.Change@6c9e9bb
05-27 14:24:38.658 D/CompatConfig( 704): Adding: com.android.server.compat.config.Change@ad1aed8
05-27 14:24:38.658 D/CompatConfig( 704): Adding: com.android.server.compat.config.Change@19d7231
05-27 14:24:38.658 D/CompatConfig( 704): Adding: com.android.server.compat.config.Change@bbabd16
05-27 14:24:38.658 D/CompatConfig( 704): Adding: com.android.server.compat.config.Change@9236697
05-27 14:24:38.658 D/CompatConfig( 704): Adding: com.android.server.compat.config.Change@d1ee084
05-27 14:24:38.658 I/SystemConfig( 704): Reading permissions from /system/etc/permissions/javax.obex.xml
05-27 14:24:38.659 D/CompatConfig( 704): No directory /system/system_ext/etc/compatconfig, skipping
05-27 14:24:38.660 D/ApexManagerTiming( 704): getActiveApexInfos_noCache
05-27 14:24:38.660 I/SystemConfig( 704): Reading permissions from /system/etc/permissions/org.apache.http.legacy.xml
05-27 14:24:38.663 I/SystemConfig( 704): Reading permissions from /system/etc/permissions/privapp-permissions-oranth.xml
05-27 14:24:38.666 I/SystemConfig( 704): Reading permissions from /system/etc/permissions/privapp-permissions-platform.xml
05-27 14:24:38.675 I/SystemConfig( 704): Reading permissions from /system/etc/permissions/privapp_allowlist_com.android.adservices.api.xml
05-27 14:24:38.676 I/SystemConfig( 704): Reading permissions from /system/etc/permissions/privapp_allowlist_com.android.providers.media.module.xml
05-27 14:24:38.678 I/SystemConfig( 704): Reading permissions from /system/etc/permissions/tv_core_hardware.xml
05-27 14:24:38.678 D/CompatConfig( 704): No directory /apex/com.android.appsearch/etc/compatconfig, skipping
05-27 14:24:38.678 D/CompatConfig( 704): No directory /apex/com.android.resolv/etc/compatconfig, skipping
05-27 14:24:38.678 D/CompatConfig( 704): No directory /apex/com.google.android.widevine/etc/compatconfig, skipping
05-27 14:24:38.678 I/SystemConfig( 704): Reading permissions from /system/etc/permissions/platform.xml
05-27 14:24:38.678 D/CompatConfig( 704): No directory /apex/com.amlogic.mediaextractor/etc/compatconfig, skipping
05-27 14:24:38.679 D/CompatConfig( 704): Found a config file: /apex/com.android.tethering/etc/compatconfig/connectivity-platform-compat-config.xml
05-27 14:24:38.681 D/CompatConfig( 704): Adding: com.android.server.compat.config.Change@35f678b
05-27 14:24:38.681 D/CompatConfig( 704): Adding: com.android.server.compat.config.Change@1ada068
05-27 14:24:38.681 D/CompatConfig( 704): Adding: com.android.server.compat.config.Change@63d2c81
05-27 14:24:38.681 D/CompatConfig( 704): Adding: com.android.server.compat.config.Change@8617126
05-27 14:24:38.683 D/CompatConfig( 704): Found a config file: /apex/com.android.wifi/etc/compatconfig/wifi-compat-config.xml
05-27 14:24:38.684 I/SystemConfig( 704): Reading permissions from /vendor/etc/permissions/android.hardware.audio.output.xml
05-27 14:24:38.684 D/CompatConfig( 704): Adding: com.android.server.compat.config.Change@28f0fbd
05-27 14:24:38.684 D/CompatConfig( 704): Adding: com.android.server.compat.config.Change@6e379b2
05-27 14:24:38.684 D/CompatConfig( 704): Adding: com.android.server.compat.config.Change@f9b3d03
05-27 14:24:38.685 D/CompatConfig( 704): No directory /apex/com.android.media/etc/compatconfig, skipping
05-27 14:24:38.685 D/CompatConfig( 704): No directory /apex/com.android.virt/etc/compatconfig, skipping
05-27 14:24:38.685 I/SystemConfig( 704): Reading permissions from /vendor/etc/permissions/android.hardware.bluetooth.xml
05-27 14:24:38.685 D/CompatConfig( 704): No directory /apex/com.android.vndk.v34/etc/compatconfig, skipping
05-27 14:24:38.685 D/CompatConfig( 704): No directory /apex/com.android.apex.cts.shim/etc/compatconfig, skipping
05-27 14:24:38.685 D/CompatConfig( 704): No directory /apex/com.android.media.swcodec/etc/compatconfig, skipping
05-27 14:24:38.685 D/CompatConfig( 704): No directory /apex/com.android.ondevicepersonalization/etc/compatconfig, skipping
05-27 14:24:38.685 D/CompatConfig( 704): No directory /apex/com.android.ipsec/etc/compatconfig, skipping
05-27 14:24:38.685 D/CompatConfig( 704): No directory /apex/com.android.neuralnetworks/etc/compatconfig, skipping
05-27 14:24:38.686 D/CompatConfig( 704): No directory /apex/com.android.adbd/etc/compatconfig, skipping
05-27 14:24:38.686 I/SystemConfig( 704): Reading permissions from /vendor/etc/permissions/android.hardware.bluetooth_le.xml
05-27 14:24:38.686 D/CompatConfig( 704): No directory /apex/com.android.i18n/etc/compatconfig, skipping
05-27 14:24:38.686 D/CompatConfig( 704): No directory /apex/com.android.configinfrastructure/etc/compatconfig, skipping
05-27 14:24:38.686 D/CompatConfig( 704): No directory /apex/com.android.adservices/etc/compatconfig, skipping
05-27 14:24:38.686 D/CompatConfig( 704): No directory /apex/com.android.devicelock/etc/compatconfig, skipping
05-27 14:24:38.686 D/CompatConfig( 704): No directory /apex/com.android.healthfitness/etc/compatconfig, skipping
05-27 14:24:38.686 D/CompatConfig( 704): No directory /apex/com.android.sdkext/etc/compatconfig, skipping
05-27 14:24:38.686 D/CompatConfig( 704): No directory /apex/com.android.tzdata/etc/compatconfig, skipping
05-27 14:24:38.687 D/CompatConfig( 704): Found a config file: /apex/com.android.btservices/etc/compatconfig/bluetoothapk-platform-compat-config.xml
05-27 14:24:38.687 I/SystemConfig( 704): Reading permissions from /vendor/etc/permissions/android.hardware.camera.external.xml
05-27 14:24:38.688 D/CompatConfig( 704): Adding: com.android.server.compat.config.Change@96d7975
05-27 14:24:38.688 I/SystemConfig( 704): Reading permissions from /vendor/etc/permissions/android.hardware.ethernet.xml
05-27 14:24:38.688 I/SystemConfig( 704): Reading permissions from /vendor/etc/permissions/android.hardware.gamepad.xml
05-27 14:24:38.688 D/CompatConfig( 704): Found a config file: /apex/com.android.btservices/etc/compatconfig/bluetooth-compat-config.xml
05-27 14:24:38.689 I/SystemConfig( 704): Reading permissions from /vendor/etc/permissions/android.hardware.hardware_keystore.xml
05-27 14:24:38.689 D/CompatConfig( 704): Adding: com.android.server.compat.config.Change@4a937f1
05-27 14:24:38.690 D/CompatConfig( 704): Found a config file: /apex/com.android.btservices/etc/compatconfig/framework-bluetooth-compat-config.xml
05-27 14:24:38.690 I/SystemConfig( 704): Reading permissions from /vendor/etc/permissions/android.hardware.hdmi.cec.xml
05-27 14:24:38.691 I/SystemConfig( 704): Reading permissions from /vendor/etc/permissions/android.hardware.keystore.app_attest_key.xml
05-27 14:24:38.691 D/CompatConfig( 704): Adding: com.android.server.compat.config.Change@608622d
05-27 14:24:38.692 I/SystemConfig( 704): Reading permissions from /vendor/etc/permissions/android.hardware.location.xml
05-27 14:24:38.692 D/CompatConfig( 704): No directory /apex/com.android.permission/etc/compatconfig, skipping
05-27 14:24:38.693 I/SystemConfig( 704): Reading permissions from /vendor/etc/permissions/android.hardware.opengles.aep.xml
05-27 14:24:38.693 D/CompatConfig( 704): Found a config file: /apex/com.android.mediaprovider/etc/compatconfig/media-provider-platform-compat-config.xml
05-27 14:24:38.693 I/SystemConfig( 704): Reading permissions from /vendor/etc/permissions/android.hardware.usb.host.xml
05-27 14:24:38.694 D/CompatConfig( 704): Adding: com.android.server.compat.config.Change@693a3ae
05-27 14:24:38.694 D/CompatConfig( 704): Adding: com.android.server.compat.config.Change@6fce4dc
05-27 14:24:38.694 I/SystemConfig( 704): Reading permissions from /vendor/etc/permissions/android.hardware.vulkan.compute.xml
05-27 14:24:38.694 D/CompatConfig( 704): Adding: com.android.server.compat.config.Change@590a9e5
05-27 14:24:38.694 D/CompatConfig( 704): Adding: com.android.server.compat.config.Change@e7a4cba
05-27 14:24:38.694 D/CompatConfig( 704): Adding: com.android.server.compat.config.Change@f4f876b
05-27 14:24:38.694 D/CompatConfig( 704): Adding: com.android.server.compat.config.Change@7e172c8
05-27 14:24:38.694 D/CompatConfig( 704): Adding: com.android.server.compat.config.Change@aa6ff61
05-27 14:24:38.695 I/SystemConfig( 704): Reading permissions from /vendor/etc/permissions/android.hardware.vulkan.level.xml
05-27 14:24:38.696 D/CompatConfig( 704): No directory /apex/com.android.uwb/etc/compatconfig, skipping
05-27 14:24:38.696 D/CompatConfig( 704): No directory /apex/com.android.extservices/etc/compatconfig, skipping
05-27 14:24:38.696 D/CompatConfig( 704): No directory /apex/com.android.scheduling/etc/compatconfig, skipping
05-27 14:24:38.696 D/CompatConfig( 704): No directory /apex/com.android.os.statsd/etc/compatconfig, skipping
05-27 14:24:38.696 I/SystemConfig( 704): Reading permissions from /vendor/etc/permissions/android.hardware.vulkan.version.xml
05-27 14:24:38.697 D/CompatConfig( 704): No directory /apex/com.android.runtime/etc/compatconfig, skipping
05-27 14:24:38.697 I/SystemConfig( 704): Reading permissions from /vendor/etc/permissions/android.hardware.wifi.direct.xml
05-27 14:24:38.698 D/CompatConfig( 704): Found a config file: /apex/com.android.art/etc/compatconfig/libcore-platform-compat-config.xml
05-27 14:24:38.698 I/SystemConfig( 704): Reading permissions from /vendor/etc/permissions/android.hardware.wifi.passpoint.xml
05-27 14:24:38.699 I/SystemConfig( 704): Reading permissions from /vendor/etc/permissions/android.hardware.wifi.xml
05-27 14:24:38.699 D/CompatConfig( 704): Adding: com.android.server.compat.config.Change@2d1d2e0
05-27 14:24:38.699 D/CompatConfig( 704): Adding: com.android.server.compat.config.Change@ad73999
05-27 14:24:38.699 D/CompatConfig( 704): Adding: com.android.server.compat.config.Change@686545e
05-27 14:24:38.699 D/CompatConfig( 704): Adding: com.android.server.compat.config.Change@39ac03f
05-27 14:24:38.699 D/CompatConfig( 704): Adding: com.android.server.compat.config.Change@f313d0c
05-27 14:24:38.699 D/CompatConfig( 704): Adding: com.android.server.compat.config.Change@bd8d655
05-27 14:24:38.699 D/CompatConfig( 704): Adding: com.android.server.compat.config.Change@75f586a
05-27 14:24:38.699 D/CompatConfig( 704): Adding: com.android.server.compat.config.Change@c85215b
05-27 14:24:38.699 D/CompatConfig( 704): Adding: com.android.server.compat.config.Change@c3b1df8
05-27 14:24:38.699 D/CompatConfig( 704): Adding: com.android.server.compat.config.Change@e1d82d1
05-27 14:24:38.699 D/CompatConfig( 704): Adding: com.android.server.compat.config.Change@f129136
05-27 14:24:38.699 I/SystemConfig( 704): Reading permissions from /vendor/etc/permissions/android.software.app_widgets.xml
05-27 14:24:38.700 D/CompatConfig( 704): No directory /apex/com.android.conscrypt/etc/compatconfig, skipping
05-27 14:24:38.700 D/CompatConfig( 704): No directory /apex/com.android.rkpd/etc/compatconfig, skipping
05-27 14:24:38.700 I/SystemConfig( 704): Reading permissions from /vendor/etc/permissions/android.software.backup.xml
05-27 14:24:38.701 I/SystemConfig( 704): Reading permissions from /vendor/etc/permissions/android.software.cant_save_state.xml
05-27 14:24:38.702 D/SystemServerTiming( 704): StartFileIntegrityService
05-27 14:24:38.702 I/SystemServiceManager( 704): Starting com.android.server.security.FileIntegrityService
05-27 14:24:38.703 I/SystemConfig( 704): Reading permissions from /vendor/etc/permissions/android.software.farfield.xml
05-27 14:24:38.704 I/SystemConfig( 704): Reading permissions from /vendor/etc/permissions/android.software.ipsec_tunnels.xml
05-27 14:24:38.705 D/SystemServerTiming( 704): StartInstaller
05-27 14:24:38.706 I/SystemServiceManager( 704): Starting com.android.server.pm.Installer
05-27 14:24:38.706 I/SystemConfig( 704): Reading permissions from /vendor/etc/permissions/android.software.opengles.deqp.level-2023-03-01.xml
05-27 14:24:38.708 I/SystemConfig( 704): Reading permissions from /vendor/etc/permissions/android.software.verified_boot.xml
05-27 14:24:38.709 I/SystemConfig( 704): Reading permissions from /vendor/etc/permissions/android.software.vulkan.deqp.level-2023-03-01.xml
05-27 14:24:38.710 I/SystemConfig( 704): Reading permissions from /vendor/etc/permissions/aosp_excluded_hardware.xml
05-27 14:24:38.710 D/SystemConfig( 704): Removed unavailable feature android.hardware.location.network
05-27 14:24:38.711 I/SystemConfig( 704): Reading permissions from /vendor/etc/permissions/com.droidlogic.appinstaller.xml
05-27 14:24:38.712 D/SystemServerTiming( 704): DeviceIdentifiersPolicyService
05-27 14:24:38.712 I/SystemServiceManager( 704): Starting com.android.server.os.DeviceIdentifiersPolicyService
05-27 14:24:38.712 I/SystemConfig( 704): Reading permissions from /vendor/etc/permissions/com.google.android.feature.SILENT_OTA.xml
05-27 14:24:38.712 D/SystemServerTiming( 704): StartFeatureFlagsService
05-27 14:24:38.712 I/SystemServiceManager( 704): Starting com.android.server.flags.FeatureFlagsService
05-27 14:24:38.713 I/SystemConfig( 704): Reading permissions from /vendor/etc/permissions/droidlogic.jasplayer.xml
05-27 14:24:38.713 D/FeatureFlagsService( 704): Started Feature Flag Service
05-27 14:24:38.715 D/SystemServerTiming( 704): UriGrantsManagerService
05-27 14:24:38.715 I/SystemServiceManager( 704): Starting com.android.server.uri.UriGrantsManagerService$Lifecycle
05-27 14:24:38.715 I/SystemConfig( 704): Reading permissions from /vendor/etc/permissions/droidlogic.jniasplayer.xml
05-27 14:24:38.716 D/SystemServerTiming( 704): StartPowerStatsService
05-27 14:24:38.716 I/SystemServiceManager( 704): Starting com.android.server.powerstats.PowerStatsService
05-27 14:24:38.717 I/SystemConfig( 704): Reading permissions from /vendor/etc/permissions/droidlogic.software.core.xml
05-27 14:24:38.717 W/SystemConfig( 704): name is required for in START_TAG (empty) @27:35 in java.io.FileReader@739417d
05-27 14:24:38.718 I/SystemConfig( 704): Reading permissions from /vendor/etc/permissions/droidlogic.tv.software.core.xml
05-27 14:24:38.718 I/SystemConfig( 704): Ignore shared library droidlogic.tv.software.core: /vendor/framework/droidlogic.tv.software.core.jar does not exist
05-27 14:24:38.719 I/SystemConfig( 704): Reading permissions from /vendor/etc/permissions/prime.xml
05-27 14:24:38.721 I/SystemConfig( 704): Reading permissions from /product/etc/sysconfig/atv-component-overrides.xml
05-27 14:24:38.721 D/SystemServerTiming( 704): StartIStatsService
