05-27 14:25:53.612 E/Hcdn_DeTask3589828670( 3391): HCDN_LOG: [T:3627][HINFO]:[f:PostNotifyInfo],[l:248], notify type(6),info({"BandWidth":-2,"IsAd":1,"IsP2P":1,"VID":""}
05-27 14:25:53.612 E/Hcdn_DeTask3589828670( 3391): )
05-27 14:25:53.612 E/playfilesourceNew( 3391): HCDN_LOG: [T:3619][HINFO]:[f:DoAsynNotifyInfoResponse],[l:2605],[TaskID(3589828670),type(6),msg({"BandWidth":-2,"IsAd":1,"IsP2P":1,"VID":""}
05-27 14:25:53.612 E/playfilesourceNew( 3391): )!]
05-27 14:25:53.616 D/XM_HIDREAD( 1928): poll ret=1, event=1
05-27 14:25:53.617 D/XM_HIDREAD( 1928): [9 bytes]:01 00 00 28 00 00 00 00 00
05-27 14:25:53.629 I/audio_hw_hal_primary( 499): [register_audio_patch:8215] Patch 3:id:3 mix(io:13)->dev_0[OUT_HDMI(id:22)] found, register the same patch, do nothing.
05-27 14:25:53.629 I/audio_hw_hal_primary( 499): [adev_create_audio_patch:8316] Patch 3: MIX->DEVICE, num_src:1 num_sink:1 patch_src:INVAL
05-27 14:25:53.629 I/audio_hw_hal_primary( 499): [adev_create_audio_patch:8320] sink[0]: OUT_HDMI(id:22)
05-27 14:25:53.629 I/audio_hw_hal_primary( 499): [adev_create_audio_patch:8377] Patch 3: mix(io:13) -> dev[OUT_HDMI(id:22)]
05-27 14:25:53.630 I/audio_hw_hal_primary( 499): [adev_create_audio_patch:8445] dev=0xf3340010 cur_out_device=0x400
05-27 14:25:53.630 D/UEventObserver( 1008): change@/devices/platform/auge_sound/sound/card0/controlC0ACTION=changeDEVPATH=/devices/platform/auge_sound/sound/card0/controlC0SUBSYSTEM=soundAUDIO_FORMAT=0MAJOR=116MINOR=13DEVNAME=snd/controlC0SEQNUM=3690
05-27 14:25:53.639 D/audioserver( 543): logFgsApiBegin: FGS Logger Transaction failed, -129
05-27 14:25:53.641 I/SogouIME( 1501): onKeyDown: keyoCode=23
05-27 14:25:53.641 I/DefaultIMS( 1501): onKeyDown: keyoCode=23
05-27 14:25:53.654 I/audio_hw_hal_primary( 499): out_update_source_metadata_v7() line 2013 usage:1 content_type:2
05-27 14:25:53.697 V/HotPlugDetectionAction( 704): Poll all devices.
05-27 14:25:53.712 E/Hcdn_DeTask3589828670( 3391): HCDN_LOG: [T:3627][HINFO]:[f:PostNotifyInfo],[l:248], notify type(6),info({"BandWidth":-2,"IsAd":1,"IsP2P":1,"VID":""}
05-27 14:25:53.712 E/Hcdn_DeTask3589828670( 3391): )
05-27 14:25:53.712 E/playfilesourceNew( 3391): HCDN_LOG: [T:3619][HINFO]:[f:DoAsynNotifyInfoResponse],[l:2605],[TaskID(3589828670),type(6),msg({"BandWidth":-2,"IsAd":1,"IsP2P":1,"VID":""}
05-27 14:25:53.712 E/playfilesourceNew( 3391): )!]
05-27 14:25:53.718 D/XM_HIDREAD( 1928): poll ret=1, event=1
05-27 14:25:53.718 D/XM_HIDREAD( 1928): [9 bytes]:01 00 00 00 00 00 00 00 00
05-27 14:25:53.721 I/SogouIME( 1501): onKeyUp: keyoCode=23
05-27 14:25:53.721 I/DefaultIMS( 1501): onKeyUp: keyoCode=23
05-27 14:25:53.723 E/ccc ( 1474): cccccc UpdateHelper onMessageReceived com.dangbei.haqusetting com.dangbei.etna.update {"action":"do","functionTag":"leaf_system_function_system_update_system","value":0} null
05-27 14:25:53.737 W/ContextImpl( 1474): Calling a method in the system process without a qualified user: android.app.ContextImpl.startActivity:1102 android.content.ContextWrapper.startActivity:436 com.dangbei.etna.update.ota.OtaUpdateHelper.startOtaUpdateActivity:389 com.dangbei.etna.update.UpdateHelper.onMessageReceived:85 com.dangbei.etna.update.UpdateEtnaClientListener.onMessageReceived:24
05-27 14:25:53.737 W/ContextImpl( 1474): Calling a method in the system process without a qualified user: android.app.ContextImpl.startActivity:1114 android.app.ContextImpl.startActivity:1103 android.content.ContextWrapper.startActivity:436 com.dangbei.etna.update.ota.OtaUpdateHelper.startOtaUpdateActivity:389 com.dangbei.etna.update.UpdateHelper.onMessageReceived:85
05-27 14:25:53.751 E/CellBroadcastUtils( 704): getDefaultCellBroadcastReceiverPackageName: no package found
05-27 14:25:53.759 D/hdmicecd( 512): [CEC]:printCecMessage, [4 -> 0] len: 0, body:, result:success
05-27 14:25:53.761 V/WindowManagerShell( 990): Transition requested: android.os.BinderProxy@fc41945 TransitionRequestInfo { type = 1, triggerTask = TaskInfo{userId=0 taskId=106 displayId=0 isRunning=true baseIntent=Intent { flg=0x10800000 cmp=com.dangbei.lerad.etna.haqu/com.dangbei.etna.update.ota.OtaUpdateActivity } baseActivity=ComponentInfo{com.dangbei.lerad.etna.haqu/com.dangbei.etna.update.ota.OtaUpdateActivity} topActivity=ComponentInfo{com.dangbei.lerad.etna.haqu/com.dangbei.etna.update.ota.OtaUpdateActivity} origActivity=null realActivity=ComponentInfo{com.dangbei.lerad.etna.haqu/com.dangbei.etna.update.ota.OtaUpdateActivity} numActivities=1 lastActiveTime=86649 supportsMultiWindow=true resizeMode=1 isResizeable=true minWidth=-1 minHeight=-1 defaultMinSize=220 token=WCT{android.window.IWindowContainerToken$Stub$Proxy@68ff89a} topActivityType=1 pictureInPictureParams=null shouldDockBigOverlays=true launchIntoPipHostTaskId=-1 lastParentTaskIdBeforePip=-1 displayCutoutSafeInsets=null topActivityInfo=ActivityInfo{a27f5cb com.dangbei.etna.update.ota.OtaUpdateActivity} launchCookies=[] positionInParent=Point(0, 0) parentTaskId=-1 isFocused=false isVisible=false isVisibleRequested=false isSleeping=false topActivityInSizeCompat=false topActivityEligibleForLetterboxEducation= false isLetterboxDoubleTapEnabled= false topActivityEligibleForUserAspectRatioButton= false topActivityBoundsLetterboxed= false isFromLetterboxDoubleTap= false topActivityLetterboxVerticalPosition= -1 topActivityLetterboxHorizontalPosition= -1 topActivityLetterboxWidth=-1 topActivityLetterboxHeight=-1 isUserFullscreenOverrideEnabled=false isTopActivityTransparent=true locusId=null displayAreaFeatureId=1 cameraCompatControlState=hidden}, remoteTransition = null, displayChange = null, flags = 0 }
05-27 14:25:53.762 I/ActivityTaskManager( 704): START u0 {flg=0x10000000 cmp=com.dangbei.lerad.etna.haqu/com.dangbei.etna.update.ota.OtaUpdateActivity} with LAUNCH_SINGLE_TASK from uid 1000 (BAL_ALLOW_ALLOWLISTED_UID) result code=0
05-27 14:25:53.771 V/WindowManager( 704): app ------------- force_land :0
05-27 14:25:53.783 I/audio_hw_hal_primary( 499): [register_audio_patch:8215] Patch 3:id:3 mix(io:13)->dev_0[OUT_HDMI(id:22)] found, register the same patch, do nothing.
05-27 14:25:53.783 I/audio_hw_hal_primary( 499): [adev_create_audio_patch:8316] Patch 3: MIX->DEVICE, num_src:1 num_sink:1 patch_src:INVAL
05-27 14:25:53.783 I/audio_hw_hal_primary( 499): [adev_create_audio_patch:8320] sink[0]: OUT_HDMI(id:22)
05-27 14:25:53.783 I/audio_hw_hal_primary( 499): [adev_create_audio_patch:8377] Patch 3: mix(io:13) -> dev[OUT_HDMI(id:22)]
05-27 14:25:53.783 I/audio_hw_hal_primary( 499): [adev_create_audio_patch:8445] dev=0xf3340010 cur_out_device=0x400
05-27 14:25:53.784 D/audioserver( 543): logFgsApiEnd: FGS Logger Transaction failed, -129
05-27 14:25:53.784 D/audioserver( 543): logFgsApiBegin: FGS Logger Transaction failed, -129
05-27 14:25:53.785 I/audio_hw_hal_primary( 499): out_update_source_metadata_v7() line 2013 usage:1 content_type:2
05-27 14:25:53.790 D/audioserver( 543): logFgsApiBegin: FGS Logger Transaction failed, -129
05-27 14:25:53.792 I/BpBinder( 273): onLastStrongRef automatically unlinking death recipients:
05-27 14:25:53.794 D/UEventObserver( 1008): change@/devices/platform/auge_sound/sound/card0/controlC0ACTION=changeDEVPATH=/devices/platform/auge_sound/sound/card0/controlC0SUBSYSTEM=soundAUDIO_FORMAT=0MAJOR=116MINOR=13DEVNAME=snd/controlC0SEQNUM=3691
05-27 14:25:53.812 E/Hcdn_DeTask3589828670( 3391): HCDN_LOG: [T:3627][HINFO]:[f:PostNotifyInfo],[l:248], notify type(6),info({"BandWidth":-2,"IsAd":1,"IsP2P":1,"VID":""}
05-27 14:25:53.812 E/Hcdn_DeTask3589828670( 3391): )
05-27 14:25:53.813 E/playfilesourceNew( 3391): HCDN_LOG: [T:3619][HINFO]:[f:DoAsynNotifyInfoResponse],[l:2605],[TaskID(3589828670),type(6),msg({"BandWidth":-2,"IsAd":1,"IsP2P":1,"VID":""}
05-27 14:25:53.813 E/playfilesourceNew( 3391): )!]
05-27 14:25:53.817 D/hdmicecd( 512): [CEC]:printCecMessage, [4 -> 1] len: 0, body:, result:no ack
05-27 14:25:53.823 W/q_h_c_s ( 3391): HCDN_LOG: [T:3627]MethodLog:1333,QTP AsyncGet (reid: 48170101, url: https://msg.ptqy.gitv.tv/qos?u=&pu=&rn=86710&p1=8_82_820&dfp=&de=&stime=86710&pbv=&t=11&ct=p2p_task&v=10.2.3.5212&tvid=4836759250394517&vid=&rid=d2dc92181d49a3dd131ed65ad0f93779&idcn=3&iocpn=0&scdnn=0&iocpspc=0&dcachespc=0&dcachen=0&iocpspd=0&dcachespd=0&z=&aiocpn=0&aiocpspc=0&aiocpspd=0&filesize=2115306&p2pflux=1392650&cdnflux=1662&dcacheflux=1392640&dcachev6=0&dtick=310&gdtick=150&das=0&p2pas=0&tpand=2&bitrate=137&localflux=0&rdlflux=196608&policy=3&stuck=0&dcachep=&cdnp=&ftype=1&segnum=0&stcf=0&skcf=0&nrcflux=0&cpcflux=0&btype=tv_android_player&nat=12&file_type=12&rtype1=0&rtype2=0&rtype3=&rtype4=0&rtype5=1&custid=wifi&st=1&stb=0, connect: 5001, read: 6000, strict: 0, qtp: 1, module: 0)
05-27 14:25:53.824 W/q_h_c_s ( 3391): HCDN_LOG: [T:3627]MethodLog:1333,QTP AsyncGet (reid: 48170102, url: https://msg.ptqy.gitv.tv/v5/ypt/cnp2p?p1=3_31_312&r=4836759250394517&u=tv_a5d24680886b5f8eab7a993cc77a0ee1_1748316299384_5714770789&v=10.2.3.5212&cnpt=0&segnum=0&blknum=0&nodemun=0&dchenum=0&excl=0&bitrate=1101&p2psp=0&nrcflux=0&cpcflux=0&bcflux=0&tcdnf=1662&tp2pf=1392650&ftype=1&vid=&cnucheb=0&cachebyte=0&f4vname=d2dc92181d49a3dd131ed65ad0f93779&cdnas=0&p2pas=0&das=0&skstcf=0&celcf=0&trklt=0&udplt=0&lcaccpc=0&lspcpc=0&vipusr=0&playmul=1.00&v4v6tp=12&mkpf=10&fext=mp4&decachef=1392640&tce=0&cdcbcn=0&utp=0&dmc=2&mcdc=0&dcc=2&dcsc=6&dctc=0&ddaec=0&ddrtc=0&ddwzc=0&debc=1&npbc=1&decbc=0&edd=1392640&spv=1&dphrec=0&tfstu=-1&net_type=wifi&absa=&qp=&max_block=3072&sbtdk=0&sbedk=0&sbtop1ec=0&sbtop1ek=0&sbtop2ec=0&sbtop2ek=0&rtcnt=0&suscnt=0&cfcnt=0&netcc=0&tfsc=0&dstu=0&nedsp=0&stcf=0&skcf=0&dstrf=0&filel=2115306&ctpdp=0&ctpdd=0&ctpdn=0&btype=, connect: 5001, read: 6000, strict: 0, qtp: 1, module: 0)
05-27 14:25:53.824 W/HttpPost( 3391): HCDN_LOG: [T:3627][HERROR]:[f:PostCancelP2pUseCdnInfo],[l:2296], taskid:3589828670,redundancy_rate:0.659,share_rate_g=0.999,share_rate=0.000,url:https://msg.ptqy.gitv.tv/v5/ypt/cnp2p?p1=3_31_312&r=4836759250394517&u=tv_a5d24680886b5f8eab7a993cc77a0ee1_1748316299384_5714770789&v=10.2.3.5212&cnpt=0&segnum=0&blknum=0&nodemun=0&dchenum=0&excl=0&bitrate=1101&p2psp=0&nrcflux=0&cpcflux=0&bcflux=0&tcdnf=1662&tp2pf=1392650&ftype=1&vid=&cnucheb=0&cachebyte=0&f4vname=d2dc92181d49a3dd131ed65ad0f93779&cdnas=0&p2pas=0&das=0&skstcf=0&celcf=0&trklt=0&udplt=0&lcaccpc=0&lspcpc=0&vipusr=0&playmul=1.00&v4v6tp=12&mkpf=10&fext=mp4&decachef=1392640&tce=0&cdcbcn=0&utp=0&dmc=2&mcdc=0&dcc=2&dcsc=6&dctc=0&ddaec=0&ddrtc=0&ddwzc=0&debc=1&npbc=1&decbc=0&edd=1392640&spv=1&dphrec=0&tfstu=-1&net_type=wifi&absa=&qp=&max_block=3072&sbtdk=0&sbedk=0&sbtop1ec=0&sbtop1ek=0&sbtop2ec=0&sbtop2ek=0&rtcnt=0&suscnt=0&cfcnt=0&netcc=0&tfsc=0&dstu=0&nedsp=0&stcf=0&skcf=0&dstrf=0&filel=2115306&ctpdp=0&ctpdd=0&ctpdn=0&btype=
05-27 14:25:53.825 I/audio_hw_hal_primary( 499): out_update_source_metadata_v7() line 2013 usage:1 content_type:2
05-27 14:25:53.827 W/q_h_c_s ( 3391): HCDN_LOG: [T:3633]MethodLog:1333,QTP AsyncPost (reid: 48170103, url: https://msg.ptqy.gitv.tv/evt, connect: 5001, read: 6000, strict: 0, qtp: 1, module: 0)
05-27 14:25:53.828 E/stat_handler( 3391): HCDN_LOG: [T:3633][HINFO]:[f:StartAsynPost],[l:245] StartAsyncPost req: 0xeb1d8930, reqid: 48170103, url: https://msg.ptqy.gitv.tv/evt
05-27 14:25:53.828 E/stat_handler( 3391): msg=[{"ct":"hcdn_cstat","diy_pk1":"unknown","diy_pk10":"12","diy_pk11":"2","diy_pk12":"","diy_pk13":"{\"cpuinfo\":\"\",\"model\":\"DBBOX-A3\",\"submodel\":\"\",\"uuid\":\"20200817110900551NKVuEWAfr101626\"}\n","diy_pk14":"","diy_pk15":"tv_android_player","diy_pk16":"d2dc92181d49a3dd131ed65ad0f9377900000000","diy_pk17":"","diy_pk18":"1","diy_pk2":"wifi","diy_pk20":"{\n \"bid\" : \"-1\",\n \"dcache_node\" : \"1\",\n \"delete\" : \"0\",\n \"deleteO\" : \"0\",\n \"has_node\" : \"1\",\n \"udp_node\" : \"0\"\n}\n","diy_pk3":"H265_MP4_AD_PLAY","diy_pk4":"4836759250394517","diy_pk5":"","diy_pk6":"0","diy_pk7":"2115306","diy_pk8":"nonwatermark","diy_pk9":"online","diy_pm1":"1662","diy_pm2":"1392650","diy_pm3":"1392640","diy_ptype":"hcdn_flux_post","p1":"3_31_820","t":"11","u":"tv_a5d24680886b5f8eab7a993cc77a0ee1_1748316299384_5714770789","v":"10.2.3.5212"}]
05-27 14:25:53.828 E/stat_handler( 3391):
05-27 14:25:53.828 E/stat_handler( 3391): HCDN_LOG: [T:3633][HINFO]:[f:StartAsyncPost],[l:34] StartAsyncPost requestId:48170103, m_setQtpObject.size:1, m_setQtpObjectOrgPtr:1
05-27 14:25:53.828 E/stat_handler( 3391): HCDN_LOG: [T:3633][HFATAL]:[f:StartAsyncPost],[l:37] StartAsyncPost: success, req: 0xeb777ec0
05-27 14:25:53.829 W/q_h_c_s ( 3391): HCDN_LOG: [T:3595]SetEasyOpt:1497,curl_easy_setopt CURLOPT_URL success: https://msg.ptqy.gitv.tv/qos?u=&pu=&rn=86710&p1=8_82_820&dfp=&de=&stime=86710&pbv=&t=11&ct=p2p_task&v=10.2.3.5212&tvid=4836759250394517&vid=&rid=d2dc92181d49a3dd131ed65ad0f93779&idcn=3&iocpn=0&scdnn=0&iocpspc=0&dcachespc=0&dcachen=0&iocpspd=0&dcachespd=0&z=&aiocpn=0&aiocpspc=0&aiocpspd=0&filesize=2115306&p2pflux=1392650&cdnflux=1662&dcacheflux=1392640&dcachev6=0&dtick=310&gdtick=150&das=0&p2pas=0&tpand=2&bitrate=137&localflux=0&rdlflux=196608&policy=3&stuck=0&dcachep=&cdnp=&ftype=1&segnum=0&stcf=0&skcf=0&nrcflux=0&cpcflux=0&btype=tv_android_player&nat=12&file_type=12&rtype1=0&rtype2=0&rtype3=&rtype4=0&rtype5=1&custid=wifi&st=1&stb=0 (reid: 48170101)
05-27 14:25:53.829 W/q_h_c_s ( 3391): HCDN_LOG: [T:3595]SetCurlTimeout:4095,curl_easy_setopt CURLOPT_CONNECTTIMEOUT_MS success (reid: 48170101, timeout: 5001)
05-27 14:25:53.829 W/q_h_c_s ( 3391): HCDN_LOG: [T:3595]SetCurlTimeout:4161,curl_easy_setopt CURLOPT_TIMEOUT_MS success (reid: 48170101, timeout: 6000)
05-27 14:25:53.830 W/q_h_c_s ( 3391): HCDN_LOG: [T:3595]AddToMultiHandle:1145,AddToMultiHandle reid: 48170101, taskid(0), moduleId(0), offset(0), length(-1), CURL(0xeb374df0), m_mapRun(1), m_mapReqId2EasyHandle(1), m_vecModuleRun(0,1,0,0,0,0,0,0,0)
05-27 14:25:53.831 W/q_h_c_s ( 3391): HCDN_LOG: [T:3595]SetEasyOpt:1497,curl_easy_setopt CURLOPT_URL success: https://msg.ptqy.gitv.tv/v5/ypt/cnp2p?p1=3_31_312&r=4836759250394517&u=tv_a5d24680886b5f8eab7a993cc77a0ee1_1748316299384_5714770789&v=10.2.3.5212&cnpt=0&segnum=0&blknum=0&nodemun=0&dchenum=0&excl=0&bitrate=1101&p2psp=0&nrcflux=0&cpcflux=0&bcflux=0&tcdnf=1662&tp2pf=1392650&ftype=1&vid=&cnucheb=0&cachebyte=0&f4vname=d2dc92181d49a3dd131ed65ad0f93779&cdnas=0&p2pas=0&das=0&skstcf=0&celcf=0&trklt=0&udplt=0&lcaccpc=0&lspcpc=0&vipusr=0&playmul=1.00&v4v6tp=12&mkpf=10&fext=mp4&decachef=1392640&tce=0&cdcbcn=0&utp=0&dmc=2&mcdc=0&dcc=2&dcsc=6&dctc=0&ddaec=0&ddrtc=0&ddwzc=0&debc=1&npbc=1&decbc=0&edd=1392640&spv=1&dphrec=0&tfstu=-1&net_type=wifi&absa=&qp=&max_block=3072&sbtdk=0&sbedk=0&sbtop1ec=0&sbtop1ek=0&sbtop2ec=0&sbtop2ek=0&rtcnt=0&suscnt=0&cfcnt=0&netcc=0&tfsc=0&dstu=0&nedsp=0&stcf=0&skcf=0&dstrf=0&filel=2115306&ctpdp=0&ctpdd=0&ctpdn=0&btype= (reid: 48170102)
05-27 14:25:53.831 W/q_h_c_s ( 3391): HCDN_LOG: [T:3595]SetCurlTimeout:4095,curl_easy_setopt CURLOPT_CONNECTTIMEOUT_MS success (reid: 48170102, timeout: 5001)
05-27 14:25:53.831 W/q_h_c_s ( 3391): HCDN_LOG: [T:3595]SetCurlTimeout:4161,curl_easy_setopt CURLOPT_TIMEOUT_MS success (reid: 48170102, timeout: 6000)
05-27 14:25:53.831 W/q_h_c_s ( 3391): HCDN_LOG: [T:3595]AddToMultiHandle:1145,AddToMultiHandle reid: 48170102, taskid(0), moduleId(0), offset(0), length(-1), CURL(0xeb357ad0), m_mapRun(2), m_mapReqId2EasyHandle(2), m_vecModuleRun(0,2,0,0,0,0,0,0,0)
05-27 14:25:53.831 W/q_h_c_s ( 3391): HCDN_LOG: [T:3595]SetEasyOpt:1497,curl_easy_setopt CURLOPT_URL success: https://msg.ptqy.gitv.tv/evt (reid: 48170103)
05-27 14:25:53.831 W/q_h_c_s ( 3391): HCDN_LOG: [T:3595]SetCurlTimeout:4095,curl_easy_setopt CURLOPT_CONNECTTIMEOUT_MS success (reid: 48170103, timeout: 5001)
05-27 14:25:53.831 W/q_h_c_s ( 3391): HCDN_LOG: [T:3595]SetCurlTimeout:4161,curl_easy_setopt CURLOPT_TIMEOUT_MS success (reid: 48170103, timeout: 6000)
05-27 14:25:53.832 W/q_h_c_s ( 3391): HCDN_LOG: [T:3595]AddToMultiHandle:1145,AddToMultiHandle reid: 48170103, taskid(0), moduleId(0), offset(0), length(-1), CURL(0xeb3734b0), m_mapRun(3), m_mapReqId2EasyHandle(3), m_vecModuleRun(0,3,0,0,0,0,0,0,0)
05-27 14:25:53.838 E/ccc ( 1474): cccccc OtaUpdateActivity i onCreate
05-27 14:25:53.848 D/BufferPoolAccessor2.0( 3391): bufferpool2 0x9f681b28 : 0(0 size) total buffers - 0(0 size) used buffers - 1/9 (recycle/alloc) - 8/82 (fetch/transfer)
05-27 14:25:53.848 D/BufferPoolAccessor2.0( 3391): evictor expired: 1, evicted: 1
05-27 14:25:53.867 I/audio_hw_hal_primary( 499): [audiohal_get_latency:1333] io 13: out:0xf3280740 frames:1280 rate:48000 whole_latency:26 alsa_latency:26
05-27 14:25:53.869 D/CompatibilityChangeReporter( 1474): Compat change id reported: 210923482; UID 1000; state: DISABLED
05-27 14:25:53.869 D/CompatibilityChangeReporter( 1474): Compat change id reported: 37756858; UID 1000; state: ENABLED
05-27 14:25:53.875 D/hdmicecd( 512): [CEC]:printCecMessage, [4 -> 3] len: 0, body:, result:no ack
05-27 14:25:53.876 D/WindowManagerShell( 990): TvPipController: onTaskStackChanged()
05-27 14:25:53.876 E/stat_handler( 3391): HCDN_LOG: [T:3633][HINFO]:[f:DealQtpHttpFinishedCallback],[l:360] DealQtpHttpFinishedCallback: 0xeb1d8930, type: hcdn_flux_post, reqid: 48170103, qtp:0, http:200
05-27 14:25:53.876 E/stat_handler( 3391): HCDN_LOG: [T:3633][HINFO]:[f:QtpObjFinishCallback],[l:67] QtpObjFinishCallback:success, requestId:48170103, qtp:0, http:200
05-27 14:25:53.876 E/stat_handler( 3391): HCDN_LOG: [T:3633][HINFO]:[f:DeleteQtpObject],[l:121] DeleteQtpObject: 0xeb777ec0, m_setQtpObject erase, size:0
05-27 14:25:53.876 E/stat_handler( 3391): HCDN_LOG: [T:3633][HINFO]:[f:DeleteQtpObject],[l:128] m_setQtpObjectOrgPtr erase, size:0
05-27 14:25:53.876 E/stat_handler( 3391): HCDN_LOG: [T:3633][HINFO]:[f:~CStatHandlerQtpObj],[l:90] ~CStatHandlerQtpObj, requestId:48170103
05-27 14:25:53.876 E/stat_handler( 3391): HCDN_LOG: [T:3633][HINFO]:[f:AddPost],[l:245] return, policy not post: stat_handler_post
05-27 14:25:53.880 D/CompatibilityChangeReporter( 1474): Compat change id reported: 171228096; UID 1000; state: ENABLED
05-27 14:25:53.912 I/audio_hw_hal_primary( 499): [audiohal_get_latency:1333] io 13: out:0xf3280740 frames:1152 rate:48000 whole_latency:24 alsa_latency:24
05-27 14:25:53.931 D/hdmicecd( 512): [CEC]:printCecMessage, [4 -> 5] len: 0, body:, result:no ack
05-27 14:25:53.952 I/audio_hw_hal_primary( 499): [audiohal_get_latency:1333] io 13: out:0xf3280740 frames:1280 rate:48000 whole_latency:26 alsa_latency:26
05-27 14:25:53.953 I/audio_hw_hal_primary( 499): [audiohal_get_latency:1333] io 13: out:0xf3280740 frames:1280 rate:48000 whole_latency:26 alsa_latency:26
05-27 14:25:53.954 D/CompatibilityChangeReporter( 1474): Compat change id reported: 237531167; UID 1000; state: DISABLED
05-27 14:25:53.956 W/WindowManager( 704): Failed looking up window session=Session{3b14416 1474:1000} callers=com.android.server.wm.WindowManagerService.windowForClientLocked:6075 com.android.server.wm.Session.updateRequestedVisibleTypes:695 android.view.IWindowSession$Stub.onTransact:1034
05-27 14:25:53.956 W/WindowManager( 704): [addWindow] title:com.dangbei.lerad.etna.haqu/com.dangbei.etna.update.ota.OtaUpdateActivity
05-27 14:25:53.972 D/CoreBackPreview( 704): Window{c723f84 u0 com.dangbei.lerad.etna.haqu/com.dangbei.etna.update.ota.OtaUpdateActivity}: Setting back callback OnBackInvokedCallbackInfo{mCallback=android.window.IOnBackInvokedCallback$Stub$Proxy@2758ba2, mPriority=0, mIsAnimationCallback=false}
05-27 14:25:53.976 I/audio_hw_hal_primary( 499): [audiohal_get_latency:1333] io 13: out:0xf3280740 frames:1152 rate:48000 whole_latency:24 alsa_latency:24
05-27 14:25:53.976 I/audio_hw_hal_primary( 499): [audiohal_get_latency:1333] io 13: out:0xf3280740 frames:1152 rate:48000 whole_latency:24 alsa_latency:24
05-27 14:25:53.987 D/hdmicecd( 512): [CEC]:printCecMessage, [4 -> 8] len: 0, body:, result:no ack
05-27 14:25:53.995 I/audio_hw_hal_primary( 499): [audiohal_get_latency:1333] io 13: out:0xf3280740 frames:1024 rate:48000 whole_latency:21 alsa_latency:21
05-27 14:25:53.995 I/audio_hw_hal_primary( 499): [audiohal_get_latency:1333] io 13: out:0xf3280740 frames:1024 rate:48000 whole_latency:21 alsa_latency:21
05-27 14:25:54.005 I/DMABUFHEAPS( 1474): Using : Non-legacy ION heaps
05-27 14:25:54.005 I/DMABUFHEAPS( 1474): Using DMA-BUF heap named: heap-gfx
05-27 14:25:54.006 I/DMABUFHEAPS( 1474): Using DMA-BUF heap named: heap-fb
05-27 14:25:54.006 I/DMABUFHEAPS( 1474): Using DMA-BUF heap named: heap-cached-codecmm
05-27 14:25:54.006 I/DMABUFHEAPS( 1474): Using DMA-BUF heap named: heap-secure
05-27 14:25:54.007 I/DMABUFHEAPS( 1474): Using DMA-BUF heap named: heap-codecmm
05-27 14:25:54.002 I/lerad.etna.haqu( 1474): type=1400 audit(0.0:2153): avc: denied { read } for name="heap-gfx" dev="tmpfs" ino=578 scontext=u:r:system_app:s0 tcontext=u:object_r:dmabuf_heap_device:s0 tclass=chr_file permissive=1
05-27 14:25:54.002 I/lerad.etna.haqu( 1474): type=1400 audit(0.0:2154): avc: denied { open } for path="/dev/dma_heap/heap-gfx" dev="tmpfs" ino=578 scontext=u:r:system_app:s0 tcontext=u:object_r:dmabuf_heap_device:s0 tclass=chr_file permissive=1
05-27 14:25:54.017 I/audio_hw_hal_primary( 499): [audiohal_get_latency:1333] io 13: out:0xf3280740 frames:1024 rate:48000 whole_latency:21 alsa_latency:21
05-27 14:25:54.017 I/audio_hw_hal_primary( 499): [audiohal_get_latency:1333] io 13: out:0xf3280740 frames:1280 rate:48000 whole_latency:26 alsa_latency:26
05-27 14:25:54.038 I/audio_hw_hal_primary( 499): [audiohal_get_latency:1333] io 13: out:0xf3280740 frames:1280 rate:48000 whole_latency:26 alsa_latency:26
05-27 14:25:54.038 I/audio_hw_hal_primary( 499): [audiohal_get_latency:1333] io 13: out:0xf3280740 frames:1280 rate:48000 whole_latency:26 alsa_latency:26
05-27 14:25:54.043 D/hdmicecd( 512): [CEC]:printCecMessage, [4 -> b] len: 0, body:, result:no ack
05-27 14:25:54.060 W/LOTTIE ( 1474): You have 5 images. Lottie should primarily be used with shapes. If you are using Adobe Illustrator, convert the Illustrator layers to shape layers.
05-27 14:25:54.062 I/audio_hw_hal_primary( 499): [audiohal_get_latency:1333] io 13: out:0xf3280740 frames:1152 rate:48000 whole_latency:24 alsa_latency:24
05-27 14:25:54.062 I/audio_hw_hal_primary( 499): [audiohal_get_latency:1333] io 13: out:0xf3280740 frames:1152 rate:48000 whole_latency:24 alsa_latency:24
05-27 14:25:54.066 I/ActivityTaskManager( 704): Displayed com.dangbei.lerad.etna.haqu/com.dangbei.etna.update.ota.OtaUpdateActivity for user 0: +315ms
05-27 14:25:54.066 V/WindowManagerShell( 990): onTransitionReady android.os.BinderProxy@fc41945: {id=8 t=OPEN f=0x0 trk=0 r=[0@Point(0, 0)] c=[{WCT{android.window.IWindowContainerToken$Stub$Proxy@1e50466} m=OPEN f=TRANSLUCENT leash=Surface(name=Task=106)/@0x5e9b1a8 sb=Rect(0, 0 - 1920, 1080) eb=Rect(0, 0 - 1920, 1080) d=0}]}
05-27 14:25:54.067 V/WindowManagerShell( 990): Playing animation for (#8)android.os.BinderProxy@fc41945@0
05-27 14:25:54.067 V/WindowManagerShell( 990): try handler com.android.wm.shell.keyguard.KeyguardTransitionHandler@5437099
05-27 14:25:54.067 V/WindowManagerShell( 990): try handler com.android.wm.shell.pip.tv.TvPipTransition@95bbf5e
05-27 14:25:54.067 V/WindowManagerShell( 990): try handler com.android.wm.shell.activityembedding.ActivityEmbeddingController@1134f3f
05-27 14:25:54.067 V/WindowManagerShell( 990): try handler com.android.wm.shell.transition.RemoteTransitionHandler@118200c
05-27 14:25:54.067 V/WindowManagerShell( 990): Transition doesn't have explicit remote, search filters for match for {id=8 t=OPEN f=0x0 trk=0 r=[0@Point(0, 0)] c=[{WCT{android.window.IWindowContainerToken$Stub$Proxy@1e50466} m=OPEN f=TRANSLUCENT leash=Surface(name=Task=106)/@0x5e9b1a8 sb=Rect(0, 0 - 1920, 1080) eb=Rect(0, 0 - 1920, 1080) d=0}]}
05-27 14:25:54.067 V/WindowManagerShell( 990): Delegate animation for #8 to null
05-27 14:25:54.067 V/WindowManagerShell( 990): try handler com.android.wm.shell.transition.DefaultTransitionHandler@6517d55
05-27 14:25:54.067 V/WindowManagerShell( 990): start default transition animation, info = {id=8 t=OPEN f=0x0 trk=0 r=[0@Point(0, 0)] c=[{WCT{android.window.IWindowContainerToken$Stub$Proxy@1e50466} m=OPEN f=TRANSLUCENT leash=Surface(name=Task=106)/@0x5e9b1a8 sb=Rect(0, 0 - 1920, 1080) eb=Rect(0, 0 - 1920, 1080) d=0}]}
05-27 14:25:54.068 V/WindowManager( 704): Sent Transition #8 createdAt=05-27 14:25:53.749 via request=TransitionRequestInfo { type = 1, triggerTask = TaskInfo{userId=0 taskId=106 displayId=0 isRunning=true baseIntent=Intent { flg=0x10800000 cmp=com.dangbei.lerad.etna.haqu/com.dangbei.etna.update.ota.OtaUpdateActivity } baseActivity=ComponentInfo{com.dangbei.lerad.etna.haqu/com.dangbei.etna.update.ota.OtaUpdateActivity} topActivity=ComponentInfo{com.dangbei.lerad.etna.haqu/com.dangbei.etna.update.ota.OtaUpdateActivity} origActivity=null realActivity=ComponentInfo{com.dangbei.lerad.etna.haqu/com.dangbei.etna.update.ota.OtaUpdateActivity} numActivities=1 lastActiveTime=86649 supportsMultiWindow=true resizeMode=1 isResizeable=true minWidth=-1 minHeight=-1 defaultMinSize=220 token=WCT{RemoteToken{244bfee Task{1a0fff9 #106 type=standard A=1000:com.dangbei.lerad.etna.haqu}}} topActivityType=1 pictureInPictureParams=null shouldDockBigOverlays=true launchIntoPipHostTaskId=-1 lastParentTaskIdBeforePip=-1 displayCutoutSafeInsets=null topActivityInfo=ActivityInfo{9d46c8f com.dangbei.etna.update.ota.OtaUpdateActivity} launchCookies=[] positionInParent=Point(0, 0) parentTaskId=-1 isFocused=false isVisible=false isVisibleRequested=false isSleeping=false topActivityInSizeCompat=false topActivityEligibleForLetterboxEducation= false isLetterboxDoubleTapEnabled= false topActivityEligibleForUserAspectRatioButton= false topActivityBoundsLetterboxed= false isFromLetterboxDoubleTap= false topActivityLetterboxVerticalPosition= -1 topActivityLetterboxHorizontalPosition= -1 topActivityLetterboxWidth=-1 topActivityLetterboxHeight=-1 isUserFullscreenOverrideEnabled=false isTopActivityTransparent=true locusId=null displayAreaFeatureId=1 cameraCompatControlState=hidden}, remoteTransition = null, displayChange = null, flags = 0 }
05-27 14:25:54.068 V/WindowManager( 704): startWCT=WindowContainerTransaction { changes = {} hops = [] errorCallbackToken=null taskFragmentOrganizer=null }
05-27 14:25:54.068 V/WindowManager( 704): info={id=8 t=OPEN f=0x0 trk=0 r=[0@Point(0, 0)] c=[{WCT{RemoteToken{244bfee Task{1a0fff9 #106 type=standard A=1000:com.dangbei.lerad.etna.haqu}}} m=OPEN f=TRANSLUCENT leash=Surface(name=Task=106)/@0xde40033 sb=Rect(0, 0 - 1920, 1080) eb=Rect(0, 0 - 1920, 1080) d=0}]}
05-27 14:25:54.068 V/WindowManagerShell( 990): loadAnimation: anim=android.view.animation.AlphaAnimation@2be23a7 animAttr=0x4 type=OPEN isEntrance=true
05-27 14:25:54.069 V/WindowManagerShell( 990): animated by com.android.wm.shell.transition.DefaultTransitionHandler@6517d55
05-27 14:25:54.080 I/audio_hw_hal_primary( 499): [audiohal_get_latency:1333] io 13: out:0xf3280740 frames:1280 rate:48000 whole_latency:26 alsa_latency:26
05-27 14:25:54.080 I/audio_hw_hal_primary( 499): [audiohal_get_latency:1333] io 13: out:0xf3280740 frames:1280 rate:48000 whole_latency:26 alsa_latency:26
05-27 14:25:54.081 D/audioserver( 543): logFgsApiEnd: FGS Logger Transaction failed, -129
05-27 14:25:54.081 I/audio_hw_hal_primary( 499): out_update_source_metadata_v7() line 2013 usage:13 content_type:4
05-27 14:25:54.084 W/ContextImpl( 704): Calling a method in the system process without a qualified user: android.app.ContextImpl.startService:1899 com.android.server.wm.DisplayPolicy.lambda$focusChangedLw$5:2126 com.android.server.wm.DisplayPolicy.$r8$lambda$Znxk63oh-WzVnzo_WQefN7uxV48:0 com.android.server.wm.DisplayPolicy$$ExternalSyntheticLambda13.run:0 android.os.Handler.handleCallback:958
05-27 14:25:54.086 D/aaa ( 1555): LedStatusService onStartCommand begin
05-27 14:25:54.088 D/aaa ( 1555): topPkg is -------------- :com.dangbei.lerad.etna.haqu
05-27 14:25:54.099 D/hdmicecd( 512): [CEC]:printCecMessage, [4 -> e] len: 0, body:, result:no ack
05-27 14:25:54.099 D/HdmiCecController( 704): [P]:AllocatedAddress=[0]
05-27 14:25:54.103 I/audio_hw_hal_primary( 499): [audiohal_get_latency:1333] io 13: out:0xf3280740 frames:1152 rate:48000 whole_latency:24 alsa_latency:24
05-27 14:25:54.124 I/audio_hw_hal_primary( 499): [audiohal_get_latency:1333] io 13: out:0xf3280740 frames:1024 rate:48000 whole_latency:21 alsa_latency:21
05-27 14:25:54.145 I/audio_hw_hal_primary( 499): [audiohal_get_latency:1333] io 13: out:0xf3280740 frames:1168 rate:48000 whole_latency:24 alsa_latency:24
05-27 14:25:54.154 W/System ( 1474): A resource failed to call close.
05-27 14:25:54.154 W/System ( 1474): A resource failed to call close.
05-27 14:25:54.155 W/System ( 1474): A resource failed to call close.
05-27 14:25:54.155 W/System ( 1474): A resource failed to call close.
05-27 14:25:54.165 I/audio_hw_hal_primary( 499): [audiohal_get_latency:1333] io 13: out:0xf3280740 frames:1280 rate:48000 whole_latency:26 alsa_latency:26
05-27 14:25:54.166 D/audioserver( 543): logFgsApiEnd: FGS Logger Transaction failed, -129
05-27 14:25:54.173 I/ImeTracker( 704): com.dangbei.lerad.etna.haqu:259a0780: onRequestHide at ORIGIN_SERVER_HIDE_INPUT reason HIDE_UNSPECIFIED_WINDOW
05-27 14:25:54.174 I/ImeTracker( 704): com.dangbei.lerad.etna.haqu:259a0780: onCancelled at PHASE_SERVER_SHOULD_HIDE
05-27 14:25:54.181 I/DefaultIMS( 1501): onStartInput attribute=android.view.inputmethod.EditorInfo@f99a49f restarting=false inputType: 0
05-27 14:25:54.289 W/ProcessStats( 704): Tracking association SourceState{fa0a80 com.ktcp.video:daemon/10088 Fgs #616} whose proc state 3 is better than process ProcessState{10347f9 com.ktcp.video/10088 pkg=com.ktcp.video} proc state 10 (11 skipped)
05-27 14:25:54.381 E/TaskPersister( 704): File error accessing recents directory (directory doesn't exist?).
05-27 14:25:54.492 V/WindowManagerShell( 990): Transition animation finished (aborted=false), notifying core (#8)android.os.BinderProxy@fc41945@0
05-27 14:25:54.494 V/WindowManager( 704): Finish Transition #8: created at
05-27 14:25:53.749 collect-started=0.15ms request-sent=10.005ms started=12.77ms ready=25.577ms sent=309.653ms finished=743.724ms
05-27 14:25:54.498 V/WindowManagerShell( 990): Track 0 became idle
05-27 14:25:54.498 V/WindowManagerShell( 990): All active transition animations finished
05-27 14:25:54.751 I/UFUnilog( 3391): UFNCurlClientImpl.cpp : 1307 QosNdForPingbackWrapper {fuc=UFNCurlClientImpl:PerformEnd(),logtag=netDocttor_for_pingback,ufn_curl_client_code=28,http_code=0,code_msg=Timeout was reached}
05-27 14:25:54.753 I/UFUnilog( 3391): UFNCurlClientImpl.cpp : 1045 QosNdForPingbackWrapper {fuc=UFNCurlClientImpl:PerformInit(),logtag=netDocttor_for_pingback,request_type=0,verifyssl=0,allow_redirect=1,max_redirect_number=5,connect_time_out=10000ms,transfer_time_out=20000ms,user_agent=Unified-X(arm-unknown-linux-androideabi);libcurl/7.85.0.11;BoringSSL;zlib/1.2.13;Universal_Foundation/v5.1_714_63058226;Universal_Nd/v5.1_460_c998ebd8,open_ipv6=0}
05-27 14:25:54.851 I/UFUnilog( 3391): UFNCurlClientImpl.cpp : 1307 QosNdForPingbackWrapper {fuc=UFNCurlClientImpl:PerformEnd(),logtag=netDocttor_for_pingback,ufn_curl_client_code=0,http_code=404,code_msg=UFN Curl Client Success!}
05-27 14:25:54.853 W/UFUnilog( 3391): nd_dnslab.cpp : 171 QosNdForPingbackWrapper {fuc=NDDnsLab:parseJson(),logtag=netDocttor_for_pingback,interface_msg=json result is not a object}
05-27 14:25:54.853 E/UFUnilog( 3391): nd_dnslab.cpp : 76 QosNdForPingbackWrapper {fuc=NDDnsLab:DnsInfo(),logtag=netDocttor_for_pingback,interface_msg=parse result-url json result failed}
05-27 14:25:54.857 I/UFUnilog( 3391): UFNCurlClientImpl.cpp : 1045 QosNdForPingbackWrapper {fuc=UFNCurlClientImpl:PerformInit(),logtag=nd-pingback,request_type=1,verifyssl=0,allow_redirect=1,max_redirect_number=5,connect_time_out=10000ms,transfer_time_out=20000ms,user_agent=Unified-X(arm-unknown-linux-androideabi);libcurl/7.85.0.11;BoringSSL;zlib/1.2.13;Universal_Foundation/v5.1_714_63058226;Universal_Nd/v5.1_460_c998ebd8,open_ipv6=0}
05-27 14:25:54.915 I/TvUniPlayer/UniPlayer@52ede0f( 3391): in handleMessage event:10000
05-27 14:25:54.926 I/PlayThreadMonitor( 3391): in playerthread monitor handler
05-27 14:25:54.926 I/PlayThreadMonitor( 3391): in monitor runnable
05-27 14:25:54.995 I/UFUnilog( 3391): UFNCurlClientImpl.cpp : 1307 QosNdForPingbackWrapper {fuc=UFNCurlClientImpl:PerformEnd(),logtag=nd-pingback,ufn_curl_client_code=0,http_code=200,code_msg=UFN Curl Client Success!}
05-27 14:25:55.083 I/audio_hw_hal_stream( 499): aml_stream_out_info_print: out:0xf3280740, stream_type:pcm, sync_mode:non tunnel, input_size:7782400 bytes
05-27 14:25:55.083 I/audio_hw_hal_stream( 499): aml_stream_out_info_print: last_time:87945 ms (sec:87, nsec:945916208), last_position:40326 ms (1935664), cur_time:87967 ms (sec:87, nsec:967388749), cur_position:40347 ms (1936688)
05-27 14:25:55.083 I/audio_hw_hal_stream( 499): aml_stream_out_info_print: time_gap:22 ms (thr:100 ms), position_gap:21 ms, delay:185 ms, jitter: Position gap is behind system time gap by 1 ms (thr:100 ms)
05-27 14:25:55.580 I/audio_hw_hal_alsamgr( 499): alsa format =0x1 delay frames =1024 total frames=3658240
05-27 14:25:55.989 E/ccc ( 1474): cccccc onRequestingOtaInfo 333333333333
05-27 14:25:56.000 I/okhttp.OkHttpClient( 1474): --> POST http://tymsgapi.qun7.com/v1/core/rom (519-byte body)
05-27 14:25:56.059 I/okhttp.OkHttpClient( 1474): <-- 200 OK http://tymsgapi.qun7.com/v1/core/rom (58ms, unknown-length body)
05-27 14:25:56.083 E/ccc ( 1474): cccccc requestOtaInfo result BaseResponse{message='success', data=null, code=0}
05-27 14:25:56.085 W/System.err( 1474): java.lang.NullPointerException: Attempt to invoke virtual method 'int com.etna.haqu.model.business.bean.db.ota.OtaUpdateBean.getRomCode()' on a null object reference
05-27 14:25:56.085 W/System.err( 1474): at com.dangbei.etna.update.ota.OtaUpdateHelper$requestOtaInfoFromNet$1$2.invoke(OtaUpdateHelper.kt:174)
05-27 14:25:56.085 W/System.err( 1474): at com.dangbei.etna.update.ota.OtaUpdateHelper$requestOtaInfoFromNet$1$2.invoke(OtaUpdateHelper.kt:160)
05-27 14:25:56.085 W/System.err( 1474): at com.etna.haqu.support.ext.FlowExtKt$safeCollect$3.emit(FlowExt.kt:52)
05-27 14:25:56.085 W/System.err( 1474): at kotlinx.coroutines.flow.FlowKt__ErrorsKt$catchImpl$2.emit(Errors.kt:158)
05-27 14:25:56.085 W/System.err( 1474): at kotlinx.coroutines.flow.FlowKt__ChannelsKt.emitAllImpl$FlowKt__ChannelsKt(Channels.kt:62)
05-27 14:25:56.085 W/System.err( 1474): at kotlinx.coroutines.flow.FlowKt__ChannelsKt.access$emitAllImpl$FlowKt__ChannelsKt(Channels.kt:1)
05-27 14:25:56.085 W/System.err( 1474): at kotlinx.coroutines.flow.FlowKt__ChannelsKt$emitAllImpl$1.invokeSuspend(Unknown Source:14)
05-27 14:25:56.085 W/System.err( 1474): at kotlin.coroutines.jvm.internal.BaseContinuationImpl.resumeWith(ContinuationImpl.kt:33)
05-27 14:25:56.085 W/System.err( 1474): at kotlinx.coroutines.DispatchedTask.run(DispatchedTask.kt:106)
05-27 14:25:56.085 W/System.err( 1474): at android.os.Handler.handleCallback(Handler.java:958)
05-27 14:25:56.085 W/System.err( 1474): at android.os.Handler.dispatchMessage(Handler.java:99)
05-27 14:25:56.085 W/System.err( 1474): at android.os.Looper.loopOnce(Looper.java:205)
05-27 14:25:56.085 W/System.err( 1474): at android.os.Looper.loop(Looper.java:294)
05-27 14:25:56.085 W/System.err( 1474): at android.app.ActivityThread.main(ActivityThread.java:8255)
05-27 14:25:56.085 W/System.err( 1474): at java.lang.reflect.Method.invoke(Native Method)
05-27 14:25:56.085 W/System.err( 1474): at com.android.internal.os.RuntimeInit$MethodAndArgsCaller.run(RuntimeInit.java:552)
05-27 14:25:56.085 W/System.err( 1474): at com.android.internal.os.ZygoteInit.main(ZygoteInit.java:978)
05-27 14:25:56.085 E/ccc ( 1474): cccccc onRequestCoreInfo 11111111111111111
05-27 14:25:56.082 I/lerad.etna.haqu( 1474): type=1400 audit(0.0:2155): avc: denied { read } for name="cache" dev="dm-16" ino=95 scontext=u:r:system_app:s0 tcontext=u:object_r:cache_file:s0 tclass=lnk_file permissive=1
05-27 14:25:56.089 E/ccc ( 3250): cccccc notifyUpdateChanged {"code":1,"data":{"hasUpdate":false,"what":3,"why":-1},"message":"更新状态变化"}
05-27 14:25:56.096 E/ccc ( 1474): cccccc updateHelper 通知更新
05-27 14:25:56.096 E/ccc ( 1474): cccccc requestOtaInfo exception Attempt to invoke virtual method 'int com.etna.haqu.model.business.bean.db.ota.OtaUpdateBean.getRomCode()' on a null object reference
05-27 14:25:56.098 E/ccc ( 1474): cccccc SystemUpdateHelper systemUpdate {"launcherCodeLocal":0,"launcherCodeNet":0,"otaCodeLocal":5004,"otaCodeNet":0,"otaVersionLocal":"5.0.0.4","otaVersionNet":"","remoteNeedUpdate":false}
05-27 14:25:56.149 I/DefaultIMS( 1501): onStartInput attribute=android.view.inputmethod.EditorInfo@68db9ec restarting=false inputType: 0
05-27 14:25:56.292 I/WifiHAL ( 519): call wifi_get_link_stats handler
05-27 14:25:56.292 I/WifiHAL ( 519): Creating message to get link statistics; iface = 19
05-27 14:25:56.292 D/WifiHAL ( 519): error code -95 mapped to -3
05-27 14:25:56.292 E/WifiStaIfaceAidlImpl( 704): getLinkLayerStats failed with service-specific exception: android.os.ServiceSpecificException: (code 4)
05-27 14:25:56.660 D/OomAdjuster( 704): Not killing cached processes
05-27 14:25:56.752 I/ActivityManager( 704): Background started FGS: Allowed [callingPackage: com.dangbei.screencast; callingUid: 10043; uidState: FGS ; uidBFSL: [BFSL]; intent: Intent { cmp=com.dangbei.screencast/.startup.GuardService }; code:PROC_STATE_FGS; tempAllowListReason:; targetSdkVersion:28; callerTargetSdkVersion:28; startForegroundCount:0; bindFromPackage:null: isBindService:false]
05-27 14:25:56.755 D/CompatibilityChangeReporter( 704): Compat change id reported: 135634846; UID 10043; state: DISABLED
05-27 14:25:56.756 D/CompatibilityChangeReporter( 704): Compat change id reported: 143937733; UID 10043; state: DISABLED
05-27 14:25:56.774 I/serviceDiscovery( 704): [MdnsAdvertiser] Removing service with ID 7
05-27 14:25:56.774 I/serviceDiscovery( 704): [MdnsAdvertiser] Removing service with ID 6
05-27 14:25:56.774 D/Zygote ( 479): Forked child process 3927
05-27 14:25:56.775 I/ActivityManager( 704): Start proc 3927:com.dangbei.screencast:bg_guard/u0a43 for service {com.dangbei.screencast/com.dangbei.screencast.startup.GuardService}
05-27 14:25:56.776 I/serviceDiscovery( 704): [MdnsAdvertiser] Removing service with ID 8
05-27 14:25:56.776 W/System.err( 1793): java.net.SocketException: Socket closed
05-27 14:25:56.776 W/System.err( 1793): at java.net.PlainSocketImpl.socketAccept(PlainSocketImpl.java:213)
05-27 14:25:56.776 W/System.err( 1793): at java.net.AbstractPlainSocketImpl.accept(AbstractPlainSocketImpl.java:451)
05-27 14:25:56.776 W/System.err( 1793): at java.net.ServerSocket.implAccept(ServerSocket.java:569)
05-27 14:25:56.777 W/System.err( 1793): at java.net.ServerSocket.accept(ServerSocket.java:537)
05-27 14:25:56.777 W/System.err( 1793): at b.f.f.t.f.run(Unknown Source:40)
05-27 14:25:56.777 W/System.err( 1793): at java.lang.Thread.run(Thread.java:1012)
05-27 14:25:56.782 W/UpnpServiceImpl( 1793): >>> Shutting down UPnP service...
05-27 14:25:56.782 W/AbstractChannel( 1793): Can't invoke task later as EventLoop rejected it
05-27 14:25:56.782 W/AbstractChannel( 1793): java.util.concurrent.RejectedExecutionException: event executor terminated
05-27 14:25:56.782 W/AbstractChannel( 1793): at io.netty.util.concurrent.SingleThreadEventExecutor.reject(Unknown Source:4)
05-27 14:25:56.782 W/AbstractChannel( 1793): at io.netty.util.concurrent.SingleThreadEventExecutor.offerTask(Unknown Source:6)
05-27 14:25:56.782 W/AbstractChannel( 1793): at io.netty.util.concurrent.SingleThreadEventExecutor.addTask(Unknown Source:5)
05-27 14:25:56.782 W/AbstractChannel( 1793): at io.netty.util.concurrent.SingleThreadEventExecutor.execute(Unknown Source:4)
05-27 14:25:56.782 W/AbstractChannel( 1793): at io.netty.util.concurrent.SingleThreadEventExecutor.execute(Unknown Source:18)
05-27 14:25:56.782 W/AbstractChannel( 1793): at io.netty.channel.AbstractChannel$AbstractUnsafe.invokeLater(Unknown Source:6)
05-27 14:25:56.782 W/AbstractChannel( 1793): at io.netty.channel.AbstractChannel$AbstractUnsafe.deregister(Unknown Source:24)
05-27 14:25:56.782 W/AbstractChannel( 1793): at io.netty.channel.AbstractChannel$AbstractUnsafe.fireChannelInactiveAndDeregister(Unknown Source:17)
05-27 14:25:56.782 W/AbstractChannel( 1793): at io.netty.channel.AbstractChannel$AbstractUnsafe.close(Unknown Source:112)
05-27 14:25:56.782 W/AbstractChannel( 1793): at io.netty.channel.AbstractChannel$AbstractUnsafe.close(Unknown Source:12)
05-27 14:25:56.782 W/AbstractChannel( 1793): at io.netty.channel.nio.NioEventLoop.closeAll(Unknown Source:86)
05-27 14:25:56.782 W/AbstractChannel( 1793): at io.netty.channel.nio.NioEventLoop.run(Unknown Source:202)
05-27 14:25:56.782 W/AbstractChannel( 1793): at io.netty.util.concurrent.SingleThreadEventExecutor$4.run(Unknown Source:41)
05-27 14:25:56.782 W/AbstractChannel( 1793): at io.netty.util.internal.ThreadExecutorMap$2.run(Unknown Source:8)
05-27 14:25:56.782 W/AbstractChannel( 1793): at io.netty.util.concurrent.FastThreadLocalRunnable.run(Unknown Source:2)
05-27 14:25:56.782 W/AbstractChannel( 1793): at java.lang.Thread.run(Thread.java:1012)
05-27 14:25:56.782 I/Zygote ( 3927): seccomp disabled by setenforce 0
05-27 14:25:56.789 I/encast:bg_guard( 3927): Using CollectorTypeCC GC.
05-27 14:25:56.790 E/raop ( 1793): httpd_stop running 1 joined 0
05-27 14:25:56.790 E/raop ( 1793): httpd_stop connection->socket_fd=0
05-27 14:25:56.790 E/raop ( 1793): httpd_stop connection->socket_fd=0
05-27 14:25:56.790 E/raop ( 1793): httpd_stop connection->socket_fd=0
05-27 14:25:56.790 E/raop ( 1793): httpd_stop connection->socket_fd=0
05-27 14:25:56.790 E/raop ( 1793): httpd_stop connection->socket_fd=0
05-27 14:25:56.790 E/raop ( 1793): httpd_stop connection->socket_fd=0
05-27 14:25:56.790 E/raop ( 1793): httpd_stop connection->socket_fd=0
05-27 14:25:56.790 E/raop ( 1793): httpd_stop connection->socket_fd=0
05-27 14:25:56.790 E/raop ( 1793): httpd_stop connection->socket_fd=0
05-27 14:25:56.790 E/raop ( 1793): httpd_stop connection->socket_fd=0
05-27 14:25:56.795 E/encast:bg_guard( 3927): Not starting debugger since process cannot load the jdwp agent.
05-27 14:25:56.806 D/CompatibilityChangeReporter( 704): Compat change id reported: 168419799; UID 10043; state: DISABLED
05-27 14:25:56.806 D/CompatibilityChangeReporter( 704): Compat change id reported: 273564678; UID 10043; state: DISABLED
05-27 14:25:56.809 D/CompatibilityChangeReporter( 3927): Compat change id reported: 171979766; UID 10043; state: DISABLED
05-27 14:25:56.809 D/CompatibilityChangeReporter( 3927): Compat change id reported: 242716250; UID 10043; state: DISABLED
05-27 14:25:56.812 D/CompatibilityChangeReporter( 704): Compat change id reported: 170503758; UID 10043; state: DISABLED
05-27 14:25:56.815 D/ApplicationLoaders( 3927): Returning zygote-cached class loader: /system/framework/android.test.base.jar
05-27 14:25:56.815 D/ApplicationLoaders( 3927): Returning zygote-cached class loader: /system/framework/android.hidl.manager-V1.0-java.jar
05-27 14:25:56.815 D/ApplicationLoaders( 3927): Returning zygote-cached class loader: /system/framework/android.hidl.base-V1.0-java.jar
05-27 14:25:56.824 D/nativeloader( 3927): Configuring clns-shared-4 for other apk /system/app/dangbei-screencast/dangbei-screencast.apk. target_sdk_version=28, uses_libraries=, library_path=/system/app/dangbei-screencast/lib/arm:/system/app/dangbei-screencast/dangbei-screencast.apk!/lib/armeabi-v7a:/system/lib:/system_ext/lib, permitted_path=/data:/mnt/expand:/data/user/0/com.dangbei.screencast:/system/app/dangbei-screencast:/system/lib:/system_ext/lib
05-27 14:25:56.854 V/GraphicsEnvironment( 3927): Currently set values for:
05-27 14:25:56.854 V/GraphicsEnvironment( 3927): angle_gl_driver_selection_pkgs=[]
05-27 14:25:56.854 V/GraphicsEnvironment( 3927): angle_gl_driver_selection_values=[]
05-27 14:25:56.855 V/GraphicsEnvironment( 3927): ANGLE GameManagerService for com.dangbei.screencast: false
05-27 14:25:56.855 V/GraphicsEnvironment( 3927): com.dangbei.screencast is not listed in per-application setting
05-27 14:25:56.855 V/GraphicsEnvironment( 3927): Neither updatable production driver nor prerelease driver is supported.
05-27 14:25:56.859 I/MultiDex( 3927): VM with version 2.1.0 has multidex support
05-27 14:25:56.859 I/MultiDex( 3927): Installing application
05-27 14:25:56.859 I/MultiDex( 3927): VM has multidex support, MultiDex support library is disabled.
05-27 14:25:56.860 D/CompatibilityChangeReporter( 3927): Compat change id reported: 247079863; UID 10043; state: DISABLED
05-27 14:25:56.869 D/CompatibilityChangeReporter( 704): Compat change id reported: 161145287; UID 10043; state: DISABLED
05-27 14:25:56.894 I/encast:bg_guard( 3927): type=1400 audit(0.0:2156): avc: denied { search } for name="net" dev="sysfs" ino=12344 scontext=u:r:untrusted_app_27:s0:c43,c256,c512,c768 tcontext=u:object_r:sysfs_net:s0 tclass=dir permissive=1 app=com.dangbei.screencast
05-27 14:25:56.902 I/crashsdk( 3927): version unique build id: 6230cced
05-27 14:25:56.903 D/crashsdk( 3927): Native log stat thread 3978 setup, waiting
05-27 14:25:56.906 I/crashsdk( 3927): begin hack android.os.Process
05-27 14:25:56.906 I/crashsdk( 3927): end hack android.os.Process
05-27 14:25:56.902 I/Thread-3( 3927): type=1400 audit(0.0:2157): avc: denied { read } for name="version" dev="proc" ino=4026532005 scontext=u:r:untrusted_app_27:s0:c43,c256,c512,c768 tcontext=u:object_r:proc_version:s0 tclass=file permissive=1 app=com.dangbei.screencast
05-27 14:25:56.902 I/Thread-3( 3927): type=1400 audit(0.0:2158): avc: denied { open } for path="/proc/version" dev="proc" ino=4026532005 scontext=u:r:untrusted_app_27:s0:c43,c256,c512,c768 tcontext=u:object_r:proc_version:s0 tclass=file permissive=1 app=com.dangbei.screencast
05-27 14:25:56.902 I/Thread-3( 3927): type=1400 audit(0.0:2159): avc: denied { getattr } for path="/proc/version" dev="proc" ino=4026532005 scontext=u:r:untrusted_app_27:s0:c43,c256,c512,c768 tcontext=u:object_r:proc_version:s0 tclass=file permissive=1 app=com.dangbei.screencast
05-27 14:25:56.915 I/TvUniPlayer/UniPlayer@52ede0f( 3391): in handleMessage event:10000
05-27 14:25:56.918 I/TDLog ( 3927): setReportUncaughtExceptions: true
05-27 14:25:56.919 E/Application( 3927): onCreate:Version:v2.8.3/20830/883432e
05-27 14:25:56.919 D/audio_hw_hal_primary( 499): [out_standby_new:5767] io 13: out:0xf3280740 usecase:PCM_NORMAL
05-27 14:25:56.919 I/audio_hw_hal_primary( 499): [do_output_standby_l:5663] io 13: out:0xf3280740, stream usecase:PCM_NORMAL, continuous:1
05-27 14:25:56.919 I/audio_hw_hal_primary( 499): [usecase_change_validate_l:7436] ++ io 13: out:0xf3280740 dev masks:0x1 is_standby:1 out usecase:PCM_NORMAL
05-27 14:25:56.919 I/audio_hw_hal_ms12common( 499): aml_set_ms12_scheduler_state ms12_scheduler_state:1, sch_state:1 SCHEDULER_STANDBY is sent to ms12
05-27 14:25:56.919 I/audio_hw_hal_primary( 499): [usecase_change_validate_l:7477] -- dev masks:0 is_standby:1 out usecase PCM_NORMAL
05-27 14:25:56.919 D/audio_hw_hal_primary( 499): [out_standby_new:5790] io 13: out:0xf3280740 usecase:PCM_NORMAL exit
05-27 14:25:56.925 W/efs.send_log( 3927): tryFileLock start!
05-27 14:25:56.926 I/Matrix.AnrTracer( 3927): anrTrace, final mAnrBeatTime:400, mAnrBeatRate:400
05-27 14:25:56.931 I/efs.config( 3927): --->>> 删除旧的配置文件 false
05-27 14:25:56.934 I/efs.base( 3927): lt=event`ev_ct=efs_core`ev_ac=pvuv`tm=2025-05-27 14:25:92`dn=61bcfc34-ee82-4dfe-8d74-54c93ee6dac2`ps=com.dangbei.screencast:bg_guard`um_os=android`stime=1748327156781`pid=3927`fr=android`pkg=com.dangbei.screencast`vcode=20830`dsp_w=1920`uid=61bcfc34-ee82-4dfe-8d74-54c93ee6dac2`rom=14`wid=61bcfc34-ee82-4dfe-8d74-54c93ee6dac2`um_app_carrier=`um_access=wifi`um_app_channel=os`um_crash_sdk_version=1.4.0`ctime=1748327156`model=dbbox-a3`lang=zh`net=wifi`brand=amlogic`dsp_h=1080`um_network_type=0`ver=v2.8.3`build_model=DBBOX-A3`w_tm=1748327156`appid=5fc60c21094d637f3130af19`um_umid_header=ai8abf6ff8348a63facaba9966fe6090ac`sdk=34`tzone=Asia/Shanghai`sdk_ver=1.3.6.umeng
05-27 14:25:56.935 I/TDLog ( 3927): TalkingData SDK init...
05-27 14:25:56.935 I/TDLog ( 3927): SDK_VERSION is: Android+TD+V5.0.7 gp Type:Native Build_Num:2141
05-27 14:25:56.935 I/TDLog ( 3927): App ID is: B9D7815EC975466AB1332111FCE62DF5
05-27 14:25:56.935 I/TDLog ( 3927): App Channel is: os
05-27 14:25:56.935 I/TDLog ( 3927): App Custom is:
05-27 14:25:56.935 I/TDLog ( 3927): SDK_OVC is: TDOVC+a3bb7754719798526508b6caad480dd7+SaaS
05-27 14:25:56.951 I/crashsdk( 3927): Catcher mask: 5000, 20480
05-27 14:25:56.951 I/crashsdk( 3927): Catcher thread 3954
05-27 14:25:56.951 D/crashsdk( 3927): Register ANR handler ...
05-27 14:25:56.952 D/TrafficStats( 3927): tagSocket(130) with statsTag=0xffffffff, statsUid=-1
05-27 14:25:56.953 E/LaunchManager( 3927): Non main process !
05-27 14:25:56.954 W/System.err( 3927): java.lang.NullPointerException: Attempt to invoke virtual method 'boolean com.efs.sdk.launch.LaunchConfigManager.enableTracer()' on a null object reference
05-27 14:25:56.954 W/System.err( 3927): at com.umeng.umcrash.UMCrash.init(Unknown Source:403)
05-27 14:25:56.954 W/System.err( 3927): at java.lang.reflect.Method.invoke(Native Method)
05-27 14:25:56.954 W/System.err( 3927): at com.umeng.commonsdk.UMConfigure.init(Unknown Source:811)
05-27 14:25:56.954 W/System.err( 3927): at b.f.f.b.a(:4)
05-27 14:25:56.954 W/System.err( 3927): at h.o.a.run(Unknown Source:2)
05-27 14:25:56.954 I/efs.config( 3927): current config version (-1) is older than another (1735614866)
05-27 14:25:56.954 I/efs.config( 3927): load config from storage and notify observer
05-27 14:25:56.958 D/CompatibilityChangeReporter( 704): Compat change id reported: 170668199; UID 10043; state: DISABLED
