05-27 14:25:56.958 W/ActivityManager( 704): Foreground service started from background can not have location/camera/microphone access: service com.dangbei.screencast/.startup.GuardService
05-27 14:25:56.959 D/CompatibilityChangeReporter( 704): Compat change id reported: 255038118; UID 10043; state: DISABLED
05-27 14:25:56.960 D/CompatibilityChangeReporter( 704): Compat change id reported: 255042465; UID 10043; state: DISABLED
05-27 14:25:56.960 W/ForegroundServiceTypeLoggerModule( 704): Foreground service start for UID: 10043 does not have any types
05-27 14:25:56.965 E/GuardService( 3927): onStartCommand:
05-27 14:25:56.965 E/GuardService( 3927): onStartCommand: cmd:1
05-27 14:25:56.965 E/GuardService( 3927): result:2
05-27 14:25:56.975 D/libdolbyms12( 499): continuous underrun 2
05-27 14:25:57.004 D/TrafficStats( 3927): tagSocket(141) with statsTag=0xffffffff, statsUid=-1
05-27 14:25:57.025 D/UtilLog ( 2509): 日志批量上报 进行正常循环 !!!!!!本次有0次请求,共0条数据
05-27 14:25:57.030 E/raop ( 1793): httpd_stop running 0 joined 1
05-27 14:25:57.033 D/TrafficStats( 3927): tagSocket(130) with statsTag=0xffffffff, statsUid=-1
05-27 14:25:57.103 W/Router ( 1793): disable lock:org.fourthline.cling.android.AndroidRouter@548b58_java.util.concurrent.locks.ReentrantReadWriteLock$WriteLock@48454b1[Unlocked]
05-27 14:25:57.103 I/Router ( 1793): WiFi multicast lock released
05-27 14:25:57.104 I/WifiService( 704): releaseMulticastLock uid=10043
05-27 14:25:57.105 I/Router ( 1793): WiFi lock released
05-27 14:25:57.105 I/WifiService( 704): releaseWifiLock uid=10043
05-27 14:25:57.107 D/IpClient.wlan0( 1112): set max DTIM multiplier to 9
05-27 14:25:57.107 D/WifiHAL ( 519): Setting APF program, halHandle = 0xee802710
05-27 14:25:57.107 I/WifiHAL ( 519): createRequest: APF set program request
05-27 14:25:57.107 D/WifiHAL ( 519): error code -95 mapped to -3
05-27 14:25:57.107 I/WifiHAL ( 519): Request Response failed for APF, result = -3
05-27 14:25:57.108 E/WifiStaIfaceAidlImpl( 704): installApfPacketFilter failed with service-specific exception: android.os.ServiceSpecificException: (code 4)
05-27 14:25:57.108 D/WifiHAL ( 519): Setting DTIM config , halHandle = 0xee802710 Multiplier = 9
05-27 14:25:57.108 I/WifiHAL ( 519): Successfully configured dtim multiplier 9
05-27 14:25:57.108 D/WifiHAL ( 519): error code -95 mapped to -3
05-27 14:25:57.109 E/WifiStaIfaceAidlImpl( 704): setDtimMultiplier failed with service-specific exception: android.os.ServiceSpecificException: (code 4)
05-27 14:25:57.117 I/JettyServletContainer( 1793): No more connectors, stopping Jetty server
05-27 14:25:57.117 I/JettyServletContainer( 1793): Stopping Jetty server...
05-27 14:25:57.118 W/System.err( 1793): 2025-05-27 14:25:57.117:INFO:lcaf.p:Graceful shutdown l.c.a.g.d{/upnp,null}
05-27 14:25:57.118 E/JettyServletContainer( 1793): error:java.net.SocketException: Socket closed
05-27 14:25:57.118 W/System.err( 1793): java.net.SocketException: Socket closed
05-27 14:25:57.118 W/System.err( 1793): at java.net.PlainSocketImpl.socketAccept(PlainSocketImpl.java:213)
05-27 14:25:57.118 W/System.err( 1793): at java.net.AbstractPlainSocketImpl.accept(AbstractPlainSocketImpl.java:451)
05-27 14:25:57.118 W/System.err( 1793): at java.net.ServerSocket.implAccept(ServerSocket.java:569)
05-27 14:25:57.118 W/System.err( 1793): at java.net.ServerSocket.accept(ServerSocket.java:537)
05-27 14:25:57.118 W/System.err( 1793): at l.c.a.f.w.a.accept(Unknown Source:2)
05-27 14:25:57.118 W/System.err( 1793): at org.fourthline.cling.transport.impl.jetty.JettyServletContainer$2.accept(Unknown Source:1)
05-27 14:25:57.118 W/System.err( 1793): at l.c.a.f.a$a.run(Unknown Source:113)
05-27 14:25:57.118 W/System.err( 1793): at java.util.concurrent.ThreadPoolExecutor.runWorker(ThreadPoolExecutor.java:1145)
05-27 14:25:57.118 W/System.err( 1793): at java.util.concurrent.ThreadPoolExecutor$Worker.run(ThreadPoolExecutor.java:644)
05-27 14:25:57.118 W/System.err( 1793): at java.lang.Thread.run(Thread.java:1012)
05-27 14:25:57.403 W/efs.info.manager( 3927): network change: wifi
05-27 14:25:57.584 I/bt_btif_dm( 1151): packages/modules/Bluetooth/system/btif/src/btif_dm.cc:691 btif_update_remote_properties: cod from storage is also unclassified
05-27 14:25:57.816 D/TrafficStats( 1793): tagSocket(141) with statsTag=0xffffffff, statsUid=-1
05-27 14:25:57.818 D/TrafficStats( 1793): tagSocket(5) with statsTag=0xffffffff, statsUid=-1
05-27 14:25:57.822 I/HCDN_DownloadEn( 3391): type=1400 audit(0.0:2160): avc: denied { open } for path="/proc/stat" dev="proc" ino=4026532003 scontext=u:r:untrusted_app_29:s0:c89,c256,c512,c768 tcontext=u:object_r:proc_stat:s0 tclass=file permissive=1 app=com.dangbei.hqmedia
05-27 14:25:57.822 I/HCDN_DownloadEn( 3391): type=1400 audit(0.0:2161): avc: denied { getattr } for path="/proc/stat" dev="proc" ino=4026532003 scontext=u:r:untrusted_app_29:s0:c89,c256,c512,c768 tcontext=u:object_r:proc_stat:s0 tclass=file permissive=1 app=com.dangbei.hqmedia
05-27 14:25:57.927 I/PlayThreadMonitor( 3391): in playerthread monitor handler
05-27 14:25:57.928 I/PlayThreadMonitor( 3391): in monitor runnable
05-27 14:25:58.119 W/System.err( 1793): 2025-05-27 14:25:58.118:INFO:lcafx.c:stopped l.c.a.g.d{/upnp,null}
05-27 14:25:58.119 W/Router ( 1793): disable unlock:org.fourthline.cling.android.AndroidRouter@548b58
05-27 14:25:58.120 W/UpnpServiceImpl( 1793): <<< UPnP service shutdown completed
05-27 14:25:58.365 I/efs.base( 1793): wa upload succ, HttpResponse {succ=true, code=200, data='暂不支持该服务', extra={req_url=https://errlog.umeng.com/api/crashsdk/logcollect}}
05-27 14:25:58.375 I/efs.base( 1793): wa upload succ, HttpResponse {succ=true, code=200, data='暂不支持该服务', extra={req_url=https://errlog.umeng.com/api/crashsdk/logcollect}}
05-27 14:25:58.774 I/crashsdk( 1793): android_os_Process_sendSignal. PID: 1793 SIG: 9
05-27 14:25:58.775 I/crashsdk( 1793): onKillProcess. SIG: 9
05-27 14:25:58.777 I/crashsdk( 1793): Kill PID: 1793 (com.dangbei.screencast) by pid: 1793 (com.dangbei.screencast) tid: 1793 (main)
05-27 14:25:58.777 I/crashsdk( 1793): SIG: 9, fg: false, exiting: false, main process: true, time: 20250527142558
05-27 14:25:58.777 I/crashsdk( 1793): State in disk: 'b'
05-27 14:25:58.777 I/crashsdk( 1793): at android.os.Process.sendSignal(Native Method)
05-27 14:25:58.777 I/crashsdk( 1793): at android.os.Process.killProcess(Process.java:1315)
05-27 14:25:58.777 I/crashsdk( 1793): at com.dangbei.screencast.startup.JumpService$i.run(:2)
05-27 14:25:58.777 I/crashsdk( 1793): at android.os.Handler.handleCallback(Handler.java:958)
05-27 14:25:58.777 I/crashsdk( 1793): at android.os.Handler.dispatchMessage(Handler.java:99)
05-27 14:25:58.777 I/crashsdk( 1793): at android.os.Looper.loopOnce(Looper.java:205)
05-27 14:25:58.777 I/crashsdk( 1793): at android.os.Looper.loop(Looper.java:294)
05-27 14:25:58.777 I/crashsdk( 1793): at android.app.ActivityThread.main(ActivityThread.java:8255)
05-27 14:25:58.777 I/crashsdk( 1793): at java.lang.reflect.Method.invoke(Native Method)
05-27 14:25:58.777 I/crashsdk( 1793): at com.android.internal.os.RuntimeInit$MethodAndArgsCaller.run(RuntimeInit.java:552)
05-27 14:25:58.777 I/crashsdk( 1793): at com.android.internal.os.ZygoteInit.main(ZygoteInit.java:978)
05-27 14:25:58.778 I/Process ( 1793): Sending signal. PID: 1793 SIG: 9
05-27 14:25:58.822 W/efs.send_log( 2603): tryFileLock sendlock sucess! processname: com.huawei.connection
05-27 14:25:58.824 I/ActivityManager( 704): Process com.dangbei.screencast (pid 1793) has died: prcp FGS
05-27 14:25:58.825 I/libprocessgroup( 704): Successfully killed process cgroup uid 10043 pid 1793 in 0ms
05-27 14:25:58.825 I/Zygote ( 479): Process 1793 exited due to signal 9 (Killed)
05-27 14:25:58.825 D/CompatibilityChangeReporter( 704): Compat change id reported: 261072174; UID 10043; state: DISABLED
05-27 14:25:58.828 D/NearFieldManagerService( 2603): onDestroy, enter.
05-27 14:25:58.828 I/NearFieldManagerService( 2603): killCurrentProcess.
05-27 14:25:58.828 I/crashsdk( 2603): android_os_Process_sendSignal. PID: 2603 SIG: 9
05-27 14:25:58.828 I/crashsdk( 2603): onKillProcess. SIG: 9
05-27 14:25:58.828 W/ActivityManager( 704): Scheduling restart of crashed service com.dangbei.screencast/.startup.StartupService in 1000ms for start-requested
05-27 14:25:58.828 W/ActivityManager( 704): Scheduling restart of crashed service com.dangbei.screencast/.huaweicast.service.HuaweiCastService in 11000ms for start-requested
05-27 14:25:58.830 I/crashsdk( 2603): Kill PID: 2603 (com.huawei.connection) by pid: 2603 (com.huawei.connection) tid: 2603 (main)
05-27 14:25:58.830 I/crashsdk( 2603): SIG: 9, fg: false, exiting: false, main process: false, time: 20250527142558
05-27 14:25:58.830 I/crashsdk( 2603): State in disk: 'b'
05-27 14:25:58.830 I/crashsdk( 2603): at android.os.Process.sendSignal(Native Method)
05-27 14:25:58.830 I/crashsdk( 2603): at android.os.Process.killProcess(Process.java:1315)
05-27 14:25:58.830 I/crashsdk( 2603): at com.huawei.connection.service.NearFieldManagerService.c(Unknown Source:11)
05-27 14:25:58.830 I/crashsdk( 2603): at com.huawei.connection.service.NearFieldManagerService.onDestroy(Unknown Source:10)
05-27 14:25:58.830 I/crashsdk( 2603): at android.app.ActivityThread.handleStopService(ActivityThread.java:4896)
05-27 14:25:58.830 I/crashsdk( 2603): at android.app.ActivityThread.-$$Nest$mhandleStopService(Unknown Source:0)
05-27 14:25:58.830 I/crashsdk( 2603): at android.app.ActivityThread$H.handleMessage(ActivityThread.java:2326)
05-27 14:25:58.830 I/crashsdk( 2603): at android.os.Handler.dispatchMessage(Handler.java:106)
05-27 14:25:58.830 I/crashsdk( 2603): at android.os.Looper.loopOnce(Looper.java:205)
05-27 14:25:58.830 I/crashsdk( 2603): at android.os.Looper.loop(Looper.java:294)
05-27 14:25:58.830 I/crashsdk( 2603): at android.app.ActivityThread.main(ActivityThread.java:8255)
05-27 14:25:58.830 I/crashsdk( 2603): at java.lang.reflect.Method.invoke(Native Method)
05-27 14:25:58.830 I/crashsdk( 2603): at com.android.internal.os.RuntimeInit$MethodAndArgsCaller.run(RuntimeInit.java:552)
05-27 14:25:58.830 I/crashsdk( 2603): at com.android.internal.os.ZygoteInit.main(ZygoteInit.java:978)
05-27 14:25:58.831 I/Process ( 2603): Sending signal. PID: 2603 SIG: 9
05-27 14:25:58.846 D/uninstall( 3076): isAllowStart last_delay 0, current_time 1748327158
05-27 14:25:58.846 I/uninstall( 3076): enable_service com.ktcp.video/com.tencent.qqlivetv.keeplive.proc.DaemonService com.ktcp.video/(null)
05-27 14:25:58.847 D/uninstall( 3076): enable_service waitpid
05-27 14:25:58.847 D/uninstall( 4010): enable_service pid == 0
05-27 14:25:58.847 D/uninstall( 4010): enable_service version >= 17 || version == 0 version == 34
05-27 14:25:58.863 W/efs.send_log( 3927): tryFileLock sendlock sucess! processname: com.dangbei.screencast:bg_guard
05-27 14:25:58.866 I/ActivityManager( 704): Process com.huawei.connection (pid 2603) has died: fg SVC
05-27 14:25:58.866 I/libprocessgroup( 704): Successfully killed process cgroup uid 10043 pid 2603 in 0ms
05-27 14:25:58.867 I/Zygote ( 479): Process 2603 exited due to signal 9 (Killed)
05-27 14:25:58.897 I/uninstall( 3076): watchdaemon process_name = com.ktcp.video:daemon has gone, start it
05-27 14:25:58.898 D/uninstall( 3076): watchdaemon waitpid
05-27 14:25:58.898 D/uninstall( 4015): watchdaemon pid == 0
05-27 14:25:58.899 D/uninstall( 4015): watchdaemon version >= 17 || version == 0 version == 34
05-27 14:25:58.916 I/TvUniPlayer/UniPlayer@52ede0f( 3391): in handleMessage event:10000
05-27 14:25:59.299 I/WifiHAL ( 519): call wifi_get_link_stats handler
05-27 14:25:59.299 I/WifiHAL ( 519): Creating message to get link statistics; iface = 19
05-27 14:25:59.300 D/WifiHAL ( 519): error code -95 mapped to -3
05-27 14:25:59.300 E/WifiStaIfaceAidlImpl( 704): getLinkLayerStats failed with service-specific exception: android.os.ServiceSpecificException: (code 4)
05-27 14:25:59.831 D/CompatibilityChangeReporter( 704): Compat change id reported: 135634846; UID 10043; state: DISABLED
05-27 14:25:59.833 D/CompatibilityChangeReporter( 704): Compat change id reported: 143937733; UID 10043; state: DISABLED
05-27 14:25:59.845 D/Zygote ( 479): Forked child process 4019
05-27 14:25:59.846 I/ActivityManager( 704): Start proc 4019:com.dangbei.screencast/u0a43 for service {com.dangbei.screencast/com.dangbei.screencast.startup.StartupService}
05-27 14:25:59.850 I/Zygote ( 4019): seccomp disabled by setenforce 0
05-27 14:25:59.856 I/gbei.screencast( 4019): Using CollectorTypeCC GC.
05-27 14:25:59.854 I/rainbow_flow( 2928): type=1400 audit(0.0:2162): avc: denied { ioctl } for path="/dev/spidev1.0" dev="tmpfs" ino=531 ioctlcmd=0x6b00 scontext=u:r:init:s0 tcontext=u:object_r:device:s0 tclass=chr_file permissive=1
05-27 14:25:59.863 E/gbei.screencast( 4019): Not starting debugger since process cannot load the jdwp agent.
05-27 14:25:59.877 D/CompatibilityChangeReporter( 4019): Compat change id reported: 171979766; UID 10043; state: DISABLED
05-27 14:25:59.878 D/CompatibilityChangeReporter( 4019): Compat change id reported: 242716250; UID 10043; state: DISABLED
05-27 14:25:59.882 D/ApplicationLoaders( 4019): Returning zygote-cached class loader: /system/framework/android.test.base.jar
05-27 14:25:59.883 D/ApplicationLoaders( 4019): Returning zygote-cached class loader: /system/framework/android.hidl.manager-V1.0-java.jar
05-27 14:25:59.883 D/ApplicationLoaders( 4019): Returning zygote-cached class loader: /system/framework/android.hidl.base-V1.0-java.jar
05-27 14:25:59.892 D/nativeloader( 4019): Configuring clns-shared-4 for other apk /system/app/dangbei-screencast/dangbei-screencast.apk. target_sdk_version=28, uses_libraries=, library_path=/system/app/dangbei-screencast/lib/arm:/system/app/dangbei-screencast/dangbei-screencast.apk!/lib/armeabi-v7a:/system/lib:/system_ext/lib, permitted_path=/data:/mnt/expand:/data/user/0/com.dangbei.screencast:/system/app/dangbei-screencast:/system/lib:/system_ext/lib
05-27 14:25:59.917 D/TrafficStats( 3927): tagSocket(142) with statsTag=0xffffffff, statsUid=-1
05-27 14:25:59.919 D/audio_hw_hal_ms12common( 499): func:ms12_timer_callback_handler sigv:0 ~~~~~~~~~~
05-27 14:25:59.919 D/audio_hw_hal_ms12v2( 499): set_dolby_ms12_continuous_state audio_continuous_standby_set status 1
05-27 14:25:59.919 D/audio_hw_hal_continuous_standby( 499): audio_continuous_standby_set, type 0, params 1
05-27 14:25:59.919 D/audio_hw_hal_ms12common( 499): aml_send_ms12_scheduler_state_2_ms12 adev:0xf3340010, sch_state:1(SCHEDULER_STANDBY)
05-27 14:25:59.922 V/GraphicsEnvironment( 4019): Currently set values for:
05-27 14:25:59.922 V/GraphicsEnvironment( 4019): angle_gl_driver_selection_pkgs=[]
05-27 14:25:59.922 V/GraphicsEnvironment( 4019): angle_gl_driver_selection_values=[]
05-27 14:25:59.923 V/GraphicsEnvironment( 4019): ANGLE GameManagerService for com.dangbei.screencast: false
05-27 14:25:59.923 V/GraphicsEnvironment( 4019): com.dangbei.screencast is not listed in per-application setting
05-27 14:25:59.923 V/GraphicsEnvironment( 4019): Neither updatable production driver nor prerelease driver is supported.
05-27 14:25:59.928 I/MultiDex( 4019): VM with version 2.1.0 has multidex support
05-27 14:25:59.928 I/MultiDex( 4019): Installing application
05-27 14:25:59.928 I/MultiDex( 4019): VM has multidex support, MultiDex support library is disabled.
05-27 14:25:59.929 E/PartsInfoProvider( 4019): onCreate:
05-27 14:25:59.931 E/ServiceUtils( 4019): start main service
05-27 14:25:59.932 E/ServiceUtils( 4019): start main service
05-27 14:25:59.941 D/AndroidAutoSize( 4019): designWidthInDp = 1920, designHeightInDp = 1080, screenWidth = 1920, screenHeight = 1080
05-27 14:25:59.941 D/AndroidAutoSize( 4019): initDensity = 1.5, initScaledDensity = 1.5
05-27 14:25:59.952 D/CompatibilityChangeReporter( 4019): Compat change id reported: 247079863; UID 10043; state: DISABLED
05-27 14:25:59.974 I/gbei.screencast( 4019): type=1400 audit(0.0:2163): avc: denied { read } for name="address" dev="sysfs" ino=22126 scontext=u:r:untrusted_app_27:s0:c43,c256,c512,c768 tcontext=u:object_r:sysfs_net:s0 tclass=file permissive=1 app=com.dangbei.screencast
05-27 14:25:59.974 I/gbei.screencast( 4019): type=1400 audit(0.0:2164): avc: denied { open } for path="/sys/devices/virtual/net/dummy0/address" dev="sysfs" ino=22126 scontext=u:r:untrusted_app_27:s0:c43,c256,c512,c768 tcontext=u:object_r:sysfs_net:s0 tclass=file permissive=1 app=com.dangbei.screencast
05-27 14:25:59.974 I/gbei.screencast( 4019): type=1400 audit(0.0:2165): avc: denied { getattr } for path="/sys/devices/virtual/net/dummy0/address" dev="sysfs" ino=22126 scontext=u:r:untrusted_app_27:s0:c43,c256,c512,c768 tcontext=u:object_r:sysfs_net:s0 tclass=file permissive=1 app=com.dangbei.screencast
05-27 14:25:59.993 I/crashsdk( 4019): version unique build id: 6230cced
05-27 14:25:59.995 I/TDLog ( 4019): setReportUncaughtExceptions: true
05-27 14:25:59.996 E/Application( 4019): onCreate:Version:v2.8.3/20830/883432e
05-27 14:25:59.994 I/Thread-4( 4019): type=1400 audit(0.0:2166): avc: denied { read } for name="version" dev="proc" ino=4026532005 scontext=u:r:untrusted_app_27:s0:c43,c256,c512,c768 tcontext=u:object_r:proc_version:s0 tclass=file permissive=1 app=com.dangbei.screencast
05-27 14:25:59.999 D/crashsdk( 4019): Native log stat thread 4052 setup, waiting
05-27 14:25:59.999 I/crashsdk( 4019): begin hack android.os.Process
05-27 14:25:59.999 I/crashsdk( 4019): end hack android.os.Process
05-27 14:25:59.994 I/Thread-4( 4019): type=1400 audit(0.0:2167): avc: denied { open } for path="/proc/version" dev="proc" ino=4026532005 scontext=u:r:untrusted_app_27:s0:c43,c256,c512,c768 tcontext=u:object_r:proc_version:s0 tclass=file permissive=1 app=com.dangbei.screencast
05-27 14:25:59.994 I/Thread-4( 4019): type=1400 audit(0.0:2168): avc: denied { getattr } for path="/proc/version" dev="proc" ino=4026532005 scontext=u:r:untrusted_app_27:s0:c43,c256,c512,c768 tcontext=u:object_r:proc_version:s0 tclass=file permissive=1 app=com.dangbei.screencast
05-27 14:26:00.014 I/crashsdk( 4019): Catcher mask: 5000, 20480
05-27 14:26:00.014 I/crashsdk( 4019): Catcher thread 4024
05-27 14:26:00.014 D/crashsdk( 4019): Register ANR handler ...
05-27 14:26:00.017 I/TDLog ( 4019): TalkingData SDK init...
05-27 14:26:00.017 I/TDLog ( 4019): SDK_VERSION is: Android+TD+V5.0.7 gp Type:Native Build_Num:2141
05-27 14:26:00.017 I/TDLog ( 4019): App ID is: B9D7815EC975466AB1332111FCE62DF5
05-27 14:26:00.017 I/TDLog ( 4019): App Channel is: os
05-27 14:26:00.017 I/TDLog ( 4019): App Custom is:
05-27 14:26:00.017 I/TDLog ( 4019): SDK_OVC is: TDOVC+a3bb7754719798526508b6caad480dd7+SaaS
05-27 14:26:00.020 W/ActivityManager( 704): Foreground service started from background can not have location/camera/microphone access: service com.dangbei.screencast/.startup.StartupService
05-27 14:26:00.020 I/ActivityManager( 704): Background started FGS: Allowed [callingPackage: com.dangbei.screencast; callingUid: 10043; uidState: BTOP; uidBFSL: [BFSL]; intent: Intent { act=com.dangbei.screencast.STARTUP pkg=com.dangbei.screencast }; code:PROC_STATE_BTOP; tempAllowListReason:; targetSdkVersion:28; callerTargetSdkVersion:28; startForegroundCount:1; bindFromPackage:null: isBindService:true]
05-27 14:26:00.024 I/Matrix.AnrTracer( 4019): anrTrace, final mAnrBeatTime:400, mAnrBeatRate:400
05-27 14:26:00.026 W/efs.send_log( 4019): tryFileLock start!
05-27 14:26:00.029 I/efs.config( 4019): --->>> 删除旧的配置文件 false
05-27 14:26:00.030 I/efs.base( 4019): lt=event`ev_ct=efs_core`ev_ac=pvuv`tm=2025-05-27 14:26:02`dn=61bcfc34-ee82-4dfe-8d74-54c93ee6dac2`ps=com.dangbei.screencast`um_os=android`stime=1748327159852`pid=4019`fr=android`pkg=com.dangbei.screencast`vcode=20830`dsp_w=1920`uid=61bcfc34-ee82-4dfe-8d74-54c93ee6dac2`rom=14`wid=61bcfc34-ee82-4dfe-8d74-54c93ee6dac2`um_app_carrier=`um_access=wifi`um_app_channel=os`um_crash_sdk_version=1.4.0`ctime=1748327160`model=dbbox-a3`lang=zh`net=wifi`brand=amlogic`dsp_h=1080`um_network_type=0`ver=v2.8.3`build_model=DBBOX-A3`w_tm=1748327160`appid=5fc60c21094d637f3130af19`um_umid_header=ai8abf6ff8348a63facaba9966fe6090ac`sdk=34`tzone=Asia/Shanghai`sdk_ver=1.3.6.umeng
05-27 14:26:00.044 D/LaunchConfigManager( 4019): check in allready
05-27 14:26:00.044 I/efs.config( 4019): current config version (-1) is older than another (1735614866)
05-27 14:26:00.044 I/efs.config( 4019): load config from storage and notify observer
05-27 14:26:00.045 I/LaunchTrace( 4019): begin sendLaunchCache
05-27 14:26:00.048 E/raop ( 4019): *********************AirplayBroadcastServer+++++++++
05-27 14:26:00.049 D/CompatibilityChangeReporter( 4019): Compat change id reported: 270306772; UID 10043; state: DISABLED
05-27 14:26:00.051 D/CompatibilityChangeReporter( 4019): Compat change id reported: 235355681; UID 10043; state: DISABLED
05-27 14:26:00.084 E/H264FrameQueue( 4019): H264FrameQueue: mFullQueueCount:200
05-27 14:26:00.094 D/wenhc ( 1519): getScreenInfo uri = content://com.dangbei.screencast.parts.info/screen_cast
05-27 14:26:00.105 W/System.err( 4019): java.lang.NullPointerException: Attempt to invoke virtual method 'byte[] java.net.NetworkInterface.getHardwareAddress()' on a null object reference
05-27 14:26:00.105 W/System.err( 4019): at b.f.f.y.g.b(Unknown Source:11)
05-27 14:26:00.105 W/System.err( 4019): at b.d.a.a.p.c0(Unknown Source:2)
05-27 14:26:00.105 W/System.err( 4019): at com.dangbei.screencast.startup.StartupService.onCreate(:5)
05-27 14:26:00.105 W/System.err( 4019): at android.app.ActivityThread.handleCreateService(ActivityThread.java:4696)
05-27 14:26:00.105 W/System.err( 4019): at android.app.ActivityThread.-$$Nest$mhandleCreateService(Unknown Source:0)
05-27 14:26:00.105 W/System.err( 4019): at android.app.ActivityThread$H.handleMessage(ActivityThread.java:2293)
05-27 14:26:00.105 W/System.err( 4019): at android.os.Handler.dispatchMessage(Handler.java:106)
05-27 14:26:00.105 W/System.err( 4019): at android.os.Looper.loopOnce(Looper.java:205)
05-27 14:26:00.105 W/System.err( 4019): at android.os.Looper.loop(Looper.java:294)
05-27 14:26:00.105 W/System.err( 4019): at android.app.ActivityThread.main(ActivityThread.java:8255)
05-27 14:26:00.105 W/System.err( 4019): at java.lang.reflect.Method.invoke(Native Method)
05-27 14:26:00.105 W/System.err( 4019): at com.android.internal.os.RuntimeInit$MethodAndArgsCaller.run(RuntimeInit.java:552)
05-27 14:26:00.105 W/System.err( 4019): at com.android.internal.os.ZygoteInit.main(ZygoteInit.java:978)
05-27 14:26:00.113 E/HuaweiCastService( 4019): onCreate called().
05-27 14:26:00.115 E/PlayerClient( 4019): registerCallback com.dangbei.screencast.huaweicast.service.HuaweiCastService$a@7b4235b
05-27 14:26:00.115 D/PlayerClient( 4019): registerCallback true
05-27 14:26:00.115 D/PlayerClient( 4019): init.
05-27 14:26:00.116 W/KIT_FWK_a( 4019): KitFwk is not installed, pls do not use related interfaces.
05-27 14:26:00.116 W/KIT_FWK_a( 4019): KitFwk is not installed, pls do not use related interfaces.
05-27 14:26:00.116 E/PlayerClient( 4019): bind player service by aar.
05-27 14:26:00.119 D/TrafficStats( 4019): tagSocket(147) with statsTag=0xffffffff, statsUid=-1
05-27 14:26:00.123 D/PlayerClient( 4019): bind player sink service true
05-27 14:26:00.125 W/ActivityManager( 704): Foreground service started from background can not have location/camera/microphone access: service com.dangbei.screencast/.huaweicast.service.HuaweiCastService
05-27 14:26:00.126 E/HuaweiCastService( 4019): startForeground!
05-27 14:26:00.128 D/TrafficStats( 4019): tagSocket(151) with statsTag=0xffffffff, statsUid=-1
05-27 14:26:00.130 E/HuaweiCastService( 4019): onStartCommand in 0
05-27 14:26:00.136 D/HiSight-SinkService( 4019): onCreate.
05-27 14:26:00.137 D/HiSight-ConnectionManager( 4019): start ConnectionManager
05-27 14:26:00.141 I/WifiService( 704): acquireMulticastLock uid=10043
05-27 14:26:00.142 D/HiSight-SinkService( 4019): onBind.
05-27 14:26:00.142 I/WifiService( 704): acquireMulticastLock uid=10043
05-27 14:26:00.144 D/WifiHAL ( 519): Setting APF program, halHandle = 0xee802710
05-27 14:26:00.144 I/WifiHAL ( 519): createRequest: APF set program request
05-27 14:26:00.144 D/WifiHAL ( 519): error code -95 mapped to -3
05-27 14:26:00.144 I/WifiHAL ( 519): Request Response failed for APF, result = -3
05-27 14:26:00.145 E/WifiStaIfaceAidlImpl( 704): installApfPacketFilter failed with service-specific exception: android.os.ServiceSpecificException: (code 4)
05-27 14:26:00.145 D/PlayerClient( 4019): service connected.
05-27 14:26:00.144 D/IpClient.wlan0( 1112): set max DTIM multiplier to 1
05-27 14:26:00.145 D/HiSight-SinkService( 4019): ITaskBinder registerCallback: true
05-27 14:26:00.145 D/HiSight-HiSightManager( 4019): ITaskBinder registerCallback.
05-27 14:26:00.145 D/HiSight-CallbackManager( 4019): addNewCallback. com.dangbei.screencast.huaweicast.service.HuaweiCastService$a@7b4235b
05-27 14:26:00.145 E/HuaweiCastService( 4019): eventId: 4001
05-27 14:26:00.146 D/WifiHAL ( 519): Setting DTIM config , halHandle = 0xee802710 Multiplier = 1
05-27 14:26:00.146 I/WifiHAL ( 519): Successfully configured dtim multiplier 1
05-27 14:26:00.146 E/HuaweiCastService( 4019): mPlayerClient is null.
05-27 14:26:00.146 D/WifiHAL ( 519): error code -95 mapped to -3
05-27 14:26:00.146 E/WifiStaIfaceAidlImpl( 704): setDtimMultiplier failed with service-specific exception: android.os.ServiceSpecificException: (code 4)
05-27 14:26:00.147 D/HiSight-HiSightManager( 4019): check capability vbr range not setting, using default value
05-27 14:26:00.148 E/HuaweiCastService( 4019): mPlayerClient is null.
05-27 14:26:00.148 D/HiSight-SinkService( 4019): setAuthMode
05-27 14:26:00.148 W/HiSight-ConnectionManager( 4019): mSinkId is empty
05-27 14:26:00.153 I/MobclickAgent( 4019): module init:azioc
05-27 14:26:00.218 W/TelephonyPermissions( 704): reportAccessDeniedToReadIdentifiers:com.dangbei.screencast:getSerial:-1
05-27 14:26:00.495 D/ActivityManager( 704): freezing 2229 com.android.providers.calendar
05-27 14:26:00.497 E/StartupService( 4019): onConnected:
05-27 14:26:00.522 I/gbei.screencast( 4019): type=1400 audit(0.0:2169): avc: denied { open } for path="/dev/__properties__/u:object_r:serialno_prop:s0" dev="tmpfs" ino=323 scontext=u:r:untrusted_app_27:s0:c43,c256,c512,c768 tcontext=u:object_r:serialno_prop:s0 tclass=file permissive=1 app=com.dangbei.screencast
05-27 14:26:00.532 W/System.err( 4019): java.lang.NullPointerException: Attempt to invoke virtual method 'byte[] java.net.NetworkInterface.getHardwareAddress()' on a null object reference
05-27 14:26:00.532 W/System.err( 4019): at b.f.f.y.g.b(Unknown Source:11)
05-27 14:26:00.532 W/System.err( 4019): at b.d.a.a.p.c0(Unknown Source:2)
05-27 14:26:00.532 W/System.err( 4019): at b.f.f.w.b.(:16)
05-27 14:26:00.532 W/System.err( 4019): at com.dangbei.screencast.startup.StartupService.w(:2)
05-27 14:26:00.532 W/System.err( 4019): at b.f.f.h.g.b.run(:6)
05-27 14:26:00.532 W/System.err( 4019): at b.d.a.a.n.a(Unknown Source:10)
05-27 14:26:00.532 W/System.err( 4019): at b.f.f.h.g.j.onReceive(Unknown Source:20)
05-27 14:26:00.532 W/System.err( 4019): at android.app.LoadedApk$ReceiverDispatcher$Args.lambda$getRunnable$0(LoadedApk.java:1811)
05-27 14:26:00.532 W/System.err( 4019): at android.app.LoadedApk$ReceiverDispatcher$Args.$r8$lambda$gDuJqgxY6Zb-ifyeubKeivTLAwk(Unknown Source:0)
05-27 14:26:00.532 W/System.err( 4019): at android.app.LoadedApk$ReceiverDispatcher$Args$$ExternalSyntheticLambda0.run(Unknown Source:2)
05-27 14:26:00.532 W/System.err( 4019): at android.os.Handler.handleCallback(Handler.java:958)
05-27 14:26:00.532 W/System.err( 4019): at android.os.Handler.dispatchMessage(Handler.java:99)
05-27 14:26:00.532 W/System.err( 4019): at android.os.Looper.loopOnce(Looper.java:205)
05-27 14:26:00.532 W/System.err( 4019): at android.os.Looper.loop(Looper.java:294)
05-27 14:26:00.532 W/System.err( 4019): at android.app.ActivityThread.main(ActivityThread.java:8255)
05-27 14:26:00.532 W/System.err( 4019): at java.lang.reflect.Method.invoke(Native Method)
05-27 14:26:00.532 W/System.err( 4019): at com.android.internal.os.RuntimeInit$MethodAndArgsCaller.run(RuntimeInit.java:552)
05-27 14:26:00.532 W/System.err( 4019): at com.android.internal.os.ZygoteInit.main(ZygoteInit.java:978)
05-27 14:26:00.557 W/efs.info.manager( 4019): network change: wifi
05-27 14:26:00.569 D/TrafficStats( 4019): tagSocket(161) with statsTag=0xffffffff, statsUid=-1
05-27 14:26:00.917 I/TvUniPlayer/UniPlayer@52ede0f( 3391): in handleMessage event:10000
05-27 14:26:00.929 I/PlayThreadMonitor( 3391): in playerthread monitor handler
05-27 14:26:00.929 I/PlayThreadMonitor( 3391): in monitor runnable
05-27 14:26:01.244 E/p2p_upload_limit( 3391): HCDN_LOG: [T:3628][func:DoUploadLimitContol],[line:3363],FromModule[2],LimitSpeed[8192Kb/s],LimitTime[60s]!
05-27 14:26:01.371 I/com.ktcp.video( 2561): Background concurrent copying GC freed 164580(6477KB) AllocSpace objects, 0(0B) LOS objects, 49% free, 6432KB/12MB, paused 134us,73us total 126.103ms
05-27 14:26:01.945 D/hdmicecd( 512): [CEC]:printCecMsgBuf, msg: 04 8f
05-27 14:26:01.942 I/xm_hidread( 1928): type=1400 audit(0.0:2172): avc: denied { read } for scontext=u:r:init:s0 tcontext=u:r:init:s0 tclass=netlink_kobject_uevent_socket permissive=1
05-27 14:26:01.946 D/HDMI ( 704): [R]: 04:8F
05-27 14:26:01.948 D/HDMI ( 704): [S]: 40:90:00
05-27 14:26:01.951 I/efs.config( 3927): No update is required, less than 8h since the last update
05-27 14:26:01.957 W/TelephonyPermissions( 704): reportAccessDeniedToReadIdentifiers:com.dangbei.screencast:getSerial:-1
05-27 14:26:02.009 V/NFC ( 3927): this device does not have NFC support
05-27 14:26:02.062 D/hdmicecd( 512): [CEC]:printCecMessage, [4 -> 0] len: 2, body: 90 00, result:success
05-27 14:26:02.062 E/IPCThreadState( 512): binder thread pool (1 threads) starved for 114 ms
05-27 14:26:02.118 I/ip ( 4109): type=1400 audit(0.0:2173): avc: denied { bind } for scontext=u:r:untrusted_app_27:s0:c43,c256,c512,c768 tcontext=u:r:untrusted_app_27:s0:c43,c256,c512,c768 tclass=netlink_route_socket permissive=1 app=com.dangbei.screencast
05-27 14:26:02.118 I/ip ( 4109): type=1400 audit(0.0:2174): avc: denied { nlmsg_readpriv } for scontext=u:r:untrusted_app_27:s0:c43,c256,c512,c768 tcontext=u:r:untrusted_app_27:s0:c43,c256,c512,c768 tclass=netlink_route_socket permissive=1 app=com.dangbei.screencast
05-27 14:26:02.118 W/ip ( 4109): type=1400 audit(0.0:2175): avc: granted { nlmsg_getneigh } for scontext=u:r:untrusted_app_27:s0:c43,c256,c512,c768 tcontext=u:r:untrusted_app_27:s0:c43,c256,c512,c768 tclass=netlink_route_socket app=com.dangbei.screencast
05-27 14:26:02.305 I/WifiHAL ( 519): call wifi_get_link_stats handler
05-27 14:26:02.306 I/WifiHAL ( 519): Creating message to get link statistics; iface = 19
05-27 14:26:02.306 D/WifiHAL ( 519): error code -95 mapped to -3
05-27 14:26:02.306 E/WifiStaIfaceAidlImpl( 704): getLinkLayerStats failed with service-specific exception: android.os.ServiceSpecificException: (code 4)
05-27 14:26:02.539 D/TrafficStats( 2561): tagSocket(264) with statsTag=0xffffffff, statsUid=-1
05-27 14:26:02.558 D/TrafficStats( 2561): tagSocket(265) with statsTag=0xffffffff, statsUid=-1
05-27 14:26:02.567 D/TrafficStats( 3927): tagSocket(149) with statsTag=0xffffffff, statsUid=-1
05-27 14:26:02.819 E/p2pfile ( 3391): HCDN_LOG: [T:3612][HINFO]:[f:GetParam],[l:4289],[Task(0), key=storage_mem_size]
05-27 14:26:02.819 E/p2pfile ( 3391): HCDN_LOG: [T:3612][HINFO]:[f:GetParam],[l:4289],[Task(0), key=p2p_mem_size]
05-27 14:26:02.819 E/localserver( 3391): HCDN_LOG: [T:3612][func:MonitorMem],[line:73],[Memstatistics],[bRet:1],[bNextRet:1],[pParamStorageBuffer:0],[pParamP2PBuffer:0]
05-27 14:26:02.894 W/XLOGReport( 2561): OtherSize: 31149, MainSize: 3752
05-27 14:26:02.919 I/TvUniPlayer/UniPlayer@52ede0f( 3391): in handleMessage event:10000
05-27 14:26:03.004 D/TrafficStats( 4019): tagSocket(160) with statsTag=0xffffffff, statsUid=-1
05-27 14:26:03.504 I/CLog ( 3391): 2025-05-27 14:26:03.504 T:3680 INFO: RM_AE::1,HEARTBEAT, sink_delay:0.0000, spatial_delay:0.0000, iqae:0,0,0,0,0,0
05-27 14:26:03.559 I/audio_hw_hal_alsamgr( 499): alsa format =0x1 delay frames =640 total frames=4042240
05-27 14:26:03.608 I/UNIPLAYERSDK( 3391): MediaPlayerAdaptor.cpp:297 [PumaPlayerAdaptor@0xe45213e4]doHandleMessage(KMSG_INNERACTION_PB_DOWNLOADSPEED, arg1:-111, arg2:-111)
05-27 14:26:03.608 I/UNIPLAYERSDK( 3391): PumaPlayer.cpp:966 [PumaPlayer@0xab1e295c]InvokeMctoPlayerCommand(), command = 29, command_params = {}, buffer = 0xb8b26d7c
05-27 14:26:03.608 I/UNIPLAYERSDK( 3391): PumaPlayer.cpp:396 getRealtimeSpeed(), get kMctoPlayerCmd_GetSpeed averageSpeed = 2491392 B/s
05-27 14:26:03.608 I/UNIPLAYERSDK( 3391): PumaPlayer.cpp:400 getRealtimeSpeed(), get kMctoPlayerCmd_GetSpeed realTimeSpeed = 0 B/s
05-27 14:26:03.609 I/UNIPLAYERSDK( 3391): PumaPlayerAdaptor.cpp:797 [PumaPlayerAdaptor@0xe45213e4]KMSG_INNERACTION_PB_DOWNLOADSPEED speed= 19464
05-27 14:26:03.609 D/UNIPLAYERSDK( 3391): BaseState.cpp:42 [PumaPlayerAdaptor@0xe45213e4@0xb1bfe668]{fm(KMSG_INNERACTION_PB_DOWNLOADSPEED),ret(0),at(0,6498,6498),s(12,-2,-2,-2,12),fm=Message@0xe46f9bd0{what=2097226,when=96498,arg1=-1111111111,arg2=-1111111111,arg3=-1111111111,str=,timeout=0,obj=0x0,runnable=0x0,target=0xe4521300,watchDogOp=0x0}
05-27 14:26:03.609 D/UNIPLAYERSDK( 3391): BaseState.cpp:56 [PumaPlayerAdaptor@0xe45213e4@0xb1bfe668]{fm(KMSG_INNERACTION_PB_DOWNLOADSPEED),o(AudioPrevi)-t(0,6498,6498),o(BitstreamS)-t(0,6498,6498),o(CarouselPr)-t(0,6498,6498),o(FastHelper)-t(0,6498,6498),o(HeaderTail)-t(0,6498,6498),o(HighLights)-t(0,6498,6498),o(InteractPr)-t(0,6498,6498),o(LivePrevie)-t(0,6498,6498),o(MediaPlaye)-t(0,6498,6498),o(MovieVVInf)-t(0,6498,6498),o(PPrecacher)-t(0,6498,6498),o(PlayerStuc)-t(0,6498,6498),o(PumaAbsCmd)-t(0,6498,6498),o(PumaAdvert)-t(0,6498,6498),o(PumaBuffer)-t(0,6498,6498),o(PumaError@)-t(0,6498,6498),o(PumaMediaD)-t(0,6498,6498),o(PumaPlayer)-t(0,6498,6498),o(PumaRate@0)-t(0,6498,6498),o(PumaSegmen)-t(0,6498,6498),o(PumaSubtit)-t(0,6498,6498),o(RefreshAcc)-t(0,6498,6498),o(RefreshSer)-t(0,6498,6498),o(SceneKeepe)-t(0,6498,6498),o(SetRate@0x)-t(0,6498,6498),o(SwitchEpis)-t(0,6498,6498),o(VideoPlayC)-t(0,6498,6498)}
05-27 14:26:03.826 I/HCDN_DownloadEn( 3391): type=1400 audit(0.0:2176): avc: denied { open } for path="/proc/stat" dev="proc" ino=4026532003 scontext=u:r:untrusted_app_29:s0:c89,c256,c512,c768 tcontext=u:object_r:proc_stat:s0 tclass=file permissive=1 app=com.dangbei.hqmedia
05-27 14:26:03.826 I/HCDN_DownloadEn( 3391): type=1400 audit(0.0:2177): avc: denied { getattr } for path="/proc/stat" dev="proc" ino=4026532003 scontext=u:r:untrusted_app_29:s0:c89,c256,c512,c768 tcontext=u:object_r:proc_stat:s0 tclass=file permissive=1 app=com.dangbei.hqmedia
05-27 14:26:03.930 I/PlayThreadMonitor( 3391): in playerthread monitor handler
05-27 14:26:03.930 I/PlayThreadMonitor( 3391): in monitor runnable
05-27 14:26:03.966 E/GuardService( 3927): startMainRunnable:
05-27 14:26:03.968 D/OomAdjuster( 704): Not killing cached processes
05-27 14:26:04.920 I/TvUniPlayer/UniPlayer@52ede0f( 3391): in handleMessage event:10000
05-27 14:26:05.018 I/Timer-1 ( 4019): type=1400 audit(0.0:2178): avc: denied { search } for name="net" dev="sysfs" ino=12344 scontext=u:r:untrusted_app_27:s0:c43,c256,c512,c768 tcontext=u:object_r:sysfs_net:s0 tclass=dir permissive=1 app=com.dangbei.screencast
05-27 14:26:05.033 W/TelephonyPermissions( 704): reportAccessDeniedToReadIdentifiers:com.dangbei.screencast:getSerial:-1
05-27 14:26:05.058 I/WifiService( 704): releaseMulticastLock uid=10043
05-27 14:26:05.059 I/WifiService( 704): releaseMulticastLock uid=10043
05-27 14:26:05.058 I/gbei.screencast( 4019): type=1400 audit(0.0:2179): avc: denied { write } for name="property_service" dev="tmpfs" ino=411 scontext=u:r:untrusted_app_27:s0:c43,c256,c512,c768 tcontext=u:object_r:property_socket:s0 tclass=sock_file permissive=1 app=com.dangbei.screencast
05-27 14:26:05.062 I/gbei.screencast( 4019): type=1400 audit(0.0:2180): avc: denied { connectto } for path="/dev/socket/property_service" scontext=u:r:untrusted_app_27:s0:c43,c256,c512,c768 tcontext=u:r:init:s0 tclass=unix_stream_socket permissive=1 app=com.dangbei.screencast
05-27 14:26:05.064 D/IpClient.wlan0( 1112): set max DTIM multiplier to 9
05-27 14:26:05.067 D/WifiHAL ( 519): Setting APF program, halHandle = 0xee802710
05-27 14:26:05.067 I/WifiHAL ( 519): createRequest: APF set program request
05-27 14:26:05.067 D/WifiHAL ( 519): error code -95 mapped to -3
05-27 14:26:05.067 I/WifiHAL ( 519): Request Response failed for APF, result = -3
05-27 14:26:05.067 E/WifiStaIfaceAidlImpl( 704): installApfPacketFilter failed with service-specific exception: android.os.ServiceSpecificException: (code 4)
05-27 14:26:05.068 D/WifiHAL ( 519): Setting DTIM config , halHandle = 0xee802710 Multiplier = 9
05-27 14:26:05.068 I/WifiHAL ( 519): Successfully configured dtim multiplier 9
05-27 14:26:05.068 D/WifiHAL ( 519): error code -95 mapped to -3
05-27 14:26:05.068 E/WifiStaIfaceAidlImpl( 704): setDtimMultiplier failed with service-specific exception: android.os.ServiceSpecificException: (code 4)
05-27 14:26:05.076 V/NFC ( 4019): this device does not have NFC support
05-27 14:26:05.085 D/HiSight-SinkService( 4019): setDiscoverable true
05-27 14:26:05.086 D/wenhc ( 1519): getScreenInfo uri = content://com.dangbei.screencast.parts.info/screen_cast
05-27 14:26:05.087 D/NearFieldManager( 4019): init.
05-27 14:26:05.087 D/NearFieldManager( 4019): try check dmsdp
05-27 14:26:05.108 D/NearFieldManager( 4019): package not exist
05-27 14:26:05.111 D/CompatibilityChangeReporter( 704): Compat change id reported: 135634846; UID 10043; state: DISABLED
05-27 14:26:05.112 D/CompatibilityChangeReporter( 704): Compat change id reported: 143937733; UID 10043; state: DISABLED
05-27 14:26:05.113 D/NearFieldManager( 4019): bind nearfield service true
05-27 14:26:05.114 D/NearFieldManager( 4019): registerCallback true
05-27 14:26:05.114 D/HiSight-Discovery( 4019): set deviceInfo type:46
05-27 14:26:05.114 D/HiSight-Discovery( 4019): startAdvertise 1
05-27 14:26:05.128 D/Zygote ( 479): Forked child process 4131
05-27 14:26:05.129 I/ActivityManager( 704): Start proc 4131:com.huawei.connection/u0a43 for service {com.dangbei.screencast/com.huawei.connection.service.NearFieldManagerService}
05-27 14:26:05.136 I/Zygote ( 4131): seccomp disabled by setenforce 0
05-27 14:26:05.141 I/awei.connection( 4131): Using CollectorTypeCC GC.
05-27 14:26:05.146 E/awei.connection( 4131): Not starting debugger since process cannot load the jdwp agent.
05-27 14:26:05.142 I/rainbow_flow( 2928): type=1400 audit(0.0:2181): avc: denied { ioctl } for path="/dev/spidev1.0" dev="tmpfs" ino=531 ioctlcmd=0x6b00 scontext=u:r:init:s0 tcontext=u:object_r:device:s0 tclass=chr_file permissive=1
05-27 14:26:05.160 D/CompatibilityChangeReporter( 4131): Compat change id reported: 171979766; UID 10043; state: DISABLED
05-27 14:26:05.160 D/CompatibilityChangeReporter( 4131): Compat change id reported: 242716250; UID 10043; state: DISABLED
05-27 14:26:05.165 D/ApplicationLoaders( 4131): Returning zygote-cached class loader: /system/framework/android.test.base.jar
05-27 14:26:05.165 D/ApplicationLoaders( 4131): Returning zygote-cached class loader: /system/framework/android.hidl.manager-V1.0-java.jar
05-27 14:26:05.165 D/ApplicationLoaders( 4131): Returning zygote-cached class loader: /system/framework/android.hidl.base-V1.0-java.jar
05-27 14:26:05.174 D/nativeloader( 4131): Configuring clns-shared-4 for other apk /system/app/dangbei-screencast/dangbei-screencast.apk. target_sdk_version=28, uses_libraries=, library_path=/system/app/dangbei-screencast/lib/arm:/system/app/dangbei-screencast/dangbei-screencast.apk!/lib/armeabi-v7a:/system/lib:/system_ext/lib, permitted_path=/data:/mnt/expand:/data/user/0/com.dangbei.screencast:/system/app/dangbei-screencast:/system/lib:/system_ext/lib
05-27 14:26:05.205 V/GraphicsEnvironment( 4131): Currently set values for:
05-27 14:26:05.205 V/GraphicsEnvironment( 4131): angle_gl_driver_selection_pkgs=[]
05-27 14:26:05.205 V/GraphicsEnvironment( 4131): angle_gl_driver_selection_values=[]
05-27 14:26:05.206 V/GraphicsEnvironment( 4131): ANGLE GameManagerService for com.dangbei.screencast: false
05-27 14:26:05.206 V/GraphicsEnvironment( 4131): com.dangbei.screencast is not listed in per-application setting
05-27 14:26:05.206 V/GraphicsEnvironment( 4131): Neither updatable production driver nor prerelease driver is supported.
05-27 14:26:05.210 I/MultiDex( 4131): VM with version 2.1.0 has multidex support
05-27 14:26:05.210 I/MultiDex( 4131): Installing application
05-27 14:26:05.210 I/MultiDex( 4131): VM has multidex support, MultiDex support library is disabled.
05-27 14:26:05.211 D/CompatibilityChangeReporter( 4131): Compat change id reported: 247079863; UID 10043; state: DISABLED
05-27 14:26:05.244 I/crashsdk( 4131): version unique build id: 6230cced
05-27 14:26:05.242 I/awei.connection( 4131): type=1400 audit(0.0:2182): avc: denied { read } for name="address" dev="sysfs" ino=22126 scontext=u:r:untrusted_app_27:s0:c43,c256,c512,c768 tcontext=u:object_r:sysfs_net:s0 tclass=file permissive=1 app=com.dangbei.screencast
05-27 14:26:05.242 I/awei.connection( 4131): type=1400 audit(0.0:2183): avc: denied { open } for path="/sys/devices/virtual/net/dummy0/address" dev="sysfs" ino=22126 scontext=u:r:untrusted_app_27:s0:c43,c256,c512,c768 tcontext=u:object_r:sysfs_net:s0 tclass=file permissive=1 app=com.dangbei.screencast
05-27 14:26:05.256 D/crashsdk( 4131): Native log stat thread 4160 setup, waiting
05-27 14:26:05.242 I/awei.connection( 4131): type=1400 audit(0.0:2184): avc: denied { getattr } for path="/sys/devices/virtual/net/dummy0/address" dev="sysfs" ino=22126 scontext=u:r:untrusted_app_27:s0:c43,c256,c512,c768 tcontext=u:object_r:sysfs_net:s0 tclass=file permissive=1 app=com.dangbei.screencast
05-27 14:26:05.259 I/crashsdk( 4131): begin hack android.os.Process
05-27 14:26:05.260 I/crashsdk( 4131): end hack android.os.Process
05-27 14:26:05.250 I/Thread-3( 4131): type=1400 audit(0.0:2185): avc: denied { read } for name="version" dev="proc" ino=4026532005 scontext=u:r:untrusted_app_27:s0:c43,c256,c512,c768 tcontext=u:object_r:proc_version:s0 tclass=file permissive=1 app=com.dangbei.screencast
05-27 14:26:05.264 I/TDLog ( 4131): setReportUncaughtExceptions: true
05-27 14:26:05.250 I/Thread-3( 4131): type=1400 audit(0.0:2186): avc: denied { open } for path="/proc/version" dev="proc" ino=4026532005 scontext=u:r:untrusted_app_27:s0:c43,c256,c512,c768 tcontext=u:object_r:proc_version:s0 tclass=file permissive=1 app=com.dangbei.screencast
05-27 14:26:05.264 E/Application( 4131): onCreate:Version:v2.8.3/20830/883432e
05-27 14:26:05.279 I/crashsdk( 4131): Catcher mask: 5000, 20480
05-27 14:26:05.280 I/crashsdk( 4131): Catcher thread 4137
05-27 14:26:05.280 D/crashsdk( 4131): Register ANR handler ...
05-27 14:26:05.280 D/NearFieldManagerService( 4131): NearFieldManagerService.
05-27 14:26:05.281 D/NearFieldManagerService( 4131): onCreate, enter.
05-27 14:26:05.281 I/NearFieldManagerService( 4131): onBind, enter.
05-27 14:26:05.281 D/NearFieldManagerService( 4131): initService
05-27 14:26:05.281 D/NearFieldManagerService( 4131): NearField starting...
05-27 14:26:05.282 D/NearFieldUtils( 4131): checkSystemProperty in
05-27 14:26:05.282 D/NearFieldUtils( 4131): checkSystemProperty: systemProperties:
05-27 14:26:05.282 E/NearFieldUtils( 4131): validProperty: priority is null
05-27 14:26:05.286 D/NearFieldManager( 4019): service connected.
05-27 14:26:05.286 I/Matrix.AnrTracer( 4131): anrTrace, final mAnrBeatTime:400, mAnrBeatRate:400
05-27 14:26:05.286 W/efs.send_log( 4131): tryFileLock start!
05-27 14:26:05.287 D/HiSight-Discovery( 4019): eventId: 4001
05-27 14:26:05.287 D/HiSight-Discovery( 4019): msg 4001
05-27 14:26:05.287 D/HiSight-Discovery( 4019): bind success, status Ready
05-27 14:26:05.287 D/HiSight-Discovery( 4019): startAdvertise 2
05-27 14:26:05.287 D/HiSight-Discovery( 4019): stopAdvertise.
05-27 14:26:05.287 D/HiSight-Discovery( 4019): nearFieldStartListen deviceType 46
05-27 14:26:05.288 I/NearFieldManagerImpl( 4131): setDeviceInfo, sDeviceId changes
05-27 14:26:05.288 I/NearFieldManagerImpl( 4131): setDeviceInfo, sDeviceName changes
05-27 14:26:05.288 D/NearFieldManagerImpl( 4131): setServiceData, sServiceData=[], serviceData=[32]
05-27 14:26:05.289 E/NearFieldManager( 4019): setIdnNetworkPriority: networkPortPriority is empty
05-27 14:26:05.289 D/NearFieldManager( 4019): StartListen moduleId: CastPlusDiscoveryModule
05-27 14:26:05.290 E/LaunchManager( 4131): Non main process !
05-27 14:26:05.290 D/NearFieldManagerImpl( 4131): startListen: moduleId: CastPlusDiscoveryModule
05-27 14:26:05.290 D/NearFieldUtils( 4131): getPreferredIpAddress exec
05-27 14:26:05.290 W/System.err( 4131): java.lang.NullPointerException: Attempt to invoke virtual method 'boolean com.efs.sdk.launch.LaunchConfigManager.enableTracer()' on a null object reference
05-27 14:26:05.290 D/NearFieldUtils( 4131): getPreferredIpAddress by custom priority
05-27 14:26:05.290 W/System.err( 4131): at com.umeng.umcrash.UMCrash.init(Unknown Source:403)
05-27 14:26:05.290 D/NearFieldUtils( 4131): getIpByInterfaceSetting customIdnNetworkPriority:[]
05-27 14:26:05.290 W/System.err( 4131): at java.lang.reflect.Method.invoke(Native Method)
05-27 14:26:05.290 D/NearFieldUtils( 4131): getPreferredIpAddress by default priority
05-27 14:26:05.290 W/System.err( 4131): at com.umeng.commonsdk.UMConfigure.init(Unknown Source:811)
05-27 14:26:05.290 W/System.err( 4131): at b.f.f.b.a(:4)
05-27 14:26:05.290 W/System.err( 4131): at h.o.a.run(Unknown Source:2)
05-27 14:26:05.292 I/TDLog ( 4131): TalkingData SDK init...
05-27 14:26:05.292 I/TDLog ( 4131): SDK_VERSION is: Android+TD+V5.0.7 gp Type:Native Build_Num:2141
05-27 14:26:05.292 I/TDLog ( 4131): App ID is: B9D7815EC975466AB1332111FCE62DF5
05-27 14:26:05.292 I/TDLog ( 4131): App Channel is: os
05-27 14:26:05.292 I/TDLog ( 4131): App Custom is:
05-27 14:26:05.292 I/TDLog ( 4131): SDK_OVC is: TDOVC+a3bb7754719798526508b6caad480dd7+SaaS
05-27 14:26:05.294 I/efs.config( 4131): --->>> 删除旧的配置文件 false
05-27 14:26:05.294 I/efs.base( 4131): lt=event`ev_ct=efs_core`ev_ac=pvuv`tm=2025-05-27 14:26:28`dn=61bcfc34-ee82-4dfe-8d74-54c93ee6dac2`ps=com.huawei.connection`um_os=android`stime=1748327165121`pid=4131`fr=android`pkg=com.dangbei.screencast`vcode=20830`dsp_w=1920`uid=61bcfc34-ee82-4dfe-8d74-54c93ee6dac2`rom=14`wid=61bcfc34-ee82-4dfe-8d74-54c93ee6dac2`um_app_carrier=`um_access=wifi`um_app_channel=os`um_crash_sdk_version=1.4.0`ctime=1748327165`model=dbbox-a3`lang=zh`net=wifi`brand=amlogic`dsp_h=1080`um_network_type=0`ver=v2.8.3`build_model=DBBOX-A3`w_tm=1748327165`appid=5fc60c21094d637f3130af19`um_umid_header=ai8abf6ff8348a63facaba9966fe6090ac`sdk=34`tzone=Asia/Shanghai`sdk_ver=1.3.6.umeng
05-27 14:26:05.309 I/WifiHAL ( 519): call wifi_get_link_stats handler
05-27 14:26:05.309 I/WifiHAL ( 519): Creating message to get link statistics; iface = 19
05-27 14:26:05.310 D/WifiHAL ( 519): error code -95 mapped to -3
05-27 14:26:05.310 E/WifiStaIfaceAidlImpl( 704): getLinkLayerStats failed with service-specific exception: android.os.ServiceSpecificException: (code 4)
05-27 14:26:05.310 D/TrafficStats( 4131): tagSocket(131) with statsTag=0xffffffff, statsUid=-1
05-27 14:26:05.313 I/efs.config( 4131): current config version (-1) is older than another (1735614866)
05-27 14:26:05.314 I/efs.config( 4131): load config from storage and notify observer
05-27 14:26:05.335 D/NearFieldUtils( 4131): to get wlan0 ip address
05-27 14:26:05.335 D/NearFieldUtils( 4131): get wlan0 IP succeed.
05-27 14:26:05.335 D/NearFieldManagerImpl( 4131): sDeviceType: 46
05-27 14:26:05.335 D/NearFieldManagerImpl( 4131): registerDevice() is called.
05-27 14:26:05.336 E/NearFieldManagerUtilsNative( 4131): Begin System.loadLibrary()
05-27 14:26:05.344 I/HicomNfTimerManager( 4131): epoll fd:135 create success
05-27 14:26:05.344 I/HicomNfTimerManager( 4131): epoll add fd:136--->135 success
05-27 14:26:05.344 I/HicomNfTimerManager( 4131): time fd:136 add to epoll success
05-27 14:26:05.350 D/nStackXDFinder( 4131): NSTACKX_Init:[146] :nstack ctrl creat epollfd 138
05-27 14:26:05.352 I/nStackXDFinder( 4131): InitDefaultInterfaceName:[779] :InitDefaultInterfaceName exec
05-27 14:26:05.352 D/nStackXCoAP( 4131): CoapServerInit:[174] :CoapServerInit is called
05-27 14:26:05.352 E/nStackXDFinder( 4131): GetLocalIp:[401] :GetLocalIp exec
05-27 14:26:05.352 E/nStackXDFinder( 4131): GetLocalIp:[407] :GetLocalIp, ifInfo is null
05-27 14:26:05.353 I/HicomNfMainCtrlManager( 4131): NSTACKX_RegisterDevice is called
05-27 14:26:05.353 D/NearFieldManagerImpl( 4131): Register device success.
05-27 14:26:05.353 I/nStackXDFinder( 4131): UpdateLocalNetworkInterface:[472] :UpdateLocalNetworkInterface exec,initerfaceName:wlan0
05-27 14:26:05.354 E/nStackXDFinder( 4131): GetLocalIp:[401] :GetLocalIp exec
05-27 14:26:05.354 E/nStackXDFinder( 4131): GetLocalIp:[407] :GetLocalIp, ifInfo is null
05-27 14:26:05.354 I/nStackXDFinder( 4131): UpdateLocalNetworkInterface:[498] :UpdateLocalNetworkInterface copy ip value in default process
05-27 14:26:05.354 E/nStackXDFinder( 4131): GetLocalIp:[401] :GetLocalIp exec
05-27 14:26:05.354 D/nStackXCoAP( 4131): CoapServerInit:[174] :CoapServerInit is called
05-27 14:26:05.354 E/nStackXDFinder( 4131): GetLocalIp:[401] :GetLocalIp exec
05-27 14:26:05.354 I/nStackXUtil( 4131): BindToDevice:[352] :BindToDevice exec
05-27 14:26:05.354 I/nStackXUtil( 4131): GetInterfaceByPriority:[279] :GetInterfaceByPriority exec
05-27 14:26:05.354 I/nStackXUtil( 4131): GetInterfaceByDefault:[309] :GetInterfaceByDefault exec
05-27 14:26:05.354 I/nStackXUtil( 4131): GetInterfaceByDefault:[316] :GetInterfaceByDefault, ndevice name: lo
05-27 14:26:05.354 I/nStackXUtil( 4131): GetInterfaceByDefault:[316] :GetInterfaceByDefault, ndevice name: wlan0
