05-27 14:25:51.412 D/XM_HIDREAD( 1928): poll ret=1, event=1
05-27 14:25:51.412 D/XM_HIDREAD( 1928): [9 bytes]:01 00 00 00 00 00 00 00 00
05-27 14:25:51.414 I/SogouIME( 1501): onKeyUp: keyoCode=20
05-27 14:25:51.414 I/DefaultIMS( 1501): onKeyUp: keyoCode=20
05-27 14:25:51.435 I/audio_hw_hal_primary( 499): [audiohal_get_latency:1333] io 13: out:0xf3280740 frames:1024 rate:48000 whole_latency:21 alsa_latency:21
05-27 14:25:51.435 I/audio_hw_hal_primary( 499): [audiohal_get_latency:1333] io 13: out:0xf3280740 frames:1024 rate:48000 whole_latency:21 alsa_latency:21
05-27 14:25:51.436 E/PersistableBundle( 543): Failed at frameworks/native/libs/binder/PersistableBundle.cpp:160 (erase)
05-27 14:25:51.437 I/audio_hw_hal_primary( 499): [audiohal_get_latency:1333] io 13: out:0xf3280740 frames:1152 rate:48000 whole_latency:24 alsa_latency:24
05-27 14:25:51.437 I/audio_hw_hal_primary( 499): [audiohal_get_latency:1333] io 13: out:0xf3280740 frames:1152 rate:48000 whole_latency:24 alsa_latency:24
05-27 14:25:51.438 I/audio_hw_hal_primary( 499): out_update_source_metadata_v7() line 2013 usage:13 content_type:4
05-27 14:25:51.451 E/ccc ( 1474): cccccc UpdateHelper onMessageReceived com.dangbei.haqusetting com.dangbei.etna.update {"action":"get","functionTag":"leaf_controller_function_controller_dangbei_update","value":0} com.dangbei.lerad.etna.aidl.IEtnaAidlCallback$Stub$Proxy@305c179
05-27 14:25:51.455 E/ccc ( 1474): cccccc 缓存获取遥控器版本 DB-15B-H5-R0111
05-27 14:25:51.459 E/ccc ( 1474): cccccc 请求电量缓存 100
05-27 14:25:51.464 E/ccc ( 1474): cccccc UpdateHelper onMessageReceived com.dangbei.haqusetting com.dangbei.etna.update {"action":"get","functionTag":"leaf_controller_function_controller_dangbei_update","value":0} com.dangbei.lerad.etna.aidl.IEtnaAidlCallback$Stub$Proxy@6fc6ebe
05-27 14:25:51.466 E/ccc ( 1474): cccccc 缓存获取遥控器版本 DB-15B-H5-R0111
05-27 14:25:51.466 E/ccc ( 1474): cccccc UpdateHelper onMessageReceived com.dangbei.haqusetting com.dangbei.etna.update {"action":"get","functionTag":"leaf_controller_function_controller_dangbei_update","value":0} com.dangbei.lerad.etna.aidl.IEtnaAidlCallback$Stub$Proxy@82d3b1f
05-27 14:25:51.467 E/ccc ( 1474): cccccc 缓存获取遥控器版本 DB-15B-H5-R0111
05-27 14:25:51.478 I/audio_hw_hal_primary( 499): [audiohal_get_latency:1333] io 13: out:0xf3280740 frames:1024 rate:48000 whole_latency:21 alsa_latency:21
05-27 14:25:51.478 I/audio_hw_hal_primary( 499): [audiohal_get_latency:1333] io 13: out:0xf3280740 frames:1024 rate:48000 whole_latency:21 alsa_latency:21
05-27 14:25:51.478 I/audio_hw_hal_primary( 499): [audiohal_get_latency:1333] io 13: out:0xf3280740 frames:1024 rate:48000 whole_latency:21 alsa_latency:21
05-27 14:25:51.478 I/audio_hw_hal_primary( 499): [audiohal_get_latency:1333] io 13: out:0xf3280740 frames:1024 rate:48000 whole_latency:21 alsa_latency:21
05-27 14:25:51.478 D/audioserver( 543): logFgsApiEnd: FGS Logger Transaction failed, -129
05-27 14:25:51.479 I/audio_hw_hal_primary( 499): out_update_source_metadata_v7() line 2013 usage:1 content_type:2
05-27 14:25:51.501 E/Hcdn_DeTask220659184( 3391): HCDN_LOG: [T:3627][HINFO]:[f:PostNotifyInfo],[l:248], notify type(6),info({"BandWidth":-2,"IsAd":1,"IsP2P":1,"VID":""}
05-27 14:25:51.501 E/Hcdn_DeTask220659184( 3391): )
05-27 14:25:51.501 E/Hcdn_DeTask3589828670( 3391): HCDN_LOG: [T:3627][HINFO]:[f:PostNotifyInfo],[l:248], notify type(6),info({"BandWidth":-2,"IsAd":1,"IsP2P":1,"VID":""}
05-27 14:25:51.501 E/Hcdn_DeTask3589828670( 3391): )
05-27 14:25:51.501 E/playfilesourceNew( 3391): HCDN_LOG: [T:3619][HINFO]:[f:DoAsynNotifyInfoResponse],[l:2605],[TaskID(220659184),type(6),msg({"BandWidth":-2,"IsAd":1,"IsP2P":1,"VID":""}
05-27 14:25:51.501 E/playfilesourceNew( 3391): )!]
05-27 14:25:51.501 E/playfilesourceNew( 3391): HCDN_LOG: [T:3619][HINFO]:[f:DoAsynNotifyInfoResponse],[l:2605],[TaskID(3589828670),type(6),msg({"BandWidth":-2,"IsAd":1,"IsP2P":1,"VID":""}
05-27 14:25:51.501 E/playfilesourceNew( 3391): )!]
05-27 14:25:51.521 I/audio_hw_hal_primary( 499): [audiohal_get_latency:1333] io 13: out:0xf3280740 frames:1280 rate:48000 whole_latency:26 alsa_latency:26
05-27 14:25:51.521 I/audio_hw_hal_primary( 499): [audiohal_get_latency:1333] io 13: out:0xf3280740 frames:1280 rate:48000 whole_latency:26 alsa_latency:26
05-27 14:25:51.522 I/audio_hw_hal_primary( 499): [audiohal_get_latency:1333] io 13: out:0xf3280740 frames:1152 rate:48000 whole_latency:24 alsa_latency:24
05-27 14:25:51.522 I/audio_hw_hal_primary( 499): [audiohal_get_latency:1333] io 13: out:0xf3280740 frames:1152 rate:48000 whole_latency:24 alsa_latency:24
05-27 14:25:51.522 D/audioserver( 543): logFgsApiEnd: FGS Logger Transaction failed, -129
05-27 14:25:51.523 I/audio_hw_hal_primary( 499): out_update_source_metadata_v7() line 2013 usage:1 content_type:2
05-27 14:25:51.563 I/audio_hw_hal_primary( 499): [audiohal_get_latency:1333] io 13: out:0xf3280740 frames:1280 rate:48000 whole_latency:26 alsa_latency:26
05-27 14:25:51.563 I/audio_hw_hal_primary( 499): [audiohal_get_latency:1333] io 13: out:0xf3280740 frames:1280 rate:48000 whole_latency:26 alsa_latency:26
05-27 14:25:51.563 I/audio_hw_hal_primary( 499): [audiohal_get_latency:1333] io 13: out:0xf3280740 frames:1280 rate:48000 whole_latency:26 alsa_latency:26
05-27 14:25:51.563 I/audio_hw_hal_primary( 499): [audiohal_get_latency:1333] io 13: out:0xf3280740 frames:1280 rate:48000 whole_latency:26 alsa_latency:26
05-27 14:25:51.563 D/audioserver( 543): logFgsApiEnd: FGS Logger Transaction failed, -129
05-27 14:25:51.564 I/audio_hw_hal_primary( 499): out_update_source_metadata_v7() line 2013 usage:1 content_type:2
05-27 14:25:51.601 E/Hcdn_DeTask220659184( 3391): HCDN_LOG: [T:3627][HINFO]:[f:PostNotifyInfo],[l:248], notify type(6),info({"BandWidth":-2,"IsAd":1,"IsP2P":1,"VID":""}
05-27 14:25:51.601 E/Hcdn_DeTask220659184( 3391): )
05-27 14:25:51.601 E/Hcdn_DeTask3589828670( 3391): HCDN_LOG: [T:3627][HINFO]:[f:PostNotifyInfo],[l:248], notify type(6),info({"BandWidth":-2,"IsAd":1,"IsP2P":1,"VID":""}
05-27 14:25:51.601 E/Hcdn_DeTask3589828670( 3391): )
05-27 14:25:51.601 E/playfilesourceNew( 3391): HCDN_LOG: [T:3619][HINFO]:[f:DoAsynNotifyInfoResponse],[l:2605],[TaskID(220659184),type(6),msg({"BandWidth":-2,"IsAd":1,"IsP2P":1,"VID":""}
05-27 14:25:51.601 E/playfilesourceNew( 3391): )!]
05-27 14:25:51.601 E/playfilesourceNew( 3391): HCDN_LOG: [T:3619][HINFO]:[f:DoAsynNotifyInfoResponse],[l:2605],[TaskID(3589828670),type(6),msg({"BandWidth":-2,"IsAd":1,"IsP2P":1,"VID":""}
05-27 14:25:51.601 E/playfilesourceNew( 3391): )!]
05-27 14:25:51.606 I/audio_hw_hal_primary( 499): [audiohal_get_latency:1333] io 13: out:0xf3280740 frames:1280 rate:48000 whole_latency:26 alsa_latency:26
05-27 14:25:51.606 I/audio_hw_hal_primary( 499): [audiohal_get_latency:1333] io 13: out:0xf3280740 frames:1280 rate:48000 whole_latency:26 alsa_latency:26
05-27 14:25:51.606 I/audio_hw_hal_primary( 499): [audiohal_get_latency:1333] io 13: out:0xf3280740 frames:1280 rate:48000 whole_latency:26 alsa_latency:26
05-27 14:25:51.607 D/audioserver( 543): logFgsApiEnd: FGS Logger Transaction failed, -129
05-27 14:25:51.608 I/audio_hw_hal_primary( 499): out_update_source_metadata_v7() line 2013 usage:1 content_type:2
05-27 14:25:51.648 I/audio_hw_hal_primary( 499): [audiohal_get_latency:1333] io 13: out:0xf3280740 frames:1024 rate:48000 whole_latency:21 alsa_latency:21
05-27 14:25:51.648 I/audio_hw_hal_primary( 499): [audiohal_get_latency:1333] io 13: out:0xf3280740 frames:1280 rate:48000 whole_latency:26 alsa_latency:26
05-27 14:25:51.649 I/audio_hw_hal_primary( 499): [audiohal_get_latency:1333] io 13: out:0xf3280740 frames:1280 rate:48000 whole_latency:26 alsa_latency:26
05-27 14:25:51.670 I/audio_hw_hal_primary( 499): [audiohal_get_latency:1333] io 13: out:0xf3280740 frames:1280 rate:48000 whole_latency:26 alsa_latency:26
05-27 14:25:51.671 I/audio_hw_hal_primary( 499): [audiohal_get_latency:1333] io 13: out:0xf3280740 frames:1152 rate:48000 whole_latency:24 alsa_latency:24
05-27 14:25:51.671 I/audio_hw_hal_primary( 499): [audiohal_get_latency:1333] io 13: out:0xf3280740 frames:1152 rate:48000 whole_latency:24 alsa_latency:24
05-27 14:25:51.691 I/audio_hw_hal_primary( 499): [audiohal_get_latency:1333] io 13: out:0xf3280740 frames:1024 rate:48000 whole_latency:21 alsa_latency:21
05-27 14:25:51.691 I/audio_hw_hal_primary( 499): [audiohal_get_latency:1333] io 13: out:0xf3280740 frames:1280 rate:48000 whole_latency:26 alsa_latency:26
05-27 14:25:51.691 I/audio_hw_hal_primary( 499): [audiohal_get_latency:1333] io 13: out:0xf3280740 frames:1280 rate:48000 whole_latency:26 alsa_latency:26
05-27 14:25:51.702 E/Hcdn_DeTask220659184( 3391): HCDN_LOG: [T:3627][HINFO]:[f:PostNotifyInfo],[l:248], notify type(6),info({"BandWidth":-2,"IsAd":1,"IsP2P":1,"VID":""}
05-27 14:25:51.702 E/Hcdn_DeTask220659184( 3391): )
05-27 14:25:51.702 E/Hcdn_DeTask3589828670( 3391): HCDN_LOG: [T:3627][HINFO]:[f:PostNotifyInfo],[l:248], notify type(6),info({"BandWidth":-2,"IsAd":1,"IsP2P":1,"VID":""}
05-27 14:25:51.702 E/Hcdn_DeTask3589828670( 3391): )
05-27 14:25:51.702 E/playfilesourceNew( 3391): HCDN_LOG: [T:3619][HINFO]:[f:DoAsynNotifyInfoResponse],[l:2605],[TaskID(220659184),type(6),msg({"BandWidth":-2,"IsAd":1,"IsP2P":1,"VID":""}
05-27 14:25:51.702 E/playfilesourceNew( 3391): )!]
05-27 14:25:51.702 E/playfilesourceNew( 3391): HCDN_LOG: [T:3619][HINFO]:[f:DoAsynNotifyInfoResponse],[l:2605],[TaskID(3589828670),type(6),msg({"BandWidth":-2,"IsAd":1,"IsP2P":1,"VID":""}
05-27 14:25:51.702 E/playfilesourceNew( 3391): )!]
05-27 14:25:51.713 I/audio_hw_hal_primary( 499): [audiohal_get_latency:1333] io 13: out:0xf3280740 frames:1280 rate:48000 whole_latency:26 alsa_latency:26
05-27 14:25:51.713 I/audio_hw_hal_primary( 499): [audiohal_get_latency:1333] io 13: out:0xf3280740 frames:1280 rate:48000 whole_latency:26 alsa_latency:26
05-27 14:25:51.713 I/audio_hw_hal_primary( 499): [audiohal_get_latency:1333] io 13: out:0xf3280740 frames:1152 rate:48000 whole_latency:24 alsa_latency:24
05-27 14:25:51.737 I/audio_hw_hal_primary( 499): [audiohal_get_latency:1333] io 13: out:0xf3280740 frames:1152 rate:48000 whole_latency:24 alsa_latency:24
05-27 14:25:51.737 I/audio_hw_hal_primary( 499): [audiohal_get_latency:1333] io 13: out:0xf3280740 frames:1152 rate:48000 whole_latency:24 alsa_latency:24
05-27 14:25:51.737 I/audio_hw_hal_primary( 499): [audiohal_get_latency:1333] io 13: out:0xf3280740 frames:1152 rate:48000 whole_latency:24 alsa_latency:24
05-27 14:25:51.737 D/audioserver( 543): logFgsApiEnd: FGS Logger Transaction failed, -129
05-27 14:25:51.738 I/audio_hw_hal_primary( 499): out_update_source_metadata_v7() line 2013 usage:1 content_type:2
05-27 14:25:51.761 I/audio_hw_hal_primary( 499): [audiohal_get_latency:1333] io 13: out:0xf3280740 frames:1280 rate:48000 whole_latency:26 alsa_latency:26
05-27 14:25:51.761 I/audio_hw_hal_primary( 499): [audiohal_get_latency:1333] io 13: out:0xf3280740 frames:1280 rate:48000 whole_latency:26 alsa_latency:26
05-27 14:25:51.776 I/audio_hw_hal_primary( 499): [audiohal_get_latency:1333] io 13: out:0xf3280740 frames:1280 rate:48000 whole_latency:26 alsa_latency:26
05-27 14:25:51.777 I/audio_hw_hal_primary( 499): [audiohal_get_latency:1333] io 13: out:0xf3280740 frames:1280 rate:48000 whole_latency:26 alsa_latency:26
05-27 14:25:51.777 D/audioserver( 543): logFgsApiEnd: FGS Logger Transaction failed, -129
05-27 14:25:51.778 I/audio_hw_hal_primary( 499): out_update_source_metadata_v7() line 2013 usage:1 content_type:2
05-27 14:25:51.800 I/audio_hw_hal_primary( 499): [audiohal_get_latency:1333] io 13: out:0xf3280740 frames:1152 rate:48000 whole_latency:24 alsa_latency:24
05-27 14:25:51.802 E/Hcdn_DeTask220659184( 3391): HCDN_LOG: [T:3627][HINFO]:[f:PostNotifyInfo],[l:248], notify type(6),info({"BandWidth":-2,"IsAd":1,"IsP2P":1,"VID":""}
05-27 14:25:51.802 E/Hcdn_DeTask220659184( 3391): )
05-27 14:25:51.803 E/Hcdn_DeTask3589828670( 3391): HCDN_LOG: [T:3627][HINFO]:[f:PostNotifyInfo],[l:248], notify type(6),info({"BandWidth":-2,"IsAd":1,"IsP2P":1,"VID":""}
05-27 14:25:51.803 E/Hcdn_DeTask3589828670( 3391): )
05-27 14:25:51.803 E/playfilesourceNew( 3391): HCDN_LOG: [T:3619][HINFO]:[f:DoAsynNotifyInfoResponse],[l:2605],[TaskID(220659184),type(6),msg({"BandWidth":-2,"IsAd":1,"IsP2P":1,"VID":""}
05-27 14:25:51.803 E/playfilesourceNew( 3391): )!]
05-27 14:25:51.803 E/playfilesourceNew( 3391): HCDN_LOG: [T:3619][HINFO]:[f:DoAsynNotifyInfoResponse],[l:2605],[TaskID(3589828670),type(6),msg({"BandWidth":-2,"IsAd":1,"IsP2P":1,"VID":""}
05-27 14:25:51.803 E/playfilesourceNew( 3391): )!]
05-27 14:25:51.819 I/audio_hw_hal_primary( 499): [audiohal_get_latency:1333] io 13: out:0xf3280740 frames:1024 rate:48000 whole_latency:21 alsa_latency:21
05-27 14:25:51.824 W/q_h_c_s ( 3391): HCDN_LOG: [T:3627]MethodLog:1333,QTP AsyncGet (reid: 48170098, url: https://msg.ptqy.gitv.tv/qos?u=&pu=&rn=84710&p1=8_82_820&dfp=&de=&stime=84710&pbv=&t=11&ct=p2p_task&v=10.2.3.5212&tvid=7607440088367517&vid=&rid=b7baa9bc8d0b1798d595e4a19ad3e8c6&idcn=3&iocpn=0&scdnn=0&iocpspc=0&dcachespc=0&dcachen=0&iocpspd=0&dcachespd=0&z=&aiocpn=0&aiocpspc=0&aiocpspd=0&filesize=4115772&p2pflux=9&cdnflux=4117459&dcacheflux=0&dcachev6=0&dtick=0&gdtick=70&das=0&p2pas=0&tpand=3&bitrate=267&localflux=0&rdlflux=3853628&policy=3&stuck=0&dcachep=&cdnp=&ftype=1&segnum=0&stcf=4115772&skcf=0&nrcflux=0&cpcflux=0&btype=tv_android_player&nat=12&file_type=12&rtype1=0&rtype2=0&rtype3=&rtype4=0&rtype5=1&custid=wifi&st=1&stb=0, connect: 5001, read: 6000, strict: 0, qtp: 1, module: 0)
05-27 14:25:51.825 W/q_h_c_s ( 3391): HCDN_LOG: [T:3627]MethodLog:1333,QTP AsyncGet (reid: 48170099, url: https://msg.ptqy.gitv.tv/v5/ypt/cnp2p?p1=3_31_312&r=7607440088367517&u=tv_a5d24680886b5f8eab7a993cc77a0ee1_1748316299384_5714770789&v=10.2.3.5212&cnpt=0&segnum=0&blknum=0&nodemun=0&dchenum=0&excl=0&bitrate=2143&p2psp=0&nrcflux=0&cpcflux=0&bcflux=0&tcdnf=4117459&tp2pf=9&ftype=1&vid=&cnucheb=0&cachebyte=0&f4vname=b7baa9bc8d0b1798d595e4a19ad3e8c6&cdnas=1755&p2pas=0&das=0&skstcf=4115772&celcf=0&trklt=0&udplt=0&lcaccpc=0&lspcpc=0&vipusr=0&playmul=1.00&v4v6tp=12&mkpf=9&fext=mp4&decachef=0&tce=0&cdcbcn=0&utp=0&dmc=3&mcdc=0&dcc=0&dcsc=0&dctc=0&ddaec=0&ddrtc=0&ddwzc=0&debc=0&npbc=0&decbc=0&edd=0&spv=1&dphrec=0&tfstu=-1&net_type=wifi&absa=&qp=&max_block=3072&sbtdk=0&sbedk=0&sbtop1ec=0&sbtop1ek=0&sbtop2ec=0&sbtop2ek=0&rtcnt=0&suscnt=0&cfcnt=0&netcc=0&tfsc=0&dstu=0&nedsp=0&stcf=4115772&skcf=0&dstrf=0&filel=4115772&ctpdp=0&ctpdd=0&ctpdn=0&btype=, connect: 5001, read: 6000, strict: 0, qtp: 1, module: 0)
05-27 14:25:51.825 W/HttpPost( 3391): HCDN_LOG: [T:3627][HERROR]:[f:PostCancelP2pUseCdnInfo],[l:2296], taskid:220659184,redundancy_rate:1.000,share_rate_g=0.000,share_rate=0.000,url:https://msg.ptqy.gitv.tv/v5/ypt/cnp2p?p1=3_31_312&r=7607440088367517&u=tv_a5d24680886b5f8eab7a993cc77a0ee1_1748316299384_5714770789&v=10.2.3.5212&cnpt=0&segnum=0&blknum=0&nodemun=0&dchenum=0&excl=0&bitrate=2143&p2psp=0&nrcflux=0&cpcflux=0&bcflux=0&tcdnf=4117459&tp2pf=9&ftype=1&vid=&cnucheb=0&cachebyte=0&f4vname=b7baa9bc8d0b1798d595e4a19ad3e8c6&cdnas=1755&p2pas=0&das=0&skstcf=4115772&celcf=0&trklt=0&udplt=0&lcaccpc=0&lspcpc=0&vipusr=0&playmul=1.00&v4v6tp=12&mkpf=9&fext=mp4&decachef=0&tce=0&cdcbcn=0&utp=0&dmc=3&mcdc=0&dcc=0&dcsc=0&dctc=0&ddaec=0&ddrtc=0&ddwzc=0&debc=0&npbc=0&decbc=0&edd=0&spv=1&dphrec=0&tfstu=-1&net_type=wifi&absa=&qp=&max_block=3072&sbtdk=0&sbedk=0&sbtop1ec=0&sbtop1ek=0&sbtop2ec=0&sbtop2ek=0&rtcnt=0&suscnt=0&cfcnt=0&netcc=0&tfsc=0&dstu=0&nedsp=0&stcf=4115772&skcf=0&dstrf=0&filel=4115772&ctpdp=0&ctpdd=0&ctpdn=0&btype=
05-27 14:25:51.826 E/stat_handler( 3391): HCDN_LOG: [T:3633][HINFO]:[f:AddPost],[l:292] insert to statMap: hcdn_flux_post
05-27 14:25:51.826 W/q_h_c_s ( 3391): HCDN_LOG: [T:3633]MethodLog:1333,QTP AsyncPost (reid: 48170100, url: https://msg.ptqy.gitv.tv/evt, connect: 5001, read: 6000, strict: 0, qtp: 1, module: 0)
05-27 14:25:51.827 E/stat_handler( 3391): HCDN_LOG: [T:3633][HINFO]:[f:StartAsynPost],[l:245] StartAsyncPost req: 0xeb1d8930, reqid: 48170100, url: https://msg.ptqy.gitv.tv/evt
05-27 14:25:51.827 E/stat_handler( 3391): msg=[{"ct":"hcdn_cstat","diy_pk1":"unknown","diy_pk10":"12","diy_pk11":"4","diy_pk12":"","diy_pk13":"{\"cpuinfo\":\"\",\"model\":\"DBBOX-A3\",\"submodel\":\"\",\"uuid\":\"20200817110900551NKVuEWAfr101626\"}\n","diy_pk14":"","diy_pk15":"tv_android_player","diy_pk16":"b7baa9bc8d0b1798d595e4a19ad3e8c600000000","diy_pk17":"","diy_pk18":"1","diy_pk2":"wifi","diy_pk20":"{\n \"bid\" : \"-1\",\n \"dcache_node\" : \"1\",\n \"delete\" : \"0\",\n \"deleteO\" : \"0\",\n \"has_node\" : \"1\",\n \"udp_node\" : \"0\"\n}\n","diy_pk3":"H265_MP4_AD_PLAY","diy_pk4":"7607440088367517","diy_pk5":"","diy_pk6":"0","diy_pk7":"4115772","diy_pk8":"nonwatermark","diy_pk9":"online","diy_pm1":"4117459","diy_pm2":"9","diy_pm3":"0","diy_ptype":"hcdn_flux_post","p1":"3_31_820","t":"11","u":"tv_a5d24680886b5f8eab7a993cc77a0ee1_1748316299384_5714770789","v":"10.2.3.5212"}]
05-27 14:25:51.827 E/stat_handler( 3391):
05-27 14:25:51.827 E/stat_handler( 3391): HCDN_LOG: [T:3633][HINFO]:[f:StartAsyncPost],[l:34] StartAsyncPost requestId:48170100, m_setQtpObject.size:1, m_setQtpObjectOrgPtr:1
05-27 14:25:51.827 E/stat_handler( 3391): HCDN_LOG: [T:3633][HFATAL]:[f:StartAsyncPost],[l:37] StartAsyncPost: success, req: 0xeb775300
05-27 14:25:51.829 W/q_h_c_s ( 3391): HCDN_LOG: [T:3595]SetEasyOpt:1497,curl_easy_setopt CURLOPT_URL success: https://msg.ptqy.gitv.tv/qos?u=&pu=&rn=84710&p1=8_82_820&dfp=&de=&stime=84710&pbv=&t=11&ct=p2p_task&v=10.2.3.5212&tvid=7607440088367517&vid=&rid=b7baa9bc8d0b1798d595e4a19ad3e8c6&idcn=3&iocpn=0&scdnn=0&iocpspc=0&dcachespc=0&dcachen=0&iocpspd=0&dcachespd=0&z=&aiocpn=0&aiocpspc=0&aiocpspd=0&filesize=4115772&p2pflux=9&cdnflux=4117459&dcacheflux=0&dcachev6=0&dtick=0&gdtick=70&das=0&p2pas=0&tpand=3&bitrate=267&localflux=0&rdlflux=3853628&policy=3&stuck=0&dcachep=&cdnp=&ftype=1&segnum=0&stcf=4115772&skcf=0&nrcflux=0&cpcflux=0&btype=tv_android_player&nat=12&file_type=12&rtype1=0&rtype2=0&rtype3=&rtype4=0&rtype5=1&custid=wifi&st=1&stb=0 (reid: 48170098)
05-27 14:25:51.829 W/q_h_c_s ( 3391): HCDN_LOG: [T:3595]SetCurlTimeout:4095,curl_easy_setopt CURLOPT_CONNECTTIMEOUT_MS success (reid: 48170098, timeout: 5001)
05-27 14:25:51.829 W/q_h_c_s ( 3391): HCDN_LOG: [T:3595]SetCurlTimeout:4161,curl_easy_setopt CURLOPT_TIMEOUT_MS success (reid: 48170098, timeout: 6000)
05-27 14:25:51.829 W/q_h_c_s ( 3391): HCDN_LOG: [T:3595]AddToMultiHandle:1145,AddToMultiHandle reid: 48170098, taskid(0), moduleId(0), offset(0), length(-1), CURL(0xeb3734b0), m_mapRun(1), m_mapReqId2EasyHandle(1), m_vecModuleRun(0,1,0,0,0,0,0,0,0)
05-27 14:25:51.830 W/q_h_c_s ( 3391): HCDN_LOG: [T:3595]SetEasyOpt:1497,curl_easy_setopt CURLOPT_URL success: https://msg.ptqy.gitv.tv/v5/ypt/cnp2p?p1=3_31_312&r=7607440088367517&u=tv_a5d24680886b5f8eab7a993cc77a0ee1_1748316299384_5714770789&v=10.2.3.5212&cnpt=0&segnum=0&blknum=0&nodemun=0&dchenum=0&excl=0&bitrate=2143&p2psp=0&nrcflux=0&cpcflux=0&bcflux=0&tcdnf=4117459&tp2pf=9&ftype=1&vid=&cnucheb=0&cachebyte=0&f4vname=b7baa9bc8d0b1798d595e4a19ad3e8c6&cdnas=1755&p2pas=0&das=0&skstcf=4115772&celcf=0&trklt=0&udplt=0&lcaccpc=0&lspcpc=0&vipusr=0&playmul=1.00&v4v6tp=12&mkpf=9&fext=mp4&decachef=0&tce=0&cdcbcn=0&utp=0&dmc=3&mcdc=0&dcc=0&dcsc=0&dctc=0&ddaec=0&ddrtc=0&ddwzc=0&debc=0&npbc=0&decbc=0&edd=0&spv=1&dphrec=0&tfstu=-1&net_type=wifi&absa=&qp=&max_block=3072&sbtdk=0&sbedk=0&sbtop1ec=0&sbtop1ek=0&sbtop2ec=0&sbtop2ek=0&rtcnt=0&suscnt=0&cfcnt=0&netcc=0&tfsc=0&dstu=0&nedsp=0&stcf=4115772&skcf=0&dstrf=0&filel=4115772&ctpdp=0&ctpdd=0&ctpdn=0&btype= (reid: 48170099)
05-27 14:25:51.830 W/q_h_c_s ( 3391): HCDN_LOG: [T:3595]SetCurlTimeout:4095,curl_easy_setopt CURLOPT_CONNECTTIMEOUT_MS success (reid: 48170099, timeout: 5001)
05-27 14:25:51.830 W/q_h_c_s ( 3391): HCDN_LOG: [T:3595]SetCurlTimeout:4161,curl_easy_setopt CURLOPT_TIMEOUT_MS success (reid: 48170099, timeout: 6000)
05-27 14:25:51.830 W/q_h_c_s ( 3391): HCDN_LOG: [T:3595]AddToMultiHandle:1145,AddToMultiHandle reid: 48170099, taskid(0), moduleId(0), offset(0), length(-1), CURL(0xeb357ad0), m_mapRun(2), m_mapReqId2EasyHandle(2), m_vecModuleRun(0,2,0,0,0,0,0,0,0)
05-27 14:25:51.831 W/q_h_c_s ( 3391): HCDN_LOG: [T:3595]SetEasyOpt:1497,curl_easy_setopt CURLOPT_URL success: https://msg.ptqy.gitv.tv/evt (reid: 48170100)
05-27 14:25:51.831 W/q_h_c_s ( 3391): HCDN_LOG: [T:3595]SetCurlTimeout:4095,curl_easy_setopt CURLOPT_CONNECTTIMEOUT_MS success (reid: 48170100, timeout: 5001)
05-27 14:25:51.831 W/q_h_c_s ( 3391): HCDN_LOG: [T:3595]SetCurlTimeout:4161,curl_easy_setopt CURLOPT_TIMEOUT_MS success (reid: 48170100, timeout: 6000)
05-27 14:25:51.831 W/q_h_c_s ( 3391): HCDN_LOG: [T:3595]AddToMultiHandle:1145,AddToMultiHandle reid: 48170100, taskid(0), moduleId(0), offset(0), length(-1), CURL(0xeb374df0), m_mapRun(3), m_mapReqId2EasyHandle(3), m_vecModuleRun(0,3,0,0,0,0,0,0,0)
05-27 14:25:51.841 I/audio_hw_hal_primary( 499): [audiohal_get_latency:1333] io 13: out:0xf3280740 frames:1280 rate:48000 whole_latency:26 alsa_latency:26
05-27 14:25:51.862 I/audio_hw_hal_primary( 499): [audiohal_get_latency:1333] io 13: out:0xf3280740 frames:1024 rate:48000 whole_latency:21 alsa_latency:21
05-27 14:25:51.863 D/audioserver( 543): logFgsApiEnd: FGS Logger Transaction failed, -129
05-27 14:25:51.874 D/XM_HIDREAD( 1928): poll ret=1, event=1
05-27 14:25:51.874 D/XM_HIDREAD( 1928): [9 bytes]:01 00 00 52 00 00 00 00 00
05-27 14:25:51.893 E/stat_handler( 3391): HCDN_LOG: [T:3633][HINFO]:[f:DealQtpHttpFinishedCallback],[l:360] DealQtpHttpFinishedCallback: 0xeb1d8930, type: hcdn_flux_post, reqid: 48170100, qtp:0, http:200
05-27 14:25:51.893 E/stat_handler( 3391): HCDN_LOG: [T:3633][HINFO]:[f:QtpObjFinishCallback],[l:67] QtpObjFinishCallback:success, requestId:48170100, qtp:0, http:200
05-27 14:25:51.893 E/stat_handler( 3391): HCDN_LOG: [T:3633][HINFO]:[f:DeleteQtpObject],[l:121] DeleteQtpObject: 0xeb775300, m_setQtpObject erase, size:0
05-27 14:25:51.893 E/stat_handler( 3391): HCDN_LOG: [T:3633][HINFO]:[f:DeleteQtpObject],[l:128] m_setQtpObjectOrgPtr erase, size:0
05-27 14:25:51.893 E/stat_handler( 3391): HCDN_LOG: [T:3633][HINFO]:[f:~CStatHandlerQtpObj],[l:90] ~CStatHandlerQtpObj, requestId:48170100
05-27 14:25:51.893 E/stat_handler( 3391): HCDN_LOG: [T:3633][HINFO]:[f:AddPost],[l:245] return, policy not post: stat_handler_post
05-27 14:25:51.906 I/audio_hw_hal_primary( 499): [register_audio_patch:8215] Patch 3:id:3 mix(io:13)->dev_0[OUT_HDMI(id:22)] found, register the same patch, do nothing.
05-27 14:25:51.906 I/audio_hw_hal_primary( 499): [adev_create_audio_patch:8316] Patch 3: MIX->DEVICE, num_src:1 num_sink:1 patch_src:INVAL
05-27 14:25:51.906 I/audio_hw_hal_primary( 499): [adev_create_audio_patch:8320] sink[0]: OUT_HDMI(id:22)
05-27 14:25:51.906 I/audio_hw_hal_primary( 499): [adev_create_audio_patch:8377] Patch 3: mix(io:13) -> dev[OUT_HDMI(id:22)]
05-27 14:25:51.906 D/UEventObserver( 1008): change@/devices/platform/auge_sound/sound/card0/controlC0ACTION=changeDEVPATH=/devices/platform/auge_sound/sound/card0/controlC0SUBSYSTEM=soundAUDIO_FORMAT=0MAJOR=116MINOR=13DEVNAME=snd/controlC0SEQNUM=3686
05-27 14:25:51.906 I/audio_hw_hal_primary( 499): [adev_create_audio_patch:8445] dev=0xf3340010 cur_out_device=0x400
05-27 14:25:51.909 E/Hcdn_DeTask3589828670( 3391): HCDN_LOG: [T:3627][HINFO]:[f:PostNotifyInfo],[l:248], notify type(6),info({"BandWidth":-2,"IsAd":1,"IsP2P":1,"VID":""}
05-27 14:25:51.909 E/Hcdn_DeTask3589828670( 3391): )
05-27 14:25:51.910 E/playfilesourceNew( 3391): HCDN_LOG: [T:3619][HINFO]:[f:DoAsynNotifyInfoResponse],[l:2605],[TaskID(3589828670),type(6),msg({"BandWidth":-2,"IsAd":1,"IsP2P":1,"VID":""}
05-27 14:25:51.910 E/playfilesourceNew( 3391): )!]
05-27 14:25:51.921 D/audioserver( 543): logFgsApiBegin: FGS Logger Transaction failed, -129
05-27 14:25:51.923 I/PlayThreadMonitor( 3391): in playerthread monitor handler
05-27 14:25:51.923 I/audio_hw_hal_primary( 499): out_update_source_metadata_v7() line 2013 usage:1 content_type:2
05-27 14:25:51.923 I/PlayThreadMonitor( 3391): in monitor runnable
05-27 14:25:51.928 W/InputDispatcher( 704): Excessive delay in interceptKeyBeforeDispatching; took 53 ms
05-27 14:25:51.929 I/SogouIME( 1501): onKeyDown: keyoCode=19
05-27 14:25:51.929 I/DefaultIMS( 1501): onKeyDown: keyoCode=19
05-27 14:25:51.990 I/audio_hw_hal_primary( 499): [register_audio_patch:8215] Patch 3:id:3 mix(io:13)->dev_0[OUT_HDMI(id:22)] found, register the same patch, do nothing.
05-27 14:25:51.990 I/audio_hw_hal_primary( 499): [adev_create_audio_patch:8316] Patch 3: MIX->DEVICE, num_src:1 num_sink:1 patch_src:INVAL
05-27 14:25:51.990 I/audio_hw_hal_primary( 499): [adev_create_audio_patch:8320] sink[0]: OUT_HDMI(id:22)
05-27 14:25:51.990 I/audio_hw_hal_primary( 499): [adev_create_audio_patch:8377] Patch 3: mix(io:13) -> dev[OUT_HDMI(id:22)]
05-27 14:25:51.991 D/UEventObserver( 1008): change@/devices/platform/auge_sound/sound/card0/controlC0ACTION=changeDEVPATH=/devices/platform/auge_sound/sound/card0/controlC0SUBSYSTEM=soundAUDIO_FORMAT=0MAJOR=116MINOR=13DEVNAME=snd/controlC0SEQNUM=3687
05-27 14:25:51.991 I/audio_hw_hal_primary( 499): [adev_create_audio_patch:8445] dev=0xf3340010 cur_out_device=0x400
05-27 14:25:51.991 D/audioserver( 543): logFgsApiEnd: FGS Logger Transaction failed, -129
05-27 14:25:51.991 D/audioserver( 543): logFgsApiBegin: FGS Logger Transaction failed, -129
05-27 14:25:51.993 I/audio_hw_hal_primary( 499): out_update_source_metadata_v7() line 2013 usage:1 content_type:2
05-27 14:25:51.997 D/XM_HIDREAD( 1928): poll ret=1, event=1
05-27 14:25:51.997 D/XM_HIDREAD( 1928): [9 bytes]:01 00 00 00 00 00 00 00 00
05-27 14:25:51.998 D/audioserver( 543): logFgsApiBegin: FGS Logger Transaction failed, -129
05-27 14:25:51.999 I/SogouIME( 1501): onKeyUp: keyoCode=19
05-27 14:25:51.999 I/DefaultIMS( 1501): onKeyUp: keyoCode=19
05-27 14:25:52.010 E/playfilesourceNew( 3391): HCDN_LOG: [T:3619][HINFO]:[f:DoAsynNotifyInfoResponse],[l:2605],[TaskID(3589828670),type(6),msg({"BandWidth":-2,"IsAd":1,"IsP2P":1,"VID":""}
05-27 14:25:52.010 E/playfilesourceNew( 3391): )!]
05-27 14:25:52.010 E/Hcdn_DeTask3589828670( 3391): HCDN_LOG: [T:3627][HINFO]:[f:PostNotifyInfo],[l:248], notify type(6),info({"BandWidth":-2,"IsAd":1,"IsP2P":1,"VID":""}
05-27 14:25:52.010 E/Hcdn_DeTask3589828670( 3391): )
05-27 14:25:52.033 I/audio_hw_hal_primary( 499): out_update_source_metadata_v7() line 2013 usage:1 content_type:2
05-27 14:25:52.110 E/Hcdn_DeTask3589828670( 3391): HCDN_LOG: [T:3627][HINFO]:[f:PostNotifyInfo],[l:248], notify type(6),info({"BandWidth":-2,"IsAd":1,"IsP2P":1,"VID":""}
05-27 14:25:52.110 E/Hcdn_DeTask3589828670( 3391): )
05-27 14:25:52.110 E/playfilesourceNew( 3391): HCDN_LOG: [T:3619][HINFO]:[f:DoAsynNotifyInfoResponse],[l:2605],[TaskID(3589828670),type(6),msg({"BandWidth":-2,"IsAd":1,"IsP2P":1,"VID":""}
05-27 14:25:52.110 E/playfilesourceNew( 3391): )!]
05-27 14:25:52.118 I/audio_hw_hal_primary( 499): [audiohal_get_latency:1333] io 13: out:0xf3280740 frames:1280 rate:48000 whole_latency:26 alsa_latency:26
05-27 14:25:52.161 I/audio_hw_hal_primary( 499): [audiohal_get_latency:1333] io 13: out:0xf3280740 frames:1280 rate:48000 whole_latency:26 alsa_latency:26
05-27 14:25:52.161 I/audio_hw_hal_primary( 499): [audiohal_get_latency:1333] io 13: out:0xf3280740 frames:1280 rate:48000 whole_latency:26 alsa_latency:26
05-27 14:25:52.183 I/audio_hw_hal_primary( 499): [audiohal_get_latency:1333] io 13: out:0xf3280740 frames:1152 rate:48000 whole_latency:24 alsa_latency:24
05-27 14:25:52.183 I/audio_hw_hal_primary( 499): [audiohal_get_latency:1333] io 13: out:0xf3280740 frames:1152 rate:48000 whole_latency:24 alsa_latency:24
05-27 14:25:52.203 I/audio_hw_hal_primary( 499): [audiohal_get_latency:1333] io 13: out:0xf3280740 frames:1024 rate:48000 whole_latency:21 alsa_latency:21
05-27 14:25:52.204 I/audio_hw_hal_primary( 499): [audiohal_get_latency:1333] io 13: out:0xf3280740 frames:1024 rate:48000 whole_latency:21 alsa_latency:21
05-27 14:25:52.210 E/Hcdn_DeTask3589828670( 3391): HCDN_LOG: [T:3627][HINFO]:[f:PostNotifyInfo],[l:248], notify type(6),info({"BandWidth":-2,"IsAd":1,"IsP2P":1,"VID":""}
05-27 14:25:52.210 E/Hcdn_DeTask3589828670( 3391): )
05-27 14:25:52.211 E/playfilesourceNew( 3391): HCDN_LOG: [T:3619][HINFO]:[f:DoAsynNotifyInfoResponse],[l:2605],[TaskID(3589828670),type(6),msg({"BandWidth":-2,"IsAd":1,"IsP2P":1,"VID":""}
05-27 14:25:52.211 E/playfilesourceNew( 3391): )!]
05-27 14:25:52.225 I/audio_hw_hal_primary( 499): [audiohal_get_latency:1333] io 13: out:0xf3280740 frames:1280 rate:48000 whole_latency:26 alsa_latency:26
05-27 14:25:52.225 I/audio_hw_hal_primary( 499): [audiohal_get_latency:1333] io 13: out:0xf3280740 frames:1152 rate:48000 whole_latency:24 alsa_latency:24
05-27 14:25:52.233 D/XM_HIDREAD( 1928): poll ret=1, event=1
05-27 14:25:52.233 D/XM_HIDREAD( 1928): [9 bytes]:01 00 00 50 00 00 00 00 00
05-27 14:25:52.238 I/SogouIME( 1501): onKeyDown: keyoCode=21
05-27 14:25:52.238 I/DefaultIMS( 1501): onKeyDown: keyoCode=21
05-27 14:25:52.311 E/Hcdn_DeTask3589828670( 3391): HCDN_LOG: [T:3627][HINFO]:[f:PostNotifyInfo],[l:248], notify type(6),info({"BandWidth":-2,"IsAd":1,"IsP2P":1,"VID":""}
05-27 14:25:52.311 E/Hcdn_DeTask3589828670( 3391): )
05-27 14:25:52.313 E/playfilesourceNew( 3391): HCDN_LOG: [T:3619][HINFO]:[f:DoAsynNotifyInfoResponse],[l:2605],[TaskID(3589828670),type(6),msg({"BandWidth":-2,"IsAd":1,"IsP2P":1,"VID":""}
05-27 14:25:52.313 E/playfilesourceNew( 3391): )!]
05-27 14:25:52.374 I/audio_hw_hal_primary( 499): [audiohal_get_latency:1333] io 13: out:0xf3280740 frames:1024 rate:48000 whole_latency:21 alsa_latency:21
05-27 14:25:52.379 D/XM_HIDREAD( 1928): poll ret=1, event=1
05-27 14:25:52.379 D/XM_HIDREAD( 1928): [9 bytes]:01 00 00 00 00 00 00 00 00
05-27 14:25:52.382 I/SogouIME( 1501): onKeyUp: keyoCode=21
05-27 14:25:52.382 I/DefaultIMS( 1501): onKeyUp: keyoCode=21
05-27 14:25:52.406 I/audio_hw_hal_alsamgr( 499): alsa format =0x9000000 delay frames =1280 total frames=3072000
05-27 14:25:52.410 E/Hcdn_DeTask3589828670( 3391): HCDN_LOG: [T:3627][HINFO]:[f:PostNotifyInfo],[l:248], notify type(6),info({"BandWidth":-2,"IsAd":1,"IsP2P":1,"VID":""}
05-27 14:25:52.410 E/Hcdn_DeTask3589828670( 3391): )
05-27 14:25:52.411 E/playfilesourceNew( 3391): HCDN_LOG: [T:3619][HINFO]:[f:DoAsynNotifyInfoResponse],[l:2605],[TaskID(3589828670),type(6),msg({"BandWidth":-2,"IsAd":1,"IsP2P":1,"VID":""}
05-27 14:25:52.411 E/playfilesourceNew( 3391): )!]
05-27 14:25:52.416 I/audio_hw_hal_primary( 499): [audiohal_get_latency:1333] io 13: out:0xf3280740 frames:1280 rate:48000 whole_latency:26 alsa_latency:26
05-27 14:25:52.459 I/audio_hw_hal_primary( 499): [audiohal_get_latency:1333] io 13: out:0xf3280740 frames:1024 rate:48000 whole_latency:21 alsa_latency:21
05-27 14:25:52.459 I/audio_hw_hal_primary( 499): [audiohal_get_latency:1333] io 13: out:0xf3280740 frames:1024 rate:48000 whole_latency:21 alsa_latency:21
05-27 14:25:52.481 I/audio_hw_hal_primary( 499): [audiohal_get_latency:1333] io 13: out:0xf3280740 frames:1280 rate:48000 whole_latency:26 alsa_latency:26
05-27 14:25:52.481 I/audio_hw_hal_primary( 499): [audiohal_get_latency:1333] io 13: out:0xf3280740 frames:1280 rate:48000 whole_latency:26 alsa_latency:26
05-27 14:25:52.502 I/audio_hw_hal_primary( 499): [audiohal_get_latency:1333] io 13: out:0xf3280740 frames:1280 rate:48000 whole_latency:26 alsa_latency:26
05-27 14:25:52.502 I/audio_hw_hal_primary( 499): [audiohal_get_latency:1333] io 13: out:0xf3280740 frames:1280 rate:48000 whole_latency:26 alsa_latency:26
05-27 14:25:52.511 E/Hcdn_DeTask3589828670( 3391): HCDN_LOG: [T:3627][HINFO]:[f:PostNotifyInfo],[l:248], notify type(6),info({"BandWidth":-2,"IsAd":1,"IsP2P":1,"VID":""}
05-27 14:25:52.511 E/Hcdn_DeTask3589828670( 3391): )
05-27 14:25:52.512 E/playfilesourceNew( 3391): HCDN_LOG: [T:3619][HINFO]:[f:DoAsynNotifyInfoResponse],[l:2605],[TaskID(3589828670),type(6),msg({"BandWidth":-2,"IsAd":1,"IsP2P":1,"VID":""}
05-27 14:25:52.512 E/playfilesourceNew( 3391): )!]
05-27 14:25:52.523 I/audio_hw_hal_primary( 499): [audiohal_get_latency:1333] io 13: out:0xf3280740 frames:1280 rate:48000 whole_latency:26 alsa_latency:26
05-27 14:25:52.524 I/audio_hw_hal_primary( 499): [audiohal_get_latency:1333] io 13: out:0xf3280740 frames:1280 rate:48000 whole_latency:26 alsa_latency:26
05-27 14:25:52.544 I/audio_hw_hal_primary( 499): [audiohal_get_latency:1333] io 13: out:0xf3280740 frames:1280 rate:48000 whole_latency:26 alsa_latency:26
05-27 14:25:52.544 I/audio_hw_hal_primary( 499): [audiohal_get_latency:1333] io 13: out:0xf3280740 frames:1280 rate:48000 whole_latency:26 alsa_latency:26
05-27 14:25:52.566 I/audio_hw_hal_primary( 499): [audiohal_get_latency:1333] io 13: out:0xf3280740 frames:1024 rate:48000 whole_latency:21 alsa_latency:21
05-27 14:25:52.567 I/audio_hw_hal_primary( 499): [audiohal_get_latency:1333] io 13: out:0xf3280740 frames:1152 rate:48000 whole_latency:24 alsa_latency:24
05-27 14:25:52.587 I/audio_hw_hal_primary( 499): [audiohal_get_latency:1333] io 13: out:0xf3280740 frames:1024 rate:48000 whole_latency:21 alsa_latency:21
05-27 14:25:52.587 I/audio_hw_hal_primary( 499): [audiohal_get_latency:1333] io 13: out:0xf3280740 frames:1024 rate:48000 whole_latency:21 alsa_latency:21
05-27 14:25:52.588 D/audioserver( 543): logFgsApiEnd: FGS Logger Transaction failed, -129
05-27 14:25:52.589 I/audio_hw_hal_primary( 499): out_update_source_metadata_v7() line 2013 usage:1 content_type:2
05-27 14:25:52.610 I/audio_hw_hal_primary( 499): [audiohal_get_latency:1333] io 13: out:0xf3280740 frames:1152 rate:48000 whole_latency:24 alsa_latency:24
05-27 14:25:52.614 E/Hcdn_DeTask3589828670( 3391): HCDN_LOG: [T:3627][HINFO]:[f:PostNotifyInfo],[l:248], notify type(6),info({"BandWidth":-2,"IsAd":1,"IsP2P":1,"VID":""}
05-27 14:25:52.614 E/Hcdn_DeTask3589828670( 3391): )
05-27 14:25:52.614 E/playfilesourceNew( 3391): HCDN_LOG: [T:3619][HINFO]:[f:DoAsynNotifyInfoResponse],[l:2605],[TaskID(3589828670),type(6),msg({"BandWidth":-2,"IsAd":1,"IsP2P":1,"VID":""}
05-27 14:25:52.614 E/playfilesourceNew( 3391): )!]
05-27 14:25:52.630 I/audio_hw_hal_primary( 499): [audiohal_get_latency:1333] io 13: out:0xf3280740 frames:1024 rate:48000 whole_latency:21 alsa_latency:21
05-27 14:25:52.651 I/audio_hw_hal_primary( 499): [audiohal_get_latency:1333] io 13: out:0xf3280740 frames:1280 rate:48000 whole_latency:26 alsa_latency:26
05-27 14:25:52.672 I/audio_hw_hal_primary( 499): [audiohal_get_latency:1333] io 13: out:0xf3280740 frames:1024 rate:48000 whole_latency:21 alsa_latency:21
05-27 14:25:52.674 D/audioserver( 543): logFgsApiEnd: FGS Logger Transaction failed, -129
05-27 14:25:52.714 E/Hcdn_DeTask3589828670( 3391): HCDN_LOG: [T:3627][HINFO]:[f:PostNotifyInfo],[l:248], notify type(6),info({"BandWidth":-2,"IsAd":1,"IsP2P":1,"VID":""}
05-27 14:25:52.714 E/Hcdn_DeTask3589828670( 3391): )
05-27 14:25:52.714 E/playfilesourceNew( 3391): HCDN_LOG: [T:3619][HINFO]:[f:DoAsynNotifyInfoResponse],[l:2605],[TaskID(3589828670),type(6),msg({"BandWidth":-2,"IsAd":1,"IsP2P":1,"VID":""}
05-27 14:25:52.714 E/playfilesourceNew( 3391): )!]
05-27 14:25:52.786 I/rainbow_flow( 2928): type=1400 audit(0.0:2152): avc: denied { ioctl } for path="/dev/spidev1.0" dev="tmpfs" ino=531 ioctlcmd=0x6b00 scontext=u:r:init:s0 tcontext=u:object_r:device:s0 tclass=chr_file permissive=1
05-27 14:25:52.814 E/Hcdn_DeTask3589828670( 3391): HCDN_LOG: [T:3627][HINFO]:[f:PostNotifyInfo],[l:248], notify type(6),info({"BandWidth":-2,"IsAd":1,"IsP2P":1,"VID":""}
05-27 14:25:52.814 E/Hcdn_DeTask3589828670( 3391): )
05-27 14:25:52.814 E/playfilesourceNew( 3391): HCDN_LOG: [T:3619][HINFO]:[f:DoAsynNotifyInfoResponse],[l:2605],[TaskID(3589828670),type(6),msg({"BandWidth":-2,"IsAd":1,"IsP2P":1,"VID":""}
05-27 14:25:52.814 E/playfilesourceNew( 3391): )!]
05-27 14:25:52.818 E/p2pfile ( 3391): HCDN_LOG: [T:3612][HINFO]:[f:GetParam],[l:4289],[Task(0), key=storage_mem_size]
05-27 14:25:52.818 E/p2pfile ( 3391): HCDN_LOG: [T:3612][HINFO]:[f:GetParam],[l:4289],[Task(0), key=p2p_mem_size]
05-27 14:25:52.818 E/localserver( 3391): HCDN_LOG: [T:3612][func:MonitorMem],[line:73],[Memstatistics],[bRet:1],[bNextRet:1],[pParamStorageBuffer:0],[pParamP2PBuffer:0]
05-27 14:25:52.852 D/XM_HIDREAD( 1928): poll ret=1, event=1
05-27 14:25:52.852 D/XM_HIDREAD( 1928): [9 bytes]:01 00 00 28 00 00 00 00 00
05-27 14:25:52.886 I/audio_hw_hal_primary( 499): [register_audio_patch:8215] Patch 3:id:3 mix(io:13)->dev_0[OUT_HDMI(id:22)] found, register the same patch, do nothing.
05-27 14:25:52.886 I/audio_hw_hal_primary( 499): [adev_create_audio_patch:8316] Patch 3: MIX->DEVICE, num_src:1 num_sink:1 patch_src:INVAL
05-27 14:25:52.886 I/audio_hw_hal_primary( 499): [adev_create_audio_patch:8320] sink[0]: OUT_HDMI(id:22)
05-27 14:25:52.886 I/audio_hw_hal_primary( 499): [adev_create_audio_patch:8377] Patch 3: mix(io:13) -> dev[OUT_HDMI(id:22)]
05-27 14:25:52.886 D/UEventObserver( 1008): change@/devices/platform/auge_sound/sound/card0/controlC0ACTION=changeDEVPATH=/devices/platform/auge_sound/sound/card0/controlC0SUBSYSTEM=soundAUDIO_FORMAT=0MAJOR=116MINOR=13DEVNAME=snd/controlC0SEQNUM=3688
05-27 14:25:52.886 I/audio_hw_hal_primary( 499): [adev_create_audio_patch:8445] dev=0xf3340010 cur_out_device=0x400
05-27 14:25:52.891 D/ActivityManager( 704): freezing 2421 com.android.statementservice
05-27 14:25:52.892 D/ActivityManager( 704): freezing 2326 com.android.rkpdapp
05-27 14:25:52.896 D/audioserver( 543): logFgsApiBegin: FGS Logger Transaction failed, -129
05-27 14:25:52.897 I/audio_hw_hal_primary( 499): out_update_source_metadata_v7() line 2013 usage:1 content_type:2
05-27 14:25:52.899 I/SogouIME( 1501): onKeyDown: keyoCode=23
05-27 14:25:52.899 I/DefaultIMS( 1501): onKeyDown: keyoCode=23
05-27 14:25:52.915 E/Hcdn_DeTask3589828670( 3391): HCDN_LOG: [T:3627][HINFO]:[f:PostNotifyInfo],[l:248], notify type(6),info({"BandWidth":-2,"IsAd":1,"IsP2P":1,"VID":""}
05-27 14:25:52.915 E/Hcdn_DeTask3589828670( 3391): )
05-27 14:25:52.915 I/TvUniPlayer/UniPlayer@52ede0f( 3391): in handleMessage event:10000
05-27 14:25:52.916 E/playfilesourceNew( 3391): HCDN_LOG: [T:3619][HINFO]:[f:DoAsynNotifyInfoResponse],[l:2605],[TaskID(3589828670),type(6),msg({"BandWidth":-2,"IsAd":1,"IsP2P":1,"VID":""}
05-27 14:25:52.916 E/playfilesourceNew( 3391): )!]
05-27 14:25:52.977 W/BatteryExternalStatsWorker( 704): error reading Bluetooth stats: 11
05-27 14:25:52.980 D/XM_HIDREAD( 1928): poll ret=1, event=1
05-27 14:25:52.980 D/XM_HIDREAD( 1928): [9 bytes]:01 00 00 00 00 00 00 00 00
05-27 14:25:52.982 I/SogouIME( 1501): onKeyUp: keyoCode=23
05-27 14:25:52.982 I/DefaultIMS( 1501): onKeyUp: keyoCode=23
05-27 14:25:53.000 E/ccc ( 1474): cccccc SystemUpdateHelper systemUpdate {"launcherCodeLocal":0,"launcherCodeNet":0,"otaCodeLocal":5004,"otaCodeNet":0,"otaVersionLocal":"5.0.0.4","otaVersionNet":"","remoteNeedUpdate":false}
05-27 14:25:53.005 E/ccc ( 1474): cccccc SystemUpdateHelper launcherUpdate {"launcherCodeLocal":102941,"launcherCodeNet":0,"launcherVersionLocal":"2.9.4.1","launcherVersionNet":"","otaCodeLocal":0,"otaCodeNet":0,"remoteNeedUpdate":false,"updateType":""}
05-27 14:25:53.014 I/audio_hw_hal_primary( 499): [register_audio_patch:8215] Patch 3:id:3 mix(io:13)->dev_0[OUT_HDMI(id:22)] found, register the same patch, do nothing.
05-27 14:25:53.014 I/audio_hw_hal_primary( 499): [adev_create_audio_patch:8316] Patch 3: MIX->DEVICE, num_src:1 num_sink:1 patch_src:INVAL
05-27 14:25:53.014 I/audio_hw_hal_primary( 499): [adev_create_audio_patch:8320] sink[0]: OUT_HDMI(id:22)
05-27 14:25:53.014 I/audio_hw_hal_primary( 499): [adev_create_audio_patch:8377] Patch 3: mix(io:13) -> dev[OUT_HDMI(id:22)]
05-27 14:25:53.014 I/audio_hw_hal_primary( 499): [adev_create_audio_patch:8445] dev=0xf3340010 cur_out_device=0x400
05-27 14:25:53.014 D/UEventObserver( 1008): change@/devices/platform/auge_sound/sound/card0/controlC0ACTION=changeDEVPATH=/devices/platform/auge_sound/sound/card0/controlC0SUBSYSTEM=soundAUDIO_FORMAT=0MAJOR=116MINOR=13DEVNAME=snd/controlC0SEQNUM=3689
05-27 14:25:53.015 D/audioserver( 543): logFgsApiEnd: FGS Logger Transaction failed, -129
05-27 14:25:53.015 D/audioserver( 543): logFgsApiBegin: FGS Logger Transaction failed, -129
05-27 14:25:53.017 I/audio_hw_hal_primary( 499): out_update_source_metadata_v7() line 2013 usage:1 content_type:2
05-27 14:25:53.018 E/Hcdn_DeTask3589828670( 3391): HCDN_LOG: [T:3627][HINFO]:[f:PostNotifyInfo],[l:248], notify type(6),info({"BandWidth":-2,"IsAd":1,"IsP2P":1,"VID":""}
05-27 14:25:53.018 E/Hcdn_DeTask3589828670( 3391): )
05-27 14:25:53.019 E/playfilesourceNew( 3391): HCDN_LOG: [T:3619][HINFO]:[f:DoAsynNotifyInfoResponse],[l:2605],[TaskID(3589828670),type(6),msg({"BandWidth":-2,"IsAd":1,"IsP2P":1,"VID":""}
05-27 14:25:53.019 E/playfilesourceNew( 3391): )!]
05-27 14:25:53.023 D/audioserver( 543): logFgsApiBegin: FGS Logger Transaction failed, -129
05-27 14:25:53.044 W/View ( 3250): requestLayout() improperly called by android.widget.LinearLayout{8fd4668 V.E...... ......ID 200,0-460,100} during layout: running second layout pass
05-27 14:25:53.044 W/View ( 3250): requestLayout() improperly called by com.dangbei.haqusetting.ui.base.atom.LeafUpdateItemView{bbada81 VFE...C.. .F....ID 0,0-480,100} during layout: running second layout pass
05-27 14:25:53.044 W/View ( 3250): requestLayout() improperly called by com.google.android.material.textview.MaterialTextView{de88726 V.ED..... ..S...ID 20,0-220,100 #7f0901e9 app:id/leaf_update_item_sub_tv} during layout: running second layout pass
05-27 14:25:53.057 I/audio_hw_hal_primary( 499): out_update_source_metadata_v7() line 2013 usage:1 content_type:2
05-27 14:25:53.099 I/audio_hw_hal_primary( 499): [audiohal_get_latency:1333] io 13: out:0xf3280740 frames:1280 rate:48000 whole_latency:26 alsa_latency:26
05-27 14:25:53.119 E/Hcdn_DeTask3589828670( 3391): HCDN_LOG: [T:3627][HINFO]:[f:PostNotifyInfo],[l:248], notify type(6),info({"BandWidth":-2,"IsAd":1,"IsP2P":1,"VID":""}
05-27 14:25:53.119 E/Hcdn_DeTask3589828670( 3391): )
05-27 14:25:53.119 E/playfilesourceNew( 3391): HCDN_LOG: [T:3619][HINFO]:[f:DoAsynNotifyInfoResponse],[l:2605],[TaskID(3589828670),type(6),msg({"BandWidth":-2,"IsAd":1,"IsP2P":1,"VID":""}
05-27 14:25:53.119 E/playfilesourceNew( 3391): )!]
05-27 14:25:53.144 I/audio_hw_hal_primary( 499): [audiohal_get_latency:1333] io 13: out:0xf3280740 frames:1152 rate:48000 whole_latency:24 alsa_latency:24
05-27 14:25:53.184 I/audio_hw_hal_primary( 499): [audiohal_get_latency:1333] io 13: out:0xf3280740 frames:1024 rate:48000 whole_latency:21 alsa_latency:21
05-27 14:25:53.185 I/audio_hw_hal_primary( 499): [audiohal_get_latency:1333] io 13: out:0xf3280740 frames:1024 rate:48000 whole_latency:21 alsa_latency:21
05-27 14:25:53.207 I/audio_hw_hal_primary( 499): [audiohal_get_latency:1333] io 13: out:0xf3280740 frames:1280 rate:48000 whole_latency:26 alsa_latency:26
05-27 14:25:53.207 I/audio_hw_hal_primary( 499): [audiohal_get_latency:1333] io 13: out:0xf3280740 frames:1152 rate:48000 whole_latency:24 alsa_latency:24
05-27 14:25:53.219 E/Hcdn_DeTask3589828670( 3391): HCDN_LOG: [T:3627][HINFO]:[f:PostNotifyInfo],[l:248], notify type(6),info({"BandWidth":-2,"IsAd":1,"IsP2P":1,"VID":""}
05-27 14:25:53.219 E/Hcdn_DeTask3589828670( 3391): )
05-27 14:25:53.219 E/playfilesourceNew( 3391): HCDN_LOG: [T:3619][HINFO]:[f:DoAsynNotifyInfoResponse],[l:2605],[TaskID(3589828670),type(6),msg({"BandWidth":-2,"IsAd":1,"IsP2P":1,"VID":""}
05-27 14:25:53.219 E/playfilesourceNew( 3391): )!]
05-27 14:25:53.227 I/audio_hw_hal_primary( 499): [audiohal_get_latency:1333] io 13: out:0xf3280740 frames:1280 rate:48000 whole_latency:26 alsa_latency:26
05-27 14:25:53.227 I/audio_hw_hal_primary( 499): [audiohal_get_latency:1333] io 13: out:0xf3280740 frames:1280 rate:48000 whole_latency:26 alsa_latency:26
05-27 14:25:53.249 I/audio_hw_hal_primary( 499): [audiohal_get_latency:1333] io 13: out:0xf3280740 frames:1280 rate:48000 whole_latency:26 alsa_latency:26
05-27 14:25:53.249 I/audio_hw_hal_primary( 499): [audiohal_get_latency:1333] io 13: out:0xf3280740 frames:1280 rate:48000 whole_latency:26 alsa_latency:26
05-27 14:25:53.270 I/audio_hw_hal_primary( 499): [audiohal_get_latency:1333] io 13: out:0xf3280740 frames:1280 rate:48000 whole_latency:26 alsa_latency:26
05-27 14:25:53.270 I/audio_hw_hal_primary( 499): [audiohal_get_latency:1333] io 13: out:0xf3280740 frames:1280 rate:48000 whole_latency:26 alsa_latency:26
05-27 14:25:53.286 I/WifiHAL ( 519): call wifi_get_link_stats handler
05-27 14:25:53.286 I/WifiHAL ( 519): Creating message to get link statistics; iface = 19
05-27 14:25:53.287 D/WifiHAL ( 519): error code -95 mapped to -3
05-27 14:25:53.287 E/WifiStaIfaceAidlImpl( 704): getLinkLayerStats failed with service-specific exception: android.os.ServiceSpecificException: (code 4)
05-27 14:25:53.292 I/audio_hw_hal_primary( 499): [audiohal_get_latency:1333] io 13: out:0xf3280740 frames:1280 rate:48000 whole_latency:26 alsa_latency:26
05-27 14:25:53.292 I/audio_hw_hal_primary( 499): [audiohal_get_latency:1333] io 13: out:0xf3280740 frames:1280 rate:48000 whole_latency:26 alsa_latency:26
05-27 14:25:53.313 I/audio_hw_hal_primary( 499): [audiohal_get_latency:1333] io 13: out:0xf3280740 frames:1024 rate:48000 whole_latency:21 alsa_latency:21
05-27 14:25:53.313 I/audio_hw_hal_primary( 499): [audiohal_get_latency:1333] io 13: out:0xf3280740 frames:1280 rate:48000 whole_latency:26 alsa_latency:26
05-27 14:25:53.313 D/audioserver( 543): logFgsApiEnd: FGS Logger Transaction failed, -129
05-27 14:25:53.315 I/audio_hw_hal_primary( 499): out_update_source_metadata_v7() line 2013 usage:13 content_type:4
05-27 14:25:53.319 E/Hcdn_DeTask3589828670( 3391): HCDN_LOG: [T:3627][HINFO]:[f:PostNotifyInfo],[l:248], notify type(6),info({"BandWidth":-2,"IsAd":1,"IsP2P":1,"VID":""}
05-27 14:25:53.319 E/Hcdn_DeTask3589828670( 3391): )
05-27 14:25:53.320 E/playfilesourceNew( 3391): HCDN_LOG: [T:3619][HINFO]:[f:DoAsynNotifyInfoResponse],[l:2605],[TaskID(3589828670),type(6),msg({"BandWidth":-2,"IsAd":1,"IsP2P":1,"VID":""}
05-27 14:25:53.320 E/playfilesourceNew( 3391): )!]
05-27 14:25:53.337 I/audio_hw_hal_primary( 499): [audiohal_get_latency:1333] io 13: out:0xf3280740 frames:1152 rate:48000 whole_latency:24 alsa_latency:24
05-27 14:25:53.355 I/audio_hw_hal_primary( 499): [audiohal_get_latency:1333] io 13: out:0xf3280740 frames:1280 rate:48000 whole_latency:26 alsa_latency:26
05-27 14:25:53.377 I/audio_hw_hal_primary( 499): [audiohal_get_latency:1333] io 13: out:0xf3280740 frames:1280 rate:48000 whole_latency:26 alsa_latency:26
05-27 14:25:53.398 I/audio_hw_hal_primary( 499): [audiohal_get_latency:1333] io 13: out:0xf3280740 frames:1280 rate:48000 whole_latency:26 alsa_latency:26
05-27 14:25:53.399 D/audioserver( 543): logFgsApiEnd: FGS Logger Transaction failed, -129
05-27 14:25:53.411 E/Hcdn_DeTask3589828670( 3391): HCDN_LOG: [T:3627][HINFO]:[f:PostNotifyInfo],[l:248], notify type(6),info({"BandWidth":-2,"IsAd":1,"IsP2P":1,"VID":""}
05-27 14:25:53.411 E/Hcdn_DeTask3589828670( 3391): )
05-27 14:25:53.411 E/playfilesourceNew( 3391): HCDN_LOG: [T:3619][HINFO]:[f:DoAsynNotifyInfoResponse],[l:2605],[TaskID(3589828670),type(6),msg({"BandWidth":-2,"IsAd":1,"IsP2P":1,"VID":""}
05-27 14:25:53.411 E/playfilesourceNew( 3391): )!]
05-27 14:25:53.487 D/XIQiyiManager( 3391): ------------IQiYIWatcherRunnable activity
05-27 14:25:53.487 D/XIQiyiManager( 3391): ---------IQiYIWatcherRunnable---XIQiyiManager init success:logined:true
05-27 14:25:53.499 I/CLog ( 3391): 2025-05-27 14:25:53.499 T:3680 INFO: RM_AE::1,HEARTBEAT, sink_delay:0.0000, spatial_delay:0.0000, iqae:0,0,0,0,0,0
05-27 14:25:53.511 E/Hcdn_DeTask3589828670( 3391): HCDN_LOG: [T:3627][HINFO]:[f:PostNotifyInfo],[l:248], notify type(6),info({"BandWidth":-2,"IsAd":1,"IsP2P":1,"VID":""}
05-27 14:25:53.511 E/Hcdn_DeTask3589828670( 3391): )
05-27 14:25:53.511 E/playfilesourceNew( 3391): HCDN_LOG: [T:3619][HINFO]:[f:DoAsynNotifyInfoResponse],[l:2605],[TaskID(3589828670),type(6),msg({"BandWidth":-2,"IsAd":1,"IsP2P":1,"VID":""}
05-27 14:25:53.511 E/playfilesourceNew( 3391): )!]
05-27 14:25:53.608 I/UNIPLAYERSDK( 3391): MediaPlayerAdaptor.cpp:297 [PumaPlayerAdaptor@0xe45213e4]doHandleMessage(KMSG_INNERACTION_PB_DOWNLOADSPEED, arg1:-111, arg2:-111)
05-27 14:25:53.608 I/UNIPLAYERSDK( 3391): PumaPlayer.cpp:966 [PumaPlayer@0xab1e295c]InvokeMctoPlayerCommand(), command = 29, command_params = {}, buffer = 0xb8b26d7c
05-27 14:25:53.608 I/UNIPLAYERSDK( 3391): PumaPlayer.cpp:396 getRealtimeSpeed(), get kMctoPlayerCmd_GetSpeed averageSpeed = 2491392 B/s
05-27 14:25:53.608 I/UNIPLAYERSDK( 3391): PumaPlayer.cpp:400 getRealtimeSpeed(), get kMctoPlayerCmd_GetSpeed realTimeSpeed = 0 B/s
05-27 14:25:53.608 I/UNIPLAYERSDK( 3391): PumaPlayerAdaptor.cpp:797 [PumaPlayerAdaptor@0xe45213e4]KMSG_INNERACTION_PB_DOWNLOADSPEED speed= 19464
05-27 14:25:53.608 D/UNIPLAYERSDK( 3391): BaseState.cpp:42 [PumaPlayerAdaptor@0xe45213e4@0xb1bd0d68]{fm(KMSG_INNERACTION_PB_DOWNLOADSPEED),ret(0),at(0,6498,6498),s(12,-2,-2,-2,12),fm=Message@0xe46f7290{what=2097226,when=86497,arg1=-1111111111,arg2=-1111111111,arg3=-1111111111,str=,timeout=0,obj=0x0,runnable=0x0,target=0xe4521300,watchDogOp=0x0}
05-27 14:25:53.609 D/UNIPLAYERSDK( 3391): BaseState.cpp:56 [PumaPlayerAdaptor@0xe45213e4@0xb1bd0d68]{fm(KMSG_INNERACTION_PB_DOWNLOADSPEED),o(AudioPrevi)-t(0,6498,6498),o(BitstreamS)-t(0,6498,6498),o(CarouselPr)-t(0,6498,6498),o(FastHelper)-t(0,6498,6498),o(HeaderTail)-t(0,6498,6498),o(HighLights)-t(0,6498,6498),o(InteractPr)-t(0,6498,6498),o(LivePrevie)-t(0,6498,6498),o(MediaPlaye)-t(0,6498,6498),o(MovieVVInf)-t(0,6498,6498),o(PPrecacher)-t(0,6498,6498),o(PlayerStuc)-t(0,6498,6498),o(PumaAbsCmd)-t(0,6498,6498),o(PumaAdvert)-t(0,6498,6498),o(PumaBuffer)-t(0,6498,6498),o(PumaError@)-t(0,6498,6498),o(PumaMediaD)-t(0,6498,6498),o(PumaPlayer)-t(0,6498,6498),o(PumaRate@0)-t(0,6498,6498),o(PumaSegmen)-t(0,6498,6498),o(PumaSubtit)-t(0,6498,6498),o(RefreshAcc)-t(0,6498,6498),o(RefreshSer)-t(0,6498,6498),o(SceneKeepe)-t(0,6498,6498),o(SetRate@0x)-t(0,6498,6498),o(SwitchEpis)-t(0,6498,6498),o(VideoPlayC)-t(0,6498,6498)}
