05-27 14:26:05.354 I/NearFieldManagerImpl( 4131): serviceName is castPlus
05-27 14:26:05.354 I/nStackXUtil( 4131): BindToDevice:[374] :BindToDevice, Bind localAddr name: wlan0
05-27 14:26:05.355 I/nStackXUtil( 4131): BindToDeviceInner:[191] :binding interface wlan0 success
05-27 14:26:05.355 D/NearFieldManagerImpl( 4131): registerCapability() called with: capabilityBitmapNum = 1, capabilityBitmap = [8]
05-27 14:26:05.355 D/nStackXCoAP( 4131): CoapInitResources:[744] :CoapInitResources g_wlanOrEthContext update
05-27 14:26:05.355 I/HicomNf_java_to_c( 4131): registerCapability, capabilityBitmapNum: 1
05-27 14:26:05.355 I/HicomNfMainCtrlManager( 4131): RegisterCapability: 1, 8
05-27 14:26:05.355 D/NearFieldManagerImpl( 4131): Register capability succeed with capabilityBitmapNum = 1, capabilityBitmap = [8]
05-27 14:26:05.355 D/NearFieldManagerImpl( 4131): registerServiceData() called with: serviceData = 32
05-27 14:26:05.355 D/NearFieldManagerImpl( 4131): registerModule() called with: packageModuleName = com.huawei.connection+CastPlusDiscoveryModule
05-27 14:26:05.356 I/HicomNf_java_to_c( 4131): registerModule, moduleName: com.huawei.connection+CastPlusDiscoveryModule
05-27 14:26:05.356 I/HicomNfMainCtrlManager( 4131): Enter RegisterModule
05-27 14:26:05.356 I/HicomNfRegManager( 4131): RegisterModule OK, add module name com.huawei.connection+CastPlusDiscoveryModule
05-27 14:26:05.356 I/nStackXDFinder( 4131): RegisterServiceData:[728] :RegisterServiceData, serviceData=[32]
05-27 14:26:05.357 I/Hisight-DeviceListManager( 4019): init DeviceListManager.
05-27 14:26:05.360 D/Hisight-DeviceListManager( 4019): get old secret key
05-27 14:26:05.366 E/Hisight-ConnectAuthCallBack( 4019): readSecureFile failed, no such file
05-27 14:26:05.366 W/Hisight-DeviceListManager( 4019): deviceRecords is empty
05-27 14:26:05.366 W/Hisight-DeviceListManager( 4019): occur error, clear all the list
05-27 14:26:05.367 D/Hisight-HiChainAuthControl( 4019): start HiChainAuthControl
05-27 14:26:05.367 D/TrafficStats( 4131): tagSocket(150) with statsTag=0xffffffff, statsUid=-1
05-27 14:26:05.370 I/ConnectAuthJNI( 4019): JNI_OnLoad begin load
05-27 14:26:05.370 I/ConnectAuthJNI( 4019): RegisterNativeMethod begin
05-27 14:26:05.370 I/ConnectAuthJNI( 4019): RegisterNativeMethod end
05-27 14:26:05.370 I/ConnectAuthJNI( 4019): RegisterNativeMethod 1004 methodLen=10
05-27 14:26:05.370 I/ConnectAuthJNI( 4019): RegisterNativeMethod 1007 RegisterNatives=0
05-27 14:26:05.370 I/ConnectAuthJNI( 4019): InitArraylist 1013
05-27 14:26:05.370 I/ConnectAuthJNI( 4019): InitConnectAuthStaticJNIMethod 1114 methodRet=0
05-27 14:26:05.370 E/ConnectAuthJNI( 4019): JNI_OnLoad finish....1138
05-27 14:26:05.370 D/Hisight-HiChainAuthControl( 4019): setupAuthIfNeeded, HiChainInstance hasn't been initialized
05-27 14:26:05.371 I/ConnectAuthJNI( 4019): Java_com_huawei_hisight_security_ConnectAuthNative_nativeSetup 795 call HiChainNativeSetup
05-27 14:26:05.371 I/ConnectAuthJNI( 4019): HiChainNativeSetup 565 registe_log
05-27 14:26:05.371 I/ConnectAuthJNI( 4019): HksStorageRegisterFileCallbacks 245 register hks file callback status =0
05-27 14:26:05.371 I/ConnectAuthJNI( 4019): HksRegisterGetDeviceIdCallback 268 register hks get hardware udid callback status =0
05-27 14:26:05.372 D/ConnectAuthJNI( 4019): [HiChain] get_instance Begin get instance
05-27 14:26:05.372 I/ConnectAuthJNI( 4019): [HKS] hks_service_key_info_init hks init : begin
05-27 14:26:05.372 I/ConnectAuthJNI( 4019): FileRead 113 FileRead
05-27 14:26:05.372 I/ConnectAuthJNI( 4019): FileRead 122 FileRead call readSecureFile begin
05-27 14:26:05.372 E/Hisight-ConnectAuthCallBack( 4019): readSecureFile failed, no such file
05-27 14:26:05.372 W/ConnectAuthJNI( 4019): FileRead 132 FileRead call readSecureFile byteArray is null
05-27 14:26:05.373 I/ConnectAuthJNI( 4019): [HKS] hks_rkc_init RKC init:begin, is_key_info_exist=0
05-27 14:26:05.373 I/ConnectAuthJNI( 4019): [HKS] hks_rkc_init_entropy the entropy is empty
05-27 14:26:05.373 I/ConnectAuthJNI( 4019): FileSize 214 FileSize
05-27 14:26:05.373 I/ConnectAuthJNI( 4019): FileSize 230 fileSize=258
05-27 14:26:05.373 I/ConnectAuthJNI( 4019): FileRead 113 FileRead
05-27 14:26:05.373 I/ConnectAuthJNI( 4019): FileRead 122 FileRead call readSecureFile begin
05-27 14:26:05.373 I/ConnectAuthJNI( 4019): FileRead 135 FileRead call readSecureFile end
05-27 14:26:05.373 I/ConnectAuthJNI( 4019): FileRead 150 fileBuff size 258, buf len 258
05-27 14:26:05.373 I/ConnectAuthJNI( 4019): FileSize 214 FileSize
05-27 14:26:05.373 I/ConnectAuthJNI( 4019): FileSize 230 fileSize=258
05-27 14:26:05.373 I/ConnectAuthJNI( 4019): FileRead 113 FileRead
05-27 14:26:05.373 I/ConnectAuthJNI( 4019): FileRead 122 FileRead call readSecureFile begin
05-27 14:26:05.374 I/ConnectAuthJNI( 4019): FileRead 135 FileRead call readSecureFile end
05-27 14:26:05.374 I/ConnectAuthJNI( 4019): FileRead 150 fileBuff size 258, buf len 258
05-27 14:26:05.374 I/ConnectAuthJNI( 4019): [HKS] hks_rkc_load_ksf load ksf success
05-27 14:26:05.374 I/ConnectAuthJNI( 4019): [HKS] hks_rkc_init root key component init success
05-27 14:26:05.374 I/ConnectAuthJNI( 4019): [HKS] hks_rkc_init RKC init:end,rc=0
05-27 14:26:05.374 I/ConnectAuthJNI( 4019): [HKS] hks_service_key_info_init hks init : end
05-27 14:26:05.374 I/ConnectAuthJNI( 4019): GetHiChainProtocolParamsCallback 371 GetHiChainProtocolParamsCallback operation_code= 99
05-27 14:26:05.374 I/ConnectAuthJNI( 4019): paramLen is ,=0
05-27 14:26:05.374 I/ConnectAuthJNI( 4019): paramLen is ,=0
05-27 14:26:05.374 I/ConnectAuthJNI( 4019): GetHiChainProtocolParamsCallback 402 GetHiChainProtocolParamsCallback end
05-27 14:26:05.374 I/ConnectAuthJNI( 4019): [HiChain] get_instance Get instance success
05-27 14:26:05.374 I/ConnectAuthJNI( 4019): Java_com_huawei_hisight_security_ConnectAuthNative_nativeGetHiChainInstance 598 get instance success
05-27 14:26:05.374 D/Hisight-HiChainAuthControl( 4019): destroyAuth
05-27 14:26:05.374 I/ConnectAuthJNI( 4019): Java_com_huawei_hisight_security_ConnectAuthNative_nativeDestroy 603 destroy
05-27 14:26:05.374 D/Hisight-HiChainAuthControl( 4019): setupAuthIfNeeded, HiChainInstance hasn't been initialized
05-27 14:26:05.374 I/ConnectAuthJNI( 4019): Java_com_huawei_hisight_security_ConnectAuthNative_nativeSetup 795 call HiChainNativeSetup
05-27 14:26:05.374 I/ConnectAuthJNI( 4019): HiChainNativeSetup 565 registe_log
05-27 14:26:05.374 I/ConnectAuthJNI( 4019): HksStorageRegisterFileCallbacks 245 register hks file callback status =0
05-27 14:26:05.374 I/ConnectAuthJNI( 4019): HksRegisterGetDeviceIdCallback 268 register hks get hardware udid callback status =0
05-27 14:26:05.375 D/ConnectAuthJNI( 4019): [HiChain] get_instance Begin get instance
05-27 14:26:05.375 I/ConnectAuthJNI( 4019): [HKS] hks_service_key_info_init hks init : begin
05-27 14:26:05.375 I/ConnectAuthJNI( 4019): [HKS] hks_service_key_info_init hks init : end
05-27 14:26:05.375 I/ConnectAuthJNI( 4019): GetHiChainProtocolParamsCallback 371 GetHiChainProtocolParamsCallback operation_code= 99
05-27 14:26:05.375 I/ConnectAuthJNI( 4019): paramLen is ,=0
05-27 14:26:05.375 I/ConnectAuthJNI( 4019): paramLen is ,=0
05-27 14:26:05.375 I/ConnectAuthJNI( 4019): GetHiChainProtocolParamsCallback 402 GetHiChainProtocolParamsCallback end
05-27 14:26:05.375 I/ConnectAuthJNI( 4019): [HiChain] get_instance Get instance success
05-27 14:26:05.375 I/ConnectAuthJNI( 4019): Java_com_huawei_hisight_security_ConnectAuthNative_nativeGetHiChainInstance 598 get instance success
05-27 14:26:05.375 W/ConnectAuthJNI( 4019): GetListTrustPeers 899 trustPeerSize=0
05-27 14:26:05.375 D/Hisight-HiChainAuthControl( 4019): destroyAuth
05-27 14:26:05.375 I/ConnectAuthJNI( 4019): Java_com_huawei_hisight_security_ConnectAuthNative_nativeDestroy 603 destroy
05-27 14:26:05.375 D/Hisight-HiChainAuthControl( 4019): setupAuthIfNeeded, HiChainInstance hasn't been initialized
05-27 14:26:05.375 I/ConnectAuthJNI( 4019): Java_com_huawei_hisight_security_ConnectAuthNative_nativeSetup 795 call HiChainNativeSetup
05-27 14:26:05.375 I/ConnectAuthJNI( 4019): HiChainNativeSetup 565 registe_log
05-27 14:26:05.375 I/ConnectAuthJNI( 4019): HksStorageRegisterFileCallbacks 245 register hks file callback status =0
05-27 14:26:05.375 I/ConnectAuthJNI( 4019): HksRegisterGetDeviceIdCallback 268 register hks get hardware udid callback status =0
05-27 14:26:05.375 D/ConnectAuthJNI( 4019): [HiChain] get_instance Begin get instance
05-27 14:26:05.375 I/ConnectAuthJNI( 4019): [HKS] hks_service_key_info_init hks init : begin
05-27 14:26:05.375 I/ConnectAuthJNI( 4019): [HKS] hks_service_key_info_init hks init : end
05-27 14:26:05.375 I/ConnectAuthJNI( 4019): GetHiChainProtocolParamsCallback 371 GetHiChainProtocolParamsCallback operation_code= 99
05-27 14:26:05.375 I/ConnectAuthJNI( 4019): paramLen is ,=0
05-27 14:26:05.375 I/ConnectAuthJNI( 4019): paramLen is ,=0
05-27 14:26:05.375 I/ConnectAuthJNI( 4019): GetHiChainProtocolParamsCallback 402 GetHiChainProtocolParamsCallback end
05-27 14:26:05.375 I/ConnectAuthJNI( 4019): [HiChain] get_instance Get instance success
05-27 14:26:05.375 I/ConnectAuthJNI( 4019): Java_com_huawei_hisight_security_ConnectAuthNative_nativeGetHiChainInstance 598 get instance success
05-27 14:26:05.375 W/ConnectAuthJNI( 4019): GetListTrustPeers 899 trustPeerSize=0
05-27 14:26:05.376 D/Hisight-DeviceListManager( 4019): init trusted list size: 0
05-27 14:26:05.376 D/HiSight-ConnectionManager( 4019): setAuthInfo, authMode: 1
05-27 14:26:05.407 D/TrafficStats( 4131): tagSocket(131) with statsTag=0xffffffff, statsUid=-1
05-27 14:26:05.504 E/audio_hw_hal_alsamgr( 499): aml_alsa_output_get_delayframe:824, pcm_ioctl fail, ret:0xffffffff, error info:Broken pipe
05-27 14:26:05.504 I/audio_hw_hal_alsamgr( 499): aml_alsa_output_write alsa_running_status[0xf3282400] change from 1 to 0
05-27 14:26:05.504 W/audio_hw_hal_alsamgr( 499): [aml_alsa_output_write:616] alsa underrun
05-27 14:26:05.506 I/audio_hw_hal_alsamgr( 499): get_spdifout_mute_count mute_count:1
05-27 14:26:05.506 I/audio_hw_hal_alsamgr( 499): alsa_handle:0xf60009b0, spdif mute the data cnt =1
05-27 14:26:05.506 W/audio_hw_hal_alsamgr( 499): [aml_alsa_output_write_new:1213] format =0x9000000 alsa underrun
05-27 14:26:05.517 I/SystemControl( 326): [/UEventObserver.cpp, HDMITxUenventThreadLoop, 451] HDMI TX switch_name:hdmitx_current_status, switch_state: 12
05-27 14:26:05.522 I/audio_hw_hal_ms12v2( 499): dolby_ms12_threadloop alsa is not running
05-27 14:26:05.522 I/audio_hw_hal_alsamgr( 499): aml_alsa_output_write alsa_running_status[0xf3282400] change from 0 to 1
05-27 14:26:05.522 I/audio_hw_hal_alsamgr( 499): get_spdifout_mute_count mute_count:1
05-27 14:26:05.522 I/audio_hw_hal_alsamgr( 499): alsa_handle:0xf60009b0, spdif mute the data cnt =1
05-27 14:26:05.562 D/HiSight-SinkService( 4019): setDiscoverable true
05-27 14:26:05.562 D/HiSight-Discovery( 4019): set deviceInfo type:46
05-27 14:26:05.562 D/HiSight-Discovery( 4019): startAdvertise 3
05-27 14:26:05.563 D/HiSight-Discovery( 4019): stopAdvertise.
05-27 14:26:05.563 D/NearFieldManager( 4019): StopListen moduleId: CastPlusDiscoveryModule
05-27 14:26:05.563 D/NearFieldManagerImpl( 4131): stopListen: moduleId: CastPlusDiscoveryModule
05-27 14:26:05.563 D/NearFieldManagerImpl( 4131): registerCapability() called with: capabilityBitmapNum = 1, capabilityBitmap = [0]
05-27 14:26:05.563 I/HicomNf_java_to_c( 4131): registerCapability, capabilityBitmapNum: 1
05-27 14:26:05.563 I/HicomNfMainCtrlManager( 4131): RegisterCapability: 1, 0
05-27 14:26:05.563 D/NearFieldManagerImpl( 4131): Register capability succeed with capabilityBitmapNum = 1, capabilityBitmap = [0]
05-27 14:26:05.563 D/wenhc ( 1519): getScreenInfo uri = content://com.dangbei.screencast.parts.info/screen_cast
05-27 14:26:05.563 D/HiSight-Discovery( 4019): nearFieldStartListen deviceType 46
05-27 14:26:05.564 D/NearFieldManagerImpl( 4131): setServiceData, sServiceData=[32], serviceData=[32]
05-27 14:26:05.564 E/NearFieldManagerImpl( 4131): setServiceData, serviceData exists
05-27 14:26:05.564 E/NearFieldManager( 4019): setIdnNetworkPriority: networkPortPriority is empty
05-27 14:26:05.564 D/NearFieldManager( 4019): StartListen moduleId: CastPlusDiscoveryModule
05-27 14:26:05.564 D/NearFieldManagerImpl( 4131): startListen: moduleId: CastPlusDiscoveryModule
05-27 14:26:05.564 D/NearFieldUtils( 4131): getPreferredIpAddress exec
05-27 14:26:05.564 D/NearFieldUtils( 4131): getPreferredIpAddress by custom priority
05-27 14:26:05.564 D/NearFieldUtils( 4131): getIpByInterfaceSetting customIdnNetworkPriority:[]
05-27 14:26:05.564 D/NearFieldUtils( 4131): getPreferredIpAddress by default priority
05-27 14:26:05.571 D/NearFieldUtils( 4131): to get wlan0 ip address
05-27 14:26:05.571 D/NearFieldUtils( 4131): get wlan0 IP succeed.
05-27 14:26:05.571 D/NearFieldManagerImpl( 4131): sDeviceType: 46
05-27 14:26:05.571 D/NearFieldManagerImpl( 4131): registerDevice() is called.
05-27 14:26:05.571 I/HicomNfMainCtrlManager( 4131): NSTACKX_RegisterDevice is called
05-27 14:26:05.571 D/NearFieldManagerImpl( 4131): Register device success.
05-27 14:26:05.571 I/NearFieldManagerImpl( 4131): serviceName is castPlus
05-27 14:26:05.571 I/nStackXDFinder( 4131): UpdateLocalNetworkInterface:[472] :UpdateLocalNetworkInterface exec,initerfaceName:wlan0
05-27 14:26:05.571 E/nStackXDFinder( 4131): GetLocalIp:[401] :GetLocalIp exec
05-27 14:26:05.571 I/nStackXDFinder( 4131): UpdateLocalNetworkInterface:[498] :UpdateLocalNetworkInterface copy ip value in default process
05-27 14:26:05.571 E/nStackXDFinder( 4131): GetLocalIp:[401] :GetLocalIp exec
05-27 14:26:05.571 D/NearFieldManagerImpl( 4131): registerCapability() called with: capabilityBitmapNum = 1, capabilityBitmap = [8]
05-27 14:26:05.571 I/nStackXDFinder( 4131): UpdateLocalNetworkInterface:[505] :UpdateLocalNetworkInterface: ip not change
05-27 14:26:05.571 I/HicomNf_java_to_c( 4131): registerCapability, capabilityBitmapNum: 1
05-27 14:26:05.571 I/HicomNfMainCtrlManager( 4131): RegisterCapability: 1, 8
05-27 14:26:05.571 D/NearFieldManagerImpl( 4131): Register capability succeed with capabilityBitmapNum = 1, capabilityBitmap = [8]
05-27 14:26:05.571 D/NearFieldManagerImpl( 4131): registerServiceData() called with: serviceData = 32
05-27 14:26:05.571 D/NearFieldManagerImpl( 4131): registerModule() called with: packageModuleName = com.huawei.connection+CastPlusDiscoveryModule
05-27 14:26:05.571 I/nStackXDFinder( 4131): RegisterServiceData:[728] :RegisterServiceData, serviceData=[32]
05-27 14:26:05.571 D/NearFieldManagerImpl( 4131): registerModule, registered before
05-27 14:26:05.571 I/HicomNf_java_to_c( 4131): registerModule, moduleName: com.huawei.connection+CastPlusDiscoveryModule
05-27 14:26:05.571 I/HicomNfMainCtrlManager( 4131): Enter RegisterModule
05-27 14:26:05.571 I/HicomNfRegManager( 4131): RegisterModule OK, already registered com.huawei.connection+CastPlusDiscoveryModule
05-27 14:26:05.590 D/HiSight-SinkService( 4019): setDiscoverable true
05-27 14:26:05.591 D/HiSight-Discovery( 4019): set deviceInfo type:46
05-27 14:26:05.591 D/HiSight-Discovery( 4019): startAdvertise 3
05-27 14:26:05.591 D/HiSight-Discovery( 4019): stopAdvertise.
05-27 14:26:05.591 D/NearFieldManager( 4019): StopListen moduleId: CastPlusDiscoveryModule
05-27 14:26:05.591 D/NearFieldManagerImpl( 4131): stopListen: moduleId: CastPlusDiscoveryModule
05-27 14:26:05.591 D/NearFieldManagerImpl( 4131): registerCapability() called with: capabilityBitmapNum = 1, capabilityBitmap = [0]
05-27 14:26:05.591 I/HicomNf_java_to_c( 4131): registerCapability, capabilityBitmapNum: 1
05-27 14:26:05.591 I/HicomNfMainCtrlManager( 4131): RegisterCapability: 1, 0
05-27 14:26:05.591 D/NearFieldManagerImpl( 4131): Register capability succeed with capabilityBitmapNum = 1, capabilityBitmap = [0]
05-27 14:26:05.591 D/wenhc ( 1519): getScreenInfo uri = content://com.dangbei.screencast.parts.info/screen_cast
05-27 14:26:05.591 D/HiSight-Discovery( 4019): nearFieldStartListen deviceType 46
05-27 14:26:05.592 D/NearFieldManagerImpl( 4131): setServiceData, sServiceData=[32], serviceData=[32]
05-27 14:26:05.592 E/NearFieldManagerImpl( 4131): setServiceData, serviceData exists
05-27 14:26:05.592 E/NearFieldManager( 4019): setIdnNetworkPriority: networkPortPriority is empty
05-27 14:26:05.592 D/NearFieldManager( 4019): StartListen moduleId: CastPlusDiscoveryModule
05-27 14:26:05.592 D/NearFieldManagerImpl( 4131): startListen: moduleId: CastPlusDiscoveryModule
05-27 14:26:05.592 D/NearFieldUtils( 4131): getPreferredIpAddress exec
05-27 14:26:05.592 D/NearFieldUtils( 4131): getPreferredIpAddress by custom priority
05-27 14:26:05.592 D/NearFieldUtils( 4131): getIpByInterfaceSetting customIdnNetworkPriority:[]
05-27 14:26:05.592 D/NearFieldUtils( 4131): getPreferredIpAddress by default priority
05-27 14:26:05.598 D/NearFieldUtils( 4131): to get wlan0 ip address
05-27 14:26:05.598 D/NearFieldUtils( 4131): get wlan0 IP succeed.
05-27 14:26:05.598 D/NearFieldManagerImpl( 4131): sDeviceType: 46
05-27 14:26:05.598 D/NearFieldManagerImpl( 4131): registerDevice() is called.
05-27 14:26:05.598 I/HicomNfMainCtrlManager( 4131): NSTACKX_RegisterDevice is called
05-27 14:26:05.599 D/NearFieldManagerImpl( 4131): Register device success.
05-27 14:26:05.599 I/NearFieldManagerImpl( 4131): serviceName is castPlus
05-27 14:26:05.599 I/nStackXDFinder( 4131): UpdateLocalNetworkInterface:[472] :UpdateLocalNetworkInterface exec,initerfaceName:wlan0
05-27 14:26:05.599 E/nStackXDFinder( 4131): GetLocalIp:[401] :GetLocalIp exec
05-27 14:26:05.599 I/nStackXDFinder( 4131): UpdateLocalNetworkInterface:[498] :UpdateLocalNetworkInterface copy ip value in default process
05-27 14:26:05.599 E/nStackXDFinder( 4131): GetLocalIp:[401] :GetLocalIp exec
05-27 14:26:05.599 I/nStackXDFinder( 4131): UpdateLocalNetworkInterface:[505] :UpdateLocalNetworkInterface: ip not change
05-27 14:26:05.599 D/NearFieldManagerImpl( 4131): registerCapability() called with: capabilityBitmapNum = 1, capabilityBitmap = [8]
05-27 14:26:05.599 I/HicomNf_java_to_c( 4131): registerCapability, capabilityBitmapNum: 1
05-27 14:26:05.599 I/HicomNfMainCtrlManager( 4131): RegisterCapability: 1, 8
05-27 14:26:05.599 D/NearFieldManagerImpl( 4131): Register capability succeed with capabilityBitmapNum = 1, capabilityBitmap = [8]
05-27 14:26:05.599 D/NearFieldManagerImpl( 4131): registerServiceData() called with: serviceData = 32
05-27 14:26:05.599 I/nStackXDFinder( 4131): RegisterServiceData:[728] :RegisterServiceData, serviceData=[32]
05-27 14:26:05.599 D/NearFieldManagerImpl( 4131): registerModule() called with: packageModuleName = com.huawei.connection+CastPlusDiscoveryModule
05-27 14:26:05.599 D/NearFieldManagerImpl( 4131): registerModule, registered before
05-27 14:26:05.599 I/HicomNf_java_to_c( 4131): registerModule, moduleName: com.huawei.connection+CastPlusDiscoveryModule
05-27 14:26:05.599 I/HicomNfMainCtrlManager( 4131): Enter RegisterModule
05-27 14:26:05.599 I/HicomNfRegManager( 4131): RegisterModule OK, already registered com.huawei.connection+CastPlusDiscoveryModule
05-27 14:26:05.599 E/HuaweiCastService( 4019): onStartCommand in 0
05-27 14:26:05.626 D/TrafficStats( 4019): tagSocket(167) with statsTag=0xffffffff, statsUid=-1
05-27 14:26:05.744 D/NearFieldManagerImpl( 4131): onReceive action get:android.net.conn.CONNECTIVITY_CHANGE
05-27 14:26:05.745 D/NearFieldUtils( 4131): getPreferredIpAddress exec
05-27 14:26:05.745 D/NearFieldUtils( 4131): getPreferredIpAddress by custom priority
05-27 14:26:05.745 D/NearFieldUtils( 4131): getIpByInterfaceSetting customIdnNetworkPriority:[]
05-27 14:26:05.745 D/NearFieldUtils( 4131): getPreferredIpAddress by default priority
05-27 14:26:05.754 D/NearFieldUtils( 4131): to get wlan0 ip address
05-27 14:26:05.754 D/NearFieldUtils( 4131): get wlan0 IP succeed.
05-27 14:26:05.754 E/NearFieldManagerImpl( 4131): notifyByPriority: interfaceNameInUse is null
05-27 14:26:05.754 D/NearFieldManagerImpl( 4131): handleConnectivityAction: notified by default
05-27 14:26:05.758 D/NearFieldUtils( 4131): to get wlan0 ip address
05-27 14:26:05.758 D/NearFieldUtils( 4131): get wlan0 IP succeed.
05-27 14:26:05.758 I/NearFieldManagerImpl( 4131): wlan Connected
05-27 14:26:05.758 I/HicomNf_java_to_c( 4131): notifyNetworkStateChanged with maskStr, networkType: 0, networkState: 0, mask:
05-27 14:26:05.758 I/HicomNfMainCtrlManager( 4131): NotifyNetworkStateChanged is called with networkState: 0
05-27 14:26:05.758 I/HicomNfMainCtrlManager( 4131): P2P and USB are both disconnected
05-27 14:26:05.758 I/HicomNfSecureManager( 4131): stop listening
05-27 14:26:05.758 I/HicomNfSecureManager( 4131): StopListening, m_sessionInfoLock out, before calling NSTACKX_DMsgClose 2
05-27 14:26:05.758 I/HicomNfSecureManager( 4131): StopListening, after calling NSTACKX_DMsgClose 2
05-27 14:26:05.762 I/HicomNf_java_to_c( 4131): notifyNetworkStateChanged with maskStr, networkType: 0, networkState: 1, mask: 255.255.254.0
05-27 14:26:05.762 I/HicomNfMainCtrlManager( 4131): NotifyNetworkStateChanged is called with networkState: 1
05-27 14:26:05.762 I/HicomNfSecureManager( 4131): StartListening, before calling NSTACKX_DMsgServer
05-27 14:26:05.762 I/nStackXDMsg( 4131): NSTACKX_DMsgServer:[1335] :msgReceiver is not NULL
05-27 14:26:05.762 D/nStackXDMsg( 4131): StartDMsgMainThread:[1274] :pthread_create
05-27 14:26:05.763 I/HicomNfSecureManager( 4131): StartListening, after calling NSTACKX_DMsgServer
05-27 14:26:05.763 I/HicomNfSecureManager( 4131): OnehopSecureCtrlManager: succeeded to StartListening with type 0
05-27 14:26:05.764 W/efs.info.manager( 4131): network change: wifi
05-27 14:26:05.969 I/android.hardware.bluetooth@1.0-impl( 501): [HandleIncomingEvent-549]: rec adv direct packet
05-27 14:26:06.078 E/raop ( 4019): JavaCallback init
05-27 14:26:06.578 D/TrafficStats( 4019): tagSocket(171) with statsTag=0xffffffff, statsUid=-1
05-27 14:26:06.667 D/ActivityManager( 704): freezing 2156 com.android.permissioncontroller
05-27 14:26:06.921 I/TvUniPlayer/UniPlayer@52ede0f( 3391): in handleMessage event:10000
05-27 14:26:06.930 I/PlayThreadMonitor( 3391): in playerthread monitor handler
05-27 14:26:06.931 I/PlayThreadMonitor( 3391): in monitor runnable
05-27 14:26:06.937 I/efs.base( 3927): lt=event`ev_ct=efs_core`ev_ac=log_lag`tm=2025-05-27 14:26:93`dn=61bcfc34-ee82-4dfe-8d74-54c93ee6dac2`ps=com.dangbei.screencast:bg_guard`um_os=android`stime=1748327156781`pid=3927`fr=android`pkg=com.dangbei.screencast`vcode=20830`dsp_w=1920`uid=61bcfc34-ee82-4dfe-8d74-54c93ee6dac2`rom=14`wid=61bcfc34-ee82-4dfe-8d74-54c93ee6dac2`um_app_carrier=`um_access=wifi`um_app_channel=os`um_crash_sdk_version=1.4.0`ctime=1748327166`model=dbbox-a3`lang=zh`net=wifi`brand=amlogic`dsp_h=1080`um_network_type=0`ver=v2.8.3`cnt=1`build_model=DBBOX-A3`w_tm=1748327166`appid=5fc60c21094d637f3130af19`um_umid_header=ai8abf6ff8348a63facaba9966fe6090ac`sdk=34`tzone=Asia/Shanghai`sdk_ver=1.3.6.umeng
05-27 14:26:06.955 D/TrafficStats( 3927): tagSocket(154) with statsTag=0xffffffff, statsUid=-1
05-27 14:26:06.967 E/GuardService( 3927): killMyselfRunnable:
05-27 14:26:06.967 I/crashsdk( 3927): android_os_Process_sendSignal. PID: 3927 SIG: 9
05-27 14:26:06.968 I/crashsdk( 3927): onKillProcess. SIG: 9
05-27 14:26:06.970 I/crashsdk( 3927): Kill PID: 3927 (com.dangbei.screencast:bg_guard) by pid: 3927 (com.dangbei.screencast:bg_guard) tid: 3927 (main)
05-27 14:26:06.970 I/crashsdk( 3927): SIG: 9, fg: false, exiting: false, main process: false, time: 20250527142606
05-27 14:26:06.970 I/crashsdk( 3927): State in disk: 'b'
05-27 14:26:06.970 I/crashsdk( 3927): at android.os.Process.sendSignal(Native Method)
05-27 14:26:06.970 I/crashsdk( 3927): at android.os.Process.killProcess(Process.java:1315)
05-27 14:26:06.970 I/crashsdk( 3927): at com.dangbei.screencast.startup.GuardService$a.run(:2)
05-27 14:26:06.970 I/crashsdk( 3927): at android.os.Handler.handleCallback(Handler.java:958)
05-27 14:26:06.970 I/crashsdk( 3927): at android.os.Handler.dispatchMessage(Handler.java:99)
05-27 14:26:06.970 I/crashsdk( 3927): at android.os.Looper.loopOnce(Looper.java:205)
05-27 14:26:06.970 I/crashsdk( 3927): at android.os.Looper.loop(Looper.java:294)
05-27 14:26:06.970 I/crashsdk( 3927): at android.app.ActivityThread.main(ActivityThread.java:8255)
05-27 14:26:06.970 I/crashsdk( 3927): at java.lang.reflect.Method.invoke(Native Method)
05-27 14:26:06.970 I/crashsdk( 3927): at com.android.internal.os.RuntimeInit$MethodAndArgsCaller.run(RuntimeInit.java:552)
05-27 14:26:06.970 I/crashsdk( 3927): at com.android.internal.os.ZygoteInit.main(ZygoteInit.java:978)
05-27 14:26:06.971 I/Process ( 3927): Sending signal. PID: 3927 SIG: 9
05-27 14:26:07.008 W/efs.send_log( 4019): tryFileLock sendlock sucess! processname: com.dangbei.screencast
05-27 14:26:07.010 I/ActivityManager( 704): Process com.dangbei.screencast:bg_guard (pid 3927) has died: prcp FGS
05-27 14:26:07.010 I/Zygote ( 479): Process 3927 exited due to signal 9 (Killed)
05-27 14:26:07.010 I/libprocessgroup( 704): Successfully killed process cgroup uid 10043 pid 3927 in 0ms
05-27 14:26:07.011 W/ForegroundServiceTypeLoggerModule( 704): FGS stop call for: 10043 has no types!
05-27 14:26:07.014 W/ProcessStats( 704): Tracking association SourceState{fa0a80 com.ktcp.video:daemon/10088 Fgs #662} whose proc state 3 is better than process ProcessState{10347f9 com.ktcp.video/10088 pkg=com.ktcp.video} proc state 10 (5 skipped)
05-27 14:26:07.025 D/UtilLog ( 2509): 日志批量上报 进行正常循环 !!!!!!本次有0次请求,共0条数据
05-27 14:26:07.776 I/android.hardware.bluetooth@1.0-impl( 501): [HandleIncomingEvent-549]: rec adv direct packet
05-27 14:26:08.009 D/TrafficStats( 4019): tagSocket(175) with statsTag=0xffffffff, statsUid=-1
05-27 14:26:08.260 D/TrafficStats( 4131): tagSocket(158) with statsTag=0xffffffff, statsUid=-1
05-27 14:26:08.316 I/WifiHAL ( 519): call wifi_get_link_stats handler
05-27 14:26:08.317 I/WifiHAL ( 519): Creating message to get link statistics; iface = 19
05-27 14:26:08.317 D/WifiHAL ( 519): error code -95 mapped to -3
05-27 14:26:08.317 E/WifiStaIfaceAidlImpl( 704): getLinkLayerStats failed with service-specific exception: android.os.ServiceSpecificException: (code 4)
05-27 14:26:08.587 D/TrafficStats( 4019): tagSocket(176) with statsTag=0xffffffff, statsUid=-1
05-27 14:26:08.598 W/System.err( 4019): java.lang.NullPointerException: Attempt to invoke virtual method 'byte[] java.net.NetworkInterface.getHardwareAddress()' on a null object reference
05-27 14:26:08.598 W/System.err( 4019): at b.f.f.y.g.b(Unknown Source:11)
05-27 14:26:08.598 W/System.err( 4019): at b.d.a.a.p.c0(Unknown Source:2)
05-27 14:26:08.598 W/System.err( 4019): at b.f.f.o.f.c.a(Unknown Source:23)
05-27 14:26:08.598 W/System.err( 4019): at b.f.f.d.b.c(:5)
05-27 14:26:08.598 W/System.err( 4019): at b.f.f.n.d$a.handleMessage(:3)
05-27 14:26:08.598 W/System.err( 4019): at android.os.Handler.dispatchMessage(Handler.java:106)
05-27 14:26:08.598 W/System.err( 4019): at android.os.Looper.loopOnce(Looper.java:205)
05-27 14:26:08.598 W/System.err( 4019): at android.os.Looper.loop(Looper.java:294)
05-27 14:26:08.598 W/System.err( 4019): at android.os.HandlerThread.run(HandlerThread.java:67)
05-27 14:26:08.609 I/PlatformDependent( 4019): Your platform does not provide complete low-level API for accessing direct buffers reliably. Unless explicitly requested, heap buffer will always be preferred to avoid potential system instability.
05-27 14:26:08.620 W/AudioCapabilities( 4019): Unsupported mime audio/vnd.dts.hd;profile=lbr
05-27 14:26:08.620 W/AudioCapabilities( 4019): Unsupported mime audio/ffmpeg
05-27 14:26:08.620 W/AudioCapabilities( 4019): Unsupported mime audio/mpeg-L1
05-27 14:26:08.620 W/AudioCapabilities( 4019): Unsupported mime audio/mpeg-L2
05-27 14:26:08.623 W/VideoCapabilities( 4019): Unsupported mime video/avs
05-27 14:26:08.623 W/VideoCapabilities( 4019): Unsupported mime video/avs2
05-27 14:26:08.625 W/VideoCapabilities( 4019): Unsupported mime video/x-motion-jpeg
05-27 14:26:08.625 D/TrafficStats( 4019): tagSocket(218) with statsTag=0xffffffff, statsUid=-1
05-27 14:26:08.625 W/VideoCapabilities( 4019): Unrecognized profile/level 0/4 for video/mpeg2
05-27 14:26:08.625 I/VideoCapabilities( 4019): Unsupported profile 3 for video/mpeg2
05-27 14:26:08.625 I/VideoCapabilities( 4019): Unsupported profile 4 for video/mpeg2
05-27 14:26:08.625 I/VideoCapabilities( 4019): Unsupported profile 5 for video/mpeg2
05-27 14:26:08.629 W/VideoCapabilities( 4019): Unrecognized profile/level 0/4 for video/mpeg2
05-27 14:26:08.629 I/VideoCapabilities( 4019): Unsupported profile 3 for video/mpeg2
05-27 14:26:08.629 I/VideoCapabilities( 4019): Unsupported profile 4 for video/mpeg2
05-27 14:26:08.629 I/VideoCapabilities( 4019): Unsupported profile 5 for video/mpeg2
05-27 14:26:08.629 I/VideoCapabilities( 4019): Unsupported profile 2 for video/mp4v-es
05-27 14:26:08.629 I/VideoCapabilities( 4019): Unsupported profile 8 for video/mp4v-es
05-27 14:26:08.629 I/VideoCapabilities( 4019): Unsupported profile 16 for video/mp4v-es
05-27 14:26:08.629 I/VideoCapabilities( 4019): Unsupported profile 1024 for video/mp4v-es
05-27 14:26:08.629 W/VideoCapabilities( 4019): Unsupported mime video/rm10
05-27 14:26:08.630 W/VideoCapabilities( 4019): Unsupported mime video/rm20
05-27 14:26:08.630 W/VideoCapabilities( 4019): Unsupported mime video/rm30
05-27 14:26:08.630 W/VideoCapabilities( 4019): Unsupported mime video/rm40
05-27 14:26:08.631 W/VideoCapabilities( 4019): Unsupported mime video/vc1
05-27 14:26:08.631 W/VideoCapabilities( 4019): Unsupported mime video/vc1
05-27 14:26:08.631 W/VideoCapabilities( 4019): Unsupported mime video/x-vnd.on2.vp6a
05-27 14:26:08.631 W/VideoCapabilities( 4019): Unsupported mime video/x-vnd.on2.vp6f
05-27 14:26:08.632 W/VideoCapabilities( 4019): Unsupported mime video/wmv1
05-27 14:26:08.632 W/VideoCapabilities( 4019): Unsupported mime video/wmv2
05-27 14:26:08.633 W/VideoCapabilities( 4019): Unsupported mime video/wmv3
05-27 14:26:08.630 I/Thread-17( 4019): type=1400 audit(0.0:2192): avc: denied { read } for name="somaxconn" dev="proc" ino=36795 scontext=u:r:untrusted_app_27:s0:c43,c256,c512,c768 tcontext=u:object_r:proc_net:s0 tclass=file permissive=1 app=com.dangbei.screencast
05-27 14:26:08.630 I/Thread-17( 4019): type=1400 audit(0.0:2193): avc: denied { open } for path="/proc/sys/net/core/somaxconn" dev="proc" ino=36795 scontext=u:r:untrusted_app_27:s0:c43,c256,c512,c768 tcontext=u:object_r:proc_net:s0 tclass=file permissive=1 app=com.dangbei.screencast
05-27 14:26:08.630 I/Thread-17( 4019): type=1400 audit(0.0:2194): avc: denied { getattr } for path="/proc/sys/net/core/somaxconn" dev="proc" ino=36795 scontext=u:r:untrusted_app_27:s0:c43,c256,c512,c768 tcontext=u:object_r:proc_net:s0 tclass=file permissive=1 app=com.dangbei.screencast
05-27 14:26:08.641 I/serviceDiscovery( 704): [MdnsAdvertiser] Adding service name: 当贝投屏I2, type: _airplay._tcp, hostAddresses: , port: 42843, network: null, txtRecord: srcvers=220.68features=0x527FFFF7,0x1E'pi=2e388006-13ba-4041-9a67-25dd4a43d536Cpk=b07727d6f6cd6e08b58ede525ec3cdeaa252ad9f683feb212ef8a205246554e7vv=2 flags=0x4model=AppleTV2,1deviceid=1c:79:2d:20:62:97 with ID 9 and subtype null
05-27 14:26:08.652 I/serviceDiscovery( 704): [MdnsAdvertiser] Adding service name: 1c792d206297@当贝投屏I2, type: _raop._tcp, hostAddresses: , port: 44415, network: null, txtRecord: txtvers=1 am=AppleTV2,1ch=2
05-27 14:26:08.652 I/serviceDiscovery( 704): cn=0,1,2,3da=trueet=0,3,5ft=0x527FFFF7,0x1Emd=0,1,2Cpk=b07727d6f6cd6e08b58ede525ec3cdeaa252ad9f683feb212ef8a205246554e7pw=falsesf=0x4sr=44100ss=16sv=falsetp=UDPvn=65537 vs=220.68vv=2 rhd=5.6.0.0 with ID 10 and subtype null
05-27 14:26:08.922 I/TvUniPlayer/UniPlayer@52ede0f( 3391): in handleMessage event:10000
05-27 14:26:08.994 D/uninstall( 3076): isAllowStart last_delay 0, current_time 1748327168
05-27 14:26:08.994 I/uninstall( 3076): enable_service com.ktcp.video/com.tencent.qqlivetv.keeplive.proc.DaemonService com.ktcp.video/(null)
05-27 14:26:08.995 D/uninstall( 3076): enable_service waitpid
05-27 14:26:08.995 D/uninstall( 4211): enable_service pid == 0
05-27 14:26:08.995 D/uninstall( 4211): enable_service version >= 17 || version == 0 version == 34
05-27 14:26:09.049 I/uninstall( 3076): watchdaemon process_name = com.ktcp.video:daemon has gone, start it
05-27 14:26:09.050 D/uninstall( 3076): watchdaemon waitpid
05-27 14:26:09.050 D/uninstall( 4215): watchdaemon pid == 0
05-27 14:26:09.050 D/uninstall( 4215): watchdaemon version >= 17 || version == 0 version == 34
05-27 14:26:09.094 W/System.err( 4019): java.lang.NullPointerException: Attempt to invoke virtual method 'byte[] java.net.NetworkInterface.getHardwareAddress()' on a null object reference
05-27 14:26:09.094 W/System.err( 4019): at b.f.f.y.g.b(Unknown Source:11)
05-27 14:26:09.094 W/System.err( 4019): at b.d.a.a.p.c0(Unknown Source:2)
05-27 14:26:09.094 W/System.err( 4019): at b.f.f.o.f.c.a(Unknown Source:23)
05-27 14:26:09.094 W/System.err( 4019): at b.f.f.t.d.c(:1)
05-27 14:26:09.094 W/System.err( 4019): at b.f.f.n.d$a.handleMessage(:3)
05-27 14:26:09.094 W/System.err( 4019): at android.os.Handler.dispatchMessage(Handler.java:106)
05-27 14:26:09.094 W/System.err( 4019): at android.os.Looper.loopOnce(Looper.java:205)
05-27 14:26:09.094 W/System.err( 4019): at android.os.Looper.loop(Looper.java:294)
05-27 14:26:09.094 W/System.err( 4019): at android.os.HandlerThread.run(HandlerThread.java:67)
05-27 14:26:09.104 I/serviceDiscovery( 704): [MdnsAdvertiser] Adding service name: 当贝投屏I2, type: _db_cast_screen._tcp, hostAddresses: , port: 33553, network: null, txtRecord: au=1cV=20830mV=100h265=0maxR=4096-4096model=DBBOX-A3deviceid=1c:79:2d:20:62:97 with ID 11 and subtype null
05-27 14:26:09.104 E/MdnsAdvertiser( 704): Name conflict adding services that should have unique names
05-27 14:26:09.104 E/MdnsAdvertiser( 704): android.net.connectivity.com.android.server.connectivity.mdns.NameConflictException
05-27 14:26:09.104 E/MdnsAdvertiser( 704): at android.net.connectivity.com.android.server.connectivity.mdns.MdnsRecordRepository.addService(MdnsRecordRepository.java:314)
05-27 14:26:09.104 E/MdnsAdvertiser( 704): at android.net.connectivity.com.android.server.connectivity.mdns.MdnsInterfaceAdvertiser.addService(MdnsInterfaceAdvertiser.java:217)
05-27 14:26:09.104 E/MdnsAdvertiser( 704): at android.net.connectivity.com.android.server.connectivity.mdns.MdnsAdvertiser$InterfaceAdvertiserRequest.addService(MdnsAdvertiser.java:273)
05-27 14:26:09.104 E/MdnsAdvertiser( 704): at android.net.connectivity.com.android.server.connectivity.mdns.MdnsAdvertiser.addService(MdnsAdvertiser.java:488)
05-27 14:26:09.104 E/MdnsAdvertiser( 704): at android.net.connectivity.com.android.server.NsdService$NsdStateMachine$EnabledState.processMessage(NsdService.java:730)
05-27 14:26:09.104 E/MdnsAdvertiser( 704): at android.net.connectivity.com.android.internal.util.StateMachine$SmHandler.processMsg(StateMachine.java:993)
05-27 14:26:09.104 E/MdnsAdvertiser( 704): at android.net.connectivity.com.android.internal.util.StateMachine$SmHandler.handleMessage(StateMachine.java:810)
05-27 14:26:09.104 E/MdnsAdvertiser( 704): at android.os.Handler.dispatchMessage(Handler.java:106)
05-27 14:26:09.104 E/MdnsAdvertiser( 704): at android.os.Looper.loopOnce(Looper.java:205)
05-27 14:26:09.104 E/MdnsAdvertiser( 704): at android.os.Looper.loop(Looper.java:294)
05-27 14:26:09.104 E/MdnsAdvertiser( 704): at android.os.HandlerThread.run(HandlerThread.java:67)
05-27 14:26:09.481 I/serviceDiscovery( 704): [MdnsAdvertiser.wlan0] Probing finished for service 10
05-27 14:26:09.544 I/serviceDiscovery( 704): [MdnsAdvertiser.wlan0] Probing finished for service 9
05-27 14:26:09.591 E/accept ( 4019): myIp:192.168.3.33
05-27 14:26:09.592 D/TrafficStats( 4019): tagSocket(174) with statsTag=0xffffffff, statsUid=-1
05-27 14:26:09.594 E/accept ( 4019): connect error
05-27 14:26:09.600 I/UpnpServiceImpl( 4019): >>> Starting UPnP service...
05-27 14:26:09.600 I/UpnpServiceImpl( 4019): Using configuration: org.fourthline.cling.android.AndroidUpnpServiceConfiguration
05-27 14:26:09.603 I/Router ( 4019): Creating Router: org.fourthline.cling.android.AndroidRouter
05-27 14:26:09.604 W/Router ( 4019): enable lock:org.fourthline.cling.android.AndroidRouter@4329478_java.util.concurrent.locks.ReentrantReadWriteLock$WriteLock@f95f751[Unlocked]
05-27 14:26:09.611 W/tworkAddressFactoryImpl( 4019): Network interface may not be multicast capable: dummy0
05-27 14:26:09.615 I/MulticastReceiver( 4019): Creating wildcard socket (for receiving multicast datagrams) on port: 1900
05-27 14:26:09.615 D/TrafficStats( 4019): tagSocket(174) with statsTag=0xffffffff, statsUid=-1
05-27 14:26:09.615 I/MulticastReceiver( 4019): Joining multicast group: /239.255.255.250:1900 on network interface: wlan0
05-27 14:26:09.630 E/accept ( 4019): Adding connector try: 192.168.3.33/192.168.3.33:37267
05-27 14:26:09.632 D/TrafficStats( 4019): tagSocket(220) with statsTag=0xffffffff, statsUid=-1
05-27 14:26:09.632 E/accept ( 4019): Adding connector result: 192.168.3.33/192.168.3.33:37267
05-27 14:26:09.697 I/JettyServletContainer( 4019): Registering UPnP servlet under context path: /upnp
05-27 14:26:09.700 I/DatagramIO( 4019): Creating bound socket (for datagram input/output) on: 192.168.3.33/192.168.3.33
05-27 14:26:09.701 D/TrafficStats( 4019): tagSocket(221) with statsTag=0xffffffff, statsUid=-1
05-27 14:26:09.702 E/JettyServletContainer( 4019): gogogo
05-27 14:26:09.702 I/JettyServletContainer( 4019): Starting Jetty server...
05-27 14:26:09.702 W/System.err( 4019): 2025-05-27 14:26:09.702:INFO:lcaf.p:jetty-8.y.z-SNAPSHOT
05-27 14:26:09.705 I/Router ( 4019): WiFi multicast lock acquired
05-27 14:26:09.705 I/WifiService( 704): acquireMulticastLock uid=10043
05-27 14:26:09.707 I/Router ( 4019): WiFi lock acquired
05-27 14:26:09.708 I/WifiService( 704): acquireWifiLock uid=10043 lockMode=3
05-27 14:26:09.708 D/IpClient.wlan0( 1112): set max DTIM multiplier to 1
05-27 14:26:09.709 I/WifiHAL ( 519): wifi_set_latency_mode set to 1
05-27 14:26:09.719 D/WifiHAL ( 519): Setting APF program, halHandle = 0xee802710
05-27 14:26:09.719 W/Router ( 4019): enable unlock:org.fourthline.cling.android.AndroidRouter@4329478
05-27 14:26:09.719 I/WifiHAL ( 519): createRequest: APF set program request
05-27 14:26:09.719 D/WifiHAL ( 519): error code -95 mapped to -3
05-27 14:26:09.719 I/WifiHAL ( 519): Request Response failed for APF, result = -3
05-27 14:26:09.719 E/WifiStaIfaceAidlImpl( 704): installApfPacketFilter failed with service-specific exception: android.os.ServiceSpecificException: (code 4)
05-27 14:26:09.719 I/UpnpServiceImpl( 4019): <<< UPnP service started successfully
05-27 14:26:09.720 D/WifiHAL ( 519): Setting DTIM config , halHandle = 0xee802710 Multiplier = 1
05-27 14:26:09.720 I/WifiHAL ( 519): Successfully configured dtim multiplier 1
05-27 14:26:09.720 D/WifiHAL ( 519): error code -95 mapped to -3
05-27 14:26:09.720 E/WifiStaIfaceAidlImpl( 704): setDtimMultiplier failed with service-specific exception: android.os.ServiceSpecificException: (code 4)
05-27 14:26:09.736 W/System.err( 4019): 2025-05-27 14:26:09.736:INFO:lcaf.a:Started @192.168.3.33:37267
05-27 14:26:09.782 E/g ( 4019): channel :os
05-27 14:26:09.931 I/PlayThreadMonitor( 3391): in playerthread monitor handler
05-27 14:26:09.932 I/PlayThreadMonitor( 3391): in monitor runnable
05-27 14:26:10.008 I/gbei.screencast( 4019): Background concurrent copying GC freed 234667(12MB) AllocSpace objects, 81(3264KB) LOS objects, 49% free, 6293KB/12MB, paused 157us,61us total 128.373ms
05-27 14:26:10.041 I/efs.base( 4019): lt=event`ev_ct=efs_core`ev_ac=log_lag`tm=2025-05-27 14:26:04`dn=61bcfc34-ee82-4dfe-8d74-54c93ee6dac2`ps=com.dangbei.screencast`um_os=android`stime=1748327159852`pid=4019`fr=android`pkg=com.dangbei.screencast`vcode=20830`dsp_w=1920`uid=61bcfc34-ee82-4dfe-8d74-54c93ee6dac2`rom=14`wid=61bcfc34-ee82-4dfe-8d74-54c93ee6dac2`um_app_carrier=`um_access=wifi`um_app_channel=os`um_crash_sdk_version=1.4.0`ctime=1748327170`model=dbbox-a3`lang=zh`net=wifi`brand=amlogic`dsp_h=1080`um_network_type=0`ver=v2.8.3`cnt=1`build_model=DBBOX-A3`w_tm=1748327170`appid=5fc60c21094d637f3130af19`um_umid_header=ai8abf6ff8348a63facaba9966fe6090ac`sdk=34`tzone=Asia/Shanghai`sdk_ver=1.3.6.umeng
05-27 14:26:10.045 D/TrafficStats( 4019): tagSocket(5) with statsTag=0xffffffff, statsUid=-1
05-27 14:26:10.315 W/TelephonyPermissions( 704): reportAccessDeniedToReadIdentifiers:com.dangbei.screencast:getSerial:-1
05-27 14:26:10.365 V/NFC ( 4131): this device does not have NFC support
05-27 14:26:10.398 I/efs.base( 4019): wa upload succ, HttpResponse {succ=true, code=200, data='暂不支持该服务', extra={req_url=https://errlog.umeng.com/api/crashsdk/logcollect}}
05-27 14:26:10.434 I/ip ( 4235): type=1400 audit(0.0:2195): avc: denied { nlmsg_readpriv } for scontext=u:r:untrusted_app_27:s0:c43,c256,c512,c768 tcontext=u:r:untrusted_app_27:s0:c43,c256,c512,c768 tclass=netlink_route_socket permissive=1 app=com.dangbei.screencast
05-27 14:26:10.434 W/ip ( 4235): type=1400 audit(0.0:2196): avc: granted { nlmsg_getneigh } for scontext=u:r:untrusted_app_27:s0:c43,c256,c512,c768 tcontext=u:r:untrusted_app_27:s0:c43,c256,c512,c768 tclass=netlink_route_socket app=com.dangbei.screencast
05-27 14:26:10.885 D/TrafficStats( 4131): tagSocket(162) with statsTag=0xffffffff, statsUid=-1
05-27 14:26:10.922 I/TvUniPlayer/UniPlayer@52ede0f( 3391): in handleMessage event:10000
05-27 14:26:11.323 I/WifiHAL ( 519): call wifi_get_link_stats handler
05-27 14:26:11.323 I/WifiHAL ( 519): Creating message to get link statistics; iface = 19
05-27 14:26:11.323 D/WifiHAL ( 519): error code -95 mapped to -3
05-27 14:26:11.323 E/WifiStaIfaceAidlImpl( 704): getLinkLayerStats failed with service-specific exception: android.os.ServiceSpecificException: (code 4)
05-27 14:26:11.594 I/cling--ap-1( 4019): type=1400 audit(0.0:2197): avc: denied { search } for name="net" dev="sysfs" ino=12344 scontext=u:r:untrusted_app_27:s0:c43,c256,c512,c768 tcontext=u:object_r:sysfs_net:s0 tclass=dir permissive=1 app=com.dangbei.screencast
05-27 14:26:11.826 I/HCDN_DownloadEn( 3391): type=1400 audit(0.0:2198): avc: denied { open } for path="/proc/stat" dev="proc" ino=4026532003 scontext=u:r:untrusted_app_29:s0:c89,c256,c512,c768 tcontext=u:object_r:proc_stat:s0 tclass=file permissive=1 app=com.dangbei.hqmedia
05-27 14:26:11.826 I/HCDN_DownloadEn( 3391): type=1400 audit(0.0:2199): avc: denied { getattr } for path="/proc/stat" dev="proc" ino=4026532003 scontext=u:r:untrusted_app_29:s0:c89,c256,c512,c768 tcontext=u:object_r:proc_stat:s0 tclass=file permissive=1 app=com.dangbei.hqmedia
05-27 14:26:12.810 E/stat_handler( 3391): HCDN_LOG: [T:3633][HINFO]:[f:AddPost],[l:245] return, policy not post: stat_handler_start
05-27 14:26:12.819 E/p2pfile ( 3391): HCDN_LOG: [T:3612][HINFO]:[f:GetParam],[l:4289],[Task(0), key=storage_mem_size]
05-27 14:26:12.819 E/p2pfile ( 3391): HCDN_LOG: [T:3612][HINFO]:[f:GetParam],[l:4289],[Task(0), key=p2p_mem_size]
05-27 14:26:12.819 E/localserver( 3391): HCDN_LOG: [T:3612][func:MonitorMem],[line:73],[Memstatistics],[bRet:1],[bNextRet:1],[pParamStorageBuffer:0],[pParamP2PBuffer:0]
05-27 14:26:12.922 I/TvUniPlayer/UniPlayer@52ede0f( 3391): in handleMessage event:10000
05-27 14:26:12.933 I/PlayThreadMonitor( 3391): in playerthread monitor handler
05-27 14:26:12.933 I/PlayThreadMonitor( 3391): in monitor runnable
05-27 14:26:12.945 D/TrafficStats( 4019): tagSocket(5) with statsTag=0xffffffff, statsUid=-1
05-27 14:26:12.954 D/TrafficStats( 4019): tagSocket(224) with statsTag=0xffffffff, statsUid=-1
05-27 14:26:12.956 D/TrafficStats( 4019): tagSocket(225) with statsTag=0xffffffff, statsUid=-1
05-27 14:26:12.957 D/TrafficStats( 4019): tagSocket(226) with statsTag=0xffffffff, statsUid=-1
05-27 14:26:13.187 I/android.hardware.bluetooth@1.0-impl( 501): [HandleIncomingEvent-549]: rec adv direct packet
05-27 14:26:13.236 D/TrafficStats( 4019): tagSocket(227) with statsTag=0xffffffff, statsUid=-1
05-27 14:26:13.243 D/TrafficStats( 4019): tagSocket(228) with statsTag=0xffffffff, statsUid=-1
05-27 14:26:13.244 D/TrafficStats( 4019): tagSocket(229) with statsTag=0xffffffff, statsUid=-1
05-27 14:26:13.246 D/TrafficStats( 4019): tagSocket(230) with statsTag=0xffffffff, statsUid=-1
05-27 14:26:13.332 D/TrafficStats( 4019): tagSocket(231) with statsTag=0xffffffff, statsUid=-1
05-27 14:26:13.333 D/TrafficStats( 4019): tagSocket(232) with statsTag=0xffffffff, statsUid=-1
05-27 14:26:13.335 D/TrafficStats( 4019): tagSocket(233) with statsTag=0xffffffff, statsUid=-1
05-27 14:26:13.336 D/TrafficStats( 4019): tagSocket(234) with statsTag=0xffffffff, statsUid=-1
05-27 14:26:13.336 W/ServiceDescriptorBinder( 4019): UPnP specification violation: Not producing element to be compatible with WMP12: (ActionArgument, OUT) Actions
05-27 14:26:13.342 D/TrafficStats( 4019): tagSocket(235) with statsTag=0xffffffff, statsUid=-1
05-27 14:26:13.362 D/TrafficStats( 4019): tagSocket(236) with statsTag=0xffffffff, statsUid=-1
05-27 14:26:13.363 D/TrafficStats( 4019): tagSocket(237) with statsTag=0xffffffff, statsUid=-1
05-27 14:26:13.364 D/TrafficStats( 4019): tagSocket(238) with statsTag=0xffffffff, statsUid=-1
05-27 14:26:13.368 D/TrafficStats( 4019): tagSocket(239) with statsTag=0xffffffff, statsUid=-1
05-27 14:26:13.371 D/TrafficStats( 4019): tagSocket(240) with statsTag=0xffffffff, statsUid=-1
05-27 14:26:13.379 D/TrafficStats( 4019): tagSocket(241) with statsTag=0xffffffff, statsUid=-1
05-27 14:26:13.506 I/CLog ( 3391): 2025-05-27 14:26:13.506 T:3680 INFO: RM_AE::1,HEARTBEAT, sink_delay:0.0000, spatial_delay:0.0000, iqae:0,0,0,0,0,0
05-27 14:26:13.611 I/UNIPLAYERSDK( 3391): MediaPlayerAdaptor.cpp:297 [PumaPlayerAdaptor@0xe45213e4]doHandleMessage(KMSG_INNERACTION_PB_DOWNLOADSPEED, arg1:-111, arg2:-111)
05-27 14:26:13.611 I/UNIPLAYERSDK( 3391): PumaPlayer.cpp:966 [PumaPlayer@0xab1e295c]InvokeMctoPlayerCommand(), command = 29, command_params = {}, buffer = 0xb8b26d7c
05-27 14:26:13.611 I/UNIPLAYERSDK( 3391): PumaPlayer.cpp:396 getRealtimeSpeed(), get kMctoPlayerCmd_GetSpeed averageSpeed = 2491392 B/s
05-27 14:26:13.611 I/UNIPLAYERSDK( 3391): PumaPlayer.cpp:400 getRealtimeSpeed(), get kMctoPlayerCmd_GetSpeed realTimeSpeed = 0 B/s
05-27 14:26:13.611 I/UNIPLAYERSDK( 3391): PumaPlayerAdaptor.cpp:797 [PumaPlayerAdaptor@0xe45213e4]KMSG_INNERACTION_PB_DOWNLOADSPEED speed= 19464
05-27 14:26:13.611 D/UNIPLAYERSDK( 3391): BaseState.cpp:42 [PumaPlayerAdaptor@0xe45213e4@0xb1bfe668]{fm(KMSG_INNERACTION_PB_DOWNLOADSPEED),ret(0),at(1,6500,6501),s(12,-2,-2,-2,12),fm=Message@0xe46f7290{what=2097226,when=106498,arg1=-1111111111,arg2=-1111111111,arg3=-1111111111,str=,timeout=0,obj=0x0,runnable=0x0,target=0xe4521300,watchDogOp=0x0}
05-27 14:26:13.611 D/UNIPLAYERSDK( 3391): BaseState.cpp:56 [PumaPlayerAdaptor@0xe45213e4@0xb1bfe668]{fm(KMSG_INNERACTION_PB_DOWNLOADSPEED),o(AudioPrevi)-t(0,6500,6500),o(BitstreamS)-t(0,6501,6501),o(CarouselPr)-t(0,6501,6501),o(FastHelper)-t(0,6500,6500),o(HeaderTail)-t(0,6500,6500),o(HighLights)-t(0,6500,6500),o(InteractPr)-t(0,6501,6501),o(LivePrevie)-t(0,6501,6501),o(MediaPlaye)-t(0,6501,6501),o(MovieVVInf)-t(0,6501,6501),o(PPrecacher)-t(0,6501,6501),o(PlayerStuc)-t(0,6501,6501),o(PumaAbsCmd)-t(0,6501,6501),o(PumaAdvert)-t(1,6500,6501),o(PumaBuffer)-t(0,6501,6501),o(PumaError@)-t(0,6501,6501),o(PumaMediaD)-t(0,6500,6500),o(PumaPlayer)-t(0,6501,6501),o(PumaRate@0)-t(0,6501,6501),o(PumaSegmen)-t(0,6501,6501),o(PumaSubtit)-t(0,6501,6501),o(RefreshAcc)-t(0,6500,6500),o(RefreshSer)-t(0,6500,6500),o(SceneKeepe)-t(0,6500,6500),o(SetRate@0x)-t(0,6501,6501),o(SwitchEpis)-t(0,6501,6501),o(VideoPlayC)-t(0,6500,6500)}
05-27 14:26:13.731 D/TrafficStats( 4019): tagSocket(242) with statsTag=0xffffffff, statsUid=-1
05-27 14:26:13.829 E/multisource( 3391): HCDN_LOG: [T:3634][HINFO]:[f:UpdateMaxSpeed],[l:465], TOTAL => play speed:1796[len:4115772, tm:2291], offline speed:0[len:0, tm:0], predeploy speed:0[len:0, tm:0], m_maxDownloadSpeed:1796
05-27 14:26:14.272 W/ServiceDescriptorBinder( 4019): UPnP specification violation: Not producing element to be compatible with WMP12: (ActionArgument, OUT) CurrentVolume
05-27 14:26:14.272 W/ServiceDescriptorBinder( 4019): UPnP specification violation: Not producing element to be compatible with WMP12: (ActionArgument, OUT) CurrentMute
05-27 14:26:14.272 W/ServiceDescriptorBinder( 4019): UPnP specification violation: Not producing element to be compatible with WMP12: (ActionArgument, OUT) CurrentPresetNameList
05-27 14:26:14.273 W/ServiceDescriptorBinder( 4019): UPnP specification violation: Not producing element to be compatible with WMP12: (ActionArgument, OUT) CurrentLoudness
05-27 14:26:14.273 W/ServiceDescriptorBinder( 4019): UPnP specification violation: Not producing element to be compatible with WMP12: (ActionArgument, OUT) CurrentVolume
05-27 14:26:14.330 I/WifiHAL ( 519): call wifi_get_link_stats handler
05-27 14:26:14.330 I/WifiHAL ( 519): Creating message to get link statistics; iface = 19
05-27 14:26:14.330 D/WifiHAL ( 519): error code -95 mapped to -3
05-27 14:26:14.330 E/WifiStaIfaceAidlImpl( 704): getLinkLayerStats failed with service-specific exception: android.os.ServiceSpecificException: (code 4)
05-27 14:26:14.926 I/TvUniPlayer/UniPlayer@52ede0f( 3391): in handleMessage event:10000
05-27 14:26:15.033 I/TDLog ( 2509): [APP] New data found, Submitting...
05-27 14:26:15.039 D/TrafficStats( 2509): tagSocket(109) with statsTag=0xffffffff, statsUid=-1
05-27 14:26:15.041 I/TDLog ( 2509): [APP] Failed to submit data!
05-27 14:26:15.107 I/crashsdk( 4019): crashsdk uploading logs
05-27 14:26:15.578 D/TrafficStats( 4019): tagSocket(5) with statsTag=0xffffffff, statsUid=-1
05-27 14:26:15.582 W/ServiceDescriptorBinder( 4019): UPnP specification violation: Not producing element to be compatible with WMP12: (ActionArgument, OUT) Actions
