05-27 14:24:48.532 I/LogicalDisplayMapper( 704): Requesting Transition to state: 0, from state=-1, interactive=true, mBootCompleted=true
05-27 14:24:48.533 I/LogicalDisplayMapper( 704): Applying layout: [{dispId: 0(ON), displayGroupName: , addr: {port=11, model=0x403674603f19a5}, mThermalBrightnessThrottlingMapId: null, mRefreshRateZoneId: null, mLeadDisplayId: -1, mLeadDisplayAddress: null, mThermalRefreshRateThrottlingMapId: null}], Previous layout: [{dispId: 0(ON), displayGroupName: , addr: {port=11, model=0x403674603f19a5}, mThermalBrightnessThrottlingMapId: null, mRefreshRateZoneId: null, mLeadDisplayId: -1, mLeadDisplayAddress: null, mThermalRefreshRateThrottlingMapId: null}]
05-27 14:24:48.533 D/ActivityManagerTiming( 704): OnBootPhase_1000_com.android.server.pm.verify.domain.DomainVerificationService
05-27 14:24:48.533 D/ActivityManagerTiming( 704): OnBootPhase_1000_com.android.server.pm.PackageInstallerService$Lifecycle
05-27 14:24:48.533 D/ActivityManagerTiming( 704): OnBootPhase_1000_com.android.server.pm.UserManagerService$LifeCycle
05-27 14:24:48.533 D/ActivityManagerTiming( 704): OnBootPhase_1000_com.android.server.om.OverlayManagerService
05-27 14:24:48.533 D/ActivityManagerTiming( 704): OnBootPhase_1000_com.android.server.resources.ResourcesManagerService
05-27 14:24:48.533 D/ActivityManagerTiming( 704): OnBootPhase_1000_com.android.server.sensorprivacy.SensorPrivacyService
05-27 14:24:48.533 D/ActivityManagerTiming( 704): OnBootPhase_1000_com.android.server.sensors.SensorService
05-27 14:24:48.533 D/ActivityManagerTiming( 704): OnBootPhase_1000_com.android.server.SystemConfigService
05-27 14:24:48.533 D/ActivityManagerTiming( 704): OnBootPhase_1000_com.android.server.BatteryService
05-27 14:24:48.533 D/ActivityManagerTiming( 704): OnBootPhase_1000_com.android.server.usage.UsageStatsService
05-27 14:24:48.534 D/ActivityManagerTiming( 704): OnBootPhase_1000_com.android.server.webkit.WebViewUpdateService
05-27 14:24:48.534 D/ActivityManagerTiming( 704): OnBootPhase_1000_com.android.server.CachedDeviceStateService
05-27 14:24:48.534 D/ActivityManagerTiming( 704): OnBootPhase_1000_com.android.server.BinderCallsStatsService$LifeCycle
05-27 14:24:48.534 D/HDMI ( 704): [R]: 04:8C
05-27 14:24:48.534 D/ActivityManagerTiming( 704): OnBootPhase_1000_com.android.server.LooperStatsService$Lifecycle
05-27 14:24:48.534 D/ActivityManagerTiming( 704): OnBootPhase_1000_com.android.server.rollback.RollbackManagerService
05-27 14:24:48.535 D/ActivityManagerTiming( 704): OnBootPhase_1000_com.android.server.os.NativeTombstoneManagerService
05-27 14:24:48.535 D/ActivityManagerTiming( 704): OnBootPhase_1000_com.android.server.os.BugreportManagerService
05-27 14:24:48.535 D/ActivityManagerTiming( 704): OnBootPhase_1000_com.android.server.gpu.GpuService
05-27 14:24:48.535 D/ActivityManagerTiming( 704): OnBootPhase_1000_com.android.server.security.rkp.RemoteProvisioningService
05-27 14:24:48.535 D/ActivityManagerTiming( 704): OnBootPhase_1000_com.android.server.security.KeyChainSystemService
05-27 14:24:48.535 D/ActivityManagerTiming( 704): OnBootPhase_1000_com.android.server.BinaryTransparencyService
05-27 14:24:48.535 I/TransparencyService( 704): Boot completed. Getting VBMeta Digest.
05-27 14:24:48.536 D/TransparencyService( 704): VBMeta Digest: deb24bed51f9d94fcb03c88bcae31a4aeff28974c87001dfe04844844902dbff
05-27 14:24:48.536 I/TransparencyService( 704): Boot completed. Collecting biometric system properties.
05-27 14:24:48.536 I/TransparencyService( 704): Scheduling measurements to be taken.
05-27 14:24:48.537 I/TransparencyService( 704): Scheduling binary content-digest computation job
05-27 14:24:48.538 D/CompatibilityChangeReporter( 704): Compat change id reported: 253665015; UID 1000; state: DISABLED
05-27 14:24:48.539 D/CompatibilityChangeReporter( 704): Compat change id reported: 253665015; UID 1000; state: ENABLED
05-27 14:24:48.540 D/CompatibilityChangeReporter( 704): Compat change id reported: 194532703; UID 1000; state: DISABLED
05-27 14:24:48.540 D/CompatibilityChangeReporter( 704): Compat change id reported: 194532703; UID 1000; state: ENABLED
05-27 14:24:48.542 D/RollbackManager( 704): mRollbackLifetimeDurationInMillis=1209600000
05-27 14:24:48.543 D/TransparencyService( 704): Job 1740526926 to measure binaries was scheduled successfully.
05-27 14:24:48.543 D/TransparencyService( 704): Registering APK & Non-Staged APEX updates...
05-27 14:24:48.543 D/TransparencyService( 704): Registering APEX updates...
05-27 14:24:48.544 D/ActivityManagerTiming( 704): OnBootPhase_1000_com.android.server.accounts.AccountManagerService$Lifecycle
05-27 14:24:48.544 D/ActivityManagerTiming( 704): OnBootPhase_1000_com.android.server.content.ContentService$Lifecycle
05-27 14:24:48.544 D/ActivityManagerTiming( 704): OnBootPhase_1000_com.android.server.deviceconfig.DeviceConfigInit$Lifecycle
05-27 14:24:48.544 D/ActivityManagerTiming( 704): OnBootPhase_1000_com.android.server.DropBoxManagerService
05-27 14:24:48.544 D/ActivityManagerTiming( 704): OnBootPhase_1000_com.android.role.RoleService
05-27 14:24:48.544 D/ActivityManagerTiming( 704): OnBootPhase_1000_com.android.server.vibrator.VibratorManagerService$Lifecycle
05-27 14:24:48.544 D/ActivityManagerTiming( 704): OnBootPhase_1000_com.android.server.tare.InternalResourceService
05-27 14:24:48.545 D/ActivityManagerTiming( 704): OnBootPhase_1000_com.android.server.alarm.AlarmManagerService
05-27 14:24:48.545 D/ActivityManagerTiming( 704): OnBootPhase_1000_com.android.server.devicestate.DeviceStateManagerService
05-27 14:24:48.545 D/ActivityManagerTiming( 704): OnBootPhase_1000_com.android.server.camera.CameraServiceProxy
05-27 14:24:48.546 D/AppStandbyController( 704): Loaded headless system app cache in 4 ms: appIdleEnabled=true
05-27 14:24:48.546 D/ActivityManagerTiming( 704): OnBootPhase_1000_com.android.server.bluetooth.BluetoothService
05-27 14:24:48.546 D/ActivityManagerTiming( 704): OnBootPhase_1000_com.android.server.connectivity.IpConnectivityMetrics
05-27 14:24:48.546 D/ActivityManagerTiming( 704): OnBootPhase_1000_com.android.server.net.watchlist.NetworkWatchlistService$Lifecycle
05-27 14:24:48.546 D/ActivityManagerTiming( 704): OnBootPhase_1000_com.android.server.PinnerService
05-27 14:24:48.546 D/ActivityManagerTiming( 704): OnBootPhase_1000_com.android.server.integrity.AppIntegrityManagerService
05-27 14:24:48.546 D/ActivityManagerTiming( 704): OnBootPhase_1000_com.android.server.logcat.LogcatManagerService
05-27 14:24:48.546 D/ActivityManagerTiming( 704): OnBootPhase_1000_com.android.server.inputmethod.InputMethodManagerService$Lifecycle
05-27 14:24:48.546 D/ActivityManagerTiming( 704): OnBootPhase_1000_com.android.server.accessibility.AccessibilityManagerService$Lifecycle
05-27 14:24:48.546 D/ActivityManagerTiming( 704): OnBootPhase_1000_com.android.server.StorageManagerService$Lifecycle
05-27 14:24:48.546 D/ActivityManagerTiming( 704): OnBootPhase_1000_com.android.server.usage.StorageStatsService$Lifecycle
05-27 14:24:48.546 D/ActivityManagerTiming( 704): OnBootPhase_1000_com.android.server.UiModeManagerService
05-27 14:24:48.547 D/ActivityManagerTiming( 704): OnBootPhase_1000_com.android.server.locales.LocaleManagerService
05-27 14:24:48.547 D/ActivityManagerTiming( 704): OnBootPhase_1000_com.android.server.grammaticalinflection.GrammaticalInflectionService
05-27 14:24:48.547 D/ActivityManagerTiming( 704): OnBootPhase_1000_com.android.server.apphibernation.AppHibernationService
05-27 14:24:48.547 D/StorageManagerService( 704): Thinking about reset, mBootCompleted=true, mDaemonConnected=true
05-27 14:24:48.547 I/StorageSessionController( 704): Started resetting external storage service...
05-27 14:24:48.547 I/StorageSessionController( 704): Finished resetting external storage service
05-27 14:24:48.547 D/ActivityManagerTiming( 704): OnBootPhase_1000_com.android.server.locksettings.LockSettingsService$Lifecycle
05-27 14:24:48.547 D/ActivityManagerTiming( 704): OnBootPhase_1000_com.android.server.PersistentDataBlockService
05-27 14:24:48.547 D/ActivityManagerTiming( 704): OnBootPhase_1000_com.android.server.testharness.TestHarnessModeService
05-27 14:24:48.547 I/StorageManagerService( 704): Resetting vold...
05-27 14:24:48.547 D/TestHarnessModeService( 704): Completing Test Harness Mode setup.
05-27 14:24:48.548 I/StorageManagerService( 704): Reset vold
05-27 14:24:48.548 I/vold ( 257): onUserAdded: 0
05-27 14:24:48.550 I/HibernationStateDiskStore( 704): No hibernation file on disk for file /data/system/hibernation/states
05-27 14:24:48.568 D/CompatibilityChangeReporter( 704): Compat change id reported: 218533173; UID 10068; state: ENABLED
05-27 14:24:48.568 D/CompatibilityChangeReporter( 704): Compat change id reported: 262645982; UID 10068; state: ENABLED
05-27 14:24:48.575 D/ActivityManagerTiming( 704): OnBootPhase_1000_com.android.server.oemlock.OemLockService
05-27 14:24:48.575 D/ActivityManagerTiming( 704): OnBootPhase_1000_com.android.server.DeviceIdleController
05-27 14:24:48.576 W/BroadcastLoopers( 704): Found previously unknown looper Thread[BluetoothManagerService,5,main]
05-27 14:24:48.576 D/ActivityManagerTiming( 704): OnBootPhase_1000_com.android.server.devicepolicy.DevicePolicyManagerService$Lifecycle
05-27 14:24:48.576 D/ActivityManagerTiming( 704): OnBootPhase_1000_com.android.server.texttospeech.TextToSpeechManagerService
05-27 14:24:48.576 D/ActivityManagerTiming( 704): OnBootPhase_1000_com.android.server.ambientcontext.AmbientContextManagerService
05-27 14:24:48.576 D/ActivityManagerTiming( 704): OnBootPhase_1000_com.android.server.wearable.WearableSensingManagerService
05-27 14:24:48.576 D/ActivityManagerTiming( 704): OnBootPhase_1000_com.android.server.speech.SpeechRecognitionManagerService
05-27 14:24:48.576 D/ActivityManagerTiming( 704): OnBootPhase_1000_com.android.server.searchui.SearchUiManagerService
05-27 14:24:48.576 D/ActivityManagerTiming( 704): OnBootPhase_1000_com.android.server.smartspace.SmartspaceManagerService
05-27 14:24:48.576 D/ActivityManagerTiming( 704): OnBootPhase_1000_com.android.server.graphics.fonts.FontManagerService$Lifecycle
05-27 14:24:48.576 D/ActivityManagerTiming( 704): OnBootPhase_1000_com.android.server.textservices.TextServicesManagerService$Lifecycle
05-27 14:24:48.576 D/ActivityManagerTiming( 704): OnBootPhase_1000_com.android.server.textclassifier.TextClassificationManagerService$Lifecycle
05-27 14:24:48.576 D/ActivityManagerTiming( 704): OnBootPhase_1000_com.android.server.NetworkScoreService$Lifecycle
05-27 14:24:48.576 D/ActivityManagerTiming( 704): OnBootPhase_1000_com.android.server.NetworkStatsServiceInitializer
05-27 14:24:48.576 D/ActivityManagerTiming( 704): OnBootPhase_1000_com.android.server.wifi.WifiService
05-27 14:24:48.577 D/ActivityManagerTiming( 704): OnBootPhase_1000_com.android.server.wifi.scanner.WifiScanningService
05-27 14:24:48.577 D/ActivityManagerTiming( 704): OnBootPhase_1000_com.android.server.wifi.p2p.WifiP2pService
05-27 14:24:48.577 D/ActivityManagerTiming( 704): OnBootPhase_1000_com.android.server.ConnectivityServiceInitializer
05-27 14:24:48.578 D/CompatibilityChangeReporter( 704): Compat change id reported: 161145287; UID 1000; state: DISABLED
05-27 14:24:48.578 D/CompatibilityChangeReporter( 704): Compat change id reported: 161145287; UID 1000; state: ENABLED
05-27 14:24:48.580 D/ActivityManagerTiming( 704): OnBootPhase_1000_com.android.server.notification.NotificationManagerService
05-27 14:24:48.580 D/ActivityManagerTiming( 704): OnBootPhase_1000_com.android.server.storage.DeviceStorageMonitorService
05-27 14:24:48.580 D/ActivityManagerTiming( 704): OnBootPhase_1000_com.android.server.timedetector.TimeDetectorService$Lifecycle
05-27 14:24:48.580 D/ActivityManagerTiming( 704): OnBootPhase_1000_com.android.server.location.LocationManagerService$Lifecycle
05-27 14:24:48.580 D/ActivityManagerTiming( 704): OnBootPhase_1000_com.android.server.timezonedetector.TimeZoneDetectorService$Lifecycle
05-27 14:24:48.580 D/ActivityManagerTiming( 704): OnBootPhase_1000_com.android.server.location.altitude.AltitudeService$Lifecycle
05-27 14:24:48.580 D/ActivityManagerTiming( 704): OnBootPhase_1000_com.android.server.timezonedetector.location.LocationTimeZoneManagerService$Lifecycle
05-27 14:24:48.580 D/ActivityManagerTiming( 704): OnBootPhase_1000_com.android.server.search.SearchManagerService$Lifecycle
05-27 14:24:48.580 D/ActivityManagerTiming( 704): OnBootPhase_1000_com.android.server.wallpaper.WallpaperManagerService$Lifecycle
05-27 14:24:48.581 D/ActivityManagerTiming( 704): OnBootPhase_1000_com.android.server.wallpapereffectsgeneration.WallpaperEffectsGenerationManagerService
05-27 14:24:48.581 D/ActivityManagerTiming( 704): OnBootPhase_1000_com.android.server.audio.AudioService$Lifecycle
05-27 14:24:48.581 D/ActivityManagerTiming( 704): OnBootPhase_1000_com.android.server.soundtrigger_middleware.SoundTriggerMiddlewareService$Lifecycle
05-27 14:24:48.581 D/ActivityManagerTiming( 704): OnBootPhase_1000_com.android.server.adb.AdbService$Lifecycle
05-27 14:24:48.583 D/ActivityManagerTiming( 704): OnBootPhase_1000_com.android.server.usb.UsbService$Lifecycle
05-27 14:24:48.583 D/ActivityManagerTiming( 704): OnBootPhase_1000_com.android.server.twilight.TwilightService
05-27 14:24:48.584 D/ActivityManagerTiming( 704): OnBootPhase_1000_com.android.server.display.color.ColorDisplayService
05-27 14:24:48.584 D/ActivityManagerTiming( 704): OnBootPhase_1000_com.android.server.job.JobSchedulerService
05-27 14:24:48.584 D/ActivityManagerTiming( 704): OnBootPhase_1000_com.android.server.soundtrigger.SoundTriggerService
05-27 14:24:48.584 D/SoundTriggerService( 704): onBootPhase: 1000 : false
05-27 14:24:48.585 I/UsbDeviceManager( 704): Setting USB config to
05-27 14:24:48.585 D/UsbDeviceManager( 704): setUsbConfig(4) request:1
05-27 14:24:48.585 D/ActivityManagerTiming( 704): OnBootPhase_1000_com.android.server.trust.TrustManagerService
05-27 14:24:48.585 D/ActivityManagerTiming( 704): OnBootPhase_1000_com.android.server.backup.BackupManagerService$Lifecycle
05-27 14:24:48.585 D/ActivityManagerTiming( 704): OnBootPhase_1000_com.android.server.appwidget.AppWidgetService
05-27 14:24:48.585 D/ActivityManagerTiming( 704): OnBootPhase_1000_com.android.server.voiceinteraction.VoiceInteractionManagerService
05-27 14:24:48.586 D/ActivityManagerTiming( 704): OnBootPhase_1000_com.android.server.GestureLauncherService
05-27 14:24:48.586 D/ActivityManagerTiming( 704): OnBootPhase_1000_com.android.server.SensorNotificationService
05-27 14:24:48.589 D/CompatibilityChangeReporter( 704): Compat change id reported: 168936375; UID 1000; state: DISABLED
05-27 14:24:48.589 D/CompatibilityChangeReporter( 704): Compat change id reported: 168936375; UID 1000; state: ENABLED
05-27 14:24:48.596 D/CompatibilityChangeReporter( 704): Compat change id reported: 73144566; UID 1000; state: DISABLED
05-27 14:24:48.596 D/CompatibilityChangeReporter( 704): Compat change id reported: 73144566; UID 1000; state: ENABLED
05-27 14:24:48.598 D/ActivityManagerTiming( 704): OnBootPhase_1000_com.android.server.emergency.EmergencyAffordanceService
05-27 14:24:48.598 D/ActivityManagerTiming( 704): OnBootPhase_1000_com.android.server.blob.BlobStoreManagerService
05-27 14:24:48.605 D/ActivityManagerTiming( 704): OnBootPhase_1000_com.android.server.dreams.DreamManagerService
05-27 14:24:48.605 D/ActivityManagerTiming( 704): OnBootPhase_1000_com.android.server.security.AttestationVerificationManagerService
05-27 14:24:48.605 D/ActivityManagerTiming( 704): OnBootPhase_1000_com.android.server.restrictions.RestrictionsManagerService
05-27 14:24:48.605 D/ActivityManagerTiming( 704): OnBootPhase_1000_com.android.server.media.MediaSessionService
05-27 14:24:48.607 D/ActivityManagerTiming( 704): OnBootPhase_1000_com.android.server.hdmi.HdmiControlService
05-27 14:24:48.608 D/ActivityManagerTiming( 704): OnBootPhase_1000_com.android.server.tv.interactive.TvInteractiveAppManagerService
05-27 14:24:48.608 D/ActivityManagerTiming( 704): OnBootPhase_1000_com.android.server.tv.TvInputManagerService
05-27 14:24:48.608 D/ActivityManagerTiming( 704): OnBootPhase_1000_com.android.server.media.MediaResourceMonitorService
05-27 14:24:48.608 D/ActivityManagerTiming( 704): OnBootPhase_1000_com.android.server.tv.TvRemoteService
05-27 14:24:48.608 D/ActivityManagerTiming( 704): OnBootPhase_1000_com.android.server.biometrics.BiometricService
05-27 14:24:48.608 D/ActivityManagerTiming( 704): OnBootPhase_1000_com.android.server.biometrics.AuthService
05-27 14:24:48.608 D/ActivityManagerTiming( 704): OnBootPhase_1000_com.android.server.pm.ShortcutService$Lifecycle
05-27 14:24:48.608 D/ActivityManagerTiming( 704): OnBootPhase_1000_com.android.server.pm.LauncherAppsService
05-27 14:24:48.608 D/ActivityManagerTiming( 704): OnBootPhase_1000_com.android.server.pm.CrossProfileAppsService
05-27 14:24:48.608 D/ActivityManagerTiming( 704): OnBootPhase_1000_com.android.server.people.PeopleService
05-27 14:24:48.608 D/ActivityManagerTiming( 704): OnBootPhase_1000_com.android.server.media.metrics.MediaMetricsManagerService
05-27 14:24:48.608 D/ActivityManagerTiming( 704): OnBootPhase_1000_com.android.server.pm.BackgroundInstallControlService
05-27 14:24:48.608 D/ActivityManagerTiming( 704): OnBootPhase_1000_com.android.server.media.projection.MediaProjectionManagerService
05-27 14:24:48.608 D/ActivityManagerTiming( 704): OnBootPhase_1000_com.android.server.slice.SliceManagerService$Lifecycle
05-27 14:24:48.608 D/ActivityManagerTiming( 704): OnBootPhase_1000_com.android.server.stats.StatsCompanion$Lifecycle
05-27 14:24:48.608 D/ActivityManagerTiming( 704): OnBootPhase_1000_com.android.server.scheduling.RebootReadinessManagerService$Lifecycle
05-27 14:24:48.608 D/ActivityManagerTiming( 704): OnBootPhase_1000_com.android.server.stats.pull.StatsPullAtomService
05-27 14:24:48.608 D/ActivityManagerTiming( 704): OnBootPhase_1000_com.android.server.stats.bootstrap.StatsBootstrapAtomService$Lifecycle
05-27 14:24:48.608 D/ActivityManagerTiming( 704): OnBootPhase_1000_com.android.server.incident.IncidentCompanionService
05-27 14:24:48.608 D/ActivityManagerTiming( 704): OnBootPhase_1000_com.android.server.sdksandbox.SdkSandboxManagerService$Lifecycle
05-27 14:24:48.608 D/ActivityManagerTiming( 704): OnBootPhase_1000_com.android.server.adservices.AdServicesManagerService$Lifecycle
05-27 14:24:48.608 D/ActivityManagerTiming( 704): OnBootPhase_1000_com.android.server.ondevicepersonalization.OnDevicePersonalizationSystemService$Lifecycle
05-27 14:24:48.608 D/ActivityManagerTiming( 704): OnBootPhase_1000_com.android.server.autofill.AutofillManagerService
05-27 14:24:48.608 D/ActivityManagerTiming( 704): OnBootPhase_1000_com.android.server.clipboard.ClipboardService
05-27 14:24:48.608 D/ActivityManagerTiming( 704): OnBootPhase_1000_com.android.server.appbinding.AppBindingService$Lifecycle
05-27 14:24:48.608 D/ActivityManagerTiming( 704): OnBootPhase_1000_com.android.server.tracing.TracingServiceProxy
05-27 14:24:48.608 D/ActivityManagerTiming( 704): OnBootPhase_1000_com.android.server.policy.PermissionPolicyService
05-27 14:24:48.608 D/ActivityManagerTiming( 704): OnBootPhase_1000_com.android.server.pm.StagingManager$Lifecycle
05-27 14:24:48.608 D/CompatibilityChangeReporter( 704): Compat change id reported: 261072174; UID 1000; state: ENABLED
05-27 14:24:48.612 D/ActivityManagerTiming( 704): OnBootPhase_1000_com.android.server.app.GameManagerService$Lifecycle
05-27 14:24:48.612 D/GameManagerService( 704): onBootCompleted
05-27 14:24:48.612 V/GameManagerService( 704): Game loading power mode OFF (game manager service start/restart)
05-27 14:24:48.613 V/GameManagerService( 704): Game power mode OFF (game manager service start/restart)
05-27 14:24:48.614 D/ActivityManagerTiming( 704): OnBootPhase_1000_com.android.safetycenter.SafetyCenterService
05-27 14:24:48.614 D/ActivityManagerTiming( 704): OnBootPhase_1000_com.android.server.appsearch.AppSearchModule$Lifecycle
05-27 14:24:48.615 D/ActivityManagerTiming( 704): OnBootPhase_1000_com.android.server.media.MediaCommunicationService
05-27 14:24:48.615 D/ActivityManagerTiming( 704): OnBootPhase_1000_com.android.server.compat.overrides.AppCompatOverridesService$Lifecycle
05-27 14:24:48.615 D/ActivityManagerTiming( 704): OnBootPhase_1000_com.android.server.healthconnect.HealthConnectManagerService
05-27 14:24:48.615 D/ActivityManagerTiming( 704): OnBootPhase_1000_com.android.server.devicelock.DeviceLockService
05-27 14:24:48.615 D/DeviceLockService( 704): onBootPhase: 1000
05-27 14:24:48.615 V/ActivityManagerTiming( 704): TotalBootTime took to complete: 10814ms
05-27 14:24:48.615 D/SystemServerInitThreadPool( 704): Shutdown requested
05-27 14:24:48.615 D/SystemServerTiming( 704): WaitInitThreadPoolShutdown
05-27 14:24:48.617 D/SystemServerInitThreadPool( 704): Shutdown successful
05-27 14:24:48.624 I/ActivityManager( 704): User 0 state changed from BOOTING to RUNNING_LOCKED
05-27 14:24:48.639 I/LockSettingsService( 704): Unwrapping synthetic password for unsecured user 0
05-27 14:24:48.657 D/vold ( 257): fscrypt_unlock_user_key 0 serial=0
05-27 14:24:48.657 D/vold ( 257): Trying user CE key /data/misc/vold/user_keys/ce/0/current
05-27 14:24:48.659 D/HDMI ( 704): [S]: 4F:87:1C:A4:10
05-27 14:24:48.659 D/vold ( 257): Successfully retrieved key
05-27 14:24:48.659 D/vold ( 257): Installed fscrypt key with ref acfb7c44440bf5d02a5622b6681ff86b to /data
05-27 14:24:48.659 D/vold ( 257): Added fscrypt-provisioning key for acfb7c44440bf5d02a5622b6681ff86b to session keyring
05-27 14:24:48.659 D/vold ( 257): Installed ce key for user 0
05-27 14:24:48.660 I/LockSettingsService( 704): Unlocked CE storage for unsecured user 0
05-27 14:24:48.660 D/SystemServerTiming( 704): finishUserUnlocking-0
05-27 14:24:48.660 D/ActivityManager( 704): Started unlocking user 0
05-27 14:24:48.660 D/ActivityManager( 704): Unlocking user 0 progress 0
05-27 14:24:48.661 D/ActivityManager( 704): Unlocking user 0 progress 5
05-27 14:24:48.661 D/SystemServerTiming( 704): UM.onBeforeUnlockUser-0
05-27 14:24:48.661 D/SystemServerTiming( 704): prepareUserData-0
05-27 14:24:48.662 D/vold ( 257): fscrypt_prepare_user_storage for volume null, user 0, serial 0, flags 2
05-27 14:24:48.662 D/vold ( 257): Preparing: /data/system_ce/0
05-27 14:24:48.663 I/vold ( 257): Verified that /data/system_ce/0 has the encryption policy acfb7c44440bf5d02a5622b6681ff86b v2 modes 1/4 flags 0xa
05-27 14:24:48.663 D/vold ( 257): Preparing: /data/vendor_ce/0
05-27 14:24:48.665 I/vold ( 257): Verified that /data/vendor_ce/0 has the encryption policy acfb7c44440bf5d02a5622b6681ff86b v2 modes 1/4 flags 0xa
05-27 14:24:48.665 D/vold ( 257): Preparing: /data/media/0
05-27 14:24:48.667 I/vold ( 257): Verified that /data/media/0 has the encryption policy acfb7c44440bf5d02a5622b6681ff86b v2 modes 1/4 flags 0xa
05-27 14:24:48.667 D/vold ( 257): Preparing: /data/misc_ce/0
05-27 14:24:48.668 I/vold ( 257): Verified that /data/misc_ce/0 has the encryption policy acfb7c44440bf5d02a5622b6681ff86b v2 modes 1/4 flags 0xa
05-27 14:24:48.668 D/vold ( 257): Preparing: /data/user/0
05-27 14:24:48.668 V/WindowManager( 704): app ------------- force_land :0
05-27 14:24:48.669 I/vold ( 257): Verified that /data/user/0 has the encryption policy acfb7c44440bf5d02a5622b6681ff86b v2 modes 1/4 flags 0xa
05-27 14:24:48.669 D/vold ( 257): Starting restorecon of /data/system_ce/0
05-27 14:24:48.675 D/vold ( 257): Finished restorecon of /data/system_ce/0
05-27 14:24:48.675 D/vold ( 257): Starting restorecon of /data/vendor_ce/0
05-27 14:24:48.674 V/WindowManager( 704): app ------------- force_land :0
05-27 14:24:48.675 D/ColorDisplayService( 704): setUp: currentUser=0
05-27 14:24:48.683 I/ActivityManager( 704): com.android.devicelockcontroller is exempt from freezer
05-27 14:24:48.683 D/CompatibilityChangeReporter( 704): Compat change id reported: 135634846; UID 10064; state: DISABLED
05-27 14:24:48.683 D/vold ( 257): Finished restorecon of /data/vendor_ce/0
05-27 14:24:48.683 D/vold ( 257): Starting restorecon of /data/misc_ce/0
05-27 14:24:48.684 D/CompatibilityChangeReporter( 704): Compat change id reported: 177438394; UID 10064; state: DISABLED
05-27 14:24:48.684 D/CompatibilityChangeReporter( 704): Compat change id reported: 135772972; UID 10064; state: DISABLED
05-27 14:24:48.684 D/CompatibilityChangeReporter( 704): Compat change id reported: 135754954; UID 10064; state: ENABLED
05-27 14:24:48.685 D/CompatibilityChangeReporter( 704): Compat change id reported: 143937733; UID 10064; state: ENABLED
05-27 14:24:48.690 D/vold ( 257): Finished restorecon of /data/misc_ce/0
05-27 14:24:48.690 D/vold ( 257): /system/bin/vold_prepare_subdirs
05-27 14:24:48.690 D/vold ( 257): prepare
05-27 14:24:48.690 D/vold ( 257):
05-27 14:24:48.690 D/vold ( 257): 0
05-27 14:24:48.690 D/vold ( 257): 2
05-27 14:24:48.711 I/ActivityManager( 704): Start proc 1405:com.android.devicelockcontroller/u0a64 for broadcast {com.android.devicelockcontroller/com.android.devicelockcontroller.receivers.LockedBootCompletedReceiver}
05-27 14:24:48.747 W/Looper ( 704): Slow dispatch took 209ms main h=android.app.ActivityThread$H c=android.app.LoadedApk$ReceiverDispatcher$Args$$ExternalSyntheticLambda0@74eb0d6 m=0
05-27 14:24:48.747 I/HDMI ( 704): screen state is changing to 0
05-27 14:24:48.751 I/PackageWatchdog( 704): Syncing health check requests for packages: {}
05-27 14:24:48.751 D/ExplicitHealthCheckController( 704): Getting health check supported packages
05-27 14:24:48.754 D/HdmiControlService( 704): Switching to full volume behavior
05-27 14:24:48.756 I/HdmiControlService( 704): bootCompleted
05-27 14:24:48.759 I/ExplicitHealthCheckController( 704): Explicit health check supported packages [PackageConfig{com.android.networkstack, 86400000}]
05-27 14:24:48.759 D/PackageWatchdog( 704): Received supported packages [PackageConfig{com.android.networkstack, 86400000}]
05-27 14:24:48.759 D/ExplicitHealthCheckController( 704): Getting health check requested packages
05-27 14:24:48.759 W/Looper ( 704): Drained
05-27 14:24:48.764 I/ExplicitHealthCheckController( 704): Explicit health check requested packages []
05-27 14:24:48.764 I/ExplicitHealthCheckController( 704): No more health check requests, unbinding...
05-27 14:24:48.773 I/ExplicitHealthCheckController( 704): Explicit health check service is unbound
05-27 14:24:48.798 D/CompatibilityChangeReporter( 704): Compat change id reported: 265195908; UID 10064; state: ENABLED
05-27 14:24:48.829 D/CompatibilityChangeReporter( 704): Compat change id reported: 168419799; UID 10064; state: DISABLED
05-27 14:24:48.830 D/CompatibilityChangeReporter( 704): Compat change id reported: 273564678; UID 10064; state: DISABLED
05-27 14:24:48.845 W/ProcessCpuTracker( 704): Failed to stat(/proc/1339): android.system.ErrnoException: stat failed: ENOENT (No such file or directory)
05-27 14:24:48.854 W/ProcessCpuTracker( 704): Skipping unknown process pid 1339
05-27 14:24:48.857 D/CompatibilityChangeReporter( 704): Compat change id reported: 170503758; UID 10064; state: ENABLED
05-27 14:24:48.871 D/HDMI ( 704): [S]: 4F:87:1C:A4:10
05-27 14:24:48.970 W/NotificationHistory( 704): Attempted to add notif for locked/gone/disabled user 0
05-27 14:24:48.979 D/ActivityThread( 1151): Loading provider com.android.bluetooth.opp: com.android.bluetooth.opp.BluetoothOppProvider
05-27 14:24:48.993 V/UserDataPreparer( 704): Found /data/user/0 with serial number 0
05-27 14:24:48.994 V/UserDataPreparer( 704): Found /data/system_ce/0 with serial number 0
05-27 14:24:48.995 D/UserDataPreparer( 704): Setting property: sys.user.0.ce_available=true
05-27 14:24:48.997 D/SystemServerTiming( 704): reconcileAppsData-0
05-27 14:24:48.997 V/PackageManager( 704): reconcileAppsData for null u0 0x2 migrateAppData=false
05-27 14:24:49.000 W/PackageManager( 704): Skipping preparing app data for com.android.configinfrastructure
05-27 14:24:49.000 W/PackageManager( 704): Skipping preparing app data for com.android.appsearch
05-27 14:24:49.001 W/PackageManager( 704): Skipping preparing app data for com.android.adservices
05-27 14:24:49.001 W/PackageManager( 704): Skipping preparing app data for com.android.scheduling
05-27 14:24:49.001 W/PackageManager( 704): Skipping preparing app data for com.google.android.widevine.nonupdatable
05-27 14:24:49.001 W/PackageManager( 704): Skipping preparing app data for com.android.permission
05-27 14:24:49.002 W/PackageManager( 704): Skipping preparing app data for com.android.art
05-27 14:24:49.002 W/PackageManager( 704): Skipping preparing app data for com.android.uwb
05-27 14:24:49.002 W/PackageManager( 704): Skipping preparing app data for com.android.tethering
05-27 14:24:49.002 W/PackageManager( 704): Skipping preparing app data for com.android.btservices
05-27 14:24:49.002 W/PackageManager( 704): Skipping preparing app data for com.android.media.swcodec
05-27 14:24:49.002 W/PackageManager( 704): Skipping preparing app data for com.android.conscrypt
05-27 14:24:49.002 W/PackageManager( 704): Skipping preparing app data for com.android.adbd
05-27 14:24:49.002 W/PackageManager( 704): Skipping preparing app data for com.android.i18n
05-27 14:24:49.002 W/PackageManager( 704): Skipping preparing app data for com.android.rkpd
05-27 14:24:49.002 W/PackageManager( 704): Skipping preparing app data for com.android.virt
05-27 14:24:49.002 W/PackageManager( 704): Skipping preparing app data for com.android.wifi
05-27 14:24:49.002 W/PackageManager( 704): Skipping preparing app data for com.android.runtime
05-27 14:24:49.003 W/PackageManager( 704): Skipping preparing app data for com.android.devicelock
05-27 14:24:49.003 W/PackageManager( 704): Skipping preparing app data for com.android.apex.cts.shim
05-27 14:24:49.003 W/PackageManager( 704): Skipping preparing app data for com.android.neuralnetworks
05-27 14:24:49.003 W/PackageManager( 704): Skipping preparing app data for com.android.healthfitness
05-27 14:24:49.003 W/PackageManager( 704): Skipping preparing app data for com.android.resolv
05-27 14:24:49.003 W/PackageManager( 704): Skipping preparing app data for com.android.sdkext
05-27 14:24:49.003 W/PackageManager( 704): Skipping preparing app data for com.android.tzdata
05-27 14:24:49.003 W/PackageManager( 704): Skipping preparing app data for com.android.vndk.v34
05-27 14:24:49.003 W/PackageManager( 704): Skipping preparing app data for com.android.os.statsd
05-27 14:24:49.003 W/PackageManager( 704): Skipping preparing app data for com.android.extservices
05-27 14:24:49.003 W/PackageManager( 704): Skipping preparing app data for com.amlogic.mediaextractor
05-27 14:24:49.003 W/PackageManager( 704): Skipping preparing app data for com.android.ipsec
05-27 14:24:49.003 W/PackageManager( 704): Skipping preparing app data for com.android.media
05-27 14:24:49.003 W/PackageManager( 704): Skipping preparing app data for com.android.sdksandbox
05-27 14:24:49.004 W/PackageManager( 704): Skipping preparing app data for com.android.mediaprovider
05-27 14:24:49.005 W/PackageManager( 704): Skipping preparing app data for com.android.ondevicepersonalization
05-27 14:24:49.016 D/OomAdjuster( 704): Not killing cached processes
05-27 14:24:49.037 I/DeviceLockControllerApplication( 1405): onCreate
05-27 14:24:49.046 I/DeviceStateControllerImpl( 1405): Starting state is 0
05-27 14:24:49.051 I/UserRestrictionsPolicyHandler( 1405): Build type DEBUG = false
05-27 14:24:49.070 D/CompatibilityChangeReporter( 704): Compat change id reported: 265195908; UID 10064; state: ENABLED
05-27 14:24:49.073 D/CompatibilityChangeReporter( 704): Compat change id reported: 261072174; UID 10064; state: ENABLED
05-27 14:24:49.081 I/DlcClient( 1405): Binding com.android.devicelockcontroller/.storage.SetupParametersService
05-27 14:24:49.095 I/DeviceLockControllerApplication( 1405): Policies enforced
05-27 14:24:49.283 V/PackageManager( 704): reconcileAppsData finished 157 packages
05-27 14:24:49.283 I/ActivityManager( 704): User 0 state changed from RUNNING_LOCKED to RUNNING_UNLOCKING
05-27 14:24:49.284 D/ActivityManager( 704): Unlocking user 0 progress 20
05-27 14:24:49.284 W/Looper ( 704): Slow dispatch took 623ms android.fg h=android.os.Handler c=com.android.server.am.UserController$$ExternalSyntheticLambda2@7329e57 m=0
05-27 14:24:49.284 D/SystemServerTimingAsync( 704): ssm.UnlockingUser-0
05-27 14:24:49.284 I/SystemServiceManager( 704): Calling onUnlockingUser 0
05-27 14:24:49.284 W/Looper ( 704): Slow delivery took 623ms android.fg h=android.os.Handler c=com.android.server.am.UserController$$ExternalSyntheticLambda9@b161d44 m=0
05-27 14:24:49.284 D/SystemServerTimingAsync( 704): ssm.onUnlockingUser-0_com.android.server.security.FileIntegrityService
05-27 14:24:49.284 D/SystemServerTimingAsync( 704): ssm.onUnlockingUser-0_com.android.server.pm.Installer
05-27 14:24:49.284 D/SystemServerTimingAsync( 704): ssm.onUnlockingUser-0_com.android.server.os.DeviceIdentifiersPolicyService
05-27 14:24:49.284 D/SystemServerTimingAsync( 704): ssm.onUnlockingUser-0_com.android.server.flags.FeatureFlagsService
05-27 14:24:49.284 D/SystemServerTimingAsync( 704): ssm.onUnlockingUser-0_com.android.server.uri.UriGrantsManagerService$Lifecycle
05-27 14:24:49.284 D/SystemServerTimingAsync( 704): ssm.onUnlockingUser-0_com.android.server.powerstats.PowerStatsService
05-27 14:24:49.284 D/SystemServerTimingAsync( 704): ssm.onUnlockingUser-0_com.android.server.permission.access.AccessCheckingService
05-27 14:24:49.284 D/SystemServerTimingAsync( 704): ssm.onUnlockingUser-0_com.android.server.wm.ActivityTaskManagerService$Lifecycle
05-27 14:24:49.284 D/SystemServerTimingAsync( 704): ssm.onUnlockingUser-0_com.android.server.am.ActivityManagerService$Lifecycle
05-27 14:24:49.284 D/SystemServerTimingAsync( 704): ssm.onUnlockingUser-0_com.android.server.pm.DataLoaderManagerService
05-27 14:24:49.284 D/SystemServerTimingAsync( 704): ssm.onUnlockingUser-0_com.android.server.power.PowerManagerService
05-27 14:24:49.284 D/SystemServerTimingAsync( 704): ssm.onUnlockingUser-0_com.android.server.power.ThermalManagerService
05-27 14:24:49.284 D/SystemServerTimingAsync( 704): ssm.onUnlockingUser-0_com.android.server.power.hint.HintManagerService
05-27 14:24:49.284 D/SystemServerTimingAsync( 704): ssm.onUnlockingUser-0_com.android.server.recoverysystem.RecoverySystemService$Lifecycle
05-27 14:24:49.284 D/SystemServerTimingAsync( 704): ssm.onUnlockingUser-0_com.android.server.lights.LightsService
05-27 14:24:49.284 D/SystemServerTimingAsync( 704): ssm.onUnlockingUser-0_com.android.server.display.DisplayManagerService
05-27 14:24:49.284 D/SystemServerTimingAsync( 704): ssm.onUnlockingUser-0_com.android.server.pm.verify.domain.DomainVerificationService
05-27 14:24:49.284 D/SystemServerTimingAsync( 704): ssm.onUnlockingUser-0_com.android.server.pm.PackageInstallerService$Lifecycle
05-27 14:24:49.284 D/SystemServerTimingAsync( 704): ssm.onUnlockingUser-0_com.android.server.pm.UserManagerService$LifeCycle
05-27 14:24:49.284 D/SystemServerTimingAsync( 704): ssm.onUnlockingUser-0_com.android.server.om.OverlayManagerService
05-27 14:24:49.284 D/SystemServerTimingAsync( 704): ssm.onUnlockingUser-0_com.android.server.resources.ResourcesManagerService
05-27 14:24:49.284 D/SystemServerTimingAsync( 704): ssm.onUnlockingUser-0_com.android.server.sensorprivacy.SensorPrivacyService
05-27 14:24:49.285 D/SystemServerTimingAsync( 704): ssm.onUnlockingUser-0_com.android.server.sensors.SensorService
05-27 14:24:49.285 D/SystemServerTimingAsync( 704): ssm.onUnlockingUser-0_com.android.server.SystemConfigService
05-27 14:24:49.285 D/SystemServerTimingAsync( 704): ssm.onUnlockingUser-0_com.android.server.BatteryService
05-27 14:24:49.285 D/SystemServerTimingAsync( 704): ssm.onUnlockingUser-0_com.android.server.usage.UsageStatsService
05-27 14:24:49.285 D/SystemServerTimingAsync( 704): ssm.onUnlockingUser-0_com.android.server.webkit.WebViewUpdateService
05-27 14:24:49.285 D/SystemServerTimingAsync( 704): ssm.onUnlockingUser-0_com.android.server.CachedDeviceStateService
05-27 14:24:49.285 D/SystemServerTimingAsync( 704): ssm.onUnlockingUser-0_com.android.server.BinderCallsStatsService$LifeCycle
05-27 14:24:49.285 D/SystemServerTimingAsync( 704): ssm.onUnlockingUser-0_com.android.server.LooperStatsService$Lifecycle
05-27 14:24:49.285 D/SystemServerTimingAsync( 704): ssm.onUnlockingUser-0_com.android.server.rollback.RollbackManagerService
05-27 14:24:49.285 I/BroadcastQueue( 704): BOOT_COMPLETED_BROADCAST_COMPLETION_LATENCY_REPORTED action:android.intent.action.LOCKED_BOOT_COMPLETED dispatchLatency:25 completeLatency:646 dispatchRealLatency:25 completeRealLatency:646 receiversSize:4 userId:0 userType:android.os.usertype.full.SYSTEM
05-27 14:24:49.285 D/SystemServerTimingAsync( 704): ssm.onUnlockingUser-0_com.android.server.os.NativeTombstoneManagerService
05-27 14:24:49.286 W/Looper ( 704): Drained
05-27 14:24:49.286 D/SystemServerTimingAsync( 704): ssm.onUnlockingUser-0_com.android.server.os.BugreportManagerService
05-27 14:24:49.287 D/SystemServerTimingAsync( 704): ssm.onUnlockingUser-0_com.android.server.gpu.GpuService
05-27 14:24:49.287 D/SystemServerTimingAsync( 704): ssm.onUnlockingUser-0_com.android.server.security.rkp.RemoteProvisioningService
05-27 14:24:49.287 D/SystemServerTimingAsync( 704): ssm.onUnlockingUser-0_com.android.server.security.KeyChainSystemService
05-27 14:24:49.287 D/SystemServerTimingAsync( 704): ssm.onUnlockingUser-0_com.android.server.BinaryTransparencyService
05-27 14:24:49.287 D/SystemServerTimingAsync( 704): ssm.onUnlockingUser-0_com.android.server.accounts.AccountManagerService$Lifecycle
05-27 14:24:49.287 D/SystemServerTimingAsync( 704): ssm.onUnlockingUser-0_com.android.server.content.ContentService$Lifecycle
05-27 14:24:49.287 D/SystemServerTimingAsync( 704): ssm.onUnlockingUser-0_com.android.server.deviceconfig.DeviceConfigInit$Lifecycle
05-27 14:24:49.287 D/SystemServerTimingAsync( 704): ssm.onUnlockingUser-0_com.android.server.DropBoxManagerService
05-27 14:24:49.287 D/SystemServerTimingAsync( 704): ssm.onUnlockingUser-0_com.android.role.RoleService
05-27 14:24:49.287 D/SystemServerTimingAsync( 704): ssm.onUnlockingUser-0_com.android.server.vibrator.VibratorManagerService$Lifecycle
05-27 14:24:49.287 D/SystemServerTimingAsync( 704): ssm.onUnlockingUser-0_com.android.server.tare.InternalResourceService
05-27 14:24:49.287 D/SystemServerTimingAsync( 704): ssm.onUnlockingUser-0_com.android.server.alarm.AlarmManagerService
05-27 14:24:49.287 D/SystemServerTimingAsync( 704): ssm.onUnlockingUser-0_com.android.server.devicestate.DeviceStateManagerService
05-27 14:24:49.287 D/SystemServerTimingAsync( 704): ssm.onUnlockingUser-0_com.android.server.camera.CameraServiceProxy
05-27 14:24:49.287 D/SystemServerTimingAsync( 704): ssm.onUnlockingUser-0_com.android.server.bluetooth.BluetoothService
05-27 14:24:49.287 D/SystemServerTimingAsync( 704): ssm.onUnlockingUser-0_com.android.server.connectivity.IpConnectivityMetrics
05-27 14:24:49.287 D/SystemServerTimingAsync( 704): ssm.onUnlockingUser-0_com.android.server.net.watchlist.NetworkWatchlistService$Lifecycle
05-27 14:24:49.287 D/SystemServerTimingAsync( 704): ssm.onUnlockingUser-0_com.android.server.PinnerService
05-27 14:24:49.287 D/SystemServerTimingAsync( 704): ssm.onUnlockingUser-0_com.android.server.integrity.AppIntegrityManagerService
05-27 14:24:49.287 D/SystemServerTimingAsync( 704): ssm.onUnlockingUser-0_com.android.server.logcat.LogcatManagerService
05-27 14:24:49.287 D/SystemServerTimingAsync( 704): ssm.onUnlockingUser-0_com.android.server.inputmethod.InputMethodManagerService$Lifecycle
05-27 14:24:49.287 D/SystemServerTimingAsync( 704): ssm.onUnlockingUser-0_com.android.server.accessibility.AccessibilityManagerService$Lifecycle
05-27 14:24:49.287 D/SystemServerTimingAsync( 704): ssm.onUnlockingUser-0_com.android.server.StorageManagerService$Lifecycle
05-27 14:24:49.287 D/StorageManagerService( 704): onUnlockUser 0
05-27 14:24:49.288 I/StorageSessionController( 704): On user unlock 0
05-27 14:24:49.288 I/StorageSessionController( 704): Initialialising...
05-27 14:24:49.288 I/vold ( 257): onUserStarted: 0
05-27 14:24:49.292 V/StorageManagerService( 704): Found primary storage at VolumeInfo{emulated;0}:
05-27 14:24:49.292 V/StorageManagerService( 704): type=EMULATED diskId=null partGuid= mountFlags=0 mountUserId=0
05-27 14:24:49.292 V/StorageManagerService( 704): state=UNMOUNTED
05-27 14:24:49.292 V/StorageManagerService( 704): fsType=null fsUuid=null fsLabel=null
05-27 14:24:49.292 V/StorageManagerService( 704): path=null internalPath=null
05-27 14:24:49.295 I/StorageManagerService( 704): Mounting volume VolumeInfo{emulated;0}:
05-27 14:24:49.295 I/StorageManagerService( 704): type=EMULATED diskId=null partGuid= mountFlags=PRIMARY|VISIBLE_FOR_WRITE
05-27 14:24:49.295 I/StorageManagerService( 704): mountUserId=0 state=UNMOUNTED
05-27 14:24:49.295 I/StorageManagerService( 704): fsType=null fsUuid=null fsLabel=null
05-27 14:24:49.295 I/StorageManagerService( 704): path=null internalPath=null
05-27 14:24:49.296 I/vold ( 257): Mounting emulated fuse volume
05-27 14:24:49.302 D/SystemServerTimingAsync( 704): ssm.onUnlockingUser-0_com.android.server.usage.StorageStatsService$Lifecycle
05-27 14:24:49.302 D/SystemServerTimingAsync( 704): ssm.onUnlockingUser-0_com.android.server.UiModeManagerService
05-27 14:24:49.302 D/SystemServerTimingAsync( 704): ssm.onUnlockingUser-0_com.android.server.locales.LocaleManagerService
05-27 14:24:49.302 D/SystemServerTimingAsync( 704): ssm.onUnlockingUser-0_com.android.server.grammaticalinflection.GrammaticalInflectionService
05-27 14:24:49.302 D/SystemServerTimingAsync( 704): ssm.onUnlockingUser-0_com.android.server.apphibernation.AppHibernationService
05-27 14:24:49.302 D/SystemServerTimingAsync( 704): ssm.onUnlockingUser-0_com.android.server.locksettings.LockSettingsService$Lifecycle
05-27 14:24:49.302 D/SystemServerTimingAsync( 704): ssm.onUnlockingUser-0_com.android.server.PersistentDataBlockService
05-27 14:24:49.302 D/SystemServerTimingAsync( 704): ssm.onUnlockingUser-0_com.android.server.testharness.TestHarnessModeService
05-27 14:24:49.302 D/SystemServerTimingAsync( 704): ssm.onUnlockingUser-0_com.android.server.oemlock.OemLockService
05-27 14:24:49.302 D/SystemServerTimingAsync( 704): ssm.onUnlockingUser-0_com.android.server.DeviceIdleController
05-27 14:24:49.302 D/SystemServerTimingAsync( 704): ssm.onUnlockingUser-0_com.android.server.devicepolicy.DevicePolicyManagerService$Lifecycle
05-27 14:24:49.302 I/HibernationStateDiskStore( 704): No hibernation file on disk for file /data/system_ce/0/hibernation/states
05-27 14:24:49.303 D/LockSettingsService( 704): Hiding encryption notification for user 0
05-27 14:24:49.303 D/SystemServerTimingAsync( 704): ssm.onUnlockingUser-0_com.android.server.texttospeech.TextToSpeechManagerService
05-27 14:24:49.303 D/SystemServerTimingAsync( 704): ssm.onUnlockingUser-0_com.android.server.ambientcontext.AmbientContextManagerService
05-27 14:24:49.303 I/AmbientContextManagerService( 704): serviceNames sent in newServiceListLocked is null, or empty
05-27 14:24:49.303 D/SystemServerTimingAsync( 704): ssm.onUnlockingUser-0_com.android.server.wearable.WearableSensingManagerService
05-27 14:24:49.304 D/WearableSensingManagerService( 704): onServiceRemoved
05-27 14:24:49.304 D/WearableSensingManagerPerUserService( 704): Trying to cancel the remote request. Reason: Service destroyed.
05-27 14:24:49.304 D/SystemServerTimingAsync( 704): ssm.onUnlockingUser-0_com.android.server.speech.SpeechRecognitionManagerService
05-27 14:24:49.304 D/SystemServerTimingAsync( 704): ssm.onUnlockingUser-0_com.android.server.searchui.SearchUiManagerService
05-27 14:24:49.305 D/SystemServerTimingAsync( 704): ssm.onUnlockingUser-0_com.android.server.smartspace.SmartspaceManagerService
05-27 14:24:49.305 D/SystemServerTimingAsync( 704): ssm.onUnlockingUser-0_com.android.server.graphics.fonts.FontManagerService$Lifecycle
05-27 14:24:49.305 D/SystemServerTimingAsync( 704): ssm.onUnlockingUser-0_com.android.server.textservices.TextServicesManagerService$Lifecycle
05-27 14:24:49.305 W/TextServicesManagerService( 704): no available spell checker services found
05-27 14:24:49.305 D/SystemServerTimingAsync( 704): ssm.onUnlockingUser-0_com.android.server.textclassifier.TextClassificationManagerService$Lifecycle
05-27 14:24:49.306 D/SystemServerTimingAsync( 704): ssm.onUnlockingUser-0_com.android.server.NetworkScoreService$Lifecycle
05-27 14:24:49.306 D/SystemServerTimingAsync( 704): ssm.onUnlockingUser-0_com.android.server.NetworkStatsServiceInitializer
05-27 14:24:49.306 D/SystemServerTimingAsync( 704): ssm.onUnlockingUser-0_com.android.server.wifi.WifiService
05-27 14:24:49.306 D/SystemServerTimingAsync( 704): ssm.onUnlockingUser-0_com.android.server.wifi.scanner.WifiScanningService
05-27 14:24:49.306 D/SystemServerTimingAsync( 704): ssm.onUnlockingUser-0_com.android.server.wifi.p2p.WifiP2pService
05-27 14:24:49.306 D/SystemServerTimingAsync( 704): ssm.onUnlockingUser-0_com.android.server.ConnectivityServiceInitializer
05-27 14:24:49.306 D/SystemServerTimingAsync( 704): ssm.onUnlockingUser-0_com.android.server.notification.NotificationManagerService
05-27 14:24:49.306 D/SystemServerTimingAsync( 704): ssm.onUnlockingUser-0_com.android.server.storage.DeviceStorageMonitorService
05-27 14:24:49.306 D/SystemServerTimingAsync( 704): ssm.onUnlockingUser-0_com.android.server.timedetector.TimeDetectorService$Lifecycle
05-27 14:24:49.306 D/SystemServerTimingAsync( 704): ssm.onUnlockingUser-0_com.android.server.location.LocationManagerService$Lifecycle
05-27 14:24:49.306 D/SystemServerTimingAsync( 704): ssm.onUnlockingUser-0_com.android.server.timezonedetector.TimeZoneDetectorService$Lifecycle
05-27 14:24:49.306 D/SystemServerTimingAsync( 704): ssm.onUnlockingUser-0_com.android.server.location.altitude.AltitudeService$Lifecycle
05-27 14:24:49.306 D/SystemServerTimingAsync( 704): ssm.onUnlockingUser-0_com.android.server.timezonedetector.location.LocationTimeZoneManagerService$Lifecycle
05-27 14:24:49.306 D/SystemServerTimingAsync( 704): ssm.onUnlockingUser-0_com.android.server.search.SearchManagerService$Lifecycle
05-27 14:24:49.307 D/SystemServerTimingAsync( 704): ssm.onUnlockingUser-0_com.android.server.wallpaper.WallpaperManagerService$Lifecycle
05-27 14:24:49.307 D/SystemServerTimingAsync( 704): ssm.onUnlockingUser-0_com.android.server.wallpapereffectsgeneration.WallpaperEffectsGenerationManagerService
05-27 14:24:49.307 D/SystemServerTimingAsync( 704): ssm.onUnlockingUser-0_com.android.server.audio.AudioService$Lifecycle
05-27 14:24:49.307 D/SystemServerTimingAsync( 704): ssm.onUnlockingUser-0_com.android.server.soundtrigger_middleware.SoundTriggerMiddlewareService$Lifecycle
05-27 14:24:49.307 D/SystemServerTimingAsync( 704): ssm.onUnlockingUser-0_com.android.server.adb.AdbService$Lifecycle
05-27 14:24:49.307 D/SystemServerTimingAsync( 704): ssm.onUnlockingUser-0_com.android.server.usb.UsbService$Lifecycle
05-27 14:24:49.310 D/HdmiCecController( 704): [P]:AllocatedAddress=[0]
05-27 14:24:49.310 D/SystemServerTimingAsync( 704): ssm.onUnlockingUser-0_com.android.server.twilight.TwilightService
05-27 14:24:49.310 D/HDMI ( 704): [S]: 40:83
05-27 14:24:49.310 D/SystemServerTimingAsync( 704): ssm.onUnlockingUser-0_com.android.server.display.color.ColorDisplayService
05-27 14:24:49.311 D/SystemServerTimingAsync( 704): ssm.onUnlockingUser-0_com.android.server.job.JobSchedulerService
05-27 14:24:49.311 D/SystemServerTimingAsync( 704): ssm.onUnlockingUser-0_com.android.server.soundtrigger.SoundTriggerService
05-27 14:24:49.311 D/SystemServerTimingAsync( 704): ssm.onUnlockingUser-0_com.android.server.trust.TrustManagerService
05-27 14:24:49.311 D/SystemServerTimingAsync( 704): ssm.onUnlockingUser-0_com.android.server.backup.BackupManagerService$Lifecycle
05-27 14:24:49.311 D/SystemServerTimingAsync( 704): ssm.onUnlockingUser-0_com.android.server.appwidget.AppWidgetService
05-27 14:24:49.311 D/SystemServerTimingAsync( 704): ssm.onUnlockingUser-0_com.android.server.voiceinteraction.VoiceInteractionManagerService
05-27 14:24:49.312 W/VoiceInteractionManager( 704): no available voice recognition services found for user 0
05-27 14:24:49.313 D/SystemServerTimingAsync( 704): ssm.onUnlockingUser-0_com.android.server.GestureLauncherService
05-27 14:24:49.313 D/SystemServerTimingAsync( 704): ssm.onUnlockingUser-0_com.android.server.SensorNotificationService
05-27 14:24:49.313 D/SystemServerTimingAsync( 704): ssm.onUnlockingUser-0_com.android.server.emergency.EmergencyAffordanceService
05-27 14:24:49.313 D/SystemServerTimingAsync( 704): ssm.onUnlockingUser-0_com.android.server.blob.BlobStoreManagerService
05-27 14:24:49.313 D/SystemServerTimingAsync( 704): ssm.onUnlockingUser-0_com.android.server.dreams.DreamManagerService
05-27 14:24:49.313 D/SystemServerTimingAsync( 704): ssm.onUnlockingUser-0_com.android.server.security.AttestationVerificationManagerService
05-27 14:24:49.313 D/SystemServerTimingAsync( 704): ssm.onUnlockingUser-0_com.android.server.restrictions.RestrictionsManagerService
05-27 14:24:49.313 D/SystemServerTimingAsync( 704): ssm.onUnlockingUser-0_com.android.server.media.MediaSessionService
05-27 14:24:49.313 D/SystemServerTimingAsync( 704): ssm.onUnlockingUser-0_com.android.server.hdmi.HdmiControlService
05-27 14:24:49.313 D/SystemServerTimingAsync( 704): ssm.onUnlockingUser-0_com.android.server.tv.interactive.TvInteractiveAppManagerService
05-27 14:24:49.313 D/SystemServerTimingAsync( 704): ssm.onUnlockingUser-0_com.android.server.tv.TvInputManagerService
05-27 14:24:49.313 D/SystemServerTimingAsync( 704): ssm.onUnlockingUser-0_com.android.server.media.MediaResourceMonitorService
05-27 14:24:49.313 D/SystemServerTimingAsync( 704): ssm.onUnlockingUser-0_com.android.server.tv.TvRemoteService
05-27 14:24:49.313 D/SystemServerTimingAsync( 704): ssm.onUnlockingUser-0_com.android.server.biometrics.BiometricService
