05-27 14:25:47.873 D/hdmicecd( 512): [HdmiCecControl]:getPhysicalAddress, physical addr: 3000, last pa: 3000, ret = 0
05-27 14:25:47.873 D/HDMI ( 704): [S]: 40:0D
05-27 14:25:47.873 D/HDMI ( 704): ActiveSourceHistoryRecord active source=(0x04, 0x3000) isActiveSource=true from=OneTouchPlayAction#broadcastActiveSource()
05-27 14:25:47.873 D/HDMI ( 704): setActiveSource logical:0x04 physical:0x3000 ActiveSourceAction
05-27 14:25:47.874 D/hdmicecd( 512): [HdmiCecControl]:getPhysicalAddress, physical addr: 3000, last pa: 3000, ret = 0
05-27 14:25:47.874 D/hdmicecd( 512): [HdmiCecControl]:getPhysicalAddress, physical addr: 3000, last pa: 3000, ret = 0
05-27 14:25:47.875 D/HDMI ( 704): ActiveSourceHistoryRecord active source=(0x04, 0x3000) isActiveSource=true from=ActiveSourceAction
05-27 14:25:47.876 D/HdmiControlService( 704): Switching to full volume behavior
05-27 14:25:47.876 E/hq ( 1519): HomeKeyReceiver:::onReceive android.intent.action.CLOSE_SYSTEM_DIALOGS
05-27 14:25:47.876 D/HomeKeyReceiver( 1519): reason:-----------homekey
05-27 14:25:47.876 W/eventbuscore( 1519): post Event:com.dangbei.leard.base.entity.event.HomeEvent
05-27 14:25:47.877 D/EventBus( 3250): No subscribers registered for event class com.dangbei.haqusetting.model.bean.event.RootEvent
05-27 14:25:47.877 D/EventBus( 3250): No subscribers registered for event class org.greenrobot.eventbus.NoSubscriberEvent
05-27 14:25:47.877 D/WindowManagerShell( 990): TvPipMenuController: closeMenu()
05-27 14:25:47.877 I/WindowManagerShell( 990): TvPipMenuController: switchToMenuMode: setting mCurrentMenuMode=MODE_NO_MENU, mPrevMenuMode=MODE_NO_MENU
05-27 14:25:47.879 D/HdmiControlService( 704): Switching to full volume behavior
05-27 14:25:47.879 I/vol.VolumeDialogImpl( 990): mDialog.dismiss() reason: volume_controller from: com.android.systemui.volume.VolumeDialogImpl$7.onDismissRequested:3
05-27 14:25:47.880 W/eventbuscore( 1519): post Event:com.dangbei.leard.base.entity.event.SwitchLauncherPageEvent
05-27 14:25:47.883 I/VDA ( 505): [0##3]"ServiceDeviceTask INs=79/80, OUTs=73/80"" {IN=1/8, OUT=6/13[kAtAccelerator(0) kAtDevice(7) kAtClient(6)]}"
05-27 14:25:47.885 E/CellBroadcastUtils( 704): getDefaultCellBroadcastReceiverPackageName: no package found
05-27 14:25:47.896 I/ActivityTaskManager( 704): START u0 {act=android.intent.action.MAIN cat=[android.intent.category.HOME] flg=0x10000100 cmp=com.dangbei.leard.leradlauncher/com.dangbei.launcher.home.LauncherActivity (has extras)} with LAUNCH_SINGLE_TASK from uid 0 (BAL_ALLOW_ALLOWLISTED_UID) result code=2
05-27 14:25:47.897 V/WindowManagerShell( 990): Transition requested: android.os.BinderProxy@d8bdb1d TransitionRequestInfo { type = 1, triggerTask = TaskInfo{userId=0 taskId=102 displayId=0 isRunning=true baseIntent=Intent { act=android.intent.action.MAIN cat=[android.intent.category.HOME] flg=0x10800100 cmp=com.dangbei.leard.leradlauncher/com.dangbei.launcher.home.LauncherActivity } baseActivity=ComponentInfo{com.dangbei.leard.leradlauncher/com.dangbei.launcher.home.LauncherActivity} topActivity=ComponentInfo{com.dangbei.leard.leradlauncher/com.dangbei.launcher.home.LauncherActivity} origActivity=null realActivity=ComponentInfo{com.dangbei.leard.leradlauncher/com.dangbei.launcher.home.LauncherActivity} numActivities=1 lastActiveTime=71130 supportsMultiWindow=true resizeMode=0 isResizeable=false minWidth=-1 minHeight=-1 defaultMinSize=220 token=WCT{android.window.IWindowContainerToken$Stub$Proxy@6bd5192} topActivityType=2 pictureInPictureParams=null shouldDockBigOverlays=true launchIntoPipHostTaskId=-1 lastParentTaskIdBeforePip=-1 displayCutoutSafeInsets=null topActivityInfo=ActivityInfo{6626763 com.dangbei.launcher.home.LauncherActivity} launchCookies=[] positionInParent=Point(0, 0) parentTaskId=-1 isFocused=true isVisible=false isVisibleRequested=false isSleeping=false topActivityInSizeCompat=false topActivityEligibleForLetterboxEducation= false isLetterboxDoubleTapEnabled= false topActivityEligibleForUserAspectRatioButton= false topActivityBoundsLetterboxed= false isFromLetterboxDoubleTap= false topActivityLetterboxVerticalPosition= -1 topActivityLetterboxHorizontalPosition= -1 topActivityLetterboxWidth=-1 topActivityLetterboxHeight=-1 isUserFullscreenOverrideEnabled=false isTopActivityTransparent=false locusId=null displayAreaFeatureId=1 cameraCompatControlState=hidden}, remoteTransition = null, displayChange = null, flags = 0 }
05-27 14:25:47.897 D/onUserLeaveHint :( 3391): onUserLeaveHint
05-27 14:25:47.898 W/ActivityTaskManager( 704): Duplicate finish request for r=ActivityRecord{7eaa260 u0 com.dangbei.leard.leradlauncher/.module.vipcenter.VipCenterActivity t102 f}}
05-27 14:25:47.898 D/yc_test ( 3391): getWatchRecord: currentProgress:1206559
05-27 14:25:47.898 E/BaseMediaDetailP( 3391): requestChangePlayRecord:68075221,jump:JumpConfig{type=5, link='null', param=IQiyiJumpParam{playType=null, albumId='5567532336805201', tvId='4825528930037400', channelId='null', programId='null', isVip=1, isTvod=0, playEpisode='1', videoType=1970, playStartTime=1206559, playDuration=1984000, isAdvance=null, isPreview=null}, limitVipId=null, appInfo=null}
05-27 14:25:47.900 D/lau_LauncherLogManager( 3391): onActivityPaused FilmDetailActivity ,,, com.dangbei.launcher.media.ui.media.film.FilmDetailActivity@51570a
05-27 14:25:47.901 D/yc_test ( 3391): getWatchRecord: currentProgress:1206559
05-27 14:25:47.901 E/BaseMediaDetailP( 3391): requestChangePlayRecord:68075221,jump:JumpConfig{type=5, link='null', param=IQiyiJumpParam{playType=null, albumId='5567532336805201', tvId='4825528930037400', channelId='null', programId='null', isVip=1, isTvod=0, playEpisode='1', videoType=1970, playStartTime=1206559, playDuration=1984000, isAdvance=null, isPreview=null}, limitVipId=null, appInfo=null}
05-27 14:25:47.902 V/UNIPLAYERSDK( 3391): MediaPlayerImpl.cpp:417 [MediaPlayerImpl@0xeb6bd8d4]isSleeping ret=0
05-27 14:25:47.902 I/TvUniPlayer/UniPlayer@52ede0f( 3391): isSleeping:false
05-27 14:25:47.902 I/TvUniPlayer/UniPlayer@52ede0f( 3391): sleep()
05-27 14:25:47.902 D/PlayStaticsReporter( 3391): start sendOnStop
05-27 14:25:47.902 D/PlayStaticsReporter( 3391): sendPlayStatus: 发送观看状态 0
05-27 14:25:47.904 D/BaseMediaDetailActivity( 3391): activity_life_onPause
05-27 14:25:47.905 I/TvUniPlayer/SdkMediaPlayer@b374e9c( 3391): native_sleep
05-27 14:25:47.905 D/TVUNIPLAYER( 3391): gala_player_SdkMediaPlayer.cpp:540 gala_player_SdkMediaPlayer_sleep()
05-27 14:25:47.906 I/UNIPLAYERSDK( 3391): MediaPlayerImpl.cpp:739 [MediaPlayerImpl@0xeb6bd8d4]sleep()
05-27 14:25:47.906 I/UNIPLAYERSDK( 3391): WakeModeSetter.cpp:91 stayAwake() awake = 0.
05-27 14:25:47.906 D/WakeModeSetter( 3391): stayAwake awake:false,mWakeLock.isHeld():true
05-27 14:25:47.908 I/UNIPLAYERSDK( 3391): MediaPlayerAdaptor.cpp:297 [PumaPlayerAdaptor@0xe45213e4]doHandleMessage(KMSG_ACTION_SLEEP, arg1:-111, arg2:-111)
05-27 14:25:47.908 I/UNIPLAYERSDK( 3391): MediaPlayerAdaptor.cpp:297 [PumaPlayerAdaptor@0xe45213e4]doHandleMessage(KMSG_INNERACTION_EVENT_SLEEPING, arg1:-111, arg2:-111)
05-27 14:25:47.908 I/UNIPLAYERSDK( 3391): MediaPlayerListenerContainer.cpp:193 onSleeping
05-27 14:25:47.908 I/TVUNIPLAYER( 3391): JNIMediaPlayerOnStateChangedListener.cpp:59 onSleeping(player=0xeb6bd870, media=0xeb3eca10)
05-27 14:25:47.909 I/TvUniPlayer/SdkMediaPlayer@b374e9c( 3391): postEventFromNative(118, 0, 0, null)
05-27 14:25:47.909 I/TvUniPlayer/UniPlayer@52ede0f( 3391): player sdk event:118,hasBarrier:false
05-27 14:25:47.909 V/WindowManager( 704): app ------------- force_land :0
05-27 14:25:47.910 D/UNIPLAYERSDK( 3391): BaseState.cpp:42 [PumaPlayerAdaptor@0xe45213e4@0xb1bd28e8]{fm(KMSG_INNERACTION_EVENT_SLEEPING),ret(0),at(2,798,800),s(5,-2,-2,-2,5),fm=Message@0xe46e4230{what=2097213,when=18446744073709551615,arg1=-1111111111,arg2=-1111111111,arg3=-1111111111,str=,timeout=0,obj=0x0,runnable=0x0,target=0x0,watchDogOp=0x0}
05-27 14:25:47.910 D/UNIPLAYERSDK( 3391): BaseState.cpp:56 [PumaPlayerAdaptor@0xe45213e4@0xb1bd28e8]{fm(KMSG_INNERACTION_EVENT_SLEEPING),o(AudioPrevi)-t(0,798,798),o(BitstreamS)-t(0,798,798),o(CarouselPr)-t(0,798,798),o(FastHelper)-t(0,798,798),o(HeaderTail)-t(0,798,798),o(HighLights)-t(0,798,798),o(InteractPr)-t(0,798,798),o(LivePrevie)-t(0,798,798),o(MediaPlaye)-t(1,798,799),o(MovieVVInf)-t(0,798,798),o(PPrecacher)-t(0,798,798),o(PlayerStuc)-t(0,798,798),o(PumaAbsCmd)-t(0,798,798),o(PumaAdvert)-t(0,798,798),o(PumaBuffer)-t(0,798,798),o(PumaError@)-t(0,798,798),o(PumaMediaD)-t(0,798,798),o(PumaPlayer)-t(0,798,798),o(PumaRate@0)-t(0,798,798),o(PumaSegmen)-t(0,798,798),o(PumaSubtit)-t(0,798,798),o(RefreshAcc)-t(0,798,798),o(RefreshSer)-t(0,798,798),o(SceneKeepe)-t(0,798,798),o(SetRate@0x)-t(0,798,798),o(SwitchEpis)-t(0,798,798),o(VideoPlayC)-t(0,798,798)}
05-27 14:25:47.910 I/UNIPLAYERSDK( 3391): PumaPlayer.cpp:604 [PumaPlayer@0xab1e295c]sleep()
05-27 14:25:47.910 W/UNIPLAYERSDK( 3391): PumaPlayer.cpp:179 [PumaPlayer@0xab1e295c]releaseWindow()
05-27 14:25:47.910 I/CLog ( 3391): 2025-05-27 14:25:47.910 T:3464 INFO: [0xcfa27d80]CMctoMediaPlayer::SetWindow(0x0), type=0...
05-27 14:25:47.910 I/CLog ( 3391): 2025-05-27 14:25:47.910 T:3464 INFO: SetWindow:0,0
05-27 14:25:47.910 I/CLog ( 3391): 2025-05-27 14:25:47.910 T:3464 INFO: PlayCoreManager::SetWindow-- hard_render----begin
05-27 14:25:47.910 I/CLog ( 3391): 2025-05-27 14:25:47.910 T:3464 INFO: RM::1,SetWindow window:0x0 sleepwakeup_mode: 0, type: 0
05-27 14:25:47.910 I/CLog ( 3391): 2025-05-27 14:25:47.910 T:3464 INFO: RM_RE::1, SetWindow sendMsg Begin, sync: 1, window: 0x0
05-27 14:25:47.910 W/WindowOnBackDispatcher( 1519): sendCancelIfRunning: isInProgress=falsecallback=android.view.ViewRootImpl$$ExternalSyntheticLambda17@bedc334
05-27 14:25:47.910 V/UNIPLAYERSDK( 3391): PerformaceStepInfo.cpp:312 doRecord 14 80799 0
05-27 14:25:47.911 I/BpBinder( 273): onLastStrongRef automatically unlinking death recipients:
05-27 14:25:47.916 D/CoreBackPreview( 704): Window{80775bf u0 com.dangbei.leard.leradlauncher/com.dangbei.leard.leradlauncher.module.vipcenter.VipCenterActivity}: Setting back callback null
05-27 14:25:47.917 I/TvUniPlayer/UniPlayer@52ede0f( 3391): in handleMessage event:118
05-27 14:25:47.919 W/InputManager-JNI( 704): Input channel object '80775bf com.dangbei.leard.leradlauncher/com.dangbei.leard.leradlauncher.module.vipcenter.VipCenterActivity (client)' was disposed without first being removed with the input manager!
05-27 14:25:47.926 I/CLog ( 3391): 2025-05-27 14:25:47.926 T:3678 DEBUG: CalcEmptyMemory, 204544
05-27 14:25:47.927 I/CLog ( 3391): 2025-05-27 14:25:47.927 T:3678 DEBUG: GetADCountdown 2959, return 117041
05-27 14:25:47.928 I/CLog ( 3391): 2025-05-27 14:25:47.927 T:3681 INFO: RM_RE::1,RENDER_SET_WINDOW
05-27 14:25:47.928 I/CLog ( 3391): 2025-05-27 14:25:47.928 T:3681 INFO: RM_RE::1,_setWindow begin, this:0xeb72b510 window:0x0, view_type:0
05-27 14:25:47.928 I/CLog ( 3391): 2025-05-27 14:25:47.928 T:3681 INFO: RM_RE::1,_callCloseCodecCallBack close_codec_callback_fn_(), ctx = 0xeb23bb00
05-27 14:25:47.928 I/CLog ( 3391): 2025-05-27 14:25:47.928 T:3681 INFO: RM_MCD::1,CallbackCloseCodec resetOutputSurface, support_dummy_surface: 1, support_wakeup_sleep_opt: 0
05-27 14:25:47.928 I/CLog ( 3391): 2025-05-27 14:25:47.928 T:3681 INFO: RM_MCD::1,_resetSurface mc_state_:1
05-27 14:25:47.937 D/db_request( 3391): SignAndEncrypt originalHttpUrl: https://ottdbui-tyapiqun7.yysh.mgtv.com/v1/collect/playrecord?vid=68075221&lastplay=%7B%22type%22%3A5%2C%22param%22%3A%7B%22albumId%22%3A%225567532336805201%22%2C%22isTvod%22%3A0%2C%22isVip%22%3A1%2C%22playDuration%22%3A1984000%2C%22playEpisode%22%3A%221%22%2C%22startTime%22%3A1206559%2C%22tvId%22%3A%224825528930037400%22%2C%22cid%22%3A1970%7D%7D&source_type=12&deviceEid=65092d8434c5f8b39a024b31fcca7677&mac=F8%3AE4%3A3B%3A32%3A0B%3AA2&userid=2720729&brand=Amlogic&rommodel=DBBOX-A3&rommodelnumber=H5P464&romvercode=5004&romvername=5.0.0.4&channel=DBBOX-A3&vcode=102941&vname=2.9.4.1&packagename=com.dangbei.hqmedia&sn=DZOH5P8251988096&cpuserial=0000000000000000&license=mgtv&network=1
05-27 14:25:47.940 D/db_request( 3391): SignAndEncrypt real url: https://ottdbui-tyapiqun7.yysh.mgtv.com/v1/collect/playrecord?vid=3MkPpK5ralkAnFQTp2YhtA%3D%3D&lastplay=buuVlGBcW2aiYXJRCV%2FEbmI5STSDUIdETxNqqzzlmidDsjk4LU8pDbH2aEQMYEfPYNqI4kymvHloWhHyZpCZFX67YMDbS7UKgEa4OAEZcsFaGXoL%2BiqM6XKlUw%2Fpox9op%2FWQTTRXSL7WeORGYQJZBilow00G5BDSJ3zmE0k7a96qBL3Bx%2FoHjRGPvyYHopAO9djEdMFLf%2BzH8YGO%2F06IZPw44g5sAX8ISWobTQGoYkY%3D&source_type=KWRcr3vdn%2Bc%3D&deviceEid=8CNDMGGaq7BZFAvGu9bZoZN5B68z2pFiKBt%2BbEI%2BTnNVM4nSv0jwVQ%3D%3D&mac=n6uI1OGP43BTqqOkVOY4OMbsCIeIviws&userid=1umXn6aMAps%3D&brand=yX9G3n%2BCRfo%3D&rommodel=yOjHVedNSYg5sKMTZcMv%2Bg%3D%3D&rommodelnumber=AcRpJnmM0co%3D&romvercode=%2FUnkSp9bpS0%3D&romvername=DkjYSkeCvfA%3D&channel=yOjHVedNSYg5sKMTZcMv%2Bg%3D%3D&vcode=glBqqERuO34%3D&vname=M8ppljYl8c8%3D&packagename=qzBdBNULiCnlsdmGZxyXOcOoZ80nK%2F7H&sn=f3S8sdYMuxpgXlNGNkMErSADpdx732cS&cpuserial=PlZpqfc1JpxOOZ0anAV38AcloAYinsDQ&license=Hs4jp68qr9I%3D&network=4Beei9NZNdo%3D
05-27 14:25:47.940 W/UsageStatsService( 704): Unexpected activity event reported! (com.dangbei.leard.leradlauncher/com.dangbei.leard.leradlauncher.module.vipcenter.VipCenterActivity event : 23 instanceId : 44077849)
05-27 14:25:47.941 E/Hcdn_DeTask220659184( 3391): HCDN_LOG: [T:3627][HINFO]:[f:PostNotifyInfo],[l:248], notify type(6),info({"BandWidth":1925120,"IsAd":1,"IsP2P":0,"VID":""}
05-27 14:25:47.941 E/Hcdn_DeTask220659184( 3391): )
05-27 14:25:47.942 W/abs_update_info( 3391): HCDN_LOG: [T:3627][HERROR]:[f:CalcVidCacheBytesFromReadOffset],[l:2489],UPDATA CALC:vid:,task_seg=0, task_offset=196608, cur_cache_bytes=311296, total_cache_bytes=311296, fileToEnd=0
05-27 14:25:47.942 W/abs_update_info( 3391): HCDN_LOG: [T:3627][HERROR]:[f:UpdateForABS],[l:2545],UPDATA:vid:,i64ReadOffset=0, cache=311296, CachedBytes=311296
05-27 14:25:47.942 E/Hcdn_DeTask3589828670( 3391): HCDN_LOG: [T:3627][HINFO]:[f:PostNotifyInfo],[l:248], notify type(6),info({"BandWidth":0,"IsAd":1,"IsP2P":1,"VID":""}
05-27 14:25:47.942 E/Hcdn_DeTask3589828670( 3391): )
05-27 14:25:47.942 E/playfilesourceNew( 3391): HCDN_LOG: [T:3619][HINFO]:[f:DoAsynNotifyInfoResponse],[l:2605],[TaskID(220659184),type(6),msg({"BandWidth":1925120,"IsAd":1,"IsP2P":0,"VID":""}
05-27 14:25:47.942 E/playfilesourceNew( 3391): )!]
05-27 14:25:47.942 E/playfilesourceNew( 3391): HCDN_LOG: [T:3619][HINFO]:[f:DoAsynNotifyInfoResponse],[l:2605],[TaskID(3589828670),type(6),msg({"BandWidth":0,"IsAd":1,"IsP2P":1,"VID":""}
05-27 14:25:47.942 E/playfilesourceNew( 3391): )!]
05-27 14:25:47.942 E/abs_info( 3391): HCDN_LOG: [T:3619][HINFO]:[f:PostABSInfo],[l:7214],Task(2), SetABSInterface ret(0) SetParam("DownloadStatusByHcdn", {"BandWidth":0,"BandWidth_1":14376960,"IsAd":1,"IsP2P":1,"VID":""}
05-27 14:25:47.942 E/abs_info( 3391): )
05-27 14:25:47.944 D/db_request( 3391): SignAndEncrypt originalHttpUrl: https://ottdbui-tyapiqun7.yysh.mgtv.com/v1/collect/playrecord?vid=68075221&lastplay=%7B%22type%22%3A5%2C%22param%22%3A%7B%22albumId%22%3A%225567532336805201%22%2C%22isTvod%22%3A0%2C%22isVip%22%3A1%2C%22playDuration%22%3A1984000%2C%22playEpisode%22%3A%221%22%2C%22startTime%22%3A1206559%2C%22tvId%22%3A%224825528930037400%22%2C%22cid%22%3A1970%7D%7D&source_type=12&deviceEid=65092d8434c5f8b39a024b31fcca7677&mac=F8%3AE4%3A3B%3A32%3A0B%3AA2&userid=2720729&brand=Amlogic&rommodel=DBBOX-A3&rommodelnumber=H5P464&romvercode=5004&romvername=5.0.0.4&channel=DBBOX-A3&vcode=102941&vname=2.9.4.1&packagename=com.dangbei.hqmedia&sn=DZOH5P8251988096&cpuserial=0000000000000000&license=mgtv&network=1
05-27 14:25:47.947 D/sgw_debug( 1519): stopReckon
05-27 14:25:47.948 E/hq ( 1519): 播放时长统计:::停止倒计时: 1748327143490 true
05-27 14:25:47.948 D/db_request( 3391): SignAndEncrypt real url: https://ottdbui-tyapiqun7.yysh.mgtv.com/v1/collect/playrecord?vid=3MkPpK5ralkAnFQTp2YhtA%3D%3D&lastplay=buuVlGBcW2aiYXJRCV%2FEbmI5STSDUIdETxNqqzzlmidDsjk4LU8pDbH2aEQMYEfPYNqI4kymvHloWhHyZpCZFX67YMDbS7UKgEa4OAEZcsFaGXoL%2BiqM6XKlUw%2Fpox9op%2FWQTTRXSL7WeORGYQJZBilow00G5BDSJ3zmE0k7a96qBL3Bx%2FoHjRGPvyYHopAO9djEdMFLf%2BzH8YGO%2F06IZPw44g5sAX8ISWobTQGoYkY%3D&source_type=KWRcr3vdn%2Bc%3D&deviceEid=8CNDMGGaq7BZFAvGu9bZoZN5B68z2pFiKBt%2BbEI%2BTnNVM4nSv0jwVQ%3D%3D&mac=n6uI1OGP43BTqqOkVOY4OMbsCIeIviws&userid=1umXn6aMAps%3D&brand=yX9G3n%2BCRfo%3D&rommodel=yOjHVedNSYg5sKMTZcMv%2Bg%3D%3D&rommodelnumber=AcRpJnmM0co%3D&romvercode=%2FUnkSp9bpS0%3D&romvername=DkjYSkeCvfA%3D&channel=yOjHVedNSYg5sKMTZcMv%2Bg%3D%3D&vcode=glBqqERuO34%3D&vname=M8ppljYl8c8%3D&packagename=qzBdBNULiCnlsdmGZxyXOcOoZ80nK%2F7H&sn=f3S8sdYMuxpgXlNGNkMErSADpdx732cS&cpuserial=PlZpqfc1JpxOOZ0anAV38AcloAYinsDQ&license=Hs4jp68qr9I%3D&network=4Beei9NZNdo%3D
05-27 14:25:47.949 D/TrafficStats( 3391): tagSocket(135) with statsTag=0xffffffff, statsUid=-1
05-27 14:25:47.950 D/TrafficStats( 3391): tagSocket(480) with statsTag=0xffffffff, statsUid=-1
05-27 14:25:47.953 D/hdmicecd( 512): [CEC]:printCecMessage, [4 -> 0] len: 1, body: 0d, result:success
05-27 14:25:47.953 D/HDMI ( 704): [S]: 4F:82:30:00
05-27 14:25:47.954 D/hdmicecd( 512): [HdmiCecControl]:updateActiveState sending messag:82 active state:1
05-27 14:25:47.959 I/hq ( 1519): 当小贝:::showMessage from=mActivityLifecycleCallbacks
05-27 14:25:47.960 I/hq ( 1519): 当小贝:::showMessage 没有消息需要显示
05-27 14:25:47.960 D/SurfaceUtils( 3391): connecting to surface 0xeb3b0ce8, reason connectToSurface
05-27 14:25:47.960 I/MediaCodec( 3391): [c2.amlogic.hevc.decoder] setting surface generation to 3472386
05-27 14:25:47.960 D/SurfaceUtils( 3391): disconnecting from surface 0xeb3b0ce8, reason connectToSurface(reconnect)
05-27 14:25:47.960 D/SurfaceUtils( 3391): connecting to surface 0xeb3b0ce8, reason connectToSurface(reconnect)
05-27 14:25:47.961 D/Codec2-OutputBufferQueue( 3391): C2SurfaceSyncMemory created 20(20)
05-27 14:25:47.961 D/Codec2-OutputBufferQueue( 3391): remote graphic buffer migration 3/3
05-27 14:25:47.961 D/Codec2Client( 3391): setOutputSurface -- generation=3472386 consumer usage=0x900 sync
05-27 14:25:47.964 I/CLog ( 3391): 2025-05-27 14:25:47.964 T:3678 DEBUG: InvokeCommand, is_rtc (null)
05-27 14:25:47.964 I/CLog ( 3391): 2025-05-27 14:25:47.964 T:3678 DEBUG: DataPush to read:100,size(6),[7639-7709]
05-27 14:25:47.965 D/C2BqBuffer( 505): local generation change 3472386 , bqId: 14564234100741 migrated buffers # 7
05-27 14:25:47.965 D/Codec2Client( 3391): Surface configure completed
05-27 14:25:47.965 D/SurfaceUtils( 3391): disconnecting from surface 0xeb3ac158, reason disconnectFromSurface
05-27 14:25:47.969 I/CLog ( 3391): 2025-05-27 14:25:47.969 T:3681 INFO: RM_MCD::1,_resetSurface end QOS mc_state_:1 time: 41, lock:32, sfc_crt:0, sfc_set:9
05-27 14:25:47.969 I/CLog ( 3391): 2025-05-27 14:25:47.969 T:3681 INFO: RM_RE::1,_callCloseCodecCallBack done
05-27 14:25:47.969 I/CLog ( 3391): 2025-05-27 14:25:47.969 T:3681 INFO: RM_VRM::1,SetWindow, 0x0
05-27 14:25:47.969 I/CLog ( 3391): 2025-05-27 14:25:47.969 T:3681 INFO: RM_EGLWS::1, SetDevWindow, null, r = 1
05-27 14:25:47.969 I/CLog ( 3391): 2025-05-27 14:25:47.969 T:3681 INFO: RM_VRM::1,SetWindow, 0x0 end
05-27 14:25:47.969 I/CLog ( 3391): 2025-05-27 14:25:47.969 T:3681 INFO: RM_SUHU::1,releaseSurfaceObj 0x47ee
05-27 14:25:47.969 I/CLog ( 3391): 2025-05-27 14:25:47.969 T:3681 INFO: RM_RE::1,_setWindow end, this:0xeb72b510, window:0x0
05-27 14:25:47.970 I/CLog ( 3391): 2025-05-27 14:25:47.970 T:3464 INFO: RM_RE::1, SetWindow sendMsg End, consumed:60
05-27 14:25:47.970 I/CLog ( 3391): 2025-05-27 14:25:47.970 T:3464 INFO: PlayCoreManager::SetWindow-- hard_render----end
05-27 14:25:47.970 I/UNIPLAYERSDK( 3391): PumaPlayerListener.cpp:521 [PumaPlayerListener@0xb6ce2b60]OnWindowChanged null
05-27 14:25:47.970 I/CLog ( 3391): 2025-05-27 14:25:47.970 T:3464 INFO: [0xcfa27d80]CMctoMediaPlayer::Sleep
05-27 14:25:47.970 I/CLog ( 3391): 2025-05-27 14:25:47.970 T:3464 DEBUG: [0xcfa27d80]CMctoMediaPlayer::Invoke_iqyplayer_Cmd cmd:4101,params:(null)
05-27 14:25:47.970 I/CLog ( 3391): 2025-05-27 14:25:47.970 T:3464 INFO: RM::1, unknown command(4101)
05-27 14:25:47.970 I/CLog ( 3391): 2025-05-27 14:25:47.970 T:3678 INFO: SleepPlayer
05-27 14:25:47.970 V/UNIPLAYERSDK( 3391): Advertisement.cpp:389 [PumaAdvertisement@0xa340030c]HandleStateExitMessage() msg = KMSG_STATEEXIT_AD_PLAYING
05-27 14:25:47.970 I/UNIPLAYERSDK( 3391): MediaPlayerAdaptor.cpp:297 [PumaPlayerAdaptor@0xe45213e4]doHandleMessage(KMSG_STATEEXIT_AD_PLAYING, arg1:11, arg2:-111)
05-27 14:25:47.970 V/UNIPLAYERSDK( 3391): MediaPlayerListenerContainer.cpp:322 HandleStateExitMessage() msg = KMSG_STATEEXIT_AD_PLAYING
05-27 14:25:47.970 D/UNIPLAYERSDK( 3391): BaseState.cpp:42 [PumaPlayerAdaptor@0xe45213e4@0xb1bd28e8]{fm(KMSG_STATEEXIT_AD_PLAYING),ret(0),at(0,860,860),s(5,-2,-2,-2,5),fm=Message@0xe46e4230{what=25165923,when=18446744073709551615,arg1=11,arg2=-1111111111,arg3=-1111111111,str=,timeout=0,obj=0x0,runnable=0x0,target=0x0,watchDogOp=0x0}
05-27 14:25:47.971 D/UNIPLAYERSDK( 3391): BaseState.cpp:56 [PumaPlayerAdaptor@0xe45213e4@0xb1bd28e8]{fm(KMSG_STATEEXIT_AD_PLAYING),o(AudioPrevi)-t(0,860,860),o(BitstreamS)-t(0,860,860),o(CarouselPr)-t(0,860,860),o(FastHelper)-t(0,860,860),o(HeaderTail)-t(0,860,860),o(HighLights)-t(0,860,860),o(InteractPr)-t(0,860,860),o(LivePrevie)-t(0,860,860),o(MediaPlaye)-t(0,860,860),o(MovieVVInf)-t(0,860,860),o(PPrecacher)-t(0,860,860),o(PlayerStuc)-t(0,860,860),o(PumaAbsCmd)-t(0,860,860),o(PumaAdvert)-t(0,860,860),o(PumaBuffer)-t(0,860,860),o(PumaError@)-t(0,860,860),o(PumaMediaD)-t(0,860,860),o(PumaPlayer)-t(0,860,860),o(PumaRate@0)-t(0,860,860),o(PumaSegmen)-t(0,860,860),o(PumaSubtit)-t(0,860,860),o(RefreshAcc)-t(0,860,860),o(RefreshSer)-t(0,860,860),o(SceneKeepe)-t(0,860,860),o(SetRate@0x)-t(0,860,860),o(SwitchEpis)-t(0,860,860),o(VideoPlayC)-t(0,860,860)}
05-27 14:25:47.971 I/UNIPLAYERSDK( 3391): MediaPlayerAdaptor.cpp:282 [PumaPlayerAdaptor@0xe45213e4]onPlayerStateChanged(5:AD_PLAYING, 11:SLEEPED)
05-27 14:25:47.971 I/UNIPLAYERSDK( 3391): MediaPlayerAdaptor.cpp:297 [PumaPlayerAdaptor@0xe45213e4]doHandleMessage(KMSG_STATECHANGED_SLEEPED, arg1:5, arg2:-111)
05-27 14:25:47.971 D/UNIPLAYERSDK( 3391): MediaPlayerListenerContainer.cpp:542 HandleStateChangedMessage() msg = KMSG_STATECHANGED_SLEEPED
05-27 14:25:47.971 V/UNIPLAYERSDK( 3391): MediaPlayerListenerContainer.cpp:549 OnStateMachineChanged
05-27 14:25:47.971 I/CLog ( 3391): 2025-05-27 14:25:47.970 T:3678 DEBUG: GetCurrentDefinition bs=500, have 8 defs, ret=0xe37d8e50
05-27 14:25:47.971 D/TVUNIPLAYER( 3391): JNIMediaPlayerOnStateMachineListener.cpp:18 onStateChanged(player=0xeb6bd870, media=0xeb3eca10, from=5, to=11)
05-27 14:25:47.971 I/CLog ( 3391): 2025-05-27 14:25:47.971 T:3678 DEBUG: GetCurrentDefinition bs=500, have 8 defs, ret=0xe37d8e50
05-27 14:25:47.971 I/CLog ( 3391): 2025-05-27 14:25:47.971 T:3678 INFO: SleepPlayer(AD), mode:0, video:1206559, ad:3005, cp:0
05-27 14:25:47.971 I/CLog ( 3391): 2025-05-27 14:25:47.971 T:3678 INFO: RM_DEM::1,Clear seek: 0
05-27 14:25:47.971 I/CLog ( 3391): 2025-05-27 14:25:47.971 T:3678 INFO: PlayCoreManager::Sleep begin
05-27 14:25:47.971 I/CLog ( 3391): 2025-05-27 14:25:47.971 T:3678 INFO: RM::1,Sleep
05-27 14:25:47.971 I/CLog ( 3391): 2025-05-27 14:25:47.971 T:3678 INFO: RM_PC::1,EndMovie, is_clear_picture: 0
05-27 14:25:47.972 I/TvUniPlayer/SdkMediaPlayer@b374e9c( 3391): postEventFromNative(1901, 5, 11, null)
05-27 14:25:47.972 I/TvUniPlayer/UniPlayer@52ede0f( 3391): player sdk event:1901,hasBarrier:false
05-27 14:25:47.972 I/CLog ( 3391): 2025-05-27 14:25:47.972 T:3682 INFO: RM_PC::1,_updatePlayState, abs_clock:4476748us, playing_clock:3012868us
05-27 14:25:47.972 I/CLog ( 3391): 2025-05-27 14:25:47.972 T:3682 DEBUG: RM_PC::1,_innerSetPlaySpeed(1000 --> 0), state_.ts_us:4476748,state_.play_time_ms:3012
05-27 14:25:47.972 I/CLog ( 3391): 2025-05-27 14:25:47.972 T:3682 DEBUG: RM_PA::1,SetSpeed:0
05-27 14:25:47.972 D/UNIPLAYERSDK( 3391): BaseState.cpp:42 [PumaPlayerAdaptor@0xe45213e4@0xb1bd28e8]{fm(KMSG_STATECHANGED_SLEEPED),ret(0),at(1,861,862),s(5,-2,-2,-2,5),fm=Message@0xe46e4230{what=4194409,when=18446744073709551615,arg1=5,arg2=-1111111111,arg3=-1111111111,str=,timeout=0,obj=0x0,runnable=0x0,target=0x0,watchDogOp=0x0}
05-27 14:25:47.972 I/CLog ( 3391): 2025-05-27 14:25:47.972 T:3682 DEBUG: RM_PV::1,SetSpeed:0
05-27 14:25:47.975 I/CLog ( 3391): 2025-05-27 14:25:47.975 T:3682 INFO: RM_PC::1,PLAYER_SET_ENDMOVIE(clear:0)
05-27 14:25:47.975 I/CLog ( 3391): 2025-05-27 14:25:47.975 T:3682 INFO: RM_PV::1,CloseStream, clear:0, from: 0
05-27 14:25:47.975 I/CLog ( 3391): 2025-05-27 14:25:47.975 T:3682 INFO: RM_SPV::1,Seek cur_switch_stream_id_:-1
05-27 14:25:47.976 I/CLog ( 3391): 2025-05-27 14:25:47.976 T:3685 INFO: RM_SPV::1,Proc, SUB_PLAYER_CLEAR_PACKETS coming switch_stream_id:0, cur_cocec_switch_stream_id_:-1
05-27 14:25:47.979 I/CLog ( 3391): 2025-05-27 14:25:47.974 T:3686 INFO: RM_PA::1,PLAYER_SETSPEED:0
05-27 14:25:47.979 I/CLog ( 3391): 2025-05-27 14:25:47.979 T:3686 INFO: RM_PTSOPQ::1,Pause current_.pts:2972154
05-27 14:25:47.980 E/OpenGLRenderer( 1519): Unable to match the desired swap behavior.
05-27 14:25:47.980 D/TrafficStats( 1519): tagSocket(115) with statsTag=0xffffffff, statsUid=-1
05-27 14:25:47.985 I/CLog ( 3391): 2025-05-27 14:25:47.984 T:3680 DEBUG: RM_ATS::1,Pause
05-27 14:25:47.986 I/CLog ( 3391): 2025-05-27 14:25:47.986 T:3678 INFO: PlayCoreManager::Sleep end
05-27 14:25:47.987 I/CLog ( 3391): 2025-05-27 14:25:47.987 T:3678 INFO: ADPlayerManager::Sleep
05-27 14:25:47.987 I/CLog ( 3391): 2025-05-27 14:25:47.987 T:3678 INFO: [5002]PauseLoadStream, 3
05-27 14:25:47.987 I/CLog ( 3391): 2025-05-27 14:25:47.987 T:3678 DEBUG: ADHCDNLoader::Pause
05-27 14:25:47.987 I/CLog ( 3391): 2025-05-27 14:25:47.987 T:3678 DEBUG: [5002]CHCDNControl::Pause ReturnImmediately begin
05-27 14:25:47.987 I/CLog ( 3391): 2025-05-27 14:25:47.987 T:3678 DEBUG: [5002]CHCDNControl::Pause ReturnImmediately end
05-27 14:25:47.987 I/CLog ( 3391): 2025-05-27 14:25:47.987 T:3678 DEBUG: [5002]CHCDNControl::Sleep begin
05-27 14:25:47.990 E/p2pfile ( 3391): HCDN_LOG: [T:3678][HWARN]:[f:Sleep],[l:5502],[Task(2),sleep flag(1)
05-27 14:25:47.990 E/playfilesourceNew( 3391): HCDN_LOG: [T:3678][HINFO]:[f:SleepWakeup],[l:4111],[sleep]
05-27 14:25:47.990 I/CLog ( 3391): 2025-05-27 14:25:47.990 T:3678 DEBUG: [5002]CHCDNControl::Sleep end
05-27 14:25:47.990 E/hcdn_downloadengine( 3391): HCDN_LOG: [T:3627][HINFO]:[f:OnRecvSleepWakeupNotify],[l:5317], sleep wakeup notify(1)!
05-27 14:25:47.990 D/UNIPLAYERSDK( 3391): BaseState.cpp:56 [PumaPlayerAdaptor@0xe45213e4@0xb1bd28e8]{fm(KMSG_STATECHANGED_SLEEPED),o(AudioPrevi)-t(0,861,861),o(BitstreamS)-t(0,861,861),o(CarouselPr)-t(0,861,861),o(FastHelper)-t(0,861,861),o(HeaderTail)-t(0,861,861),o(HighLights)-t(0,861,861),o(InteractPr)-t(0,861,861),o(LivePrevie)-t(0,861,861),o(MediaPlaye)-t(1,861,862),o(MovieVVInf)-t(0,861,861),o(PPrecacher)-t(0,861,861),o(PlayerStuc)-t(0,861,861),o(PumaAbsCmd)-t(0,861,861),o(PumaAdvert)-t(0,861,861),o(PumaBuffer)-t(0,861,861),o(PumaError@)-t(0,861,861),o(PumaMediaD)-t(0,861,861),o(PumaPlayer)-t(0,861,861),o(PumaRate@0)-t(0,861,861),o(PumaSegmen)-t(0,861,861),o(PumaSubtit)-t(0,861,861),o(RefreshAcc)-t(0,861,861),o(RefreshSer)-t(0,861,861),o(SceneKeepe)-t(0,861,861),o(SetRate@0x)-t(0,861,861),o(SwitchEpis)-t(0,861,861),o(VideoPlayC)-t(0,861,861)}
05-27 14:25:47.990 I/CLog ( 3391): 2025-05-27 14:25:47.990 T:3678 INFO: [5002]CHCDNControl::Pause
05-27 14:25:47.990 E/Hcdn_DeTask3589828670( 3391): HCDN_LOG: [T:3627][HINFO]:[f:OnRecvSleepWakeupNotify],[l:5362], sleep notify
05-27 14:25:47.990 V/UNIPLAYERSDK( 3391): Advertisement.cpp:403 [PumaAdvertisement@0xa340030c]HandleStateEnterMessage() msg = KMSG_STATEENTER_SLEEPED
05-27 14:25:47.991 I/CLog ( 3391): 2025-05-27 14:25:47.990 T:3678 INFO: PauseLoadMovieStream
05-27 14:25:47.992 E/cdntask_new( 3391): HCDN_LOG: [T:3634][HFATAL]:[f:ClearDownloadRange],[l:1008], task_id:3589828670, cancel range num = 0
05-27 14:25:47.992 I/TvUniPlayer/UniPlayer@52ede0f( 3391): in handleMessage event:1901
05-27 14:25:47.992 I/BitStreamMonitor@4b8b888( 3391): handlePlayerStateChangedMonitor() from=5,to=11
05-27 14:25:47.995 I/UNIPLAYERSDK( 3391): PlayerStuckChecker.cpp:72 PlayerStuckChecker::update, msg = KMSG_STATEENTER_SLEEPED
05-27 14:25:47.995 I/UNIPLAYERSDK( 3391): PlayerStuckChecker.cpp:166 PlayerStuckChecker::stop(scene=0)
05-27 14:25:47.995 I/UNIPLAYERSDK( 3391): MediaPlayerAdaptor.cpp:297 [PumaPlayerAdaptor@0xe45213e4]doHandleMessage(KMSG_STATEENTER_SLEEPED, arg1:5, arg2:-111)
05-27 14:25:47.995 V/UNIPLAYERSDK( 3391): MediaPlayerListenerContainer.cpp:341 HandleStateEnterMessage() msg=KMSG_STATEENTER_SLEEPED, arg1=5
05-27 14:25:47.995 I/UNIPLAYERSDK( 3391): MediaPlayerListenerContainer.cpp:475 onSleeped
05-27 14:25:47.995 I/TVUNIPLAYER( 3391): JNIMediaPlayerOnStateChangedListener.cpp:55 OnSleeped(player=0xeb6bd870, media=0xeb3eca10)
05-27 14:25:47.996 I/TvUniPlayer/SdkMediaPlayer@b374e9c( 3391): postEventFromNative(109, 0, 0, null)
05-27 14:25:47.997 D/MobclickAgent( 1519): 延续上一个会话: 69F8800812464C793B12C0D37FE0F3EA
05-27 14:25:47.998 E/Hcdn_DeTask3589828670( 3391): HCDN_LOG: [T:3627][HINFO]:[f:OnRecvHaveSameNetDecacheNotify],[l:2467], have same net dcache:0
05-27 14:25:47.998 I/TvUniPlayer/UniPlayer@52ede0f( 3391): player sdk event:109,hasBarrier:false
05-27 14:25:48.000 D/UNIPLAYERSDK( 3391): PlayerTimeRecorder.cpp:390 onSleeped
05-27 14:25:48.001 E/playfilesourceNew( 3391): HCDN_LOG: [T:3619][HFATAL]:[f:AddResopnseMessage],[l:95],[Failed! Can not find task_id(0) or msg_seq(0)]
05-27 14:25:48.001 W/SQLiteLog( 1519): (28) double-quoted string literal: "69F8800812464C793B12C0D37FE0F3EA"
05-27 14:25:48.001 W/SQLiteLog( 1519): (28) double-quoted string literal: ""
05-27 14:25:48.001 I/TvUniPlayer/UniPlayer@52ede0f( 3391): in handleMessage event:109
05-27 14:25:48.001 D/UNIPLAYERSDK( 3391): PlayerTimeRecorder.cpp:82 stopRecord() needIssueTiming=1, mIsRecording=0
05-27 14:25:48.001 W/SQLiteLog( 1519): (28) double-quoted string literal: "69F8800812464C793B12C0D37FE0F3EA"
05-27 14:25:48.001 W/SQLiteLog( 1519): (28) double-quoted string literal: "-1"
05-27 14:25:48.005 I/mali_gralloc( 272): am_gralloc_get_uvm_decoder_para: parameters:[slot_id=0,w*h(1024*576),w_align=64,h_align=64,size=0]
05-27 14:25:48.005 I/mali_gralloc( 272): am_gralloc_get_uvm_decoder_para: parameters:[slot_id=0,w*h(1024*576),w_align=64,h_align=64,size=0]
05-27 14:25:48.005 I/CLog ( 3391): 2025-05-27 14:25:48.002 T:3684 INFO: RM_PV::1,PLAYER_SETSPEED: 0
05-27 14:25:48.006 I/CLog ( 3391): 2025-05-27 14:25:48.006 T:3682 DEBUG: RM_RQ::1,Flush, writeable_slot_num_=2
05-27 14:25:48.006 I/CLog ( 3391): 2025-05-27 14:25:48.006 T:3682 INFO: RM_PA::1,CloseStream, endmovie:1
05-27 14:25:48.006 I/CLog ( 3391): 2025-05-27 14:25:48.006 T:3684 INFO: RM_PV::1,GENERAL_CLOSESTREAM
05-27 14:25:48.007 I/CLog ( 3391): 2025-05-27 14:25:48.007 T:3684 DEBUG: RM_RQ::1,Flush, writeable_slot_num_=2
05-27 14:25:48.007 I/CLog ( 3391): 2025-05-27 14:25:48.007 T:3684 DEBUG: RM_PV::1,_closeStream, delete codec obj
05-27 14:25:48.007 I/CLog ( 3391): 2025-05-27 14:25:48.007 T:3684 INFO: RM_MCD::1,_dispose begin
05-27 14:25:48.007 I/CLog ( 3391): 2025-05-27 14:25:48.007 T:3684 INFO: RM_MCD::1,_dispose thread:0xeb23bb00 stopping
05-27 14:25:48.007 D/PINGBACKSDK( 3391): PingbackSenderImpl.cpp:102 PingbackSenderImpl::sendPingback() start, type 26
05-27 14:25:48.007 I/C2VdecBlockPoolUtil( 505): Fetch the new block(ino:246 fd:51 dup fd:98 id:13) and append.
05-27 14:25:48.008 I/V4l2Adaptor( 505): importBufferForPicture pictureBufferId 13, dmabufFd 26, metaFd -1
05-27 14:25:48.008 I/V4l2Adaptor( 505): onImportBufferForPicture pictureBufferId 13, dmabufFd 26, metaFd -1, plane size 1
05-27 14:25:48.008 I/V4l2Adaptor( 505): onImportBufferForPicture addr 0x0, stride 0, offset 0, size 0
05-27 14:25:48.008 I/VDA ( 505): [0##3]"ImportDynamicCaptureBufferForPictureTask fd=26, index=13\n"" {IN=0/8, OUT=6/14[kAtAccelerator(1) kAtDevice(7) kAtClient(6)]}"
05-27 14:25:48.008 D/PINGBACKSDK( 3391): Pingback.cpp:131 babelSend() start: PbPlayerType:playersleep
05-27 14:25:48.008 D/PINGBACKSDK( 3391): Pingback.cpp:135 babelSend() sendurl: PbPlayerType:playersleep
05-27 14:25:48.010 I/CLog ( 3391): 2025-05-27 14:25:48.010 T:3742 INFO: RM_MCD::1,Process end
05-27 14:25:48.010 I/CLog ( 3391): 2025-05-27 14:25:48.010 T:3742 DEBUG: RM_MCD::1,OnExit
05-27 14:25:48.010 I/CLog ( 3391): 2025-05-27 14:25:48.010 T:3742 DEBUG: Thread PumaMCDV 18446744072054587840 terminating
05-27 14:25:48.010 I/CLog ( 3391): 2025-05-27 14:25:48.010 T:3684 INFO: RM_MCD::1,_dispose mc_codec stop release, mc_state_:1
05-27 14:25:48.013 D/CCodecBufferChannel( 3391): [c2.amlogic.hevc.decoder#626] MediaCodec discarded an unknown buffer
05-27 14:25:48.013 D/CCodecBufferChannel( 3391): [c2.amlogic.hevc.decoder#626] MediaCodec discarded an unknown buffer
05-27 14:25:48.013 D/CCodecBufferChannel( 3391): [c2.amlogic.hevc.decoder#626] MediaCodec discarded an unknown buffer
05-27 14:25:48.013 D/CCodecBufferChannel( 3391): [c2.amlogic.hevc.decoder#626] MediaCodec discarded an unknown buffer
05-27 14:25:48.013 D/CCodecBufferChannel( 3391): [c2.amlogic.hevc.decoder#626] MediaCodec discarded an unknown buffer
05-27 14:25:48.013 D/CCodecBufferChannel( 3391): [c2.amlogic.hevc.decoder#626] MediaCodec discarded an unknown buffer
05-27 14:25:48.013 D/CCodecBufferChannel( 3391): [c2.amlogic.hevc.decoder#626] MediaCodec discarded an unknown buffer
05-27 14:25:48.013 D/CCodecBufferChannel( 3391): [c2.amlogic.hevc.decoder#626] MediaCodec discarded an unknown buffer
05-27 14:25:48.013 D/CCodecBufferChannel( 3391): [c2.amlogic.hevc.decoder#626] MediaCodec discarded an unknown buffer
05-27 14:25:48.013 I/C2VdecComponent( 505): [0##3]"[stop]"
05-27 14:25:48.013 I/C2VdecComponent( 505): [0##3]"[onStop]"
05-27 14:25:48.014 D/CCodecBufferChannel( 3391): [c2.amlogic.hevc.decoder#626] MediaCodec discarded an unknown buffer
05-27 14:25:48.014 D/CCodecBufferChannel( 3391): [c2.amlogic.hevc.decoder#626] MediaCodec discarded an unknown buffer
05-27 14:25:48.017 I/mali_gralloc( 272): am_gralloc_get_uvm_decoder_para: parameters:[slot_id=0,w*h(1024*576),w_align=64,h_align=64,size=0]
05-27 14:25:48.016 D/WindowManagerShell( 990): TvPipController: onTaskStackChanged()
05-27 14:25:48.017 I/mali_gralloc( 272): am_gralloc_get_uvm_decoder_para: parameters:[slot_id=0,w*h(1024*576),w_align=64,h_align=64,size=0]
05-27 14:25:48.018 D/TrafficStats( 1519): tagSocket(107) with statsTag=0xffffffff, statsUid=-1
05-27 14:25:48.021 I/CLog ( 3391): 2025-05-27 14:25:48.021 T:3686 INFO: RM_PA::1,GENERAL_CLOSESTREAM endmovie:1
05-27 14:25:48.021 I/CLog ( 3391): 2025-05-27 14:25:48.021 T:3686 INFO: RM_AP::1,Destroy this:0xe32c4118
05-27 14:25:48.021 I/C2VdecBlockPoolUtil( 505): Fetch the new block(ino:249 fd:114 dup fd:125 id:14) and append.
05-27 14:25:48.021 I/CLog ( 3391): 2025-05-27 14:25:48.021 T:3686 INFO: RM_ATS::1,ForceInterrupt:1 -> -1
05-27 14:25:48.021 I/CLog ( 3391): 2025-05-27 14:25:48.021 T:3686 INFO: RM_AE::1,FreeStream, state:1 -> -1
05-27 14:25:48.021 E/C2VdecDequeueThreadUtil( 505): [0##3]"onAllocBufferTask failed. thread stopped"
05-27 14:25:48.021 E/C2VdecDequeueThreadUtil( 505): [0##3]"onAllocBufferTask failed. thread stopped"
05-27 14:25:48.021 E/C2VdecDequeueThreadUtil( 505): [0##3]"onAllocBufferTask failed. thread stopped"
05-27 14:25:48.021 E/C2VdecDequeueThreadUtil( 505): [0##3]"onAllocBufferTask failed. thread stopped"
05-27 14:25:48.021 I/CLog ( 3391): 2025-05-27 14:25:48.021 T:3680 INFO: RM_AE::1,Proc, SOFTAE_FREE_STREAM, sink 0xe4698e80,gain_db:-1
05-27 14:25:48.021 I/CLog ( 3391): 2025-05-27 14:25:48.021 T:3680 INFO: RM_AE::1,_closeSink clear format:1
05-27 14:25:48.021 I/VideoDecWraper( 505): [0##3]"stop"
05-27 14:25:48.021 I/AmVideoDec( 505): [No--1]-[0]"reset\n"
05-27 14:25:48.022 I/VDA ( 505): [0##3]"Reset"
05-27 14:25:48.022 I/VDA ( 505): [0##3]"ResetTask\n"
05-27 14:25:48.022 I/AmlManagePts( 505): [0]"resetPtsInfo into\n"
05-27 14:25:48.022 I/AmlManagePts( 505): [0]"resetOutPutInfo into\n"
05-27 14:25:48.022 I/VDA ( 505): [0##3]"FinishReset\n"
05-27 14:25:48.022 I/VDA ( 505): [0##3]"StopInputStream input_streamon 1, input_buffer_map_.size 8\n"
05-27 14:25:48.022 I/VDA ( 505): [0##3]"----stop input VIDIOC_STREAMOFF----\n"
05-27 14:25:48.022 I/VDA ( 505): [0##3]"StopDevicePoll\n"
05-27 14:25:48.023 I/VDA ( 505): [0##3]"----stop output VIDIOC_STREAMOFF----\n"
05-27 14:25:48.023 I/audio_hw_hal_primary( 499): [audiohal_get_latency:1333] io 13: out:0xf3280740 frames:1152 rate:48000 whole_latency:24 alsa_latency:24
05-27 14:25:48.024 I/CLog ( 3391): 2025-05-27 14:25:48.021 T:3686 INFO: RM_SAES::1,~SoftAEStream
05-27 14:25:48.025 I/CLog ( 3391): 2025-05-27 14:25:48.025 T:3680 INFO: RM_ATS::1,Deinitialize
05-27 14:25:48.026 I/audio_hw_hal_primary( 499): [audiohal_get_latency:1333] io 13: out:0xf3280740 frames:1024 rate:48000 whole_latency:21 alsa_latency:21
05-27 14:25:48.028 I/VDA ( 505): [0##3]"SendPictureReady\n"
05-27 14:25:48.028 I/VDA ( 505): [0##3]"post ResetDoneTask\n"
05-27 14:25:48.028 I/VDA ( 505): [0##3]"ResetDoneTask\n"
05-27 14:25:48.028 I/VDA ( 505): [0##3]"StartDevicePoll\n"
05-27 14:25:48.029 I/CLog ( 3391): 2025-05-27 14:25:48.029 T:3680 DEBUG: RM_ATS::1,~AESinkAUDIOTRACK
05-27 14:25:48.029 I/VDA ( 505): [0##3]"NotifyResetDone\n"
05-27 14:25:48.029 I/CLog ( 3391): 2025-05-27 14:25:48.029 T:3680 INFO: RM_AE::1,_closeSink end
05-27 14:25:48.029 I/AmVideoDec( 505): [No--1]-[0]"notifyResetDone\n"
05-27 14:25:48.029 I/VideoDecWraper( 505): [0##3]"onResetDone\n"
05-27 14:25:48.029 I/C2VdecComponent( 505): [0##3]"[NotifyFlushOrStopDone]"
05-27 14:25:48.029 I/C2VdecComponent( 505): [0##3]"[onFlushOrStopDone]"
05-27 14:25:48.029 I/C2VdecComponent( 505): [0##3]"[onStopDone]"
05-27 14:25:48.029 I/C2VdecComponent( 505): [reportAbandonedWorks] no-tunnel mode abandon bitstreamid:68 mediatimeus:3440000
05-27 14:25:48.029 I/C2VdecComponent( 505): [reportAbandonedWorks] no-tunnel mode abandon bitstreamid:77 mediatimeus:3280000
05-27 14:25:48.029 I/C2VdecComponent( 505): [reportAbandonedWorks] no-tunnel mode abandon bitstreamid:78 mediatimeus:3200000
05-27 14:25:48.029 I/C2VdecComponent( 505): [reportAbandonedWorks] no-tunnel mode abandon bitstreamid:79 mediatimeus:3160000
05-27 14:25:48.029 I/C2VdecComponent( 505): [reportAbandonedWorks] no-tunnel mode abandon bitstreamid:80 mediatimeus:3240000
05-27 14:25:48.029 I/C2VdecComponent( 505): [reportAbandonedWorks] no-tunnel mode abandon bitstreamid:81 mediatimeus:3360000
05-27 14:25:48.030 I/C2VdecComponent( 505): [0##3]"[onStopDone] clear decoder duration"
05-27 14:25:48.030 I/C2VdecDeviceUtil( 505): [0#3]"into clearDecoderDuration"
05-27 14:25:48.030 I/AmlManagePts( 505): [0]"setDuration error duration[0]type[2]\n"
05-27 14:25:48.031 V/UFUnilog( 3391): api_group_impl.cpp : 434 PingbackSdk {fuc=APIGroupImpl:call(),name=babel_pb,params=0xb8b2748c,callback=0xa9a9a2c0}
05-27 14:25:48.031 W/UFUnilog( 3391): api_group_impl.cpp : 890 PingbackSdk {fuc=APIGroupImpl:BuildRequest(),logtag=babel_pb_66,interface_msg=Null formdata Parameters!}
05-27 14:25:48.032 D/UFUnilog( 3391): api_group_impl.cpp : 1051 PingbackSdk {fuc=APIGroupImpl:BuildRequest(),logtag=babel_pb_66,request_type=1,client_type=0}
05-27 14:25:48.032 D/UNIPLAYERSDK( 3391): BaseState.cpp:42 [PumaPlayerAdaptor@0xe45213e4@0xb1bd28e8]{fm(KMSG_STATEENTER_SLEEPED),ret(0),at(42,880,922),s(11,-2,-2,-2,11),fm=Message@0xe46e4230{what=24117353,when=18446744073709551615,arg1=5,arg2=-1111111111,arg3=-1111111111,str=,timeout=0,obj=0x0,runnable=0x0,target=0x0,watchDogOp=0x0}
05-27 14:25:48.032 D/UNIPLAYERSDK( 3391): BaseState.cpp:56 [PumaPlayerAdaptor@0xe45213e4@0xb1bd28e8]{fm(KMSG_STATEENTER_SLEEPED),o(AudioPrevi)-t(0,880,880),o(BitstreamS)-t(0,885,885),o(CarouselPr)-t(0,885,885),o(FastHelper)-t(0,880,880),o(HeaderTail)-t(0,880,880),o(HighLights)-t(0,880,880),o(InteractPr)-t(0,880,880),o(LivePrevie)-t(5,880,885),o(MediaPlaye)-t(37,885,922),o(MovieVVInf)-t(0,885,885),o(PPrecacher)-t(0,885,885),o(PlayerStuc)-t(0,885,885),o(PumaAbsCmd)-t(0,885,885),o(PumaAdvert)-t(0,880,880),o(PumaBuffer)-t(0,885,885),o(PumaError@)-t(0,880,880),o(PumaMediaD)-t(0,880,880),o(PumaPlayer)-t(0,885,885),o(PumaRate@0)-t(0,885,885),o(PumaSegmen)-t(0,880,880),o(PumaSubtit)-t(0,880,880),o(RefreshAcc)-t(0,880,880),o(RefreshSer)-t(0,880,880),o(SceneKeepe)-t(0,880,880),o(SetRate@0x)-t(0,885,885),o(SwitchEpis)-t(0,885,885),o(VideoPlayC)-t(0,880,880)}
05-27 14:25:48.032 D/UNIPLAYERSDK( 3391): BaseState.cpp:42 [PumaPlayerAdaptor@0xe45213e4@0xb1bd7868]{fm(KMSG_ACTION_SLEEP),ret(0),at(124,798,922),s(5,11,-2,-2,11),fm=Message@0xe46e3830{what=1048599,when=18446744073709551615,arg1=-1111111111,arg2=-1111111111,arg3=-1111111111,str=,timeout=0,obj=0x0,runnable=0x0,target=0x0,watchDogOp=0x0}
05-27 14:25:48.033 D/UNIPLAYERSDK( 3391): BaseState.cpp:56 [PumaPlayerAdaptor@0xe45213e4@0xb1bd7868]{fm(KMSG_ACTION_SLEEP),o(AudioPrevi)-t(0,798,798),o(BitstreamS)-t(0,798,798),o(CarouselPr)-t(0,798,798),o(FastHelper)-t(0,798,798),o(HeaderTail)-t(0,798,798),o(HighLights)-t(0,798,798),o(InteractPr)-t(0,798,798),o(LivePrevie)-t(0,798,798),o(MediaPlaye)-t(0,860,860),o(MovieVVInf)-t(0,798,798),o(PPrecacher)-t(0,798,798),o(PlayerStuc)-t(0,798,798),o(PumaAbsCmd)-t(0,798,798),o(PumaAdvert)-t(0,798,798),o(PumaBuffer)-t(0,798,798),o(PumaError@)-t(0,798,798),o(PumaMediaD)-t(0,798,798),o(PumaPlayer)-t(0,798,798),o(PumaRate@0)-t(0,798,798),o(PumaSegmen)-t(0,798,798),o(PumaSubtit)-t(0,798,798),o(RefreshAcc)-t(0,798,798),o(RefreshSer)-t(0,798,798),o(SceneKeepe)-t(0,798,798),o(SetRate@0x)-t(0,798,798),o(SwitchEpis)-t(0,798,798),o(VideoPlayC)-t(0,798,798)}
05-27 14:25:48.034 I/C2VdecBlockPoolUtil( 505): ~C2VdecBlockPoolUtil success:84 count:159 fetch level:0.528302
05-27 14:25:48.034 I/C2VdecComponent( 505): [0##3]"[stop] done"
05-27 14:25:48.034 D/C2BqBuffer( 505): configuring null producer: igbp_information(0)
05-27 14:25:48.034 D/UFUnilog( 3391): api_network_status.cpp : 105 {fuc=APINetworkStatus:IsIPV6Works(),interface_msg=localResult=0, fastdnsResult=0}
05-27 14:25:48.035 I/UFUnilog( 3391): api_engine.cpp : 993 PingbackSdk {fuc=APIEngine::generateFinalIPV6Config(),logtag=babel_pb_66,interface_msg=forceIPV6Status:-1}
05-27 14:25:48.035 I/UFUnilog( 3391): api_engine.cpp : 1003 PingbackSdk {fuc=APIEngine::generateFinalIPV6Config(),logtag=babel_pb_66,interface_msg=domain support ipv6, sOriginHost:msg.ptqy.gitv.tv, strIPV6Domain:}
05-27 14:25:48.035 V/UFUnilog( 3391): api_engine.cpp : 189 PingbackSdk {fuc=APIEngine:Call(),logtag=babel_pb_66,interface_msg=Start Try!,try_count=0}
05-27 14:25:48.035 I/UFUnilog( 3391): api_strategy_impl.cpp : 438 PingbackSdk {fuc=APIStrategyImpl:CreateStrategyResult(),logtag=babel_pb_66,strategyname=httpdns-strategy,current_try_count=0,interface_msg=try to get ip list from dns_type = 1}
05-27 14:25:48.035 W/UFUnilog( 3391): api_httpdns_fastdns.cpp : 110 {fuc=APIHttpdnsFastDns:GetHttpDnsResult(),interface_msg=start find,business=unifiedx,bgp_flag=1,timeout=2000,domain_list=msg.ptqy.gitv.tv,cache_only=0}
05-27 14:25:48.036 D/SurfaceUtils( 3391): disconnecting from surface 0xeb3b0ce8, reason disconnectFromSurface
05-27 14:25:48.037 I/CLog ( 3391): 2025-05-27 14:25:48.037 T:3684 INFO: RM_MCD::1,_dispose mc_codec stop done
05-27 14:25:48.037 I/UFUnilog( 3391): api_httpdns_fastdns.cpp : 184 {fuc=APIHttpdnsFastDns:GetHttpDnsResult(),interface_msg=v6 domain finded, result4a_size=1, result4aaaa_size=1, result4b_size=0, result4bbbb_size=0}
05-27 14:25:48.037 I/UFUnilog( 3391): api_httpdns_fastdns.cpp : 200 {fuc=APIHttpdnsFastDns:GetHttpDnsResult(),interface_msg=v4 finded,domain=msg.ptqy.gitv.tv,ip_list_count=4,ip_from_cache=1,ns_result=116.211.198.144|443}
05-27 14:25:48.037 I/UFUnilog( 3391): api_httpdns_fastdns.cpp : 221 {fuc=APIHttpdnsFastDns:GetHttpDnsResult(),interface_msg=v6 finded,domain=msg.ptqy.gitv.tv,ip_list_count_v6=3,ip_from_cache=1,ns_result=116.211.189.205|443}
05-27 14:25:48.037 I/UFUnilog( 3391): api_strategy_impl.cpp : 569 PingbackSdk {fuc=APIStrategyImpl:CreateStrategyResult(),logtag=babel_pb_66,strategyname=httpdns-strategy,interface_msg=complete build strategy result,suggest_url_params=,suggest_protocol=,bReplaceWithNewFullUrl=0,bReplaceWithNewHeaders=0}
05-27 14:25:48.038 V/UFUnilog( 3391): UFNEasyCurlClientImpl.cpp : 16 PingbackSdk {fuc=UFNEasyCurlClientImpl:Perform(),logtag=babel_pb_66,interface_msg=in}
05-27 14:25:48.038 I/CLog ( 3391): 2025-05-27 14:25:48.038 T:3684 INFO: RM_MCD::1,_dispose mc_codec stop release, done
05-27 14:25:48.038 I/CLog ( 3391): 2025-05-27 14:25:48.038 T:3684 INFO: RM_MCD::1,_dispose end QOS, total:31 = thread:3 + mc_stop:26 + mc_release:1
05-27 14:25:48.038 I/CLog ( 3391): 2025-05-27 14:25:48.038 T:3684 INFO: RM_RE::1,RegisterCloseCodecCallBack done, ctx = 0x0
05-27 14:25:48.038 I/CLog ( 3391): 2025-05-27 14:25:48.038 T:3684 INFO: RM_MCD::1,~VideoCodecAndroidMediaCodecNew end, count:1
05-27 14:25:48.038 I/CLog ( 3391): 2025-05-27 14:25:48.038 T:3684 INFO: RM_ANA265::0,Reset
05-27 14:25:48.038 I/CLog ( 3391): 2025-05-27 14:25:48.038 T:3684 INFO: RM_RQ::1,delfrepictexs
05-27 14:25:48.038 I/CLog ( 3391): 2025-05-27 14:25:48.038 T:3684 INFO: RM_RQ::1,delfrepictexs done
05-27 14:25:48.038 I/CLog ( 3391): 2025-05-27 14:25:48.038 T:3684 INFO: RM_PV::1,GENERAL_CLOSESTREAM ok
05-27 14:25:48.041 E/Hcdn_DeTask220659184( 3391): HCDN_LOG: [T:3627][HINFO]:[f:PostNotifyInfo],[l:248], notify type(6),info({"BandWidth":1925120,"IsAd":1,"IsP2P":0,"VID":""}
05-27 14:25:48.041 E/Hcdn_DeTask220659184( 3391): )
05-27 14:25:48.041 E/Hcdn_DeTask3589828670( 3391): HCDN_LOG: [T:3627][HINFO]:[f:PostNotifyInfo],[l:248], notify type(6),info({"BandWidth":0,"IsAd":1,"IsP2P":1,"VID":""}
05-27 14:25:48.041 E/Hcdn_DeTask3589828670( 3391): )
05-27 14:25:48.041 E/playfilesourceNew( 3391): HCDN_LOG: [T:3619][HINFO]:[f:DoAsynNotifyInfoResponse],[l:2605],[TaskID(220659184),type(6),msg({"BandWidth":1925120,"IsAd":1,"IsP2P":0,"VID":""}
05-27 14:25:48.041 E/playfilesourceNew( 3391): )!]
05-27 14:25:48.041 E/playfilesourceNew( 3391): HCDN_LOG: [T:3619][HINFO]:[f:DoAsynNotifyInfoResponse],[l:2605],[TaskID(3589828670),type(6),msg({"BandWidth":0,"IsAd":1,"IsP2P":1,"VID":""}
05-27 14:25:48.041 E/playfilesourceNew( 3391): )!]
05-27 14:25:48.042 E/abs_info( 3391): HCDN_LOG: [T:3619][HINFO]:[f:PostABSInfo],[l:7214],Task(2), SetABSInterface ret(0) SetParam("DownloadStatusByHcdn", {"BandWidth":0,"BandWidth_1":14376960,"IsAd":1,"IsP2P":1,"VID":""}
05-27 14:25:48.042 E/abs_info( 3391): )
05-27 14:25:48.044 I/C2VdecComponent( 505): [0##3]"[release]"
05-27 14:25:48.044 I/C2VdecComponent( 505): [0##3]"[reset]"
05-27 14:25:48.044 I/C2VdecComponent( 505): [0##3]"[stop]"
05-27 14:25:48.044 I/C2VdecComponent( 505): [0##3]"[onDestroy]"
05-27 14:25:48.044 I/C2VdecDequeueThreadUtil( 505): ~DequeueThreadUtil!!
05-27 14:25:48.044 I/VideoDecWraper( 505): [0##3]"destroy"
05-27 14:25:48.044 D/ResmanWrapper( 505): ~resManWrapper fd = 10
05-27 14:25:48.045 D/resman ( 505): release all resource, fd = 10
05-27 14:25:48.045 I/VDA ( 505): [0##3]"Destroy:1702"
05-27 14:25:48.045 I/VDA ( 505): [0##3]"DestroyTask INS=0/0, OUTS=0/0"" {IN=0/8, OUT=14/14[kAtAccelerator(0) kAtDevice(0) kAtClient(14)]}"
05-27 14:25:48.045 I/VDA ( 505): [0##3]"StopDevicePoll\n"
05-27 14:25:48.045 I/android.hardware.media.c2@1.2-service( 505): (null) is not set, used defaultValue = 0
05-27 14:25:48.047 I/VDA ( 505): [0##3]"StopInputStream input_streamon 0, input_buffer_map_.size 8\n"
05-27 14:25:48.047 I/AmlManagePts( 505): [0]"resetPtsInfo into\n"
05-27 14:25:48.047 I/AmlManagePts( 505): [0]"resetOutPutInfo into\n"
05-27 14:25:48.047 I/VDA ( 505): [0##3]"DestroyInputBuffers:5083"
05-27 14:25:48.047 I/VDA ( 505): [0##3]"DestroyOutputBuffers:5126"
05-27 14:25:48.048 I/VDA ( 505): [0##3]"DestroyTask:4223"
05-27 14:25:48.048 I/VDA ( 505): [0##3]"DestroyTask:4225 destroy done signal."
05-27 14:25:48.048 I/BufferPoolWraper( 505): [0]"free bufferpool region memory"
05-27 14:25:48.049 I/dmabufmanage( 505): dmabufmanage_uninit-122 UnRegister dmabuf manager success 1
05-27 14:25:48.049 I/BufferPoolWraper( 505): [0]"~BufferPoolWraper:163"
05-27 14:25:48.049 I/AmlManagePts( 505): [0]"~AmlManagePts into\n"
05-27 14:25:48.049 I/VDA ( 505): [0##3]"~V4L2VideoDecodeAccelerator:679"
05-27 14:25:48.050 I/xm_hidread( 1928): type=1400 audit(0.0:2143): avc: denied { read } for scontext=u:r:init:s0 tcontext=u:r:init:s0 tclass=netlink_kobject_uevent_socket permissive=1
05-27 14:25:48.058 D/XM_HIDREAD( 1928): remove@ remove@/devices/platform/vdec/ammvdec_h265_v4l.0
05-27 14:25:48.065 I/audio_hw_hal_primary( 499): [audiohal_get_latency:1333] io 13: out:0xf3280740 frames:1280 rate:48000 whole_latency:26 alsa_latency:26
05-27 14:25:48.067 I/VideoDecWraper( 505): [0##3]"~VideoDecWraper"
05-27 14:25:48.067 I/AmVideoDec( 505): [No--1]-[0]"~AmVideoDec IN[82:82] OUT[83:75]\n"
05-27 14:25:48.067 I/C2VdecDeviceUtil( 505): [~DeviceUtil:70]
05-27 14:25:48.068 I/C2VdecDeviceUtil( 505): setSkipReallocBufMode:0
05-27 14:25:48.068 I/SystemControl( 326): [/UEventObserver.cpp, HDMITxUenventThreadLoop, 451] HDMI TX switch_name:0, switch_state:
05-27 14:25:48.068 I/SystemControl-FRA( 326): [/FrameRateAutoAdaption.cpp, isFrameRateOn, 176] hdmi frame rate is on
05-27 14:25:48.071 I/C2VdecDeviceUtil( 505): [~DeviceUtil:76] clear vendor.media.llp
05-27 14:25:48.072 I/C2VdecGrallocWraper( 505): free slot:0
05-27 14:25:48.072 I/gralloc ( 505): am_gralloc_set_uvm_decoder_para: parameters:[slot_id=0,w*h(0*0),w_align=0,h_align=0,size=0]
05-27 14:25:48.072 I/C2VdecComponent( 505): [0##3]"[onDestroy] done"
05-27 14:25:48.074 D/C2BqBuffer( 505): configuring null producer: igbp_information(0)
05-27 14:25:48.076 D/MediaCodec( 3391): flushMediametrics
05-27 14:25:48.077 I/hw-BpHwBinder( 3391): onLastStrongRef automatically unlinking death recipients
