05-27 14:25:49.135 I/audio_hw_hal_primary( 499): [audiohal_get_latency:1333] io 13: out:0xf3280740 frames:1024 rate:48000 whole_latency:21 alsa_latency:21
05-27 14:25:49.138 D/audioserver( 543): logFgsApiBegin: FGS Logger Transaction failed, -129
05-27 14:25:49.140 I/SogouIME( 1501): onKeyDown: keyoCode=19
05-27 14:25:49.140 I/DefaultIMS( 1501): onKeyDown: keyoCode=19
05-27 14:25:49.140 E/SecondScreen( 1519): FirstScreenLayoutView dispatchKeyEvent 19
05-27 14:25:49.166 E/Hcdn_DeTask220659184( 3391): HCDN_LOG: [T:3627][HINFO]:[f:PostNotifyInfo],[l:248], notify type(6),info({"BandWidth":1925120,"IsAd":1,"IsP2P":0,"VID":""}
05-27 14:25:49.166 E/Hcdn_DeTask220659184( 3391): )
05-27 14:25:49.166 E/Hcdn_DeTask3589828670( 3391): HCDN_LOG: [T:3627][HINFO]:[f:PostNotifyInfo],[l:248], notify type(6),info({"BandWidth":0,"IsAd":1,"IsP2P":1,"VID":""}
05-27 14:25:49.166 E/Hcdn_DeTask3589828670( 3391): )
05-27 14:25:49.166 E/playfilesourceNew( 3391): HCDN_LOG: [T:3619][HINFO]:[f:DoAsynNotifyInfoResponse],[l:2605],[TaskID(220659184),type(6),msg({"BandWidth":1925120,"IsAd":1,"IsP2P":0,"VID":""}
05-27 14:25:49.166 E/playfilesourceNew( 3391): )!]
05-27 14:25:49.166 E/playfilesourceNew( 3391): HCDN_LOG: [T:3619][HINFO]:[f:DoAsynNotifyInfoResponse],[l:2605],[TaskID(3589828670),type(6),msg({"BandWidth":0,"IsAd":1,"IsP2P":1,"VID":""}
05-27 14:25:49.166 E/playfilesourceNew( 3391): )!]
05-27 14:25:49.174 I/audio_hw_hal_primary( 499): [audiohal_get_latency:1333] io 13: out:0xf3280740 frames:1280 rate:48000 whole_latency:26 alsa_latency:26
05-27 14:25:49.174 I/audio_hw_hal_primary( 499): out_update_source_metadata_v7() line 2013 usage:1 content_type:2
05-27 14:25:49.216 I/audio_hw_hal_primary( 499): [audiohal_get_latency:1333] io 13: out:0xf3280740 frames:1024 rate:48000 whole_latency:21 alsa_latency:21
05-27 14:25:49.220 D/nStackXCoAP( 2603): CoapMessageHandler:[133] :2.01
05-27 14:25:49.220 V/UFUnilog( 3391): UFNEasyCurlClientImpl.cpp : 66 PingbackSdk {fuc=UFNEasyCurlClientImpl:Perform(),logtag=babelqos_pb_67,interface_msg=out}
05-27 14:25:49.220 V/UFUnilog( 3391): api_engine.cpp : 189 PingbackSdk {fuc=APIEngine:Call(),logtag=babelqos_pb_67,interface_msg=Start Try!,try_count=1}
05-27 14:25:49.220 D/PINGBACKSDK( 3391): PlayerPbApi.cpp:38 PingbackLog: send success! http://msg.ptqy.gitv.tv/qos/3_31_312:116.211.189.249,breakLoad:msg=[{"abr_at":"nonabs","abs_type":"0","absopenstatus":"0","adtype":"frontad","alanid":"0_","audiotype":"0","brlevel":"100","c1":"0","ct":"tvbreakply","deviceid":"tv_a5d24680886b5f8eab7a993cc77a0ee1_1748316299384_5714770789","dfp":"","diy_adseamless":"0","diy_adstarttype":"-1","diy_apiname":"","diy_breaktm":"80799","diy_bstat":"diy_tslping","diy_cause":"quit","diy_ec":"","diy_m3u8from":"","diy_needrls":"0","diy_needstp":"0","diy_pfec":"","diy_ppdstate":"-1","diy_sfrom":"idle","diy_spload":"1","diy_splplayer":"1","dlbpssmd":"0","drm_v":"","drmstat":"6","drmt":"none","duby":"-1","fakeabs":"","fr":"25","hcdninit":"success","hcdnlsmhd":"-1","hcdnromsz":"14","hcdnst":"-1","hcdnv":"10.2.3.5212","h
05-27 14:25:49.220 D/PINGBACKSDK( 3391): PlayerPbApi.cpp:40 PingbackLog: send success! breakLoad:dmpssmd":"0","ht":"","hu":"-1","hwver":"DBBOX-A3","is264ts":"0","is_cuva":"0","is_iqhimero":"","ispre":"","isroot":"1","iszqyh":"0","lch_ver":"1.5","livenetst":"-1","livenetv":"6.24.26.354","lsv":"18.0.1.5212","maxpt":"0","mkey":"20200817110900551NKVuEWAfr101626","mod":"cn_s","os":"34","outline":"","p1":"3_31_312","p2":"3128","p_hdcpctrl":"","p_wtmark":"","pbv":"","play_t":"0","plyerm":"vod","plyert":"native_advance","procid":"3391","psc1":"0","psp_4kh264":"1","psp_4kh265":"1","psp_dolby":"0","psp_dv":"0","psp_edr":"","psp_h264":"1","psp_h265":"1","psp_hdr10":"1","psp_ratedef":"10","psp_ratedefdv":"10","psp_ratedefhdr":"","pu":"6040457410","qyctx":"916C73D87398CFA168D4ED7A2D9151377F1906DEBF4
05-27 14:25:49.220 D/PINGBACKSDK( 3391): PlayerPbApi.cpp:40 PingbackLog: send success! breakLoad:1C2FC5E850C7C7A309351DA240C424AE8D92341365BBE21A92870B31D46A972056DB5ABA0421242BF5B677BA9F2CF17F94C0E26C00079AFCE08061671AE7D396408C449FD2CE4632EC4E2","qyctxv":"1","r":"4825528930037400","ra":"0","rachannel":"1","ravd":"0","ravd_auth":"-1","re":"1920x1080","retryed":"0","rn":"6062990202","romrsz":"52610","romsz":"55669","sdkv":"1.1403.1.06032","second_cate":"","skipabssize":"","spkpssmd":"0","spth265":"1","stat":"adStart","stauto_support":"0","stime":"1748327147243","stype":"0","t":"9","term":{"brand":"Amlogic","chip":"","core":"4","cpu_arch":"8","cpu_freq":"2508000","cpu_implementer":"65","cpu_part":"3333","cpu_processor":"","diy_hwver":"DBBOX-A3","dolbycodec":"-1","firmver":"UD2A.240505.00
05-27 14:25:49.220 D/PINGBACKSDK( 3391): PlayerPbApi.cpp:35 PingbackLog: send success! breakLoad:1.W1.eng.server.20250526.204824 release-keys","high_end":"-1","hpformance":"","hwprod":"","hwversub":"","memory":"3677","p_hdcp":"","p_maxhdcp":"","rammode":"","vendor":""},"tm":"5279","tvs2":"simple_sdk","u":"tv_869715f19dd6eaca3c53a6941eb58e57","usehcdn":"0","v":"2.1403.1.241012","vcodec":"0","vdprctp":"1","ve":"174832714354017A5367F5540D7F825E","vsp_4kh264":"0","vsp_4kh265":"0","vsp_8k":"0","vsp_daudio":"0","vsp_dv":"0","vsp_edr":"0","vsp_h265":"1","vsp_hdr10":"1","vsp_ratedef":"10","vsp_ratedefEdr":"-1","vsp_ratedefdolby":"10","vsp_ratedefdv":"-1","vsp_ratedefhdr":"-1","wifimac":"02%3A00%3A00%3A00%3A00%3A00","z":"","z_from":"","z_ip":""}]
05-27 14:25:49.251 D/XM_HIDREAD( 1928): poll ret=1, event=1
05-27 14:25:49.251 D/XM_HIDREAD( 1928): [9 bytes]:01 00 00 00 00 00 00 00 00
05-27 14:25:49.253 I/SogouIME( 1501): onKeyUp: keyoCode=19
05-27 14:25:49.253 I/DefaultIMS( 1501): onKeyUp: keyoCode=19
05-27 14:25:49.253 E/SecondScreen( 1519): FirstScreenLayoutView dispatchKeyEvent 19
05-27 14:25:49.259 I/audio_hw_hal_primary( 499): [audiohal_get_latency:1333] io 13: out:0xf3280740 frames:1280 rate:48000 whole_latency:26 alsa_latency:26
05-27 14:25:49.267 E/Hcdn_DeTask220659184( 3391): HCDN_LOG: [T:3627][HINFO]:[f:PostNotifyInfo],[l:248], notify type(6),info({"BandWidth":1925120,"IsAd":1,"IsP2P":0,"VID":""}
05-27 14:25:49.267 E/Hcdn_DeTask220659184( 3391): )
05-27 14:25:49.267 E/Hcdn_DeTask3589828670( 3391): HCDN_LOG: [T:3627][HINFO]:[f:PostNotifyInfo],[l:248], notify type(6),info({"BandWidth":0,"IsAd":1,"IsP2P":1,"VID":""}
05-27 14:25:49.267 E/Hcdn_DeTask3589828670( 3391): )
05-27 14:25:49.267 E/playfilesourceNew( 3391): HCDN_LOG: [T:3619][HINFO]:[f:DoAsynNotifyInfoResponse],[l:2605],[TaskID(220659184),type(6),msg({"BandWidth":1925120,"IsAd":1,"IsP2P":0,"VID":""}
05-27 14:25:49.267 E/playfilesourceNew( 3391): )!]
05-27 14:25:49.268 E/playfilesourceNew( 3391): HCDN_LOG: [T:3619][HINFO]:[f:DoAsynNotifyInfoResponse],[l:2605],[TaskID(3589828670),type(6),msg({"BandWidth":0,"IsAd":1,"IsP2P":1,"VID":""}
05-27 14:25:49.268 E/playfilesourceNew( 3391): )!]
05-27 14:25:49.270 I/cling--ap-2( 1793): type=1400 audit(0.0:2147): avc: denied { search } for name="net" dev="sysfs" ino=12344 scontext=u:r:untrusted_app_27:s0:c43,c256,c512,c768 tcontext=u:object_r:sysfs_net:s0 tclass=dir permissive=1 app=com.dangbei.screencast
05-27 14:25:49.302 I/audio_hw_hal_primary( 499): [audiohal_get_latency:1333] io 13: out:0xf3280740 frames:1280 rate:48000 whole_latency:26 alsa_latency:26
05-27 14:25:49.305 D/nStackXCoAP( 2603): CoapMessageHandler:[133] :2.01
05-27 14:25:49.330 D/UFUnilog( 3391): api_network_status.cpp : 105 {fuc=APINetworkStatus:IsIPV6Works(),interface_msg=localResult=0, fastdnsResult=0}
05-27 14:25:49.330 I/UFUnilog( 3391): api_engine.cpp : 993 PingbackSdk {fuc=APIEngine::generateFinalIPV6Config(),logtag=babel_pb_68,interface_msg=forceIPV6Status:-1}
05-27 14:25:49.330 D/XM_HIDREAD( 1928): poll ret=1, event=1
05-27 14:25:49.330 D/XM_HIDREAD( 1928): [9 bytes]:01 00 00 52 00 00 00 00 00
05-27 14:25:49.332 I/SogouIME( 1501): onKeyDown: keyoCode=19
05-27 14:25:49.332 I/DefaultIMS( 1501): onKeyDown: keyoCode=19
05-27 14:25:49.332 E/SecondScreen( 1519): FirstScreenLayoutView dispatchKeyEvent 19
05-27 14:25:49.357 I/UFUnilog( 3391): api_engine.cpp : 1003 PingbackSdk {fuc=APIEngine::generateFinalIPV6Config(),logtag=babel_pb_68,interface_msg=domain support ipv6, sOriginHost:msg.ptqy.gitv.tv, strIPV6Domain:}
05-27 14:25:49.357 V/UFUnilog( 3391): api_engine.cpp : 189 PingbackSdk {fuc=APIEngine:Call(),logtag=babel_pb_68,interface_msg=Start Try!,try_count=0}
05-27 14:25:49.357 I/UFUnilog( 3391): api_strategy_impl.cpp : 438 PingbackSdk {fuc=APIStrategyImpl:CreateStrategyResult(),logtag=babel_pb_68,strategyname=httpdns-strategy,current_try_count=0,interface_msg=try to get ip list from dns_type = 1}
05-27 14:25:49.357 W/UFUnilog( 3391): api_httpdns_fastdns.cpp : 110 {fuc=APIHttpdnsFastDns:GetHttpDnsResult(),interface_msg=start find,business=unifiedx,bgp_flag=1,timeout=2000,domain_list=msg.ptqy.gitv.tv,cache_only=0}
05-27 14:25:49.367 E/Hcdn_DeTask220659184( 3391): HCDN_LOG: [T:3627][HINFO]:[f:PostNotifyInfo],[l:248], notify type(6),info({"BandWidth":1925120,"IsAd":1,"IsP2P":0,"VID":""}
05-27 14:25:49.367 E/Hcdn_DeTask220659184( 3391): )
05-27 14:25:49.368 E/Hcdn_DeTask3589828670( 3391): HCDN_LOG: [T:3627][HINFO]:[f:PostNotifyInfo],[l:248], notify type(6),info({"BandWidth":0,"IsAd":1,"IsP2P":1,"VID":""}
05-27 14:25:49.368 E/Hcdn_DeTask3589828670( 3391): )
05-27 14:25:49.368 E/playfilesourceNew( 3391): HCDN_LOG: [T:3619][HINFO]:[f:DoAsynNotifyInfoResponse],[l:2605],[TaskID(220659184),type(6),msg({"BandWidth":1925120,"IsAd":1,"IsP2P":0,"VID":""}
05-27 14:25:49.368 E/playfilesourceNew( 3391): )!]
05-27 14:25:49.368 E/playfilesourceNew( 3391): HCDN_LOG: [T:3619][HINFO]:[f:DoAsynNotifyInfoResponse],[l:2605],[TaskID(3589828670),type(6),msg({"BandWidth":0,"IsAd":1,"IsP2P":1,"VID":""}
05-27 14:25:49.368 E/playfilesourceNew( 3391): )!]
05-27 14:25:49.387 I/audio_hw_hal_primary( 499): [audiohal_get_latency:1333] io 13: out:0xf3280740 frames:1280 rate:48000 whole_latency:26 alsa_latency:26
05-27 14:25:49.406 I/UFUnilog( 3391): api_httpdns_fastdns.cpp : 184 {fuc=APIHttpdnsFastDns:GetHttpDnsResult(),interface_msg=v6 domain finded, result4a_size=1, result4aaaa_size=1, result4b_size=0, result4bbbb_size=0}
05-27 14:25:49.406 I/UFUnilog( 3391): api_httpdns_fastdns.cpp : 200 {fuc=APIHttpdnsFastDns:GetHttpDnsResult(),interface_msg=v4 finded,domain=msg.ptqy.gitv.tv,ip_list_count=4,ip_from_cache=1,ns_result=116.211.198.144|443}
05-27 14:25:49.406 I/UFUnilog( 3391): api_httpdns_fastdns.cpp : 221 {fuc=APIHttpdnsFastDns:GetHttpDnsResult(),interface_msg=v6 finded,domain=msg.ptqy.gitv.tv,ip_list_count_v6=3,ip_from_cache=1,ns_result=116.211.189.205|443}
05-27 14:25:49.406 I/UFUnilog( 3391): api_strategy_impl.cpp : 569 PingbackSdk {fuc=APIStrategyImpl:CreateStrategyResult(),logtag=babel_pb_68,strategyname=httpdns-strategy,interface_msg=complete build strategy result,suggest_url_params=,suggest_protocol=,bReplaceWithNewFullUrl=0,bReplaceWithNewHeaders=0}
05-27 14:25:49.406 V/UFUnilog( 3391): UFNEasyCurlClientImpl.cpp : 16 PingbackSdk {fuc=UFNEasyCurlClientImpl:Perform(),logtag=babel_pb_68,interface_msg=in}
05-27 14:25:49.430 I/audio_hw_hal_primary( 499): [audiohal_get_latency:1333] io 13: out:0xf3280740 frames:1280 rate:48000 whole_latency:26 alsa_latency:26
05-27 14:25:49.442 D/XM_HIDREAD( 1928): poll ret=1, event=1
05-27 14:25:49.442 D/XM_HIDREAD( 1928): [9 bytes]:01 00 00 00 00 00 00 00 00
05-27 14:25:49.444 I/SogouIME( 1501): onKeyUp: keyoCode=19
05-27 14:25:49.444 I/DefaultIMS( 1501): onKeyUp: keyoCode=19
05-27 14:25:49.444 E/SecondScreen( 1519): FirstScreenLayoutView dispatchKeyEvent 19
05-27 14:25:49.446 W/q_h_c_s ( 3391): HCDN_LOG: [T:3595]ProcessCurlMsg:626,curl error detected (reid: 48170091, error: ownErrCode: 2005 (HTTP connect timeout), sysErrno: 0, transErrCode: 0, mCurlErrCode: 0, eCurlErrCode: 28)
05-27 14:25:49.446 W/q_h_c_s ( 3391): HCDN_LOG: [T:3595]ProcessCurlMsg:626,curl error detected (reid: 48170092, error: ownErrCode: 2005 (HTTP connect timeout), sysErrno: 0, transErrCode: 0, mCurlErrCode: 0, eCurlErrCode: 28)
05-27 14:25:49.447 W/q_h_c_s ( 3391): HCDN_LOG: [T:3595]ProcessCurlMsg:626,curl error detected (reid: 48170094, error: ownErrCode: 2005 (HTTP connect timeout), sysErrno: 0, transErrCode: 0, mCurlErrCode: 0, eCurlErrCode: 28)
05-27 14:25:49.447 W/q_h_c_s ( 3391): HCDN_LOG: [T:3596]HcbOnFastDnsRespEx:760,HcbOnHttpDnsRespEx failed (dns_reid: 48170091, qtp_reid: 48170089, error: ownErrCode: 2005 (HTTP connect timeout), sysErrno: 0, transErrCode: 0, mCurlErrCode: 0, eCurlErrCode: 28)
05-27 14:25:49.447 W/q_h_c_s ( 3391): HCDN_LOG: [T:3596]HcbOnFastDnsRespEx:819,Fast DNS response failed (qtp_reid: 48170089, dns_reid: 48170091, error: ownErrCode: 2005 (HTTP connect timeout), sysErrno: 0, transErrCode: 0, mCurlErrCode: 0, eCurlErrCode: 28)
05-27 14:25:49.447 W/q_h_c_s ( 3391): HCDN_LOG: [T:3596]HcbOnFastDnsRespEx:760,HcbOnHttpDnsRespEx failed (dns_reid: 48170092, qtp_reid: 48170090, error: ownErrCode: 2005 (HTTP connect timeout), sysErrno: 0, transErrCode: 0, mCurlErrCode: 0, eCurlErrCode: 28)
05-27 14:25:49.447 W/q_h_c_s ( 3391): HCDN_LOG: [T:3596]HcbOnFastDnsRespEx:819,Fast DNS response failed (qtp_reid: 48170090, dns_reid: 48170092, error: ownErrCode: 2005 (HTTP connect timeout), sysErrno: 0, transErrCode: 0, mCurlErrCode: 0, eCurlErrCode: 28)
05-27 14:25:49.447 W/q_h_c_s ( 3391): HCDN_LOG: [T:3596]HcbOnFastDnsRespEx:760,HcbOnHttpDnsRespEx failed (dns_reid: 48170094, qtp_reid: 48170093, error: ownErrCode: 2005 (HTTP connect timeout), sysErrno: 0, transErrCode: 0, mCurlErrCode: 0, eCurlErrCode: 28)
05-27 14:25:49.447 W/q_h_c_s ( 3391): HCDN_LOG: [T:3596]HcbOnFastDnsRespEx:819,Fast DNS response failed (qtp_reid: 48170093, dns_reid: 48170094, error: ownErrCode: 2005 (HTTP connect timeout), sysErrno: 0, transErrCode: 0, mCurlErrCode: 0, eCurlErrCode: 28)
05-27 14:25:49.447 W/q_h_c_s ( 3391): HCDN_LOG: [T:3596]OnPostMessage:667,QTP DNS query failed (reid: 48170089)
05-27 14:25:49.447 W/q_h_c_s ( 3391): HCDN_LOG: [T:3596]OnPostMessage:667,QTP DNS query failed (reid: 48170090)
05-27 14:25:49.447 W/q_h_c_s ( 3391): HCDN_LOG: [T:3596]OnPostMessage:667,QTP DNS query failed (reid: 48170093)
05-27 14:25:49.470 E/Hcdn_DeTask220659184( 3391): HCDN_LOG: [T:3627][HINFO]:[f:PostNotifyInfo],[l:248], notify type(6),info({"BandWidth":1925120,"IsAd":1,"IsP2P":0,"VID":""}
05-27 14:25:49.470 E/Hcdn_DeTask220659184( 3391): )
05-27 14:25:49.470 E/Hcdn_DeTask3589828670( 3391): HCDN_LOG: [T:3627][HINFO]:[f:PostNotifyInfo],[l:248], notify type(6),info({"BandWidth":0,"IsAd":1,"IsP2P":1,"VID":""}
05-27 14:25:49.470 E/Hcdn_DeTask3589828670( 3391): )
05-27 14:25:49.470 E/playfilesourceNew( 3391): HCDN_LOG: [T:3619][HINFO]:[f:DoAsynNotifyInfoResponse],[l:2605],[TaskID(220659184),type(6),msg({"BandWidth":1925120,"IsAd":1,"IsP2P":0,"VID":""}
05-27 14:25:49.470 E/playfilesourceNew( 3391): )!]
05-27 14:25:49.470 E/playfilesourceNew( 3391): HCDN_LOG: [T:3619][HINFO]:[f:DoAsynNotifyInfoResponse],[l:2605],[TaskID(3589828670),type(6),msg({"BandWidth":0,"IsAd":1,"IsP2P":1,"VID":""}
05-27 14:25:49.470 E/playfilesourceNew( 3391): )!]
05-27 14:25:49.472 I/audio_hw_hal_primary( 499): [audiohal_get_latency:1333] io 13: out:0xf3280740 frames:1280 rate:48000 whole_latency:26 alsa_latency:26
05-27 14:25:49.515 I/audio_hw_hal_primary( 499): [audiohal_get_latency:1333] io 13: out:0xf3280740 frames:1280 rate:48000 whole_latency:26 alsa_latency:26
05-27 14:25:49.518 W/q_h_c_s ( 3391): HCDN_LOG: [T:3595]SetEasyOpt:1497,curl_easy_setopt CURLOPT_URL success: https://msg.ptqy.gitv.tv/scp2.gif (reid: 48170087)
05-27 14:25:49.518 W/q_h_c_s ( 3391): HCDN_LOG: [T:3595]SetCurlResolve:2862,Set DNS entry (reid: 48170087, rmDnsEntry: -msg.ptqy.gitv.tv:443, dnsEntry: )
05-27 14:25:49.518 W/q_h_c_s ( 3391): HCDN_LOG: [T:3595]SetCurlTimeout:4095,curl_easy_setopt CURLOPT_CONNECTTIMEOUT_MS success (reid: 48170087, timeout: 5001)
05-27 14:25:49.518 W/q_h_c_s ( 3391): HCDN_LOG: [T:3595]SetCurlTimeout:4161,curl_easy_setopt CURLOPT_TIMEOUT_MS success (reid: 48170087, timeout: 5000)
05-27 14:25:49.518 W/q_h_c_s ( 3391): HCDN_LOG: [T:3595]AddToMultiHandle:1145,AddToMultiHandle reid: 48170087, taskid(0), moduleId(5000), offset(0), length(-1), CURL(0xeb3799b0), m_mapRun(1), m_mapReqId2EasyHandle(1), m_vecModuleRun(0,0,0,0,0,0,0,0,1)
05-27 14:25:49.531 E/playfilesourceNew( 3391): HCDN_LOG: [T:3619][HFATAL]:[f:LoopGetCacheSeconds],[l:3603],[Can not find TaskID(3589828670), end LoopGetCacheSeconds()]
05-27 14:25:49.558 I/audio_hw_hal_primary( 499): [audiohal_get_latency:1333] io 13: out:0xf3280740 frames:1280 rate:48000 whole_latency:26 alsa_latency:26
05-27 14:25:49.558 I/audio_hw_hal_primary( 499): [audiohal_get_latency:1333] io 13: out:0xf3280740 frames:1280 rate:48000 whole_latency:26 alsa_latency:26
05-27 14:25:49.573 E/Hcdn_DeTask220659184( 3391): HCDN_LOG: [T:3627][HINFO]:[f:PostNotifyInfo],[l:248], notify type(6),info({"BandWidth":1925120,"IsAd":1,"IsP2P":0,"VID":""}
05-27 14:25:49.573 E/Hcdn_DeTask220659184( 3391): )
05-27 14:25:49.573 E/playfilesourceNew( 3391): HCDN_LOG: [T:3619][HINFO]:[f:DoAsynNotifyInfoResponse],[l:2605],[TaskID(220659184),type(6),msg({"BandWidth":1925120,"IsAd":1,"IsP2P":0,"VID":""}
05-27 14:25:49.573 E/playfilesourceNew( 3391): )!]
05-27 14:25:49.574 E/Hcdn_DeTask3589828670( 3391): HCDN_LOG: [T:3627][HINFO]:[f:PostNotifyInfo],[l:248], notify type(6),info({"BandWidth":0,"IsAd":1,"IsP2P":1,"VID":""}
05-27 14:25:49.574 E/Hcdn_DeTask3589828670( 3391): )
05-27 14:25:49.574 E/playfilesourceNew( 3391): HCDN_LOG: [T:3619][HINFO]:[f:DoAsynNotifyInfoResponse],[l:2605],[TaskID(3589828670),type(6),msg({"BandWidth":0,"IsAd":1,"IsP2P":1,"VID":""}
05-27 14:25:49.574 E/playfilesourceNew( 3391): )!]
05-27 14:25:49.579 I/audio_hw_hal_primary( 499): [audiohal_get_latency:1333] io 13: out:0xf3280740 frames:1024 rate:48000 whole_latency:21 alsa_latency:21
05-27 14:25:49.580 I/audio_hw_hal_primary( 499): [audiohal_get_latency:1333] io 13: out:0xf3280740 frames:1024 rate:48000 whole_latency:21 alsa_latency:21
05-27 14:25:49.600 I/audio_hw_hal_primary( 499): [audiohal_get_latency:1333] io 13: out:0xf3280740 frames:1280 rate:48000 whole_latency:26 alsa_latency:26
05-27 14:25:49.600 I/audio_hw_hal_primary( 499): [audiohal_get_latency:1333] io 13: out:0xf3280740 frames:1280 rate:48000 whole_latency:26 alsa_latency:26
05-27 14:25:49.600 D/audioserver( 543): logFgsApiEnd: FGS Logger Transaction failed, -129
05-27 14:25:49.601 I/audio_hw_hal_primary( 499): out_update_source_metadata_v7() line 2013 usage:1 content_type:2
05-27 14:25:49.623 I/audio_hw_hal_primary( 499): [audiohal_get_latency:1333] io 13: out:0xf3280740 frames:1152 rate:48000 whole_latency:24 alsa_latency:24
05-27 14:25:49.630 D/nStackXCoAP( 2603): IsInSameNetwork:[276] :IsInSameNetwork exec
05-27 14:25:49.631 I/nStackXDFinder( 2603): GetLocalInterfaceDetail:[461] :GetLocalInterfaceDetail in
05-27 14:25:49.631 E/nStackXCoAP( 2603): IsInSameNetwork:[281] :IsInSameNetwork: not priority process
05-27 14:25:49.631 D/nStackXCoAP( 2603): ParseServiceDiscover:[330] :new device join
05-27 14:25:49.631 E/nStackXDFinder( 2603): GetLocalIp:[401] :GetLocalIp exec
05-27 14:25:49.643 I/audio_hw_hal_primary( 499): [audiohal_get_latency:1333] io 13: out:0xf3280740 frames:1280 rate:48000 whole_latency:26 alsa_latency:26
05-27 14:25:49.664 I/audio_hw_hal_primary( 499): [audiohal_get_latency:1333] io 13: out:0xf3280740 frames:1024 rate:48000 whole_latency:21 alsa_latency:21
05-27 14:25:49.674 E/Hcdn_DeTask220659184( 3391): HCDN_LOG: [T:3627][HINFO]:[f:PostNotifyInfo],[l:248], notify type(6),info({"BandWidth":0,"IsAd":1,"IsP2P":1,"VID":""}
05-27 14:25:49.674 E/Hcdn_DeTask220659184( 3391): )
05-27 14:25:49.674 E/playfilesourceNew( 3391): HCDN_LOG: [T:3619][HINFO]:[f:DoAsynNotifyInfoResponse],[l:2605],[TaskID(220659184),type(6),msg({"BandWidth":0,"IsAd":1,"IsP2P":1,"VID":""}
05-27 14:25:49.674 E/playfilesourceNew( 3391): )!]
05-27 14:25:49.674 E/Hcdn_DeTask3589828670( 3391): HCDN_LOG: [T:3627][HINFO]:[f:PostNotifyInfo],[l:248], notify type(6),info({"BandWidth":0,"IsAd":1,"IsP2P":1,"VID":""}
05-27 14:25:49.674 E/Hcdn_DeTask3589828670( 3391): )
05-27 14:25:49.674 E/playfilesourceNew( 3391): HCDN_LOG: [T:3619][HINFO]:[f:DoAsynNotifyInfoResponse],[l:2605],[TaskID(3589828670),type(6),msg({"BandWidth":0,"IsAd":1,"IsP2P":1,"VID":""}
05-27 14:25:49.674 E/playfilesourceNew( 3391): )!]
05-27 14:25:49.686 I/audio_hw_hal_primary( 499): [audiohal_get_latency:1333] io 13: out:0xf3280740 frames:1280 rate:48000 whole_latency:26 alsa_latency:26
05-27 14:25:49.686 W/q_h_c_s ( 3391): HCDN_LOG: [T:3595]SetEasyOpt:1497,curl_easy_setopt CURLOPT_URL success: https://msg.ptqy.gitv.tv/scp2.gif (reid: 48170089)
05-27 14:25:49.686 W/q_h_c_s ( 3391): HCDN_LOG: [T:3595]SetCurlResolve:2862,Set DNS entry (reid: 48170089, rmDnsEntry: -msg.ptqy.gitv.tv:443, dnsEntry: )
05-27 14:25:49.686 W/q_h_c_s ( 3391): HCDN_LOG: [T:3595]SetCurlTimeout:4095,curl_easy_setopt CURLOPT_CONNECTTIMEOUT_MS success (reid: 48170089, timeout: 5001)
05-27 14:25:49.686 W/q_h_c_s ( 3391): HCDN_LOG: [T:3595]SetCurlTimeout:4161,curl_easy_setopt CURLOPT_TIMEOUT_MS success (reid: 48170089, timeout: 5000)
05-27 14:25:49.686 W/q_h_c_s ( 3391): HCDN_LOG: [T:3595]AddToMultiHandle:1145,AddToMultiHandle reid: 48170089, taskid(0), moduleId(5000), offset(0), length(-1), CURL(0xeb374df0), m_mapRun(2), m_mapReqId2EasyHandle(2), m_vecModuleRun(0,0,0,0,0,0,0,0,2)
05-27 14:25:49.686 W/q_h_c_s ( 3391): HCDN_LOG: [T:3595]SetEasyOpt:1497,curl_easy_setopt CURLOPT_URL success: https://msg.ptqy.gitv.tv/scp2.gif (reid: 48170090)
05-27 14:25:49.686 W/q_h_c_s ( 3391): HCDN_LOG: [T:3595]SetCurlResolve:2862,Set DNS entry (reid: 48170090, rmDnsEntry: -msg.ptqy.gitv.tv:443, dnsEntry: )
05-27 14:25:49.686 W/q_h_c_s ( 3391): HCDN_LOG: [T:3595]SetCurlTimeout:4095,curl_easy_setopt CURLOPT_CONNECTTIMEOUT_MS success (reid: 48170090, timeout: 5001)
05-27 14:25:49.686 W/q_h_c_s ( 3391): HCDN_LOG: [T:3595]SetCurlTimeout:4161,curl_easy_setopt CURLOPT_TIMEOUT_MS success (reid: 48170090, timeout: 5000)
05-27 14:25:49.686 W/q_h_c_s ( 3391): HCDN_LOG: [T:3595]AddToMultiHandle:1145,AddToMultiHandle reid: 48170090, taskid(0), moduleId(5000), offset(0), length(-1), CURL(0xeb357ad0), m_mapRun(3), m_mapReqId2EasyHandle(3), m_vecModuleRun(0,0,0,0,0,0,0,0,3)
05-27 14:25:49.687 W/q_h_c_s ( 3391): HCDN_LOG: [T:3595]SetEasyOpt:1497,curl_easy_setopt CURLOPT_URL success: http://msg.ptqy.gitv.tv/v5/core/pstat?ptid=14025032401000000000&pf=3&c1=2&c2=&lvbck=&r=4825528930037400&aid=5567532336805201&u=tv_a5d24680886b5f8eab7a993cc77a0ee1_1748316299384_5714770789&pu=6040457410&os=android_034-01-01&v=2.1403.1.241012&krv=5.1.0201&krvb=12785&hcdnv=10.2.3.5212&lnv=&mdlm=&ra1=1&ra2=-1&ra3=500&ra4=25&ra5=100&ra6=0&va=0&as=f35cdc93b05e4dd618975ac27f23b049&ve=0d135a3df32d187fd3eeb15a4183939b&islocal=0&ht=0&tpcd=&tpad=-1&drm_t=4&abr_t=0&abr_m=-1&abr_at=&abr_p=0_0&drm_v=3.1.0&drmlicsv=5&chipid=amlogic&mod=&nettype=11&ua_model=DBBOX-A3&rn=1748327148675&stime=1748327148675&vdurt=1984000&krus=tv_android_player&vpt=-100&p1=0&p2=0&pdc_src=-1&a_ra=&a_va=&prtype=0&smallplyrtp=&hwnp=&netmod=1&play_src=&mpi=&q_a=1&q_z=0&q_b=1&q_c=1_1&q_d=0_0&q_e=1_1&q_f=1_2_0&q_g=1_1&q_h=0_0&q_i=0_0_0&q_j=0_0&q_k=0_0_0&q_y=0 (reid: 48170093)
05-27 14:25:49.687 W/q_h_c_s ( 3391): HCDN_LOG: [T:3595]SetCurlResolve:2862,Set DNS entry (reid: 48170093, rmDnsEntry: -msg.ptqy.gitv.tv:80, dnsEntry: )
05-27 14:25:49.701 D/XM_HIDREAD( 1928): poll ret=1, event=1
05-27 14:25:49.701 D/XM_HIDREAD( 1928): [9 bytes]:01 00 00 4F 00 00 00 00 00
05-27 14:25:49.702 I/android.hardware.bluetooth@1.0-impl( 501): [HandleIncomingEvent-549]: rec adv direct packet
05-27 14:25:49.704 D/audioserver( 543): logFgsApiBegin: FGS Logger Transaction failed, -129
05-27 14:25:49.705 I/audio_hw_hal_primary( 499): [audiohal_get_latency:1333] io 13: out:0xf3280740 frames:1152 rate:48000 whole_latency:24 alsa_latency:24
05-27 14:25:49.705 I/audio_hw_hal_primary( 499): out_update_source_metadata_v7() line 2013 usage:1 content_type:2
05-27 14:25:49.705 I/SogouIME( 1501): onKeyDown: keyoCode=22
05-27 14:25:49.705 I/DefaultIMS( 1501): onKeyDown: keyoCode=22
05-27 14:25:49.706 E/SecondScreen( 1519): FirstScreenLayoutView dispatchKeyEvent 22
05-27 14:25:49.729 I/audio_hw_hal_primary( 499): [register_audio_patch:8215] Patch 3:id:3 mix(io:13)->dev_0[OUT_HDMI(id:22)] found, register the same patch, do nothing.
05-27 14:25:49.729 I/audio_hw_hal_primary( 499): [adev_create_audio_patch:8316] Patch 3: MIX->DEVICE, num_src:1 num_sink:1 patch_src:INVAL
05-27 14:25:49.729 I/audio_hw_hal_primary( 499): [adev_create_audio_patch:8320] sink[0]: OUT_HDMI(id:22)
05-27 14:25:49.729 I/audio_hw_hal_primary( 499): [adev_create_audio_patch:8377] Patch 3: mix(io:13) -> dev[OUT_HDMI(id:22)]
05-27 14:25:49.729 D/UEventObserver( 1008): change@/devices/platform/auge_sound/sound/card0/controlC0ACTION=changeDEVPATH=/devices/platform/auge_sound/sound/card0/controlC0SUBSYSTEM=soundAUDIO_FORMAT=0MAJOR=116MINOR=13DEVNAME=snd/controlC0SEQNUM=3683
05-27 14:25:49.729 I/audio_hw_hal_primary( 499): [adev_create_audio_patch:8445] dev=0xf3340010 cur_out_device=0x400
05-27 14:25:49.729 D/audioserver( 543): logFgsApiEnd: FGS Logger Transaction failed, -129
05-27 14:25:49.730 D/audioserver( 543): logFgsApiBegin: FGS Logger Transaction failed, -129
05-27 14:25:49.730 D/audioserver( 543): logFgsApiEnd: FGS Logger Transaction failed, -129
05-27 14:25:49.730 D/audioserver( 543): logFgsApiBegin: FGS Logger Transaction failed, -129
05-27 14:25:49.730 I/audio_hw_hal_primary( 499): [audiohal_get_latency:1333] io 13: out:0xf3280740 frames:1152 rate:48000 whole_latency:24 alsa_latency:24
05-27 14:25:49.731 I/audio_hw_hal_primary( 499): out_update_source_metadata_v7() line 2013 usage:1 content_type:2
05-27 14:25:49.736 D/audioserver( 543): logFgsApiBegin: FGS Logger Transaction failed, -129
05-27 14:25:49.738 E/playfilesourceNew( 3391): HCDN_LOG: [T:3619][HFATAL]:[f:LoopGetDownloadInfo],[l:3661],[Can not find TaskID(3589828670), end LoopGetDownloadInfo()]
05-27 14:25:49.747 D/nStackXCoAP( 2603): CoapMessageHandler:[133] :2.01
05-27 14:25:49.748 V/UFUnilog( 3391): UFNEasyCurlClientImpl.cpp : 66 PingbackSdk {fuc=UFNEasyCurlClientImpl:Perform(),logtag=babel_pb_68,interface_msg=out}
05-27 14:25:49.748 V/UFUnilog( 3391): api_engine.cpp : 189 PingbackSdk {fuc=APIEngine:Call(),logtag=babel_pb_68,interface_msg=Start Try!,try_count=1}
05-27 14:25:49.748 D/PINGBACKSDK( 3391): PlayerPbApi.cpp:38 PingbackLog: send success! http://msg.ptqy.gitv.tv/b/3_31_312:116.211.189.249,playerwakeup:msg=[{"abr_at":"nonabs","abs_type":"0","absopenstatus":"0","alanid":"0_","audiotype":"0","brlevel":"100","c1":"0","deviceid":"tv_a5d24680886b5f8eab7a993cc77a0ee1_1748316299384_5714770789","dfp":"","diy_adseamless":"0","diy_sfrom":"idle","dlbpssmd":"0","drm_v":"","drmstat":"6","drmt":"none","duby":"-1","fa":"105","fakeabs":"","fr":"25","hcdninit":"success","hcdnlsmhd":"-1","hcdnromsz":"14","hcdnst":"-1","hcdnv":"10.2.3.5212","hdmpssmd":"0","ht":"","hu":"-1","hwver":"DBBOX-A3","is264ts":"0","is_cuva":"0","is_iqhimero":"","ispre":"","isroot":"1","iszqyh":"0","lch_ver":"1.5","livenetst":"-1","livenetv":"6.24.26.354","lsv":"18.0.1.5212","maxpt":"0","mkey":"20200817110900551NKVuEWAfr101626","mod":
05-27 14:25:49.748 D/PINGBACKSDK( 3391): PlayerPbApi.cpp:40 PingbackLog: send success! playerwakeup:"cn_s","os":"34","outline":"","p1":"3_31_312","p2":"3128","p_hdcpctrl":"","p_wtmark":"","pbv":"","play_t":"0","plyerm":"vod","plyert":"native_advance","procid":"3391","psc1":"0","psp_4kh264":"1","psp_4kh265":"1","psp_dolby":"0","psp_dv":"0","psp_edr":"","psp_h264":"1","psp_h265":"1","psp_hdr10":"1","psp_ratedef":"10","psp_ratedefdv":"10","psp_ratedefhdr":"","pt":"1206559","pu":"6040457410","qyctx":"916C73D87398CFA168D4ED7A2D9151377F1906DEBF41C2FC5E850C7C7A309351DA240C424AE8D92341365BBE21A92870B31D46A972056DB5ABA0421242BF5B677BA9F2CF17F94C0E26C00079AFCE08061671AE7D396408C449FD2CE4632EC4E2","qyctxv":"1","r":"4825528930037400","ra":"0","rachannel":"1","ravd":"0","ravd_auth":"-1","re":"1920x1080
05-27 14:25:49.748 D/PINGBACKSDK( 3391): PlayerPbApi.cpp:40 PingbackLog: send success! playerwakeup:","rn":"1953746480","romrsz":"52610","romsz":"55669","sdkv":"1.1403.1.06032","second_cate":"","skipabssize":"","spkpssmd":"0","spth265":"1","stauto_support":"0","stime":"1748327147263","stype":"0","t":"12","term":{"brand":"Amlogic","chip":"","core":"4","cpu_arch":"8","cpu_freq":"2508000","cpu_implementer":"65","cpu_part":"3333","cpu_processor":"","diy_hwver":"DBBOX-A3","dolbycodec":"-1","firmver":"UD2A.240505.001.W1.eng.server.20250526.204824 release-keys","high_end":"-1","hpformance":"","hwprod":"","hwversub":"","memory":"3677","p_hdcp":"","p_maxhdcp":"","rammode":"","vendor":""},"tm":"683","tvs2":"simple_sdk","u":"tv_869715f19dd6eaca3c53a6941eb58e57","usehcdn":"0","v":"2.1403.1.241012","vc
05-27 14:25:49.748 D/PINGBACKSDK( 3391): PlayerPbApi.cpp:35 PingbackLog: send success! playerwakeup:odec":"0","vdprctp":"1","ve":"174832714354017A5367F5540D7F825E","vsp_4kh264":"0","vsp_4kh265":"0","vsp_8k":"0","vsp_daudio":"0","vsp_dv":"0","vsp_edr":"0","vsp_h265":"1","vsp_hdr10":"1","vsp_ratedef":"10","vsp_ratedefEdr":"-1","vsp_ratedefdolby":"10","vsp_ratedefdv":"-1","vsp_ratedefhdr":"-1","wifimac":"02%3A00%3A00%3A00%3A00%3A00","z":"","z_from":"","z_ip":""}]
05-27 14:25:49.766 W/q_h_c_s ( 3391): HCDN_LOG: [T:3595]SetCurlTimeout:4095,curl_easy_setopt CURLOPT_CONNECTTIMEOUT_MS success (reid: 48170093, timeout: 5001)
05-27 14:25:49.766 W/q_h_c_s ( 3391): HCDN_LOG: [T:3595]SetCurlTimeout:4161,curl_easy_setopt CURLOPT_TIMEOUT_MS success (reid: 48170093, timeout: 3000)
05-27 14:25:49.766 W/q_h_c_s ( 3391): HCDN_LOG: [T:3595]AddToMultiHandle:1145,AddToMultiHandle reid: 48170093, taskid(0), moduleId(3001), offset(0), length(-1), CURL(0xeb3734b0), m_mapRun(4), m_mapReqId2EasyHandle(4), m_vecModuleRun(0,0,0,0,0,0,1,0,3)
05-27 14:25:49.769 D/XM_HIDREAD( 1928): poll ret=1, event=1
05-27 14:25:49.769 D/XM_HIDREAD( 1928): [9 bytes]:01 00 00 00 00 00 00 00 00
05-27 14:25:49.770 I/SogouIME( 1501): onKeyUp: keyoCode=22
05-27 14:25:49.770 I/DefaultIMS( 1501): onKeyUp: keyoCode=22
05-27 14:25:49.770 E/SecondScreen( 1519): FirstScreenLayoutView dispatchKeyEvent 22
05-27 14:25:49.771 I/audio_hw_hal_primary( 499): [audiohal_get_latency:1333] io 13: out:0xf3280740 frames:1024 rate:48000 whole_latency:21 alsa_latency:21
05-27 14:25:49.771 D/audioserver( 543): logFgsApiEnd: FGS Logger Transaction failed, -129
05-27 14:25:49.772 I/audio_hw_hal_primary( 499): out_update_source_metadata_v7() line 2013 usage:1 content_type:2
05-27 14:25:49.778 E/Hcdn_DeTask220659184( 3391): HCDN_LOG: [T:3627][HINFO]:[f:PostNotifyInfo],[l:248], notify type(6),info({"BandWidth":-2,"IsAd":1,"IsP2P":1,"VID":""}
05-27 14:25:49.778 E/Hcdn_DeTask220659184( 3391): )
05-27 14:25:49.778 E/Hcdn_DeTask3589828670( 3391): HCDN_LOG: [T:3627][HINFO]:[f:PostNotifyInfo],[l:248], notify type(6),info({"BandWidth":0,"IsAd":1,"IsP2P":1,"VID":""}
05-27 14:25:49.778 E/Hcdn_DeTask3589828670( 3391): )
05-27 14:25:49.778 E/playfilesourceNew( 3391): HCDN_LOG: [T:3619][HINFO]:[f:DoAsynNotifyInfoResponse],[l:2605],[TaskID(220659184),type(6),msg({"BandWidth":-2,"IsAd":1,"IsP2P":1,"VID":""}
05-27 14:25:49.778 E/playfilesourceNew( 3391): )!]
05-27 14:25:49.778 E/playfilesourceNew( 3391): HCDN_LOG: [T:3619][HINFO]:[f:DoAsynNotifyInfoResponse],[l:2605],[TaskID(3589828670),type(6),msg({"BandWidth":0,"IsAd":1,"IsP2P":1,"VID":""}
05-27 14:25:49.778 E/playfilesourceNew( 3391): )!]
05-27 14:25:49.882 E/Hcdn_DeTask220659184( 3391): HCDN_LOG: [T:3627][HINFO]:[f:PostNotifyInfo],[l:248], notify type(6),info({"BandWidth":-2,"IsAd":1,"IsP2P":1,"VID":""}
05-27 14:25:49.882 E/Hcdn_DeTask220659184( 3391): )
05-27 14:25:49.882 E/Hcdn_DeTask3589828670( 3391): HCDN_LOG: [T:3627][HINFO]:[f:PostNotifyInfo],[l:248], notify type(6),info({"BandWidth":0,"IsAd":1,"IsP2P":1,"VID":""}
05-27 14:25:49.882 E/Hcdn_DeTask3589828670( 3391): )
05-27 14:25:49.882 E/playfilesourceNew( 3391): HCDN_LOG: [T:3619][HINFO]:[f:DoAsynNotifyInfoResponse],[l:2605],[TaskID(220659184),type(6),msg({"BandWidth":-2,"IsAd":1,"IsP2P":1,"VID":""}
05-27 14:25:49.882 E/playfilesourceNew( 3391): )!]
05-27 14:25:49.882 E/playfilesourceNew( 3391): HCDN_LOG: [T:3619][HINFO]:[f:DoAsynNotifyInfoResponse],[l:2605],[TaskID(3589828670),type(6),msg({"BandWidth":0,"IsAd":1,"IsP2P":1,"VID":""}
05-27 14:25:49.882 E/playfilesourceNew( 3391): )!]
05-27 14:25:49.899 I/audio_hw_hal_primary( 499): [audiohal_get_latency:1333] io 13: out:0xf3280740 frames:1280 rate:48000 whole_latency:26 alsa_latency:26
05-27 14:25:49.899 I/audio_hw_hal_primary( 499): [audiohal_get_latency:1333] io 13: out:0xf3280740 frames:1280 rate:48000 whole_latency:26 alsa_latency:26
05-27 14:25:49.915 D/XM_HIDREAD( 1928): poll ret=1, event=1
05-27 14:25:49.915 D/XM_HIDREAD( 1928): [9 bytes]:01 00 00 4F 00 00 00 00 00
05-27 14:25:49.917 I/audio_hw_hal_primary( 499): [audiohal_get_latency:1333] io 13: out:0xf3280740 frames:1152 rate:48000 whole_latency:24 alsa_latency:24
05-27 14:25:49.917 I/SogouIME( 1501): onKeyDown: keyoCode=22
05-27 14:25:49.918 I/DefaultIMS( 1501): onKeyDown: keyoCode=22
05-27 14:25:49.918 E/SecondScreen( 1519): FirstScreenLayoutView dispatchKeyEvent 22
05-27 14:25:49.983 E/Hcdn_DeTask220659184( 3391): HCDN_LOG: [T:3627][HINFO]:[f:PostNotifyInfo],[l:248], notify type(6),info({"BandWidth":-2,"IsAd":1,"IsP2P":1,"VID":""}
05-27 14:25:49.983 E/Hcdn_DeTask220659184( 3391): )
05-27 14:25:49.983 E/Hcdn_DeTask3589828670( 3391): HCDN_LOG: [T:3627][HINFO]:[f:PostNotifyInfo],[l:248], notify type(6),info({"BandWidth":0,"IsAd":1,"IsP2P":1,"VID":""}
05-27 14:25:49.983 E/Hcdn_DeTask3589828670( 3391): )
05-27 14:25:49.983 E/playfilesourceNew( 3391): HCDN_LOG: [T:3619][HINFO]:[f:DoAsynNotifyInfoResponse],[l:2605],[TaskID(220659184),type(6),msg({"BandWidth":-2,"IsAd":1,"IsP2P":1,"VID":""}
05-27 14:25:49.983 E/playfilesourceNew( 3391): )!]
05-27 14:25:49.983 E/playfilesourceNew( 3391): HCDN_LOG: [T:3619][HINFO]:[f:DoAsynNotifyInfoResponse],[l:2605],[TaskID(3589828670),type(6),msg({"BandWidth":0,"IsAd":1,"IsP2P":1,"VID":""}
05-27 14:25:49.983 E/playfilesourceNew( 3391): )!]
05-27 14:25:50.005 D/XM_HIDREAD( 1928): poll ret=1, event=1
05-27 14:25:50.005 D/XM_HIDREAD( 1928): [9 bytes]:01 00 00 00 00 00 00 00 00
05-27 14:25:50.007 I/SogouIME( 1501): onKeyUp: keyoCode=22
05-27 14:25:50.007 I/DefaultIMS( 1501): onKeyUp: keyoCode=22
05-27 14:25:50.007 E/SecondScreen( 1519): FirstScreenLayoutView dispatchKeyEvent 22
05-27 14:25:50.069 I/audio_hw_hal_stream( 499): aml_stream_out_info_print: out:0xf3280740, stream_type:pcm, sync_mode:non tunnel, input_size:6823936 bytes
05-27 14:25:50.069 I/audio_hw_hal_stream( 499): aml_stream_out_info_print: last_time:82916 ms (sec:82, nsec:916633747), last_position:35297 ms (1694256), cur_time:82959 ms (sec:82, nsec:959592205), cur_position:35339 ms (1696304)
05-27 14:25:50.069 I/audio_hw_hal_stream( 499): aml_stream_out_info_print: time_gap:43 ms (thr:100 ms), position_gap:42 ms, delay:201 ms, jitter: Position gap is behind system time gap by 1 ms (thr:100 ms)
05-27 14:25:50.070 I/audio_hw_hal_primary( 499): [audiohal_get_latency:1333] io 13: out:0xf3280740 frames:1280 rate:48000 whole_latency:26 alsa_latency:26
05-27 14:25:50.086 E/Hcdn_DeTask220659184( 3391): HCDN_LOG: [T:3627][HINFO]:[f:PostNotifyInfo],[l:248], notify type(6),info({"BandWidth":-2,"IsAd":1,"IsP2P":1,"VID":""}
05-27 14:25:50.086 E/Hcdn_DeTask220659184( 3391): )
05-27 14:25:50.086 E/Hcdn_DeTask3589828670( 3391): HCDN_LOG: [T:3627][HINFO]:[f:PostNotifyInfo],[l:248], notify type(6),info({"BandWidth":0,"IsAd":1,"IsP2P":1,"VID":""}
05-27 14:25:50.086 E/Hcdn_DeTask3589828670( 3391): )
05-27 14:25:50.086 E/playfilesourceNew( 3391): HCDN_LOG: [T:3619][HINFO]:[f:DoAsynNotifyInfoResponse],[l:2605],[TaskID(220659184),type(6),msg({"BandWidth":-2,"IsAd":1,"IsP2P":1,"VID":""}
05-27 14:25:50.086 E/playfilesourceNew( 3391): )!]
05-27 14:25:50.086 E/playfilesourceNew( 3391): HCDN_LOG: [T:3619][HINFO]:[f:DoAsynNotifyInfoResponse],[l:2605],[TaskID(3589828670),type(6),msg({"BandWidth":0,"IsAd":1,"IsP2P":1,"VID":""}
05-27 14:25:50.086 E/playfilesourceNew( 3391): )!]
05-27 14:25:50.112 I/audio_hw_hal_primary( 499): [audiohal_get_latency:1333] io 13: out:0xf3280740 frames:1280 rate:48000 whole_latency:26 alsa_latency:26
05-27 14:25:50.113 I/audio_hw_hal_primary( 499): [audiohal_get_latency:1333] io 13: out:0xf3280740 frames:1280 rate:48000 whole_latency:26 alsa_latency:26
05-27 14:25:50.134 I/audio_hw_hal_primary( 499): [audiohal_get_latency:1333] io 13: out:0xf3280740 frames:1280 rate:48000 whole_latency:26 alsa_latency:26
05-27 14:25:50.134 I/audio_hw_hal_primary( 499): [audiohal_get_latency:1333] io 13: out:0xf3280740 frames:1280 rate:48000 whole_latency:26 alsa_latency:26
05-27 14:25:50.155 I/audio_hw_hal_primary( 499): [audiohal_get_latency:1333] io 13: out:0xf3280740 frames:1024 rate:48000 whole_latency:21 alsa_latency:21
05-27 14:25:50.155 I/audio_hw_hal_primary( 499): [audiohal_get_latency:1333] io 13: out:0xf3280740 frames:1280 rate:48000 whole_latency:26 alsa_latency:26
05-27 14:25:50.176 I/audio_hw_hal_primary( 499): [audiohal_get_latency:1333] io 13: out:0xf3280740 frames:1280 rate:48000 whole_latency:26 alsa_latency:26
05-27 14:25:50.177 I/audio_hw_hal_primary( 499): [audiohal_get_latency:1333] io 13: out:0xf3280740 frames:1280 rate:48000 whole_latency:26 alsa_latency:26
05-27 14:25:50.187 E/Hcdn_DeTask220659184( 3391): HCDN_LOG: [T:3627][HINFO]:[f:PostNotifyInfo],[l:248], notify type(6),info({"BandWidth":-2,"IsAd":1,"IsP2P":1,"VID":""}
05-27 14:25:50.187 E/Hcdn_DeTask220659184( 3391): )
05-27 14:25:50.187 E/Hcdn_DeTask3589828670( 3391): HCDN_LOG: [T:3627][HINFO]:[f:PostNotifyInfo],[l:248], notify type(6),info({"BandWidth":0,"IsAd":1,"IsP2P":1,"VID":""}
05-27 14:25:50.187 E/Hcdn_DeTask3589828670( 3391): )
05-27 14:25:50.187 E/playfilesourceNew( 3391): HCDN_LOG: [T:3619][HINFO]:[f:DoAsynNotifyInfoResponse],[l:2605],[TaskID(220659184),type(6),msg({"BandWidth":-2,"IsAd":1,"IsP2P":1,"VID":""}
05-27 14:25:50.187 E/playfilesourceNew( 3391): )!]
05-27 14:25:50.187 E/playfilesourceNew( 3391): HCDN_LOG: [T:3619][HINFO]:[f:DoAsynNotifyInfoResponse],[l:2605],[TaskID(3589828670),type(6),msg({"BandWidth":0,"IsAd":1,"IsP2P":1,"VID":""}
05-27 14:25:50.187 E/playfilesourceNew( 3391): )!]
05-27 14:25:50.198 I/audio_hw_hal_primary( 499): [audiohal_get_latency:1333] io 13: out:0xf3280740 frames:1024 rate:48000 whole_latency:21 alsa_latency:21
05-27 14:25:50.198 I/audio_hw_hal_primary( 499): [audiohal_get_latency:1333] io 13: out:0xf3280740 frames:1024 rate:48000 whole_latency:21 alsa_latency:21
05-27 14:25:50.219 I/audio_hw_hal_primary( 499): [audiohal_get_latency:1333] io 13: out:0xf3280740 frames:1280 rate:48000 whole_latency:26 alsa_latency:26
05-27 14:25:50.219 I/audio_hw_hal_primary( 499): [audiohal_get_latency:1333] io 13: out:0xf3280740 frames:1280 rate:48000 whole_latency:26 alsa_latency:26
05-27 14:25:50.240 I/audio_hw_hal_primary( 499): [audiohal_get_latency:1333] io 13: out:0xf3280740 frames:1280 rate:48000 whole_latency:26 alsa_latency:26
05-27 14:25:50.241 I/audio_hw_hal_primary( 499): [audiohal_get_latency:1333] io 13: out:0xf3280740 frames:1280 rate:48000 whole_latency:26 alsa_latency:26
05-27 14:25:50.245 I/audio_hw_hal_alsamgr( 499): alsa format =0x1 delay frames =1024 total frames=3402240
05-27 14:25:50.262 I/audio_hw_hal_primary( 499): [audiohal_get_latency:1333] io 13: out:0xf3280740 frames:1280 rate:48000 whole_latency:26 alsa_latency:26
05-27 14:25:50.262 I/audio_hw_hal_primary( 499): [audiohal_get_latency:1333] io 13: out:0xf3280740 frames:1280 rate:48000 whole_latency:26 alsa_latency:26
05-27 14:25:50.264 D/XM_HIDREAD( 1928): poll ret=1, event=1
05-27 14:25:50.264 D/XM_HIDREAD( 1928): [9 bytes]:01 00 00 28 00 00 00 00 00
05-27 14:25:50.267 I/SogouIME( 1501): onKeyDown: keyoCode=23
05-27 14:25:50.267 I/DefaultIMS( 1501): onKeyDown: keyoCode=23
05-27 14:25:50.268 E/SecondScreen( 1519): FirstScreenLayoutView dispatchKeyEvent 23
05-27 14:25:50.282 I/WifiHAL ( 519): call wifi_get_link_stats handler
05-27 14:25:50.282 I/WifiHAL ( 519): Creating message to get link statistics; iface = 19
05-27 14:25:50.282 D/WifiHAL ( 519): error code -95 mapped to -3
05-27 14:25:50.283 E/WifiStaIfaceAidlImpl( 704): getLinkLayerStats failed with service-specific exception: android.os.ServiceSpecificException: (code 4)
05-27 14:25:50.283 I/audio_hw_hal_primary( 499): [audiohal_get_latency:1333] io 13: out:0xf3280740 frames:1280 rate:48000 whole_latency:26 alsa_latency:26
05-27 14:25:50.283 D/audioserver( 543): logFgsApiEnd: FGS Logger Transaction failed, -129
05-27 14:25:50.286 I/audio_hw_hal_primary( 499): out_update_source_metadata_v7() line 2013 usage:1 content_type:2
05-27 14:25:50.290 E/Hcdn_DeTask220659184( 3391): HCDN_LOG: [T:3627][HINFO]:[f:PostNotifyInfo],[l:248], notify type(6),info({"BandWidth":-2,"IsAd":1,"IsP2P":1,"VID":""}
05-27 14:25:50.290 E/Hcdn_DeTask220659184( 3391): )
05-27 14:25:50.290 E/Hcdn_DeTask3589828670( 3391): HCDN_LOG: [T:3627][HINFO]:[f:PostNotifyInfo],[l:248], notify type(6),info({"BandWidth":0,"IsAd":1,"IsP2P":1,"VID":""}
05-27 14:25:50.290 E/Hcdn_DeTask3589828670( 3391): )
05-27 14:25:50.290 E/playfilesourceNew( 3391): HCDN_LOG: [T:3619][HINFO]:[f:DoAsynNotifyInfoResponse],[l:2605],[TaskID(220659184),type(6),msg({"BandWidth":-2,"IsAd":1,"IsP2P":1,"VID":""}
05-27 14:25:50.290 E/playfilesourceNew( 3391): )!]
05-27 14:25:50.290 E/playfilesourceNew( 3391): HCDN_LOG: [T:3619][HINFO]:[f:DoAsynNotifyInfoResponse],[l:2605],[TaskID(3589828670),type(6),msg({"BandWidth":0,"IsAd":1,"IsP2P":1,"VID":""}
05-27 14:25:50.290 E/playfilesourceNew( 3391): )!]
05-27 14:25:50.354 D/XM_HIDREAD( 1928): poll ret=1, event=1
05-27 14:25:50.354 D/XM_HIDREAD( 1928): [9 bytes]:01 00 00 00 00 00 00 00 00
05-27 14:25:50.355 I/SogouIME( 1501): onKeyUp: keyoCode=23
05-27 14:25:50.355 I/DefaultIMS( 1501): onKeyUp: keyoCode=23
05-27 14:25:50.355 E/SecondScreen( 1519): FirstScreenLayoutView dispatchKeyEvent 23
05-27 14:25:50.361 E/CellBroadcastUtils( 704): getDefaultCellBroadcastReceiverPackageName: no package found
05-27 14:25:50.366 D/CompatibilityChangeReporter( 704): Compat change id reported: 197654537; UID 1000; state: ENABLED
05-27 14:25:50.368 D/CompatibilityChangeReporter( 704): Compat change id reported: 205907456; UID 1000; state: DISABLED
05-27 14:25:50.373 I/ActivityTaskManager( 704): START u0 {dat=haqu://setting:8080/... flg=0x10000000 pkg=com.dangbei.haqusetting cmp=com.dangbei.haqusetting/.ui.HomeActivity} with LAUNCH_MULTIPLE from uid 1000 (BAL_ALLOW_ALLOWLISTED_UID) result code=0
05-27 14:25:50.373 V/WindowManagerShell( 990): Transition requested: android.os.BinderProxy@69e1eb7 TransitionRequestInfo { type = 1, triggerTask = TaskInfo{userId=0 taskId=105 displayId=0 isRunning=true baseIntent=Intent { dat=haqu://setting:8080/... flg=0x10000000 pkg=com.dangbei.haqusetting cmp=com.dangbei.haqusetting/.ui.HomeActivity } baseActivity=ComponentInfo{com.dangbei.haqusetting/com.dangbei.haqusetting.ui.HomeActivity} topActivity=ComponentInfo{com.dangbei.haqusetting/com.dangbei.haqusetting.ui.HomeActivity} origActivity=null realActivity=ComponentInfo{com.dangbei.haqusetting/com.dangbei.haqusetting.ui.HomeActivity} numActivities=1 lastActiveTime=83259 supportsMultiWindow=true resizeMode=1 isResizeable=true minWidth=-1 minHeight=-1 defaultMinSize=220 token=WCT{android.window.IWindowContainerToken$Stub$Proxy@7390624} topActivityType=1 pictureInPictureParams=null shouldDockBigOverlays=true launchIntoPipHostTaskId=-1 lastParentTaskIdBeforePip=-1 displayCutoutSafeInsets=null topActivityInfo=ActivityInfo{6fec58d com.dangbei.haqusetting.ui.HomeActivity} launchCookies=[] positionInParent=Point(0, 0) parentTaskId=-1 isFocused=false isVisible=false isVisibleRequested=false isSleeping=false topActivityInSizeCompat=false topActivityEligibleForLetterboxEducation= false isLetterboxDoubleTapEnabled= false topActivityEligibleForUserAspectRatioButton= false topActivityBoundsLetterboxed= false isFromLetterboxDoubleTap= false topActivityLetterboxVerticalPosition= -1 topActivityLetterboxHorizontalPosition= -1 topActivityLetterboxWidth=-1 topActivityLetterboxHeight=-1 isUserFullscreenOverrideEnabled=false isTopActivityTransparent=true locusId=null displayAreaFeatureId=1 cameraCompatControlState=hidden}, remoteTransition = null, displayChange = null, flags = 0 }
05-27 14:25:50.379 V/WindowManager( 704): app ------------- force_land :0
05-27 14:25:50.391 E/Hcdn_DeTask220659184( 3391): HCDN_LOG: [T:3627][HINFO]:[f:PostNotifyInfo],[l:248], notify type(6),info({"BandWidth":-2,"IsAd":1,"IsP2P":1,"VID":""}
05-27 14:25:50.391 E/Hcdn_DeTask220659184( 3391): )
05-27 14:25:50.392 I/BpBinder( 273): onLastStrongRef automatically unlinking death recipients:
05-27 14:25:50.394 E/playfilesourceNew( 3391): HCDN_LOG: [T:3619][HINFO]:[f:DoAsynNotifyInfoResponse],[l:2605],[TaskID(220659184),type(6),msg({"BandWidth":-2,"IsAd":1,"IsP2P":1,"VID":""}
05-27 14:25:50.394 E/playfilesourceNew( 3391): )!]
05-27 14:25:50.394 E/playfilesourceNew( 3391): HCDN_LOG: [T:3619][HINFO]:[f:DoAsynNotifyInfoResponse],[l:2605],[TaskID(3589828670),type(6),msg({"BandWidth":0,"IsAd":1,"IsP2P":1,"VID":""}
05-27 14:25:50.394 E/playfilesourceNew( 3391): )!]
05-27 14:25:50.394 E/Hcdn_DeTask3589828670( 3391): HCDN_LOG: [T:3627][HINFO]:[f:PostNotifyInfo],[l:248], notify type(6),info({"BandWidth":0,"IsAd":1,"IsP2P":1,"VID":""}
05-27 14:25:50.394 E/Hcdn_DeTask3589828670( 3391): )
05-27 14:25:50.396 W/SQLiteLog( 1519): (28) double-quoted string literal: "
05-27 14:25:50.396 W/SQLiteLog( 1519): (28) double-quoted string literal: "69F8800812464C793B12C0D37FE0F3EA"
05-27 14:25:50.408 E/ccc ( 1474): cccccc UpdateHelper onMessageReceived com.dangbei.haqusetting com.dangbei.etna.update {"action":"get","functionTag":"leaf_controller_function_controller_dangbei_update","value":0} com.dangbei.lerad.etna.aidl.IEtnaAidlCallback$Stub$Proxy@ba05c3
05-27 14:25:50.409 E/ccc ( 1474): cccccc 缓存获取遥控器版本 DB-15B-H5-R0111
05-27 14:25:50.409 E/ccc ( 1474): cccccc 请求电量缓存 100
05-27 14:25:50.411 I/audio_hw_hal_primary( 499): [register_audio_patch:8215] Patch 3:id:3 mix(io:13)->dev_0[OUT_HDMI(id:22)] found, register the same patch, do nothing.
05-27 14:25:50.411 I/audio_hw_hal_primary( 499): [adev_create_audio_patch:8316] Patch 3: MIX->DEVICE, num_src:1 num_sink:1 patch_src:INVAL
05-27 14:25:50.411 I/audio_hw_hal_primary( 499): [adev_create_audio_patch:8320] sink[0]: OUT_HDMI(id:22)
05-27 14:25:50.411 I/audio_hw_hal_primary( 499): [adev_create_audio_patch:8377] Patch 3: mix(io:13) -> dev[OUT_HDMI(id:22)]
05-27 14:25:50.412 I/audio_hw_hal_primary( 499): [adev_create_audio_patch:8445] dev=0xf3340010 cur_out_device=0x400
05-27 14:25:50.412 D/audioserver( 543): logFgsApiEnd: FGS Logger Transaction failed, -129
05-27 14:25:50.412 D/audioserver( 543): logFgsApiBegin: FGS Logger Transaction failed, -129
05-27 14:25:50.412 D/UEventObserver( 1008): change@/devices/platform/auge_sound/sound/card0/controlC0ACTION=changeDEVPATH=/devices/platform/auge_sound/sound/card0/controlC0SUBSYSTEM=soundAUDIO_FORMAT=0MAJOR=116MINOR=13DEVNAME=snd/controlC0SEQNUM=3684
05-27 14:25:50.413 I/audio_hw_hal_primary( 499): out_update_source_metadata_v7() line 2013 usage:1 content_type:2
05-27 14:25:50.414 W/WindowManager( 704): [addWindow] title:com.dangbei.haqusetting/com.dangbei.haqusetting.ui.HomeActivity
05-27 14:25:50.417 D/audioserver( 543): logFgsApiBegin: FGS Logger Transaction failed, -129
05-27 14:25:50.432 D/CoreBackPreview( 704): Window{6d00860 u0 com.dangbei.haqusetting/com.dangbei.haqusetting.ui.HomeActivity}: Setting back callback OnBackInvokedCallbackInfo{mCallback=android.window.IOnBackInvokedCallback$Stub$Proxy@f945de, mPriority=0, mIsAnimationCallback=false}
05-27 14:25:50.435 D/TrafficStats( 1519): tagSocket(107) with statsTag=0xffffffff, statsUid=-1
05-27 14:25:50.443 E/OpenGLRenderer( 3250): Unable to match the desired swap behavior.
05-27 14:25:50.445 W/RecyclerView( 3250): No adapter attached; skipping layout
05-27 14:25:50.457 I/audio_hw_hal_primary( 499): out_update_source_metadata_v7() line 2013 usage:1 content_type:2
05-27 14:25:50.463 D/OomAdjuster( 704): Not killing cached processes
05-27 14:25:50.475 V/WindowManagerShell( 990): onTransitionReady android.os.BinderProxy@69e1eb7: {id=7 t=OPEN f=0x0 trk=0 r=[0@Point(0, 0)] c=[{WCT{android.window.IWindowContainerToken$Stub$Proxy@8126090} m=OPEN f=TRANSLUCENT leash=Surface(name=Task=105)/@0x2b94342 sb=Rect(0, 0 - 1920, 1080) eb=Rect(0, 0 - 1920, 1080) d=0}]}
05-27 14:25:50.475 V/WindowManagerShell( 990): Playing animation for (#7)android.os.BinderProxy@69e1eb7@0
05-27 14:25:50.475 V/WindowManagerShell( 990): try handler com.android.wm.shell.keyguard.KeyguardTransitionHandler@5437099
05-27 14:25:50.476 V/WindowManagerShell( 990): try handler com.android.wm.shell.pip.tv.TvPipTransition@95bbf5e
05-27 14:25:50.476 V/WindowManagerShell( 990): try handler com.android.wm.shell.activityembedding.ActivityEmbeddingController@1134f3f
05-27 14:25:50.476 V/WindowManagerShell( 990): try handler com.android.wm.shell.transition.RemoteTransitionHandler@118200c
05-27 14:25:50.476 V/WindowManagerShell( 990): Transition doesn't have explicit remote, search filters for match for {id=7 t=OPEN f=0x0 trk=0 r=[0@Point(0, 0)] c=[{WCT{android.window.IWindowContainerToken$Stub$Proxy@8126090} m=OPEN f=TRANSLUCENT leash=Surface(name=Task=105)/@0x2b94342 sb=Rect(0, 0 - 1920, 1080) eb=Rect(0, 0 - 1920, 1080) d=0}]}
05-27 14:25:50.476 V/WindowManagerShell( 990): Delegate animation for #7 to null
05-27 14:25:50.476 V/WindowManagerShell( 990): try handler com.android.wm.shell.transition.DefaultTransitionHandler@6517d55
05-27 14:25:50.476 V/WindowManagerShell( 990): start default transition animation, info = {id=7 t=OPEN f=0x0 trk=0 r=[0@Point(0, 0)] c=[{WCT{android.window.IWindowContainerToken$Stub$Proxy@8126090} m=OPEN f=TRANSLUCENT leash=Surface(name=Task=105)/@0x2b94342 sb=Rect(0, 0 - 1920, 1080) eb=Rect(0, 0 - 1920, 1080) d=0}]}
05-27 14:25:50.477 V/WindowManagerShell( 990): loadAnimation: anim=android.view.animation.AlphaAnimation@c9c518e animAttr=0x4 type=OPEN isEntrance=true
