05-27 14:24:59.014 D/CompatibilityChangeReporter( 704): Compat change id reported: 143937733; UID 10017; state: ENABLED
05-27 14:24:59.031 W/BroadcastLoopers( 704): Found previously unknown looper Thread[appscheduling.default,5,main]
05-27 14:24:59.033 I/ActivityManager( 704): Start proc 2730:com.android.externalstorage/u0a17 for broadcast {com.android.externalstorage/com.android.externalstorage.MountReceiver}
05-27 14:24:59.035 D/CompatibilityChangeReporter( 704): Compat change id reported: 265195908; UID 10017; state: ENABLED
05-27 14:24:59.074 D/CompatibilityChangeReporter( 704): Compat change id reported: 168419799; UID 10017; state: DISABLED
05-27 14:24:59.074 D/CompatibilityChangeReporter( 704): Compat change id reported: 273564678; UID 10017; state: DISABLED
05-27 14:24:59.087 D/CompatibilityChangeReporter( 704): Compat change id reported: 170503758; UID 10017; state: ENABLED
05-27 14:24:59.154 D/CompatibilityChangeReporter( 704): Compat change id reported: 135634846; UID 10088; state: DISABLED
05-27 14:24:59.158 D/CompatibilityChangeReporter( 704): Compat change id reported: 143937733; UID 10088; state: DISABLED
05-27 14:24:59.178 I/ActivityManager( 704): Start proc 2753:com.ktcp.video:daemon/u0a88 for service {com.ktcp.video/com.tencent.qqlivetv.keeplive.proc.DaemonService}
05-27 14:24:59.185 I/BroadcastQueue( 704): BOOT_COMPLETED_BROADCAST_COMPLETION_LATENCY_REPORTED action:android.intent.action.BOOT_COMPLETED dispatchLatency:-25835 completeLatency:9776 dispatchRealLatency:-25835 completeRealLatency:9776 receiversSize:44 userId:0 userType:android.os.usertype.full.SYSTEM
05-27 14:24:59.186 I/ActivityManager( 704): Finished processing BOOT_COMPLETED for u0
05-27 14:24:59.186 D/OomAdjuster( 704): Not killing cached processes
05-27 14:24:59.288 I/ActivityManager( 704): com.oranth.usbopenft is exempt from freezer
05-27 14:24:59.289 D/CompatibilityChangeReporter( 704): Compat change id reported: 135634846; UID 1000; state: DISABLED
05-27 14:24:59.308 I/ActivityManager( 704): Start proc 2775:com.oranth.usbopenft/1000 for broadcast {com.oranth.usbopenft/com.oranth.usbopenft.UsbReceiver}
05-27 14:24:59.350 D/CompatibilityChangeReporter( 704): Compat change id reported: 168419799; UID 1000; state: DISABLED
05-27 14:24:59.350 D/CompatibilityChangeReporter( 704): Compat change id reported: 273564678; UID 1000; state: DISABLED
05-27 14:24:59.411 D/CompatibilityChangeReporter( 704): Compat change id reported: 135634846; UID 10085; state: DISABLED
05-27 14:24:59.412 D/CompatibilityChangeReporter( 704): Compat change id reported: 143937733; UID 10085; state: DISABLED
05-27 14:24:59.454 I/ActivityManager( 704): Start proc 2801:com.tv.kuaisou/u0a85 for broadcast {com.tv.kuaisou/com.tv.kuaisou.receiver.NetworkReceiver}
05-27 14:24:59.490 D/CompatibilityChangeReporter( 704): Compat change id reported: 168419799; UID 10085; state: DISABLED
05-27 14:24:59.490 D/CompatibilityChangeReporter( 704): Compat change id reported: 273564678; UID 10085; state: DISABLED
05-27 14:24:59.495 D/CompatibilityChangeReporter( 704): Compat change id reported: 265195908; UID 10085; state: ENABLED
05-27 14:24:59.512 D/CompatibilityChangeReporter( 704): Compat change id reported: 170503758; UID 10085; state: DISABLED
05-27 14:24:59.514 W/ProcessStats( 704): Tracking association SourceState{5c00f69 com.ktcp.video:daemon/10088 Service #420} whose proc state 8 is better than process ProcessState{10347f9 com.ktcp.video/10088 pkg=com.ktcp.video} proc state 10 (0 skipped)
05-27 14:24:59.590 D/CompatibilityChangeReporter( 704): Compat change id reported: 271850009; UID 10088; state: DISABLED
05-27 14:24:59.590 D/CompatibilityChangeReporter( 704): Compat change id reported: 253665015; UID 10088; state: DISABLED
05-27 14:24:59.591 D/CompatibilityChangeReporter( 704): Compat change id reported: 194532703; UID 10088; state: DISABLED
05-27 14:24:59.688 W/ActivityManager( 704): Permission Denial: get/set setting for user asks to run as user -2 but is calling from uid u0a88; this requires android.permission.INTERACT_ACROSS_USERS_FULL
05-27 14:24:59.702 D/CompatibilityChangeReporter( 704): Compat change id reported: 170668199; UID 10088; state: DISABLED
05-27 14:24:59.702 W/ActivityManager( 704): Foreground service started from background can not have location/camera/microphone access: service com.ktcp.video/com.tencent.qqlivetv.keeplive.proc.DaemonService
05-27 14:24:59.702 I/ActivityManager( 704): Background started FGS: Allowed [callingPackage: com.ktcp.video; callingUid: 10088; uidState: SVC ; uidBFSL: n/a; intent: Intent { act= pkg=com.ktcp.video cmp=com.ktcp.video/com.tencent.qqlivetv.keeplive.proc.DaemonService }; code:SYSTEM_ALERT_WINDOW_PERMISSION; tempAllowListReason:<74582b6 android.intent.action.BOOT_COMPLETED/u0,reasonCode:BOOT_COMPLETED,duration:20000,callingUid:1000>; targetSdkVersion:23; callerTargetSdkVersion:23; startForegroundCount:0; bindFromPackage:null: isBindService:true]
05-27 14:24:59.703 D/CompatibilityChangeReporter( 704): Compat change id reported: 255038118; UID 10088; state: DISABLED
05-27 14:24:59.703 D/CompatibilityChangeReporter( 704): Compat change id reported: 255042465; UID 10088; state: DISABLED
05-27 14:24:59.704 W/ForegroundServiceTypeLoggerModule( 704): Foreground service start for UID: 10088 does not have any types
05-27 14:24:59.708 I/ActivityManager( 704): Deferring FGS notification in legacy app com.ktcp.video/u0a88 : Notification(channel=recommendation_channel shortcut=null contentView=com.ktcp.video/0x10900b9 vibrate=null sound=null defaults=0x0 flags=0x40 color=0x00000000 vis=PRIVATE)
05-27 14:24:59.710 W/ActivityManager( 704): Foreground service started from background can not have location/camera/microphone access: service com.ktcp.video/com.tencent.qqlivetv.keeplive.proc.DaemonService$SubService
05-27 14:24:59.710 I/ActivityManager( 704): Background started FGS: Allowed [callingPackage: com.ktcp.video; callingUid: 10088; uidState: SVC ; uidBFSL: n/a; intent: Intent { cmp=com.ktcp.video/com.tencent.qqlivetv.keeplive.proc.DaemonService$SubService }; code:SYSTEM_ALERT_WINDOW_PERMISSION; tempAllowListReason:<74582b6 android.intent.action.BOOT_COMPLETED/u0,reasonCode:BOOT_COMPLETED,duration:20000,callingUid:1000>; targetSdkVersion:23; callerTargetSdkVersion:23; startForegroundCount:0; bindFromPackage:null: isBindService:false]
05-27 14:24:59.711 W/ForegroundServiceTypeLoggerModule( 704): Foreground service start for UID: 10088 does not have any types
05-27 14:24:59.717 W/ForegroundServiceTypeLoggerModule( 704): FGS stop call for: 10088 has no types!
05-27 14:24:59.892 E/ActivityThread( 2249): Failed to find provider info for com.tcl.xian.StartandroidService.MyContentProvider
05-27 14:24:59.896 D/CompatibilityChangeReporter( 704): Compat change id reported: 149924527; UID 10085; state: ENABLED
05-27 14:24:59.897 D/CompatibilityChangeReporter( 704): Compat change id reported: 132649864; UID 10085; state: DISABLED
05-27 14:24:59.925 W/NotificationHistory( 704): Attempted to add notif for locked/gone/disabled user 0
05-27 14:25:00.068 W/BroadcastLoopers( 704): Found previously unknown looper Thread[android.bg,5,main]
05-27 14:25:00.079 W/VoiceInteractionManager( 704): no available voice recognition services found for user 0
05-27 14:25:00.107 D/ActivityManager( 704): freezing 1534 com.android.music
05-27 14:25:00.108 W/VoiceInteractionManager( 704): no available voice recognition services found for user 0
05-27 14:25:00.151 D/CompatibilityChangeReporter( 704): Compat change id reported: 253665015; UID 10019; state: ENABLED
05-27 14:25:00.152 D/CompatibilityChangeReporter( 704): Compat change id reported: 194532703; UID 10019; state: ENABLED
05-27 14:25:00.338 D/CompatibilityChangeReporter( 704): Compat change id reported: 161145287; UID 10067; state: ENABLED
05-27 14:25:00.394 D/CompatibilityChangeReporter( 704): Compat change id reported: 161145287; UID 10085; state: DISABLED
05-27 14:25:00.436 D/CompatibilityChangeReporter( 704): Compat change id reported: 266524688; UID 10085; state: DISABLED
05-27 14:25:02.715 W/NotificationHistory( 704): Attempted to add notif for locked/gone/disabled user 0
05-27 14:25:03.289 D/CompatibilityChangeReporter( 704): Compat change id reported: 161145287; UID 10088; state: DISABLED
05-27 14:25:03.555 I/ActivityManager( 704): Skip zero pid ANR, process=WebViewLoader-armeabi-v7a
05-27 14:25:04.480 D/OomAdjuster( 704): Not killing cached processes
05-27 14:25:05.069 W/NotificationHistory( 704): Attempted to add notif for locked/gone/disabled user 0
05-27 14:25:05.648 I/ActivityManager( 704): Waited long enough for: ServiceRecord{4e29545 u0 com.oranth.storage/.MainService}
05-27 14:25:06.115 I/ActivityManager( 704): Waited long enough for: ServiceRecord{923106e u0 com.droidlogic.mictoggle/.AssistantMicMuteService}
05-27 14:25:06.456 W/ActivityThread( 1519): ClassLoader.loadClass: The class loader returned by Thread.getContextClassLoader() may fail for processes that host multiple applications. You should explicitly specify a context class loader. For example: Thread.setContextClassLoader(getClass().getClassLoader());
05-27 14:25:06.756 I/ActivityManager( 704): Waited long enough for: ServiceRecord{7604bfe u0 com.dangbei.lerad.rocky/com.dangbei.phrike.core.PhrikeDownloadService} --------- beginning of crash
05-27 14:25:07.674 F/libc ( 2801): FORTIFY: fcntl(F_SETFD) passed non-FD_CLOEXEC flag: 0xa87f2b58
05-27 14:25:07.675 F/libc ( 2801): Fatal signal 6 (SIGABRT), code -1 (SI_QUEUE) in tid 3165 (HCDN_GLOBAL), pid 2801 (com.tv.kuaisou)
05-27 14:25:08.484 I/keystore2( 289): system/security/keystore2/src/watchdog.rs:319 - Watchdog thread idle -> terminating. Have a great day.
05-27 14:25:08.888 F/DEBUG ( 3191): *** *** *** *** *** *** *** *** *** *** *** *** *** *** *** ***
05-27 14:25:08.888 F/DEBUG ( 3191): Build fingerprint: 'Amlogic/ross/Dangbei:14/UD2A.240505.001.W1/eng.server.20250526.204824:user/release-keys'
05-27 14:25:08.888 F/DEBUG ( 3191): Revision: '0'
05-27 14:25:08.888 F/DEBUG ( 3191): ABI: 'arm'
05-27 14:25:08.888 F/DEBUG ( 3191): Timestamp: 2025-05-27 14:25:07.900222143+0800
05-27 14:25:08.888 F/DEBUG ( 3191): Process uptime: 10s
05-27 14:25:08.888 F/DEBUG ( 3191): Cmdline: com.tv.kuaisou
05-27 14:25:08.888 F/DEBUG ( 3191): pid: 2801, tid: 3165, name: HCDN_GLOBAL >>> com.tv.kuaisou <<<
05-27 14:25:08.888 F/DEBUG ( 3191): uid: 10085
05-27 14:25:08.888 F/DEBUG ( 3191): signal 6 (SIGABRT), code -1 (SI_QUEUE), fault addr --------
05-27 14:25:08.888 F/DEBUG ( 3191): Abort message: 'FORTIFY: fcntl(F_SETFD) passed non-FD_CLOEXEC flag: 0xa87f2b58'
05-27 14:25:08.888 F/DEBUG ( 3191): r0 00000000 r1 00000c5d r2 00000006 r3 a87f2a58
05-27 14:25:08.888 F/DEBUG ( 3191): r4 a87f2a68 r5 a87f2a50 r6 00000af1 r7 0000016b
05-27 14:25:08.888 F/DEBUG ( 3191): r8 00000000 r9 ffffffff r10 a87f2a58 r11 a87f2c2c
05-27 14:25:08.888 F/DEBUG ( 3191): ip 00000c5d sp a87f2a38 lr ea960603 pc ea960616
05-27 14:25:08.888 F/DEBUG ( 3191): 13 total frames
05-27 14:25:08.888 F/DEBUG ( 3191): backtrace:
05-27 14:25:08.888 F/DEBUG ( 3191): #00 pc 0004a616 /apex/com.android.runtime/lib/bionic/libc.so (abort+138) (BuildId: 8e93a972dad1c40fabed7c4c768acf47)
05-27 14:25:08.888 F/DEBUG ( 3191): #01 pc 0004b993 /apex/com.android.runtime/lib/bionic/libc.so (__fortify_fatal(char const*, ...)+26) (BuildId: 8e93a972dad1c40fabed7c4c768acf47)
05-27 14:25:08.888 F/DEBUG ( 3191): #02 pc 0004cd71 /apex/com.android.runtime/lib/bionic/libc.so (fcntl+268) (BuildId: 8e93a972dad1c40fabed7c4c768acf47)
05-27 14:25:08.888 F/DEBUG ( 3191): #03 pc 00552313 /data/user/0/com.tv.kuaisou/files/libHyperPlayerplugin/4.8.1702.9097/libhyperplayer.so (BuildId: 41739a9669846d94228d517f0ec68c256898e1f7)
05-27 14:25:08.888 F/DEBUG ( 3191): #04 pc 001a64c3 /data/user/0/com.tv.kuaisou/files/libHyperPlayerplugin/4.8.1702.9097/libhyperplayer.so (BuildId: 41739a9669846d94228d517f0ec68c256898e1f7)
05-27 14:25:08.888 F/DEBUG ( 3191): #05 pc 001a5e05 /data/user/0/com.tv.kuaisou/files/libHyperPlayerplugin/4.8.1702.9097/libhyperplayer.so (BuildId: 41739a9669846d94228d517f0ec68c256898e1f7)
05-27 14:25:08.889 F/DEBUG ( 3191): #06 pc 001a4f5f /data/user/0/com.tv.kuaisou/files/libHyperPlayerplugin/4.8.1702.9097/libhyperplayer.so (BuildId: 41739a9669846d94228d517f0ec68c256898e1f7)
05-27 14:25:08.889 F/DEBUG ( 3191): #07 pc 001abc61 /data/user/0/com.tv.kuaisou/files/libHyperPlayerplugin/4.8.1702.9097/libhyperplayer.so (BuildId: 41739a9669846d94228d517f0ec68c256898e1f7)
05-27 14:25:08.889 F/DEBUG ( 3191): #08 pc 00569371 /data/user/0/com.tv.kuaisou/files/libHyperPlayerplugin/4.8.1702.9097/libhyperplayer.so (BuildId: 41739a9669846d94228d517f0ec68c256898e1f7)
05-27 14:25:08.889 F/DEBUG ( 3191): #09 pc 00568a99 /data/user/0/com.tv.kuaisou/files/libHyperPlayerplugin/4.8.1702.9097/libhyperplayer.so (BuildId: 41739a9669846d94228d517f0ec68c256898e1f7)
05-27 14:25:08.889 F/DEBUG ( 3191): #10 pc 00569839 /data/user/0/com.tv.kuaisou/files/libHyperPlayerplugin/4.8.1702.9097/libhyperplayer.so (BuildId: 41739a9669846d94228d517f0ec68c256898e1f7)
05-27 14:25:08.889 F/DEBUG ( 3191): #11 pc 00094b4f /apex/com.android.runtime/lib/bionic/libc.so (__pthread_start(void*)+40) (BuildId: 8e93a972dad1c40fabed7c4c768acf47)
05-27 14:25:08.889 F/DEBUG ( 3191): #12 pc 0004b613 /apex/com.android.runtime/lib/bionic/libc.so (__start_thread+30) (BuildId: 8e93a972dad1c40fabed7c4c768acf47)
05-27 14:25:09.020 I/DropBoxManagerService( 704): add tag=data_app_native_crash isTagEnabled=true flags=0x2
05-27 14:25:09.214 I/ActivityManager( 704): Process com.tv.kuaisou (pid 2801) has died: cch+5 CEM
05-27 14:25:09.216 D/DisplayManagerService( 704): Drop pending events for gone uid 10085
05-27 14:25:09.373 D/ActivityManager( 704): freezing 2730 com.android.externalstorage
05-27 14:25:09.502 D/OomAdjuster( 704): Not killing cached processes
05-27 14:25:10.363 D/CompatibilityChangeReporter( 704): Compat change id reported: 261072174; UID 1000; state: ENABLED
05-27 14:25:10.860 D/CompatibilityChangeReporter( 704): Compat change id reported: 265464455; UID 1000; state: DISABLED
05-27 14:25:10.861 D/CompatibilityChangeReporter( 704): Compat change id reported: 265452344; UID 1000; state: DISABLED
05-27 14:25:10.861 D/CompatibilityChangeReporter( 704): Compat change id reported: 266124927; UID 1000; state: DISABLED
05-27 14:25:10.862 D/CompatibilityChangeReporter( 704): Compat change id reported: 265451093; UID 1000; state: DISABLED
05-27 14:25:10.862 D/CompatibilityChangeReporter( 704): Compat change id reported: 265456536; UID 1000; state: DISABLED
05-27 14:25:10.862 D/CompatibilityChangeReporter( 704): Compat change id reported: 255940284; UID 1000; state: DISABLED
05-27 14:25:10.863 D/CompatibilityChangeReporter( 704): Compat change id reported: 236283604; UID 1000; state: DISABLED
05-27 14:25:10.863 D/CompatibilityChangeReporter( 704): Compat change id reported: 263959004; UID 1000; state: DISABLED
05-27 14:25:10.863 D/CompatibilityChangeReporter( 704): Compat change id reported: 264304459; UID 1000; state: DISABLED
05-27 14:25:10.864 D/CompatibilityChangeReporter( 704): Compat change id reported: 264301586; UID 1000; state: DISABLED
05-27 14:25:10.865 D/CompatibilityChangeReporter( 704): Compat change id reported: 254631730; UID 1000; state: DISABLED
05-27 14:25:10.865 D/CompatibilityChangeReporter( 704): Compat change id reported: 273509367; UID 1000; state: DISABLED
05-27 14:25:10.866 D/CompatibilityChangeReporter( 704): Compat change id reported: 263259275; UID 1000; state: DISABLED
05-27 14:25:10.866 D/CompatibilityChangeReporter( 704): Compat change id reported: 174042980; UID 1000; state: DISABLED
05-27 14:25:10.867 D/CompatibilityChangeReporter( 704): Compat change id reported: 174042936; UID 1000; state: DISABLED
05-27 14:25:10.867 D/CompatibilityChangeReporter( 704): Compat change id reported: 181136395; UID 1000; state: DISABLED
05-27 14:25:10.875 D/CompatibilityChangeReporter( 704): Compat change id reported: 194480991; UID 1000; state: ENABLED
05-27 14:25:10.884 D/CompatibilityChangeReporter( 704): Compat change id reported: 197654537; UID 1000; state: ENABLED
05-27 14:25:10.888 D/CompatibilityChangeReporter( 704): Compat change id reported: 205907456; UID 1000; state: DISABLED
05-27 14:25:10.892 I/ActivityTaskManager( 704): START u0 {dat=haqu://setting:8080/... flg=0x10000000 pkg=com.dangbei.haqusetting cmp=com.dangbei.haqusetting/.ui.HomeActivity} with LAUNCH_MULTIPLE from uid 1000 (BAL_ALLOW_ALLOWLISTED_UID) result code=0
05-27 14:25:10.893 V/WindowManagerShell( 990): Transition requested: android.os.BinderProxy@fc16372 TransitionRequestInfo { type = 1, triggerTask = TaskInfo{userId=0 taskId=103 displayId=0 isRunning=true baseIntent=Intent { dat=haqu://setting:8080/... flg=0x10000000 pkg=com.dangbei.haqusetting cmp=com.dangbei.haqusetting/.ui.HomeActivity } baseActivity=ComponentInfo{com.dangbei.haqusetting/com.dangbei.haqusetting.ui.HomeActivity} topActivity=ComponentInfo{com.dangbei.haqusetting/com.dangbei.haqusetting.ui.HomeActivity} origActivity=null realActivity=ComponentInfo{com.dangbei.haqusetting/com.dangbei.haqusetting.ui.HomeActivity} numActivities=1 lastActiveTime=47317 supportsMultiWindow=true resizeMode=1 isResizeable=true minWidth=-1 minHeight=-1 defaultMinSize=220 token=WCT{android.window.IWindowContainerToken$Stub$Proxy@dd043c3} topActivityType=1 pictureInPictureParams=null shouldDockBigOverlays=true launchIntoPipHostTaskId=-1 lastParentTaskIdBeforePip=-1 displayCutoutSafeInsets=null topActivityInfo=ActivityInfo{2247440 com.dangbei.haqusetting.ui.HomeActivity} launchCookies=[] positionInParent=Point(0, 0) parentTaskId=-1 isFocused=false isVisible=false isVisibleRequested=false isSleeping=false topActivityInSizeCompat=false topActivityEligibleForLetterboxEducation= false isLetterboxDoubleTapEnabled= false topActivityEligibleForUserAspectRatioButton= false topActivityBoundsLetterboxed= false isFromLetterboxDoubleTap= false topActivityLetterboxVerticalPosition= -1 topActivityLetterboxHorizontalPosition= -1 topActivityLetterboxWidth=-1 topActivityLetterboxHeight=-1 isUserFullscreenOverrideEnabled=false isTopActivityTransparent=true locusId=null displayAreaFeatureId=1 cameraCompatControlState=hidden}, remoteTransition = null, displayChange = null, flags = 0 }
05-27 14:25:10.898 I/ActivityManager( 704): com.dangbei.haqusetting is exempt from freezer
05-27 14:25:10.898 D/CompatibilityChangeReporter( 704): Compat change id reported: 135634846; UID 1000; state: DISABLED
05-27 14:25:10.923 I/ActivityManager( 704): Start proc 3250:com.dangbei.haqusetting/1000 for next-top-activity {com.dangbei.haqusetting/com.dangbei.haqusetting.ui.HomeActivity}
05-27 14:25:10.959 D/CompatibilityChangeReporter( 704): Compat change id reported: 168419799; UID 1000; state: DISABLED
05-27 14:25:10.960 D/CompatibilityChangeReporter( 704): Compat change id reported: 273564678; UID 1000; state: DISABLED
05-27 14:25:11.006 D/WindowManagerShell( 990): TvPipController: onTaskStackChanged()
05-27 14:25:11.011 D/CompatibilityChangeReporter( 704): Compat change id reported: 171306433; UID 10088; state: DISABLED
05-27 14:25:11.106 V/WindowManager( 704): app ------------- force_land :0
05-27 14:25:11.111 D/CompatibilityChangeReporter( 704): Compat change id reported: 161145287; UID 1000; state: ENABLED
05-27 14:25:11.112 D/CompatibilityChangeReporter( 704): Compat change id reported: 161145287; UID 1000; state: DISABLED
05-27 14:25:11.112 D/CompatibilityChangeReporter( 704): Compat change id reported: 197654537; UID 1000; state: DISABLED
05-27 14:25:11.120 W/ContextImpl( 3250): Calling a method in the system process without a qualified user: android.app.ContextImpl.bindService:1988 android.content.ContextWrapper.bindService:861 com.dangbei.lerad.etna.lib.client.EtnaClient.bindServer:138 com.dangbei.lerad.etna.lib.client.EtnaClient.access$600:29 com.dangbei.lerad.etna.lib.client.EtnaClient$3.call:205
05-27 14:25:11.122 D/CompatibilityChangeReporter( 704): Compat change id reported: 261072174; UID 1000; state: DISABLED
05-27 14:25:11.179 W/ProcessStats( 704): Tracking association SourceState{fa0a80 com.ktcp.video:daemon/10088 Fgs #477} whose proc state 3 is better than process ProcessState{10347f9 com.ktcp.video/10088 pkg=com.ktcp.video} proc state 10 (20 skipped)
05-27 14:25:11.228 W/WindowManager( 704): [addWindow] title:com.dangbei.haqusetting/com.dangbei.haqusetting.ui.HomeActivity
05-27 14:25:11.267 D/CoreBackPreview( 704): Window{cfea998 u0 com.dangbei.haqusetting/com.dangbei.haqusetting.ui.HomeActivity}: Setting back callback OnBackInvokedCallbackInfo{mCallback=android.window.IOnBackInvokedCallback$Stub$Proxy@ad5b057, mPriority=0, mIsAnimationCallback=false}
05-27 14:25:11.370 V/WindowManagerShell( 990): onTransitionReady android.os.BinderProxy@fc16372: {id=2 t=OPEN f=0x0 trk=0 r=[0@Point(0, 0)] c=[{WCT{android.window.IWindowContainerToken$Stub$Proxy@369591f} m=OPEN f=TRANSLUCENT leash=Surface(name=Task=103)/@0xe712f79 sb=Rect(0, 0 - 1920, 1080) eb=Rect(0, 0 - 1920, 1080) d=0}]}
05-27 14:25:11.371 V/WindowManagerShell( 990): Playing animation for (#2)android.os.BinderProxy@fc16372@0
05-27 14:25:11.371 V/WindowManagerShell( 990): try handler com.android.wm.shell.keyguard.KeyguardTransitionHandler@5437099
05-27 14:25:11.372 V/WindowManagerShell( 990): try handler com.android.wm.shell.pip.tv.TvPipTransition@95bbf5e
05-27 14:25:11.372 V/WindowManagerShell( 990): try handler com.android.wm.shell.activityembedding.ActivityEmbeddingController@1134f3f
05-27 14:25:11.372 V/WindowManagerShell( 990): try handler com.android.wm.shell.transition.RemoteTransitionHandler@118200c
05-27 14:25:11.372 W/ContextImpl( 704): Calling a method in the system process without a qualified user: android.app.ContextImpl.startService:1899 com.android.server.wm.DisplayPolicy.lambda$focusChangedLw$5:2126 com.android.server.wm.DisplayPolicy.$r8$lambda$Znxk63oh-WzVnzo_WQefN7uxV48:0 com.android.server.wm.DisplayPolicy$$ExternalSyntheticLambda13.run:0 android.os.Handler.handleCallback:958
05-27 14:25:11.372 V/WindowManagerShell( 990): Transition doesn't have explicit remote, search filters for match for {id=2 t=OPEN f=0x0 trk=0 r=[0@Point(0, 0)] c=[{WCT{android.window.IWindowContainerToken$Stub$Proxy@369591f} m=OPEN f=TRANSLUCENT leash=Surface(name=Task=103)/@0xe712f79 sb=Rect(0, 0 - 1920, 1080) eb=Rect(0, 0 - 1920, 1080) d=0}]}
05-27 14:25:11.372 V/WindowManagerShell( 990): Delegate animation for #2 to null
05-27 14:25:11.372 V/WindowManagerShell( 990): try handler com.android.wm.shell.transition.DefaultTransitionHandler@6517d55
05-27 14:25:11.372 V/WindowManagerShell( 990): start default transition animation, info = {id=2 t=OPEN f=0x0 trk=0 r=[0@Point(0, 0)] c=[{WCT{android.window.IWindowContainerToken$Stub$Proxy@369591f} m=OPEN f=TRANSLUCENT leash=Surface(name=Task=103)/@0xe712f79 sb=Rect(0, 0 - 1920, 1080) eb=Rect(0, 0 - 1920, 1080) d=0}]}
05-27 14:25:11.373 V/WindowManagerShell( 990): loadAnimation: anim=android.view.animation.AlphaAnimation@9fc946c animAttr=0x4 type=OPEN isEntrance=true
05-27 14:25:11.379 V/WindowManagerShell( 990): animated by com.android.wm.shell.transition.DefaultTransitionHandler@6517d55
05-27 14:25:11.386 V/WindowManager( 704): Sent Transition #2 createdAt=05-27 14:25:10.877 via request=TransitionRequestInfo { type = 1, triggerTask = TaskInfo{userId=0 taskId=103 displayId=0 isRunning=true baseIntent=Intent { dat=haqu://setting:8080/... flg=0x10000000 pkg=com.dangbei.haqusetting cmp=com.dangbei.haqusetting/.ui.HomeActivity } baseActivity=ComponentInfo{com.dangbei.haqusetting/com.dangbei.haqusetting.ui.HomeActivity} topActivity=ComponentInfo{com.dangbei.haqusetting/com.dangbei.haqusetting.ui.HomeActivity} origActivity=null realActivity=ComponentInfo{com.dangbei.haqusetting/com.dangbei.haqusetting.ui.HomeActivity} numActivities=1 lastActiveTime=47317 supportsMultiWindow=true resizeMode=1 isResizeable=true minWidth=-1 minHeight=-1 defaultMinSize=220 token=WCT{RemoteToken{51afaf3 Task{d5006e4 #103 type=standard A=1000:com.dangbei.haqusetting}}} topActivityType=1 pictureInPictureParams=null shouldDockBigOverlays=true launchIntoPipHostTaskId=-1 lastParentTaskIdBeforePip=-1 displayCutoutSafeInsets=null topActivityInfo=ActivityInfo{fe513b0 com.dangbei.haqusetting.ui.HomeActivity} launchCookies=[] positionInParent=Point(0, 0) parentTaskId=-1 isFocused=false isVisible=false isVisibleRequested=false isSleeping=false topActivityInSizeCompat=false topActivityEligibleForLetterboxEducation= false isLetterboxDoubleTapEnabled= false topActivityEligibleForUserAspectRatioButton= false topActivityBoundsLetterboxed= false isFromLetterboxDoubleTap= false topActivityLetterboxVerticalPosition= -1 topActivityLetterboxHorizontalPosition= -1 topActivityLetterboxWidth=-1 topActivityLetterboxHeight=-1 isUserFullscreenOverrideEnabled=false isTopActivityTransparent=true locusId=null displayAreaFeatureId=1 cameraCompatControlState=hidden}, remoteTransition = null, displayChange = null, flags = 0 }
05-27 14:25:11.386 V/WindowManager( 704): startWCT=WindowContainerTransaction { changes = {} hops = [] errorCallbackToken=null taskFragmentOrganizer=null }
05-27 14:25:11.386 V/WindowManager( 704): info={id=2 t=OPEN f=0x0 trk=0 r=[0@Point(0, 0)] c=[{WCT{RemoteToken{51afaf3 Task{d5006e4 #103 type=standard A=1000:com.dangbei.haqusetting}}} m=OPEN f=TRANSLUCENT leash=Surface(name=Task=103)/@0x300c744 sb=Rect(0, 0 - 1920, 1080) eb=Rect(0, 0 - 1920, 1080) d=0}]}
05-27 14:25:11.437 D/CompatibilityChangeReporter( 704): Compat change id reported: 214016041; UID 1000; state: ENABLED
05-27 14:25:11.438 D/CompatibilityChangeReporter( 704): Compat change id reported: 214016041; UID 1000; state: DISABLED
05-27 14:25:11.794 V/WindowManagerShell( 990): Transition animation finished (aborted=false), notifying core (#2)android.os.BinderProxy@fc16372@0
05-27 14:25:11.796 V/WindowManager( 704): Finish Transition #2: created at
05-27 14:25:10.877 collect-started=0.12ms request-sent=13.425ms started=16.601ms ready=232.351ms sent=490.796ms finished=918.284ms
05-27 14:25:11.798 V/WindowManagerShell( 990): Track 0 became idle
05-27 14:25:11.799 V/WindowManagerShell( 990): All active transition animations finished
05-27 14:25:14.511 D/OomAdjuster( 704): Not killing cached processes
05-27 14:25:14.637 I/ActivityManager( 704): Waited long enough for: ServiceRecord{bc9a223 u0 com.ktcp.video/.service.DaemonLiveService}
05-27 14:25:14.900 E/TaskPersister( 704): File error accessing recents directory (directory doesn't exist?).
05-27 14:25:22.846 E/LazyAlarmStore( 704): Removed TIME_TICK alarm
05-27 14:25:22.854 W/SyncManager( 704): Clock is valid now.
05-27 14:25:22.854 D/ConditionProviders.SCP( 704): onReceive android.intent.action.TIME_SET
05-27 14:25:22.899 D/ConditionProviders.SCP( 704): evaluateSubscriptionLocked cal=ScheduleCalendar[mDays={1, 2, 3, 4, 5, 6, 7}, mSchedule=ScheduleInfo{days=[1, 2, 3, 4, 5, 6, 7], startHour=22, startMinute=0, endHour=7, endMinute=0, exitAtAlarm=true, nextAlarm=Thu Jan 01 08:00:00 GMT+08:00 1970 (0)}], now=Tue May 27 14:25:22 GMT+08:00 2025 (1748327122854), nextUserAlarmTime=Thu Jan 01 08:00:00 GMT+08:00 1970 (0)
05-27 14:25:22.900 D/ConditionProviders.SCP( 704): notifyCondition condition://android/schedule?days=1.2.3.4.5.6.7&start=22.0&end=7.0&exitAtAlarm=true STATE_FALSE reason=!meetsSchedule
05-27 14:25:22.901 D/ConditionProviders.SCP( 704): Scheduling evaluate for Tue May 27 22:00:00 GMT+08:00 2025 (1748354400000), in +7h34m37s146ms, now=Tue May 27 14:25:22 GMT+08:00 2025 (1748327122854)
05-27 14:25:22.901 D/CompatibilityChangeReporter( 704): Compat change id reported: 171306433; UID 1000; state: ENABLED
05-27 14:25:22.902 D/CompatibilityChangeReporter( 704): Compat change id reported: 218533173; UID 1000; state: ENABLED
05-27 14:25:22.914 D/CompatibilityChangeReporter( 704): Compat change id reported: 143231523; UID 1000; state: DISABLED
05-27 14:25:22.930 I/UsageStatsService( 704): User[0] Time changed in by 3 seconds
05-27 14:25:22.930 I/UsageStatsService( 704): User[0] Flushing usage stats to disk
05-27 14:25:22.951 I/UsageStatsDatabase( 704): Time changed by +3s536ms. files deleted: 0 files moved: 4
05-27 14:25:22.959 I/UsageStatsService( 704): User[0] Rollover scheduled @ 2025-05-28 14:13:25(1748412805201)
05-27 14:25:22.963 D/CompatibilityChangeReporter( 704): Compat change id reported: 218533173; UID 10075; state: DISABLED
05-27 14:25:22.963 D/CompatibilityChangeReporter( 704): Compat change id reported: 262645982; UID 10075; state: DISABLED
05-27 14:25:22.963 D/CompatibilityChangeReporter( 704): Compat change id reported: 218533173; UID 10018; state: ENABLED
05-27 14:25:22.964 D/CompatibilityChangeReporter( 704): Compat change id reported: 262645982; UID 10018; state: ENABLED
05-27 14:25:22.964 D/CompatibilityChangeReporter( 704): Compat change id reported: 218533173; UID 10040; state: DISABLED
05-27 14:25:22.965 D/CompatibilityChangeReporter( 704): Compat change id reported: 262645982; UID 10040; state: DISABLED
05-27 14:25:22.965 D/CompatibilityChangeReporter( 704): Compat change id reported: 218533173; UID 10017; state: ENABLED
05-27 14:25:22.965 D/CompatibilityChangeReporter( 704): Compat change id reported: 262645982; UID 10017; state: ENABLED
05-27 14:25:22.966 D/CompatibilityChangeReporter( 704): Compat change id reported: 218533173; UID 10026; state: ENABLED
05-27 14:25:22.968 D/CompatibilityChangeReporter( 704): Compat change id reported: 262645982; UID 10026; state: ENABLED
05-27 14:25:22.969 D/CompatibilityChangeReporter( 704): Compat change id reported: 218533173; UID 10088; state: DISABLED
05-27 14:25:22.969 D/CompatibilityChangeReporter( 704): Compat change id reported: 262645982; UID 10088; state: DISABLED
05-27 14:25:22.972 D/CompatibilityChangeReporter( 704): Compat change id reported: 218533173; UID 10027; state: DISABLED
05-27 14:25:22.973 D/CompatibilityChangeReporter( 704): Compat change id reported: 262645982; UID 10027; state: DISABLED
05-27 14:25:22.973 D/CompatibilityChangeReporter( 704): Compat change id reported: 218533173; UID 10043; state: DISABLED
05-27 14:25:22.973 D/CompatibilityChangeReporter( 704): Compat change id reported: 262645982; UID 10043; state: DISABLED
05-27 14:25:22.975 D/CompatibilityChangeReporter( 704): Compat change id reported: 218533173; UID 10051; state: ENABLED
05-27 14:25:22.976 D/CompatibilityChangeReporter( 704): Compat change id reported: 262645982; UID 10051; state: ENABLED
05-27 14:25:22.976 D/CompatibilityChangeReporter( 704): Compat change id reported: 218533173; UID 10065; state: ENABLED
05-27 14:25:22.976 D/CompatibilityChangeReporter( 704): Compat change id reported: 262645982; UID 10065; state: ENABLED
05-27 14:25:22.978 D/CompatibilityChangeReporter( 704): Compat change id reported: 218533173; UID 10025; state: ENABLED
05-27 14:25:22.978 D/CompatibilityChangeReporter( 704): Compat change id reported: 262645982; UID 10025; state: ENABLED
05-27 14:25:22.980 D/CompatibilityChangeReporter( 704): Compat change id reported: 218533173; UID 10022; state: ENABLED
05-27 14:25:22.980 D/CompatibilityChangeReporter( 704): Compat change id reported: 262645982; UID 10022; state: ENABLED
05-27 14:25:22.981 D/CompatibilityChangeReporter( 704): Compat change id reported: 218533173; UID 10049; state: DISABLED
05-27 14:25:22.981 D/CompatibilityChangeReporter( 704): Compat change id reported: 262645982; UID 10049; state: DISABLED
05-27 14:25:22.982 D/CompatibilityChangeReporter( 704): Compat change id reported: 218533173; UID 10016; state: ENABLED
05-27 14:25:22.982 D/CompatibilityChangeReporter( 704): Compat change id reported: 262645982; UID 10016; state: ENABLED
05-27 14:25:22.982 D/CompatibilityChangeReporter( 704): Compat change id reported: 218533173; UID 10074; state: ENABLED
05-27 14:25:22.983 D/CompatibilityChangeReporter( 704): Compat change id reported: 262645982; UID 10074; state: ENABLED
05-27 14:25:22.983 D/CompatibilityChangeReporter( 704): Compat change id reported: 218533173; UID 10085; state: DISABLED
05-27 14:25:22.984 D/CompatibilityChangeReporter( 704): Compat change id reported: 262645982; UID 10085; state: DISABLED
05-27 14:25:22.985 D/CompatibilityChangeReporter( 704): Compat change id reported: 218533173; UID 10067; state: ENABLED
05-27 14:25:22.985 D/CompatibilityChangeReporter( 704): Compat change id reported: 262645982; UID 10067; state: ENABLED
05-27 14:25:24.461 I/UsageStatsService( 704): Time changed in by 3 seconds
05-27 14:25:24.461 D/CompatibilityChangeReporter( 704): Compat change id reported: 261072174; UID 1000; state: ENABLED
05-27 14:25:24.463 D/OomAdjuster( 704): Not killing cached processes
05-27 14:25:30.208 D/HdmiControlService( 704): Process pid: 704 is calling oneTouchPlay.
05-27 14:25:30.209 D/HDMI ( 704): oneTouchPlay com.android.server.hdmi.OneTouchPlayAction@28a27d7
05-27 14:25:30.210 D/HDMI ( 704): [S]: 40:0D
05-27 14:25:30.210 D/HDMI ( 704): setActiveSource logical:0x04 physical:0x3000 OneTouchPlayAction#broadcastActiveSource()
05-27 14:25:30.211 D/HDMI ( 704): ActiveSourceHistoryRecord active source=(0x04, 0x3000) isActiveSource=true from=OneTouchPlayAction#broadcastActiveSource()
05-27 14:25:30.212 D/HDMI ( 704): No wakelock is used to keep the display on.
05-27 14:25:30.212 D/HDMI ( 704): setActiveSource logical:0x04 physical:0x3000 ActiveSourceAction
05-27 14:25:30.213 D/WindowManagerShell( 990): TvPipMenuController: closeMenu()
05-27 14:25:30.213 I/WindowManagerShell( 990): TvPipMenuController: switchToMenuMode: setting mCurrentMenuMode=MODE_NO_MENU, mPrevMenuMode=MODE_NO_MENU
05-27 14:25:30.214 D/HDMI ( 704): ActiveSourceHistoryRecord active source=(0x04, 0x3000) isActiveSource=true from=ActiveSourceAction
05-27 14:25:30.215 D/HdmiControlService( 704): Switching to full volume behavior
05-27 14:25:30.217 D/HdmiControlService( 704): Switching to full volume behavior
05-27 14:25:30.217 D/CompatibilityChangeReporter( 704): Compat change id reported: 265464455; UID 1000; state: DISABLED
05-27 14:25:30.217 D/CompatibilityChangeReporter( 704): Compat change id reported: 265452344; UID 1000; state: DISABLED
05-27 14:25:30.218 D/CompatibilityChangeReporter( 704): Compat change id reported: 266124927; UID 1000; state: DISABLED
05-27 14:25:30.218 D/CompatibilityChangeReporter( 704): Compat change id reported: 265451093; UID 1000; state: DISABLED
05-27 14:25:30.219 D/CompatibilityChangeReporter( 704): Compat change id reported: 265456536; UID 1000; state: DISABLED
05-27 14:25:30.219 D/CompatibilityChangeReporter( 704): Compat change id reported: 255940284; UID 1000; state: DISABLED
05-27 14:25:30.219 D/CompatibilityChangeReporter( 704): Compat change id reported: 236283604; UID 1000; state: DISABLED
05-27 14:25:30.220 D/CompatibilityChangeReporter( 704): Compat change id reported: 263959004; UID 1000; state: DISABLED
05-27 14:25:30.220 D/CompatibilityChangeReporter( 704): Compat change id reported: 264304459; UID 1000; state: DISABLED
05-27 14:25:30.220 D/CompatibilityChangeReporter( 704): Compat change id reported: 264301586; UID 1000; state: DISABLED
05-27 14:25:30.221 D/CompatibilityChangeReporter( 704): Compat change id reported: 254631730; UID 1000; state: DISABLED
05-27 14:25:30.221 D/CompatibilityChangeReporter( 704): Compat change id reported: 273509367; UID 1000; state: DISABLED
05-27 14:25:30.221 D/CompatibilityChangeReporter( 704): Compat change id reported: 263259275; UID 1000; state: DISABLED
05-27 14:25:30.222 D/CompatibilityChangeReporter( 704): Compat change id reported: 174042980; UID 1000; state: DISABLED
05-27 14:25:30.222 D/CompatibilityChangeReporter( 704): Compat change id reported: 174042936; UID 1000; state: DISABLED
05-27 14:25:30.223 D/CompatibilityChangeReporter( 704): Compat change id reported: 181136395; UID 1000; state: DISABLED
05-27 14:25:30.224 D/CompatibilityChangeReporter( 704): Compat change id reported: 194480991; UID 1000; state: ENABLED
05-27 14:25:30.239 I/ActivityTaskManager( 704): START u0 {act=android.intent.action.MAIN cat=[android.intent.category.HOME] flg=0x10000100 cmp=com.dangbei.leard.leradlauncher/com.dangbei.launcher.home.LauncherActivity (has extras)} with LAUNCH_SINGLE_TASK from uid 0 (BAL_ALLOW_ALLOWLISTED_UID) result code=2
05-27 14:25:30.240 V/WindowManagerShell( 990): Transition requested: android.os.BinderProxy@37c26ce TransitionRequestInfo { type = 1, triggerTask = TaskInfo{userId=0 taskId=102 displayId=0 isRunning=true baseIntent=Intent { act=android.intent.action.MAIN cat=[android.intent.category.HOME] flg=0x10800100 cmp=com.dangbei.leard.leradlauncher/com.dangbei.launcher.home.LauncherActivity } baseActivity=ComponentInfo{com.dangbei.leard.leradlauncher/com.dangbei.launcher.home.LauncherActivity} topActivity=ComponentInfo{com.dangbei.leard.leradlauncher/com.dangbei.launcher.home.LauncherActivity} origActivity=null realActivity=ComponentInfo{com.dangbei.leard.leradlauncher/com.dangbei.launcher.home.LauncherActivity} numActivities=1 lastActiveTime=47315 supportsMultiWindow=true resizeMode=0 isResizeable=false minWidth=-1 minHeight=-1 defaultMinSize=220 token=WCT{android.window.IWindowContainerToken$Stub$Proxy@10379ef} topActivityType=2 pictureInPictureParams=null shouldDockBigOverlays=true launchIntoPipHostTaskId=-1 lastParentTaskIdBeforePip=-1 displayCutoutSafeInsets=null topActivityInfo=ActivityInfo{b7becfc com.dangbei.launcher.home.LauncherActivity} launchCookies=[] positionInParent=Point(0, 0) parentTaskId=-1 isFocused=true isVisible=true isVisibleRequested=true isSleeping=false topActivityInSizeCompat=false topActivityEligibleForLetterboxEducation= false isLetterboxDoubleTapEnabled= false topActivityEligibleForUserAspectRatioButton= false topActivityBoundsLetterboxed= false isFromLetterboxDoubleTap= false topActivityLetterboxVerticalPosition= -1 topActivityLetterboxHorizontalPosition= -1 topActivityLetterboxWidth=-1 topActivityLetterboxHeight=-1 isUserFullscreenOverrideEnabled=false isTopActivityTransparent=false locusId=null displayAreaFeatureId=1 cameraCompatControlState=hidden}, remoteTransition = null, displayChange = null, flags = 0 }
05-27 14:25:30.241 E/Transition( 704): Trying to add a ready-group twice: Display{#0 state=ON size=1920x1080 ROTATION_0}
05-27 14:25:30.251 V/WindowManager( 704): app ------------- force_land :0
05-27 14:25:30.265 V/WindowManager( 704): Sent Transition #3 createdAt=05-27 14:25:30.227 via request=TransitionRequestInfo { type = 1, triggerTask = TaskInfo{userId=0 taskId=102 displayId=0 isRunning=true baseIntent=Intent { act=android.intent.action.MAIN cat=[android.intent.category.HOME] flg=0x10800100 cmp=com.dangbei.leard.leradlauncher/com.dangbei.launcher.home.LauncherActivity } baseActivity=ComponentInfo{com.dangbei.leard.leradlauncher/com.dangbei.launcher.home.LauncherActivity} topActivity=ComponentInfo{com.dangbei.leard.leradlauncher/com.dangbei.launcher.home.LauncherActivity} origActivity=null realActivity=ComponentInfo{com.dangbei.leard.leradlauncher/com.dangbei.launcher.home.LauncherActivity} numActivities=1 lastActiveTime=47315 supportsMultiWindow=true resizeMode=0 isResizeable=false minWidth=-1 minHeight=-1 defaultMinSize=220 token=WCT{RemoteToken{bc98341 Task{b0e328e #102 type=home A=1000:com.dangbei.leard.leradlauncher}}} topActivityType=2 pictureInPictureParams=null shouldDockBigOverlays=true launchIntoPipHostTaskId=-1 lastParentTaskIdBeforePip=-1 displayCutoutSafeInsets=null topActivityInfo=ActivityInfo{f018d30 com.dangbei.launcher.home.LauncherActivity} launchCookies=[] positionInParent=Point(0, 0) parentTaskId=-1 isFocused=true isVisible=true isVisibleRequested=true isSleeping=false topActivityInSizeCompat=false topActivityEligibleForLetterboxEducation= false isLetterboxDoubleTapEnabled= false topActivityEligibleForUserAspectRatioButton= false topActivityBoundsLetterboxed= false isFromLetterboxDoubleTap= false topActivityLetterboxVerticalPosition= -1 topActivityLetterboxHorizontalPosition= -1 topActivityLetterboxWidth=-1 topActivityLetterboxHeight=-1 isUserFullscreenOverrideEnabled=false isTopActivityTransparent=false locusId=null displayAreaFeatureId=1 cameraCompatControlState=hidden}, remoteTransition = null, displayChange = null, flags = 0 }
05-27 14:25:30.265 V/WindowManager( 704): startWCT=WindowContainerTransaction { changes = {} hops = [] errorCallbackToken=null taskFragmentOrganizer=null }
05-27 14:25:30.265 V/WindowManager( 704): info={id=3 t=OPEN f=0x0 trk=0 r=[0@Point(0, 0)] c=[{WCT{RemoteToken{fcdeda9 Task{552d8b8 #1 type=home}}} m=CHANGE f=MOVE_TO_TOP leash=Surface(name=Task=1)/@0x8175ea3 sb=Rect(0, 0 - 1920, 1080) eb=Rect(0, 0 - 1920, 1080) d=0},{WCT{RemoteToken{51afaf3 Task{d5006e4 #103 type=standard A=1000:com.dangbei.haqusetting}}} m=CLOSE f=TRANSLUCENT leash=Surface(name=Task=103)/@0x300c744 sb=Rect(0, 0 - 1920, 1080) eb=Rect(0, 0 - 1920, 1080) d=0}]}
05-27 14:25:30.274 V/WindowManagerShell( 990): onTransitionReady android.os.BinderProxy@37c26ce: {id=3 t=OPEN f=0x0 trk=0 r=[0@Point(0, 0)] c=[{WCT{android.window.IWindowContainerToken$Stub$Proxy@a18dce8} m=CHANGE f=MOVE_TO_TOP leash=Surface(name=Task=1)/@0xce0df85 sb=Rect(0, 0 - 1920, 1080) eb=Rect(0, 0 - 1920, 1080) d=0},{WCT{android.window.IWindowContainerToken$Stub$Proxy@354ef01} m=CLOSE f=TRANSLUCENT leash=Surface(name=Task=103)/@0x5b7e1da sb=Rect(0, 0 - 1920, 1080) eb=Rect(0, 0 - 1920, 1080) d=0}]}
05-27 14:25:30.275 V/WindowManagerShell( 990): Playing animation for (#3)android.os.BinderProxy@37c26ce@0
05-27 14:25:30.275 V/WindowManagerShell( 990): try handler com.android.wm.shell.keyguard.KeyguardTransitionHandler@5437099
05-27 14:25:30.275 V/WindowManagerShell( 990): try handler com.android.wm.shell.pip.tv.TvPipTransition@95bbf5e
05-27 14:25:30.275 V/WindowManagerShell( 990): try handler com.android.wm.shell.activityembedding.ActivityEmbeddingController@1134f3f
05-27 14:25:30.275 V/WindowManagerShell( 990): try handler com.android.wm.shell.transition.RemoteTransitionHandler@118200c
05-27 14:25:30.275 V/WindowManagerShell( 990): Transition doesn't have explicit remote, search filters for match for {id=3 t=OPEN f=0x0 trk=0 r=[0@Point(0, 0)] c=[{WCT{android.window.IWindowContainerToken$Stub$Proxy@a18dce8} m=CHANGE f=MOVE_TO_TOP leash=Surface(name=Task=1)/@0xce0df85 sb=Rect(0, 0 - 1920, 1080) eb=Rect(0, 0 - 1920, 1080) d=0},{WCT{android.window.IWindowContainerToken$Stub$Proxy@354ef01} m=CLOSE f=TRANSLUCENT leash=Surface(name=Task=103)/@0x5b7e1da sb=Rect(0, 0 - 1920, 1080) eb=Rect(0, 0 - 1920, 1080) d=0}]}
05-27 14:25:30.275 V/WindowManagerShell( 990): Delegate animation for #3 to null
05-27 14:25:30.275 V/WindowManagerShell( 990): try handler com.android.wm.shell.transition.DefaultTransitionHandler@6517d55
05-27 14:25:30.275 V/WindowManagerShell( 990): start default transition animation, info = {id=3 t=OPEN f=0x0 trk=0 r=[0@Point(0, 0)] c=[{WCT{android.window.IWindowContainerToken$Stub$Proxy@a18dce8} m=CHANGE f=MOVE_TO_TOP leash=Surface(name=Task=1)/@0xce0df85 sb=Rect(0, 0 - 1920, 1080) eb=Rect(0, 0 - 1920, 1080) d=0},{WCT{android.window.IWindowContainerToken$Stub$Proxy@354ef01} m=CLOSE f=TRANSLUCENT leash=Surface(name=Task=103)/@0x5b7e1da sb=Rect(0, 0 - 1920, 1080) eb=Rect(0, 0 - 1920, 1080) d=0}]}
05-27 14:25:30.277 V/WindowManagerShell( 990): loadAnimation: anim=android.view.animation.AlphaAnimation@512df94 animAttr=0x7 type=OPEN isEntrance=false
05-27 14:25:30.280 V/WindowManagerShell( 990): animated by com.android.wm.shell.transition.DefaultTransitionHandler@6517d55
05-27 14:25:30.283 D/OomAdjuster( 704): Not killing cached processes
05-27 14:25:30.284 W/ProcessStats( 704): Tracking association SourceState{fa0a80 com.ktcp.video:daemon/10088 Fgs #526} whose proc state 3 is better than process ProcessState{10347f9 com.ktcp.video/10088 pkg=com.ktcp.video} proc state 10 (17 skipped)
05-27 14:25:30.292 D/HDMI ( 704): [S]: 4F:82:30:00
05-27 14:25:30.329 D/CoreBackPreview( 704): Window{cfea998 u0 com.dangbei.haqusetting/com.dangbei.haqusetting.ui.HomeActivity}: Setting back callback null
05-27 14:25:30.334 W/ContextImpl( 704): Calling a method in the system process without a qualified user: android.app.ContextImpl.startService:1899 com.android.server.wm.DisplayPolicy.lambda$focusChangedLw$5:2126 com.android.server.wm.DisplayPolicy.$r8$lambda$Znxk63oh-WzVnzo_WQefN7uxV48:0 com.android.server.wm.DisplayPolicy$$ExternalSyntheticLambda13.run:0 android.os.Handler.handleCallback:958
05-27 14:25:30.355 D/WindowManagerShell( 990): TvPipController: onTaskStackChanged()
05-27 14:25:30.425 D/HDMI ( 704): [S]: 40:8E:00
05-27 14:25:30.529 D/HDMI ( 704): [S]: 45:70:30:00
05-27 14:25:30.643 E/HDMI ( 704): [1]:Failed to send 45:70:30:00 with errorCode=1
05-27 14:25:30.644 D/HDMI ( 704): [S]: 40:8F
05-27 14:25:30.690 V/WindowManagerShell( 990): Transition animation finished (aborted=false), notifying core (#3)android.os.BinderProxy@37c26ce@0
05-27 14:25:30.693 V/WindowManager( 704): Finish Transition #3: created at
05-27 14:25:30.227 collect-started=0.104ms request-sent=11.219ms started=16.726ms ready=26.25ms sent=32.324ms finished=465.003ms
05-27 14:25:30.702 V/WindowManagerShell( 990): Track 0 became idle
05-27 14:25:30.702 V/WindowManagerShell( 990): All active transition animations finished
05-27 14:25:30.823 D/HDMI ( 704): [R]: 04:90:00
05-27 14:25:30.824 D/HDMI ( 704): One touch play is done for TV's power is ready
05-27 14:25:30.824 D/HDMI ( 704): setActiveSource logical:0x04 physical:0x3000 ActiveSourceAction
05-27 14:25:30.825 D/HDMI ( 704): [S]: 4F:82:30:00
05-27 14:25:30.826 D/HDMI ( 704): ActiveSourceHistoryRecord active source=(0x04, 0x3000) isActiveSource=true from=ActiveSourceAction
05-27 14:25:30.827 D/HdmiControlService( 704): Switching to full volume behavior
05-27 14:25:30.953 D/HDMI ( 704): [S]: 40:8E:00
05-27 14:25:32.732 D/ActivityManager( 704): freezing 1665 android.process.acore
05-27 14:25:32.733 D/ActivityManager( 704): freezing 1737 android.process.media
05-27 14:25:32.921 D/ActivityManager( 704): freezing 2287 com.android.providers.tv
05-27 14:25:33.707 E/TaskPersister( 704): File error accessing recents directory (directory doesn't exist?).
05-27 14:25:33.985 E/Transition( 704): Trying to add a ready-group twice: Display{#0 state=ON size=1920x1080 ROTATION_0}
05-27 14:25:33.986 I/ActivityTaskManager( 704): START u0 {cmp=com.dangbei.leard.leradlauncher/.module.vipcenter.VipCenterActivity (has extras)} with LAUNCH_MULTIPLE from uid 1000 (BAL_ALLOW_ALLOWLISTED_UID) result code=0
05-27 14:25:33.999 V/WindowManager( 704): app ------------- force_land :0
05-27 14:25:34.012 V/WindowManagerShell( 990): Transition requested: android.os.BinderProxy@f086100 TransitionRequestInfo { type = 1, triggerTask = TaskInfo{userId=0 taskId=102 displayId=0 isRunning=true baseIntent=Intent { act=android.intent.action.MAIN cat=[android.intent.category.HOME] flg=0x10800100 cmp=com.dangbei.leard.leradlauncher/com.dangbei.launcher.home.LauncherActivity } baseActivity=ComponentInfo{com.dangbei.leard.leradlauncher/com.dangbei.launcher.home.LauncherActivity} topActivity=ComponentInfo{com.dangbei.leard.leradlauncher/com.dangbei.leard.leradlauncher.module.vipcenter.VipCenterActivity} origActivity=null realActivity=ComponentInfo{com.dangbei.leard.leradlauncher/com.dangbei.launcher.home.LauncherActivity} numActivities=2 lastActiveTime=66874 supportsMultiWindow=true resizeMode=0 isResizeable=false minWidth=-1 minHeight=-1 defaultMinSize=220 token=WCT{android.window.IWindowContainerToken$Stub$Proxy@a1f7d39} topActivityType=2 pictureInPictureParams=null shouldDockBigOverlays=true launchIntoPipHostTaskId=-1 lastParentTaskIdBeforePip=-1 displayCutoutSafeInsets=null topActivityInfo=ActivityInfo{aa5df7e com.dangbei.leard.leradlauncher.module.vipcenter.VipCenterActivity} launchCookies=[] positionInParent=Point(0, 0) parentTaskId=-1 isFocused=true isVisible=true isVisibleRequested=true isSleeping=false topActivityInSizeCompat=false topActivityEligibleForLetterboxEducation= false isLetterboxDoubleTapEnabled= false topActivityEligibleForUserAspectRatioButton= false topActivityBoundsLetterboxed= false isFromLetterboxDoubleTap= false topActivityLetterboxVerticalPosition= -1 topActivityLetterboxHorizontalPosition= -1 topActivityLetterboxWidth=-1 topActivityLetterboxHeight=-1 isUserFullscreenOverrideEnabled=false isTopActivityTransparent=false locusId=null displayAreaFeatureId=1 cameraCompatControlState=hidden}, remoteTransition = null, displayChange = null, flags = 0 }
05-27 14:25:34.080 W/WindowManager( 704): Failed looking up window session=Session{279f603 1519:1000} callers=com.android.server.wm.WindowManagerService.windowForClientLocked:6075 com.android.server.wm.Session.updateRequestedVisibleTypes:695 android.view.IWindowSession$Stub.onTransact:1034
05-27 14:25:34.081 W/WindowManager( 704): [addWindow] title:com.dangbei.leard.leradlauncher/com.dangbei.leard.leradlauncher.module.vipcenter.VipCenterActivity
05-27 14:25:34.083 D/CompatibilityChangeReporter( 704): Compat change id reported: 168419799; UID 1000; state: DISABLED
05-27 14:25:34.083 D/CompatibilityChangeReporter( 704): Compat change id reported: 273564678; UID 1000; state: DISABLED
05-27 14:25:34.091 D/CoreBackPreview( 704): Window{80775bf u0 com.dangbei.leard.leradlauncher/com.dangbei.leard.leradlauncher.module.vipcenter.VipCenterActivity}: Setting back callback OnBackInvokedCallbackInfo{mCallback=android.window.IOnBackInvokedCallback$Stub$Proxy@c9e47d5, mPriority=0, mIsAnimationCallback=false}
05-27 14:25:34.104 D/WindowManagerShell( 990): TvPipController: onTaskStackChanged()
05-27 14:25:34.153 V/WindowManagerShell( 990): onTransitionReady android.os.BinderProxy@f086100: {id=4 t=OPEN f=0x0 trk=0 r=[0@Point(0, 0)] c=[{null m=OPEN f=FILLS_TASK leash=Surface(name=ActivityRecord{7eaa260 u0 com.dangbei.leard.leradlauncher/.module.vipcenter.VipCenterActivity)/@0xc2cbcdf sb=Rect(0, 0 - 0, 0) eb=Rect(0, 0 - 1920, 1080) d=-1->0 r=-1->0:-1},{null m=TO_BACK f=FILLS_TASK leash=Surface(name=ActivityRecord{e17f289 u0 com.dangbei.leard.leradlauncher/com.dangbei.launcher.home.LauncherActivity)/@0x4128d2c sb=Rect(0, 0 - 1920, 1080) eb=Rect(0, 0 - 1920, 1080) d=0}]}
