05-27 14:27:00.474 D/nStackXCoAP( 4131): IsInSameNetwork:[276] :IsInSameNetwork exec
05-27 14:27:00.474 I/nStackXDFinder( 4131): GetLocalInterfaceDetail:[461] :GetLocalInterfaceDetail in
05-27 14:27:00.474 E/nStackXCoAP( 4131): IsInSameNetwork:[281] :IsInSameNetwork: not priority process
05-27 14:27:00.474 D/nStackXCoAP( 4131): ParseServiceDiscover:[330] :new device join
05-27 14:27:00.474 E/nStackXDFinder( 4131): GetLocalIp:[401] :GetLocalIp exec
05-27 14:27:00.512 D/TrafficStats( 4019): tagSocket(134) with statsTag=0xffffffff, statsUid=-1
05-27 14:27:00.756 D/nStackXCoAP( 4131): IsInSameNetwork:[276] :IsInSameNetwork exec
05-27 14:27:00.756 I/nStackXDFinder( 4131): GetLocalInterfaceDetail:[461] :GetLocalInterfaceDetail in
05-27 14:27:00.756 E/nStackXCoAP( 4131): IsInSameNetwork:[281] :IsInSameNetwork: not priority process
05-27 14:27:00.756 D/nStackXCoAP( 4131): ParseServiceDiscover:[330] :new device join
05-27 14:27:00.756 E/nStackXDFinder( 4131): GetLocalIp:[401] :GetLocalIp exec
05-27 14:27:00.763 D/nStackXCoAP( 4131): IsInSameNetwork:[276] :IsInSameNetwork exec
05-27 14:27:00.763 I/nStackXDFinder( 4131): GetLocalInterfaceDetail:[461] :GetLocalInterfaceDetail in
05-27 14:27:00.763 E/nStackXCoAP( 4131): IsInSameNetwork:[281] :IsInSameNetwork: not priority process
05-27 14:27:00.763 D/nStackXCoAP( 4131): ParseServiceDiscover:[330] :new device join
05-27 14:27:00.763 E/nStackXDFinder( 4131): GetLocalIp:[401] :GetLocalIp exec
05-27 14:27:00.795 D/nStackXCoAP( 4131): CoapMessageHandler:[133] :2.01
05-27 14:27:00.795 D/nStackXCoAP( 4131): CoapMessageHandler:[133] :2.01
05-27 14:27:00.795 D/nStackXCoAP( 4131): CoapMessageHandler:[133] :2.01
05-27 14:27:00.797 I/efs.base( 4019): wa upload succ, HttpResponse {succ=true, code=200, data='暂不支持该服务', extra={req_url=https://errlog.umeng.com/api/crashsdk/logcollect}}
05-27 14:27:00.805 D/nStackXCoAP( 4131): CoapMessageHandler:[133] :2.01
05-27 14:27:00.943 I/TvUniPlayer/UniPlayer@52ede0f( 3391): in handleMessage event:10000
05-27 14:27:00.943 I/PlayThreadMonitor( 3391): in playerthread monitor handler
05-27 14:27:00.943 I/PlayThreadMonitor( 3391): in monitor runnable
05-27 14:27:01.081 D/nStackXCoAP( 4131): IsInSameNetwork:[276] :IsInSameNetwork exec
05-27 14:27:01.081 I/nStackXDFinder( 4131): GetLocalInterfaceDetail:[461] :GetLocalInterfaceDetail in
05-27 14:27:01.081 E/nStackXCoAP( 4131): IsInSameNetwork:[281] :IsInSameNetwork: not priority process
05-27 14:27:01.081 D/nStackXCoAP( 4131): ParseServiceDiscover:[330] :new device join
05-27 14:27:01.081 E/nStackXDFinder( 4131): GetLocalIp:[401] :GetLocalIp exec
05-27 14:27:01.100 D/nStackXCoAP( 4131): CoapMessageHandler:[133] :2.01
05-27 14:27:01.947 D/hdmicecd( 512): [CEC]:printCecMsgBuf, msg: 04 8f
05-27 14:27:01.950 D/HDMI ( 704): [R]: 04:8F
05-27 14:27:01.951 D/HDMI ( 704): [S]: 40:90:00
05-27 14:27:02.060 D/hdmicecd( 512): [CEC]:printCecMessage, [4 -> 0] len: 2, body: 90 00, result:success
05-27 14:27:02.060 E/IPCThreadState( 512): binder thread pool (1 threads) starved for 109 ms
05-27 14:27:02.432 I/WifiHAL ( 519): call wifi_get_link_stats handler
05-27 14:27:02.432 I/WifiHAL ( 519): Creating message to get link statistics; iface = 19
05-27 14:27:02.432 D/WifiHAL ( 519): error code -95 mapped to -3
05-27 14:27:02.432 E/WifiStaIfaceAidlImpl( 704): getLinkLayerStats failed with service-specific exception: android.os.ServiceSpecificException: (code 4)
05-27 14:27:02.821 E/p2pfile ( 3391): HCDN_LOG: [T:3612][HINFO]:[f:GetParam],[l:4289],[Task(0), key=storage_mem_size]
05-27 14:27:02.821 E/p2pfile ( 3391): HCDN_LOG: [T:3612][HINFO]:[f:GetParam],[l:4289],[Task(0), key=p2p_mem_size]
05-27 14:27:02.821 E/localserver( 3391): HCDN_LOG: [T:3612][func:MonitorMem],[line:73],[Memstatistics],[bRet:1],[bNextRet:1],[pParamStorageBuffer:0],[pParamP2PBuffer:0]
05-27 14:27:02.943 I/TvUniPlayer/UniPlayer@52ede0f( 3391): in handleMessage event:10000
05-27 14:27:03.043 I/com.ktcp.video( 2561): Background concurrent copying GC freed 184404(6764KB) AllocSpace objects, 20(400KB) LOS objects, 49% free, 6119KB/11MB, paused 274us,66us total 146.045ms
05-27 14:27:03.528 I/CLog ( 3391): 2025-05-27 14:27:03.528 T:3680 INFO: RM_AE::1,HEARTBEAT, sink_delay:0.0000, spatial_delay:0.0000, iqae:0,0,0,0,0,0
05-27 14:27:03.616 I/UNIPLAYERSDK( 3391): MediaPlayerAdaptor.cpp:297 [PumaPlayerAdaptor@0xe45213e4]doHandleMessage(KMSG_INNERACTION_PB_DOWNLOADSPEED, arg1:-111, arg2:-111)
05-27 14:27:03.616 I/UNIPLAYERSDK( 3391): PumaPlayer.cpp:966 [PumaPlayer@0xab1e295c]InvokeMctoPlayerCommand(), command = 29, command_params = {}, buffer = 0xb8b26d7c
05-27 14:27:03.616 I/UNIPLAYERSDK( 3391): PumaPlayer.cpp:396 getRealtimeSpeed(), get kMctoPlayerCmd_GetSpeed averageSpeed = 2491392 B/s
05-27 14:27:03.616 I/UNIPLAYERSDK( 3391): PumaPlayer.cpp:400 getRealtimeSpeed(), get kMctoPlayerCmd_GetSpeed realTimeSpeed = 0 B/s
05-27 14:27:03.616 I/UNIPLAYERSDK( 3391): PumaPlayerAdaptor.cpp:797 [PumaPlayerAdaptor@0xe45213e4]KMSG_INNERACTION_PB_DOWNLOADSPEED speed= 19464
05-27 14:27:03.616 D/UNIPLAYERSDK( 3391): BaseState.cpp:42 [PumaPlayerAdaptor@0xe45213e4@0x9cbc85e8]{fm(KMSG_INNERACTION_PB_DOWNLOADSPEED),ret(0),at(1,6505,6506),s(12,-2,-2,-2,12),fm=Message@0xe46ef130{what=2097226,when=156505,arg1=-1111111111,arg2=-1111111111,arg3=-1111111111,str=,timeout=0,obj=0x0,runnable=0x0,target=0xe4521300,watchDogOp=0x0}
05-27 14:27:03.617 D/UNIPLAYERSDK( 3391): BaseState.cpp:56 [PumaPlayerAdaptor@0xe45213e4@0x9cbc85e8]{fm(KMSG_INNERACTION_PB_DOWNLOADSPEED),o(AudioPrevi)-t(0,6506,6506),o(BitstreamS)-t(0,6506,6506),o(CarouselPr)-t(0,6506,6506),o(FastHelper)-t(0,6506,6506),o(HeaderTail)-t(0,6506,6506),o(HighLights)-t(0,6506,6506),o(InteractPr)-t(0,6506,6506),o(LivePrevie)-t(0,6506,6506),o(MediaPlaye)-t(0,6506,6506),o(MovieVVInf)-t(0,6506,6506),o(PPrecacher)-t(0,6506,6506),o(PlayerStuc)-t(0,6506,6506),o(PumaAbsCmd)-t(0,6506,6506),o(PumaAdvert)-t(0,6506,6506),o(PumaBuffer)-t(0,6506,6506),o(PumaError@)-t(0,6506,6506),o(PumaMediaD)-t(0,6506,6506),o(PumaPlayer)-t(0,6506,6506),o(PumaRate@0)-t(0,6506,6506),o(PumaSegmen)-t(0,6506,6506),o(PumaSubtit)-t(0,6506,6506),o(RefreshAcc)-t(0,6506,6506),o(RefreshSer)-t(0,6506,6506),o(SceneKeepe)-t(0,6506,6506),o(SetRate@0x)-t(0,6506,6506),o(SwitchEpis)-t(0,6506,6506),o(VideoPlayC)-t(1,6505,6506)}
05-27 14:27:03.744 I/android.hardware.bluetooth@1.0-impl( 501): [HandleIncomingEvent-549]: rec adv direct packet
05-27 14:27:03.944 I/PlayThreadMonitor( 3391): in playerthread monitor handler
05-27 14:27:03.945 I/PlayThreadMonitor( 3391): in monitor runnable
05-27 14:27:04.327 W/resolv ( 478): SSL_connect write error 0, mark 0xf0064: Try again
05-27 14:27:04.327 W/resolv ( 478): TLS Handshake failed
05-27 14:27:04.327 W/resolv ( 478): query failed
05-27 14:27:04.328 W/resolv ( 478): validateDnsTlsServer returned 0 for 202.96.128.166
05-27 14:27:04.328 W/resolv ( 478): Validation failed
05-27 14:27:04.330 W/resolv ( 478): SSL_connect write error 0, mark 0xf0064: Try again
05-27 14:27:04.330 W/resolv ( 478): TLS Handshake failed
05-27 14:27:04.330 W/resolv ( 478): query failed
05-27 14:27:04.330 W/resolv ( 478): validateDnsTlsServer returned 0 for 202.96.134.133
05-27 14:27:04.330 W/resolv ( 478): Validation failed
05-27 14:27:04.392 D/OomAdjuster( 704): Not killing cached processes
05-27 14:27:04.944 I/TvUniPlayer/UniPlayer@52ede0f( 3391): in handleMessage event:10000
05-27 14:27:05.054 D/ActivityManager( 704): freezing 3391 com.dangbei.hqmedia
05-27 14:27:05.435 I/WifiHAL ( 519): call wifi_get_link_stats handler
05-27 14:27:05.435 I/WifiHAL ( 519): Creating message to get link statistics; iface = 19
05-27 14:27:05.436 D/WifiHAL ( 519): error code -95 mapped to -3
05-27 14:27:05.436 E/WifiStaIfaceAidlImpl( 704): getLinkLayerStats failed with service-specific exception: android.os.ServiceSpecificException: (code 4)
05-27 14:27:07.026 D/UtilLog ( 2509): 日志批量上报 进行正常循环 !!!!!!本次有0次请求,共0条数据
05-27 14:27:07.507 I/TDLog ( 2509): [APP] New data found, Submitting...
05-27 14:27:07.514 D/TrafficStats( 2509): tagSocket(109) with statsTag=0xffffffff, statsUid=-1
05-27 14:27:07.517 I/TDLog ( 2509): [APP] Failed to submit data!
05-27 14:27:07.627 I/audio_hw_hal_alsamgr( 499): alsa format =0x1 delay frames =768 total frames=7114240
05-27 14:27:08.442 I/WifiHAL ( 519): call wifi_get_link_stats handler
05-27 14:27:08.442 I/WifiHAL ( 519): Creating message to get link statistics; iface = 19
05-27 14:27:08.442 D/WifiHAL ( 519): error code -95 mapped to -3
05-27 14:27:08.443 E/WifiStaIfaceAidlImpl( 704): getLinkLayerStats failed with service-specific exception: android.os.ServiceSpecificException: (code 4)
05-27 14:27:09.835 D/uninstall( 3076): isAllowStart last_delay 0, current_time 1748327229
05-27 14:27:09.835 I/uninstall( 3076): enable_service com.ktcp.video/com.tencent.qqlivetv.keeplive.proc.DaemonService com.ktcp.video/(null)
05-27 14:27:09.836 D/uninstall( 3076): enable_service waitpid
05-27 14:27:09.836 D/uninstall( 4410): enable_service pid == 0
05-27 14:27:09.836 D/uninstall( 4410): enable_service version >= 17 || version == 0 version == 34
05-27 14:27:09.884 I/uninstall( 3076): watchdaemon process_name = com.ktcp.video:daemon has gone, start it
05-27 14:27:09.885 D/uninstall( 3076): watchdaemon waitpid
05-27 14:27:09.885 D/uninstall( 4414): watchdaemon pid == 0
05-27 14:27:09.885 D/uninstall( 4414): watchdaemon version >= 17 || version == 0 version == 34
05-27 14:27:10.098 D/TrafficStats( 4019): tagSocket(134) with statsTag=0xffffffff, statsUid=-1
05-27 14:27:10.849 D/TrafficStats( 4019): tagSocket(134) with statsTag=0xffffffff, statsUid=-1
05-27 14:27:11.189 I/efs.base( 4019): wa upload succ, HttpResponse {succ=true, code=200, data='暂不支持该服务', extra={req_url=https://errlog.umeng.com/api/crashsdk/logcollect}}
05-27 14:27:11.450 I/WifiHAL ( 519): call wifi_get_link_stats handler
05-27 14:27:11.450 I/WifiHAL ( 519): Creating message to get link statistics; iface = 19
05-27 14:27:11.450 D/WifiHAL ( 519): error code -95 mapped to -3
05-27 14:27:11.451 E/WifiStaIfaceAidlImpl( 704): getLinkLayerStats failed with service-specific exception: android.os.ServiceSpecificException: (code 4)
05-27 14:27:14.455 I/WifiHAL ( 519): call wifi_get_link_stats handler
05-27 14:27:14.455 I/WifiHAL ( 519): Creating message to get link statistics; iface = 19
05-27 14:27:14.455 D/WifiHAL ( 519): error code -95 mapped to -3
05-27 14:27:14.456 E/WifiStaIfaceAidlImpl( 704): getLinkLayerStats failed with service-specific exception: android.os.ServiceSpecificException: (code 4)
05-27 14:27:14.466 D/InstantWifi( 704): Receive Wifi is connected, freq = 5745 and currentNetworkId : 0, wifiinfo = SSID: , BSSID: 02:00:00:00:00:00, MAC: 02:00:00:00:00:00, IP: /192.168.3.33, Security type: 2, Supplicant state: COMPLETED, Wi-Fi standard: 6, RSSI: -55, Link speed: 1200Mbps, Tx Link speed: 1200Mbps, Max Supported Tx Link speed: 1200Mbps, Rx Link speed: 6Mbps, Max Supported Rx Link speed: 1200Mbps, Frequency: 5745MHz, Net ID: -1, Metered hint: false, score: 60, isUsable: true, CarrierMerged: false, SubscriptionId: -1, IsPrimary: 1, Trusted: true, Restricted: false, Ephemeral: false, OEM paid: false, OEM private: false, OSU AP: false, FQDN: , Provider friendly name: , Requesting package name: MLO Information: , Is TID-To-Link negotiation supported by the AP: false, AP MLD Address: , AP MLO Link Id: , AP MLO Affiliated links:
05-27 14:27:14.569 I/android.hardware.bluetooth@1.0-impl( 501): [HandleIncomingEvent-549]: rec adv direct packet
05-27 14:27:17.025 D/UtilLog ( 2509): 日志批量上报 进行正常循环 !!!!!!本次有0次请求,共0条数据
05-27 14:27:17.464 I/WifiHAL ( 519): call wifi_get_link_stats handler
05-27 14:27:17.464 I/WifiHAL ( 519): Creating message to get link statistics; iface = 19
05-27 14:27:17.464 D/WifiHAL ( 519): error code -95 mapped to -3
05-27 14:27:17.464 E/WifiStaIfaceAidlImpl( 704): getLinkLayerStats failed with service-specific exception: android.os.ServiceSpecificException: (code 4)
05-27 14:27:19.984 D/uninstall( 3076): isAllowStart last_delay 0, current_time 1748327239
05-27 14:27:19.984 I/uninstall( 3076): enable_service com.ktcp.video/com.tencent.qqlivetv.keeplive.proc.DaemonService com.ktcp.video/(null)
05-27 14:27:19.986 D/uninstall( 3076): enable_service waitpid
05-27 14:27:19.986 D/uninstall( 4433): enable_service pid == 0
05-27 14:27:19.986 D/uninstall( 4433): enable_service version >= 17 || version == 0 version == 34
05-27 14:27:20.034 I/uninstall( 3076): watchdaemon process_name = com.ktcp.video:daemon has gone, start it
05-27 14:27:20.035 D/uninstall( 3076): watchdaemon waitpid
05-27 14:27:20.035 D/uninstall( 4437): watchdaemon pid == 0
05-27 14:27:20.035 D/uninstall( 4437): watchdaemon version >= 17 || version == 0 version == 34
05-27 14:27:20.470 I/WifiHAL ( 519): call wifi_get_link_stats handler
05-27 14:27:20.470 I/WifiHAL ( 519): Creating message to get link statistics; iface = 19
05-27 14:27:20.471 D/WifiHAL ( 519): error code -95 mapped to -3
05-27 14:27:20.471 E/WifiStaIfaceAidlImpl( 704): getLinkLayerStats failed with service-specific exception: android.os.ServiceSpecificException: (code 4)
05-27 14:27:20.480 D/InstantWifi( 704): Receive Wifi is connected, freq = 5745 and currentNetworkId : 0, wifiinfo = SSID: , BSSID: 02:00:00:00:00:00, MAC: 02:00:00:00:00:00, IP: /192.168.3.33, Security type: 2, Supplicant state: COMPLETED, Wi-Fi standard: 6, RSSI: -56, Link speed: 1200Mbps, Tx Link speed: 1200Mbps, Max Supported Tx Link speed: 1200Mbps, Rx Link speed: 6Mbps, Max Supported Rx Link speed: 1200Mbps, Frequency: 5745MHz, Net ID: -1, Metered hint: false, score: 60, isUsable: true, CarrierMerged: false, SubscriptionId: -1, IsPrimary: 1, Trusted: true, Restricted: false, Ephemeral: false, OEM paid: false, OEM private: false, OSU AP: false, FQDN: , Provider friendly name: , Requesting package name: MLO Information: , Is TID-To-Link negotiation supported by the AP: false, AP MLD Address: , AP MLO Link Id: , AP MLO Affiliated links:
05-27 14:27:23.478 I/WifiHAL ( 519): call wifi_get_link_stats handler
05-27 14:27:23.478 I/WifiHAL ( 519): Creating message to get link statistics; iface = 19
05-27 14:27:23.479 D/WifiHAL ( 519): error code -95 mapped to -3
05-27 14:27:23.479 E/WifiStaIfaceAidlImpl( 704): getLinkLayerStats failed with service-specific exception: android.os.ServiceSpecificException: (code 4)
05-27 14:27:25.398 I/android.hardware.bluetooth@1.0-impl( 501): [HandleIncomingEvent-549]: rec adv direct packet
05-27 14:27:26.486 I/WifiHAL ( 519): call wifi_get_link_stats handler
05-27 14:27:26.486 I/WifiHAL ( 519): Creating message to get link statistics; iface = 19
05-27 14:27:26.486 D/WifiHAL ( 519): error code -95 mapped to -3
05-27 14:27:26.486 E/WifiStaIfaceAidlImpl( 704): getLinkLayerStats failed with service-specific exception: android.os.ServiceSpecificException: (code 4)
05-27 14:27:27.025 D/UtilLog ( 2509): 日志批量上报 进行正常循环 !!!!!!本次有0次请求,共0条数据
05-27 14:27:27.203 I/android.hardware.bluetooth@1.0-impl( 501): [HandleIncomingEvent-549]: rec adv direct packet
05-27 14:27:28.180 D/nStackXCoAP( 4131): IsInSameNetwork:[276] :IsInSameNetwork exec
05-27 14:27:28.180 I/nStackXDFinder( 4131): GetLocalInterfaceDetail:[461] :GetLocalInterfaceDetail in
05-27 14:27:28.180 E/nStackXCoAP( 4131): IsInSameNetwork:[281] :IsInSameNetwork: not priority process
05-27 14:27:28.180 D/nStackXCoAP( 4131): ParseServiceDiscover:[330] :new device join
05-27 14:27:28.180 I/nStackXDFinder( 4131): NotifyDeviceListChanged:[540] :notify callback: device list changed callback is null
05-27 14:27:28.180 E/nStackXDFinder( 4131): GetLocalIp:[401] :GetLocalIp exec
05-27 14:27:28.303 D/nStackXCoAP( 4131): CoapMessageHandler:[133] :2.01
05-27 14:27:28.423 D/nStackXCoAP( 4131): IsInSameNetwork:[276] :IsInSameNetwork exec
05-27 14:27:28.423 I/nStackXDFinder( 4131): GetLocalInterfaceDetail:[461] :GetLocalInterfaceDetail in
05-27 14:27:28.424 E/nStackXCoAP( 4131): IsInSameNetwork:[281] :IsInSameNetwork: not priority process
05-27 14:27:28.424 D/nStackXCoAP( 4131): ParseServiceDiscover:[330] :new device join
05-27 14:27:28.424 E/nStackXDFinder( 4131): GetLocalIp:[401] :GetLocalIp exec
05-27 14:27:28.460 I/audio_hw_hal_alsamgr( 499): alsa format =0x9000000 delay frames =1664 total frames=7680000
05-27 14:27:28.582 D/nStackXCoAP( 4131): IsInSameNetwork:[276] :IsInSameNetwork exec
05-27 14:27:28.582 I/nStackXDFinder( 4131): GetLocalInterfaceDetail:[461] :GetLocalInterfaceDetail in
05-27 14:27:28.582 E/nStackXCoAP( 4131): IsInSameNetwork:[281] :IsInSameNetwork: not priority process
05-27 14:27:28.582 D/nStackXCoAP( 4131): ParseServiceDiscover:[330] :new device join
05-27 14:27:28.582 E/nStackXDFinder( 4131): GetLocalIp:[401] :GetLocalIp exec
05-27 14:27:28.592 D/nStackXCoAP( 4131): CoapMessageHandler:[133] :2.01
05-27 14:27:28.736 D/nStackXCoAP( 4131): CoapMessageHandler:[133] :2.01
05-27 14:27:28.985 D/nStackXCoAP( 4131): IsInSameNetwork:[276] :IsInSameNetwork exec
05-27 14:27:28.985 I/nStackXDFinder( 4131): GetLocalInterfaceDetail:[461] :GetLocalInterfaceDetail in
05-27 14:27:28.985 E/nStackXCoAP( 4131): IsInSameNetwork:[281] :IsInSameNetwork: not priority process
05-27 14:27:28.985 D/nStackXCoAP( 4131): ParseServiceDiscover:[330] :new device join
05-27 14:27:28.985 E/nStackXDFinder( 4131): GetLocalIp:[401] :GetLocalIp exec
05-27 14:27:29.145 D/nStackXCoAP( 4131): CoapMessageHandler:[133] :2.01
05-27 14:27:29.443 D/nStackXCoAP( 4131): IsInSameNetwork:[276] :IsInSameNetwork exec
05-27 14:27:29.443 I/nStackXDFinder( 4131): GetLocalInterfaceDetail:[461] :GetLocalInterfaceDetail in
05-27 14:27:29.443 E/nStackXCoAP( 4131): IsInSameNetwork:[281] :IsInSameNetwork: not priority process
05-27 14:27:29.443 D/nStackXCoAP( 4131): ParseServiceDiscover:[330] :new device join
05-27 14:27:29.443 E/nStackXDFinder( 4131): GetLocalIp:[401] :GetLocalIp exec
05-27 14:27:29.487 D/nStackXCoAP( 4131): CoapMessageHandler:[133] :2.01
05-27 14:27:29.493 I/WifiHAL ( 519): call wifi_get_link_stats handler
05-27 14:27:29.493 I/WifiHAL ( 519): Creating message to get link statistics; iface = 19
05-27 14:27:29.493 D/WifiHAL ( 519): error code -95 mapped to -3
05-27 14:27:29.494 E/WifiStaIfaceAidlImpl( 704): getLinkLayerStats failed with service-specific exception: android.os.ServiceSpecificException: (code 4)
05-27 14:27:30.101 D/uninstall( 3076): isAllowStart last_delay 0, current_time 1748327250
05-27 14:27:30.102 I/uninstall( 3076): enable_service com.ktcp.video/com.tencent.qqlivetv.keeplive.proc.DaemonService com.ktcp.video/(null)
05-27 14:27:30.103 D/uninstall( 3076): enable_service waitpid
05-27 14:27:30.103 D/uninstall( 4454): enable_service pid == 0
05-27 14:27:30.104 D/uninstall( 4454): enable_service version >= 17 || version == 0 version == 34
05-27 14:27:30.151 I/uninstall( 3076): watchdaemon process_name = com.ktcp.video:daemon has gone, start it
05-27 14:27:30.152 D/uninstall( 3076): watchdaemon waitpid
05-27 14:27:30.152 D/uninstall( 4458): watchdaemon pid == 0
05-27 14:27:30.152 D/uninstall( 4458): watchdaemon version >= 17 || version == 0 version == 34
05-27 14:27:30.190 D/nStackXCoAP( 4131): IsInSameNetwork:[276] :IsInSameNetwork exec
05-27 14:27:30.190 I/nStackXDFinder( 4131): GetLocalInterfaceDetail:[461] :GetLocalInterfaceDetail in
05-27 14:27:30.191 E/nStackXCoAP( 4131): IsInSameNetwork:[281] :IsInSameNetwork: not priority process
05-27 14:27:30.191 D/nStackXCoAP( 4131): ParseServiceDiscover:[330] :new device join
05-27 14:27:30.191 E/nStackXDFinder( 4131): GetLocalIp:[401] :GetLocalIp exec
05-27 14:27:30.217 D/nStackXCoAP( 4131): CoapMessageHandler:[133] :2.01
05-27 14:27:31.229 D/nStackXCoAP( 4131): IsInSameNetwork:[276] :IsInSameNetwork exec
05-27 14:27:31.229 I/nStackXDFinder( 4131): GetLocalInterfaceDetail:[461] :GetLocalInterfaceDetail in
05-27 14:27:31.229 E/nStackXCoAP( 4131): IsInSameNetwork:[281] :IsInSameNetwork: not priority process
05-27 14:27:31.229 D/nStackXCoAP( 4131): ParseServiceDiscover:[330] :new device join
05-27 14:27:31.229 E/nStackXDFinder( 4131): GetLocalIp:[401] :GetLocalIp exec
05-27 14:27:31.764 D/nStackXCoAP( 4131): IsInSameNetwork:[276] :IsInSameNetwork exec
05-27 14:27:31.764 I/nStackXDFinder( 4131): GetLocalInterfaceDetail:[461] :GetLocalInterfaceDetail in
05-27 14:27:31.764 E/nStackXCoAP( 4131): IsInSameNetwork:[281] :IsInSameNetwork: not priority process
05-27 14:27:31.764 D/nStackXCoAP( 4131): ParseServiceDiscover:[330] :new device join
05-27 14:27:31.764 E/nStackXDFinder( 4131): GetLocalIp:[401] :GetLocalIp exec
05-27 14:27:31.768 D/nStackXCoAP( 4131): CoapMessageHandler:[133] :2.01
05-27 14:27:31.775 D/nStackXCoAP( 4131): CoapMessageHandler:[133] :2.01
05-27 14:27:32.500 I/WifiHAL ( 519): call wifi_get_link_stats handler
05-27 14:27:32.500 I/WifiHAL ( 519): Creating message to get link statistics; iface = 19
05-27 14:27:32.500 D/WifiHAL ( 519): error code -95 mapped to -3
05-27 14:27:32.500 E/WifiStaIfaceAidlImpl( 704): getLinkLayerStats failed with service-specific exception: android.os.ServiceSpecificException: (code 4)
05-27 14:27:32.709 D/nStackXCoAP( 4131): IsInSameNetwork:[276] :IsInSameNetwork exec
05-27 14:27:32.709 I/nStackXDFinder( 4131): GetLocalInterfaceDetail:[461] :GetLocalInterfaceDetail in
05-27 14:27:32.709 E/nStackXCoAP( 4131): IsInSameNetwork:[281] :IsInSameNetwork: not priority process
05-27 14:27:32.709 D/nStackXCoAP( 4131): ParseServiceDiscover:[330] :new device join
05-27 14:27:32.709 E/nStackXDFinder( 4131): GetLocalIp:[401] :GetLocalIp exec
05-27 14:27:32.721 D/nStackXCoAP( 4131): CoapMessageHandler:[133] :2.01
05-27 14:27:34.424 I/android.hardware.bluetooth@1.0-impl( 501): [HandleIncomingEvent-549]: rec adv direct packet
05-27 14:27:34.492 D/OomAdjuster( 704): Not killing cached processes
05-27 14:27:35.508 I/WifiHAL ( 519): call wifi_get_link_stats handler
05-27 14:27:35.508 I/WifiHAL ( 519): Creating message to get link statistics; iface = 19
05-27 14:27:35.508 D/WifiHAL ( 519): error code -95 mapped to -3
05-27 14:27:35.509 E/WifiStaIfaceAidlImpl( 704): getLinkLayerStats failed with service-specific exception: android.os.ServiceSpecificException: (code 4)
05-27 14:27:36.231 I/android.hardware.bluetooth@1.0-impl( 501): [HandleIncomingEvent-549]: rec adv direct packet
05-27 14:27:37.024 D/UtilLog ( 2509): 日志批量上报 进行正常循环 !!!!!!本次有0次请求,共0条数据
05-27 14:27:38.515 I/WifiHAL ( 519): call wifi_get_link_stats handler
05-27 14:27:38.515 I/WifiHAL ( 519): Creating message to get link statistics; iface = 19
05-27 14:27:38.515 D/WifiHAL ( 519): error code -95 mapped to -3
05-27 14:27:38.515 E/WifiStaIfaceAidlImpl( 704): getLinkLayerStats failed with service-specific exception: android.os.ServiceSpecificException: (code 4)
05-27 14:27:39.628 I/audio_hw_hal_alsamgr( 499): alsa format =0x1 delay frames =768 total frames=8650240
05-27 14:27:40.238 D/uninstall( 3076): isAllowStart last_delay 0, current_time 1748327260
05-27 14:27:40.239 I/uninstall( 3076): enable_service com.ktcp.video/com.tencent.qqlivetv.keeplive.proc.DaemonService com.ktcp.video/(null)
05-27 14:27:40.239 D/uninstall( 3076): enable_service waitpid
05-27 14:27:40.240 D/uninstall( 4475): enable_service pid == 0
05-27 14:27:40.240 D/uninstall( 4475): enable_service version >= 17 || version == 0 version == 34
05-27 14:27:40.288 I/uninstall( 3076): watchdaemon process_name = com.ktcp.video:daemon has gone, start it
05-27 14:27:40.289 D/uninstall( 3076): watchdaemon waitpid
05-27 14:27:40.289 D/uninstall( 4479): watchdaemon pid == 0
05-27 14:27:40.289 D/uninstall( 4479): watchdaemon version >= 17 || version == 0 version == 34
05-27 14:27:41.522 I/WifiHAL ( 519): call wifi_get_link_stats handler
05-27 14:27:41.522 I/WifiHAL ( 519): Creating message to get link statistics; iface = 19
05-27 14:27:41.522 D/WifiHAL ( 519): error code -95 mapped to -3
05-27 14:27:41.522 E/WifiStaIfaceAidlImpl( 704): getLinkLayerStats failed with service-specific exception: android.os.ServiceSpecificException: (code 4)
05-27 14:27:41.648 I/android.hardware.bluetooth@1.0-impl( 501): [HandleIncomingEvent-549]: rec adv direct packet
05-27 14:27:44.527 I/WifiHAL ( 519): call wifi_get_link_stats handler
05-27 14:27:44.527 I/WifiHAL ( 519): Creating message to get link statistics; iface = 19
05-27 14:27:44.528 D/WifiHAL ( 519): error code -95 mapped to -3
05-27 14:27:44.528 E/WifiStaIfaceAidlImpl( 704): getLinkLayerStats failed with service-specific exception: android.os.ServiceSpecificException: (code 4)
05-27 14:27:47.025 D/UtilLog ( 2509): 日志批量上报 进行正常循环 !!!!!!本次有0次请求,共0条数据
05-27 14:27:47.535 I/WifiHAL ( 519): call wifi_get_link_stats handler
05-27 14:27:47.535 I/WifiHAL ( 519): Creating message to get link statistics; iface = 19
05-27 14:27:47.535 D/WifiHAL ( 519): error code -95 mapped to -3
05-27 14:27:47.536 E/WifiStaIfaceAidlImpl( 704): getLinkLayerStats failed with service-specific exception: android.os.ServiceSpecificException: (code 4)
05-27 14:27:48.870 I/android.hardware.bluetooth@1.0-impl( 501): [HandleIncomingEvent-549]: rec adv direct packet
05-27 14:27:50.344 D/uninstall( 3076): isAllowStart last_delay 0, current_time 1748327270
05-27 14:27:50.344 I/uninstall( 3076): enable_service com.ktcp.video/com.tencent.qqlivetv.keeplive.proc.DaemonService com.ktcp.video/(null)
05-27 14:27:50.345 D/uninstall( 3076): enable_service waitpid
05-27 14:27:50.345 D/uninstall( 4497): enable_service pid == 0
05-27 14:27:50.346 D/uninstall( 4497): enable_service version >= 17 || version == 0 version == 34
05-27 14:27:50.389 I/uninstall( 3076): watchdaemon process_name = com.ktcp.video:daemon has gone, start it
05-27 14:27:50.390 D/uninstall( 3076): watchdaemon waitpid
05-27 14:27:50.390 D/uninstall( 4501): watchdaemon pid == 0
05-27 14:27:50.390 D/uninstall( 4501): watchdaemon version >= 17 || version == 0 version == 34
05-27 14:27:50.542 I/WifiHAL ( 519): call wifi_get_link_stats handler
05-27 14:27:50.543 I/WifiHAL ( 519): Creating message to get link statistics; iface = 19
05-27 14:27:50.543 D/WifiHAL ( 519): error code -95 mapped to -3
05-27 14:27:50.543 E/WifiStaIfaceAidlImpl( 704): getLinkLayerStats failed with service-specific exception: android.os.ServiceSpecificException: (code 4)
05-27 14:27:50.883 D/OomAdjuster( 704): Not killing cached processes
05-27 14:27:50.887 D/bbb ( 1639): onStartCommand begin !!!!!!! data分区剩余 52598MB
05-27 14:27:53.550 I/WifiHAL ( 519): call wifi_get_link_stats handler
05-27 14:27:53.550 I/WifiHAL ( 519): Creating message to get link statistics; iface = 19
05-27 14:27:53.550 D/WifiHAL ( 519): error code -95 mapped to -3
05-27 14:27:53.550 E/WifiStaIfaceAidlImpl( 704): getLinkLayerStats failed with service-specific exception: android.os.ServiceSpecificException: (code 4)
05-27 14:27:53.700 V/HotPlugDetectionAction( 704): Poll all devices.
05-27 14:27:53.755 D/hdmicecd( 512): [CEC]:printCecMessage, [4 -> 0] len: 0, body:, result:success
05-27 14:27:53.811 D/hdmicecd( 512): [CEC]:printCecMessage, [4 -> 1] len: 0, body:, result:no ack
05-27 14:27:53.871 D/hdmicecd( 512): [CEC]:printCecMessage, [4 -> 3] len: 0, body:, result:no ack
05-27 14:27:53.927 D/hdmicecd( 512): [CEC]:printCecMessage, [4 -> 5] len: 0, body:, result:no ack
05-27 14:27:53.983 D/hdmicecd( 512): [CEC]:printCecMessage, [4 -> 8] len: 0, body:, result:no ack
05-27 14:27:54.039 D/hdmicecd( 512): [CEC]:printCecMessage, [4 -> b] len: 0, body:, result:no ack
05-27 14:27:54.095 D/hdmicecd( 512): [CEC]:printCecMessage, [4 -> e] len: 0, body:, result:no ack
05-27 14:27:54.095 D/HdmiCecController( 704): [P]:AllocatedAddress=[0]
05-27 14:27:54.706 E/ccc ( 1474): cccccc sendCycleCheckBroadcast
05-27 14:27:54.707 W/ContextImpl( 1474): Calling a method in the system process without a qualified user: android.app.ContextImpl.sendBroadcast:1220 android.content.ContextWrapper.sendBroadcast:504 com.dangbei.etna.setting.core.SettingHelper.sendCycleToProjector:246 com.dangbei.etna.setting.core.SettingHelper.sendCycleCheckBroadcast:215 com.dangbei.etna.setting.core.SettingHelper.startLoop$lambda-0:174
05-27 14:27:54.709 W/ContextImpl( 1474): Calling a method in the system process without a qualified user: android.app.ContextImpl.sendBroadcast:1220 android.content.ContextWrapper.sendBroadcast:504 com.dangbei.etna.setting.core.SettingHelper.sendCycleToVoice:231 com.dangbei.etna.setting.core.SettingHelper.sendCycleCheckBroadcast:216 com.dangbei.etna.setting.core.SettingHelper.startLoop$lambda-0:174
05-27 14:27:54.714 D/RockyVoice( 1774): RestartReceiver onReceive
05-27 14:27:55.557 E/dangbei111( 1474): cccccc 检查遥控器是否连接: Dangbei E4:BB:D3:57:C0:22
05-27 14:27:55.561 E/dangbei111( 1474): cccccc 检查遥控器是否连接: 蓝牙的结果 Dangbei E4:BB:D3:57:C0:22 true
05-27 14:27:55.562 E/dangbei111( 1474): cccccc 确实有遥控器 存在
05-27 14:27:55.563 D/BluetoothAdapter( 1474): isLeEnabled(): ON
05-27 14:27:55.567 D/ActivityAttributionService( 1151): notifyActivityAttributionInfo UID=1002 packageName=com.android.bluetooth deviceAddress=no_active_device_address
05-27 14:27:55.567 I/bt_btif ( 1151): packages/modules/Bluetooth/system/btif/src/bluetooth.cc:829 get_profile_interface: get_profile_interface: id = activity_attribution
05-27 14:27:55.568 I/bt_stack( 1151): [INFO:le_scanning_manager.cc(168)] Scan in shim layer stopped
05-27 14:27:55.569 I/bluetooth( 1151): packages/modules/Bluetooth/system/gd/hci/le_address_manager.cc:193 unregister_client: Client unregistered
05-27 14:27:55.574 I/bt_stack( 1151): [INFO:le_scanning_manager.cc(162)] Unregister in shim layer, scanner_id:1
05-27 14:27:55.574 E/dangbei111( 1474): cccccc rc is connected, stop scan =E4:BB:D3:57:C0:22
05-27 14:27:56.554 I/WifiHAL ( 519): call wifi_get_link_stats handler
05-27 14:27:56.555 I/WifiHAL ( 519): Creating message to get link statistics; iface = 19
05-27 14:27:56.555 D/WifiHAL ( 519): error code -95 mapped to -3
05-27 14:27:56.555 E/WifiStaIfaceAidlImpl( 704): getLinkLayerStats failed with service-specific exception: android.os.ServiceSpecificException: (code 4)
05-27 14:27:57.024 D/UtilLog ( 2509): 日志批量上报 进行正常循环 !!!!!!本次有0次请求,共0条数据
05-27 14:27:59.561 I/WifiHAL ( 519): call wifi_get_link_stats handler
05-27 14:27:59.561 I/WifiHAL ( 519): Creating message to get link statistics; iface = 19
05-27 14:27:59.561 D/WifiHAL ( 519): error code -95 mapped to -3
05-27 14:27:59.562 E/WifiStaIfaceAidlImpl( 704): getLinkLayerStats failed with service-specific exception: android.os.ServiceSpecificException: (code 4)
05-27 14:28:00.460 I/audio_hw_hal_alsamgr( 499): alsa format =0x9000000 delay frames =1664 total frames=9216000
05-27 14:28:00.467 D/uninstall( 3076): isAllowStart last_delay 0, current_time 1748327280
05-27 14:28:00.467 I/uninstall( 3076): enable_service com.ktcp.video/com.tencent.qqlivetv.keeplive.proc.DaemonService com.ktcp.video/(null)
05-27 14:28:00.468 D/uninstall( 3076): enable_service waitpid
05-27 14:28:00.468 D/uninstall( 4522): enable_service pid == 0
05-27 14:28:00.468 D/uninstall( 4522): enable_service version >= 17 || version == 0 version == 34
05-27 14:28:00.506 I/uninstall( 3076): watchdaemon process_name = com.ktcp.video:daemon has gone, start it
05-27 14:28:00.507 D/uninstall( 3076): watchdaemon waitpid
05-27 14:28:00.507 D/uninstall( 4526): watchdaemon pid == 0
05-27 14:28:00.507 D/uninstall( 4526): watchdaemon version >= 17 || version == 0 version == 34
05-27 14:28:01.781 I/TDLog ( 2509): [APP] New data found, Submitting...
05-27 14:28:01.793 D/TrafficStats( 2509): tagSocket(109) with statsTag=0xffffffff, statsUid=-1
05-27 14:28:01.805 I/TDLog ( 2509): [APP] Failed to submit data!
05-27 14:28:01.949 D/hdmicecd( 512): [CEC]:printCecMsgBuf, msg: 04 8f
05-27 14:28:01.954 D/HDMI ( 704): [R]: 04:8F
05-27 14:28:01.955 D/HDMI ( 704): [S]: 40:90:00
05-27 14:28:02.060 D/hdmicecd( 512): [CEC]:printCecMessage, [4 -> 0] len: 2, body: 90 00, result:success
05-27 14:28:02.060 E/IPCThreadState( 512): binder thread pool (1 threads) starved for 105 ms
05-27 14:28:02.567 I/WifiHAL ( 519): call wifi_get_link_stats handler
05-27 14:28:02.567 I/WifiHAL ( 519): Creating message to get link statistics; iface = 19
05-27 14:28:02.567 D/WifiHAL ( 519): error code -95 mapped to -3
05-27 14:28:02.567 E/WifiStaIfaceAidlImpl( 704): getLinkLayerStats failed with service-specific exception: android.os.ServiceSpecificException: (code 4)
05-27 14:28:03.602 I/pool-70-thread-( 1519): type=1400 audit(0.0:2206): avc: denied { search } for name="net" dev="sysfs" ino=12344 scontext=u:r:system_app:s0 tcontext=u:object_r:sysfs_net:s0 tclass=dir permissive=1
05-27 14:28:03.602 I/pool-70-thread-( 1519): type=1400 audit(0.0:2207): avc: denied { read } for name="address" dev="sysfs" ino=22126 scontext=u:r:system_app:s0 tcontext=u:object_r:sysfs_net:s0 tclass=file permissive=1
05-27 14:28:03.610 I/dangbei ad sdk( 1519): ad manager report data::cache data size=0
05-27 14:28:03.602 I/pool-70-thread-( 1519): type=1400 audit(0.0:2208): avc: denied { open } for path="/sys/devices/virtual/net/dummy0/address" dev="sysfs" ino=22126 scontext=u:r:system_app:s0 tcontext=u:object_r:sysfs_net:s0 tclass=file permissive=1
05-27 14:28:03.602 I/pool-70-thread-( 1519): type=1400 audit(0.0:2209): avc: denied { getattr } for path="/sys/devices/virtual/net/dummy0/address" dev="sysfs" ino=22126 scontext=u:r:system_app:s0 tcontext=u:object_r:sysfs_net:s0 tclass=file permissive=1
05-27 14:28:03.610 I/pool-70-thread-( 1519): type=1400 audit(0.0:2210): avc: denied { read } for name="address" dev="sysfs" ino=45891 scontext=u:r:system_app:s0 tcontext=u:object_r:sysfs:s0 tclass=file permissive=1
05-27 14:28:03.610 I/pool-70-thread-( 1519): type=1400 audit(0.0:2211): avc: denied { open } for path="/sys/devices/platform/soc/fe368000.ethernet/net/eth2/address" dev="sysfs" ino=45891 scontext=u:r:system_app:s0 tcontext=u:object_r:sysfs:s0 tclass=file permissive=1
05-27 14:28:03.655 D/TrafficStats( 1519): tagSocket(134) with statsTag=0xffffffff, statsUid=-1
05-27 14:28:04.068 I/com.ktcp.video( 2561): Background concurrent copying GC freed 172299(5951KB) AllocSpace objects, 1(28KB) LOS objects, 49% free, 6180KB/12MB, paused 143us,63us total 138.386ms
05-27 14:28:04.552 D/OomAdjuster( 704): Not killing cached processes
05-27 14:28:04.675 D/dangbei ad sdk( 1519): HttpUtils.....::response={"msg":"no available advert","code":200}
05-27 14:28:05.573 I/WifiHAL ( 519): call wifi_get_link_stats handler
05-27 14:28:05.573 I/WifiHAL ( 519): Creating message to get link statistics; iface = 19
05-27 14:28:05.573 D/WifiHAL ( 519): error code -95 mapped to -3
05-27 14:28:05.574 E/WifiStaIfaceAidlImpl( 704): getLinkLayerStats failed with service-specific exception: android.os.ServiceSpecificException: (code 4)
05-27 14:28:07.025 D/UtilLog ( 2509): 日志批量上报 进行正常循环 !!!!!!本次有0次请求,共0条数据
05-27 14:28:08.578 I/WifiHAL ( 519): call wifi_get_link_stats handler
05-27 14:28:08.578 I/WifiHAL ( 519): Creating message to get link statistics; iface = 19
05-27 14:28:08.578 D/WifiHAL ( 519): error code -95 mapped to -3
05-27 14:28:08.579 E/WifiStaIfaceAidlImpl( 704): getLinkLayerStats failed with service-specific exception: android.os.ServiceSpecificException: (code 4)
05-27 14:28:10.596 D/uninstall( 3076): isAllowStart last_delay 0, current_time 1748327290
05-27 14:28:10.596 I/uninstall( 3076): enable_service com.ktcp.video/com.tencent.qqlivetv.keeplive.proc.DaemonService com.ktcp.video/(null)
05-27 14:28:10.597 D/uninstall( 3076): enable_service waitpid
05-27 14:28:10.598 D/uninstall( 4551): enable_service pid == 0
05-27 14:28:10.598 D/uninstall( 4551): enable_service version >= 17 || version == 0 version == 34
05-27 14:28:10.642 I/uninstall( 3076): watchdaemon process_name = com.ktcp.video:daemon has gone, start it
05-27 14:28:10.642 D/uninstall( 3076): watchdaemon waitpid
05-27 14:28:10.643 D/uninstall( 4555): watchdaemon pid == 0
05-27 14:28:10.643 D/uninstall( 4555): watchdaemon version >= 17 || version == 0 version == 34
05-27 14:28:11.582 I/WifiHAL ( 519): call wifi_get_link_stats handler
05-27 14:28:11.582 I/WifiHAL ( 519): Creating message to get link statistics; iface = 19
05-27 14:28:11.582 D/WifiHAL ( 519): error code -95 mapped to -3
05-27 14:28:11.583 E/WifiStaIfaceAidlImpl( 704): getLinkLayerStats failed with service-specific exception: android.os.ServiceSpecificException: (code 4)
05-27 14:28:11.628 I/audio_hw_hal_alsamgr( 499): alsa format =0x1 delay frames =768 total frames=10186240
05-27 14:28:14.587 I/WifiHAL ( 519): call wifi_get_link_stats handler
05-27 14:28:14.587 I/WifiHAL ( 519): Creating message to get link statistics; iface = 19
05-27 14:28:14.587 D/WifiHAL ( 519): error code -95 mapped to -3
05-27 14:28:14.587 E/WifiStaIfaceAidlImpl( 704): getLinkLayerStats failed with service-specific exception: android.os.ServiceSpecificException: (code 4)
05-27 14:28:17.025 D/UtilLog ( 2509): 日志批量上报 进行正常循环 !!!!!!本次有0次请求,共0条数据
05-27 14:28:17.594 I/WifiHAL ( 519): call wifi_get_link_stats handler
05-27 14:28:17.595 I/WifiHAL ( 519): Creating message to get link statistics; iface = 19
05-27 14:28:17.595 D/WifiHAL ( 519): error code -95 mapped to -3
05-27 14:28:17.595 E/WifiStaIfaceAidlImpl( 704): getLinkLayerStats failed with service-specific exception: android.os.ServiceSpecificException: (code 4)
05-27 14:28:20.600 I/WifiHAL ( 519): call wifi_get_link_stats handler
05-27 14:28:20.600 I/WifiHAL ( 519): Creating message to get link statistics; iface = 19
05-27 14:28:20.601 D/WifiHAL ( 519): error code -95 mapped to -3
05-27 14:28:20.601 E/WifiStaIfaceAidlImpl( 704): getLinkLayerStats failed with service-specific exception: android.os.ServiceSpecificException: (code 4)
05-27 14:28:20.696 D/uninstall( 3076): isAllowStart last_delay 0, current_time 1748327300
05-27 14:28:20.696 I/uninstall( 3076): enable_service com.ktcp.video/com.tencent.qqlivetv.keeplive.proc.DaemonService com.ktcp.video/(null)
05-27 14:28:20.697 D/uninstall( 3076): enable_service waitpid
05-27 14:28:20.697 D/uninstall( 4572): enable_service pid == 0
05-27 14:28:20.697 D/uninstall( 4572): enable_service version >= 17 || version == 0 version == 34
05-27 14:28:20.748 I/uninstall( 3076): watchdaemon process_name = com.ktcp.video:daemon has gone, start it
05-27 14:28:20.749 D/uninstall( 3076): watchdaemon waitpid
05-27 14:28:20.749 D/uninstall( 4576): watchdaemon pid == 0
05-27 14:28:20.749 D/uninstall( 4576): watchdaemon version >= 17 || version == 0 version == 34
05-27 14:28:23.607 I/WifiHAL ( 519): call wifi_get_link_stats handler
05-27 14:28:23.607 I/WifiHAL ( 519): Creating message to get link statistics; iface = 19
05-27 14:28:23.607 D/WifiHAL ( 519): error code -95 mapped to -3
05-27 14:28:23.608 E/WifiStaIfaceAidlImpl( 704): getLinkLayerStats failed with service-specific exception: android.os.ServiceSpecificException: (code 4)
05-27 14:28:26.612 I/WifiHAL ( 519): call wifi_get_link_stats handler
05-27 14:28:26.612 I/WifiHAL ( 519): Creating message to get link statistics; iface = 19
05-27 14:28:26.612 D/WifiHAL ( 519): error code -95 mapped to -3
05-27 14:28:26.613 E/WifiStaIfaceAidlImpl( 704): getLinkLayerStats failed with service-specific exception: android.os.ServiceSpecificException: (code 4)
05-27 14:28:27.024 D/UtilLog ( 2509): 日志批量上报 进行正常循环 !!!!!!本次有0次请求,共0条数据
05-27 14:28:29.618 I/WifiHAL ( 519): call wifi_get_link_stats handler
05-27 14:28:29.618 I/WifiHAL ( 519): Creating message to get link statistics; iface = 19
05-27 14:28:29.618 D/WifiHAL ( 519): error code -95 mapped to -3
05-27 14:28:29.619 E/WifiStaIfaceAidlImpl( 704): getLinkLayerStats failed with service-specific exception: android.os.ServiceSpecificException: (code 4)
05-27 14:28:30.825 D/uninstall( 3076): isAllowStart last_delay 0, current_time 1748327310
05-27 14:28:30.825 I/uninstall( 3076): enable_service com.ktcp.video/com.tencent.qqlivetv.keeplive.proc.DaemonService com.ktcp.video/(null)
05-27 14:28:30.826 D/uninstall( 3076): enable_service waitpid
05-27 14:28:30.826 D/uninstall( 4593): enable_service pid == 0
05-27 14:28:30.826 D/uninstall( 4593): enable_service version >= 17 || version == 0 version == 34
05-27 14:28:30.874 I/uninstall( 3076): watchdaemon process_name = com.ktcp.video:daemon has gone, start it
05-27 14:28:30.875 D/uninstall( 3076): watchdaemon waitpid
05-27 14:28:30.875 D/uninstall( 4597): watchdaemon pid == 0
05-27 14:28:30.875 D/uninstall( 4597): watchdaemon version >= 17 || version == 0 version == 34
05-27 14:28:32.460 I/audio_hw_hal_alsamgr( 499): alsa format =0x9000000 delay frames =1664 total frames=10752000
05-27 14:28:32.622 I/WifiHAL ( 519): call wifi_get_link_stats handler
05-27 14:28:32.622 I/WifiHAL ( 519): Creating message to get link statistics; iface = 19
05-27 14:28:32.623 D/WifiHAL ( 519): error code -95 mapped to -3
05-27 14:28:32.623 E/WifiStaIfaceAidlImpl( 704): getLinkLayerStats failed with service-specific exception: android.os.ServiceSpecificException: (code 4)
05-27 14:28:34.652 D/OomAdjuster( 704): Not killing cached processes
05-27 14:28:35.629 I/WifiHAL ( 519): call wifi_get_link_stats handler
05-27 14:28:35.629 I/WifiHAL ( 519): Creating message to get link statistics; iface = 19
05-27 14:28:35.629 D/WifiHAL ( 519): error code -95 mapped to -3
05-27 14:28:35.630 E/WifiStaIfaceAidlImpl( 704): getLinkLayerStats failed with service-specific exception: android.os.ServiceSpecificException: (code 4)
05-27 14:28:37.025 D/UtilLog ( 2509): 日志批量上报 进行正常循环 !!!!!!本次有0次请求,共0条数据
05-27 14:28:38.634 I/WifiHAL ( 519): call wifi_get_link_stats handler
05-27 14:28:38.634 I/WifiHAL ( 519): Creating message to get link statistics; iface = 19
05-27 14:28:38.635 D/WifiHAL ( 519): error code -95 mapped to -3
05-27 14:28:38.635 E/WifiStaIfaceAidlImpl( 704): getLinkLayerStats failed with service-specific exception: android.os.ServiceSpecificException: (code 4)
05-27 14:28:40.973 D/uninstall( 3076): isAllowStart last_delay 0, current_time 1748327320
05-27 14:28:40.973 I/uninstall( 3076): enable_service com.ktcp.video/com.tencent.qqlivetv.keeplive.proc.DaemonService com.ktcp.video/(null)
05-27 14:28:40.974 D/uninstall( 3076): enable_service waitpid
05-27 14:28:40.974 D/uninstall( 4615): enable_service pid == 0
05-27 14:28:40.974 D/uninstall( 4615): enable_service version >= 17 || version == 0 version == 34
05-27 14:28:41.022 I/uninstall( 3076): watchdaemon process_name = com.ktcp.video:daemon has gone, start it
05-27 14:28:41.023 D/uninstall( 3076): watchdaemon waitpid
05-27 14:28:41.023 D/uninstall( 4619): watchdaemon pid == 0
05-27 14:28:41.023 D/uninstall( 4619): watchdaemon version >= 17 || version == 0 version == 34
05-27 14:28:41.641 I/WifiHAL ( 519): call wifi_get_link_stats handler
05-27 14:28:41.641 I/WifiHAL ( 519): Creating message to get link statistics; iface = 19
05-27 14:28:41.642 D/WifiHAL ( 519): error code -95 mapped to -3
05-27 14:28:41.642 E/WifiStaIfaceAidlImpl( 704): getLinkLayerStats failed with service-specific exception: android.os.ServiceSpecificException: (code 4)
05-27 14:28:43.630 I/audio_hw_hal_alsamgr( 499): alsa format =0x1 delay frames =640 total frames=11722240
05-27 14:28:44.649 I/WifiHAL ( 519): call wifi_get_link_stats handler
05-27 14:28:44.649 I/WifiHAL ( 519): Creating message to get link statistics; iface = 19
05-27 14:28:44.649 D/WifiHAL ( 519): error code -95 mapped to -3
05-27 14:28:44.649 E/WifiStaIfaceAidlImpl( 704): getLinkLayerStats failed with service-specific exception: android.os.ServiceSpecificException: (code 4)
05-27 14:28:47.024 D/UtilLog ( 2509): 日志批量上报 进行正常循环 !!!!!!本次有0次请求,共0条数据
05-27 14:28:47.655 I/WifiHAL ( 519): call wifi_get_link_stats handler
05-27 14:28:47.655 I/WifiHAL ( 519): Creating message to get link statistics; iface = 19
05-27 14:28:47.655 D/WifiHAL ( 519): error code -95 mapped to -3
05-27 14:28:47.656 E/WifiStaIfaceAidlImpl( 704): getLinkLayerStats failed with service-specific exception: android.os.ServiceSpecificException: (code 4)
05-27 14:28:50.662 I/WifiHAL ( 519): call wifi_get_link_stats handler
05-27 14:28:50.662 I/WifiHAL ( 519): Creating message to get link statistics; iface = 19
05-27 14:28:50.662 D/WifiHAL ( 519): error code -95 mapped to -3
05-27 14:28:50.663 E/WifiStaIfaceAidlImpl( 704): getLinkLayerStats failed with service-specific exception: android.os.ServiceSpecificException: (code 4)
05-27 14:28:50.889 D/OomAdjuster( 704): Not killing cached processes
05-27 14:28:50.892 D/bbb ( 1639): onStartCommand begin !!!!!!! data分区剩余 52597MB
05-27 14:28:51.116 D/uninstall( 3076): isAllowStart last_delay 0, current_time 1748327331
05-27 14:28:51.116 I/uninstall( 3076): enable_service com.ktcp.video/com.tencent.qqlivetv.keeplive.proc.DaemonService com.ktcp.video/(null)
05-27 14:28:51.117 D/uninstall( 3076): enable_service waitpid
05-27 14:28:51.117 D/uninstall( 4636): enable_service pid == 0
05-27 14:28:51.117 D/uninstall( 4636): enable_service version >= 17 || version == 0 version == 34
05-27 14:28:51.155 I/uninstall( 3076): watchdaemon process_name = com.ktcp.video:daemon has gone, start it
05-27 14:28:51.156 D/uninstall( 3076): watchdaemon waitpid
05-27 14:28:51.156 D/uninstall( 4640): watchdaemon pid == 0
05-27 14:28:51.157 D/uninstall( 4640): watchdaemon version >= 17 || version == 0 version == 34
05-27 14:28:52.100 I/TDLog ( 2509): [APP] New data found, Submitting...
05-27 14:28:52.104 D/TrafficStats( 2509): tagSocket(109) with statsTag=0xffffffff, statsUid=-1
05-27 14:28:52.109 I/TDLog ( 2509): [APP] Failed to submit data!
05-27 14:28:53.668 I/WifiHAL ( 519): call wifi_get_link_stats handler
05-27 14:28:53.668 I/WifiHAL ( 519): Creating message to get link statistics; iface = 19
05-27 14:28:53.668 D/WifiHAL ( 519): error code -95 mapped to -3
05-27 14:28:53.669 E/WifiStaIfaceAidlImpl( 704): getLinkLayerStats failed with service-specific exception: android.os.ServiceSpecificException: (code 4)
05-27 14:28:53.702 V/HotPlugDetectionAction( 704): Poll all devices.
05-27 14:28:53.759 D/hdmicecd( 512): [CEC]:printCecMessage, [4 -> 0] len: 0, body:, result:success
05-27 14:28:53.815 D/hdmicecd( 512): [CEC]:printCecMessage, [4 -> 1] len: 0, body:, result:no ack
05-27 14:28:53.871 D/hdmicecd( 512): [CEC]:printCecMessage, [4 -> 3] len: 0, body:, result:no ack
05-27 14:28:53.927 D/hdmicecd( 512): [CEC]:printCecMessage, [4 -> 5] len: 0, body:, result:no ack
05-27 14:28:53.987 D/hdmicecd( 512): [CEC]:printCecMessage, [4 -> 8] len: 0, body:, result:no ack
05-27 14:28:54.043 D/hdmicecd( 512): [CEC]:printCecMessage, [4 -> b] len: 0, body:, result:no ack
05-27 14:28:54.103 D/hdmicecd( 512): [CEC]:printCecMessage, [4 -> e] len: 0, body:, result:no ack
05-27 14:28:54.103 D/HdmiCecController( 704): [P]:AllocatedAddress=[0]
05-27 14:28:56.674 I/WifiHAL ( 519): call wifi_get_link_stats handler
05-27 14:28:56.674 I/WifiHAL ( 519): Creating message to get link statistics; iface = 19
05-27 14:28:56.675 D/WifiHAL ( 519): error code -95 mapped to -3
05-27 14:28:56.675 E/WifiStaIfaceAidlImpl( 704): getLinkLayerStats failed with service-specific exception: android.os.ServiceSpecificException: (code 4)
05-27 14:28:57.025 D/UtilLog ( 2509): 日志批量上报 进行正常循环 !!!!!!本次有0次请求,共0条数据
05-27 14:28:59.679 I/WifiHAL ( 519): call wifi_get_link_stats handler
05-27 14:28:59.679 I/WifiHAL ( 519): Creating message to get link statistics; iface = 19
05-27 14:28:59.679 D/WifiHAL ( 519): error code -95 mapped to -3
05-27 14:28:59.680 E/WifiStaIfaceAidlImpl( 704): getLinkLayerStats failed with service-specific exception: android.os.ServiceSpecificException: (code 4)
05-27 14:29:01.248 D/uninstall( 3076): isAllowStart last_delay 0, current_time 1748327341
05-27 14:29:01.248 I/uninstall( 3076): enable_service com.ktcp.video/com.tencent.qqlivetv.keeplive.proc.DaemonService com.ktcp.video/(null)
05-27 14:29:01.249 D/uninstall( 3076): enable_service waitpid
05-27 14:29:01.249 D/uninstall( 4660): enable_service pid == 0
05-27 14:29:01.250 D/uninstall( 4660): enable_service version >= 17 || version == 0 version == 34
05-27 14:29:01.296 I/uninstall( 3076): watchdaemon process_name = com.ktcp.video:daemon has gone, start it
05-27 14:29:01.297 D/uninstall( 3076): watchdaemon waitpid
05-27 14:29:01.297 D/uninstall( 4664): watchdaemon pid == 0
05-27 14:29:01.297 D/uninstall( 4664): watchdaemon version >= 17 || version == 0 version == 34
05-27 14:29:01.952 D/hdmicecd( 512): [CEC]:printCecMsgBuf, msg: 04 8f
05-27 14:29:01.953 D/HDMI ( 704): [R]: 04:8F
05-27 14:29:01.955 D/HDMI ( 704): [S]: 40:90:00
05-27 14:29:02.060 D/hdmicecd( 512): [CEC]:printCecMessage, [4 -> 0] len: 2, body: 90 00, result:success
05-27 14:29:02.060 E/IPCThreadState( 512): binder thread pool (1 threads) starved for 105 ms
05-27 14:29:02.684 I/WifiHAL ( 519): call wifi_get_link_stats handler
05-27 14:29:02.684 I/WifiHAL ( 519): Creating message to get link statistics; iface = 19
05-27 14:29:02.684 D/WifiHAL ( 519): error code -95 mapped to -3
05-27 14:29:02.685 E/WifiStaIfaceAidlImpl( 704): getLinkLayerStats failed with service-specific exception: android.os.ServiceSpecificException: (code 4)
05-27 14:29:03.350 I/com.ktcp.video( 2561): Background concurrent copying GC freed 178990(6207KB) AllocSpace objects, 0(0B) LOS objects, 49% free, 6138KB/11MB, paused 133us,64us total 143.751ms
05-27 14:29:04.460 I/audio_hw_hal_alsamgr( 499): alsa format =0x9000000 delay frames =1664 total frames=12288000
05-27 14:29:04.755 D/OomAdjuster( 704): Not killing cached processes
05-27 14:29:05.692 I/WifiHAL ( 519): call wifi_get_link_stats handler
05-27 14:29:05.692 I/WifiHAL ( 519): Creating message to get link statistics; iface = 19
05-27 14:29:05.692 D/WifiHAL ( 519): error code -95 mapped to -3
05-27 14:29:05.692 E/WifiStaIfaceAidlImpl( 704): getLinkLayerStats failed with service-specific exception: android.os.ServiceSpecificException: (code 4)
05-27 14:29:07.025 D/UtilLog ( 2509): 日志批量上报 进行正常循环 !!!!!!本次有0次请求,共0条数据
05-27 14:29:08.097 W/XLOGReport( 2561): OtherSize: 30723, MainSize: 13
05-27 14:29:08.696 I/WifiHAL ( 519): call wifi_get_link_stats handler
05-27 14:29:08.696 I/WifiHAL ( 519): Creating message to get link statistics; iface = 19
05-27 14:29:08.697 D/WifiHAL ( 519): error code -95 mapped to -3
05-27 14:29:08.697 E/WifiStaIfaceAidlImpl( 704): getLinkLayerStats failed with service-specific exception: android.os.ServiceSpecificException: (code 4)
05-27 14:29:11.386 D/uninstall( 3076): isAllowStart last_delay 0, current_time 1748327351
