05-27 14:32:33.119 E/WifiStaIfaceAidlImpl( 704): getLinkLayerStats failed with service-specific exception: android.os.ServiceSpecificException: (code 4)
05-27 14:32:33.168 D/nStackXCoAP( 4131): IsInSameNetwork:[276] :IsInSameNetwork exec
05-27 14:32:33.168 I/nStackXDFinder( 4131): GetLocalInterfaceDetail:[461] :GetLocalInterfaceDetail in
05-27 14:32:33.168 E/nStackXCoAP( 4131): IsInSameNetwork:[281] :IsInSameNetwork: not priority process
05-27 14:32:33.168 D/nStackXCoAP( 4131): ParseServiceDiscover:[330] :new device join
05-27 14:32:33.168 E/nStackXDFinder( 4131): GetLocalIp:[401] :GetLocalIp exec
05-27 14:32:33.176 D/nStackXCoAP( 4131): CoapMessageHandler:[133] :2.01
05-27 14:32:33.907 D/nStackXCoAP( 4131): IsInSameNetwork:[276] :IsInSameNetwork exec
05-27 14:32:33.907 I/nStackXDFinder( 4131): GetLocalInterfaceDetail:[461] :GetLocalInterfaceDetail in
05-27 14:32:33.907 E/nStackXCoAP( 4131): IsInSameNetwork:[281] :IsInSameNetwork: not priority process
05-27 14:32:33.907 D/nStackXCoAP( 4131): ParseServiceDiscover:[330] :new device join
05-27 14:32:33.907 E/nStackXDFinder( 4131): GetLocalIp:[401] :GetLocalIp exec
05-27 14:32:33.921 D/nStackXCoAP( 4131): IsInSameNetwork:[276] :IsInSameNetwork exec
05-27 14:32:33.921 I/nStackXDFinder( 4131): GetLocalInterfaceDetail:[461] :GetLocalInterfaceDetail in
05-27 14:32:33.921 E/nStackXCoAP( 4131): IsInSameNetwork:[281] :IsInSameNetwork: not priority process
05-27 14:32:33.921 D/nStackXCoAP( 4131): ParseServiceDiscover:[330] :new device join
05-27 14:32:33.921 E/nStackXDFinder( 4131): GetLocalIp:[401] :GetLocalIp exec
05-27 14:32:33.956 D/nStackXCoAP( 4131): CoapMessageHandler:[133] :2.01
05-27 14:32:33.959 D/nStackXCoAP( 4131): CoapMessageHandler:[133] :2.01
05-27 14:32:34.017 D/uninstall( 3076): isAllowStart last_delay 0, current_time 1748327554
05-27 14:32:34.018 I/uninstall( 3076): enable_service com.ktcp.video/com.tencent.qqlivetv.keeplive.proc.DaemonService com.ktcp.video/(null)
05-27 14:32:34.019 D/uninstall( 3076): enable_service waitpid
05-27 14:32:34.019 D/uninstall( 5125): enable_service pid == 0
05-27 14:32:34.019 D/uninstall( 5125): enable_service version >= 17 || version == 0 version == 34
05-27 14:32:34.060 I/uninstall( 3076): watchdaemon process_name = com.ktcp.video:daemon has gone, start it
05-27 14:32:34.061 D/uninstall( 3076): watchdaemon waitpid
05-27 14:32:34.061 D/uninstall( 5129): watchdaemon pid == 0
05-27 14:32:34.062 D/uninstall( 5129): watchdaemon version >= 17 || version == 0 version == 34
05-27 14:32:34.585 D/nStackXCoAP( 4131): IsInSameNetwork:[276] :IsInSameNetwork exec
05-27 14:32:34.585 I/nStackXDFinder( 4131): GetLocalInterfaceDetail:[461] :GetLocalInterfaceDetail in
05-27 14:32:34.585 E/nStackXCoAP( 4131): IsInSameNetwork:[281] :IsInSameNetwork: not priority process
05-27 14:32:34.585 D/nStackXCoAP( 4131): ParseServiceDiscover:[330] :new device join
05-27 14:32:34.585 E/nStackXDFinder( 4131): GetLocalIp:[401] :GetLocalIp exec
05-27 14:32:34.600 D/nStackXCoAP( 4131): CoapMessageHandler:[133] :2.01
05-27 14:32:35.034 D/nStackXCoAP( 4131): IsInSameNetwork:[276] :IsInSameNetwork exec
05-27 14:32:35.034 I/nStackXDFinder( 4131): GetLocalInterfaceDetail:[461] :GetLocalInterfaceDetail in
05-27 14:32:35.034 E/nStackXCoAP( 4131): IsInSameNetwork:[281] :IsInSameNetwork: not priority process
05-27 14:32:35.034 D/nStackXCoAP( 4131): ParseServiceDiscover:[330] :new device join
05-27 14:32:35.034 E/nStackXDFinder( 4131): GetLocalIp:[401] :GetLocalIp exec
05-27 14:32:35.429 D/OomAdjuster( 704): Not killing cached processes
05-27 14:32:35.511 D/nStackXCoAP( 4131): IsInSameNetwork:[276] :IsInSameNetwork exec
05-27 14:32:35.511 I/nStackXDFinder( 4131): GetLocalInterfaceDetail:[461] :GetLocalInterfaceDetail in
05-27 14:32:35.511 E/nStackXCoAP( 4131): IsInSameNetwork:[281] :IsInSameNetwork: not priority process
05-27 14:32:35.511 D/nStackXCoAP( 4131): ParseServiceDiscover:[330] :new device join
05-27 14:32:35.511 E/nStackXDFinder( 4131): GetLocalIp:[401] :GetLocalIp exec
05-27 14:32:36.126 I/WifiHAL ( 519): call wifi_get_link_stats handler
05-27 14:32:36.126 I/WifiHAL ( 519): Creating message to get link statistics; iface = 19
05-27 14:32:36.126 D/WifiHAL ( 519): error code -95 mapped to -3
05-27 14:32:36.127 E/WifiStaIfaceAidlImpl( 704): getLinkLayerStats failed with service-specific exception: android.os.ServiceSpecificException: (code 4)
05-27 14:32:36.441 D/nStackXCoAP( 4131): IsInSameNetwork:[276] :IsInSameNetwork exec
05-27 14:32:36.441 I/nStackXDFinder( 4131): GetLocalInterfaceDetail:[461] :GetLocalInterfaceDetail in
05-27 14:32:36.441 E/nStackXCoAP( 4131): IsInSameNetwork:[281] :IsInSameNetwork: not priority process
05-27 14:32:36.441 D/nStackXCoAP( 4131): ParseServiceDiscover:[330] :new device join
05-27 14:32:36.441 E/nStackXDFinder( 4131): GetLocalIp:[401] :GetLocalIp exec
05-27 14:32:37.025 D/UtilLog ( 2509): 日志批量上报 进行正常循环 !!!!!!本次有0次请求,共0条数据
05-27 14:32:39.133 I/WifiHAL ( 519): call wifi_get_link_stats handler
05-27 14:32:39.133 I/WifiHAL ( 519): Creating message to get link statistics; iface = 19
05-27 14:32:39.133 D/WifiHAL ( 519): error code -95 mapped to -3
05-27 14:32:39.134 E/WifiStaIfaceAidlImpl( 704): getLinkLayerStats failed with service-specific exception: android.os.ServiceSpecificException: (code 4)
05-27 14:32:42.138 I/WifiHAL ( 519): call wifi_get_link_stats handler
05-27 14:32:42.138 I/WifiHAL ( 519): Creating message to get link statistics; iface = 19
05-27 14:32:42.139 D/WifiHAL ( 519): error code -95 mapped to -3
05-27 14:32:42.139 E/WifiStaIfaceAidlImpl( 704): getLinkLayerStats failed with service-specific exception: android.os.ServiceSpecificException: (code 4)
05-27 14:32:44.140 D/uninstall( 3076): isAllowStart last_delay 0, current_time 1748327564
05-27 14:32:44.140 I/uninstall( 3076): enable_service com.ktcp.video/com.tencent.qqlivetv.keeplive.proc.DaemonService com.ktcp.video/(null)
05-27 14:32:44.141 D/uninstall( 3076): enable_service waitpid
05-27 14:32:44.141 D/uninstall( 5147): enable_service pid == 0
05-27 14:32:44.141 D/uninstall( 5147): enable_service version >= 17 || version == 0 version == 34
05-27 14:32:44.190 I/uninstall( 3076): watchdaemon process_name = com.ktcp.video:daemon has gone, start it
05-27 14:32:44.191 D/uninstall( 5151): watchdaemon pid == 0
05-27 14:32:44.191 D/uninstall( 3076): watchdaemon waitpid
05-27 14:32:44.192 D/uninstall( 5151): watchdaemon version >= 17 || version == 0 version == 34
05-27 14:32:45.146 I/WifiHAL ( 519): call wifi_get_link_stats handler
05-27 14:32:45.146 I/WifiHAL ( 519): Creating message to get link statistics; iface = 19
05-27 14:32:45.146 D/WifiHAL ( 519): error code -95 mapped to -3
05-27 14:32:45.146 E/WifiStaIfaceAidlImpl( 704): getLinkLayerStats failed with service-specific exception: android.os.ServiceSpecificException: (code 4)
05-27 14:32:47.025 D/UtilLog ( 2509): 日志批量上报 进行正常循环 !!!!!!本次有0次请求,共0条数据
05-27 14:32:48.153 I/WifiHAL ( 519): call wifi_get_link_stats handler
05-27 14:32:48.153 I/WifiHAL ( 519): Creating message to get link statistics; iface = 19
05-27 14:32:48.154 D/WifiHAL ( 519): error code -95 mapped to -3
05-27 14:32:48.154 E/WifiStaIfaceAidlImpl( 704): getLinkLayerStats failed with service-specific exception: android.os.ServiceSpecificException: (code 4)
05-27 14:32:48.301 I/com.ktcp.video( 2561): Background concurrent copying GC freed 155424(5679KB) AllocSpace objects, 0(0B) LOS objects, 49% free, 5802KB/11MB, paused 151us,65us total 144.855ms
05-27 14:32:48.460 I/audio_hw_hal_alsamgr( 499): alsa format =0x9000000 delay frames =1664 total frames=23040000
05-27 14:32:50.038 I/TDLog ( 2509): [APP] New data found, Submitting...
05-27 14:32:50.046 D/TrafficStats( 2509): tagSocket(88) with statsTag=0xffffffff, statsUid=-1
05-27 14:32:50.051 I/TDLog ( 2509): [APP] Failed to submit data!
05-27 14:32:50.909 D/OomAdjuster( 704): Not killing cached processes
05-27 14:32:50.913 D/bbb ( 1639): onStartCommand begin !!!!!!! data分区剩余 52595MB
05-27 14:32:51.162 I/WifiHAL ( 519): call wifi_get_link_stats handler
05-27 14:32:51.162 I/WifiHAL ( 519): Creating message to get link statistics; iface = 19
05-27 14:32:51.162 D/WifiHAL ( 519): error code -95 mapped to -3
05-27 14:32:51.163 E/WifiStaIfaceAidlImpl( 704): getLinkLayerStats failed with service-specific exception: android.os.ServiceSpecificException: (code 4)
05-27 14:32:53.710 V/HotPlugDetectionAction( 704): Poll all devices.
05-27 14:32:53.767 D/hdmicecd( 512): [CEC]:printCecMessage, [4 -> 0] len: 0, body:, result:success
05-27 14:32:53.823 D/hdmicecd( 512): [CEC]:printCecMessage, [4 -> 1] len: 0, body:, result:no ack
05-27 14:32:53.883 D/hdmicecd( 512): [CEC]:printCecMessage, [4 -> 3] len: 0, body:, result:no ack
05-27 14:32:53.943 D/hdmicecd( 512): [CEC]:printCecMessage, [4 -> 5] len: 0, body:, result:no ack
05-27 14:32:53.999 D/hdmicecd( 512): [CEC]:printCecMessage, [4 -> 8] len: 0, body:, result:no ack
05-27 14:32:54.055 D/hdmicecd( 512): [CEC]:printCecMessage, [4 -> b] len: 0, body:, result:no ack
05-27 14:32:54.111 D/hdmicecd( 512): [CEC]:printCecMessage, [4 -> e] len: 0, body:, result:no ack
05-27 14:32:54.111 D/HdmiCecController( 704): [P]:AllocatedAddress=[0]
05-27 14:32:54.166 I/WifiHAL ( 519): call wifi_get_link_stats handler
05-27 14:32:54.166 I/WifiHAL ( 519): Creating message to get link statistics; iface = 19
05-27 14:32:54.166 D/WifiHAL ( 519): error code -95 mapped to -3
05-27 14:32:54.167 E/WifiStaIfaceAidlImpl( 704): getLinkLayerStats failed with service-specific exception: android.os.ServiceSpecificException: (code 4)
05-27 14:32:54.294 D/uninstall( 3076): isAllowStart last_delay 0, current_time 1748327574
05-27 14:32:54.294 I/uninstall( 3076): enable_service com.ktcp.video/com.tencent.qqlivetv.keeplive.proc.DaemonService com.ktcp.video/(null)
05-27 14:32:54.295 D/uninstall( 3076): enable_service waitpid
05-27 14:32:54.295 D/uninstall( 5170): enable_service pid == 0
05-27 14:32:54.295 D/uninstall( 5170): enable_service version >= 17 || version == 0 version == 34
05-27 14:32:54.341 I/uninstall( 3076): watchdaemon process_name = com.ktcp.video:daemon has gone, start it
05-27 14:32:54.342 D/uninstall( 3076): watchdaemon waitpid
05-27 14:32:54.342 D/uninstall( 5174): watchdaemon pid == 0
05-27 14:32:54.342 D/uninstall( 5174): watchdaemon version >= 17 || version == 0 version == 34
05-27 14:32:57.024 D/UtilLog ( 2509): 日志批量上报 进行正常循环 !!!!!!本次有0次请求,共0条数据
05-27 14:32:57.172 I/WifiHAL ( 519): call wifi_get_link_stats handler
05-27 14:32:57.172 I/WifiHAL ( 519): Creating message to get link statistics; iface = 19
05-27 14:32:57.173 D/WifiHAL ( 519): error code -95 mapped to -3
05-27 14:32:57.173 E/WifiStaIfaceAidlImpl( 704): getLinkLayerStats failed with service-specific exception: android.os.ServiceSpecificException: (code 4)
05-27 14:32:59.628 I/audio_hw_hal_alsamgr( 499): alsa format =0x1 delay frames =768 total frames=24010240
05-27 14:33:00.178 I/WifiHAL ( 519): call wifi_get_link_stats handler
05-27 14:33:00.178 I/WifiHAL ( 519): Creating message to get link statistics; iface = 19
05-27 14:33:00.179 D/WifiHAL ( 519): error code -95 mapped to -3
05-27 14:33:00.179 E/WifiStaIfaceAidlImpl( 704): getLinkLayerStats failed with service-specific exception: android.os.ServiceSpecificException: (code 4)
05-27 14:33:01.122 D/TrafficStats( 1519): tagSocket(107) with statsTag=0xffffffff, statsUid=-1
05-27 14:33:01.289 E/hq ( 1519): ErrorCoroutineExceptionHandler:::runTry error:java.lang.IllegalArgumentException: Expected receiver of type com.dangbei.leradbase.base_data.entity.RouterInfo, but got com.dangbei.leradbase.base_data.entity.JumpParam from=
05-27 14:33:01.961 D/hdmicecd( 512): [CEC]:printCecMsgBuf, msg: 04 8f
05-27 14:33:01.962 D/HDMI ( 704): [R]: 04:8F
05-27 14:33:01.963 D/HDMI ( 704): [S]: 40:90:00
05-27 14:33:02.068 D/hdmicecd( 512): [CEC]:printCecMessage, [4 -> 0] len: 2, body: 90 00, result:success
05-27 14:33:02.069 E/IPCThreadState( 512): binder thread pool (1 threads) starved for 106 ms
05-27 14:33:03.183 I/WifiHAL ( 519): call wifi_get_link_stats handler
05-27 14:33:03.184 I/WifiHAL ( 519): Creating message to get link statistics; iface = 19
05-27 14:33:03.184 D/WifiHAL ( 519): error code -95 mapped to -3
05-27 14:33:03.184 E/WifiStaIfaceAidlImpl( 704): getLinkLayerStats failed with service-specific exception: android.os.ServiceSpecificException: (code 4)
05-27 14:33:04.393 D/uninstall( 3076): isAllowStart last_delay 0, current_time 1748327584
05-27 14:33:04.393 I/uninstall( 3076): enable_service com.ktcp.video/com.tencent.qqlivetv.keeplive.proc.DaemonService com.ktcp.video/(null)
05-27 14:33:04.395 D/uninstall( 3076): enable_service waitpid
05-27 14:33:04.395 D/uninstall( 5196): enable_service pid == 0
05-27 14:33:04.395 D/uninstall( 5196): enable_service version >= 17 || version == 0 version == 34
05-27 14:33:04.437 I/uninstall( 3076): watchdaemon process_name = com.ktcp.video:daemon has gone, start it
05-27 14:33:04.437 D/uninstall( 5200): watchdaemon pid == 0
05-27 14:33:04.437 D/uninstall( 3076): watchdaemon waitpid
05-27 14:33:04.438 D/uninstall( 5200): watchdaemon version >= 17 || version == 0 version == 34
05-27 14:33:05.519 D/OomAdjuster( 704): Not killing cached processes
05-27 14:33:06.189 I/WifiHAL ( 519): call wifi_get_link_stats handler
05-27 14:33:06.189 I/WifiHAL ( 519): Creating message to get link statistics; iface = 19
05-27 14:33:06.189 D/WifiHAL ( 519): error code -95 mapped to -3
05-27 14:33:06.190 E/WifiStaIfaceAidlImpl( 704): getLinkLayerStats failed with service-specific exception: android.os.ServiceSpecificException: (code 4)
05-27 14:33:07.025 D/UtilLog ( 2509): 日志批量上报 进行正常循环 !!!!!!本次有0次请求,共0条数据
05-27 14:33:09.194 I/WifiHAL ( 519): call wifi_get_link_stats handler
05-27 14:33:09.194 I/WifiHAL ( 519): Creating message to get link statistics; iface = 19
05-27 14:33:09.195 D/WifiHAL ( 519): error code -95 mapped to -3
05-27 14:33:09.195 E/WifiStaIfaceAidlImpl( 704): getLinkLayerStats failed with service-specific exception: android.os.ServiceSpecificException: (code 4)
05-27 14:33:12.200 I/WifiHAL ( 519): call wifi_get_link_stats handler
05-27 14:33:12.200 I/WifiHAL ( 519): Creating message to get link statistics; iface = 19
05-27 14:33:12.200 D/WifiHAL ( 519): error code -95 mapped to -3
05-27 14:33:12.201 E/WifiStaIfaceAidlImpl( 704): getLinkLayerStats failed with service-specific exception: android.os.ServiceSpecificException: (code 4)
05-27 14:33:14.503 D/uninstall( 3076): isAllowStart last_delay 0, current_time 1748327594
05-27 14:33:14.504 I/uninstall( 3076): enable_service com.ktcp.video/com.tencent.qqlivetv.keeplive.proc.DaemonService com.ktcp.video/(null)
05-27 14:33:14.505 D/uninstall( 3076): enable_service waitpid
05-27 14:33:14.505 D/uninstall( 5219): enable_service pid == 0
05-27 14:33:14.505 D/uninstall( 5219): enable_service version >= 17 || version == 0 version == 34
05-27 14:33:14.549 I/uninstall( 3076): watchdaemon process_name = com.ktcp.video:daemon has gone, start it
05-27 14:33:14.550 D/uninstall( 3076): watchdaemon waitpid
05-27 14:33:14.550 D/uninstall( 5223): watchdaemon pid == 0
05-27 14:33:14.550 D/uninstall( 5223): watchdaemon version >= 17 || version == 0 version == 34
05-27 14:33:15.208 I/WifiHAL ( 519): call wifi_get_link_stats handler
05-27 14:33:15.208 I/WifiHAL ( 519): Creating message to get link statistics; iface = 19
05-27 14:33:15.208 D/WifiHAL ( 519): error code -95 mapped to -3
05-27 14:33:15.208 E/WifiStaIfaceAidlImpl( 704): getLinkLayerStats failed with service-specific exception: android.os.ServiceSpecificException: (code 4)
05-27 14:33:17.024 D/UtilLog ( 2509): 日志批量上报 进行正常循环 !!!!!!本次有0次请求,共0条数据