06-06 13:42:26.905 664 869 I bt_osi_thread: system/bt/osi/src/thread.cc:209 run_thread: run_thread: thread id 869, thread name alarm_default_ca started
06-06 13:42:26.905 374 815 V C2Store : in ~ComponentModule
06-06 13:42:26.905 374 815 V C2Store : unloading dll
06-06 13:42:26.907 374 374 V C2Store : in ~ComponentModule
06-06 13:42:26.907 374 374 V C2Store : unloading dll
06-06 13:42:26.908 359 469 I Codec2InfoBuilder: adding type 'audio/opus'
01-01 08:00:18.251 859 859 I capability: warning: `wpa_supplicant' uses 32-bit capabilities (legacy support in use)
06-06 13:42:26.909 374 816 V C2Store : in init
06-06 13:42:26.909 374 816 V C2Store : loading dll
06-06 13:42:26.914 374 832 V C2Store : in ~ComponentModule
06-06 13:42:26.915 374 832 V C2Store : unloading dll
06-06 13:42:26.915 859 859 D wpa_supplicant: wpa_supplicant v2.10-devel-12
06-06 13:42:26.916 359 469 I Codec2InfoBuilder: adding type 'audio/raw'
06-06 13:42:26.917 859 859 D wpa_supplicant: Global control interface '@android:wpa_wlan0'
06-06 13:42:26.917 859 859 D wpa_supplicant: Using Android control socket 'wpa_wlan0'
06-06 13:42:26.917 859 859 D wpa_supplicant: Initing hidl control
06-06 13:42:26.917 374 815 V C2Store : in init
06-06 13:42:26.917 870 870 I Zygote : seccomp disabled by setenforce 0
06-06 13:42:26.917 374 815 V C2Store : loading dll
06-06 13:42:26.917 859 859 I wpa_supplicant: Processing hidl events on FD 4
06-06 13:42:26.918 859 859 E cutils-trace: Error opening trace file: No such file or directory (2)
06-06 13:42:26.918 835 835 V GraphicsEnvironment: ANGLE Developer option for 'com.android.tv.settings' set to: 'default'
06-06 13:42:26.918 835 835 V GraphicsEnvironment: Neither updatable production driver nor prerelease driver is supported.
06-06 13:42:26.921 835 835 D NetworkSecurityConfig: No Network Security Config specified, using platform default
06-06 13:42:26.921 359 469 I Codec2InfoBuilder: adding type 'audio/vorbis'
06-06 13:42:26.921 835 835 D NetworkSecurityConfig: No Network Security Config specified, using platform default
06-06 13:42:26.922 374 850 V C2Store : in init
06-06 13:42:26.922 374 850 V C2Store : loading dll
06-06 13:42:26.922 859 859 I HidlServiceManagement: Registered android.hardware.wifi.supplicant@1.4::ISupplicant/default
06-06 13:42:26.922 859 859 I wpa_supplicant: Successfully initialized wpa_supplicant
06-06 13:42:26.923 475 636 I android_os_HwBinder: HwBinder: Starting thread pool for getting: android.hardware.wifi.supplicant@1.0::ISupplicant/default
06-06 13:42:26.923 789 789 D ApplicationLoaders: Returning zygote-cached class loader: /system/framework/android.test.base.jar
06-06 13:42:26.924 664 872 I bt_osi_thread: system/bt/osi/src/thread.cc:209 run_thread: run_thread: thread id 872, thread name alarm_dispatcher started
06-06 13:42:26.926 475 636 I SupplicantStaIfaceHal: Completed initialization of ISupplicant.
06-06 13:42:26.926 374 815 V C2Store : in ~ComponentModule
06-06 13:42:26.927 374 815 V C2Store : unloading dll
06-06 13:42:26.926 664 865 I bt_btif_core: system/bt/btif/src/btif_core.cc:235 btif_init_bluetooth: btif_init_bluetooth entered
06-06 13:42:26.929 374 816 V C2Store : in ~ComponentModule
06-06 13:42:26.929 374 816 V C2Store : unloading dll
06-06 13:42:26.930 814 814 V GraphicsEnvironment: ANGLE Developer option for 'com.android.se' set to: 'default'
06-06 13:42:26.930 814 814 V GraphicsEnvironment: Neither updatable production driver nor prerelease driver is supported.
06-06 13:42:26.932 664 873 I droid.bluetoot: [0606/134226.931750:INFO:message_loop_thread.cc(224)] Run: message loop starting for thread bt_jni_thread
06-06 13:42:26.934 664 865 I bt_btif_core: system/bt/btif/src/btif_core.cc:239 btif_init_bluetooth: btif_init_bluetooth finished
06-06 13:42:26.935 814 814 D NetworkSecurityConfig: No Network Security Config specified, using platform default
06-06 13:42:26.935 664 865 I bt_stack_config: system/bt/main/stack_config.cc:51 init: init attempt to load stack conf from /etc/bluetooth/bt_stack.conf
06-06 13:42:26.935 814 814 D NetworkSecurityConfig: No Network Security Config specified, using platform default
06-06 13:42:26.938 359 469 I Codec2InfoBuilder: adding type 'video/x-vnd.on2.vp8'
06-06 13:42:26.939 475 607 E SupplicantStaIfaceHal: Can't call setupIface, ISupplicantStaIface is null for iface=wlan0
06-06 13:42:26.939 664 865 I bt_stack_manager: system/bt/btif/src/stack_manager.cc:223 event_init_stack: finished
06-06 13:42:26.939 664 664 I bt_osi_wakelock: system/bt/osi/src/wakelock.cc:98 wakelock_set_os_callouts: wakelock_set_os_callouts set to non-native
06-06 13:42:26.939 664 664 I bt_btif : system/bt/btif/src/bluetooth.cc:417 get_profile_interface: get_profile_interface: id = socket
06-06 13:42:26.939 374 832 V C2Store : in init
06-06 13:42:26.939 374 832 V C2Store : loading dll
06-06 13:42:26.941 475 607 I android_os_HwBinder: HwBinder: Starting thread pool for getting: android.hardware.wifi.supplicant@1.0::ISupplicant/default
06-06 13:42:26.942 374 832 I C2SoftVp8Enc: setting temporal layering 0 + 0
06-06 13:42:26.943 664 664 E droid.bluetoot: [0606/134226.943441:ERROR:message_loop_thread.cc(102)] DoInThreadDelayed: message loop is null for thread bt_main_thread(-1), from pc:0xc67d82db
06-06 13:42:26.944 396 407 I adbd : jdwp connection from 870
06-06 13:42:26.944 664 664 E droid.bluetoot: [0606/134226.944678:ERROR:btu_task.cc(94)] do_in_main_thread: failed from pc:0xc67d82db
06-06 13:42:26.944 664 664 E droid.bluetoot: [0606/134226.944849:ERROR:message_loop_thread.cc(102)] DoInThreadDelayed: message loop is null for thread bt_main_thread(-1), from pc:0xc67d82db
06-06 13:42:26.944 664 664 E droid.bluetoot: [0606/134226.944924:ERROR:btu_task.cc(94)] do_in_main_thread: failed from pc:0xc67d82db
06-06 13:42:26.945 664 664 E droid.bluetoot: [0606/134226.944990:ERROR:message_loop_thread.cc(102)] DoInThreadDelayed: message loop is null for thread bt_main_thread(-1), from pc:0xc67d82db
06-06 13:42:26.945 664 664 E droid.bluetoot: [0606/134226.945052:ERROR:btu_task.cc(94)] do_in_main_thread: failed from pc:0xc67d82db
06-06 13:42:26.948 859 859 D wpa_supplicant: Override interface parameter: ctrl_interface ('(null)' -> '/data/vendor/wifi/wpa/sockets')
06-06 13:42:26.948 859 859 D wpa_supplicant: Initializing interface 'wlan0' conf '/data/vendor/wifi/wpa/wpa_supplicant.conf' driver 'nl80211' ctrl_interface '/data/vendor/wifi/wpa/sockets' bridge 'N/A'
06-06 13:42:26.948 859 859 D wpa_supplicant: Configuration file '/data/vendor/wifi/wpa/wpa_supplicant.conf' -> '/data/vendor/wifi/wpa/wpa_supplicant.conf'
06-06 13:42:26.948 859 859 D wpa_supplicant: Reading configuration file '/data/vendor/wifi/wpa/wpa_supplicant.conf'
06-06 13:42:26.948 859 859 D wpa_supplicant: update_config=1
06-06 13:42:26.948 859 859 D wpa_supplicant: eapol_version=1
06-06 13:42:26.948 859 859 D wpa_supplicant: ap_scan=1
06-06 13:42:26.948 859 859 D wpa_supplicant: fast_reauth=1
06-06 13:42:26.948 859 859 D wpa_supplicant: pmf=1
06-06 13:42:26.948 859 859 D wpa_supplicant: p2p_add_cli_chan=1
06-06 13:42:26.948 859 859 D wpa_supplicant: oce=1
06-06 13:42:26.948 859 859 D wpa_supplicant: sae_pwe=2
06-06 13:42:26.948 859 859 D wpa_supplicant: Reading configuration file '/vendor/etc/wifi/wpa_supplicant_overlay.conf'
06-06 13:42:26.950 859 859 D wpa_supplicant: disable_scan_offload=1
06-06 13:42:26.950 859 859 D wpa_supplicant: wowlan_triggers='any'
06-06 13:42:26.950 859 859 D wpa_supplicant: p2p_disabled=0
06-06 13:42:26.950 859 859 D wpa_supplicant: filter_rssi=-75
06-06 13:42:26.950 859 859 D wpa_supplicant: no_ctrl_interface -> ctrl_interface=NULL
06-06 13:42:26.950 374 816 V C2Store : in ~ComponentModule
06-06 13:42:26.950 374 816 V C2Store : unloading dll
06-06 13:42:26.953 374 832 I C2SoftVp8Enc: setting temporal layering 0 + 0
06-06 13:42:26.954 859 859 D wpa_supplicant: nl80211: Supported cipher 00-0f-ac:1
06-06 13:42:26.954 859 859 D wpa_supplicant: nl80211: Supported cipher 00-0f-ac:5
06-06 13:42:26.954 859 859 D wpa_supplicant: nl80211: Supported cipher 00-0f-ac:2
06-06 13:42:26.954 859 859 D wpa_supplicant: nl80211: Supported cipher 00-0f-ac:4
06-06 13:42:26.954 859 859 D wpa_supplicant: nl80211: Supported cipher 00-14-72:1
06-06 13:42:26.954 859 859 D wpa_supplicant: nl80211: Supported cipher 00-0f-ac:6
06-06 13:42:26.954 859 859 D wpa_supplicant: nl80211: Supported cipher 00-0f-ac:255
06-06 13:42:26.954 859 859 D wpa_supplicant: nl80211: Supported vendor command: vendor_id=0x1374 subcmd=9
06-06 13:42:26.955 859 859 D wpa_supplicant: nl80211: Supported vendor command: vendor_id=0x1374 subcmd=12
06-06 13:42:26.955 859 859 D wpa_supplicant: nl80211: Supported vendor command: vendor_id=0x1374 subcmd=14
06-06 13:42:26.955 859 859 D wpa_supplicant: nl80211: Supported vendor command: vendor_id=0x1374 subcmd=15
06-06 13:42:26.955 859 859 D wpa_supplicant: nl80211: Supported vendor command: vendor_id=0x1374 subcmd=16
06-06 13:42:26.955 859 859 D wpa_supplicant: nl80211: Supported vendor command: vendor_id=0x1374 subcmd=20
06-06 13:42:26.955 859 859 D wpa_supplicant: nl80211: Supported vendor command: vendor_id=0x1a11 subcmd=6
06-06 13:42:26.956 859 859 D wpa_supplicant: nl80211: Supported vendor command: vendor_id=0x1374 subcmd=21
06-06 13:42:26.956 859 859 D wpa_supplicant: nl80211: Supported vendor command: vendor_id=0x1374 subcmd=22
06-06 13:42:26.956 859 859 D wpa_supplicant: nl80211: Supported vendor command: vendor_id=0x1374 subcmd=23
06-06 13:42:26.956 859 859 D wpa_supplicant: nl80211: Supported vendor command: vendor_id=0x1374 subcmd=24
06-06 13:42:26.956 859 859 D wpa_supplicant: nl80211: Supported vendor command: vendor_id=0x1374 subcmd=29
06-06 13:42:26.956 859 859 D wpa_supplicant: nl80211: Supported vendor command: vendor_id=0x1374 subcmd=30
06-06 13:42:26.956 859 859 D wpa_supplicant: nl80211: Supported vendor command: vendor_id=0x1374 subcmd=32
06-06 13:42:26.956 859 859 D wpa_supplicant: nl80211: Supported vendor command: vendor_id=0x1374 subcmd=33
06-06 13:42:26.956 859 859 D wpa_supplicant: nl80211: Supported vendor command: vendor_id=0x1374 subcmd=38
06-06 13:42:26.956 859 859 D wpa_supplicant: nl80211: Supported vendor command: vendor_id=0x1374 subcmd=39
06-06 13:42:26.956 859 859 D wpa_supplicant: nl80211: Supported vendor command: vendor_id=0x1374 subcmd=42
06-06 13:42:26.956 859 859 D wpa_supplicant: nl80211: Supported vendor command: vendor_id=0x1374 subcmd=55
06-06 13:42:26.956 859 859 D wpa_supplicant: nl80211: Supported vendor command: vendor_id=0x1374 subcmd=61
06-06 13:42:26.956 859 859 D wpa_supplicant: nl80211: Supported vendor command: vendor_id=0x1374 subcmd=62
06-06 13:42:26.956 859 859 D wpa_supplicant: nl80211: Supported vendor command: vendor_id=0x1374 subcmd=63
06-06 13:42:26.956 859 859 D wpa_supplicant: nl80211: Supported vendor command: vendor_id=0x1374 subcmd=64
06-06 13:42:26.956 859 859 D wpa_supplicant: nl80211: Supported vendor command: vendor_id=0x1374 subcmd=65
06-06 13:42:26.956 859 859 D wpa_supplicant: nl80211: Supported vendor command: vendor_id=0x1374 subcmd=66
06-06 13:42:26.957 859 859 D wpa_supplicant: nl80211: Supported vendor command: vendor_id=0x1374 subcmd=69
06-06 13:42:26.957 859 859 D wpa_supplicant: nl80211: Supported vendor command: vendor_id=0x1374 subcmd=70
06-06 13:42:26.957 859 859 D wpa_supplicant: nl80211: Supported vendor command: vendor_id=0x1374 subcmd=71
06-06 13:42:26.957 814 814 I SecureElementService: main onCreate
06-06 13:42:26.957 859 859 D wpa_supplicant: nl80211: Supported vendor command: vendor_id=0x1374 subcmd=76
06-06 13:42:26.957 859 859 D wpa_supplicant: nl80211: Supported vendor command: vendor_id=0x1374 subcmd=77
06-06 13:42:26.957 859 859 D wpa_supplicant: nl80211: Supported vendor command: vendor_id=0x1374 subcmd=79
06-06 13:42:26.957 859 859 D wpa_supplicant: nl80211: Supported vendor command: vendor_id=0x1374 subcmd=80
06-06 13:42:26.957 859 859 D wpa_supplicant: nl80211: Supported vendor command: vendor_id=0x1374 subcmd=82
06-06 13:42:26.957 859 859 D wpa_supplicant: nl80211: Supported vendor command: vendor_id=0x1374 subcmd=85
06-06 13:42:26.957 859 859 D wpa_supplicant: nl80211: Supported vendor command: vendor_id=0x1374 subcmd=146
06-06 13:42:26.957 859 859 D wpa_supplicant: nl80211: Supported vendor command: vendor_id=0x1374 subcmd=12
06-06 13:42:26.957 859 859 D wpa_supplicant: nl80211: Supported vendor command: vendor_id=0x1374 subcmd=128
06-06 13:42:26.957 859 859 D wpa_supplicant: nl80211: Supported vendor command: vendor_id=0x1374 subcmd=129
06-06 13:42:26.957 859 859 D wpa_supplicant: nl80211: Supported vendor command: vendor_id=0x1374 subcmd=130
06-06 13:42:26.957 859 859 D wpa_supplicant: nl80211: Supported vendor command: vendor_id=0x1374 subcmd=133
06-06 13:42:26.958 859 859 D wpa_supplicant: nl80211: Supported vendor command: vendor_id=0x1374 subcmd=176
06-06 13:42:26.958 859 859 D wpa_supplicant: nl80211: Supported vendor event: vendor_id=0x1374 subcmd=80
06-06 13:42:26.958 859 859 D wpa_supplicant: nl80211: Supported vendor event: vendor_id=0x1374 subcmd=1
06-06 13:42:26.958 859 859 D wpa_supplicant: nl80211: Supported vendor event: vendor_id=0x1374 subcmd=1
06-06 13:42:26.958 859 859 D wpa_supplicant: nl80211: Supported vendor event: vendor_id=0x1374 subcmd=1
06-06 13:42:26.958 859 859 D wpa_supplicant: nl80211: Supported vendor event: vendor_id=0x1374 subcmd=1
06-06 13:42:26.958 859 859 D wpa_supplicant: nl80211: Supported vendor event: vendor_id=0x1374 subcmd=1
06-06 13:42:26.958 359 469 I Codec2InfoBuilder: adding type 'video/x-vnd.on2.vp8'
06-06 13:42:26.958 859 859 D wpa_supplicant: nl80211: Supported vendor event: vendor_id=0x1374 subcmd=20
06-06 13:42:26.958 859 859 D wpa_supplicant: nl80211: Supported vendor event: vendor_id=0x1374 subcmd=21
06-06 13:42:26.958 859 859 D wpa_supplicant: nl80211: Supported vendor event: vendor_id=0x1374 subcmd=23
06-06 13:42:26.958 859 859 D wpa_supplicant: nl80211: Supported vendor event: vendor_id=0x1374 subcmd=24
06-06 13:42:26.958 859 859 D wpa_supplicant: nl80211: Supported vendor event: vendor_id=0x1374 subcmd=25
06-06 13:42:26.958 859 859 D wpa_supplicant: nl80211: Supported vendor event: vendor_id=0x1374 subcmd=26
06-06 13:42:26.958 859 859 D wpa_supplicant: nl80211: Supported vendor event: vendor_id=0x1374 subcmd=27
06-06 13:42:26.958 859 859 D wpa_supplicant: nl80211: Supported vendor event: vendor_id=0x1374 subcmd=28
06-06 13:42:26.959 859 859 D wpa_supplicant: nl80211: Supported vendor event: vendor_id=0x1374 subcmd=41
06-06 13:42:26.959 859 859 D wpa_supplicant: nl80211: Supported vendor event: vendor_id=0x1374 subcmd=29
06-06 13:42:26.959 859 859 D wpa_supplicant: nl80211: Supported vendor event: vendor_id=0x1374 subcmd=30
06-06 13:42:26.959 859 859 D wpa_supplicant: nl80211: Supported vendor event: vendor_id=0x1374 subcmd=31
06-06 13:42:26.959 859 859 D wpa_supplicant: nl80211: Supported vendor event: vendor_id=0x1374 subcmd=32
06-06 13:42:26.959 859 859 D wpa_supplicant: nl80211: Supported vendor event: vendor_id=0x1374 subcmd=33
06-06 13:42:26.959 859 859 D wpa_supplicant: nl80211: Supported vendor event: vendor_id=0x0 subcmd=0
06-06 13:42:26.959 859 859 D wpa_supplicant: nl80211: Supported vendor event: vendor_id=0x0 subcmd=0
06-06 13:42:26.959 859 859 D wpa_supplicant: nl80211: Supported vendor event: vendor_id=0x0 subcmd=0
06-06 13:42:26.960 859 859 D wpa_supplicant: nl80211: Supported vendor event: vendor_id=0x0 subcmd=0
06-06 13:42:26.960 859 859 D wpa_supplicant: nl80211: Supported vendor event: vendor_id=0x0 subcmd=0
06-06 13:42:26.960 859 859 D wpa_supplicant: nl80211: Supported vendor event: vendor_id=0x0 subcmd=0
06-06 13:42:26.960 859 859 D wpa_supplicant: nl80211: Supported vendor event: vendor_id=0x0 subcmd=0
06-06 13:42:26.960 859 859 D wpa_supplicant: nl80211: Supported vendor event: vendor_id=0x0 subcmd=0
06-06 13:42:26.960 859 859 D wpa_supplicant: nl80211: Supported vendor event: vendor_id=0x0 subcmd=0
06-06 13:42:26.960 859 859 D wpa_supplicant: nl80211: Supported vendor event: vendor_id=0x0 subcmd=0
06-06 13:42:26.960 859 859 D wpa_supplicant: nl80211: Supported vendor event: vendor_id=0x0 subcmd=0
06-06 13:42:26.960 859 859 D wpa_supplicant: nl80211: Supported vendor event: vendor_id=0x0 subcmd=0
06-06 13:42:26.961 859 859 D wpa_supplicant: nl80211: Supported vendor event: vendor_id=0x1374 subcmd=5120
06-06 13:42:26.961 859 859 D wpa_supplicant: nl80211: Supported vendor event: vendor_id=0x0 subcmd=0
06-06 13:42:26.961 859 859 D wpa_supplicant: nl80211: Supported vendor event: vendor_id=0x0 subcmd=0
06-06 13:42:26.961 859 859 D wpa_supplicant: nl80211: Supported vendor event: vendor_id=0x0 subcmd=0
06-06 13:42:26.961 859 859 D wpa_supplicant: nl80211: Supported vendor event: vendor_id=0x0 subcmd=0
06-06 13:42:26.961 859 859 D wpa_supplicant: nl80211: Supported vendor event: vendor_id=0x0 subcmd=0
06-06 13:42:26.961 859 859 D wpa_supplicant: nl80211: Supported vendor event: vendor_id=0x0 subcmd=0
06-06 13:42:26.961 859 859 D wpa_supplicant: nl80211: Supported vendor event: vendor_id=0x0 subcmd=0
06-06 13:42:26.961 859 859 D wpa_supplicant: nl80211: Supported vendor event: vendor_id=0x0 subcmd=0
06-06 13:42:26.961 859 859 D wpa_supplicant: nl80211: Supported vendor event: vendor_id=0x0 subcmd=0
06-06 13:42:26.961 859 859 D wpa_supplicant: nl80211: Supported vendor event: vendor_id=0x0 subcmd=0
06-06 13:42:26.961 859 859 D wpa_supplicant: nl80211: Supported vendor event: vendor_id=0x0 subcmd=0
06-06 13:42:26.961 859 859 D wpa_supplicant: nl80211: Supported vendor event: vendor_id=0x0 subcmd=0
06-06 13:42:26.961 859 859 D wpa_supplicant: nl80211: Supported vendor event: vendor_id=0x0 subcmd=0
06-06 13:42:26.961 859 859 D wpa_supplicant: nl80211: Supported vendor event: vendor_id=0x0 subcmd=0
06-06 13:42:26.962 859 859 D wpa_supplicant: nl80211: Supported vendor event: vendor_id=0x0 subcmd=0
06-06 13:42:26.962 859 859 D wpa_supplicant: nl80211: Supported vendor event: vendor_id=0x0 subcmd=0
06-06 13:42:26.962 859 859 D wpa_supplicant: nl80211: Supported vendor event: vendor_id=0x0 subcmd=0
06-06 13:42:26.962 859 859 D wpa_supplicant: nl80211: Supported vendor event: vendor_id=0x0 subcmd=0
06-06 13:42:26.962 859 859 D wpa_supplicant: nl80211: Supported vendor event: vendor_id=0x0 subcmd=0
06-06 13:42:26.962 859 859 D wpa_supplicant: nl80211: Supported vendor event: vendor_id=0x0 subcmd=0
06-06 13:42:26.962 859 859 D wpa_supplicant: nl80211: Supported vendor event: vendor_id=0x0 subcmd=0
06-06 13:42:26.962 859 859 D wpa_supplicant: nl80211: Supported vendor event: vendor_id=0x0 subcmd=0
06-06 13:42:26.962 859 859 D wpa_supplicant: nl80211: Supported vendor event: vendor_id=0x0 subcmd=0
06-06 13:42:26.962 859 859 D wpa_supplicant: nl80211: Supported vendor event: vendor_id=0x0 subcmd=0
06-06 13:42:26.962 859 859 D wpa_supplicant: nl80211: Supported vendor event: vendor_id=0x0 subcmd=0
06-06 13:42:26.962 859 859 D wpa_supplicant: nl80211: Supported vendor event: vendor_id=0x0 subcmd=0
06-06 13:42:26.962 859 859 D wpa_supplicant: nl80211: Supported vendor event: vendor_id=0x0 subcmd=0
06-06 13:42:26.962 859 859 D wpa_supplicant: nl80211: Supported vendor event: vendor_id=0x0 subcmd=0
06-06 13:42:26.962 859 859 D wpa_supplicant: nl80211: Supported vendor event: vendor_id=0x0 subcmd=0
06-06 13:42:26.962 859 859 D wpa_supplicant: nl80211: Supported vendor event: vendor_id=0x0 subcmd=0
06-06 13:42:26.962 859 859 D wpa_supplicant: nl80211: Supported vendor event: vendor_id=0x0 subcmd=0
06-06 13:42:26.962 859 859 D wpa_supplicant: nl80211: Supported vendor event: vendor_id=0x1374 subcmd=131
06-06 13:42:26.962 374 850 V C2Store : in init
06-06 13:42:26.963 374 850 V C2Store : loading dll
06-06 13:42:26.964 859 859 D wpa_supplicant: nl80211: Supported vendor event: vendor_id=0x1374 subcmd=132
06-06 13:42:26.964 475 577 D CompatibilityChangeReporter: Compat change id reported: 168419799; UID 10075; state: DISABLED
06-06 13:42:26.964 859 859 D wpa_supplicant: nl80211: Supported vendor event: vendor_id=0x0 subcmd=0
06-06 13:42:26.965 859 859 D wpa_supplicant: nl80211: Supported vendor event: vendor_id=0x0 subcmd=0
06-06 13:42:26.965 859 859 D wpa_supplicant: nl80211: Supported vendor event: vendor_id=0x0 subcmd=0
06-06 13:42:26.965 814 814 I SecureElementService: Check if terminal eSE1 is available.
06-06 13:42:26.965 859 859 D wpa_supplicant: nl80211: Supported vendor event: vendor_id=0x0 subcmd=0
06-06 13:42:26.965 859 859 D wpa_supplicant: nl80211: Supported vendor event: vendor_id=0x0 subcmd=0
06-06 13:42:26.965 859 859 D wpa_supplicant: nl80211: Supported vendor event: vendor_id=0x0 subcmd=0
06-06 13:42:26.965 859 859 D wpa_supplicant: nl80211: Supported vendor event: vendor_id=0x1374 subcmd=72
06-06 13:42:26.965 859 859 D wpa_supplicant: nl80211: Use separate P2P group interface (driver advertised support)
06-06 13:42:26.965 859 859 D wpa_supplicant: nl80211: Enable multi-channel concurrent (driver advertised support)
06-06 13:42:26.965 859 859 D wpa_supplicant: nl80211: use P2P_DEVICE support
06-06 13:42:26.966 859 859 D wpa_supplicant: nl80211: key_mgmt=0xd0f enc=0x10f auth=0x7 flags=0x100100007a007ac0 rrm_flags=0x0 probe_resp_offloads=0x0 max_stations=10 max_remain_on_chan=5000 max_scan_ssids=12
06-06 13:42:26.966 859 859 D wpa_supplicant: nl80211: interface wlan0 in phy phy0
06-06 13:42:26.967 181 181 I hwservicemanager: getTransport: Cannot find entry android.hardware.secure_element@1.2::ISecureElement/eSE1 in either framework or device VINTF manifest.
06-06 13:42:26.970 859 859 D wpa_supplicant: nl80211: Set mode ifindex 14 iftype 2 (STATION)
06-06 13:42:26.972 859 859 D wpa_supplicant: nl80211: Subscribe to mgmt frames with non-AP handle 0xe94a17a0
06-06 13:42:26.973 859 859 D wpa_supplicant: nl80211: Register frame type=0xb0 (WLAN_FC_STYPE_AUTH) nl_handle=0xe94a17a0 match=0300 multicast=0
06-06 13:42:26.973 859 859 D wpa_supplicant: nl80211: Register frame command failed (type=176): ret=-22 (Invalid argument)
06-06 13:42:26.974 859 859 D wpa_supplicant: nl80211: Register frame match - hexdump(len=2): 03 00
06-06 13:42:26.974 859 859 D wpa_supplicant: nl80211: Register frame type=0xd0 (WLAN_FC_STYPE_ACTION) nl_handle=0xe94a17a0 match=0104 multicast=0
06-06 13:42:26.974 359 469 D Codec2InfoBuilder: component 'c2.android.vp9.decoder' not found in xml
06-06 13:42:26.974 374 374 V C2Store : in init
06-06 13:42:26.974 374 374 V C2Store : loading dll
06-06 13:42:26.975 814 814 D SecureElement-Terminal-eSE1: SE Hal V1.2 is not supported
06-06 13:42:26.975 859 859 D wpa_supplicant: nl80211: Register frame type=0xd0 (WLAN_FC_STYPE_ACTION) nl_handle=0xe94a17a0 match=040a multicast=0
06-06 13:42:26.975 859 859 D wpa_supplicant: nl80211: Register frame type=0xd0 (WLAN_FC_STYPE_ACTION) nl_handle=0xe94a17a0 match=040b multicast=0
06-06 13:42:26.976 181 181 I hwservicemanager: getTransport: Cannot find entry android.hardware.secure_element@1.1::ISecureElement/eSE1 in either framework or device VINTF manifest.
06-06 13:42:26.976 859 859 D wpa_supplicant: nl80211: Register frame type=0xd0 (WLAN_FC_STYPE_ACTION) nl_handle=0xe94a17a0 match=040c multicast=0
06-06 13:42:26.976 859 859 D wpa_supplicant: nl80211: Register frame type=0xd0 (WLAN_FC_STYPE_ACTION) nl_handle=0xe94a17a0 match=040d multicast=0
06-06 13:42:26.977 814 814 D SecureElement-Terminal-eSE1: SE Hal V1.1 is not supported
06-06 13:42:26.978 859 859 D wpa_supplicant: nl80211: Register frame type=0xd0 (WLAN_FC_STYPE_ACTION) nl_handle=0xe94a17a0 match=090a multicast=0
06-06 13:42:26.978 181 181 I hwservicemanager: getTransport: Cannot find entry android.hardware.secure_element@1.0::ISecureElement/eSE1 in either framework or device VINTF manifest.
06-06 13:42:26.978 859 859 D wpa_supplicant: nl80211: Register frame type=0xd0 (WLAN_FC_STYPE_ACTION) nl_handle=0xe94a17a0 match=090b multicast=0
06-06 13:42:26.979 859 859 D wpa_supplicant: nl80211: Register frame type=0xd0 (WLAN_FC_STYPE_ACTION) nl_handle=0xe94a17a0 match=090c multicast=0
06-06 13:42:26.979 859 859 D wpa_supplicant: nl80211: Register frame type=0xd0 (WLAN_FC_STYPE_ACTION) nl_handle=0xe94a17a0 match=090d multicast=0
06-06 13:42:26.979 859 859 D wpa_supplicant: nl80211: Register frame type=0xd0 (WLAN_FC_STYPE_ACTION) nl_handle=0xe94a17a0 match=0409506f9a09 multicast=0
06-06 13:42:26.979 859 859 D wpa_supplicant: nl80211: Register frame type=0xd0 (WLAN_FC_STYPE_ACTION) nl_handle=0xe94a17a0 match=7f506f9a09 multicast=0
06-06 13:42:26.979 859 859 D wpa_supplicant: nl80211: Register frame type=0xd0 (WLAN_FC_STYPE_ACTION) nl_handle=0xe94a17a0 match=0409506f9a1a multicast=0
06-06 13:42:26.980 859 859 D wpa_supplicant: nl80211: Register frame type=0xd0 (WLAN_FC_STYPE_ACTION) nl_handle=0xe94a17a0 match=0801 multicast=0
06-06 13:42:26.980 374 374 I C2SoftVp9Enc: setting temporal layering 0 + 0
06-06 13:42:26.980 859 859 D wpa_supplicant: nl80211: Register frame type=0xd0 (WLAN_FC_STYPE_ACTION) nl_handle=0xe94a17a0 match=06 multicast=0
06-06 13:42:26.981 859 859 D wpa_supplicant: nl80211: Register frame type=0xd0 (WLAN_FC_STYPE_ACTION) nl_handle=0xe94a17a0 match=0a07 multicast=0
06-06 13:42:26.981 859 859 D wpa_supplicant: nl80211: Register frame type=0xd0 (WLAN_FC_STYPE_ACTION) nl_handle=0xe94a17a0 match=0a11 multicast=0
06-06 13:42:26.981 859 859 D wpa_supplicant: nl80211: Register frame type=0xd0 (WLAN_FC_STYPE_ACTION) nl_handle=0xe94a17a0 match=0a0b multicast=0
06-06 13:42:26.982 859 859 D wpa_supplicant: nl80211: Register frame type=0xd0 (WLAN_FC_STYPE_ACTION) nl_handle=0xe94a17a0 match=0a1a multicast=0
06-06 13:42:26.982 859 859 D wpa_supplicant: nl80211: Register frame type=0xd0 (WLAN_FC_STYPE_ACTION) nl_handle=0xe94a17a0 match=1101 multicast=0
06-06 13:42:26.982 374 815 V C2Store : in ~ComponentModule
06-06 13:42:26.982 374 815 V C2Store : unloading dll
06-06 13:42:26.982 664 664 D BluetoothKeystoreService: initJni()
06-06 13:42:26.983 664 664 I bt_btif : system/bt/btif/src/bluetooth.cc:417 get_profile_interface: get_profile_interface: id = bluetooth_keystore
06-06 13:42:26.983 814 814 I SecureElementService: No HAL implementation for eSE1
06-06 13:42:26.983 814 814 I SecureElementService: Check if terminal SIM1 is available.
06-06 13:42:26.983 859 859 D wpa_supplicant: nl80211: Register frame type=0xd0 (WLAN_FC_STYPE_ACTION) nl_handle=0xe94a17a0 match=1102 multicast=0
06-06 13:42:26.984 859 859 D wpa_supplicant: nl80211: Register frame type=0xd0 (WLAN_FC_STYPE_ACTION) nl_handle=0xe94a17a0 match=0505 multicast=0
06-06 13:42:26.984 664 664 I bt_btif : system/bt/btif/src/bluetooth.cc:417 get_profile_interface: get_profile_interface: id = sdp
06-06 13:42:26.984 859 859 D wpa_supplicant: nl80211: Register frame type=0xd0 (WLAN_FC_STYPE_ACTION) nl_handle=0xe94a17a0 match=0500 multicast=0
06-06 13:42:26.984 181 181 I hwservicemanager: getTransport: Cannot find entry android.hardware.secure_element@1.2::ISecureElement/SIM1 in either framework or device VINTF manifest.
06-06 13:42:26.984 859 859 D wpa_supplicant: nl80211: Register frame type=0xd0 (WLAN_FC_STYPE_ACTION) nl_handle=0xe94a17a0 match=1305 multicast=0
06-06 13:42:26.984 814 814 D SecureElement-Terminal-SIM1: SE Hal V1.2 is not supported
06-06 13:42:26.985 181 181 I hwservicemanager: getTransport: Cannot find entry android.hardware.secure_element@1.1::ISecureElement/SIM1 in either framework or device VINTF manifest.
06-06 13:42:26.985 374 374 I C2SoftVp9Enc: setting temporal layering 0 + 0
06-06 13:42:26.985 814 814 D SecureElement-Terminal-SIM1: SE Hal V1.1 is not supported
06-06 13:42:26.985 859 859 I wpa_supplicant: rfkill: Cannot open RFKILL control device
06-06 13:42:26.985 181 181 I hwservicemanager: getTransport: Cannot find entry android.hardware.secure_element@1.0::ISecureElement/SIM1 in either framework or device VINTF manifest.
06-06 13:42:26.986 814 814 I SecureElementService: No HAL implementation for SIM1
06-06 13:42:26.987 859 859 D wpa_supplicant: nl80211: RFKILL status not available
06-06 13:42:26.987 859 859 D wpa_supplicant: netlink: Operstate: ifindex=14 linkmode=1 (userspace-control), operstate=5 (IF_OPER_DORMANT)
06-06 13:42:26.989 870 870 D CompatibilityChangeReporter: Compat change id reported: 171979766; UID 10075; state: DISABLED
06-06 13:42:26.992 475 475 D CompatibilityChangeReporter: Compat change id reported: 150939131; UID 1000; state: ENABLED
06-06 13:42:26.993 374 850 V C2Store : in ~ComponentModule
06-06 13:42:26.993 374 850 V C2Store : unloading dll
06-06 13:42:26.994 859 859 D wpa_supplicant: Add interface wlan0 to a new radio phy0
06-06 13:42:26.995 359 469 D Codec2InfoBuilder: codec entry for 'c2.android.vp9.encoder' is disabled
06-06 13:42:26.996 475 517 D AdbService: setAdbEnabled(true), mIsAdbUsbEnabled=true, mIsAdbWifiEnabled=true, transportType=1
06-06 13:42:26.996 475 517 W PppoeNetworkFactory: interfaceLinkStateChanged
06-06 13:42:26.996 475 517 D PppoeNetworkFactory: updateInterface: mIface: mPhyIface:eth0 iface:wlan0 link:up
06-06 13:42:26.996 475 517 D PppoeNetworkFactory: not tracker interface
06-06 13:42:26.996 475 517 I EthernetTracker: interfaceLinkStateChanged, iface: wlan0, up: true
06-06 13:42:26.997 475 517 W PppoeNetworkFactory: interfaceLinkStateChanged
06-06 13:42:26.997 475 517 D PppoeNetworkFactory: updateInterface: mIface: mPhyIface:eth0 iface:wlan0 link:up
06-06 13:42:26.997 475 517 D PppoeNetworkFactory: not tracker interface
06-06 13:42:26.997 475 517 I EthernetTracker: interfaceLinkStateChanged, iface: wlan0, up: true
06-06 13:42:26.997 859 859 D wpa_supplicant: nl80211: No channel number found for frequency 5920 MHz
06-06 13:42:26.997 859 859 D wpa_supplicant: nl80211: No channel number found for frequency 5940 MHz
06-06 13:42:26.998 475 696 D MediaCodecList: codecHandlesFormat: no format, so no extra checks
06-06 13:42:26.998 859 859 D wpa_supplicant: nl80211: Regulatory information - country=CN (DFS-FCC)
06-06 13:42:26.998 859 859 D wpa_supplicant: nl80211: 2400-2483 @ 40 MHz 20 mBm
06-06 13:42:26.998 859 859 D wpa_supplicant: nl80211: 5150-5350 @ 80 MHz 20 mBm (DFS)
06-06 13:42:26.998 859 859 D wpa_supplicant: nl80211: 5725-5850 @ 80 MHz 33 mBm
06-06 13:42:26.998 859 859 D wpa_supplicant: nl80211: 57240-59400 @ 2160 MHz 28 mBm
06-06 13:42:26.998 859 859 D wpa_supplicant: nl80211: 59400-63720 @ 2160 MHz 44 mBm
06-06 13:42:26.998 859 859 D wpa_supplicant: nl80211: 63720-65880 @ 2160 MHz 28 mBm
06-06 13:42:26.998 859 859 D wpa_supplicant: nl80211: Added 802.11b mode based on 802.11g information
06-06 13:42:26.998 859 859 D wpa_supplicant: nl80211: Mode IEEE 802.11g: 2412 2417 2422 2427 2432 2437 2442 2447 2452 2457 2462 2467 2472 2484[DISABLED]
06-06 13:42:26.998 475 694 D MediaCodecList: codecHandlesFormat: no format, so no extra checks
06-06 13:42:26.998 859 859 D wpa_supplicant: nl80211: Mode IEEE 802.11a: 5170[DISABLED] 5180 5200 5220 5240 5260[RADAR] 5280[RADAR] 5300[RADAR] 5320[RADAR] 5500[DISABLED][RADAR] 5520[DISABLED][RADAR] 5540[DISABLED][RADAR] 5560[DISABLED][RADAR] 5580[DISABLED][RADAR]
06-06 13:42:26.998 859 859 D wpa_supplicant: nl80211: Mode IEEE 802.11b: 2412 2417 2422 2427 2432 2437 2442 2447 2452 2457 2462 2467 2472 2484[DISABLED]
06-06 13:42:26.999 374 374 V C2Store : in ~ComponentModule
06-06 13:42:26.999 374 374 V C2Store : unloading dll
06-06 13:42:27.000 789 789 D NetworkSecurityConfig: No Network Security Config specified, using platform default
06-06 13:42:27.003 475 700 D CCodec : allocate(c2.android.vorbis.decoder)
06-06 13:42:27.003 475 699 D CCodec : allocate(c2.android.vorbis.decoder)
06-06 13:42:27.005 475 700 I Codec2Client: Available Codec2 services: "software"
06-06 13:42:27.009 374 815 V C2Store : in init
06-06 13:42:27.010 374 815 V C2Store : loading dll
06-06 13:42:27.017 475 699 I CCodec : Created component [c2.android.vorbis.decoder]
06-06 13:42:27.017 475 699 D CCodecConfig: read media type: audio/vorbis
06-06 13:42:27.018 475 700 I CCodec : Created component [c2.android.vorbis.decoder]
06-06 13:42:27.018 475 700 D CCodecConfig: read media type: audio/vorbis
06-06 13:42:27.019 475 475 I PackageWatchdog: Syncing health check requests for packages: {}
06-06 13:42:27.021 859 859 D wpa_supplicant: wlan0: Own MAC address: b4:2f:03:15:e9:47
06-06 13:42:27.022 859 859 D wpa_supplicant: wpa_driver_nl80211_set_key: ifindex=14 (wlan0) alg=0 addr=0x0 key_idx=0 set_tx=0 seq_len=0 key_len=0 key_flag=0x10
06-06 13:42:27.022 859 859 D wpa_supplicant: nl80211: DEL_KEY
06-06 13:42:27.022 859 859 D wpa_supplicant: broadcast key
06-06 13:42:27.022 859 859 D wpa_supplicant: wpa_driver_nl80211_set_key: ifindex=14 (wlan0) alg=0 addr=0x0 key_idx=1 set_tx=0 seq_len=0 key_len=0 key_flag=0x10
06-06 13:42:27.022 859 859 D wpa_supplicant: nl80211: DEL_KEY
06-06 13:42:27.022 859 859 D wpa_supplicant: broadcast key
06-06 13:42:27.023 859 859 D wpa_supplicant: wpa_driver_nl80211_set_key: ifindex=14 (wlan0) alg=0 addr=0x0 key_idx=2 set_tx=0 seq_len=0 key_len=0 key_flag=0x10
06-06 13:42:27.023 475 699 D ReflectedParamUpdater: extent() != 1 for single value type: algo.buffers.max-count.values
06-06 13:42:27.023 859 859 D wpa_supplicant: nl80211: DEL_KEY
06-06 13:42:27.023 859 859 D wpa_supplicant: broadcast key
06-06 13:42:27.023 859 859 D wpa_supplicant: wpa_driver_nl80211_set_key: ifindex=14 (wlan0) alg=0 addr=0x0 key_idx=3 set_tx=0 seq_len=0 key_len=0 key_flag=0x10
06-06 13:42:27.023 475 700 D ReflectedParamUpdater: extent() != 1 for single value type: algo.buffers.max-count.values
06-06 13:42:27.023 859 859 D wpa_supplicant: nl80211: DEL_KEY
06-06 13:42:27.023 859 859 D wpa_supplicant: broadcast key
06-06 13:42:27.023 859 859 D wpa_supplicant: wpa_driver_nl80211_set_key: ifindex=14 (wlan0) alg=0 addr=0x0 key_idx=4 set_tx=0 seq_len=0 key_len=0 key_flag=0x10
06-06 13:42:27.023 859 859 D wpa_supplicant: nl80211: DEL_KEY
06-06 13:42:27.023 859 859 D wpa_supplicant: broadcast key
06-06 13:42:27.023 859 859 D wpa_supplicant: wpa_driver_nl80211_set_key: ifindex=14 (wlan0) alg=0 addr=0x0 key_idx=5 set_tx=0 seq_len=0 key_len=0 key_flag=0x10
06-06 13:42:27.023 859 859 D wpa_supplicant: nl80211: DEL_KEY
06-06 13:42:27.023 859 859 D wpa_supplicant: broadcast key
06-06 13:42:27.023 859 859 D wpa_supplicant: wlan0: RSN: flushing PMKID list in the driver
06-06 13:42:27.023 859 859 D wpa_supplicant: nl80211: Flush PMKIDs
06-06 13:42:27.024 475 699 D ReflectedParamUpdater: extent() != 1 for single value type: output.subscribed-indices.values
06-06 13:42:27.024 475 699 D ReflectedParamUpdater: extent() != 1 for single value type: input.buffers.allocator-ids.values
06-06 13:42:27.024 475 699 D ReflectedParamUpdater: extent() != 1 for single value type: output.buffers.allocator-ids.values
06-06 13:42:27.024 475 699 D ReflectedParamUpdater: extent() != 1 for single value type: algo.buffers.allocator-ids.values
06-06 13:42:27.024 475 700 D ReflectedParamUpdater: extent() != 1 for single value type: output.subscribed-indices.values
06-06 13:42:27.024 475 700 D ReflectedParamUpdater: extent() != 1 for single value type: input.buffers.allocator-ids.values
06-06 13:42:27.024 475 700 D ReflectedParamUpdater: extent() != 1 for single value type: output.buffers.allocator-ids.values
06-06 13:42:27.024 475 699 D ReflectedParamUpdater: extent() != 1 for single value type: output.buffers.pool-ids.values
06-06 13:42:27.025 475 699 D ReflectedParamUpdater: extent() != 1 for single value type: algo.buffers.pool-ids.values
06-06 13:42:27.025 475 700 D ReflectedParamUpdater: extent() != 1 for single value type: algo.buffers.allocator-ids.values
06-06 13:42:27.025 475 700 D ReflectedParamUpdater: extent() != 1 for single value type: output.buffers.pool-ids.values
06-06 13:42:27.025 475 475 I ExplicitHealthCheckController: Service not ready to get health check supported packages. Binding...
06-06 13:42:27.025 475 700 D ReflectedParamUpdater: extent() != 1 for single value type: algo.buffers.pool-ids.values
06-06 13:42:27.026 859 859 D wpa_supplicant: wlan0: State: DISCONNECTED -> INACTIVE
06-06 13:42:27.026 859 859 D wpa_supplicant: Notifying state change event to hidl control: 2
06-06 13:42:27.028 475 699 I CCodecConfig: query failed after returning 7 values (BAD_INDEX)
06-06 13:42:27.028 475 699 D CCodecConfig: c2 config diff is Dict {
06-06 13:42:27.028 475 699 D CCodecConfig: c2::u32 coded.bitrate.value = 64000
06-06 13:42:27.028 475 699 D CCodecConfig: c2::u32 input.buffers.max-size.value = 32768
06-06 13:42:27.028 475 699 D CCodecConfig: c2::u32 input.delay.value = 0
06-06 13:42:27.028 475 699 D CCodecConfig: string input.media-type.value = "audio/vorbis"
06-06 13:42:27.028 475 699 D CCodecConfig: string output.media-type.value = "audio/raw"
06-06 13:42:27.028 475 699 D CCodecConfig: c2::u32 raw.channel-count.value = 1
06-06 13:42:27.028 475 699 D CCodecConfig: c2::u32 raw.sample-rate.value = 48000
06-06 13:42:27.028 475 699 D CCodecConfig: }
06-06 13:42:27.031 475 699 D CCodec : [c2.android.vorbis.decoder] buffers are bound to CCodec for this session
06-06 13:42:27.031 475 699 D CCodecConfig: no c2 equivalents for durationUs
06-06 13:42:27.031 475 699 D CCodecConfig: no c2 equivalents for track-id
06-06 13:42:27.031 475 699 D CCodecConfig: no c2 equivalents for csd-1
06-06 13:42:27.031 475 700 I CCodecConfig: query failed after returning 7 values (BAD_INDEX)
06-06 13:42:27.031 475 699 D CCodecConfig: no c2 equivalents for channel-mask
06-06 13:42:27.031 475 699 D CCodecConfig: no c2 equivalents for flags
06-06 13:42:27.031 475 700 D CCodecConfig: c2 config diff is Dict {
06-06 13:42:27.031 475 700 D CCodecConfig: c2::u32 coded.bitrate.value = 64000
06-06 13:42:27.031 475 700 D CCodecConfig: c2::u32 input.buffers.max-size.value = 32768
06-06 13:42:27.031 475 700 D CCodecConfig: c2::u32 input.delay.value = 0
06-06 13:42:27.031 475 700 D CCodecConfig: string input.media-type.value = "audio/vorbis"
06-06 13:42:27.031 475 700 D CCodecConfig: string output.media-type.value = "audio/raw"
06-06 13:42:27.031 475 700 D CCodecConfig: c2::u32 raw.channel-count.value = 1
06-06 13:42:27.031 475 700 D CCodecConfig: c2::u32 raw.sample-rate.value = 48000
06-06 13:42:27.031 475 700 D CCodecConfig: }
06-06 13:42:27.033 475 700 D CCodec : [c2.android.vorbis.decoder] buffers are bound to CCodec for this session
06-06 13:42:27.033 475 700 D CCodecConfig: no c2 equivalents for durationUs
06-06 13:42:27.033 475 700 D CCodecConfig: no c2 equivalents for track-id
06-06 13:42:27.033 475 700 D CCodecConfig: no c2 equivalents for csd-1
06-06 13:42:27.033 475 700 D CCodecConfig: no c2 equivalents for channel-mask
06-06 13:42:27.033 475 700 D CCodecConfig: no c2 equivalents for flags
06-06 13:42:27.033 475 699 D CCodecConfig: c2 config diff is c2::u32 raw.channel-count.value = 2
06-06 13:42:27.033 475 699 D CCodecConfig: c2::u32 raw.sample-rate.value = 44100
06-06 13:42:27.034 475 700 D CCodecConfig: c2 config diff is c2::u32 raw.channel-count.value = 2
06-06 13:42:27.034 475 700 D CCodecConfig: c2::u32 raw.sample-rate.value = 44100
06-06 13:42:27.035 475 699 W Codec2Client: query -- param skipped: index = 1107298332.
06-06 13:42:27.035 475 699 D CCodec : setup formats input: AMessage(what = 0x00000000) = {
06-06 13:42:27.035 475 699 D CCodec : int32_t bitrate = 64000
06-06 13:42:27.035 475 699 D CCodec : int32_t channel-count = 2
06-06 13:42:27.035 475 699 D CCodec : int32_t max-input-size = 32768
06-06 13:42:27.035 475 699 D CCodec : string mime = "audio/vorbis"
06-06 13:42:27.035 475 699 D CCodec : int32_t sample-rate = 44100
06-06 13:42:27.035 475 699 D CCodec : }
06-06 13:42:27.035 475 699 D CCodec : setup formats output: AMessage(what = 0x00000000) = {
06-06 13:42:27.035 475 699 D CCodec : int32_t channel-count = 2
06-06 13:42:27.035 475 699 D CCodec : string mime = "audio/raw"
06-06 13:42:27.035 475 699 D CCodec : int32_t sample-rate = 44100
06-06 13:42:27.035 475 699 D CCodec : int32_t channel-mask = 3
06-06 13:42:27.035 475 699 D CCodec : }
06-06 13:42:27.035 475 700 W Codec2Client: query -- param skipped: index = 1107298332.
06-06 13:42:27.035 475 699 I CCodecConfig: query failed after returning 7 values (BAD_INDEX)
06-06 13:42:27.035 475 700 D CCodec : setup formats input: AMessage(what = 0x00000000) = {
06-06 13:42:27.035 475 700 D CCodec : int32_t bitrate = 64000
06-06 13:42:27.035 475 700 D CCodec : int32_t channel-count = 2
06-06 13:42:27.035 475 700 D CCodec : int32_t max-input-size = 32768
06-06 13:42:27.035 475 700 D CCodec : string mime = "audio/vorbis"
06-06 13:42:27.035 475 700 D CCodec : int32_t sample-rate = 44100
06-06 13:42:27.035 475 700 D CCodec : }
06-06 13:42:27.036 475 700 D CCodec : setup formats output: AMessage(what = 0x00000000) = {
06-06 13:42:27.036 475 700 D CCodec : int32_t channel-count = 2
06-06 13:42:27.036 475 700 D CCodec : string mime = "audio/raw"
06-06 13:42:27.036 475 700 D CCodec : int32_t sample-rate = 44100
06-06 13:42:27.036 475 700 D CCodec : int32_t channel-mask = 3
06-06 13:42:27.036 475 700 D CCodec : }
06-06 13:42:27.036 475 700 I CCodecConfig: query failed after returning 7 values (BAD_INDEX)
06-06 13:42:27.038 475 475 I ExplicitHealthCheckController: Explicit health check service is bound
06-06 13:42:27.040 475 699 W Codec2Client: query -- param skipped: index = 1342179345.
06-06 13:42:27.040 475 699 W Codec2Client: query -- param skipped: index = 2415921170.
06-06 13:42:27.042 475 700 W Codec2Client: query -- param skipped: index = 1342179345.
06-06 13:42:27.042 475 700 W Codec2Client: query -- param skipped: index = 2415921170.
06-06 13:42:27.042 475 700 D C2Store : Using ION
06-06 13:42:27.043 475 700 D CCodecBufferChannel: [c2.android.vorbis.decoder#226] Created input block pool with allocatorID 16 => poolID 17 - OK (0)
06-06 13:42:27.044 374 815 D C2Store : Using ION
06-06 13:42:27.044 475 699 D CCodecBufferChannel: [c2.android.vorbis.decoder#775] Created input block pool with allocatorID 16 => poolID 18 - OK (0)
06-06 13:42:27.040 666 666 I ndroid.systemui: type=1400 audit(0.0:336): avc: denied { search } for name="com.android.systemui" dev="mmcblk0p25" ino=486 scontext=u:r:platform_app:s0:c512,c768 tcontext=u:object_r:app_data_file:s0:c512,c768 tclass=dir permissive=1 app=com.softwinner.screenshot
06-06 13:42:27.046 475 700 I CCodecBufferChannel: [c2.android.vorbis.decoder#226] Created output block pool with allocatorID 16 => poolID 17 - OK
06-06 13:42:27.046 475 699 I CCodecBufferChannel: [c2.android.vorbis.decoder#775] Created output block pool with allocatorID 16 => poolID 18 - OK
06-06 13:42:27.046 475 699 D CCodecBufferChannel: [c2.android.vorbis.decoder#775] Configured output block pool ids 18 => OK
06-06 13:42:27.046 475 700 D CCodecBufferChannel: [c2.android.vorbis.decoder#226] Configured output block pool ids 17 => OK
06-06 13:42:27.047 475 699 E ion : ioctl c0044901 failed with code -1: Inappropriate ioctl for device
06-06 13:42:27.048 475 700 E ion : ioctl c0044901 failed with code -1: Inappropriate ioctl for device
06-06 13:42:27.053 664 664 D BluetoothDatabase: start()
06-06 13:42:27.058 374 898 D SimpleC2Component: Using output block pool with poolID 18 => got 18 - 0
06-06 13:42:27.059 274 314 E cutils-trace: Error opening trace file: No such file or directory (2)
06-06 13:42:27.056 870 870 I id.ext.services: type=1400 audit(0.0:337): avc: denied { getattr } for path="/data/data/android.ext.services" dev="mmcblk0p25" ino=438 scontext=u:r:platform_app:s0:c512,c768 tcontext=u:object_r:app_data_file:s0:c512,c768 tclass=dir permissive=1 app=android.ext.services
06-06 13:42:27.061 374 899 D SimpleC2Component: Using output block pool with poolID 17 => got 17 - 0
06-06 13:42:27.060 327 327 I rainbow_flow: type=1400 audit(0.0:338): avc: denied { ioctl } for path="/dev/spidev1.0" dev="tmpfs" ino=5830 ioctlcmd=0x6b00 scontext=u:r:init:s0 tcontext=u:object_r:device:s0 tclass=chr_file permissive=1
06-06 13:42:27.063 664 664 D BluetoothDatabase: Load Database
06-06 13:42:27.066 859 859 D wpa_supplicant: TDLS: TDLS operation not supported by driver
06-06 13:42:27.066 859 859 D wpa_supplicant: TDLS: Driver uses internal link setup
06-06 13:42:27.066 859 859 D wpa_supplicant: TDLS: Driver does not support TDLS channel switching
06-06 13:42:27.067 664 664 I BluetoothAdapterService: Phone policy enabled
06-06 13:42:27.067 666 666 W SystemServiceRegistry: No service published for: fingerprint
06-06 13:42:27.067 859 859 D wpa_supplicant: wlan0: WPS: UUID based on MAC address: 7ddc72aa-0715-5c51-973f-865b0540c290
06-06 13:42:27.068 374 404 E ion : ioctl c0044901 failed with code -1: Inappropriate ioctl for device
06-06 13:42:27.068 859 859 D wpa_supplicant: EAPOL: SUPP_PAE entering state DISCONNECTED
06-06 13:42:27.068 859 859 D wpa_supplicant: EAPOL: Supplicant port status: Unauthorized
06-06 13:42:27.068 859 859 D wpa_supplicant: nl80211: Skip set_supp_port(unauthorized) while not associated
06-06 13:42:27.068 859 859 D wpa_supplicant: EAPOL: KEY_RX entering state NO_KEY_RECEIVE
06-06 13:42:27.068 859 859 D wpa_supplicant: EAPOL: SUPP_BE entering state INITIALIZE
06-06 13:42:27.068 859 859 D wpa_supplicant: EAP: EAP entering state DISABLED
06-06 13:42:27.068 859 859 D wpa_supplicant: Using existing control interface directory.
06-06 13:42:27.069 859 859 D wpa_supplicant: ctrl_iface bind(PF_UNIX) failed: Address already in use
06-06 13:42:27.069 859 859 D wpa_supplicant: ctrl_iface exists, but does not allow connections - assuming it was leftover from forced program termination
06-06 13:42:27.070 859 859 D wpa_supplicant: Successfully replaced leftover ctrl_iface socket '/data/vendor/wifi/wpa/sockets/wlan0'
06-06 13:42:27.070 859 859 D wpa_supplicant: nl80211: Setting wowlan
06-06 13:42:27.070 666 666 W SystemServiceRegistry: No service published for: face
06-06 13:42:27.073 859 859 D wpa_supplicant: MBO: Update non-preferred channels, non_pref_chan=N/A
06-06 13:42:27.073 859 859 D wpa_supplicant: Registering interface to hidl control: wlan0
06-06 13:42:27.074 859 859 D wpa_supplicant: wlan0: Added interface wlan0
06-06 13:42:27.074 859 859 D wpa_supplicant: wlan0: State: INACTIVE -> DISCONNECTED
06-06 13:42:27.074 859 859 D wpa_supplicant: nl80211: Set wlan0 operstate 0->0 (DORMANT)
06-06 13:42:27.074 859 859 D wpa_supplicant: netlink: Operstate: ifindex=14 linkmode=-1 (no change), operstate=5 (IF_OPER_DORMANT)
06-06 13:42:27.074 859 859 D wpa_supplicant: Notifying state change event to hidl control: 0
06-06 13:42:27.074 859 859 D wpa_supplicant: nl80211: Create interface iftype 10 (P2P_DEVICE)
06-06 13:42:27.074 859 859 D wpa_supplicant: nl80211: New P2P Device interface p2p-dev-wlan0 (0x3) created
06-06 13:42:27.074 859 859 D wpa_supplicant: Override interface parameter: ctrl_interface ('/data/vendor/wifi/wpa/sockets' -> '/data/vendor/wifi/wpa/sockets')
06-06 13:42:27.074 859 859 D wpa_supplicant: Initializing interface 'p2p-dev-wlan0' conf '/data/vendor/wifi/wpa/wpa_supplicant.conf' driver 'nl80211' ctrl_interface '/data/vendor/wifi/wpa/sockets' bridge 'N/A'
06-06 13:42:27.074 859 859 D wpa_supplicant: Configuration file '/data/vendor/wifi/wpa/wpa_supplicant.conf' -> '/data/vendor/wifi/wpa/wpa_supplicant.conf'
06-06 13:42:27.074 859 859 D wpa_supplicant: Reading configuration file '/data/vendor/wifi/wpa/wpa_supplicant.conf'
06-06 13:42:27.074 859 859 D wpa_supplicant: update_config=1
06-06 13:42:27.074 859 859 D wpa_supplicant: eapol_version=1
06-06 13:42:27.074 859 859 D wpa_supplicant: ap_scan=1
06-06 13:42:27.074 859 859 D wpa_supplicant: fast_reauth=1
06-06 13:42:27.074 859 859 D wpa_supplicant: pmf=1
06-06 13:42:27.074 859 859 D wpa_supplicant: p2p_add_cli_chan=1
06-06 13:42:27.074 859 859 D wpa_supplicant: oce=1
06-06 13:42:27.074 859 859 D wpa_supplicant: sae_pwe=2
06-06 13:42:27.075 859 859 D wpa_supplicant: nl80211: Supported cipher 00-0f-ac:1
06-06 13:42:27.075 859 859 D wpa_supplicant: nl80211: Supported cipher 00-0f-ac:5
06-06 13:42:27.075 859 859 D wpa_supplicant: nl80211: Supported cipher 00-0f-ac:2
06-06 13:42:27.075 859 859 D wpa_supplicant: nl80211: Supported cipher 00-0f-ac:4
06-06 13:42:27.075 859 859 D wpa_supplicant: nl80211: Supported cipher 00-14-72:1
06-06 13:42:27.075 859 859 D wpa_supplicant: nl80211: Supported cipher 00-0f-ac:6
06-06 13:42:27.075 859 859 D wpa_supplicant: nl80211: Supported cipher 00-0f-ac:255
06-06 13:42:27.076 859 859 D wpa_supplicant: nl80211: Supported vendor command: vendor_id=0x1374 subcmd=9
06-06 13:42:27.076 859 859 D wpa_supplicant: nl80211: Supported vendor command: vendor_id=0x1374 subcmd=12
06-06 13:42:27.076 859 859 D wpa_supplicant: nl80211: Supported vendor command: vendor_id=0x1374 subcmd=14
06-06 13:42:27.076 859 859 D wpa_supplicant: nl80211: Supported vendor command: vendor_id=0x1374 subcmd=15
06-06 13:42:27.076 859 859 D wpa_supplicant: nl80211: Supported vendor command: vendor_id=0x1374 subcmd=16
06-06 13:42:27.076 859 859 D wpa_supplicant: nl80211: Supported vendor command: vendor_id=0x1374 subcmd=20
06-06 13:42:27.076 859 859 D wpa_supplicant: nl80211: Supported vendor command: vendor_id=0x1a11 subcmd=6
06-06 13:42:27.076 859 859 D wpa_supplicant: nl80211: Supported vendor command: vendor_id=0x1374 subcmd=21
06-06 13:42:27.076 859 859 D wpa_supplicant: nl80211: Supported vendor command: vendor_id=0x1374 subcmd=22
06-06 13:42:27.076 859 859 D wpa_supplicant: nl80211: Supported vendor command: vendor_id=0x1374 subcmd=23
06-06 13:42:27.076 859 859 D wpa_supplicant: nl80211: Supported vendor command: vendor_id=0x1374 subcmd=24
06-06 13:42:27.076 859 859 D wpa_supplicant: nl80211: Supported vendor command: vendor_id=0x1374 subcmd=29
06-06 13:42:27.076 859 859 D wpa_supplicant: nl80211: Supported vendor command: vendor_id=0x1374 subcmd=30
06-06 13:42:27.076 859 859 D wpa_supplicant: nl80211: Supported vendor command: vendor_id=0x1374 subcmd=32
06-06 13:42:27.076 859 859 D wpa_supplicant: nl80211: Supported vendor command: vendor_id=0x1374 subcmd=33
06-06 13:42:27.076 859 859 D wpa_supplicant: nl80211: Supported vendor command: vendor_id=0x1374 subcmd=38
06-06 13:42:27.076 859 859 D wpa_supplicant: nl80211: Supported vendor command: vendor_id=0x1374 subcmd=39
