06-06 19:31:19.106 3114 3114 D NearFieldManagerService: onCreate, enter.
06-06 19:31:19.106 3114 3114 I NearFieldManagerService: onBind, enter.
06-06 19:31:19.106 3114 3114 D NearFieldManagerService: initService
06-06 19:31:19.106 3114 3114 D NearFieldManagerService: NearField starting...
06-06 19:31:19.108 3114 3114 D NearFieldUtils: checkSystemProperty in
06-06 19:31:19.108 3114 3114 D NearFieldUtils: checkSystemProperty: systemProperties:
06-06 19:31:19.108 3114 3114 E NearFieldUtils: validProperty: priority is null
06-06 19:31:19.115 2942 2942 D NearFieldManager: service connected.
06-06 19:31:19.116 475 498 W ServiceManager: Permission failure: android.permission.HIGH_SAMPLING_RATE_SENSORS from uid=10020 pid=3114
06-06 19:31:19.117 2942 2942 D HiSight-Discovery: eventId: 4001
06-06 19:31:19.117 2942 3113 D HiSight-Discovery: msg 4001
06-06 19:31:19.117 2942 3113 D HiSight-Discovery: bind success, status Ready
06-06 19:31:19.117 2942 3113 D HiSight-Discovery: startAdvertise 2
06-06 19:31:19.117 2942 3113 D HiSight-Discovery: stopAdvertise.
06-06 19:31:19.118 2942 3113 D HiSight-Discovery: nearFieldStartListen deviceType 46
06-06 19:31:19.119 3114 3129 I NearFieldManagerImpl: setDeviceInfo, sDeviceId changes
06-06 19:31:19.119 3114 3129 I NearFieldManagerImpl: setDeviceInfo, sDeviceName changes
06-06 19:31:19.119 3114 3129 D NearFieldManagerImpl: setServiceData, sServiceData=[], serviceData=[32]
06-06 19:31:19.119 2942 3113 E NearFieldManager: setIdnNetworkPriority: networkPortPriority is empty
06-06 19:31:19.120 2942 3113 D NearFieldManager: StartListen moduleId: CastPlusDiscoveryModule
06-06 19:31:19.122 3114 3129 D NearFieldManagerImpl: startListen: moduleId: CastPlusDiscoveryModule
06-06 19:31:19.123 3114 3129 D NearFieldUtils: getPreferredIpAddress exec
06-06 19:31:19.123 3114 3129 D NearFieldUtils: getPreferredIpAddress by custom priority
06-06 19:31:19.123 3114 3129 D NearFieldUtils: getIpByInterfaceSetting customIdnNetworkPriority:[]
06-06 19:31:19.123 3114 3129 D NearFieldUtils: getPreferredIpAddress by default priority
06-06 19:31:19.124 3114 3137 I TDLog : TalkingData SDK init...
06-06 19:31:19.124 3114 3137 I TDLog : SDK_VERSION is: Android+TD+V5.0.7 gp Type:Native Build_Num:2141
06-06 19:31:19.124 3114 3137 I TDLog : App ID is: B9D7815EC975466AB1332111FCE62DF5
06-06 19:31:19.124 3114 3137 I TDLog : App Channel is: os
06-06 19:31:19.124 3114 3137 I TDLog : App Custom is:
06-06 19:31:19.124 3114 3137 I TDLog : SDK_OVC is: TDOVC+a3bb7754719798526508b6caad480dd7+SaaS
06-06 19:31:19.156 3114 3114 I crashsdk: Catcher mask: 5000, 20480
06-06 19:31:19.157 3114 3114 I crashsdk: Catcher thread 3119
06-06 19:31:19.158 3114 3114 D crashsdk: Register ANR handler ...
06-06 19:31:19.159 3114 3114 D NearFieldManagerImpl: onReceive action get:android.net.conn.CONNECTIVITY_CHANGE
06-06 19:31:19.160 3114 3166 W efs.info.manager: network change: wifi
06-06 19:31:19.163 3114 3114 D NearFieldUtils: getPreferredIpAddress exec
06-06 19:31:19.163 3114 3114 D NearFieldUtils: getPreferredIpAddress by custom priority
06-06 19:31:19.163 3114 3114 D NearFieldUtils: getIpByInterfaceSetting customIdnNetworkPriority:[]
06-06 19:31:19.163 3114 3114 D NearFieldUtils: getPreferredIpAddress by default priority
06-06 19:31:19.198 3114 3129 D NearFieldUtils: to get wlan0 ip address
06-06 19:31:19.198 3114 3129 D NearFieldUtils: get wlan0 IP succeed.
06-06 19:31:19.198 3114 3129 D NearFieldManagerImpl: sDeviceType: 46
06-06 19:31:19.198 3114 3129 D NearFieldManagerImpl: registerDevice() is called.
01-01 08:01:42.831 768 768 E sprdwl : sprdwl_rx_rsp_process ctx_id 0 recv rsp[WIFI_CMD_TX_DATA] status[SPRDWL_CMD_STATUS_ERROR]
06-06 19:31:19.202 3114 3129 E NearFieldManagerUtilsNative: Begin System.loadLibrary()
06-06 19:31:19.216 3114 3114 D NearFieldUtils: to get wlan0 ip address
06-06 19:31:19.216 3114 3114 D NearFieldUtils: get wlan0 IP succeed.
06-06 19:31:19.216 3114 3114 E NearFieldManagerImpl: notifyByPriority: interfaceNameInUse is null
06-06 19:31:19.216 3114 3114 D NearFieldManagerImpl: handleConnectivityAction: notified by default
06-06 19:31:19.231 3114 3129 I HicomNfTimerManager: epoll fd:129 create success
06-06 19:31:19.232 3114 3129 I HicomNfTimerManager: epoll add fd:132--->129 success
06-06 19:31:19.232 3114 3129 I HicomNfTimerManager: time fd:132 add to epoll success
06-06 19:31:19.249 3114 3129 D nStackXDFinder: NSTACKX_Init:[146] :nstack ctrl creat epollfd 133
06-06 19:31:19.250 3114 3129 I nStackXDFinder: InitDefaultInterfaceName:[779] :InitDefaultInterfaceName exec
06-06 19:31:19.250 3114 3129 D nStackXCoAP: CoapServerInit:[174] :CoapServerInit is called
06-06 19:31:19.250 3114 3129 E nStackXDFinder: GetLocalIp:[401] :GetLocalIp exec
06-06 19:31:19.251 3114 3129 E nStackXDFinder: GetLocalIp:[407] :GetLocalIp, ifInfo is null
06-06 19:31:19.251 3114 3129 I HicomNfMainCtrlManager: NSTACKX_RegisterDevice is called
06-06 19:31:19.251 3114 3129 D NearFieldManagerImpl: Register device success.
06-06 19:31:19.251 3114 3129 I NearFieldManagerImpl: serviceName is castPlus
06-06 19:31:19.252 3114 3129 D NearFieldManagerImpl: registerCapability() called with: capabilityBitmapNum = 1, capabilityBitmap = [8]
06-06 19:31:19.252 3114 3129 I HicomNf_java_to_c: registerCapability, capabilityBitmapNum: 1
06-06 19:31:19.252 3114 3129 I HicomNfMainCtrlManager: RegisterCapability: 1, 8
06-06 19:31:19.252 3114 3129 D NearFieldManagerImpl: Register capability succeed with capabilityBitmapNum = 1, capabilityBitmap = [8]
06-06 19:31:19.252 3114 3129 D NearFieldManagerImpl: registerServiceData() called with: serviceData = 32
06-06 19:31:19.252 3114 3129 D NearFieldManagerImpl: registerModule() called with: packageModuleName = com.huawei.connection+CastPlusDiscoveryModule
06-06 19:31:19.252 3114 3129 I HicomNf_java_to_c: registerModule, moduleName: com.huawei.connection+CastPlusDiscoveryModule
06-06 19:31:19.252 3114 3129 I HicomNfMainCtrlManager: Enter RegisterModule
06-06 19:31:19.252 3114 3129 I HicomNfRegManager: RegisterModule OK, add module name com.huawei.connection+CastPlusDiscoveryModule
06-06 19:31:19.254 3114 3188 I nStackXDFinder: UpdateLocalNetworkInterface:[472] :UpdateLocalNetworkInterface exec,initerfaceName:wlan0
06-06 19:31:19.254 3114 3188 E nStackXDFinder: GetLocalIp:[401] :GetLocalIp exec
06-06 19:31:19.254 3114 3188 E nStackXDFinder: GetLocalIp:[407] :GetLocalIp, ifInfo is null
06-06 19:31:19.254 3114 3188 I nStackXDFinder: UpdateLocalNetworkInterface:[498] :UpdateLocalNetworkInterface copy ip value in default process
06-06 19:31:19.254 3114 3188 E nStackXDFinder: GetLocalIp:[401] :GetLocalIp exec
06-06 19:31:19.254 3114 3188 D nStackXCoAP: CoapServerInit:[174] :CoapServerInit is called
06-06 19:31:19.254 3114 3188 E nStackXDFinder: GetLocalIp:[401] :GetLocalIp exec
06-06 19:31:19.254 3114 3188 I nStackXUtil: BindToDevice:[352] :BindToDevice exec
06-06 19:31:19.254 3114 3188 I nStackXUtil: GetInterfaceByPriority:[279] :GetInterfaceByPriority exec
06-06 19:31:19.254 3114 3188 I nStackXUtil: GetInterfaceByDefault:[309] :GetInterfaceByDefault exec
06-06 19:31:19.254 3114 3188 I nStackXUtil: GetInterfaceByDefault:[316] :GetInterfaceByDefault, ndevice name: lo
06-06 19:31:19.254 3114 3188 I nStackXUtil: GetInterfaceByDefault:[316] :GetInterfaceByDefault, ndevice name: wlan0
06-06 19:31:19.254 2942 3113 I Hisight-DeviceListManager: init DeviceListManager.
06-06 19:31:19.255 3114 3188 I nStackXUtil: BindToDevice:[374] :BindToDevice, Bind localAddr name: wlan0
06-06 19:31:19.256 3114 3188 E nStackXUtil: BindToDeviceInner:[188] :setsockopt fail, errno = 1
06-06 19:31:19.256 3114 3188 E nStackXCoAP: CoapGetContext:[250] :bind to device fail
06-06 19:31:19.256 3114 3188 D nStackXCoAP: CoapInitResources:[744] :CoapInitResources g_wlanOrEthContext update
06-06 19:31:19.256 3114 3188 I nStackXDFinder: RegisterServiceData:[728] :RegisterServiceData, serviceData=[32]
06-06 19:31:19.266 3114 3114 D NearFieldUtils: to get wlan0 ip address
06-06 19:31:19.266 3114 3114 D NearFieldUtils: get wlan0 IP succeed.
06-06 19:31:19.266 3114 3114 I NearFieldManagerImpl: wlan Connected
06-06 19:31:19.267 3114 3114 I HicomNf_java_to_c: notifyNetworkStateChanged with maskStr, networkType: 0, networkState: 0, mask:
06-06 19:31:19.267 3114 3114 I HicomNfMainCtrlManager: NotifyNetworkStateChanged is called with networkState: 0
06-06 19:31:19.267 3114 3114 I HicomNfMainCtrlManager: P2P and USB are both disconnected
06-06 19:31:19.267 3114 3114 I HicomNfSecureManager: stop listening
06-06 19:31:19.267 3114 3114 I HicomNfSecureManager: StopListening, m_sessionInfoLock out, before calling NSTACKX_DMsgClose 2
06-06 19:31:19.267 3114 3114 I HicomNfSecureManager: StopListening, after calling NSTACKX_DMsgClose 2
06-06 19:31:19.270 2942 3113 D Hisight-DeviceListManager: get old secret key
06-06 19:31:19.276 3114 3114 I HicomNf_java_to_c: notifyNetworkStateChanged with maskStr, networkType: 0, networkState: 1, mask: 255.255.254.0
06-06 19:31:19.276 3114 3114 I HicomNfMainCtrlManager: NotifyNetworkStateChanged is called with networkState: 1
06-06 19:31:19.276 3114 3114 I HicomNfSecureManager: StartListening, before calling NSTACKX_DMsgServer
06-06 19:31:19.276 3114 3114 I nStackXDMsg: NSTACKX_DMsgServer:[1335] :msgReceiver is not NULL
06-06 19:31:19.276 3114 3114 D nStackXDMsg: StartDMsgMainThread:[1274] :pthread_create
06-06 19:31:19.276 3114 3114 I HicomNfSecureManager: StartListening, after calling NSTACKX_DMsgServer
06-06 19:31:19.276 3114 3114 I HicomNfSecureManager: OnehopSecureCtrlManager: succeeded to StartListening with type 0
06-06 19:31:19.279 475 519 W IorapForwardingService: No service published for: iorapd
06-06 19:31:19.283 2942 3113 E Hisight-ConnectAuthCallBack: readSecureFile failed, no such file
06-06 19:31:19.283 2942 3113 W Hisight-DeviceListManager: deviceRecords is empty
06-06 19:31:19.283 2942 3113 W Hisight-DeviceListManager: occur error, clear all the list
06-06 19:31:19.284 2942 3113 D Hisight-HiChainAuthControl: start HiChainAuthControl
06-06 19:31:19.289 2942 3113 I ConnectAuthJNI: JNI_OnLoad begin load
06-06 19:31:19.289 2942 3113 I ConnectAuthJNI: RegisterNativeMethod begin
06-06 19:31:19.289 2942 3113 I ConnectAuthJNI: RegisterNativeMethod end
06-06 19:31:19.289 2942 3113 I ConnectAuthJNI: RegisterNativeMethod 1004 methodLen=10
06-06 19:31:19.289 2942 3113 I ConnectAuthJNI: RegisterNativeMethod 1007 RegisterNatives=0
06-06 19:31:19.289 2942 3113 I ConnectAuthJNI: InitArraylist 1013
06-06 19:31:19.289 2942 3113 I ConnectAuthJNI: InitConnectAuthStaticJNIMethod 1114 methodRet=0
06-06 19:31:19.289 2942 3113 E ConnectAuthJNI: JNI_OnLoad finish....1138
06-06 19:31:19.289 2942 3113 D Hisight-HiChainAuthControl: setupAuthIfNeeded, HiChainInstance hasn't been initialized
06-06 19:31:19.289 2942 3113 I ConnectAuthJNI: Java_com_huawei_hisight_security_ConnectAuthNative_nativeSetup 795 call HiChainNativeSetup
06-06 19:31:19.289 2942 3113 I ConnectAuthJNI: HiChainNativeSetup 565 registe_log
06-06 19:31:19.289 2942 3113 I ConnectAuthJNI: HksStorageRegisterFileCallbacks 245 register hks file callback status =0
06-06 19:31:19.289 2942 3113 I ConnectAuthJNI: HksRegisterGetDeviceIdCallback 268 register hks get hardware udid callback status =0
06-06 19:31:19.290 2942 3113 D ConnectAuthJNI: [HiChain] get_instance Begin get instance
06-06 19:31:19.290 2942 3113 I ConnectAuthJNI: [HKS] hks_service_key_info_init hks init : begin
06-06 19:31:19.290 2942 3113 I ConnectAuthJNI: FileRead 113 FileRead
06-06 19:31:19.290 2942 3113 I ConnectAuthJNI: FileRead 122 FileRead call readSecureFile begin
06-06 19:31:19.290 2942 3113 E Hisight-ConnectAuthCallBack: readSecureFile failed, no such file
06-06 19:31:19.291 2942 3113 W ConnectAuthJNI: FileRead 132 FileRead call readSecureFile byteArray is null
06-06 19:31:19.291 2942 3113 I ConnectAuthJNI: [HKS] hks_rkc_init RKC init:begin, is_key_info_exist=0
06-06 19:31:19.291 2942 3113 I ConnectAuthJNI: [HKS] hks_rkc_init_entropy the entropy is empty
06-06 19:31:19.291 2942 3113 I ConnectAuthJNI: FileSize 214 FileSize
06-06 19:31:19.291 2942 3113 I ConnectAuthJNI: FileSize 230 fileSize=258
06-06 19:31:19.291 2942 3113 I ConnectAuthJNI: FileRead 113 FileRead
06-06 19:31:19.291 2942 3113 I ConnectAuthJNI: FileRead 122 FileRead call readSecureFile begin
06-06 19:31:19.292 2942 3113 I ConnectAuthJNI: FileRead 135 FileRead call readSecureFile end
06-06 19:31:19.292 2942 3113 I ConnectAuthJNI: FileRead 150 fileBuff size 258, buf len 258
06-06 19:31:19.292 2942 3113 I ConnectAuthJNI: FileSize 214 FileSize
06-06 19:31:19.292 2942 3113 I ConnectAuthJNI: FileSize 230 fileSize=258
06-06 19:31:19.292 2942 3113 I ConnectAuthJNI: FileRead 113 FileRead
06-06 19:31:19.292 2942 3113 I ConnectAuthJNI: FileRead 122 FileRead call readSecureFile begin
06-06 19:31:19.292 2942 3113 I ConnectAuthJNI: FileRead 135 FileRead call readSecureFile end
06-06 19:31:19.292 2942 3113 I ConnectAuthJNI: FileRead 150 fileBuff size 258, buf len 258
06-06 19:31:19.292 2942 3113 I ConnectAuthJNI: [HKS] hks_rkc_load_ksf load ksf success
06-06 19:31:19.292 2942 3113 I ConnectAuthJNI: [HKS] hks_rkc_init root key component init success
06-06 19:31:19.292 2942 3113 I ConnectAuthJNI: [HKS] hks_rkc_init RKC init:end,rc=0
06-06 19:31:19.292 2942 3113 I ConnectAuthJNI: [HKS] hks_service_key_info_init hks init : end
06-06 19:31:19.293 2942 3113 I ConnectAuthJNI: GetHiChainProtocolParamsCallback 371 GetHiChainProtocolParamsCallback operation_code= 99
06-06 19:31:19.293 2942 3113 I ConnectAuthJNI: paramLen is ,=0
06-06 19:31:19.293 2942 3113 I ConnectAuthJNI: paramLen is ,=0
06-06 19:31:19.293 2942 3113 I ConnectAuthJNI: GetHiChainProtocolParamsCallback 402 GetHiChainProtocolParamsCallback end
06-06 19:31:19.293 2942 3113 I ConnectAuthJNI: [HiChain] get_instance Get instance success
06-06 19:31:19.293 2942 3113 I ConnectAuthJNI: Java_com_huawei_hisight_security_ConnectAuthNative_nativeGetHiChainInstance 598 get instance success
06-06 19:31:19.293 2942 3113 D Hisight-HiChainAuthControl: destroyAuth
06-06 19:31:19.293 2942 3113 I ConnectAuthJNI: Java_com_huawei_hisight_security_ConnectAuthNative_nativeDestroy 603 destroy
06-06 19:31:19.293 2942 3113 D Hisight-HiChainAuthControl: setupAuthIfNeeded, HiChainInstance hasn't been initialized
06-06 19:31:19.293 2942 3113 I ConnectAuthJNI: Java_com_huawei_hisight_security_ConnectAuthNative_nativeSetup 795 call HiChainNativeSetup
06-06 19:31:19.293 2942 3113 I ConnectAuthJNI: HiChainNativeSetup 565 registe_log
06-06 19:31:19.293 2942 3113 I ConnectAuthJNI: HksStorageRegisterFileCallbacks 245 register hks file callback status =0
06-06 19:31:19.293 2942 3113 I ConnectAuthJNI: HksRegisterGetDeviceIdCallback 268 register hks get hardware udid callback status =0
06-06 19:31:19.293 2942 3113 D ConnectAuthJNI: [HiChain] get_instance Begin get instance
06-06 19:31:19.293 2942 3113 I ConnectAuthJNI: [HKS] hks_service_key_info_init hks init : begin
06-06 19:31:19.293 2942 3113 I ConnectAuthJNI: [HKS] hks_service_key_info_init hks init : end
06-06 19:31:19.293 2942 3113 I ConnectAuthJNI: GetHiChainProtocolParamsCallback 371 GetHiChainProtocolParamsCallback operation_code= 99
06-06 19:31:19.293 2942 3113 I ConnectAuthJNI: paramLen is ,=0
06-06 19:31:19.293 2942 3113 I ConnectAuthJNI: paramLen is ,=0
06-06 19:31:19.293 2942 3113 I ConnectAuthJNI: GetHiChainProtocolParamsCallback 402 GetHiChainProtocolParamsCallback end
06-06 19:31:19.293 2942 3113 I ConnectAuthJNI: [HiChain] get_instance Get instance success
06-06 19:31:19.293 2942 3113 I ConnectAuthJNI: Java_com_huawei_hisight_security_ConnectAuthNative_nativeGetHiChainInstance 598 get instance success
06-06 19:31:19.293 2942 3113 W ConnectAuthJNI: GetListTrustPeers 899 trustPeerSize=0
06-06 19:31:19.293 2942 3113 D Hisight-HiChainAuthControl: destroyAuth
06-06 19:31:19.293 2942 3113 I ConnectAuthJNI: Java_com_huawei_hisight_security_ConnectAuthNative_nativeDestroy 603 destroy
06-06 19:31:19.293 2942 3113 D Hisight-HiChainAuthControl: setupAuthIfNeeded, HiChainInstance hasn't been initialized
06-06 19:31:19.293 2942 3113 I ConnectAuthJNI: Java_com_huawei_hisight_security_ConnectAuthNative_nativeSetup 795 call HiChainNativeSetup
06-06 19:31:19.293 2942 3113 I ConnectAuthJNI: HiChainNativeSetup 565 registe_log
06-06 19:31:19.293 2942 3113 I ConnectAuthJNI: HksStorageRegisterFileCallbacks 245 register hks file callback status =0
06-06 19:31:19.293 2942 3113 I ConnectAuthJNI: HksRegisterGetDeviceIdCallback 268 register hks get hardware udid callback status =0
06-06 19:31:19.293 2942 3113 D ConnectAuthJNI: [HiChain] get_instance Begin get instance
06-06 19:31:19.293 2942 3113 I ConnectAuthJNI: [HKS] hks_service_key_info_init hks init : begin
06-06 19:31:19.293 2942 3113 I ConnectAuthJNI: [HKS] hks_service_key_info_init hks init : end
06-06 19:31:19.293 2942 3113 I ConnectAuthJNI: GetHiChainProtocolParamsCallback 371 GetHiChainProtocolParamsCallback operation_code= 99
06-06 19:31:19.293 2942 3113 I ConnectAuthJNI: paramLen is ,=0
06-06 19:31:19.293 2942 3113 I ConnectAuthJNI: paramLen is ,=0
06-06 19:31:19.293 2942 3113 I ConnectAuthJNI: GetHiChainProtocolParamsCallback 402 GetHiChainProtocolParamsCallback end
06-06 19:31:19.293 2942 3113 I ConnectAuthJNI: [HiChain] get_instance Get instance success
06-06 19:31:19.293 2942 3113 I ConnectAuthJNI: Java_com_huawei_hisight_security_ConnectAuthNative_nativeGetHiChainInstance 598 get instance success
06-06 19:31:19.293 2942 3113 W ConnectAuthJNI: GetListTrustPeers 899 trustPeerSize=0
06-06 19:31:19.294 2942 3113 D Hisight-DeviceListManager: init trusted list size: 0
06-06 19:31:19.294 2942 3113 D HiSight-ConnectionManager: setAuthInfo, authMode: 1
06-06 19:31:19.527 475 1342 W TelephonyPermissions: reportAccessDeniedToReadIdentifiers:com.dangbei.screencast:getSerial:-1
06-06 19:31:19.549 3114 3194 V NFC : this device does not have NFC support
06-06 19:31:19.775 2942 3019 E raop : JavaCallback init
01-01 08:01:43.890 768 768 E sprdwl : sprdwl_rx_rsp_process ctx_id 0 recv rsp[WIFI_CMD_TX_DATA] status[SPRDWL_CMD_STATUS_ERROR]
06-06 19:31:20.281 475 519 W IorapForwardingService: No service published for: iorapd
06-06 19:31:20.522 2821 2821 I efs-base: type=1400 audit(0.0:1101): avc: denied { rmdir } for name="2552" dev="mmcblk0p25" ino=55110 scontext=u:r:platform_app:s0:c512,c768 tcontext=u:object_r:app_data_file:s0:c512,c768 tclass=dir permissive=1 app=com.dangbei.screencast
06-06 19:31:20.525 2821 2900 I efs.base: lt=event`ev_ct=efs_core`ev_ac=log_lag`tm=2025-06-06 19:31:52`dn=771f93e8-8eaa-49df-8b16-e1b19b668479`ps=com.dangbei.screencast:bg_guard`um_os=android`stime=1749209470202`pid=2821`fr=android`pkg=com.dangbei.screencast`vcode=20830`dsp_w=1920`uid=771f93e8-8eaa-49df-8b16-e1b19b668479`rom=12`wid=771f93e8-8eaa-49df-8b16-e1b19b668479`um_app_carrier=`um_access=wifi`um_app_channel=os`um_crash_sdk_version=1.4.0`ctime=1749209480`model=dbbox-a2`lang=zh`net=wifi`brand=dangbei`dsp_h=1080`um_network_type=0`ver=v2.8.3`cnt=1`build_model=DBBOX-A2`w_tm=1749209480`appid=5fc60c21094d637f3130af19`um_umid_header=ai4e7fa82b434271882c971661bb5632b7`sdk=31`tzone=Asia/Shanghai`sdk_ver=1.3.6.umeng
06-06 19:31:20.538 2821 2821 E GuardService: killMyselfRunnable:
06-06 19:31:20.539 2821 2821 I crashsdk: android_os_Process_sendSignal. PID: 2821 SIG: 9
06-06 19:31:20.539 2821 2821 I crashsdk: onKillProcess. SIG: 9
06-06 19:31:20.540 2821 2821 I crashsdk: Kill PID: 2821 (com.dangbei.screencast:bg_guard) by pid: 2821 (com.dangbei.screencast:bg_guard) tid: 2821 (main)
06-06 19:31:20.540 2821 2821 I crashsdk: SIG: 9, fg: false, exiting: false, main process: false, time: 20250606193120
06-06 19:31:20.540 2821 2821 I crashsdk: State in disk: 'b'
06-06 19:31:20.540 2821 2821 I crashsdk: at android.os.Process.sendSignal(Native Method)
06-06 19:31:20.540 2821 2821 I crashsdk: at android.os.Process.killProcess(Process.java:1153)
06-06 19:31:20.540 2821 2821 I crashsdk: at com.dangbei.screencast.startup.GuardService$a.run(:2)
06-06 19:31:20.540 2821 2821 I crashsdk: at android.os.Handler.handleCallback(Handler.java:938)
06-06 19:31:20.540 2821 2821 I crashsdk: at android.os.Handler.dispatchMessage(Handler.java:99)
06-06 19:31:20.540 2821 2821 I crashsdk: at android.os.Looper.loopOnce(Looper.java:201)
06-06 19:31:20.540 2821 2821 I crashsdk: at android.os.Looper.loop(Looper.java:288)
06-06 19:31:20.540 2821 2821 I crashsdk: at android.app.ActivityThread.main(ActivityThread.java:7854)
06-06 19:31:20.540 2821 2821 I crashsdk: at java.lang.reflect.Method.invoke(Native Method)
06-06 19:31:20.540 2821 2821 I crashsdk: at com.android.internal.os.RuntimeInit$MethodAndArgsCaller.run(RuntimeInit.java:548)
06-06 19:31:20.540 2821 2821 I crashsdk: at com.android.internal.os.ZygoteInit.main(ZygoteInit.java:1182)
06-06 19:31:20.541 2821 2821 I Process : Sending signal. PID: 2821 SIG: 9
06-06 19:31:20.573 2942 3004 W efs.send_log: tryFileLock sendlock sucess! processname: com.dangbei.screencast
06-06 19:31:20.574 475 1342 I ActivityManager: Process com.dangbei.screencast:bg_guard (pid 2821) has died: prcp FGS
06-06 19:31:20.575 475 540 I libprocessgroup: Successfully killed process cgroup uid 10020 pid 2821 in 0ms
06-06 19:31:20.578 243 243 I Zygote : Process 2821 exited due to signal 9 (Killed)
01-01 08:01:44.222 1 1 I init : Untracked pid 2901 exited with status 0
01-01 08:01:44.521 381 381 W hdr10p_Configure: 64 callbacks suppressed
01-01 08:01:44.521 381 381 I : DVI mode selected: packets not configured
01-01 08:01:44.521 381 381 W set_vsif_config: 64 callbacks suppressed
01-01 08:01:44.521 381 381 I : Error: set vsif failed
01-01 08:01:44.543 381 381 I : DVI mode selected: packets not configured
01-01 08:01:44.543 381 381 I : Error: set vsif failed
01-01 08:01:44.559 381 381 I : DVI mode selected: packets not configured
01-01 08:01:44.559 381 381 I : Error: set vsif failed
01-01 08:01:44.575 381 381 I : DVI mode selected: packets not configured
01-01 08:01:44.575 381 381 I : Error: set vsif failed
01-01 08:01:44.593 381 381 I : DVI mode selected: packets not configured
01-01 08:01:44.593 381 381 I : Error: set vsif failed
01-01 08:01:44.609 381 381 I : DVI mode selected: packets not configured
01-01 08:01:44.609 381 381 I : Error: set vsif failed
01-01 08:01:44.626 381 381 I : DVI mode selected: packets not configured
01-01 08:01:44.626 381 381 I : Error: set vsif failed
01-01 08:01:44.641 381 381 I : DVI mode selected: packets not configured
01-01 08:01:44.641 381 381 I : Error: set vsif failed
01-01 08:01:44.658 381 381 I : DVI mode selected: packets not configured
01-01 08:01:44.658 381 381 I : Error: set vsif failed
01-01 08:01:44.675 381 381 I : DVI mode selected: packets not configured
01-01 08:01:44.675 381 381 I : Error: set vsif failed
01-01 08:01:44.915 768 768 E sprdwl : sprdwl_rx_rsp_process ctx_id 0 recv rsp[WIFI_CMD_TX_DATA] status[SPRDWL_CMD_STATUS_ERROR]
06-06 19:31:21.285 475 519 W IorapForwardingService: No service published for: iorapd
06-06 19:31:21.548 657 657 E WifiHAL : wifi_get_link_stats: requestResponse Error:-5
06-06 19:31:21.550 475 607 E WifiVendorHal: getWifiLinkLayerStats_1_5_Internal(l.1191) failed {.code = ERROR_INVALID_ARGS, .description = }
06-06 19:31:22.110 2942 3228 I PlatformDependent: Your platform does not provide complete low-level API for accessing direct buffers reliably. Unless explicitly requested, heap buffer will always be preferred to avoid potential system instability.
06-06 19:31:22.131 2942 3019 W VideoCapabilities: Unrecognized profile/level 0/3 for video/mpeg2
06-06 19:31:22.144 475 617 D NsdService: Register service
06-06 19:31:22.144 475 617 D NsdService: registerService: 6 name: 当贝投屏Y9, type: _airplay._tcp, host: null, port: 42367, txtRecord: srcvers=220.68features=0x527FFFF7,0x1E'pi=2e388006-13ba-4041-9a67-25dd4a43d536Cpk=b07727d6f6cd6e08b58ede525ec3cdeaa252ad9f683feb212ef8a205246554e7vv=2 flags=0x4model=AppleTV2,1deviceid=b4:2f:03:15:e9:47
06-06 19:31:22.144 475 617 D NsdService: mdnssd [register, 6, 当贝投屏Y9, _airplay._tcp, 42367, DnNyY3ZlcnM9MjIwLjY4GGZlYXR1cmVzPTB4NTI3RkZGRjcsMHgxRSdwaT0yZTM4ODAwNi0xM2JhLTQwNDEtOWE2Ny0yNWRkNGE0M2Q1MzZDcGs9YjA3NzI3ZDZmNmNkNmUwOGI1OGVkZTUyNWVjM2NkZWFhMjUyYWQ5ZjY4M2ZlYjIxMmVmOGEyMDUyNDY1NTRlNwR2dj0yCWZsYWdzPTB4NBBtb2RlbD1BcHBsZVRWMiwxGmRldmljZWlkPWI0OjJmOjAzOjE1OmU5OjQ3]
06-06 19:31:22.146 475 617 D NsdService: Register 2 6
06-06 19:31:22.155 475 617 D NsdService: Register service
06-06 19:31:22.155 475 617 D NsdService: registerService: 7 name: b42f0315e947@当贝投屏Y9, type: _raop._tcp, host: null, port: 33393, txtRecord: txtvers=1 am=AppleTV2,1ch=2
06-06 19:31:22.155 475 617 D NsdService: cn=0,1,2,3da=trueet=0,3,5ft=0x527FFFF7,0x1Emd=0,1,2Cpk=b07727d6f6cd6e08b58ede525ec3cdeaa252ad9f683feb212ef8a205246554e7pw=falsesf=0x4sr=44100ss=16sv=falsetp=UDPvn=65537 vs=220.68vv=2 rhd=5.6.0.0
06-06 19:31:22.155 475 617 D NsdService: mdnssd [register, 7, b42f0315e947@当贝投屏Y9, _raop._tcp, 33393, CXR4dHZlcnM9MQ1hbT1BcHBsZVRWMiwxBGNoPTIKY249MCwxLDIsMwdkYT10cnVlCGV0PTAsMyw1EmZ0PTB4NTI3RkZGRjcsMHgxRQhtZD0wLDEsMkNwaz1iMDc3MjdkNmY2Y2Q2ZTA4YjU4ZWRlNTI1ZWMzY2RlYWEyNTJhZDlmNjgzZmViMjEyZWY4YTIwNTI0NjU1NGU3CHB3PWZhbHNlBnNmPTB4NAhzcj00NDEwMAVzcz0xNghzdj1mYWxzZQZ0cD1VRFAIdm49NjU1MzcJdnM9MjIwLjY4BHZ2PTILcmhkPTUuNi4wLjA=]
06-06 19:31:22.157 475 617 D NsdService: Register 3 7
06-06 19:31:22.287 475 519 W IorapForwardingService: No service published for: iorapd
06-06 19:31:22.613 475 617 D NsdService: Register service
06-06 19:31:22.613 475 617 D NsdService: registerService: 8 name: 当贝投屏Y9, type: _db_cast_screen._tcp, host: null, port: 40447, txtRecord: au=1cV=20830mV=100h265=0maxR=4096-3152model=DBBOX-A2deviceid=20:02:FE:19:C2:18
06-06 19:31:22.613 475 617 D NsdService: mdnssd [register, 8, 当贝投屏Y9, _db_cast_screen._tcp, 40447, BGF1PTEIY1Y9MjA4MzAGbVY9MTAwBmgyNjU9MA5tYXhSPTQwOTYtMzE1Mg5tb2RlbD1EQkJPWC1BMhpkZXZpY2VpZD0yMDowMjpGRToxOTpDMjoxOA==]
06-06 19:31:22.615 475 617 D NsdService: Register 4 8
06-06 19:31:22.790 475 617 D NsdService: Native daemon message SERVICE_REGISTERED: 606 7 "b42f0315e947@当贝投屏Y9"
06-06 19:31:22.791 475 617 D NsdService: Native daemon message SERVICE_REGISTERED: 606 6 "当贝投屏Y9"
06-06 19:31:23.093 2942 3029 E accept : myIp:192.168.3.31
06-06 19:31:23.096 2942 3029 E accept : connect error
06-06 19:31:23.100 2942 3029 I UpnpServiceImpl: >>> Starting UPnP service...
06-06 19:31:23.101 2942 3029 I UpnpServiceImpl: Using configuration: org.fourthline.cling.android.AndroidUpnpServiceConfiguration
06-06 19:31:23.103 2942 3029 I Router : Creating Router: org.fourthline.cling.android.AndroidRouter
06-06 19:31:23.105 2942 3029 W Router : enable lock:org.fourthline.cling.android.AndroidRouter@dd446c5_java.util.concurrent.locks.ReentrantReadWriteLock$WriteLock@250581a[Unlocked]
06-06 19:31:23.116 2942 3029 W tworkAddressFactoryImpl: Network interface may not be multicast capable: dummy0
06-06 19:31:23.120 2942 3029 I MulticastReceiver: Creating wildcard socket (for receiving multicast datagrams) on port: 1900
06-06 19:31:23.121 2942 3029 I MulticastReceiver: Joining multicast group: /239.255.255.250:1900 on network interface: wlan0
06-06 19:31:23.140 2942 3029 E accept : Adding connector try: 192.168.3.31/192.168.3.31:42665
06-06 19:31:23.142 2942 3029 E accept : Adding connector result: 192.168.3.31/192.168.3.31:42665
06-06 19:31:23.236 2942 3029 I JettyServletContainer: Registering UPnP servlet under context path: /upnp
06-06 19:31:23.240 2942 3029 I DatagramIO: Creating bound socket (for datagram input/output) on: 192.168.3.31/192.168.3.31
06-06 19:31:23.242 2942 3235 E JettyServletContainer: gogogo
06-06 19:31:23.242 2942 3235 I JettyServletContainer: Starting Jetty server...
06-06 19:31:23.243 2942 3235 W System.err: 2025-06-06 19:31:23.243:INFO:lcaf.p:jetty-8.y.z-SNAPSHOT
06-06 19:31:23.246 2942 3029 I Router : WiFi multicast lock acquired
06-06 19:31:23.247 475 1342 I WifiService: acquireMulticastLock uid=10020
06-06 19:31:23.250 2942 3029 I Router : WiFi lock acquired
06-06 19:31:23.252 475 1342 I WifiService: acquireWifiLock uid=10020 lockMode=3
06-06 19:31:23.255 2942 3029 W Router : enable unlock:org.fourthline.cling.android.AndroidRouter@dd446c5
06-06 19:31:23.256 2942 3029 I UpnpServiceImpl: <<< UPnP service started successfully
06-06 19:31:23.291 475 617 D NsdService: Native daemon message SERVICE_REGISTERED: 606 8 "当贝投屏Y9"
06-06 19:31:23.292 475 519 W IorapForwardingService: No service published for: iorapd
06-06 19:31:23.300 2942 3235 W System.err: 2025-06-06 19:31:23.299:INFO:lcaf.a:Started @192.168.3.31:42665
06-06 19:31:23.338 3240 3240 I Thread-2: type=1400 audit(0.0:1102): avc: denied { execute } for name="am" dev="dm-1" ino=1160 scontext=u:r:system_app:s0 tcontext=u:object_r:vendor_file:s0 tclass=file permissive=1
06-06 19:31:23.341 2942 3029 E g : channel :os
06-06 19:31:23.338 3240 3240 I Thread-2: type=1400 audit(0.0:1103): avc: denied { read open } for path="/vendor/xbin/am" dev="dm-1" ino=1160 scontext=u:r:system_app:s0 tcontext=u:object_r:vendor_file:s0 tclass=file permissive=1
06-06 19:31:23.338 3240 3240 I Thread-2: type=1400 audit(0.0:1104): avc: denied { execute_no_trans } for path="/vendor/xbin/am" dev="dm-1" ino=1160 scontext=u:r:system_app:s0 tcontext=u:object_r:vendor_file:s0 tclass=file permissive=1
06-06 19:31:23.370 3114 3114 I CrashSDKNormalH: type=1400 audit(0.0:1105): avc: denied { search } for name="com.dangbei.screencast" dev="mmcblk0p25" ino=890 scontext=u:r:platform_app:s0:c512,c768 tcontext=u:object_r:app_data_file:s0:c512,c768 tclass=dir permissive=1 app=com.dangbei.screencast
06-06 19:31:23.374 3114 3114 I CrashSDKNormalH: type=1400 audit(0.0:1106): avc: denied { getattr } for path="/data/user/0/com.dangbei.screencast/crashsdk/tags" dev="mmcblk0p25" ino=2064 scontext=u:r:platform_app:s0:c512,c768 tcontext=u:object_r:app_data_file:s0:c512,c768 tclass=dir permissive=1 app=com.dangbei.screencast
06-06 19:31:23.389 1142 1142 D aaa : LedStatusService onStartCommand begin
06-06 19:31:23.391 1142 3249 D aaa : topPkg is -------------- :com.dangbei.leard.leradlauncher
06-06 19:31:23.392 1200 1200 D bbb : onStartCommand begin !!!!!!! data分区剩余 24969MB
06-06 19:31:23.396 1142 3249 D aaa : WiFi is connect
06-06 19:31:23.496 263 277 D hdmi-cec: receive invalid cec message!
06-06 19:31:23.496 263 277 D hdmi-cec: receive poll message [04], skip!
06-06 19:31:23.706 2942 2942 I efs-base: type=1400 audit(0.0:1107): avc: denied { read } for name="ready" dev="mmcblk0p25" ino=2089 scontext=u:r:platform_app:s0:c512,c768 tcontext=u:object_r:app_data_file:s0:c512,c768 tclass=dir permissive=1 app=com.dangbei.screencast
06-06 19:31:23.706 2942 2942 I efs-base: type=1400 audit(0.0:1108): avc: denied { open } for path="/data/user/0/com.dangbei.screencast/app_UApm/5fc60c21094d637f3130af19/ready" dev="mmcblk0p25" ino=2089 scontext=u:r:platform_app:s0:c512,c768 tcontext=u:object_r:app_data_file:s0:c512,c768 tclass=dir permissive=1 app=com.dangbei.screencast
06-06 19:31:23.710 2942 2942 I efs-base: type=1400 audit(0.0:1109): avc: denied { write } for name="upload" dev="mmcblk0p25" ino=2372 scontext=u:r:platform_app:s0:c512,c768 tcontext=u:object_r:app_data_file:s0:c512,c768 tclass=dir permissive=1 app=com.dangbei.screencast
06-06 19:31:23.710 2942 2942 I efs-base: type=1400 audit(0.0:1110): avc: denied { add_name } for name="wa_gzip_1_1_2942_8843_1749209483711" scontext=u:r:platform_app:s0:c512,c768 tcontext=u:object_r:app_data_file:s0:c512,c768 tclass=dir permissive=1 app=com.dangbei.screencast
01-01 08:01:47.357 2992 2992 W audit : audit_lost=582 audit_rate_limit=5 audit_backlog_limit=64
01-01 08:01:47.357 2992 2992 E audit : rate limit exceeded
06-06 19:31:23.720 2942 3023 I efs.base: lt=event`ev_ct=efs_core`ev_ac=log_lag`tm=2025-06-06 19:31:71`dn=771f93e8-8eaa-49df-8b16-e1b19b668479`ps=com.dangbei.screencast`um_os=android`stime=1749209473308`pid=2942`fr=android`pkg=com.dangbei.screencast`vcode=20830`dsp_w=1920`uid=771f93e8-8eaa-49df-8b16-e1b19b668479`rom=12`wid=771f93e8-8eaa-49df-8b16-e1b19b668479`um_app_carrier=`um_access=wifi`um_app_channel=os`um_crash_sdk_version=1.4.0`ctime=1749209483`model=dbbox-a2`lang=zh`net=wifi`brand=dangbei`dsp_h=1080`um_network_type=0`ver=v2.8.3`cnt=2`build_model=DBBOX-A2`w_tm=1749209483`appid=5fc60c21094d637f3130af19`um_umid_header=ai4e7fa82b434271882c971661bb5632b7`sdk=31`tzone=Asia/Shanghai`sdk_ver=1.3.6.umeng
06-06 19:31:23.948 2942 3023 I efs.base: wa upload succ, HttpResponse {succ=true, code=200, data='暂不支持该服务', extra={req_url=https://errlog.umeng.com/api/crashsdk/logcollect}}
06-06 19:31:23.950 2942 3011 I efs.base: wa upload succ, HttpResponse {succ=true, code=200, data='暂不支持该服务', extra={req_url=https://errlog.umeng.com/api/crashsdk/logcollect}}
06-06 19:31:24.294 475 519 W IorapForwardingService: No service published for: iorapd
06-06 19:31:24.560 657 657 E WifiHAL : wifi_get_link_stats: requestResponse Error:-5
06-06 19:31:24.562 475 607 E WifiVendorHal: getWifiLinkLayerStats_1_5_Internal(l.1191) failed {.code = ERROR_INVALID_ARGS, .description = }
06-06 19:31:25.295 475 519 W IorapForwardingService: No service published for: iorapd
06-06 19:31:26.064 2264 2338 I TDLog : [APP] New data found, Submitting...
06-06 19:31:26.105 475 1017 W ZramWriteback: Writeback device is not set
06-06 19:31:26.105 475 1017 D ZramWriteback: wait to flush
06-06 19:31:26.106 2264 2338 I TDLog : [APP] Failed to submit data!
06-06 19:31:26.150 2942 2942 I cling--ap-1: type=1400 audit(0.0:1113): avc: denied { search } for name="net" dev="sysfs" ino=10442 scontext=u:r:platform_app:s0:c512,c768 tcontext=u:object_r:sysfs_net:s0 tclass=dir permissive=1 app=com.dangbei.screencast
06-06 19:31:26.297 475 519 W IorapForwardingService: No service published for: iorapd
01-01 08:01:50.534 381 381 W hdr10p_Configure: 66 callbacks suppressed
01-01 08:01:50.534 381 381 I : DVI mode selected: packets not configured
01-01 08:01:50.534 381 381 W set_vsif_config: 66 callbacks suppressed
01-01 08:01:50.534 381 381 I : Error: set vsif failed
01-01 08:01:50.553 381 381 I : DVI mode selected: packets not configured
01-01 08:01:50.553 381 381 I : Error: set vsif failed
01-01 08:01:50.568 381 381 I : DVI mode selected: packets not configured
01-01 08:01:50.568 381 381 I : Error: set vsif failed
01-01 08:01:50.585 381 381 I : DVI mode selected: packets not configured
01-01 08:01:50.585 381 381 I : Error: set vsif failed
01-01 08:01:50.600 381 381 I : DVI mode selected: packets not configured
01-01 08:01:50.600 381 381 I : Error: set vsif failed
01-01 08:01:50.616 381 381 I : DVI mode selected: packets not configured
01-01 08:01:50.616 381 381 I : Error: set vsif failed
01-01 08:01:50.625 381 381 I : DVI mode selected: packets not configured
01-01 08:01:50.625 381 381 I : Error: set vsif failed
01-01 08:01:50.641 381 381 I : DVI mode selected: packets not configured
01-01 08:01:50.641 381 381 I : Error: set vsif failed
01-01 08:01:50.657 381 381 I : DVI mode selected: packets not configured
01-01 08:01:50.658 381 381 I : Error: set vsif failed
01-01 08:01:50.674 381 381 I : DVI mode selected: packets not configured
01-01 08:01:50.674 381 381 I : Error: set vsif failed
06-06 19:31:27.300 475 519 W IorapForwardingService: No service published for: iorapd
06-06 19:31:27.572 657 657 E WifiHAL : wifi_get_link_stats: requestResponse Error:-5
06-06 19:31:27.574 475 607 E WifiVendorHal: getWifiLinkLayerStats_1_5_Internal(l.1191) failed {.code = ERROR_INVALID_ARGS, .description = }
06-06 19:31:28.301 475 519 W IorapForwardingService: No service published for: iorapd
06-06 19:31:28.628 2942 2982 I crashsdk: crashsdk uploading logs
06-06 19:31:29.019 2264 2341 D UtilLog : 日志批量上报 进行正常循环 !!!!!!本次有0次请求,共0条数据
06-06 19:31:29.303 475 519 W IorapForwardingService: No service published for: iorapd
06-06 19:31:29.780 205 3189 I keystore2: keystore2::watchdog: Watchdog thread idle -> terminating. Have a great day.
06-06 19:31:30.305 475 519 W IorapForwardingService: No service published for: iorapd
06-06 19:31:30.585 657 657 E WifiHAL : wifi_get_link_stats: requestResponse Error:-5
06-06 19:31:30.587 475 607 E WifiVendorHal: getWifiLinkLayerStats_1_5_Internal(l.1191) failed {.code = ERROR_INVALID_ARGS, .description = }
06-06 19:31:31.308 475 519 W IorapForwardingService: No service published for: iorapd
06-06 19:31:31.425 1200 1200 D bbb : onStartCommand begin !!!!!!! data分区剩余 24969MB
06-06 19:31:31.427 1142 1142 D aaa : LedStatusService onStartCommand begin
06-06 19:31:31.431 1142 3280 D aaa : topPkg is -------------- :com.dangbei.leard.leradlauncher
06-06 19:31:31.436 1142 3280 D aaa : WiFi is connect
06-06 19:31:32.198 2942 2942 I cling--ap-2: type=1400 audit(0.0:1114): avc: denied { read } for name="address" dev="sysfs" ino=16906 scontext=u:r:platform_app:s0:c512,c768 tcontext=u:object_r:sysfs_net:s0 tclass=file permissive=1 app=com.dangbei.screencast
06-06 19:31:32.198 2942 2942 I cling--ap-2: type=1400 audit(0.0:1115): avc: denied { open } for path="/sys/devices/virtual/net/dummy0/address" dev="sysfs" ino=16906 scontext=u:r:platform_app:s0:c512,c768 tcontext=u:object_r:sysfs_net:s0 tclass=file permissive=1 app=com.dangbei.screencast
06-06 19:31:32.198 2942 2942 I cling--ap-2: type=1400 audit(0.0:1116): avc: denied { getattr } for path="/sys/devices/virtual/net/dummy0/address" dev="sysfs" ino=16906 scontext=u:r:platform_app:s0:c512,c768 tcontext=u:object_r:sysfs_net:s0 tclass=file permissive=1 app=com.dangbei.screencast
06-06 19:31:32.310 475 519 W IorapForwardingService: No service published for: iorapd
01-01 08:01:56.562 381 381 W hdr10p_Configure: 64 callbacks suppressed
01-01 08:01:56.562 381 381 I : DVI mode selected: packets not configured
01-01 08:01:56.562 381 381 W set_vsif_config: 64 callbacks suppressed
01-01 08:01:56.562 381 381 I : Error: set vsif failed
01-01 08:01:56.581 381 381 I : DVI mode selected: packets not configured
01-01 08:01:56.581 381 381 I : Error: set vsif failed
01-01 08:01:56.597 381 381 I : DVI mode selected: packets not configured
01-01 08:01:56.597 381 381 I : Error: set vsif failed
01-01 08:01:56.613 381 381 I : DVI mode selected: packets not configured
01-01 08:01:56.613 381 381 I : Error: set vsif failed
01-01 08:01:56.625 381 381 I : DVI mode selected: packets not configured
01-01 08:01:56.625 381 381 I : Error: set vsif failed
01-01 08:01:56.643 381 381 I : DVI mode selected: packets not configured
01-01 08:01:56.643 381 381 I : Error: set vsif failed
01-01 08:01:56.659 381 381 I : DVI mode selected: packets not configured
01-01 08:01:56.659 381 381 I : Error: set vsif failed
01-01 08:01:56.676 381 381 I : DVI mode selected: packets not configured
01-01 08:01:56.676 381 381 I : Error: set vsif failed
01-01 08:01:56.691 381 381 I : DVI mode selected: packets not configured
01-01 08:01:56.691 381 381 I : Error: set vsif failed
01-01 08:01:56.708 381 381 I : DVI mode selected: packets not configured
01-01 08:01:56.708 381 381 I : Error: set vsif failed
06-06 19:31:33.312 475 519 W IorapForwardingService: No service published for: iorapd
06-06 19:31:33.602 657 657 E WifiHAL : wifi_get_link_stats: requestResponse Error:-5
06-06 19:31:33.605 475 607 E WifiVendorHal: getWifiLinkLayerStats_1_5_Internal(l.1191) failed {.code = ERROR_INVALID_ARGS, .description = }
06-06 19:31:34.314 475 519 W IorapForwardingService: No service published for: iorapd
06-06 19:31:35.316 475 519 W IorapForwardingService: No service published for: iorapd
06-06 19:31:36.319 475 519 W IorapForwardingService: No service published for: iorapd
06-06 19:31:36.622 657 657 E WifiHAL : wifi_get_link_stats: requestResponse Error:-5
06-06 19:31:36.624 475 607 E WifiVendorHal: getWifiLinkLayerStats_1_5_Internal(l.1191) failed {.code = ERROR_INVALID_ARGS, .description = }
06-06 19:31:37.322 475 519 W IorapForwardingService: No service published for: iorapd
06-06 19:31:38.324 475 519 W IorapForwardingService: No service published for: iorapd
06-06 19:31:38.520 263 277 D hdmi-cec: receive invalid cec message!
06-06 19:31:38.520 263 277 D hdmi-cec: receive poll message [04], skip!
01-01 08:02:02.566 381 381 W hdr10p_Configure: 64 callbacks suppressed
01-01 08:02:02.566 381 381 I : DVI mode selected: packets not configured
01-01 08:02:02.566 381 381 W set_vsif_config: 64 callbacks suppressed
01-01 08:02:02.566 381 381 I : Error: set vsif failed
01-01 08:02:02.586 381 381 I : DVI mode selected: packets not configured
01-01 08:02:02.586 381 381 I : Error: set vsif failed
01-01 08:02:02.601 381 381 I : DVI mode selected: packets not configured
01-01 08:02:02.601 381 381 I : Error: set vsif failed
01-01 08:02:02.617 381 381 I : DVI mode selected: packets not configured
01-01 08:02:02.617 381 381 I : Error: set vsif failed
01-01 08:02:02.624 381 381 I : DVI mode selected: packets not configured
01-01 08:02:02.624 381 381 I : Error: set vsif failed
01-01 08:02:02.653 381 381 I : DVI mode selected: packets not configured
01-01 08:02:02.653 381 381 I : Error: set vsif failed
06-06 19:31:39.019 2264 2341 D UtilLog : 日志批量上报 进行正常循环 !!!!!!本次有0次请求,共0条数据
01-01 08:02:02.669 381 381 I : DVI mode selected: packets not configured
01-01 08:02:02.669 381 381 I : Error: set vsif failed
01-01 08:02:02.684 381 381 I : DVI mode selected: packets not configured
01-01 08:02:02.684 381 381 I : Error: set vsif failed
01-01 08:02:02.692 381 381 I : DVI mode selected: packets not configured
01-01 08:02:02.692 381 381 I : Error: set vsif failed
01-01 08:02:02.708 381 381 I : DVI mode selected: packets not configured
01-01 08:02:02.708 381 381 I : Error: set vsif failed
06-06 19:31:39.327 475 519 W IorapForwardingService: No service published for: iorapd
06-06 19:31:39.471 1200 1200 D bbb : onStartCommand begin !!!!!!! data分区剩余 24969MB
06-06 19:31:39.473 1142 1142 D aaa : LedStatusService onStartCommand begin
06-06 19:31:39.474 1142 3293 D aaa : topPkg is -------------- :com.dangbei.leard.leradlauncher
06-06 19:31:39.485 1142 3293 D aaa : WiFi is connect
06-06 19:31:39.642 657 657 E WifiHAL : wifi_get_link_stats: requestResponse Error:-5
06-06 19:31:39.645 475 607 E WifiVendorHal: getWifiLinkLayerStats_1_5_Internal(l.1191) failed {.code = ERROR_INVALID_ARGS, .description = }
06-06 19:31:40.329 475 519 W IorapForwardingService: No service published for: iorapd
06-06 19:31:41.330 475 519 W IorapForwardingService: No service published for: iorapd
06-06 19:31:42.333 475 519 W IorapForwardingService: No service published for: iorapd
06-06 19:31:42.661 657 657 E WifiHAL : wifi_get_link_stats: requestResponse Error:-5
06-06 19:31:42.663 475 607 E WifiVendorHal: getWifiLinkLayerStats_1_5_Internal(l.1191) failed {.code = ERROR_INVALID_ARGS, .description = }
06-06 19:31:43.335 475 519 W IorapForwardingService: No service published for: iorapd
06-06 19:31:44.336 475 519 W IorapForwardingService: No service published for: iorapd
01-01 08:02:08.568 381 381 W hdr10p_Configure: 64 callbacks suppressed
01-01 08:02:08.568 381 381 I : DVI mode selected: packets not configured
01-01 08:02:08.568 381 381 W set_vsif_config: 64 callbacks suppressed
01-01 08:02:08.568 381 381 I : Error: set vsif failed
01-01 08:02:08.592 381 381 I : DVI mode selected: packets not configured
01-01 08:02:08.592 381 381 I : Error: set vsif failed
01-01 08:02:08.610 381 381 I : DVI mode selected: packets not configured
01-01 08:02:08.610 381 381 I : Error: set vsif failed
01-01 08:02:08.626 381 381 I : DVI mode selected: packets not configured
01-01 08:02:08.626 381 381 I : Error: set vsif failed
01-01 08:02:08.642 381 381 I : DVI mode selected: packets not configured
01-01 08:02:08.642 381 381 I : Error: set vsif failed
01-01 08:02:08.658 381 381 I : DVI mode selected: packets not configured
01-01 08:02:08.658 381 381 I : Error: set vsif failed
01-01 08:02:08.675 381 381 I : DVI mode selected: packets not configured
01-01 08:02:08.675 381 381 I : Error: set vsif failed
01-01 08:02:08.692 381 381 I : DVI mode selected: packets not configured
01-01 08:02:08.692 381 381 I : Error: set vsif failed
01-01 08:02:08.708 381 381 I : DVI mode selected: packets not configured
01-01 08:02:08.708 381 381 I : Error: set vsif failed
01-01 08:02:08.725 381 381 I : DVI mode selected: packets not configured
01-01 08:02:08.725 381 381 I : Error: set vsif failed
06-06 19:31:45.339 475 519 W IorapForwardingService: No service published for: iorapd
06-06 19:31:45.680 657 657 E WifiHAL : wifi_get_link_stats: requestResponse Error:-5
06-06 19:31:45.682 475 607 E WifiVendorHal: getWifiLinkLayerStats_1_5_Internal(l.1191) failed {.code = ERROR_INVALID_ARGS, .description = }
06-06 19:31:46.342 475 519 W IorapForwardingService: No service published for: iorapd
06-06 19:31:47.344 475 519 W IorapForwardingService: No service published for: iorapd
06-06 19:31:47.418 2942 2951 I gbei.screencas: Background concurrent copying GC freed 239866(20MB) AllocSpace objects, 33(1984KB) LOS objects, 49% free, 6779KB/13MB, paused 212us total 201.635ms
06-06 19:31:47.523 1200 1200 D bbb : onStartCommand begin !!!!!!! data分区剩余 24969MB
06-06 19:31:47.524 1142 1142 D aaa : LedStatusService onStartCommand begin
06-06 19:31:47.525 1142 3305 D aaa : topPkg is -------------- :com.dangbei.leard.leradlauncher
06-06 19:31:47.530 1142 3305 D aaa : WiFi is connect
06-06 19:31:48.348 475 519 W IorapForwardingService: No service published for: iorapd
06-06 19:31:48.699 657 657 E WifiHAL : wifi_get_link_stats: requestResponse Error:-5
06-06 19:31:48.702 475 607 E WifiVendorHal: getWifiLinkLayerStats_1_5_Internal(l.1191) failed {.code = ERROR_INVALID_ARGS, .description = }
06-06 19:31:49.003 2264 2341 D UtilLog : 日志批量上报 进行正常循环 !!!!!!本次有0次请求,共0条数据
06-06 19:31:49.030 2942 2942 I ModuleDataForwa: type=1400 audit(0.0:1117): avc: denied { open } for path="/data/user/0/com.dangbei.screencast/files/TD__Env_Synchronous_Lock__" dev="mmcblk0p25" ino=2665 scontext=u:r:platform_app:s0:c512,c768 tcontext=u:object_r:app_data_file:s0:c512,c768 tclass=file permissive=1 app=com.dangbei.screencast
06-06 19:31:49.030 2942 2942 I ModuleDataForwa: type=1400 audit(0.0:1118): avc: denied { lock } for path="/data/user/0/com.dangbei.screencast/files/TD__Env_Synchronous_Lock__" dev="mmcblk0p25" ino=2665 scontext=u:r:platform_app:s0:c512,c768 tcontext=u:object_r:app_data_file:s0:c512,c768 tclass=file permissive=1 app=com.dangbei.screencast
06-06 19:31:49.270 2942 2942 I ModuleDataForwa: type=1400 audit(0.0:1119): avc: denied { unlink } for name="1749209471452_2821" dev="mmcblk0p25" ino=55147 scontext=u:r:platform_app:s0:c512,c768 tcontext=u:object_r:app_data_file:s0:c512,c768 tclass=file permissive=1 app=com.dangbei.screencast
06-06 19:31:49.350 475 519 W IorapForwardingService: No service published for: iorapd
06-06 19:31:50.353 475 519 W IorapForwardingService: No service published for: iorapd
01-01 08:02:14.581 381 381 W hdr10p_Configure: 64 callbacks suppressed
01-01 08:02:14.581 381 381 I : DVI mode selected: packets not configured
01-01 08:02:14.581 381 381 W set_vsif_config: 64 callbacks suppressed
01-01 08:02:14.581 381 381 I : Error: set vsif failed
01-01 08:02:14.604 381 381 I : DVI mode selected: packets not configured
01-01 08:02:14.604 381 381 I : Error: set vsif failed
01-01 08:02:14.619 381 381 I : DVI mode selected: packets not configured
01-01 08:02:14.619 381 381 I : Error: set vsif failed
01-01 08:02:14.635 381 381 I : DVI mode selected: packets not configured
01-01 08:02:14.635 381 381 I : Error: set vsif failed
01-01 08:02:14.642 381 381 I : DVI mode selected: packets not configured
01-01 08:02:14.642 381 381 I : Error: set vsif failed
01-01 08:02:14.662 381 381 I : DVI mode selected: packets not configured
01-01 08:02:14.662 381 381 I : Error: set vsif failed
01-01 08:02:14.677 381 381 I : DVI mode selected: packets not configured
01-01 08:02:14.677 381 381 I : Error: set vsif failed
01-01 08:02:14.693 381 381 I : DVI mode selected: packets not configured
01-01 08:02:14.693 381 381 I : Error: set vsif failed
01-01 08:02:14.708 381 381 I : DVI mode selected: packets not configured
01-01 08:02:14.708 381 381 I : Error: set vsif failed
01-01 08:02:14.725 381 381 I : DVI mode selected: packets not configured
01-01 08:02:14.725 381 381 I : Error: set vsif failed
06-06 19:31:51.355 475 519 W IorapForwardingService: No service published for: iorapd
06-06 19:31:51.718 657 657 E WifiHAL : wifi_get_link_stats: requestResponse Error:-5
06-06 19:31:51.720 475 607 E WifiVendorHal: getWifiLinkLayerStats_1_5_Internal(l.1191) failed {.code = ERROR_INVALID_ARGS, .description = }
06-06 19:31:52.357 475 519 W IorapForwardingService: No service published for: iorapd
06-06 19:31:53.359 475 519 W IorapForwardingService: No service published for: iorapd
06-06 19:31:53.545 263 277 D hdmi-cec: receive invalid cec message!
06-06 19:31:53.545 263 277 D hdmi-cec: receive poll message [04], skip!
06-06 19:31:54.367 475 519 W IorapForwardingService: No service published for: iorapd
06-06 19:31:54.739 657 657 E WifiHAL : wifi_get_link_stats: requestResponse Error:-5
06-06 19:31:54.741 475 607 E WifiVendorHal: getWifiLinkLayerStats_1_5_Internal(l.1191) failed {.code = ERROR_INVALID_ARGS, .description = }
06-06 19:31:55.369 475 519 W IorapForwardingService: No service published for: iorapd
06-06 19:31:55.568 1142 1142 D aaa : LedStatusService onStartCommand begin
06-06 19:31:55.569 1142 3319 D aaa : topPkg is -------------- :com.dangbei.leard.leradlauncher
06-06 19:31:55.572 1200 1200 D bbb : onStartCommand begin !!!!!!! data分区剩余 24969MB
06-06 19:31:55.574 1142 3319 D aaa : WiFi is connect
06-06 19:31:56.107 475 1017 W ZramWriteback: Writeback device is not set
06-06 19:31:56.107 475 1017 D ZramWriteback: wait to flush
06-06 19:31:56.372 475 519 W IorapForwardingService: No service published for: iorapd
01-01 08:02:20.601 381 381 W hdr10p_Configure: 64 callbacks suppressed
01-01 08:02:20.601 381 381 I : DVI mode selected: packets not configured
01-01 08:02:20.601 381 381 W set_vsif_config: 64 callbacks suppressed
01-01 08:02:20.601 381 381 I : Error: set vsif failed
01-01 08:02:20.626 381 381 I : DVI mode selected: packets not configured
01-01 08:02:20.626 381 381 I : Error: set vsif failed
