06-06 13:42:33.328 1359 1359 V GraphicsEnvironment: ANGLE Developer option for 'com.dangbei.lerad.rocky' set to: 'default'
06-06 13:42:33.330 475 475 D AudioManagerPolicy: get AUDIO_MANAGE_POLICY is 2
01-01 08:00:24.670 1405 1405 W audit : audit_lost=46 audit_rate_limit=5 audit_backlog_limit=64
01-01 08:00:24.670 1405 1405 E audit : rate limit exceeded
06-06 13:42:33.338 475 475 E AudioDeviceManagerObserver: Could not parse switch state for /sys/devices/virtual/switch/h2w/state ,fail because /sys/devices/virtual/switch/h2w/state: open failed: ENOENT (No such file or directory)
06-06 13:42:33.338 475 475 D AudioManagerPolicy: no usb audio i=3 size=3
06-06 13:42:33.349 1359 1359 V GraphicsEnvironment: Neither updatable production driver nor prerelease driver is supported.
06-06 13:42:33.352 475 475 D AudioManagerPolicy: curType4 isHdmiPlugin =true
06-06 13:42:33.360 1248 1324 I CallLogProvider: Will sync following Uris:[]
06-06 13:42:33.361 1248 1324 I CallLogProvider: Syncing call composer pics -- got []
06-06 13:42:33.363 475 475 D AudioManagerPolicy: hdmi is available on init.
06-06 13:42:33.363 475 475 D AudioManagerPolicy: notifyHdmiAvailable hdmi is available
06-06 13:42:33.367 1359 1359 D NetworkSecurityConfig: No Network Security Config specified, using platform default
06-06 13:42:33.367 1359 1359 D NetworkSecurityConfig: No Network Security Config specified, using platform default
06-06 13:42:33.396 1359 1359 I MultiDex: VM with version 2.1.0 has multidex support
06-06 13:42:33.397 1359 1359 I MultiDex: Installing application
06-06 13:42:33.397 1359 1359 I MultiDex: VM has multidex support, MultiDex support library is disabled.
06-06 13:42:33.430 1257 1494 I crashsdk: version unique build id: 6230cced
06-06 13:42:33.454 666 666 V TvNotificationHandler: Notification not added because it isn't relevant for tv
06-06 13:42:33.468 1257 1503 D crashsdk: Native log stat thread 1503 setup, waiting
06-06 13:42:33.468 1257 1405 I crashsdk: begin hack android.os.Process
06-06 13:42:33.471 666 666 V TvNotificationHandler: Notification not added because it isn't relevant for tv
06-06 13:42:33.475 1100 1328 D hq : NetWorkStateReceiver:::检查网络,并且持续更新 isConnect=false
06-06 13:42:33.481 248 445 D audio_hw_primary: Mic get_audio_devices_active:
06-06 13:42:33.481 248 445 D audio_hw_primary: get_audio_devices_active: AUDIO_HDMI
06-06 13:42:33.482 248 298 D xm_audio: adev_get_parameters
06-06 13:42:33.486 268 627 I hash_map_utils: system/bt/osi/src/hash_map_utils.cc:81 hash_map_utils_dump_string_keys_string_values: key: 'audio_devices_out_active' value: ''
06-06 13:42:33.489 475 475 D AudioManagerEx: type audio_devices_out_active list AUDIO_HDMI=
06-06 13:42:33.490 475 475 D AudioManagerEx: AudioManagerEx
06-06 13:42:33.490 475 475 D AudioManagerPolicy: save audio is AUDIO_HDMI
06-06 13:42:33.491 475 475 D AudioManagerPolicy: get AUDIO_MANAGE_POLICY is 2
06-06 13:42:33.491 475 475 D AudioManagerPolicy: POLICY_2 Remove USB Audio or No USB Audio Output Device Connected!
06-06 13:42:33.492 475 475 D AudioManagerEx: state=audio_devices_out_active,dev=[AUDIO_HDMI]
06-06 13:42:33.492 475 475 D AudioManagerEx: enablePassThrough = true
06-06 13:42:33.494 475 475 D AudioManagerEx: Hdmi status true,true,1
06-06 13:42:33.494 475 475 D AudioManagerEx: HDMI AUDIO_HDMI
06-06 13:42:33.494 475 475 D AudioManagerEx: AUDIO_NAME_HDMI
06-06 13:42:33.502 248 445 V audio_hw_primary: adev_set_parameters, mediasw.sft.rawdata=HDMI_RAW
06-06 13:42:33.506 475 475 D AudioManagerEx: audio=AUDIO_HDMI
06-06 13:42:33.507 248 445 V audio_hw_primary: adev_set_parameters, audio_devices_out_active=AUDIO_HDMI
06-06 13:42:33.507 248 445 V audio_hw_primary: out AUDIO_PARAMETER_DEVICES_OUT_ACTIVE: AUDIO_HDMI
06-06 13:42:33.513 248 445 V audio_hw_primary: set property persist.vendor.audio.output.active: AUDIO_HDMI ok
06-06 13:42:33.513 248 445 V audio_hw_primary: AUDIO_HDMI output device will be active
06-06 13:42:33.515 475 475 D AudioManagerEx: Update Settings.System.AUDIO_OUTPUT_CHANNEL, now save audio is AUDIO_HDMI
06-06 13:42:33.516 475 475 D AudioManagerPolicy: get AUDIO_MANAGE_POLICY is 2
06-06 13:42:33.517 248 445 D audio_hw_primary: getAudioDevices()
06-06 13:42:33.517 248 445 D audio_hw_primary: out dev:AUDIO_CODEC
06-06 13:42:33.517 248 445 D audio_hw_primary: in dev:AUDIO_SPDIF
06-06 13:42:33.518 248 445 D audio_hw_primary: out dev:AUDIO_SPDIF
06-06 13:42:33.518 248 445 D audio_hw_primary: in dev:AUDIO_HDMI
06-06 13:42:33.518 248 445 D audio_hw_primary: out dev:AUDIO_HDMI
06-06 13:42:33.518 248 445 D audio_hw_primary: in dev:AUDIO_I2S2
06-06 13:42:33.518 248 445 D audio_hw_primary: in capture: AUDIO_SPDIF,AUDIO_HDMI,AUDIO_I2S2
06-06 13:42:33.518 248 298 D xm_audio: adev_get_parameters
06-06 13:42:33.519 268 627 I hash_map_utils: system/bt/osi/src/hash_map_utils.cc:81 hash_map_utils_dump_string_keys_string_values: key: 'audio_devices_in' value: ''
06-06 13:42:33.519 475 475 D AudioManagerEx: type audio_devices_in list AUDIO_SPDIF,AUDIO_HDMI,AUDIO_I2S2=
06-06 13:42:33.520 475 475 D AudioManagerEx: state=audio_devices_in_active,dev=[AUDIO_CODEC]
06-06 13:42:33.520 475 475 D AudioManagerEx: enablePassThrough = true
06-06 13:42:33.520 475 475 D AudioManagerEx: audio=AUDIO_CODEC
06-06 13:42:33.520 248 445 V audio_hw_primary: adev_set_parameters, audio_devices_in_active=AUDIO_CODEC
06-06 13:42:33.521 248 445 V audio_hw_primary: in AUDIO_PARAMETER_DEVICES_IN_ACTIVE: AUDIO_CODEC
06-06 13:42:33.526 248 445 V audio_hw_primary: set property persist.vendor.audio.input.active: AUDIO_CODEC ok
06-06 13:42:33.529 475 475 W Looper : Slow dispatch took 406ms main h=android.app.ActivityThread$H c=android.app.LoadedApk$ReceiverDispatcher$Args$$ExternalSyntheticLambda0@12d07a8 m=0
06-06 13:42:33.538 1100 1362 D MobclickAgent: 延续上一个会话: BB8475659EE4077AF5F42F6161B734B2
06-06 13:42:33.538 475 475 W Looper : Slow delivery took 346ms main h=android.app.ActivityThread$H c=android.os.storage.StorageManager$StorageEventListenerDelegate$$ExternalSyntheticLambda2@c71a2c1 m=0
06-06 13:42:33.544 355 369 D installd: Found quota mount /dev/block/by-name/userdata at /data
06-06 13:42:33.544 355 369 D installd: Found quota mount /dev/block/by-name/userdata at /data/user/0
06-06 13:42:33.544 355 369 D installd: Found quota mount /dev/block/by-name/userdata at /mnt/pass_through/0/emulated
06-06 13:42:33.545 355 369 D installd: Found quota mount /dev/block/by-name/userdata at /mnt/user/0/emulated/0/Android/data
06-06 13:42:33.545 355 369 D installd: Found quota mount /dev/block/by-name/userdata at /storage/emulated/0/Android/data
06-06 13:42:33.545 355 369 D installd: Found quota mount /dev/block/by-name/userdata at /mnt/androidwritable/0/emulated/0/Android/data
06-06 13:42:33.545 355 369 D installd: Found quota mount /dev/block/by-name/userdata at /mnt/installer/0/emulated/0/Android/data
06-06 13:42:33.545 355 369 D installd: Found quota mount /dev/block/by-name/userdata at /mnt/user/0/emulated/0/Android/obb
06-06 13:42:33.545 355 369 D installd: Found quota mount /dev/block/by-name/userdata at /storage/emulated/0/Android/obb
06-06 13:42:33.545 355 369 D installd: Found quota mount /dev/block/by-name/userdata at /mnt/androidwritable/0/emulated/0/Android/obb
06-06 13:42:33.545 355 369 D installd: Found quota mount /dev/block/by-name/userdata at /mnt/installer/0/emulated/0/Android/obb
06-06 13:42:33.549 355 369 D installd: Found storage mount /dev/block/by-name/userdata at /mnt/pass_through/0/emulated
06-06 13:42:33.584 1100 1388 W System.err: java.net.UnknownHostException: Unable to resolve host "utoken.umeng.com": No address associated with hostname
06-06 13:42:33.584 1100 1388 W System.err: at java.net.Inet6AddressImpl.lookupHostByName(Inet6AddressImpl.java:156)
06-06 13:42:33.584 1100 1388 W System.err: at java.net.Inet6AddressImpl.lookupAllHostAddr(Inet6AddressImpl.java:103)
06-06 13:42:33.584 1100 1388 W System.err: at java.net.InetAddress.getAllByName(InetAddress.java:1152)
06-06 13:42:33.584 1100 1388 W System.err: at com.android.okhttp.Dns$1.lookup(Dns.java:41)
06-06 13:42:33.584 1100 1388 W System.err: at com.android.okhttp.internal.http.RouteSelector.resetNextInetSocketAddress(RouteSelector.java:178)
06-06 13:42:33.584 1100 1388 W System.err: at com.android.okhttp.internal.http.RouteSelector.nextProxy(RouteSelector.java:144)
06-06 13:42:33.584 1100 1388 W System.err: at com.android.okhttp.internal.http.RouteSelector.next(RouteSelector.java:86)
06-06 13:42:33.585 1100 1388 W System.err: at com.android.okhttp.internal.http.StreamAllocation.findConnection(StreamAllocation.java:176)
06-06 13:42:33.585 1100 1388 W System.err: at com.android.okhttp.internal.http.StreamAllocation.findHealthyConnection(StreamAllocation.java:128)
06-06 13:42:33.585 1100 1388 W System.err: at com.android.okhttp.internal.http.StreamAllocation.newStream(StreamAllocation.java:97)
06-06 13:42:33.585 1100 1388 W System.err: at com.android.okhttp.internal.http.HttpEngine.connect(HttpEngine.java:289)
06-06 13:42:33.585 1100 1388 W System.err: at com.android.okhttp.internal.http.HttpEngine.sendRequest(HttpEngine.java:232)
06-06 13:42:33.585 1100 1388 W System.err: at com.android.okhttp.internal.huc.HttpURLConnectionImpl.execute(HttpURLConnectionImpl.java:465)
06-06 13:42:33.585 1100 1388 W System.err: at com.android.okhttp.internal.huc.HttpURLConnectionImpl.connect(HttpURLConnectionImpl.java:131)
06-06 13:42:33.585 1100 1388 W System.err: at com.android.okhttp.internal.huc.HttpURLConnectionImpl.getOutputStream(HttpURLConnectionImpl.java:262)
06-06 13:42:33.585 1100 1388 W System.err: at com.android.okhttp.internal.huc.DelegatingHttpsURLConnection.getOutputStream(DelegatingHttpsURLConnection.java:219)
06-06 13:42:33.585 1100 1388 W System.err: at com.android.okhttp.internal.huc.HttpsURLConnectionImpl.getOutputStream(HttpsURLConnectionImpl.java:30)
06-06 13:42:33.585 1100 1388 W System.err: at com.umeng.umzid.a.a(SourceFile:80)
06-06 13:42:33.585 1100 1388 W System.err: at com.umeng.umzid.ZIDManager.b(SourceFile:298)
06-06 13:42:33.585 1100 1388 W System.err: at com.umeng.umzid.ZIDManager$b.run(Unknown Source:4)
06-06 13:42:33.585 1100 1388 W System.err: at java.util.concurrent.Executors$RunnableAdapter.call(Executors.java:462)
06-06 13:42:33.585 1100 1388 W System.err: at java.util.concurrent.FutureTask.run(FutureTask.java:266)
06-06 13:42:33.585 1100 1388 W System.err: at java.util.concurrent.ScheduledThreadPoolExecutor$ScheduledFutureTask.run(ScheduledThreadPoolExecutor.java:301)
06-06 13:42:33.585 1100 1388 W System.err: at java.util.concurrent.ThreadPoolExecutor.runWorker(ThreadPoolExecutor.java:1167)
06-06 13:42:33.585 1100 1388 W System.err: at java.util.concurrent.ThreadPoolExecutor$Worker.run(ThreadPoolExecutor.java:641)
06-06 13:42:33.585 1100 1388 W System.err: at java.lang.Thread.run(Thread.java:920)
06-06 13:42:33.586 1100 1388 W System.err: Caused by: android.system.GaiException: android_getaddrinfo failed: EAI_NODATA (No address associated with hostname)
06-06 13:42:33.586 1100 1388 W System.err: at libcore.io.Linux.android_getaddrinfo(Native Method)
06-06 13:42:33.586 1100 1388 W System.err: at libcore.io.ForwardingOs.android_getaddrinfo(ForwardingOs.java:136)
06-06 13:42:33.586 1100 1388 W System.err: at libcore.io.BlockGuardOs.android_getaddrinfo(BlockGuardOs.java:221)
06-06 13:42:33.586 1100 1388 W System.err: at libcore.io.ForwardingOs.android_getaddrinfo(ForwardingOs.java:136)
06-06 13:42:33.586 1100 1388 W System.err: at java.net.Inet6AddressImpl.lookupHostByName(Inet6AddressImpl.java:135)
06-06 13:42:33.586 1100 1388 W System.err: ... 25 more
06-06 13:42:33.612 181 181 I hwservicemanager: getTransport: Cannot find entry android.hardware.configstore@1.0::ISurfaceFlingerConfigs/default in either framework or device VINTF manifest.
06-06 13:42:33.621 1359 1359 D RockyApplication: init: false
06-06 13:42:33.622 475 475 D AudioDeviceManagerObserver: name: AUDIO_HDMI, state: 0, type: 1
06-06 13:42:33.626 1257 1405 I crashsdk: end hack android.os.Process
06-06 13:42:33.624 1257 1257 I CrashSDKBkgdHan: type=1400 audit(0.0:456): avc: denied { search } for name="com.dangbei.screencast" dev="mmcblk0p25" ino=890 scontext=u:r:platform_app:s0:c512,c768 tcontext=u:object_r:app_data_file:s0:c512,c768 tclass=dir permissive=1 app=com.dangbei.screencast
06-06 13:42:33.641 475 475 I TransportClient: LocalTransportService#0: Notifying [TransportManager.registerTransport()] transport = IBackupTransport
06-06 13:42:33.655 1043 1424 V MediaProvider: onConfigure() for internal.db
06-06 13:42:33.671 275 323 E HWComposer: getSupportedContentTypes: getSupportedContentTypes failed for display 0: Unsupported (8)
06-06 13:42:33.674 181 181 I hwservicemanager: getTransport: Cannot find entry android.hardware.graphics.mapper@4.0::IMapper/default in either framework or device VINTF manifest.
06-06 13:42:33.674 1100 1529 I Gralloc4: mapper 4.x is not supported
06-06 13:42:33.674 181 181 I hwservicemanager: getTransport: Cannot find entry android.hardware.graphics.mapper@3.0::IMapper/default in either framework or device VINTF manifest.
06-06 13:42:33.675 1100 1529 W Gralloc3: mapper 3.x is not supported
06-06 13:42:33.679 1100 1362 W SQLiteLog: (28) double-quoted string literal: "BB8475659EE4077AF5F42F6161B734B2"
06-06 13:42:33.679 1100 1362 W SQLiteLog: (28) double-quoted string literal: ""
06-06 13:42:33.686 1100 1529 E gralloc : Arm Module v1.0
06-06 13:42:33.690 181 181 I hwservicemanager: getTransport: Cannot find entry android.hardware.graphics.allocator@4.0::IAllocator/default in either framework or device VINTF manifest.
06-06 13:42:33.691 1100 1529 W Gralloc4: allocator 4.x is not supported
06-06 13:42:33.691 1100 1362 W SQLiteLog: (28) double-quoted string literal: "BB8475659EE4077AF5F42F6161B734B2"
06-06 13:42:33.691 1100 1362 W SQLiteLog: (28) double-quoted string literal: "-1"
06-06 13:42:33.691 181 181 I hwservicemanager: getTransport: Cannot find entry android.hardware.graphics.allocator@3.0::IAllocator/default in either framework or device VINTF manifest.
06-06 13:42:33.691 1100 1529 W Gralloc3: allocator 3.x is not supported
06-06 13:42:33.699 475 475 D AudioManagerPolicy: On Audio device plug in/out receive,name=AUDIO_HDMI type=1 state=0 extra=null
06-06 13:42:33.699 253 390 I gralloc : alloc buffer:W:1920 H:1080 S:1920 PL[1920 1080] SZ:8294400 fmt:1 if:0 af:1 usg:20000b00 fg:00000004
06-06 13:42:33.699 475 475 V AudioManagerPolicy: chengkan------------- hdmi inactive
06-06 13:42:33.703 1248 1382 I ContactLocale: AddressBook Labels [[zh_CN]]: […, A, B, C, D, E, F, G, H, I, J, K, L, M, N, O, P, Q, R, S, T, U, V, W, X, Y, Z, Α, Β, Γ, Δ, Ε, Ζ, Η, Θ, Ι, Κ, Λ, Μ, Ν, Ξ, Ο, Π, Ρ, Σ, Τ, Υ, Φ, Χ, Ψ, Ω, …, А, Б, В, Г, Д, Ђ, Е, Є, Ж, З, И, І, Й, Ј, К, Л, Љ, М, Н, Њ, О, П, Р, С, Т, Ћ, У, Ф, Х, Ц, Ч, Џ, Ш, Щ, Ю, Я, …, א, ב, ג, ד, ה, ו, ז, ח, ט, י, כ, ל, מ, נ, ס, ע, פ, צ, ק, ר, ש, ת, …, ا, ب, ت, ث, ج, ح, خ, د, ذ, ر, ز, س, ش, ص, ض, ط, ظ, ع, غ, ف, ق, ك, ل, م, ن, ه, و, ي, …, ก, ข, ฃ, ค, ฅ, ฆ, ง, จ, ฉ, ช, ซ, ฌ, ญ, ฎ, ฏ, ฐ, ฑ, ฒ, ณ, ด, ต, ถ, ท, ธ, น, บ, ป, ผ, ฝ, พ, ฟ, ภ, ม, ย, ร, ฤ, ล, ฦ, ว, ศ, ษ, ส, ห, ฬ, อ, ฮ, …, ㄱ, ㄴ, ㄷ, ㄹ, ㅁ, ㅂ, ㅅ, ㅇ, ㅈ, ㅊ, ㅋ, ㅌ, ㅍ, ㅎ, …, あ, か, さ, た, な, は, ま, や, ら, わ, #, …]
06-06 13:42:33.705 1100 1529 E ion : ioctl c0044901 failed with code -1: Inappropriate ioctl for device
06-06 13:42:33.712 475 475 D AudioManagerPolicy: get AUDIO_MANAGE_POLICY is 2
06-06 13:42:33.712 475 475 D AudioManagerPolicy: Policy2 HDMI Plug Out/In Switch! Booting
06-06 13:42:33.712 253 390 I gralloc : alloc buffer:W:1920 H:1080 S:1920 PL[1920 1080] SZ:8294400 fmt:1 if:0 af:1 usg:20000b00 fg:00000004
06-06 13:42:33.719 475 475 D AudioManagerEx: AudioManagerEx
06-06 13:42:33.719 253 253 I gralloc : alloc buffer:W:1920 H:1080 S:1920 PL[1920 1080] SZ:8294400 fmt:1 if:0 af:1 usg:20000b00 fg:00000004
06-06 13:42:33.719 475 475 D AudioManagerPolicy: save audio is AUDIO_HDMI
06-06 13:42:33.719 475 475 D AudioManagerPolicy: get AUDIO_MANAGE_POLICY is 2
06-06 13:42:33.719 475 475 D AudioManagerPolicy: POLICY_2 Remove USB Audio or No USB Audio Output Device Connected!
06-06 13:42:33.727 475 475 D AudioManagerEx: state=audio_devices_out_active,dev=[AUDIO_HDMI]
06-06 13:42:33.727 475 475 D AudioManagerEx: enablePassThrough = true
06-06 13:42:33.732 475 475 D AudioManagerEx: Hdmi status true,true,1
06-06 13:42:33.732 475 475 D AudioManagerEx: HDMI AUDIO_HDMI
06-06 13:42:33.732 475 475 D AudioManagerEx: AUDIO_NAME_HDMI
06-06 13:42:33.732 475 577 W OverlayManager: service 'idmap' died
06-06 13:42:33.734 248 445 V audio_hw_primary: adev_set_parameters, mediasw.sft.rawdata=HDMI_RAW
06-06 13:42:33.737 475 475 D AudioManagerEx: audio=AUDIO_HDMI
06-06 13:42:33.738 248 445 V audio_hw_primary: adev_set_parameters, audio_devices_out_active=AUDIO_HDMI
06-06 13:42:33.739 248 445 V audio_hw_primary: out AUDIO_PARAMETER_DEVICES_OUT_ACTIVE: AUDIO_HDMI
06-06 13:42:33.744 248 445 V audio_hw_primary: set property persist.vendor.audio.output.active: AUDIO_HDMI ok
06-06 13:42:33.745 475 607 D WifiNetworkFactory: got request NetworkRequest [ REQUEST id=28, [ Capabilities: INTERNET&NOT_RESTRICTED&TRUSTED&NOT_VCN_MANAGED Uid: 1000 RequestorUid: 1000 RequestorPkg: com.dangbei.leard.leradlauncher] ]
06-06 13:42:33.745 248 445 V audio_hw_primary: AUDIO_HDMI output device will be active
06-06 13:42:33.745 475 607 D UntrustedWifiNetworkFactory: got request NetworkRequest [ REQUEST id=28, [ Capabilities: INTERNET&NOT_RESTRICTED&TRUSTED&NOT_VCN_MANAGED Uid: 1000 RequestorUid: 1000 RequestorPkg: com.dangbei.leard.leradlauncher] ]
06-06 13:42:33.773 475 475 D AudioManagerEx: Update Settings.System.AUDIO_OUTPUT_CHANNEL, now save audio is AUDIO_HDMI
06-06 13:42:33.778 475 607 D OemPaidWifiNetworkFactory: got request NetworkRequest [ REQUEST id=28, [ Capabilities: INTERNET&NOT_RESTRICTED&TRUSTED&NOT_VCN_MANAGED Uid: 1000 RequestorUid: 1000 RequestorPkg: com.dangbei.leard.leradlauncher] ]
06-06 13:42:33.793 475 475 I ActivityManager: com.android.dynsystem is exempt from freezer
06-06 13:42:33.795 475 607 D WifiScoreReport: setShouldReduceNetworkScore=false mNetworkAgent is null? true
06-06 13:42:33.797 475 607 D WifiClientModeImpl[wlan0]: CMD_START_CONNECT my state DisconnectedState nid=0 roam=false
06-06 13:42:33.800 475 475 D CompatibilityChangeReporter: Compat change id reported: 135634846; UID 1000; state: DISABLED
06-06 13:42:33.807 1100 1312 E hq : ErrorCoroutineExceptionHandler:::runTry error:java.net.UnknownHostException: Unable to resolve host "ottdbui-tyapiqun7.yysh.mgtv.com": No address associated with hostname from=requestAppBarData_loadData
06-06 13:42:33.827 1100 1328 E hq : ErrorCoroutineExceptionHandler:::runTry error:java.net.UnknownHostException: Unable to resolve host "ottdbui-tyapiqun7.yysh.mgtv.com": No address associated with hostname from=requestUserAgreement
06-06 13:42:33.828 1100 1328 E UserProtocolInterceptorImpl: isAgree: 20210615 20210615 true
06-06 13:42:33.837 243 243 D Zygote : Forked child process 1544
06-06 13:42:33.842 1100 1328 E UserProtocolInterceptorImpl: version===>0
06-06 13:42:33.844 475 539 W ActivityManager: Slow operation: 60ms so far, now at startProcess: returned from zygote!
06-06 13:42:33.847 475 539 W ActivityManager: Slow operation: 63ms so far, now at startProcess: done updating battery stats
06-06 13:42:33.852 475 539 W ActivityManager: Slow operation: 67ms so far, now at startProcess: building log message
06-06 13:42:33.852 475 539 I ActivityManager: app.processName = com.android.dynsystem
06-06 13:42:33.852 475 539 I ActivityManager: Start proc 1544:com.android.dynsystem/1000 for broadcast {com.android.dynsystem/com.android.dynsystem.BootCompletedReceiver}
06-06 13:42:33.852 475 539 W ActivityManager: Slow operation: 68ms so far, now at startProcess: starting to update pids map
06-06 13:42:33.853 475 539 W ActivityManager: Slow operation: 68ms so far, now at startProcess: done updating pids map
06-06 13:42:33.858 1544 1544 I Zygote : seccomp disabled by setenforce 0
06-06 13:42:33.862 1100 1100 E hq : NetWorkStateReceiver:::NetWorkStateReceiver onReceive: 网络变化广播 >>>> intent.action=android.net.wifi.SCAN_RESULTS
06-06 13:42:33.894 396 407 I adbd : jdwp connection from 1544
06-06 13:42:33.895 475 521 E ActivityRecord: real home.....com.dangbei.leard.leradlauncher/com.dangbei.launcher.home.LauncherActivity
06-06 13:42:33.895 475 521 E +++ActivityRecord: pre led_switch = 5
06-06 13:42:33.896 1 1 I /system/bin/init: type=1107 audit(0.0:457): uid=0 auid=4294967295 ses=4294967295 subj=u:r:init:s0 msg='avc: denied { set } for property=vendor.led_switch pid=475 uid=1000 gid=1000 scontext=u:r:system_server:s0 tcontext=u:object_r:vendor_default_prop:s0 tclass=property_service permissive=1'
01-01 08:00:25.240 1 1 I init : processing action (vendor.led_switch=*) from (/vendor/etc/init/hw/init.oranth.rc:133)
01-01 08:00:25.243 1 1 I init : starting service 'exec 19 (/vendor/bin/led_switch.sh 5)'...
01-01 08:00:25.256 1 1 I init : SVC_EXEC service 'exec 19 (/vendor/bin/led_switch.sh 5)' pid 1557 (uid 0 gid 0+0 context default) started; waiting...
06-06 13:42:33.916 1257 1257 I Thread-4: type=1400 audit(0.0:458): avc: denied { open } for path="/data/user/0/com.dangbei.screencast/shared_prefs/sp_replace_flag.sp" dev="mmcblk0p25" ino=2073 scontext=u:r:platform_app:s0:c512,c768 tcontext=u:object_r:app_data_file:s0:c512,c768 tclass=file permissive=1 app=com.dangbei.screencast
06-06 13:42:33.926 475 521 W System.err: java.io.IOException: Cannot run program "su": error=2, No such file or directory
06-06 13:42:33.926 475 521 W System.err: at java.lang.ProcessBuilder.start(ProcessBuilder.java:1050)
06-06 13:42:33.926 475 521 W System.err: at java.lang.Runtime.exec(Runtime.java:694)
06-06 13:42:33.926 475 521 W System.err: at java.lang.Runtime.exec(Runtime.java:524)
06-06 13:42:33.924 1257 1257 I pool-2-thread-1: type=1400 audit(0.0:459): avc: denied { lock } for path="/data/user/0/com.dangbei.screencast/shared_prefs/sp_replace_flag.sp" dev="mmcblk0p25" ino=2073 scontext=u:r:platform_app:s0:c512,c768 tcontext=u:object_r:app_data_file:s0:c512,c768 tclass=file permissive=1 app=com.dangbei.screencast
06-06 13:42:33.927 475 521 W System.err: at java.lang.Runtime.exec(Runtime.java:421)
06-06 13:42:33.927 475 521 W System.err: at com.android.server.wm.ActivityRecord.executeCMD(ActivityRecord.java:5940)
06-06 13:42:33.927 475 521 W System.err: at com.android.server.wm.ActivityRecord.onWindowsDrawn(ActivityRecord.java:5992)
06-06 13:42:33.927 475 521 W System.err: at com.android.server.wm.ActivityRecord.updateReportedVisibilityLocked(ActivityRecord.java:6126)
06-06 13:42:33.927 475 521 W System.err: at com.android.server.wm.AppTransitionController.handleOpeningApps(AppTransitionController.java:757)
06-06 13:42:33.927 475 521 W System.err: at com.android.server.wm.AppTransitionController.handleAppTransitionReady(AppTransitionController.java:227)
06-06 13:42:33.927 475 521 W System.err: at com.android.server.wm.RootWindowContainer.checkAppTransitionReady(RootWindowContainer.java:1045)
06-06 13:42:33.927 475 521 W System.err: at com.android.server.wm.RootWindowContainer.performSurfacePlacementNoTrace(RootWindowContainer.java:884)
06-06 13:42:33.927 475 521 W System.err: at com.android.server.wm.RootWindowContainer.performSurfacePlacement(RootWindowContainer.java:820)
06-06 13:42:33.927 475 521 W System.err: at com.android.server.wm.WindowSurfacePlacer.performSurfacePlacementLoop(WindowSurfacePlacer.java:177)
06-06 13:42:33.927 475 521 W System.err: at com.android.server.wm.WindowSurfacePlacer.performSurfacePlacement(WindowSurfacePlacer.java:126)
06-06 13:42:33.927 475 521 W System.err: at com.android.server.wm.WindowSurfacePlacer.performSurfacePlacement(WindowSurfacePlacer.java:115)
06-06 13:42:33.927 475 521 W System.err: at com.android.server.wm.WindowSurfacePlacer$Traverser.run(WindowSurfacePlacer.java:57)
06-06 13:42:33.927 475 521 W System.err: at android.os.Handler.handleCallback(Handler.java:938)
06-06 13:42:33.927 475 521 W System.err: at android.os.Handler.dispatchMessage(Handler.java:99)
06-06 13:42:33.927 475 521 W System.err: at android.os.Looper.loopOnce(Looper.java:201)
06-06 13:42:33.927 475 521 W System.err: at android.os.Looper.loop(Looper.java:288)
06-06 13:42:33.927 475 521 W System.err: at android.os.HandlerThread.run(HandlerThread.java:67)
06-06 13:42:33.927 475 521 W System.err: at com.android.server.ServiceThread.run(ServiceThread.java:44)
06-06 13:42:33.927 475 521 W System.err: Caused by: java.io.IOException: error=2, No such file or directory
06-06 13:42:33.927 475 521 W System.err: at java.lang.UNIXProcess.forkAndExec(Native Method)
06-06 13:42:33.927 475 521 W System.err: at java.lang.UNIXProcess.(UNIXProcess.java:133)
06-06 13:42:33.927 475 521 W System.err: at java.lang.ProcessImpl.start(ProcessImpl.java:141)
06-06 13:42:33.927 475 521 W System.err: at java.lang.ProcessBuilder.start(ProcessBuilder.java:1029)
06-06 13:42:33.927 475 521 W System.err: ... 21 more
06-06 13:42:33.942 514 514 D BootAnimation: BootAnimationStopTiming start time: 23220ms
06-06 13:42:33.936 1557 1557 I led_switch.sh: type=1400 audit(0.0:460): avc: denied { write } for name="tmp" dev="mmcblk0p25" ino=86 scontext=u:r:init:s0 tcontext=u:object_r:shell_data_file:s0 tclass=dir permissive=1 bug=b/77873135
06-06 13:42:33.966 475 521 W System.err: java.io.IOException: Cannot run program "su": error=2, No such file or directory
06-06 13:42:33.967 475 521 W System.err: at java.lang.ProcessBuilder.start(ProcessBuilder.java:1050)
06-06 13:42:33.967 475 521 W System.err: at java.lang.Runtime.exec(Runtime.java:694)
06-06 13:42:33.967 475 521 W System.err: at java.lang.Runtime.exec(Runtime.java:524)
06-06 13:42:33.967 475 521 W System.err: at java.lang.Runtime.exec(Runtime.java:421)
06-06 13:42:33.967 475 521 W System.err: at com.android.server.wm.ActivityRecord.executeCMD(ActivityRecord.java:5940)
06-06 13:42:33.967 475 521 W System.err: at com.android.server.wm.ActivityRecord.onWindowsDrawn(ActivityRecord.java:6001)
06-06 13:42:33.967 475 521 W System.err: at com.android.server.wm.ActivityRecord.updateReportedVisibilityLocked(ActivityRecord.java:6126)
06-06 13:42:33.967 475 521 W System.err: at com.android.server.wm.AppTransitionController.handleOpeningApps(AppTransitionController.java:757)
06-06 13:42:33.967 475 521 W System.err: at com.android.server.wm.AppTransitionController.handleAppTransitionReady(AppTransitionController.java:227)
06-06 13:42:33.967 475 521 W System.err: at com.android.server.wm.RootWindowContainer.checkAppTransitionReady(RootWindowContainer.java:1045)
06-06 13:42:33.967 475 521 W System.err: at com.android.server.wm.RootWindowContainer.performSurfacePlacementNoTrace(RootWindowContainer.java:884)
06-06 13:42:33.967 475 521 W System.err: at com.android.server.wm.RootWindowContainer.performSurfacePlacement(RootWindowContainer.java:820)
06-06 13:42:33.967 475 521 W System.err: at com.android.server.wm.WindowSurfacePlacer.performSurfacePlacementLoop(WindowSurfacePlacer.java:177)
06-06 13:42:33.967 475 521 W System.err: at com.android.server.wm.WindowSurfacePlacer.performSurfacePlacement(WindowSurfacePlacer.java:126)
06-06 13:42:33.967 475 521 W System.err: at com.android.server.wm.WindowSurfacePlacer.performSurfacePlacement(WindowSurfacePlacer.java:115)
06-06 13:42:33.968 475 521 W System.err: at com.android.server.wm.WindowSurfacePlacer$Traverser.run(WindowSurfacePlacer.java:57)
06-06 13:42:33.968 475 521 W System.err: at android.os.Handler.handleCallback(Handler.java:938)
06-06 13:42:33.968 475 521 W System.err: at android.os.Handler.dispatchMessage(Handler.java:99)
06-06 13:42:33.968 475 521 W System.err: at android.os.Looper.loopOnce(Looper.java:201)
06-06 13:42:33.968 475 521 W System.err: at android.os.Looper.loop(Looper.java:288)
06-06 13:42:33.968 475 521 W System.err: at android.os.HandlerThread.run(HandlerThread.java:67)
06-06 13:42:33.968 475 521 W System.err: at com.android.server.ServiceThread.run(ServiceThread.java:44)
06-06 13:42:33.968 475 521 W System.err: Caused by: java.io.IOException: error=2, No such file or directory
06-06 13:42:33.968 475 521 W System.err: at java.lang.UNIXProcess.forkAndExec(Native Method)
06-06 13:42:33.968 475 521 W System.err: at java.lang.UNIXProcess.(UNIXProcess.java:133)
06-06 13:42:33.968 475 521 W System.err: at java.lang.ProcessImpl.start(ProcessImpl.java:141)
06-06 13:42:33.968 475 521 W System.err: at java.lang.ProcessBuilder.start(ProcessBuilder.java:1029)
06-06 13:42:33.968 475 521 W System.err: ... 21 more
06-06 13:42:33.970 475 521 I WindowManager: ******* TELLING SURFACE FLINGER WE ARE BOOTED!
06-06 13:42:33.970 275 528 I SurfaceFlinger: Boot is finished (16356 ms)
06-06 13:42:33.983 180 180 I servicemanager: Found android.hardware.power.IPower/default in device VINTF manifest.
06-06 13:42:33.984 275 322 I PowerAdvisor: Loaded AIDL Power HAL service
06-06 13:42:33.984 262 262 I AW_PowerHAL: check: Mode 6 not Supported ,do nothing
06-06 13:42:33.985 475 1039 D BackupTransportManager: Transport com.android.localtransport/.LocalTransportService registered
06-06 13:42:33.985 475 1039 D BackupManagerService: [UserID:0] Transport com.android.localtransport/.LocalTransport registered 4721ms after first request (delay = 3000ms)
06-06 13:42:33.986 262 262 I AW_PowerHAL: isBoostSupported: 1
01-01 08:00:25.339 1 1 I init : Control message: Processed ctl.stop for 'rainbow_flow' from pid: 1568 (stop rainbow_flow voice breathe flow_led net_disconnect)
01-01 08:00:25.341 1 1 I init : Control message: Processed ctl.stop for 'voice' from pid: 1568 (stop rainbow_flow voice breathe flow_led net_disconnect)
01-01 08:00:25.344 1 1 I init : Control message: Processed ctl.stop for 'breathe' from pid: 1568 (stop rainbow_flow voice breathe flow_led net_disconnect)
01-01 08:00:25.346 1 1 I init : Control message: Processed ctl.stop for 'flow_led' from pid: 1568 (stop rainbow_flow voice breathe flow_led net_disconnect)
01-01 08:00:25.346 1 1 I init : Sending signal 9 to service 'net_disconnect' (pid 1453) process group...
01-01 08:00:25.353 1 1 I libprocessgroup: Successfully killed process cgroup uid 0 pid 1453 in 6ms
01-01 08:00:25.355 1 1 I init : Control message: Processed ctl.stop for 'net_disconnect' from pid: 1568 (stop rainbow_flow voice breathe flow_led net_disconnect)
06-06 13:42:34.028 1544 1544 D CompatibilityChangeReporter: Compat change id reported: 171979766; UID 1000; state: ENABLED
06-06 13:42:34.057 1257 1405 I Matrix.AnrTracer: anrTrace, final mAnrBeatTime:400, mAnrBeatRate:400
06-06 13:42:34.058 1359 1359 D RockyManager: initFarWakeStatus isMainFarSwitch: false
06-06 13:42:34.065 1359 1359 I RockyManager: isFarWake: false
06-06 13:42:34.105 1359 1359 W ContextImpl: Calling a method in the system process without a qualified user: android.app.ContextImpl.startService:1816 android.content.ContextWrapper.startService:774 com.cvte.tv.api.TvApiSDKManager.:177 com.cvte.tv.api.TvApiSDKManager.init:217 com.dangbei.rocky.component.system.SystemControlUtils.initSystemAidl:82
06-06 13:42:34.118 1248 1262 I d.process.acor: Background young concurrent copying GC freed 6933(486KB) AllocSpace objects, 4(72KB) LOS objects, 86% free, 3683KB/27MB, paused 24.257ms total 1.102s
06-06 13:42:34.125 475 607 W LastMileLogger: Failed to open free_buffer pseudo-file: /sys/kernel/debug/tracing/instances/wifi/free_buffer: open failed: ENOENT (No such file or directory)
06-06 13:42:34.125 475 607 W LastMileLogger: Failed to arm fail-safe.
06-06 13:42:34.128 475 749 W ActivityManager: Unable to start service Intent { act=com.cvte.tv.api.TV_API_SERVICE pkg=com.cvte.tv.api.impl } U=0: not found
06-06 13:42:34.133 1359 1359 W ContextImpl: Calling a method in the system process without a qualified user: android.app.ContextImpl.bindService:1895 android.content.ContextWrapper.bindService:810 com.cvte.tv.api.TvApiSDKManager.:178 com.cvte.tv.api.TvApiSDKManager.init:217 com.dangbei.rocky.component.system.SystemControlUtils.initSystemAidl:82
06-06 13:42:34.134 475 1039 I BackupManagerService: [UserID:0] Found 163 stale backup journal(s), scheduling.
06-06 13:42:34.135 475 1039 V BackupManagerConstants: getKeyValueBackupIntervalMilliseconds(...) returns 14400000
06-06 13:42:34.135 475 1039 V BackupManagerConstants: getKeyValueBackupFuzzMilliseconds(...) returns 600000
06-06 13:42:34.135 475 1039 V BackupManagerConstants: getKeyValueBackupRequiredNetworkType(...) returns 1
06-06 13:42:34.135 475 1039 V BackupManagerConstants: getKeyValueBackupRequireCharging(...) returns true
06-06 13:42:34.135 475 1039 V KeyValueBackupJob: Scheduling k/v pass in 249 minutes
06-06 13:42:34.154 475 749 W ActivityManager: Unable to start service Intent { act=com.cvte.tv.api.TV_API_SERVICE pkg=com.cvte.tv.api.impl } U=0: not found
06-06 13:42:34.158 1359 1359 D TvApiSDKManager: getTvApi getSystemService = false
06-06 13:42:34.158 1257 1405 D LaunchConfigManager: check in allready
06-06 13:42:34.158 1359 1359 D TvApiSDKManager: getTvApi startService
06-06 13:42:34.159 1359 1359 W ContextImpl: Calling a method in the system process without a qualified user: android.app.ContextImpl.startService:1816 android.content.ContextWrapper.startService:774 com.cvte.tv.api.TvApiSDKManager.getTvApi:361 com.dangbei.rocky.component.system.SystemControlUtils.initSystemAidl:83 com.dangbei.rocky.component.system.SystemComponent.onAttached:38
06-06 13:42:34.168 1257 1586 I LaunchTrace: begin sendLaunchCache
06-06 13:42:34.176 475 517 W Looper : Slow dispatch took 186ms android.fg h=android.os.Handler c=com.android.server.wm.ActivityMetricsLogger$$ExternalSyntheticLambda1@8a1dda4 m=0
06-06 13:42:34.176 475 517 I ActivityTaskManager: +++Displayed com.dangbei.leard.leradlauncher/com.dangbei.launcher.home.LauncherActivity: +4s403ms
06-06 13:42:34.177 1544 1544 V GraphicsEnvironment: ANGLE Developer option for 'com.android.dynsystem' set to: 'default'
06-06 13:42:34.177 1544 1544 V GraphicsEnvironment: Neither updatable production driver nor prerelease driver is supported.
06-06 13:42:34.178 475 607 I WifiClientModeImpl[wlan0]: Connecting with b4:2f:03:15:e9:47 as the mac address
06-06 13:42:34.178 364 364 W wificond: Scan is not started. Ignore abort request
06-06 13:42:34.179 475 749 W ActivityManager: Unable to start service Intent { act=com.cvte.tv.api.TV_API_SERVICE pkg=com.cvte.tv.api.impl } U=0: not found
06-06 13:42:34.179 475 607 D SupplicantStaIfaceHal: connectToNetwork "DZNB"WPA_PSK
06-06 13:42:34.179 1544 1544 D NetworkSecurityConfig: No Network Security Config specified, using platform default
06-06 13:42:34.180 1544 1544 D NetworkSecurityConfig: No Network Security Config specified, using platform default
06-06 13:42:34.192 475 1353 I ActivityManager: com.android.dynsystem is exempt from freezer
06-06 13:42:34.193 475 1353 D CompatibilityChangeReporter: Compat change id reported: 135634846; UID 1000; state: DISABLED
06-06 13:42:34.203 475 1350 I ActivityManager: com.android.managedprovisioning is exempt from freezer
06-06 13:42:34.203 475 1350 D CompatibilityChangeReporter: Compat change id reported: 135634846; UID 10014; state: DISABLED
06-06 13:42:34.203 475 1350 D CompatibilityChangeReporter: Compat change id reported: 177438394; UID 10014; state: DISABLED
06-06 13:42:34.203 475 1350 D CompatibilityChangeReporter: Compat change id reported: 135772972; UID 10014; state: DISABLED
06-06 13:42:34.203 475 1350 D CompatibilityChangeReporter: Compat change id reported: 135754954; UID 10014; state: ENABLED
06-06 13:42:34.211 1359 1359 W ContextImpl: Calling a method in the system process without a qualified user: android.app.ContextImpl.bindService:1895 android.content.ContextWrapper.bindService:810 com.cvte.tv.api.TvApiSDKManager.getTvApi:362 com.dangbei.rocky.component.system.SystemControlUtils.initSystemAidl:83 com.dangbei.rocky.component.system.SystemComponent.onAttached:38
06-06 13:42:34.221 475 607 I SupplicantStaIfaceHal: addSupplicantStaNetwork via HIDL
06-06 13:42:34.227 1043 1424 V MediaProvider: onOpen() for internal.db
06-06 13:42:34.228 1043 1424 V MediaProvider: onOpen() finished for internal.db
06-06 13:42:34.229 243 243 D Zygote : Forked child process 1591
06-06 13:42:34.238 475 539 I ActivityManager: app.processName = com.android.dynsystem:dynsystem
06-06 13:42:34.238 475 539 I ActivityManager: Start proc 1591:com.android.dynsystem:dynsystem/1000 for service {com.android.dynsystem/com.android.dynsystem.DynamicSystemInstallationService}
06-06 13:42:34.239 475 539 D CompatibilityChangeReporter: Compat change id reported: 143937733; UID 10014; state: ENABLED
06-06 13:42:34.241 1591 1591 I Zygote : seccomp disabled by setenforce 0
06-06 13:42:34.243 1100 1110 I d.leradlaunche: NativeAlloc concurrent copying GC freed 46014(4359KB) AllocSpace objects, 29(772KB) LOS objects, 49% free, 6534KB/12MB, paused 239us total 1.024s
06-06 13:42:34.247 1100 1112 W System : A resource failed to call close.
06-06 13:42:34.261 475 1039 I BackupManagerService: [UserID:0] Stale backup journals: Scheduled 7 package(s) total
06-06 13:42:34.262 475 1353 W ActivityManager: Unable to start service Intent { act=com.cvte.tv.api.TV_API_SERVICE pkg=com.cvte.tv.api.impl } U=0: not found
06-06 13:42:34.273 243 243 D Zygote : Forked child process 1612
06-06 13:42:34.277 475 539 W ActivityManager: Slow operation: 75ms so far, now at startProcess: returned from zygote!
06-06 13:42:34.278 475 539 W ActivityManager: Slow operation: 76ms so far, now at startProcess: done updating battery stats
06-06 13:42:34.278 475 539 W ActivityManager: Slow operation: 76ms so far, now at startProcess: building log message
06-06 13:42:34.278 475 539 I ActivityManager: app.processName = com.android.managedprovisioning
06-06 13:42:34.278 475 539 I ActivityManager: Start proc 1612:com.android.managedprovisioning/u0a14 for broadcast {com.android.managedprovisioning/com.android.managedprovisioning.BootReminder}
06-06 13:42:34.278 475 539 W ActivityManager: Slow operation: 76ms so far, now at startProcess: starting to update pids map
06-06 13:42:34.278 475 539 W ActivityManager: Slow operation: 77ms so far, now at startProcess: done updating pids map
06-06 13:42:34.282 396 407 I adbd : jdwp connection from 1591
06-06 13:42:34.289 1359 1359 W ContextImpl: Calling a method in the system process without a qualified user: android.app.ContextImpl.startService:1816 android.content.ContextWrapper.startService:774 com.dangbei.phrike.core.DownloadManager.register:294 com.dangbei.component_appcontrol.phrike.XPhrikeAppCreator.register:47 com.dangbei.component_appcontrol.AppControlComponent.onAttached:65
06-06 13:42:34.290 1612 1612 I Zygote : seccomp disabled by setenforce 0
06-06 13:42:34.295 1248 1382 D ContactsDatabaseHelper: WAL enabled for profile.db: true
06-06 13:42:34.303 1359 1359 I RockyManager: initSDKDelegate:
06-06 13:42:34.318 396 407 I adbd : jdwp connection from 1612
06-06 13:42:34.319 475 519 W IorapForwardingService: No service published for: iorapd
06-06 13:42:34.393 1359 1374 W System : A resource failed to call close.
06-06 13:42:34.398 475 1352 W ActivityManager: Slow operation: 92ms so far, now at attachApplicationLocked: after mServices.attachApplicationLocked
01-01 08:00:25.737 1630 1630 W audit : audit_lost=70 audit_rate_limit=5 audit_backlog_limit=64
01-01 08:00:25.737 1630 1630 E audit : rate limit exceeded
06-06 13:42:34.402 475 475 W Looper : Drained
06-06 13:42:34.405 475 607 D SupplicantStaNetworkHal: The target security params: Security Parameters:
06-06 13:42:34.405 475 607 D SupplicantStaNetworkHal: Type: 2
06-06 13:42:34.405 475 607 D SupplicantStaNetworkHal: Enabled: true
06-06 13:42:34.405 475 607 D SupplicantStaNetworkHal: KeyMgmt: WPA_PSK
06-06 13:42:34.405 475 607 D SupplicantStaNetworkHal: Protocols: WPA RSN
06-06 13:42:34.405 475 607 D SupplicantStaNetworkHal: AuthAlgorithms:
06-06 13:42:34.405 475 607 D SupplicantStaNetworkHal: PairwiseCiphers: TKIP CCMP
06-06 13:42:34.405 475 607 D SupplicantStaNetworkHal: GroupCiphers: WEP40 WEP104 TKIP CCMP
06-06 13:42:34.405 475 607 D SupplicantStaNetworkHal: GroupMgmtCiphers:
06-06 13:42:34.405 475 607 D SupplicantStaNetworkHal: SuiteBCiphers:
06-06 13:42:34.405 475 607 D SupplicantStaNetworkHal: RequirePmf: false
06-06 13:42:34.405 475 607 D SupplicantStaNetworkHal: IsAddedByAutoUpgrade: false
06-06 13:42:34.405 475 607 D SupplicantStaNetworkHal: IsSaeH2eOnlyMode: false
06-06 13:42:34.405 475 607 D SupplicantStaNetworkHal: IsSaePkOnlyMode: false
06-06 13:42:34.405 475 1343 D CompatibilityChangeReporter: Compat change id reported: 168419799; UID 10014; state: DISABLED
06-06 13:42:34.407 1591 1591 D CompatibilityChangeReporter: Compat change id reported: 171979766; UID 1000; state: ENABLED
06-06 13:42:34.427 475 1353 W InputManager-JNI: Input channel object 'ddd445 com.android.tv.settings/com.android.tv.settings.system.FallbackHome (client)' was disposed without first being removed with the input manager!
06-06 13:42:34.429 1612 1612 D CompatibilityChangeReporter: Compat change id reported: 171979766; UID 10014; state: ENABLED
06-06 13:42:34.496 475 1352 D CompatibilityChangeReporter: Compat change id reported: 149924527; UID 10074; state: ENABLED
06-06 13:42:34.497 475 498 D CompatibilityChangeReporter: Compat change id reported: 132649864; UID 10074; state: DISABLED
06-06 13:42:34.500 1591 1591 V GraphicsEnvironment: ANGLE Developer option for 'com.android.dynsystem' set to: 'default'
06-06 13:42:34.501 859 859 I wpa_supplicant: wlan0: Trying to associate with 58:c7:ac:78:f0:02 (SSID='DZNB' freq=5260 MHz)
06-06 13:42:34.501 1591 1591 V GraphicsEnvironment: Neither updatable production driver nor prerelease driver is supported.
06-06 13:42:34.504 1591 1591 D NetworkSecurityConfig: No Network Security Config specified, using platform default
06-06 13:42:34.505 1591 1591 D NetworkSecurityConfig: No Network Security Config specified, using platform default
06-06 13:42:34.506 475 607 D WifiCountryCode: evaluateAllCmmStateAndApplyIfAllReady: {ConcreteClientModeManager{id=14767 iface=wlan0 role=ROLE_CLIENT_PRIMARY}=false}
06-06 13:42:34.506 475 607 D WifiClientModeImpl[wlan0]: Start Connecting Watchdog 1
06-06 13:42:34.522 475 498 E ConnectivityService: Exception = android.content.pm.PackageManager$NameNotFoundException: android.net.cts
06-06 13:42:34.526 1257 1257 I TDLog : setReportUncaughtExceptions: true
06-06 13:42:34.532 1257 1257 E Application: onCreate:Version:v2.8.3/20830/883432e
06-06 13:42:34.535 1591 1591 D DynamicSystemInstallationService: onStartCommand(): action=android.os.image.action.NOTIFY_IF_IN_USE
06-06 13:42:34.538 475 1343 I DynamicSystemService: isInstalled(): false
06-06 13:42:34.546 1100 1100 W eventbuscore: post Event:com.dangbei.leard.base.entity.event.NetWifiRssiEvent
06-06 13:42:34.562 1100 1100 E xxxxxxxxxxxxxxx: onReceive:mIsHDMIPlugged = false
06-06 13:42:34.566 1047 1077 E ccc : cccccc etnaService addListener com.dangbei.lerad.etna.aidl.IEtnaAidlListener$Stub$Proxy@96a2ebc com.dangbei.leard.leradlauncher
06-06 13:42:34.566 1100 1100 E hq : Etna:::etnaClient connectState=true
06-06 13:42:34.566 1100 1100 E getHdmiStatus: sourceInputStatus=null mEtnaAdapter=com.dangbei.launcher.etna.EtnaAdapter@2ba910b
06-06 13:42:34.567 1100 1100 E hq : USBReceiver:::USBReceiver onReceive: action=android.intent.action.MEDIA_MOUNTED
06-06 13:42:34.567 1100 1100 E hq : USBReceiver:::USBReceiver onReceive: action=android.intent.action.MEDIA_MOUNTED
06-06 13:42:34.567 1100 1100 E hq : AdHelper:::启动延迟检查,支持广告的最长播放时间:25000 isLoadAd=false
06-06 13:42:34.569 1257 1534 W efs.send_log: tryFileLock start!
06-06 13:42:34.575 1100 1100 D OsInitLaunch: send cache: launchAd, playAd, start, null
06-06 13:42:34.576 1359 1359 W bei.lerad.rock: Class com.iflytek.aiui.AIUIAgent failed lock verification and will run slower.
06-06 13:42:34.576 1359 1359 W bei.lerad.rock: Common causes for lock verification issues are non-optimized dex code
06-06 13:42:34.576 1359 1359 W bei.lerad.rock: and incorrect proguard optimizations.
06-06 13:42:34.576 1100 1100 I dangbei ad sdk: ADSDK::play splash ad
06-06 13:42:34.581 1100 1100 I dangbei ad sdk: AdSplashView::show offline ad
06-06 13:42:34.598 364 364 I wificond: Regulatory domain changed to country: CN on wiphy_index: 0
06-06 13:42:34.602 859 859 I wpa_supplicant: wlan0: Associated with 58:c7:ac:78:f0:02
06-06 13:42:34.602 859 859 I wpa_supplicant: wlan0: CTRL-EVENT-SUBNET-STATUS-UPDATE status=0
06-06 13:42:34.603 859 859 I wpa_supplicant: wlan0: CTRL-EVENT-REGDOM-CHANGE init=COUNTRY_IE type=COUNTRY alpha2=CN
06-06 13:42:34.606 364 364 I wificond: 2.4Ghz frequencies: 2412 2417 2422 2427 2432 2437 2442 2447 2452 2457 2462 2467 2472
06-06 13:42:34.606 364 364 I wificond: 5Ghz non-DFS frequencies: 5180 5200 5220 5240 5745 5765 5785 5805 5825
06-06 13:42:34.607 364 364 I wificond: 5Ghz DFS frequencies: 5260 5280 5300 5320
06-06 13:42:34.607 364 364 I wificond: 6Ghz frequencies:
06-06 13:42:34.607 364 364 I wificond: 60Ghz frequencies:
06-06 13:42:34.613 475 499 D WifiNl80211Manager: OnRegDomainChanged CN
06-06 13:42:34.614 475 499 D WifiNative: onCountryCodeChanged: CN
06-06 13:42:34.614 475 499 I WifiCountryCode: Receive onDriverCountryCodeChanged CN
06-06 13:42:34.615 1257 1257 E UsbEventBroadcastReceiver: onReceive: android.hardware.usb.action.USB_DEVICE_ATTACHED
06-06 13:42:34.619 1257 1257 E z : isUsbCastSupport getModel:DBBOX-A2
06-06 13:42:34.620 1257 1257 E UsbEventBroadcastReceiver: return USB_CAST_SWITCH false
06-06 13:42:34.624 1257 1657 W efs.send_log: tryFileLock sendlock sucess! processname: com.dangbei.screencast
06-06 13:42:34.628 1257 1257 I crashsdk: Catcher mask: 5000, 20480
06-06 13:42:34.630 1257 1257 I crashsdk: Catcher thread 1276
06-06 13:42:34.630 1257 1257 D crashsdk: Register ANR handler ...
06-06 13:42:34.633 1100 1100 I Choreographer: Skipped 62 frames! The application may be doing too much work on its main thread.
06-06 13:42:34.644 1257 1257 I Thread-13: type=1400 audit(0.0:499): avc: denied { remove_name } for name="info.xml" dev="mmcblk0p25" ino=54555 scontext=u:r:platform_app:s0:c512,c768 tcontext=u:object_r:app_data_file:s0:c512,c768 tclass=dir permissive=1 app=com.dangbei.screencast
06-06 13:42:34.644 1257 1257 I Thread-13: type=1400 audit(0.0:500): avc: denied { rename } for name="info.xml" dev="mmcblk0p25" ino=54555 scontext=u:r:platform_app:s0:c512,c768 tcontext=u:object_r:app_data_file:s0:c512,c768 tclass=file permissive=1 app=com.dangbei.screencast
06-06 13:42:34.647 1359 1359 I AiuiEngine: create aiui agent
06-06 13:42:34.647 1359 1359 D RockyVoice_AiUiDelegate: 初始化成功
06-06 13:42:34.655 1359 1359 D RockyNetMessageUtil: initTipsList tipEntity = null isRequestTipSuccess = false
06-06 13:42:34.644 263 263 I EventThread: type=1400 audit(0.0:501): avc: denied { search } for name="extcon" dev="sysfs" ino=18109 scontext=u:r:hal_tv_cec_default:s0 tcontext=u:object_r:sysfs_extcon:s0 tclass=dir permissive=1
06-06 13:42:34.652 1257 1257 I Thread-13: type=1400 audit(0.0:502): avc: denied { setattr } for name="info.xml" dev="mmcblk0p25" ino=55062 scontext=u:r:platform_app:s0:c512,c768 tcontext=u:object_r:app_data_file:s0:c512,c768 tclass=file permissive=1 app=com.dangbei.screencast
06-06 13:42:34.652 1257 1257 I Thread-13: type=1400 audit(0.0:503): avc: denied { unlink } for name="info.xml.bak" dev="mmcblk0p25" ino=54555 scontext=u:r:platform_app:s0:c512,c768 tcontext=u:object_r:app_data_file:s0:c512,c768 tclass=file permissive=1 app=com.dangbei.screencast
06-06 13:42:34.700 1257 1534 I efs.config: --->>> 删除旧的配置文件 false
06-06 13:42:34.705 475 607 I WifiService: onDriverCountryCodeChanged CN
06-06 13:42:34.712 1257 1432 I TDLog : TalkingData SDK init...
06-06 13:42:34.712 1257 1432 I TDLog : SDK_VERSION is: Android+TD+V5.0.7 gp Type:Native Build_Num:2141
06-06 13:42:34.712 1257 1432 I TDLog : App ID is: B9D7815EC975466AB1332111FCE62DF5
06-06 13:42:34.712 1257 1432 I TDLog : App Channel is: os
06-06 13:42:34.712 1257 1432 I TDLog : App Custom is:
06-06 13:42:34.712 1257 1432 I TDLog : SDK_OVC is: TDOVC+a3bb7754719798526508b6caad480dd7+SaaS
06-06 13:42:34.724 1257 1673 I efs.base: lt=event`ev_ct=efs_core`ev_ac=pvuv`tm=2025-06-06 13:42:63`dn=771f93e8-8eaa-49df-8b16-e1b19b668479`ps=com.dangbei.screencast`um_os=android`stime=1749188553652`pid=1257`fr=android`pkg=com.dangbei.screencast`vcode=20830`dsp_w=1920`uid=771f93e8-8eaa-49df-8b16-e1b19b668479`rom=12`wid=771f93e8-8eaa-49df-8b16-e1b19b668479`um_app_carrier=`um_access=unknow`um_app_channel=os`um_crash_sdk_version=1.4.0`ctime=1749188554`model=dbbox-a2`lang=zh`net=disconnected`brand=dangbei`dsp_h=1080`um_network_type=0`ver=v2.8.3`build_model=DBBOX-A2`w_tm=1749188554`appid=5fc60c21094d637f3130af19`um_umid_header=ai4e7fa82b434271882c971661bb5632b7`sdk=31`tzone=Asia/Shanghai`sdk_ver=1.3.6.umeng
06-06 13:42:34.734 1100 1100 E hq : AdHelper:::notFetchAd: main
06-06 13:42:34.734 1100 1100 E hq : AdHelper:::onComplete:main
06-06 13:42:34.734 1100 1100 E hq : AdHelper:::adFinish: com.dangbei.launcher.home.callback.LauncherCallback$onAttach$1$1@7c597df
06-06 13:42:34.735 1612 1612 V GraphicsEnvironment: ANGLE Developer option for 'com.android.managedprovisioning' set to: 'default'
06-06 13:42:34.735 1612 1612 V GraphicsEnvironment: Neither updatable production driver nor prerelease driver is supported.
06-06 13:42:34.740 1100 1100 E hq : LauncherCallback:::onDetach
06-06 13:42:34.740 1100 1100 E hq : AdHelper:::handleFinishAd: true
06-06 13:42:34.743 1359 1655 W bei.lerad.rock: Class com.iflytek.aiui.utils.c failed lock verification and will run slower.
06-06 13:42:34.744 1612 1612 D NetworkSecurityConfig: No Network Security Config specified, using platform default
06-06 13:42:34.744 1612 1612 D NetworkSecurityConfig: No Network Security Config specified, using platform default
06-06 13:42:34.757 1100 1100 E DangXiaoBeiManager: setMessageList: false
06-06 13:42:34.758 1100 1100 E hq : 当小贝:::显示消息type=SIMPLE_TEXT ,data.isShowInCur=false ,delay=60000 ,message.mandatoryMessage=null , message=null
06-06 13:42:34.758 1100 1100 E hq : 当小贝:::当前显示了消息,不显示新消息
