06-06 13:42:27.076 859 859 D wpa_supplicant: nl80211: Supported vendor command: vendor_id=0x1374 subcmd=42
06-06 13:42:27.076 859 859 D wpa_supplicant: nl80211: Supported vendor command: vendor_id=0x1374 subcmd=55
06-06 13:42:27.076 859 859 D wpa_supplicant: nl80211: Supported vendor command: vendor_id=0x1374 subcmd=61
06-06 13:42:27.076 859 859 D wpa_supplicant: nl80211: Supported vendor command: vendor_id=0x1374 subcmd=62
06-06 13:42:27.076 859 859 D wpa_supplicant: nl80211: Supported vendor command: vendor_id=0x1374 subcmd=63
06-06 13:42:27.076 859 859 D wpa_supplicant: nl80211: Supported vendor command: vendor_id=0x1374 subcmd=64
06-06 13:42:27.076 859 859 D wpa_supplicant: nl80211: Supported vendor command: vendor_id=0x1374 subcmd=65
06-06 13:42:27.076 859 859 D wpa_supplicant: nl80211: Supported vendor command: vendor_id=0x1374 subcmd=66
06-06 13:42:27.076 859 859 D wpa_supplicant: nl80211: Supported vendor command: vendor_id=0x1374 subcmd=69
06-06 13:42:27.076 859 859 D wpa_supplicant: nl80211: Supported vendor command: vendor_id=0x1374 subcmd=70
06-06 13:42:27.076 859 859 D wpa_supplicant: nl80211: Supported vendor command: vendor_id=0x1374 subcmd=71
06-06 13:42:27.076 859 859 D wpa_supplicant: nl80211: Supported vendor command: vendor_id=0x1374 subcmd=76
06-06 13:42:27.076 859 859 D wpa_supplicant: nl80211: Supported vendor command: vendor_id=0x1374 subcmd=77
06-06 13:42:27.076 859 859 D wpa_supplicant: nl80211: Supported vendor command: vendor_id=0x1374 subcmd=79
06-06 13:42:27.076 859 859 D wpa_supplicant: nl80211: Supported vendor command: vendor_id=0x1374 subcmd=80
06-06 13:42:27.076 859 859 D wpa_supplicant: nl80211: Supported vendor command: vendor_id=0x1374 subcmd=82
06-06 13:42:27.076 859 859 D wpa_supplicant: nl80211: Supported vendor command: vendor_id=0x1374 subcmd=85
06-06 13:42:27.076 859 859 D wpa_supplicant: nl80211: Supported vendor command: vendor_id=0x1374 subcmd=146
06-06 13:42:27.076 859 859 D wpa_supplicant: nl80211: Supported vendor command: vendor_id=0x1374 subcmd=12
06-06 13:42:27.076 859 859 D wpa_supplicant: nl80211: Supported vendor command: vendor_id=0x1374 subcmd=128
06-06 13:42:27.076 859 859 D wpa_supplicant: nl80211: Supported vendor command: vendor_id=0x1374 subcmd=129
06-06 13:42:27.076 859 859 D wpa_supplicant: nl80211: Supported vendor command: vendor_id=0x1374 subcmd=130
06-06 13:42:27.076 859 859 D wpa_supplicant: nl80211: Supported vendor command: vendor_id=0x1374 subcmd=133
06-06 13:42:27.076 859 859 D wpa_supplicant: nl80211: Supported vendor command: vendor_id=0x1374 subcmd=176
06-06 13:42:27.076 859 859 D wpa_supplicant: nl80211: Supported vendor event: vendor_id=0x1374 subcmd=80
06-06 13:42:27.076 859 859 D wpa_supplicant: nl80211: Supported vendor event: vendor_id=0x1374 subcmd=1
06-06 13:42:27.076 859 859 D wpa_supplicant: nl80211: Supported vendor event: vendor_id=0x1374 subcmd=1
06-06 13:42:27.076 859 859 D wpa_supplicant: nl80211: Supported vendor event: vendor_id=0x1374 subcmd=1
06-06 13:42:27.076 859 859 D wpa_supplicant: nl80211: Supported vendor event: vendor_id=0x1374 subcmd=1
06-06 13:42:27.076 859 859 D wpa_supplicant: nl80211: Supported vendor event: vendor_id=0x1374 subcmd=1
06-06 13:42:27.076 859 859 D wpa_supplicant: nl80211: Supported vendor event: vendor_id=0x1374 subcmd=20
06-06 13:42:27.076 859 859 D wpa_supplicant: nl80211: Supported vendor event: vendor_id=0x1374 subcmd=21
06-06 13:42:27.076 859 859 D wpa_supplicant: nl80211: Supported vendor event: vendor_id=0x1374 subcmd=23
06-06 13:42:27.076 859 859 D wpa_supplicant: nl80211: Supported vendor event: vendor_id=0x1374 subcmd=24
06-06 13:42:27.076 859 859 D wpa_supplicant: nl80211: Supported vendor event: vendor_id=0x1374 subcmd=25
06-06 13:42:27.076 859 859 D wpa_supplicant: nl80211: Supported vendor event: vendor_id=0x1374 subcmd=26
06-06 13:42:27.076 859 859 D wpa_supplicant: nl80211: Supported vendor event: vendor_id=0x1374 subcmd=27
06-06 13:42:27.076 859 859 D wpa_supplicant: nl80211: Supported vendor event: vendor_id=0x1374 subcmd=28
06-06 13:42:27.076 859 859 D wpa_supplicant: nl80211: Supported vendor event: vendor_id=0x1374 subcmd=41
06-06 13:42:27.076 859 859 D wpa_supplicant: nl80211: Supported vendor event: vendor_id=0x1374 subcmd=29
06-06 13:42:27.076 859 859 D wpa_supplicant: nl80211: Supported vendor event: vendor_id=0x1374 subcmd=30
06-06 13:42:27.076 859 859 D wpa_supplicant: nl80211: Supported vendor event: vendor_id=0x1374 subcmd=31
06-06 13:42:27.076 859 859 D wpa_supplicant: nl80211: Supported vendor event: vendor_id=0x1374 subcmd=32
06-06 13:42:27.076 859 859 D wpa_supplicant: nl80211: Supported vendor event: vendor_id=0x1374 subcmd=33
06-06 13:42:27.076 859 859 D wpa_supplicant: nl80211: Supported vendor event: vendor_id=0x0 subcmd=0
06-06 13:42:27.076 859 859 D wpa_supplicant: nl80211: Supported vendor event: vendor_id=0x0 subcmd=0
06-06 13:42:27.076 859 859 D wpa_supplicant: nl80211: Supported vendor event: vendor_id=0x0 subcmd=0
06-06 13:42:27.076 859 859 D wpa_supplicant: nl80211: Supported vendor event: vendor_id=0x0 subcmd=0
06-06 13:42:27.076 859 859 D wpa_supplicant: nl80211: Supported vendor event: vendor_id=0x0 subcmd=0
06-06 13:42:27.076 859 859 D wpa_supplicant: nl80211: Supported vendor event: vendor_id=0x0 subcmd=0
06-06 13:42:27.076 859 859 D wpa_supplicant: nl80211: Supported vendor event: vendor_id=0x0 subcmd=0
06-06 13:42:27.076 859 859 D wpa_supplicant: nl80211: Supported vendor event: vendor_id=0x0 subcmd=0
06-06 13:42:27.076 859 859 D wpa_supplicant: nl80211: Supported vendor event: vendor_id=0x0 subcmd=0
06-06 13:42:27.076 859 859 D wpa_supplicant: nl80211: Supported vendor event: vendor_id=0x0 subcmd=0
06-06 13:42:27.076 859 859 D wpa_supplicant: nl80211: Supported vendor event: vendor_id=0x0 subcmd=0
06-06 13:42:27.076 859 859 D wpa_supplicant: nl80211: Supported vendor event: vendor_id=0x0 subcmd=0
06-06 13:42:27.076 859 859 D wpa_supplicant: nl80211: Supported vendor event: vendor_id=0x1374 subcmd=5120
06-06 13:42:27.076 859 859 D wpa_supplicant: nl80211: Supported vendor event: vendor_id=0x0 subcmd=0
06-06 13:42:27.076 859 859 D wpa_supplicant: nl80211: Supported vendor event: vendor_id=0x0 subcmd=0
06-06 13:42:27.076 859 859 D wpa_supplicant: nl80211: Supported vendor event: vendor_id=0x0 subcmd=0
06-06 13:42:27.077 859 859 D wpa_supplicant: nl80211: Supported vendor event: vendor_id=0x0 subcmd=0
06-06 13:42:27.077 859 859 D wpa_supplicant: nl80211: Supported vendor event: vendor_id=0x0 subcmd=0
06-06 13:42:27.077 859 859 D wpa_supplicant: nl80211: Supported vendor event: vendor_id=0x0 subcmd=0
06-06 13:42:27.077 859 859 D wpa_supplicant: nl80211: Supported vendor event: vendor_id=0x0 subcmd=0
06-06 13:42:27.077 859 859 D wpa_supplicant: nl80211: Supported vendor event: vendor_id=0x0 subcmd=0
06-06 13:42:27.077 859 859 D wpa_supplicant: nl80211: Supported vendor event: vendor_id=0x0 subcmd=0
06-06 13:42:27.077 859 859 D wpa_supplicant: nl80211: Supported vendor event: vendor_id=0x0 subcmd=0
06-06 13:42:27.077 859 859 D wpa_supplicant: nl80211: Supported vendor event: vendor_id=0x0 subcmd=0
06-06 13:42:27.077 859 859 D wpa_supplicant: nl80211: Supported vendor event: vendor_id=0x0 subcmd=0
06-06 13:42:27.077 859 859 D wpa_supplicant: nl80211: Supported vendor event: vendor_id=0x0 subcmd=0
06-06 13:42:27.077 859 859 D wpa_supplicant: nl80211: Supported vendor event: vendor_id=0x0 subcmd=0
06-06 13:42:27.077 859 859 D wpa_supplicant: nl80211: Supported vendor event: vendor_id=0x0 subcmd=0
06-06 13:42:27.077 859 859 D wpa_supplicant: nl80211: Supported vendor event: vendor_id=0x0 subcmd=0
06-06 13:42:27.077 859 859 D wpa_supplicant: nl80211: Supported vendor event: vendor_id=0x0 subcmd=0
06-06 13:42:27.077 859 859 D wpa_supplicant: nl80211: Supported vendor event: vendor_id=0x0 subcmd=0
06-06 13:42:27.077 859 859 D wpa_supplicant: nl80211: Supported vendor event: vendor_id=0x0 subcmd=0
06-06 13:42:27.077 859 859 D wpa_supplicant: nl80211: Supported vendor event: vendor_id=0x0 subcmd=0
06-06 13:42:27.077 859 859 D wpa_supplicant: nl80211: Supported vendor event: vendor_id=0x0 subcmd=0
06-06 13:42:27.077 859 859 D wpa_supplicant: nl80211: Supported vendor event: vendor_id=0x0 subcmd=0
06-06 13:42:27.077 859 859 D wpa_supplicant: nl80211: Supported vendor event: vendor_id=0x0 subcmd=0
06-06 13:42:27.077 859 859 D wpa_supplicant: nl80211: Supported vendor event: vendor_id=0x0 subcmd=0
06-06 13:42:27.077 859 859 D wpa_supplicant: nl80211: Supported vendor event: vendor_id=0x0 subcmd=0
06-06 13:42:27.077 859 859 D wpa_supplicant: nl80211: Supported vendor event: vendor_id=0x0 subcmd=0
06-06 13:42:27.077 859 859 D wpa_supplicant: nl80211: Supported vendor event: vendor_id=0x0 subcmd=0
06-06 13:42:27.077 859 859 D wpa_supplicant: nl80211: Supported vendor event: vendor_id=0x0 subcmd=0
06-06 13:42:27.077 859 859 D wpa_supplicant: nl80211: Supported vendor event: vendor_id=0x0 subcmd=0
06-06 13:42:27.077 859 859 D wpa_supplicant: nl80211: Supported vendor event: vendor_id=0x0 subcmd=0
06-06 13:42:27.077 859 859 D wpa_supplicant: nl80211: Supported vendor event: vendor_id=0x0 subcmd=0
06-06 13:42:27.077 859 859 D wpa_supplicant: nl80211: Supported vendor event: vendor_id=0x1374 subcmd=131
06-06 13:42:27.077 859 859 D wpa_supplicant: nl80211: Supported vendor event: vendor_id=0x1374 subcmd=132
06-06 13:42:27.077 859 859 D wpa_supplicant: nl80211: Supported vendor event: vendor_id=0x0 subcmd=0
06-06 13:42:27.077 859 859 D wpa_supplicant: nl80211: Supported vendor event: vendor_id=0x0 subcmd=0
06-06 13:42:27.077 859 859 D wpa_supplicant: nl80211: Supported vendor event: vendor_id=0x0 subcmd=0
06-06 13:42:27.077 859 859 D wpa_supplicant: nl80211: Supported vendor event: vendor_id=0x0 subcmd=0
06-06 13:42:27.077 859 859 D wpa_supplicant: nl80211: Supported vendor event: vendor_id=0x0 subcmd=0
06-06 13:42:27.077 859 859 D wpa_supplicant: nl80211: Supported vendor event: vendor_id=0x0 subcmd=0
06-06 13:42:27.077 859 859 D wpa_supplicant: nl80211: Supported vendor event: vendor_id=0x1374 subcmd=72
06-06 13:42:27.077 859 859 D wpa_supplicant: nl80211: Use separate P2P group interface (driver advertised support)
06-06 13:42:27.077 859 859 D wpa_supplicant: nl80211: Enable multi-channel concurrent (driver advertised support)
06-06 13:42:27.077 859 859 D wpa_supplicant: nl80211: use P2P_DEVICE support
06-06 13:42:27.079 859 859 D wpa_supplicant: nl80211: key_mgmt=0xd0f enc=0x10f auth=0x7 flags=0x100100007a007ac0 rrm_flags=0x0 probe_resp_offloads=0x0 max_stations=10 max_remain_on_chan=5000 max_scan_ssids=12
06-06 13:42:27.079 859 859 D wpa_supplicant: nl80211: interface p2p-dev-wlan0 in phy phy0
06-06 13:42:27.080 859 859 D wpa_supplicant: nl80211: Set mode ifindex 0 iftype 10 (P2P_DEVICE)
06-06 13:42:27.080 859 859 D wpa_supplicant: nl80211: Failed to set interface 0 to mode 10: -22 (Invalid argument)
06-06 13:42:27.082 859 859 D wpa_supplicant: nl80211: Subscribe to mgmt frames with non-AP handle 0xe94a1848
06-06 13:42:27.082 859 859 D wpa_supplicant: nl80211: Register frame type=0xb0 (WLAN_FC_STYPE_AUTH) nl_handle=0xe94a1848 match=0300 multicast=0
06-06 13:42:27.082 859 859 D wpa_supplicant: nl80211: Register frame command failed (type=176): ret=-22 (Invalid argument)
06-06 13:42:27.082 859 859 D wpa_supplicant: nl80211: Register frame match - hexdump(len=2): 03 00
06-06 13:42:27.082 859 859 D wpa_supplicant: nl80211: Register frame type=0xd0 (WLAN_FC_STYPE_ACTION) nl_handle=0xe94a1848 match=0104 multicast=0
06-06 13:42:27.082 859 859 D wpa_supplicant: nl80211: Register frame type=0xd0 (WLAN_FC_STYPE_ACTION) nl_handle=0xe94a1848 match=040a multicast=0
06-06 13:42:27.082 859 859 D wpa_supplicant: nl80211: Register frame type=0xd0 (WLAN_FC_STYPE_ACTION) nl_handle=0xe94a1848 match=040b multicast=0
06-06 13:42:27.084 859 859 D wpa_supplicant: nl80211: Register frame type=0xd0 (WLAN_FC_STYPE_ACTION) nl_handle=0xe94a1848 match=040c multicast=0
06-06 13:42:27.084 859 859 D wpa_supplicant: nl80211: Register frame type=0xd0 (WLAN_FC_STYPE_ACTION) nl_handle=0xe94a1848 match=040d multicast=0
06-06 13:42:27.085 859 859 D wpa_supplicant: nl80211: Register frame type=0xd0 (WLAN_FC_STYPE_ACTION) nl_handle=0xe94a1848 match=090a multicast=0
06-06 13:42:27.085 859 859 D wpa_supplicant: nl80211: Register frame type=0xd0 (WLAN_FC_STYPE_ACTION) nl_handle=0xe94a1848 match=090b multicast=0
06-06 13:42:27.085 859 859 D wpa_supplicant: nl80211: Register frame type=0xd0 (WLAN_FC_STYPE_ACTION) nl_handle=0xe94a1848 match=090c multicast=0
06-06 13:42:27.085 859 859 D wpa_supplicant: nl80211: Register frame type=0xd0 (WLAN_FC_STYPE_ACTION) nl_handle=0xe94a1848 match=090d multicast=0
06-06 13:42:27.085 859 859 D wpa_supplicant: nl80211: Register frame type=0xd0 (WLAN_FC_STYPE_ACTION) nl_handle=0xe94a1848 match=0409506f9a09 multicast=0
06-06 13:42:27.085 859 859 D wpa_supplicant: nl80211: Register frame type=0xd0 (WLAN_FC_STYPE_ACTION) nl_handle=0xe94a1848 match=7f506f9a09 multicast=0
06-06 13:42:27.086 859 859 D wpa_supplicant: nl80211: Register frame type=0xd0 (WLAN_FC_STYPE_ACTION) nl_handle=0xe94a1848 match=0409506f9a1a multicast=0
06-06 13:42:27.086 859 859 D wpa_supplicant: nl80211: Register frame type=0xd0 (WLAN_FC_STYPE_ACTION) nl_handle=0xe94a1848 match=0801 multicast=0
06-06 13:42:27.086 859 859 D wpa_supplicant: nl80211: Register frame type=0xd0 (WLAN_FC_STYPE_ACTION) nl_handle=0xe94a1848 match=06 multicast=0
06-06 13:42:27.086 859 859 D wpa_supplicant: nl80211: Register frame type=0xd0 (WLAN_FC_STYPE_ACTION) nl_handle=0xe94a1848 match=0a07 multicast=0
06-06 13:42:27.086 859 859 D wpa_supplicant: nl80211: Register frame type=0xd0 (WLAN_FC_STYPE_ACTION) nl_handle=0xe94a1848 match=0a11 multicast=0
06-06 13:42:27.086 859 859 D wpa_supplicant: nl80211: Register frame type=0xd0 (WLAN_FC_STYPE_ACTION) nl_handle=0xe94a1848 match=0a0b multicast=0
06-06 13:42:27.086 859 859 D wpa_supplicant: nl80211: Register frame type=0xd0 (WLAN_FC_STYPE_ACTION) nl_handle=0xe94a1848 match=0a1a multicast=0
06-06 13:42:27.086 859 859 D wpa_supplicant: nl80211: Register frame type=0xd0 (WLAN_FC_STYPE_ACTION) nl_handle=0xe94a1848 match=1101 multicast=0
06-06 13:42:27.087 859 859 D wpa_supplicant: nl80211: Register frame type=0xd0 (WLAN_FC_STYPE_ACTION) nl_handle=0xe94a1848 match=1102 multicast=0
06-06 13:42:27.087 859 859 D wpa_supplicant: nl80211: Register frame type=0xd0 (WLAN_FC_STYPE_ACTION) nl_handle=0xe94a1848 match=0505 multicast=0
06-06 13:42:27.087 859 859 D wpa_supplicant: nl80211: Register frame type=0xd0 (WLAN_FC_STYPE_ACTION) nl_handle=0xe94a1848 match=0500 multicast=0
06-06 13:42:27.087 859 859 D wpa_supplicant: nl80211: Register frame type=0xd0 (WLAN_FC_STYPE_ACTION) nl_handle=0xe94a1848 match=1305 multicast=0
06-06 13:42:27.088 859 859 I wpa_supplicant: rfkill: Cannot get wiphy information
06-06 13:42:27.088 859 859 D wpa_supplicant: nl80211: RFKILL status not available
06-06 13:42:27.092 859 859 D wpa_supplicant: nl80211: Start P2P Device p2p-dev-wlan0 (0x3): Success
06-06 13:42:27.093 859 859 D wpa_supplicant: Add interface p2p-dev-wlan0 to existing radio phy0
06-06 13:42:27.094 859 859 D wpa_supplicant: nl80211: No channel number found for frequency 5920 MHz
06-06 13:42:27.094 859 859 D wpa_supplicant: nl80211: No channel number found for frequency 5940 MHz
06-06 13:42:27.095 859 859 D wpa_supplicant: nl80211: Regulatory information - country=CN (DFS-FCC)
06-06 13:42:27.095 859 859 D wpa_supplicant: nl80211: 2400-2483 @ 40 MHz 20 mBm
06-06 13:42:27.095 859 859 D wpa_supplicant: nl80211: 5150-5350 @ 80 MHz 20 mBm (DFS)
06-06 13:42:27.095 859 859 D wpa_supplicant: nl80211: 5725-5850 @ 80 MHz 33 mBm
06-06 13:42:27.095 859 859 D wpa_supplicant: nl80211: 57240-59400 @ 2160 MHz 28 mBm
06-06 13:42:27.095 859 859 D wpa_supplicant: nl80211: 59400-63720 @ 2160 MHz 44 mBm
06-06 13:42:27.095 859 859 D wpa_supplicant: nl80211: 63720-65880 @ 2160 MHz 28 mBm
06-06 13:42:27.096 859 859 D wpa_supplicant: nl80211: Added 802.11b mode based on 802.11g information
06-06 13:42:27.096 859 859 D wpa_supplicant: nl80211: Mode IEEE 802.11g: 2412 2417 2422 2427 2432 2437 2442 2447 2452 2457 2462 2467 2472 2484[DISABLED]
06-06 13:42:27.096 859 859 D wpa_supplicant: nl80211: Mode IEEE 802.11a: 5170[DISABLED] 5180 5200 5220 5240 5260[RADAR] 5280[RADAR] 5300[RADAR] 5320[RADAR] 5500[DISABLED][RADAR] 5520[DISABLED][RADAR] 5540[DISABLED][RADAR] 5560[DISABLED][RADAR] 5580[DISABLED][RADAR]
06-06 13:42:27.096 859 859 D wpa_supplicant: nl80211: Mode IEEE 802.11b: 2412 2417 2422 2427 2432 2437 2442 2447 2452 2457 2462 2467 2472 2484[DISABLED]
06-06 13:42:27.096 859 859 D wpa_supplicant: p2p-dev-wlan0: Own MAC address: b6:2f:03:15:e9:47
06-06 13:42:27.096 859 859 D wpa_supplicant: p2p-dev-wlan0: RSN: flushing PMKID list in the driver
06-06 13:42:27.096 859 859 D wpa_supplicant: nl80211: Flush PMKIDs
06-06 13:42:27.096 859 859 D wpa_supplicant: p2p-dev-wlan0: State: DISCONNECTED -> INACTIVE
06-06 13:42:27.096 859 859 D wpa_supplicant: p2p-dev-wlan0: WPS: UUID from the first interface: 7ddc72aa-0715-5c51-973f-865b0540c290
06-06 13:42:27.097 859 859 D wpa_supplicant: EAPOL: SUPP_PAE entering state DISCONNECTED
06-06 13:42:27.097 859 859 D wpa_supplicant: EAPOL: Supplicant port status: Unauthorized
06-06 13:42:27.097 859 859 D wpa_supplicant: nl80211: Skip set_supp_port(unauthorized) while not associated
06-06 13:42:27.097 859 859 D wpa_supplicant: EAPOL: KEY_RX entering state NO_KEY_RECEIVE
06-06 13:42:27.097 859 859 D wpa_supplicant: EAPOL: SUPP_BE entering state INITIALIZE
06-06 13:42:27.097 859 859 D wpa_supplicant: EAP: EAP entering state DISABLED
06-06 13:42:27.097 859 859 D wpa_supplicant: Using existing control interface directory.
06-06 13:42:27.099 859 859 D wpa_supplicant: ctrl_iface bind(PF_UNIX) failed: Address already in use
06-06 13:42:27.099 859 859 D wpa_supplicant: ctrl_iface exists, but does not allow connections - assuming it was leftover from forced program termination
06-06 13:42:27.099 859 859 D wpa_supplicant: Successfully replaced leftover ctrl_iface socket '/data/vendor/wifi/wpa/sockets/p2p-dev-wlan0'
06-06 13:42:27.100 859 859 D wpa_supplicant: P2P: Add operating class 81
06-06 13:42:27.100 859 859 D wpa_supplicant: P2P: Channels - hexdump(len=13): 01 02 03 04 05 06 07 08 09 0a 0b 0c 0d
06-06 13:42:27.100 859 859 D wpa_supplicant: P2P: Add operating class 115
06-06 13:42:27.100 859 859 D wpa_supplicant: P2P: Channels - hexdump(len=4): 24 28 2c 30
06-06 13:42:27.100 859 859 D wpa_supplicant: P2P: Add operating class 116
06-06 13:42:27.100 859 859 D wpa_supplicant: P2P: Channels - hexdump(len=2): 24 2c
06-06 13:42:27.100 859 859 D wpa_supplicant: P2P: Add operating class 117
06-06 13:42:27.100 859 859 D wpa_supplicant: P2P: Channels - hexdump(len=2): 28 30
06-06 13:42:27.100 859 859 D wpa_supplicant: P2P: Add operating class 124
06-06 13:42:27.100 859 859 D wpa_supplicant: P2P: Channels - hexdump(len=4): 95 99 9d a1
06-06 13:42:27.100 859 859 D wpa_supplicant: P2P: Add operating class 125
06-06 13:42:27.100 859 859 D wpa_supplicant: P2P: Channels - hexdump(len=5): 95 99 9d a1 a5
06-06 13:42:27.100 859 859 D wpa_supplicant: P2P: Add operating class 126
06-06 13:42:27.100 859 859 D wpa_supplicant: P2P: Channels - hexdump(len=2): 95 9d
06-06 13:42:27.100 859 859 D wpa_supplicant: P2P: Add operating class 127
06-06 13:42:27.100 859 859 D wpa_supplicant: P2P: Channels - hexdump(len=2): 99 a1
06-06 13:42:27.100 859 859 D wpa_supplicant: P2P: Add operating class 128
06-06 13:42:27.100 859 859 D wpa_supplicant: P2P: Channels - hexdump(len=8): 24 28 2c 30 95 99 9d a1
06-06 13:42:27.100 859 859 D wpa_supplicant: P2P: Add operating class 130
06-06 13:42:27.100 859 859 D wpa_supplicant: P2P: Channels - hexdump(len=9): 24 28 2c 30 95 99 9d a1 a5
06-06 13:42:27.100 859 859 D wpa_supplicant: P2P: Own listen channel: 81:1
06-06 13:42:27.100 859 859 D wpa_supplicant: P2P: Random operating channel: 81:1
06-06 13:42:27.100 859 859 D wpa_supplicant: P2P: initialized
06-06 13:42:27.101 859 859 D wpa_supplicant: P2P: channels: 81:1,2,3,4,5,6,7,8,9,10,11,12,13 115:36,40,44,48 116:36,44 117:40,48 124:149,153,157,161 125:149,153,157,161,165 126:149,157 127:153,161 128:36,40,44,48,149,153,157,161 130:36,40,44,48,149,153,157,161,165
06-06 13:42:27.101 859 859 D wpa_supplicant: P2P: cli_channels:
06-06 13:42:27.101 859 859 D wpa_supplicant: MBO: Update non-preferred channels, non_pref_chan=N/A
06-06 13:42:27.101 859 859 D wpa_supplicant: Registering interface to hidl control: p2p-dev-wlan0
06-06 13:42:27.101 859 859 D wpa_supplicant: p2p-dev-wlan0: Added interface p2p-dev-wlan0
06-06 13:42:27.101 859 859 D wpa_supplicant: p2p-dev-wlan0: State: INACTIVE -> DISCONNECTED
06-06 13:42:27.101 859 859 D wpa_supplicant: nl80211: Set p2p-dev-wlan0 operstate 0->0 (DORMANT)
06-06 13:42:27.101 859 859 D wpa_supplicant: netlink: Operstate: ifindex=0 linkmode=-1 (no change), operstate=5 (IF_OPER_DORMANT)
06-06 13:42:27.101 859 859 D wpa_supplicant: p2p-dev-wlan0: Determining shared radio frequencies (max len 2)
06-06 13:42:27.101 859 859 D wpa_supplicant: p2p-dev-wlan0: Shared frequencies (len=0): completed iteration
06-06 13:42:27.101 859 859 D wpa_supplicant: P2P: Add operating class 81
06-06 13:42:27.101 859 859 D wpa_supplicant: P2P: Channels - hexdump(len=13): 01 02 03 04 05 06 07 08 09 0a 0b 0c 0d
06-06 13:42:27.101 859 859 D wpa_supplicant: P2P: Add operating class 115
06-06 13:42:27.101 859 859 D wpa_supplicant: P2P: Channels - hexdump(len=4): 24 28 2c 30
06-06 13:42:27.101 859 859 D wpa_supplicant: P2P: Add operating class 116
06-06 13:42:27.101 859 859 D wpa_supplicant: P2P: Channels - hexdump(len=2): 24 2c
06-06 13:42:27.101 859 859 D wpa_supplicant: P2P: Add operating class 117
06-06 13:42:27.101 859 859 D wpa_supplicant: P2P: Channels - hexdump(len=2): 28 30
06-06 13:42:27.101 859 859 D wpa_supplicant: P2P: Add operating class 124
06-06 13:42:27.101 859 859 D wpa_supplicant: P2P: Channels - hexdump(len=4): 95 99 9d a1
06-06 13:42:27.101 859 859 D wpa_supplicant: P2P: Add operating class 125
06-06 13:42:27.102 859 859 D wpa_supplicant: P2P: Channels - hexdump(len=5): 95 99 9d a1 a5
06-06 13:42:27.102 859 859 D wpa_supplicant: P2P: Add operating class 126
06-06 13:42:27.102 859 859 D wpa_supplicant: P2P: Channels - hexdump(len=2): 95 9d
06-06 13:42:27.102 859 859 D wpa_supplicant: P2P: Add operating class 127
06-06 13:42:27.102 859 859 D wpa_supplicant: P2P: Channels - hexdump(len=2): 99 a1
06-06 13:42:27.102 859 859 D wpa_supplicant: P2P: Add operating class 128
06-06 13:42:27.102 859 859 D wpa_supplicant: P2P: Channels - hexdump(len=8): 24 28 2c 30 95 99 9d a1
06-06 13:42:27.102 859 859 D wpa_supplicant: P2P: Add operating class 130
06-06 13:42:27.102 859 859 D wpa_supplicant: P2P: Channels - hexdump(len=9): 24 28 2c 30 95 99 9d a1 a5
06-06 13:42:27.102 859 859 D wpa_supplicant: P2P: Update channel list
06-06 13:42:27.102 859 859 D wpa_supplicant: P2P: channels: 81:1,2,3,4,5,6,7,8,9,10,11,12,13 115:36,40,44,48 116:36,44 117:40,48 124:149,153,157,161 125:149,153,157,161,165 126:149,157 127:153,161 128:36,40,44,48,149,153,157,161 130:36,40,44,48,149,153,157,161,165
06-06 13:42:27.102 859 859 D wpa_supplicant: P2P: cli_channels:
06-06 13:42:27.103 859 859 D wpa_supplicant: RTM_NEWLINK: ifi_index=14 ifname=wlan0 operstate=5 linkmode=0 ifi_family=0 ifi_flags=0x11003 ([UP][LOWER_UP])
06-06 13:42:27.103 859 859 D wpa_supplicant: RTM_NEWLINK: ifi_index=14 ifname=wlan0 operstate=5 linkmode=1 ifi_family=0 ifi_flags=0x11003 ([UP][LOWER_UP])
06-06 13:42:27.123 664 664 D BluetoothActiveDeviceManager: start()
06-06 13:42:27.132 475 607 D SupplicantStaIfaceHal: Newer HAL is found, skip V1_3 remaining init flow.
06-06 13:42:27.141 475 607 D SupplicantStaIfaceHal: Newer HAL is found, skip V1_2 remaining init flow.
06-06 13:42:27.149 664 664 D BluetoothAdapterService: setAdapterService() - trying to set service to com.android.bluetooth.btservice.AdapterService@1305491
06-06 13:42:27.151 475 607 D SupplicantStaIfaceHal: Newer HAL is found, skip V1_1 remaining init flow.
06-06 13:42:27.151 664 913 D BluetoothActiveDeviceManager: onAudioDevicesAdded
06-06 13:42:27.152 475 607 D SupplicantStaIfaceHal: Newer HAL is found, skip V1_0 remaining init flow.
06-06 13:42:27.152 917 917 I Thread-2: type=1400 audit(0.0:339): avc: denied { execute } for name="am" dev="dm-1" ino=1160 scontext=u:r:system_app:s0 tcontext=u:object_r:vendor_file:s0 tclass=file permissive=1
06-06 13:42:27.156 664 913 D BluetoothActiveDeviceManager: Audio device added: DBBOX-A2 type: 2
06-06 13:42:27.156 664 913 D BluetoothActiveDeviceManager: Audio device added: DBBOX-A2 type: 15
06-06 13:42:27.156 664 913 D BluetoothActiveDeviceManager: Audio device added: DBBOX-A2 type: 25
06-06 13:42:27.156 917 917 I Thread-2: type=1400 audit(0.0:340): avc: denied { read open } for path="/vendor/xbin/am" dev="dm-1" ino=1160 scontext=u:r:system_app:s0 tcontext=u:object_r:vendor_file:s0 tclass=file permissive=1
06-06 13:42:27.160 475 475 D NetworkSecurityConfig: No Network Security Config specified, using platform default
06-06 13:42:27.156 917 917 I Thread-2: type=1400 audit(0.0:341): avc: denied { execute_no_trans } for path="/vendor/xbin/am" dev="dm-1" ino=1160 scontext=u:r:system_app:s0 tcontext=u:object_r:vendor_file:s0 tclass=file permissive=1
06-06 13:42:27.168 664 664 D BluetoothAdapterService: onBind()
06-06 13:42:27.179 475 577 D CompatibilityChangeReporter: Compat change id reported: 171306433; UID 1000; state: ENABLED
06-06 13:42:27.180 475 475 D NetworkSecurityConfig: No Network Security Config specified, using platform default
06-06 13:42:27.189 475 475 W Looper : Slow dispatch took 150ms main h=android.app.ActivityThread$H c=null m=114
06-06 13:42:27.206 835 920 D MediaCodecList: codecHandlesFormat: no format, so no extra checks
06-06 13:42:27.208 657 657 E WifiHAL : wifi_get_logger_supported_feature_set: Error -5 happened.
01-01 08:00:18.550 657 657 I ieee80211 phy0: sprdwl_vendor_get_support_feature
06-06 13:42:27.212 657 657 E WifiHAL : wifi_get_logger_supported_feature_set: Error -5 happened.
01-01 08:00:18.553 657 657 I ieee80211 phy0: sprdwl_vendor_get_support_feature
06-06 13:42:27.213 475 517 I ServiceWatcher: [fused] connected to {com.android.location.fused/com.android.location.fused.FusedLocationService}
06-06 13:42:27.218 354 354 D incidentd: WorkDirectory::getReports
06-06 13:42:27.220 475 475 I Binder:475_5: type=1400 audit(0.0:342): avc: denied { read } for name="u:object_r:vendor_default_prop:s0" dev="tmpfs" ino=2889 scontext=u:r:system_server:s0 tcontext=u:object_r:vendor_default_prop:s0 tclass=file permissive=1
06-06 13:42:27.220 475 475 I Binder:475_5: type=1400 audit(0.0:343): avc: denied { open } for path="/dev/__properties__/u:object_r:vendor_default_prop:s0" dev="tmpfs" ino=2889 scontext=u:r:system_server:s0 tcontext=u:object_r:vendor_default_prop:s0 tclass=file permissive=1
06-06 13:42:27.220 475 475 I Binder:475_5: type=1400 audit(0.0:344): avc: denied { getattr } for path="/dev/__properties__/u:object_r:vendor_default_prop:s0" dev="tmpfs" ino=2889 scontext=u:r:system_server:s0 tcontext=u:object_r:vendor_default_prop:s0 tclass=file permissive=1
06-06 13:42:27.220 475 475 I Binder:475_5: type=1400 audit(0.0:345): avc: denied { map } for path="/dev/__properties__/u:object_r:vendor_default_prop:s0" dev="tmpfs" ino=2889 scontext=u:r:system_server:s0 tcontext=u:object_r:vendor_default_prop:s0 tclass=file permissive=1
06-06 13:42:27.226 835 919 D MediaCodecList: codecHandlesFormat: no format, so no extra checks
06-06 13:42:27.227 835 924 D CCodec : allocate(c2.android.vorbis.decoder)
06-06 13:42:27.228 475 519 W IorapForwardingService: No service published for: iorapd
06-06 13:42:27.234 475 521 D CompatibilityChangeReporter: Compat change id reported: 158002302; UID 1000; state: ENABLED
06-06 13:42:27.236 917 917 I am : type=1400 audit(0.0:346): avc: denied { read } for name="am" dev="dm-1" ino=1160 scontext=u:r:system_app:s0 tcontext=u:object_r:vendor_file:s0 tclass=file permissive=1
06-06 13:42:27.236 917 917 I am : type=1400 audit(0.0:347): avc: denied { open } for path="/vendor/xbin/am" dev="dm-1" ino=1160 scontext=u:r:system_app:s0 tcontext=u:object_r:vendor_file:s0 tclass=file permissive=1
06-06 13:42:27.241 859 859 D wpa_supplicant: Driver capability mask: 0xd
06-06 13:42:27.242 475 607 I WifiNative: Successfully switched to connectivity mode on iface=Iface:{Name=wlan0,Id=0,Type=STA_CONNECTIVITY}
06-06 13:42:27.243 870 870 V GraphicsEnvironment: ANGLE Developer option for 'android.ext.services' set to: 'default'
06-06 13:42:27.243 870 870 V GraphicsEnvironment: Neither updatable production driver nor prerelease driver is supported.
06-06 13:42:27.244 835 924 I Codec2Client: Available Codec2 services: "software"
06-06 13:42:27.249 181 181 I hwservicemanager: getTransport: Cannot find entry android.hardware.configstore@1.0::ISurfaceFlingerConfigs/default in either framework or device VINTF manifest.
06-06 13:42:27.251 835 925 D CCodec : allocate(c2.android.vorbis.decoder)
06-06 13:42:27.254 475 607 D WifiClientModeManager[wlan0]: entering ConnectModeState, starting ClientModeImpl
06-06 13:42:27.258 475 475 E WiredAccessoryManager: No state change.
06-06 13:42:27.258 475 475 W WiredAccessoryManager: Both input event and extcon are used for audio jack, please just choose one.
06-06 13:42:27.262 835 924 I CCodec : Created component [c2.android.vorbis.decoder]
06-06 13:42:27.263 835 924 D CCodecConfig: read media type: audio/vorbis
06-06 13:42:27.270 835 925 I CCodec : Created component [c2.android.vorbis.decoder]
06-06 13:42:27.272 835 925 D CCodecConfig: read media type: audio/vorbis
06-06 13:42:27.275 835 924 D ReflectedParamUpdater: extent() != 1 for single value type: algo.buffers.max-count.values
06-06 13:42:27.276 835 924 D ReflectedParamUpdater: extent() != 1 for single value type: output.subscribed-indices.values
06-06 13:42:27.276 835 924 D ReflectedParamUpdater: extent() != 1 for single value type: input.buffers.allocator-ids.values
06-06 13:42:27.277 835 924 D ReflectedParamUpdater: extent() != 1 for single value type: output.buffers.allocator-ids.values
06-06 13:42:27.277 835 924 D ReflectedParamUpdater: extent() != 1 for single value type: algo.buffers.allocator-ids.values
06-06 13:42:27.277 835 924 D ReflectedParamUpdater: extent() != 1 for single value type: output.buffers.pool-ids.values
06-06 13:42:27.278 835 924 D ReflectedParamUpdater: extent() != 1 for single value type: algo.buffers.pool-ids.values
06-06 13:42:27.279 835 925 D ReflectedParamUpdater: extent() != 1 for single value type: algo.buffers.max-count.values
06-06 13:42:27.282 835 925 D ReflectedParamUpdater: extent() != 1 for single value type: output.subscribed-indices.values
06-06 13:42:27.283 835 925 D ReflectedParamUpdater: extent() != 1 for single value type: input.buffers.allocator-ids.values
06-06 13:42:27.283 835 925 D ReflectedParamUpdater: extent() != 1 for single value type: output.buffers.allocator-ids.values
06-06 13:42:27.283 835 925 D ReflectedParamUpdater: extent() != 1 for single value type: algo.buffers.allocator-ids.values
06-06 13:42:27.283 835 925 D ReflectedParamUpdater: extent() != 1 for single value type: output.buffers.pool-ids.values
06-06 13:42:27.283 835 925 D ReflectedParamUpdater: extent() != 1 for single value type: algo.buffers.pool-ids.values
06-06 13:42:27.281 475 475 W TrustManagerService: EXTRA_USER_HANDLE missing or invalid, value=0
06-06 13:42:27.287 870 870 D NetworkSecurityConfig: No Network Security Config specified, using platform default
06-06 13:42:27.287 870 870 D NetworkSecurityConfig: No Network Security Config specified, using platform default
06-06 13:42:27.292 835 924 I CCodecConfig: query failed after returning 7 values (BAD_INDEX)
06-06 13:42:27.292 835 924 D CCodecConfig: c2 config diff is Dict {
06-06 13:42:27.292 835 924 D CCodecConfig: c2::u32 coded.bitrate.value = 64000
06-06 13:42:27.292 835 924 D CCodecConfig: c2::u32 input.buffers.max-size.value = 32768
06-06 13:42:27.292 835 924 D CCodecConfig: c2::u32 input.delay.value = 0
06-06 13:42:27.292 835 924 D CCodecConfig: string input.media-type.value = "audio/vorbis"
06-06 13:42:27.292 835 924 D CCodecConfig: string output.media-type.value = "audio/raw"
06-06 13:42:27.292 835 924 D CCodecConfig: c2::u32 raw.channel-count.value = 1
06-06 13:42:27.292 835 924 D CCodecConfig: c2::u32 raw.sample-rate.value = 48000
06-06 13:42:27.292 835 924 D CCodecConfig: }
06-06 13:42:27.296 275 944 E HWComposer: getSupportedContentTypes: getSupportedContentTypes failed for display 0: Unsupported (8)
06-06 13:42:27.298 835 924 D CCodec : [c2.android.vorbis.decoder] buffers are bound to CCodec for this session
06-06 13:42:27.299 835 924 D CCodecConfig: no c2 equivalents for durationUs
06-06 13:42:27.299 835 924 D CCodecConfig: no c2 equivalents for track-id
06-06 13:42:27.299 835 924 D CCodecConfig: no c2 equivalents for csd-1
06-06 13:42:27.299 835 924 D CCodecConfig: no c2 equivalents for channel-mask
06-06 13:42:27.299 835 924 D CCodecConfig: no c2 equivalents for flags
06-06 13:42:27.300 835 925 I CCodecConfig: query failed after returning 7 values (BAD_INDEX)
06-06 13:42:27.300 181 181 I hwservicemanager: getTransport: Cannot find entry android.hardware.graphics.mapper@4.0::IMapper/default in either framework or device VINTF manifest.
06-06 13:42:27.300 835 945 I Gralloc4: mapper 4.x is not supported
06-06 13:42:27.300 835 925 D CCodecConfig: c2 config diff is Dict {
06-06 13:42:27.300 835 925 D CCodecConfig: c2::u32 coded.bitrate.value = 64000
06-06 13:42:27.300 835 925 D CCodecConfig: c2::u32 input.buffers.max-size.value = 32768
06-06 13:42:27.300 835 925 D CCodecConfig: c2::u32 input.delay.value = 0
06-06 13:42:27.300 835 925 D CCodecConfig: string input.media-type.value = "audio/vorbis"
06-06 13:42:27.300 835 925 D CCodecConfig: string output.media-type.value = "audio/raw"
06-06 13:42:27.300 835 925 D CCodecConfig: c2::u32 raw.channel-count.value = 1
06-06 13:42:27.300 835 925 D CCodecConfig: c2::u32 raw.sample-rate.value = 48000
06-06 13:42:27.300 835 925 D CCodecConfig: }
06-06 13:42:27.302 835 925 D CCodec : [c2.android.vorbis.decoder] buffers are bound to CCodec for this session
06-06 13:42:27.302 835 925 D CCodecConfig: no c2 equivalents for durationUs
06-06 13:42:27.302 835 925 D CCodecConfig: no c2 equivalents for track-id
06-06 13:42:27.302 835 925 D CCodecConfig: no c2 equivalents for csd-1
06-06 13:42:27.302 835 925 D CCodecConfig: no c2 equivalents for channel-mask
06-06 13:42:27.302 835 925 D CCodecConfig: no c2 equivalents for flags
06-06 13:42:27.302 181 181 I hwservicemanager: getTransport: Cannot find entry android.hardware.graphics.mapper@3.0::IMapper/default in either framework or device VINTF manifest.
06-06 13:42:27.302 835 945 W Gralloc3: mapper 3.x is not supported
06-06 13:42:27.303 835 924 D CCodecConfig: c2 config diff is c2::u32 coded.bitrate.value = 224000
06-06 13:42:27.303 835 924 D CCodecConfig: c2::u32 raw.channel-count.value = 2
06-06 13:42:27.306 835 925 D CCodecConfig: c2 config diff is c2::u32 coded.bitrate.value = 224000
06-06 13:42:27.306 835 925 D CCodecConfig: c2::u32 raw.channel-count.value = 2
06-06 13:42:27.308 835 945 E gralloc : Arm Module v1.0
06-06 13:42:27.310 835 925 W Codec2Client: query -- param skipped: index = 1107298332.
06-06 13:42:27.310 835 924 W Codec2Client: query -- param skipped: index = 1107298332.
06-06 13:42:27.310 835 925 D CCodec : setup formats input: AMessage(what = 0x00000000) = {
06-06 13:42:27.310 835 925 D CCodec : int32_t bitrate = 224000
06-06 13:42:27.310 835 925 D CCodec : int32_t channel-count = 2
06-06 13:42:27.310 835 925 D CCodec : int32_t max-input-size = 32768
06-06 13:42:27.310 835 925 D CCodec : string mime = "audio/vorbis"
06-06 13:42:27.310 835 925 D CCodec : int32_t sample-rate = 48000
06-06 13:42:27.310 835 925 D CCodec : }
06-06 13:42:27.310 835 924 D CCodec : setup formats input: AMessage(what = 0x00000000) = {
06-06 13:42:27.310 835 924 D CCodec : int32_t bitrate = 224000
06-06 13:42:27.310 835 924 D CCodec : int32_t channel-count = 2
06-06 13:42:27.310 835 924 D CCodec : int32_t max-input-size = 32768
06-06 13:42:27.310 835 924 D CCodec : string mime = "audio/vorbis"
06-06 13:42:27.310 835 924 D CCodec : int32_t sample-rate = 48000
06-06 13:42:27.310 835 924 D CCodec : }
06-06 13:42:27.310 835 925 D CCodec : setup formats output: AMessage(what = 0x00000000) = {
06-06 13:42:27.310 835 925 D CCodec : int32_t channel-count = 2
06-06 13:42:27.310 835 925 D CCodec : string mime = "audio/raw"
06-06 13:42:27.310 835 925 D CCodec : int32_t sample-rate = 48000
06-06 13:42:27.310 835 925 D CCodec : int32_t channel-mask = 3
06-06 13:42:27.310 835 925 D CCodec : }
06-06 13:42:27.310 835 924 D CCodec : setup formats output: AMessage(what = 0x00000000) = {
06-06 13:42:27.310 835 924 D CCodec : int32_t channel-count = 2
06-06 13:42:27.310 835 924 D CCodec : string mime = "audio/raw"
06-06 13:42:27.310 835 924 D CCodec : int32_t sample-rate = 48000
06-06 13:42:27.310 835 924 D CCodec : int32_t channel-mask = 3
06-06 13:42:27.310 835 924 D CCodec : }
06-06 13:42:27.311 835 925 I CCodecConfig: query failed after returning 7 values (BAD_INDEX)
06-06 13:42:27.313 835 925 W Codec2Client: query -- param skipped: index = 1342179345.
06-06 13:42:27.313 835 925 W Codec2Client: query -- param skipped: index = 2415921170.
06-06 13:42:27.314 181 181 I hwservicemanager: getTransport: Cannot find entry android.hardware.graphics.allocator@4.0::IAllocator/default in either framework or device VINTF manifest.
06-06 13:42:27.314 835 925 D C2Store : Using ION
06-06 13:42:27.314 835 945 W Gralloc4: allocator 4.x is not supported
06-06 13:42:27.315 835 925 D CCodecBufferChannel: [c2.android.vorbis.decoder#336] Created input block pool with allocatorID 16 => poolID 17 - OK (0)
06-06 13:42:27.315 835 924 I CCodecConfig: query failed after returning 7 values (BAD_INDEX)
06-06 13:42:27.316 181 181 I hwservicemanager: getTransport: Cannot find entry android.hardware.graphics.allocator@3.0::IAllocator/default in either framework or device VINTF manifest.
06-06 13:42:27.316 835 945 W Gralloc3: allocator 3.x is not supported
06-06 13:42:27.317 835 925 I CCodecBufferChannel: [c2.android.vorbis.decoder#336] Created output block pool with allocatorID 16 => poolID 19 - OK
06-06 13:42:27.317 835 925 D CCodecBufferChannel: [c2.android.vorbis.decoder#336] Configured output block pool ids 19 => OK
06-06 13:42:27.318 835 925 E ion : ioctl c0044901 failed with code -1: Inappropriate ioctl for device
06-06 13:42:27.316 263 263 I EventThread: type=1400 audit(0.0:348): avc: denied { search } for name="extcon" dev="sysfs" ino=18109 scontext=u:r:hal_tv_cec_default:s0 tcontext=u:object_r:sysfs_extcon:s0 tclass=dir permissive=1
06-06 13:42:27.322 835 924 W Codec2Client: query -- param skipped: index = 1342179345.
06-06 13:42:27.322 835 924 W Codec2Client: query -- param skipped: index = 2415921170.
06-06 13:42:27.323 253 390 I gralloc : alloc buffer:W:1920 H:1080 S:1920 PL[1920 1080] SZ:8294400 fmt:1 if:0 af:1 usg:20000b00 fg:00000004
06-06 13:42:27.324 835 924 D CCodecBufferChannel: [c2.android.vorbis.decoder#392] Created input block pool with allocatorID 16 => poolID 18 - OK (0)
06-06 13:42:27.325 835 945 E ion : ioctl c0044901 failed with code -1: Inappropriate ioctl for device
06-06 13:42:27.327 835 924 I CCodecBufferChannel: [c2.android.vorbis.decoder#392] Created output block pool with allocatorID 16 => poolID 20 - OK
06-06 13:42:27.328 475 807 D CompatibilityChangeReporter: Compat change id reported: 157233955; UID 10062; state: ENABLED
06-06 13:42:27.331 253 390 I gralloc : alloc buffer:W:1920 H:1080 S:1920 PL[1920 1080] SZ:8294400 fmt:1 if:0 af:1 usg:20000b00 fg:00000004
06-06 13:42:27.339 374 939 D SimpleC2Component: Using output block pool with poolID 19 => got 19 - 0
06-06 13:42:27.340 253 390 I gralloc : alloc buffer:W:1920 H:1080 S:1920 PL[1920 1080] SZ:8294400 fmt:1 if:0 af:1 usg:20000b00 fg:00000004
06-06 13:42:27.342 835 924 D CCodecBufferChannel: [c2.android.vorbis.decoder#392] Configured output block pool ids 20 => OK
01-01 08:00:18.667 899 899 E cma : cma_alloc: alloc failed, req-size: 8 pages, ret: -16
06-06 13:42:27.353 475 577 W ActivityManager: Unable to start service Intent { cmp=com.oranth.storage/.MainService } U=0: not found
06-06 13:42:27.359 475 749 D NetworkStats: registerNetworkStatsProvider from OffloadController uid/pid=1073/789
06-06 13:42:27.360 664 903 D BluetoothDatabase: compactLastConnectionTime: Compacting metadata after load
06-06 13:42:27.360 664 903 I BluetoothDatabase: cacheMetadata
06-06 13:42:27.360 664 903 V BluetoothDatabase: cacheMetadata: found device LocalStorage
06-06 13:42:27.360 664 903 I BluetoothDatabase: cacheMetadata: Database is ready
06-06 13:42:27.374 475 807 W ActivityManager: Unable to start service Intent { cmp=com.oranth.ledstatus/.LedStatusService } U=0: not found
06-06 13:42:27.386 374 940 D SimpleC2Component: Using output block pool with poolID 20 => got 20 - 0
06-06 13:42:27.396 475 475 I SystemServerTiming: ManagedServices.unbindOtherUserServices_current0
06-06 13:42:27.396 475 475 I SystemServerTiming: ManagedServices.unbindOtherUserServices_current0
06-06 13:42:27.397 475 475 I SystemServerTiming: ManagedServices.unbindOtherUserServices_current0
06-06 13:42:27.398 475 475 V NotificationAssistants: enabling notification assistant for 0: ComponentInfo{android.ext.services/android.ext.services.notification.Assistant}
06-06 13:42:27.398 262 262 I AW_PowerHAL: Power setMode: SUSTAINED_PERFORMANCE to: 0
06-06 13:42:27.398 262 262 I AW_PowerHAL: BootCompleted
06-06 13:42:27.398 475 475 V NotificationAssistants: binding: Intent { act=android.service.notification.NotificationAssistantService cmp=android.ext.services/.notification.Assistant (has extras) }
06-06 13:42:27.399 475 520 I ActivityManagerTiming: FinishBooting
06-06 13:42:27.400 262 262 I AW_PowerHAL: cur-mode:SCHEDUTIL-Home
06-06 13:42:27.421 475 607 D WifiScoreReport: setShouldReduceNetworkScore=false mNetworkAgent is null? true
06-06 13:42:27.421 475 607 V WifiClientModeManager[wlan0]: ClientModeManager started in role: Role: ROLE_CLIENT_PRIMARY, RequestorWs: WorkSource{1000 com.android.tv.settings}, ModeListener: com.android.server.wifi.ActiveModeWarden$ClientListener@e649180
06-06 13:42:27.427 475 520 W KeyguardServiceDelegate: onScreenTurningOn(): no keyguard service!
06-06 13:42:27.468 475 607 D WifiScanRequestProxy: Sending scan available broadcast: true
06-06 13:42:27.475 475 607 I WifiScanRequestProxy: Scanning is enabled
06-06 13:42:27.476 475 607 I WifiScanRequestProxy: Scanning for hidden networks is enabled
06-06 13:42:27.482 475 611 I WifiScanningService: Received a request to enable scanning, UID = 1000
06-06 13:42:27.542 475 607 E WifiVendorHal: setMultiStaUseCase(l.3286) failed {.code = ERROR_NOT_SUPPORTED, .description = }
06-06 13:42:27.573 835 924 I hw-BpHwBinder: onLastStrongRef automatically unlinking death recipients
06-06 13:42:27.578 475 611 I WifiScanningService: Created a new impl for wlan0
06-06 13:42:27.587 475 607 E WifiVendorHal: setMultiStaPrimaryConnection(l.3252) failed {.code = ERROR_NOT_SUPPORTED, .description = }
06-06 13:42:27.590 475 607 D WifiCountryCode: evaluateAllCmmStateAndApplyIfAllReady: {ConcreteClientModeManager{id=14767 iface=wlan0 role=ROLE_CLIENT_PRIMARY}=true}
06-06 13:42:27.594 475 607 D WifiCountryCode: Reading country code from telephony
06-06 13:42:27.602 475 611 E WifiBackgroundScanStateMachine: invalid max buckets in scan capabilities 0
06-06 13:42:27.602 835 925 D CCodecBufferChannel: [c2.android.vorbis.decoder#336] MediaCodec discarded an unknown buffer
06-06 13:42:27.603 475 607 D WifiCountryCode: Set telephony country code to:
06-06 13:42:27.604 475 607 D WifiCountryCode: updateCountryCode to CN
06-06 13:42:27.605 835 925 I hw-BpHwBinder: onLastStrongRef automatically unlinking death recipients
06-06 13:42:27.605 374 815 I hw-BpHwBinder: onLastStrongRef automatically unlinking death recipients
06-06 13:42:27.609 859 859 D WifiHWInfo: Start to load wireless module hardware info table...
06-06 13:42:27.609 859 859 D WifiHWInfo: Entry [01], BUS: SDIO, ID: 0x024C8179, Name: rtl8189es.
06-06 13:42:27.609 859 859 D WifiHWInfo: Entry [02], BUS: SDIO, ID: 0x024CB723, Name: rtl8723bs_vq0.
06-06 13:42:27.609 859 859 D WifiHWInfo: Entry [03], BUS: SDIO, ID: 0x024CB703, Name: rtl8723cs.
06-06 13:42:27.609 859 859 D WifiHWInfo: Entry [04], BUS: SDIO, ID: 0x024CD723, Name: rtl8723ds.
06-06 13:42:27.609 859 859 D WifiHWInfo: Entry [05], BUS: SDIO, ID: 0x024CF179, Name: rtl8189fs.
06-06 13:42:27.609 859 859 D WifiHWInfo: Entry [06], BUS: SDIO, ID: 0x024CB822, Name: rtl88x2bs.
06-06 13:42:27.609 859 859 D WifiHWInfo: Entry [07], BUS: USB, ID: 0x0BDAD723, Name: rtl8723du.
06-06 13:42:27.609 859 859 D WifiHWInfo: Entry [08], BUS: USB, ID: 0x0BDA8179, Name: rtl8188etv.
06-06 13:42:27.609 859 859 D WifiHWInfo: Entry [09], BUS: USB, ID: 0x0BDA0179, Name: rtl8188eu.
06-06 13:42:27.609 859 859 D WifiHWInfo: Entry [10], BUS: USB, ID: 0x0BDA818B, Name: rtl8192eu.
06-06 13:42:27.609 859 859 D WifiHWInfo: Entry [11], BUS: USB, ID: 0x0BDAB720, Name: rtl8723bu.
06-06 13:42:27.609 859 859 D WifiHWInfo: Entry [12], BUS: USB, ID: 0x0BDAC82C, Name: rtl8822cu.
06-06 13:42:27.609 859 859 D WifiHWInfo: Entry [13], BUS: USB, ID: 0x0BDAF179, Name: rtl8188fu.
06-06 13:42:27.609 859 859 D WifiHWInfo: Entry [14], BUS: SDIO, ID: 0x02D0A9A6, Name: ap6212.
06-06 13:42:27.609 859 859 D WifiHWInfo: Entry [15], BUS: SDIO, ID: 0x02D04330, Name: ap6330.
06-06 13:42:27.609 859 859 D WifiHWInfo: Entry [16], BUS: SDIO, ID: 0x02D04356, Name: ap6356s.
06-06 13:42:27.609 859 859 D WifiHWInfo: Entry [17], BUS: SDIO, ID: 0x02D0A9BF, Name: ap6255.
06-06 13:42:27.609 859 859 D WifiHWInfo: Entry [18], BUS: SDIO, ID: 0x02D04334, Name: bcm43342.
06-06 13:42:27.609 859 859 D WifiHWInfo: Entry [19], BUS: SDIO, ID: 0x00202281, Name: xr819.
06-06 13:42:27.609 859 859 D WifiHWInfo: Entry [20], BUS: SDIO, ID: 0x0A9E2282, Name: xr829.
06-06 13:42:27.609 859 859 D WifiHWInfo: Entry [21], BUS: SDIO, ID: 0x0271050A, Name: qca6174a.
06-06 13:42:27.609 859 859 D WifiHWInfo: Entry [22], BUS: SDIO, ID: 0x30303030, Name: ssv6x5x.
06-06 13:42:27.609 859 859 D WifiHWInfo: Entry [23], BUS: SDIO, ID: 0x00000000, Name: uwe5621.
06-06 13:42:27.609 859 859 D WifiHWInfo: Entry [24], BUS: SDIO, ID: 0x54490145, Name: aic8800.
06-06 13:42:27.609 859 859 D WifiHWInfo: Entry [25], BUS: SDIO, ID: 0xC8A1C08D, Name: aic8800.
06-06 13:42:27.609 859 859 D WifiHWInfo: Entry [26], BUS: USB, ID: 0xA69C8800, Name: aic8800.
06-06 13:42:27.609 859 859 D WifiHWInfo: Entry [27], BUS: USB, ID: 0x007A8888, Name: atbm6023is.
06-06 13:42:27.609 859 859 D WifiHWInfo: Entry [28], BUS: SDIO, ID: 0x02E79086, Name: 9012p.
06-06 13:42:27.609 859 859 D WifiHWInfo: Entry [29], BUS: SDIO, ID: 0x007A6011, Name: atbm613x_wifi_sdio.
06-06 13:42:27.609 859 859 D WifiHWInfo: Entry [30], BUS: SDIO, ID: 0x024CC822, Name: 88x2cs.
06-06 13:42:27.609 859 859 D WifiHWInfo: Entry [31], BUS: SDIO, ID: 0x000018F0, Name: dummy.
06-06 13:42:27.610 859 859 W wpa_supplicant: check_initialed for nl80211, use sprd wpa_supplicant_8_lib.
06-06 13:42:27.610 859 859 W wpa_supplicant: check_initialed found wpa_supplicant_8_lib vendor implement for sprd.
06-06 13:42:27.610 859 859 D wpa_supplicant: wlan0: Event CHANNEL_LIST_CHANGED (27) received
06-06 13:42:27.610 859 859 I wpa_supplicant: wlan0: CTRL-EVENT-REGDOM-CHANGE init=USER type=COUNTRY alpha2=CN
06-06 13:42:27.610 859 859 D wpa_supplicant: p2p-dev-wlan0: Updating hw mode
06-06 13:42:27.611 859 859 D wpa_supplicant: nl80211: No channel number found for frequency 5920 MHz
06-06 13:42:27.611 859 859 D wpa_supplicant: nl80211: No channel number found for frequency 5940 MHz
06-06 13:42:27.611 859 859 D wpa_supplicant: nl80211: Regulatory information - country=CN (DFS-FCC)
06-06 13:42:27.611 859 859 D wpa_supplicant: nl80211: 2400-2483 @ 40 MHz 20 mBm
06-06 13:42:27.611 859 859 D wpa_supplicant: nl80211: 5150-5350 @ 80 MHz 20 mBm (DFS)
06-06 13:42:27.611 859 859 D wpa_supplicant: nl80211: 5725-5850 @ 80 MHz 33 mBm
06-06 13:42:27.611 859 859 D wpa_supplicant: nl80211: 57240-59400 @ 2160 MHz 28 mBm
06-06 13:42:27.611 859 859 D wpa_supplicant: nl80211: 59400-63720 @ 2160 MHz 44 mBm
06-06 13:42:27.611 859 859 D wpa_supplicant: nl80211: 63720-65880 @ 2160 MHz 28 mBm
06-06 13:42:27.612 859 859 D wpa_supplicant: nl80211: Added 802.11b mode based on 802.11g information
06-06 13:42:27.612 859 859 D wpa_supplicant: nl80211: Mode IEEE 802.11g: 2412 2417 2422 2427 2432 2437 2442 2447 2452 2457 2462 2467 2472 2484[DISABLED]
06-06 13:42:27.612 859 859 D wpa_supplicant: nl80211: Mode IEEE 802.11a: 5170[DISABLED] 5180 5200 5220 5240 5260[RADAR] 5280[RADAR] 5300[RADAR] 5320[RADAR] 5500[DISABLED][RADAR] 5520[DISABLED][RADAR] 5540[DISABLED][RADAR] 5560[DISABLED][RADAR] 5580[DISABLED][RADAR]
06-06 13:42:27.612 859 859 D wpa_supplicant: nl80211: Mode IEEE 802.11b: 2412 2417 2422 2427 2432 2437 2442 2447 2452 2457 2462 2467 2472 2484[DISABLED]
06-06 13:42:27.612 859 859 D wpa_supplicant: wlan0: Updating hw mode
06-06 13:42:27.613 859 859 D wpa_supplicant: nl80211: No channel number found for frequency 5920 MHz
06-06 13:42:27.613 859 859 D wpa_supplicant: nl80211: No channel number found for frequency 5940 MHz
06-06 13:42:27.614 859 859 D wpa_supplicant: nl80211: Regulatory information - country=CN (DFS-FCC)
06-06 13:42:27.615 859 859 D wpa_supplicant: nl80211: 2400-2483 @ 40 MHz 20 mBm
06-06 13:42:27.615 859 859 D wpa_supplicant: nl80211: 5150-5350 @ 80 MHz 20 mBm (DFS)
06-06 13:42:27.615 859 859 D wpa_supplicant: nl80211: 5725-5850 @ 80 MHz 33 mBm
06-06 13:42:27.615 859 859 D wpa_supplicant: nl80211: 57240-59400 @ 2160 MHz 28 mBm
06-06 13:42:27.615 859 859 D wpa_supplicant: nl80211: 59400-63720 @ 2160 MHz 44 mBm
06-06 13:42:27.615 859 859 D wpa_supplicant: nl80211: 63720-65880 @ 2160 MHz 28 mBm
06-06 13:42:27.616 859 859 D wpa_supplicant: nl80211: Added 802.11b mode based on 802.11g information
