06-06 13:42:25.694 475 475 V WallpaperManagerService: bindWallpaperComponentLocked: componentName=ComponentInfo{com.android.systemui/com.android.systemui.ImageWallpaper}
06-06 13:42:25.698 475 475 D CompatibilityChangeReporter: Compat change id reported: 135634846; UID 10062; state: DISABLED
06-06 13:42:25.699 475 475 D CompatibilityChangeReporter: Compat change id reported: 177438394; UID 10062; state: DISABLED
06-06 13:42:25.699 475 475 D CompatibilityChangeReporter: Compat change id reported: 135772972; UID 10062; state: DISABLED
06-06 13:42:25.699 475 475 D CompatibilityChangeReporter: Compat change id reported: 135754954; UID 10062; state: ENABLED
06-06 13:42:25.706 243 243 D Zygote : Forked child process 664
06-06 13:42:25.709 475 539 I ActivityManager: app.processName = com.android.bluetooth
06-06 13:42:25.710 475 539 I ActivityManager: Start proc 664:com.android.bluetooth/1002 for service {com.android.bluetooth/com.android.bluetooth.btservice.AdapterService}
06-06 13:42:25.710 475 539 D CompatibilityChangeReporter: Compat change id reported: 143937733; UID 10062; state: ENABLED
06-06 13:42:25.715 475 475 E BitmapFactory: Unable to decode stream: java.io.FileNotFoundException: /data/system/users/0/wallpaper_orig: open failed: ENOENT (No such file or directory)
06-06 13:42:25.715 475 475 W WallpaperManagerService: Invalid wallpaper data
06-06 13:42:25.715 475 475 E WallpaperManagerService: Unable to apply new wallpaper
06-06 13:42:25.716 664 664 I Zygote : seccomp disabled by setenforce 0
06-06 13:42:25.717 475 475 D AdbService: systemReady
06-06 13:42:25.718 475 475 D SoundTriggerService: onBootPhase: 550 : false
06-06 13:42:25.719 475 567 I SystemServerTimingAsync: InitThreadPoolExec:UsbService$Lifecycle#onBootPhase
06-06 13:42:25.719 475 567 D SystemServerInitThreadPool: Started executing UsbService$Lifecycle#onBootPhase
06-06 13:42:25.721 475 567 D SystemServerInitThreadPool: Finished executing UsbService$Lifecycle#onBootPhase
06-06 13:42:25.721 264 264 E android.hardware.usb@1.0-service: Failed to open /sys/class/typec
06-06 13:42:25.722 248 445 V audio_hw_primary: adev_set_parameters, A2dpSuspended=false
06-06 13:42:25.722 475 475 I AppBindingService: Updating constants with: null
06-06 13:42:25.723 475 624 D BluetoothManagerService: Trying to bind to profile: 1, while Bluetooth was disabled
06-06 13:42:25.724 243 243 D Zygote : Forked child process 666
06-06 13:42:25.725 475 636 E UsbPortManager: port status enquiry failed
06-06 13:42:25.728 327 327 I rainbow_flow: type=1400 audit(0.0:317): avc: denied { ioctl } for path="/dev/spidev1.0" dev="tmpfs" ino=5830 ioctlcmd=0x6b00 scontext=u:r:init:s0 tcontext=u:object_r:device:s0 tclass=chr_file permissive=1
06-06 13:42:25.737 666 666 I Zygote : seccomp disabled by setenforce 0
06-06 13:42:25.738 396 407 I adbd : jdwp connection from 664
06-06 13:42:25.741 475 624 D BluetoothA2dp: Binding service...
06-06 13:42:25.742 475 539 I ActivityManager: app.processName = com.android.systemui
06-06 13:42:25.742 475 539 I ActivityManager: Start proc 666:com.android.systemui/u0a62 for service {com.android.systemui/com.android.systemui.ImageWallpaper}
06-06 13:42:25.744 248 445 V audio_hw_primary: adev_set_parameters, BT_SCO=off
06-06 13:42:25.745 475 625 I AS.AudioDeviceInventory: removePreferredDevicesForStrategySync, strategy: 14
06-06 13:42:25.750 475 475 I PackageManager: Permission ownership changed. Updating all permissions.
06-06 13:42:25.756 248 445 D audio_hw_primary: Mic get_audio_devices_active:
06-06 13:42:25.756 248 445 D audio_hw_primary: get_audio_devices_active: AUDIO_HDMI
06-06 13:42:25.757 248 445 D xm_audio: adev_get_parameters
06-06 13:42:25.757 268 628 I hash_map_utils: system/bt/osi/src/hash_map_utils.cc:81 hash_map_utils_dump_string_keys_string_values: key: 'audio_devices_out_active' value: ''
06-06 13:42:25.758 248 445 V audio_hw_primary: adev_set_parameters, mediasw.sft.rawdata=HDMI_RAW
06-06 13:42:25.756 1 1 I /system/bin/init: type=1107 audit(0.0:318): uid=0 auid=4294967295 ses=4294967295 subj=u:r:init:s0 msg='avc: denied { set } for property=vendor.mediasw.sft.rawdata pid=248 uid=1041 gid=1005 scontext=u:r:hal_audio_default:s0 tcontext=u:object_r:vendor_audio_prop:s0 tclass=property_service permissive=1'
06-06 13:42:25.762 396 407 I adbd : jdwp connection from 666
06-06 13:42:25.764 268 628 I AudioFlinger: systemReady
06-06 13:42:25.768 475 624 D AS.AudioService: No vibrator found
01-01 08:00:17.110 657 657 I sunxi-rfkill soc@3000000: rfkill: wlan power on success
01-01 08:00:17.110 657 657 I WCN : marlin chip en pull up
06-06 13:42:25.801 475 475 W SystemServiceManager: Service com.android.server.policy.PermissionPolicyService took 78 ms in onBootPhase
06-06 13:42:25.801 475 475 I SystemServerTiming: StartObservingNativeCrashes
01-01 08:00:17.136 657 657 I sdiohal : sdiohal_scan_card
01-01 08:00:17.136 657 657 I sunxi-rfkill soc@3000000: rfkill: bus_index: 1
01-01 08:00:17.136 0 0 E : [ C0] sunxi-mmc 4021000.sdmmc: smc 2 p1 err, cmd 52, RTO !!
01-01 08:00:17.144 657 657 W sdiohal : probe of mmc2:8800:1 failed with error -110
06-06 13:42:25.802 318 319 D XM_HIDREAD: add@ add@/bus/sdio/drivers/sdiohal
06-06 13:42:25.806 359 469 D MediaCodecList: Allowing all OMX codecs
06-06 13:42:25.809 475 475 I SystemServerTiming: RegisterAppOpsPolicy
06-06 13:42:25.809 475 577 W ActivityManager: Slow operation: 52ms so far, now at attachApplicationLocked: before bindApplication
01-01 08:00:17.148 0 0 E : [ C0] sunxi-mmc 4021000.sdmmc: smc 2 p1 err, cmd 7, RTO !!
01-01 08:00:17.156 0 0 E : [ C0] sunxi-mmc 4021000.sdmmc: smc 2 p1 err, cmd 7, RTO !!
06-06 13:42:25.814 475 577 D CompatibilityChangeReporter: Compat change id reported: 168419799; UID 1002; state: DISABLED
06-06 13:42:25.814 475 577 W ActivityManager: Slow operation: 58ms so far, now at attachApplicationLocked: immediately before bindApplication
06-06 13:42:25.816 263 263 I EventThread: type=1400 audit(0.0:319): avc: denied { search } for name="extcon" dev="sysfs" ino=18109 scontext=u:r:hal_tv_cec_default:s0 tcontext=u:object_r:sysfs_extcon:s0 tclass=dir permissive=1
06-06 13:42:25.821 475 577 W ActivityManager: Slow operation: 65ms so far, now at attachApplicationLocked: immediately after bindApplication
06-06 13:42:25.821 475 577 W ActivityManager: Slow operation: 65ms so far, now at attachApplicationLocked: after updateLruProcessLocked
01-01 08:00:17.163 0 0 E : [ C0] sunxi-mmc 4021000.sdmmc: smc 2 p1 err, cmd 7, RTO !!
06-06 13:42:25.829 475 577 W ActivityManager: Slow operation: 72ms so far, now at attachApplicationLocked: after mServices.attachApplicationLocked
06-06 13:42:25.830 359 469 E cutils-trace: Error opening trace file: No such file or directory (2)
06-06 13:42:25.832 664 664 D CompatibilityChangeReporter: Compat change id reported: 171979766; UID 1002; state: ENABLED
06-06 13:42:25.836 359 469 I OMXClient: IOmx service obtained
01-01 08:00:17.172 0 0 E : [ C0] sunxi-mmc 4021000.sdmmc: smc 2 p1 err, cmd 7, RTO !!
06-06 13:42:25.837 365 365 I OMXStore: makeComponentInstance(OMX.allwinner.video.decoder.avc) in android.hardwar process
06-06 13:42:25.838 318 319 D XM_HIDREAD: remove@ remove@/devices/platform/soc@3000000/4021000.sdmmc/mmc_host/mmc2/mmc2:8800/mmc2:8800:1
06-06 13:42:25.839 475 499 D CompatibilityChangeReporter: Compat change id reported: 168419799; UID 10062; state: DISABLED
06-06 13:42:25.840 318 319 D XM_HIDREAD: remove@ remove@/devices/platform/soc@3000000/4021000.sdmmc/mmc_host/mmc2/mmc2:8800
01-01 08:00:17.180 144 144 I mmc2 : card 8800 removed
01-01 08:00:17.181 144 144 I sunxi-mmc 4021000.sdmmc: sdc set ios:clk 0Hz bm PP pm OFF vdd 0 width 1 timing LEGACY(SDR12) dt B
01-01 08:00:17.182 144 144 I sunxi-mmc 4021000.sdmmc: sdc set ios:clk 0Hz bm PP pm UP vdd 23 width 1 timing LEGACY(SDR12) dt B
06-06 13:42:25.847 365 365 I omx_vdec_aw: : OmxDecoderCreate.
06-06 13:42:25.849 365 365 W omx_vdec: <__AwOmxVdecSetParameter:1561>: Set Parameter called in valid state
06-06 13:42:25.849 365 365 W omx_vdec: : pParamProfileLevel->nProfileIndex[0x3] error!
06-06 13:42:25.850 365 365 E OMXNodeInstance: getParameter(0xf0a6f000:allwinner.decoder.avc, ParamVideoProfileLevelQuerySupported(0x600000f)) ERROR: BadParameter(0x80001005)
06-06 13:42:25.850 365 365 W omx_vdec: <__AwOmxVdecGetExtensionIndex:1737>: GetExtensionIndex OMX.google.android.index.describeColorFormat, err [0x80001001].
06-06 13:42:25.850 365 365 W omx_vdec: <__AwOmxVdecGetExtensionIndex:1737>: GetExtensionIndex OMX.google.android.index.describeColorFormat2, err [0x80001001].
06-06 13:42:25.850 365 365 E omx_vdec: : erro: pParamData->nIndex > m_sPortFormatType.nIndex
06-06 13:42:25.850 365 365 W omx_vdec: <__AwOmxVdecGetExtensionIndex:1737>: GetExtensionIndex OMX.google.android.index.describeColorFormat, err [0x80001001].
06-06 13:42:25.850 365 365 W omx_vdec: <__AwOmxVdecGetExtensionIndex:1737>: GetExtensionIndex OMX.google.android.index.describeColorFormat2, err [0x80001001].
06-06 13:42:25.850 365 365 E omx_vdec: : erro: pParamData->nIndex > m_sPortFormatType.nIndex
06-06 13:42:25.850 365 365 W omx_vdec: <__AwOmxVdecGetExtensionIndex:1737>: GetExtensionIndex OMX.google.android.index.describeColorFormat, err [0x80001001].
06-06 13:42:25.851 365 365 W omx_vdec: <__AwOmxVdecGetExtensionIndex:1737>: GetExtensionIndex OMX.google.android.index.describeColorFormat2, err [0x80001001].
06-06 13:42:25.851 365 365 E omx_vdec: : erro: pParamData->nIndex > m_sPortFormatType.nIndex
06-06 13:42:25.851 365 365 W omx_vdec: <__AwOmxVdecGetExtensionIndex:1737>: GetExtensionIndex OMX.google.android.index.describeColorFormat, err [0x80001001].
06-06 13:42:25.851 365 365 W omx_vdec: <__AwOmxVdecGetExtensionIndex:1737>: GetExtensionIndex OMX.google.android.index.describeColorFormat2, err [0x80001001].
06-06 13:42:25.851 365 365 E omx_vdec: : erro: pParamData->nIndex > m_sPortFormatType.nIndex
06-06 13:42:25.851 365 365 W omx_vdec: <__AwOmxVdecGetExtensionIndex:1737>: GetExtensionIndex OMX.google.android.index.describeColorFormat, err [0x80001001].
06-06 13:42:25.851 365 365 W omx_vdec: <__AwOmxVdecGetExtensionIndex:1737>: GetExtensionIndex OMX.google.android.index.describeColorFormat2, err [0x80001001].
06-06 13:42:25.851 365 365 E omx_vdec: : erro: pParamData->nIndex > m_sPortFormatType.nIndex
06-06 13:42:25.851 365 365 W omx_vdec: <__AwOmxVdecGetExtensionIndex:1737>: GetExtensionIndex OMX.google.android.index.describeColorFormat, err [0x80001001].
06-06 13:42:25.852 365 365 W omx_vdec: <__AwOmxVdecGetExtensionIndex:1737>: GetExtensionIndex OMX.google.android.index.describeColorFormat2, err [0x80001001].
06-06 13:42:25.852 365 365 E omx_vdec: : erro: pParamData->nIndex > m_sPortFormatType.nIndex
06-06 13:42:25.852 365 365 W omx_vdec: <__AwOmxVdecGetExtensionIndex:1737>: GetExtensionIndex OMX.google.android.index.describeColorFormat, err [0x80001001].
06-06 13:42:25.852 365 365 W omx_vdec: <__AwOmxVdecGetExtensionIndex:1737>: GetExtensionIndex OMX.google.android.index.describeColorFormat2, err [0x80001001].
06-06 13:42:25.852 365 365 E omx_vdec: : erro: pParamData->nIndex > m_sPortFormatType.nIndex
06-06 13:42:25.852 365 365 W omx_vdec: <__AwOmxVdecGetExtensionIndex:1737>: GetExtensionIndex OMX.google.android.index.describeColorFormat, err [0x80001001].
06-06 13:42:25.852 365 365 W omx_vdec: <__AwOmxVdecGetExtensionIndex:1737>: GetExtensionIndex OMX.google.android.index.describeColorFormat2, err [0x80001001].
06-06 13:42:25.853 365 365 E omx_vdec: : erro: pParamData->nIndex > m_sPortFormatType.nIndex
06-06 13:42:25.853 365 365 W omx_vdec: <__AwOmxVdecGetExtensionIndex:1737>: GetExtensionIndex OMX.google.android.index.describeColorFormat, err [0x80001001].
06-06 13:42:25.853 365 365 W omx_vdec: <__AwOmxVdecGetExtensionIndex:1737>: GetExtensionIndex OMX.google.android.index.describeColorFormat2, err [0x80001001].
06-06 13:42:25.853 365 365 E omx_vdec: : erro: pParamData->nIndex > m_sPortFormatType.nIndex
01-01 08:00:17.195 144 144 I sunxi-mmc 4021000.sdmmc: sdc set ios:clk 400000Hz bm PP pm ON vdd 23 width 1 timing LEGACY(SDR12) dt B
06-06 13:42:25.853 365 365 W omx_vdec: <__AwOmxVdecGetExtensionIndex:1737>: GetExtensionIndex OMX.google.android.index.describeColorFormat, err [0x80001001].
06-06 13:42:25.853 365 365 W omx_vdec: <__AwOmxVdecGetExtensionIndex:1737>: GetExtensionIndex OMX.google.android.index.describeColorFormat2, err [0x80001001].
06-06 13:42:25.853 365 365 E omx_vdec: : erro: pParamData->nIndex > m_sPortFormatType.nIndex
06-06 13:42:25.854 365 365 W omx_vdec: <__AwOmxVdecGetExtensionIndex:1737>: GetExtensionIndex OMX.google.android.index.describeColorFormat, err [0x80001001].
06-06 13:42:25.854 365 365 W omx_vdec: <__AwOmxVdecGetExtensionIndex:1737>: GetExtensionIndex OMX.google.android.index.describeColorFormat2, err [0x80001001].
06-06 13:42:25.854 365 365 E omx_vdec: : erro: pParamData->nIndex > m_sPortFormatType.nIndex
06-06 13:42:25.854 365 365 W omx_vdec: <__AwOmxVdecGetExtensionIndex:1737>: GetExtensionIndex OMX.google.android.index.describeColorFormat, err [0x80001001].
06-06 13:42:25.854 365 365 W omx_vdec: <__AwOmxVdecGetExtensionIndex:1737>: GetExtensionIndex OMX.google.android.index.describeColorFormat2, err [0x80001001].
06-06 13:42:25.854 365 365 E omx_vdec: : erro: pParamData->nIndex > m_sPortFormatType.nIndex
06-06 13:42:25.854 365 365 W omx_vdec: <__AwOmxVdecGetExtensionIndex:1737>: GetExtensionIndex OMX.google.android.index.describeColorFormat, err [0x80001001].
06-06 13:42:25.854 365 365 W omx_vdec: <__AwOmxVdecGetExtensionIndex:1737>: GetExtensionIndex OMX.google.android.index.describeColorFormat2, err [0x80001001].
06-06 13:42:25.854 365 365 E omx_vdec: : erro: pParamData->nIndex > m_sPortFormatType.nIndex
06-06 13:42:25.855 365 365 W omx_vdec: <__AwOmxVdecGetExtensionIndex:1737>: GetExtensionIndex OMX.google.android.index.describeColorFormat, err [0x80001001].
06-06 13:42:25.855 365 365 W omx_vdec: <__AwOmxVdecGetExtensionIndex:1737>: GetExtensionIndex OMX.google.android.index.describeColorFormat2, err [0x80001001].
06-06 13:42:25.855 365 365 E omx_vdec: : erro: pParamData->nIndex > m_sPortFormatType.nIndex
06-06 13:42:25.855 365 365 W omx_vdec: <__AwOmxVdecGetExtensionIndex:1737>: GetExtensionIndex OMX.google.android.index.describeColorFormat, err [0x80001001].
06-06 13:42:25.855 365 365 W omx_vdec: <__AwOmxVdecGetExtensionIndex:1737>: GetExtensionIndex OMX.google.android.index.describeColorFormat2, err [0x80001001].
06-06 13:42:25.855 365 365 E omx_vdec: : erro: pParamData->nIndex > m_sPortFormatType.nIndex
06-06 13:42:25.855 666 666 D CompatibilityChangeReporter: Compat change id reported: 171979766; UID 10062; state: ENABLED
06-06 13:42:25.855 365 365 W omx_vdec: <__AwOmxVdecGetExtensionIndex:1737>: GetExtensionIndex OMX.google.android.index.describeColorFormat, err [0x80001001].
06-06 13:42:25.855 365 365 W omx_vdec: <__AwOmxVdecGetExtensionIndex:1737>: GetExtensionIndex OMX.google.android.index.describeColorFormat2, err [0x80001001].
06-06 13:42:25.855 365 365 E omx_vdec: : erro: pParamData->nIndex > m_sPortFormatType.nIndex
06-06 13:42:25.856 365 365 W omx_vdec: <__AwOmxVdecGetExtensionIndex:1737>: GetExtensionIndex OMX.google.android.index.describeColorFormat, err [0x80001001].
06-06 13:42:25.856 365 365 W omx_vdec: <__AwOmxVdecGetExtensionIndex:1737>: GetExtensionIndex OMX.google.android.index.describeColorFormat2, err [0x80001001].
06-06 13:42:25.856 365 365 E omx_vdec: : erro: pParamData->nIndex > m_sPortFormatType.nIndex
06-06 13:42:25.856 365 365 W omx_vdec: <__AwOmxVdecGetExtensionIndex:1737>: GetExtensionIndex OMX.google.android.index.describeColorFormat, err [0x80001001].
06-06 13:42:25.856 365 365 W omx_vdec: <__AwOmxVdecGetExtensionIndex:1737>: GetExtensionIndex OMX.google.android.index.describeColorFormat2, err [0x80001001].
06-06 13:42:25.856 365 365 E omx_vdec: : erro: pParamData->nIndex > m_sPortFormatType.nIndex
06-06 13:42:25.856 365 365 W omx_vdec: <__AwOmxVdecGetExtensionIndex:1737>: GetExtensionIndex OMX.google.android.index.describeColorFormat, err [0x80001001].
06-06 13:42:25.856 475 524 I SystemServerTimingAsync: InitThreadPoolExec:WebViewFactoryPreparation
06-06 13:42:25.856 475 524 D SystemServerInitThreadPool: Started executing WebViewFactoryPreparation
06-06 13:42:25.856 475 524 I SystemServer: WebViewFactoryPreparation
06-06 13:42:25.856 365 365 W omx_vdec: <__AwOmxVdecGetExtensionIndex:1737>: GetExtensionIndex OMX.google.android.index.describeColorFormat2, err [0x80001001].
06-06 13:42:25.856 475 524 I SystemServerTimingAsync: WebViewFactoryPreparation
06-06 13:42:25.856 475 475 I SystemServerTiming: MakeNetworkManagementServiceReady
06-06 13:42:25.856 365 365 E omx_vdec: : erro: pParamData->nIndex > m_sPortFormatType.nIndex
06-06 13:42:25.857 365 365 W omx_vdec: <__AwOmxVdecGetExtensionIndex:1737>: GetExtensionIndex OMX.google.android.index.describeColorFormat, err [0x80001001].
06-06 13:42:25.857 365 365 W omx_vdec: <__AwOmxVdecGetExtensionIndex:1737>: GetExtensionIndex OMX.google.android.index.describeColorFormat2, err [0x80001001].
06-06 13:42:25.857 475 475 W NetworkManagement: setDataSaverMode(): already false
06-06 13:42:25.858 365 365 E omx_vdec: : erro: pParamData->nIndex > m_sPortFormatType.nIndex
06-06 13:42:25.858 365 365 W omx_vdec: <__AwOmxVdecGetExtensionIndex:1737>: GetExtensionIndex OMX.google.android.index.describeColorFormat, err [0x80001001].
06-06 13:42:25.858 365 365 W omx_vdec: <__AwOmxVdecGetExtensionIndex:1737>: GetExtensionIndex OMX.google.android.index.describeColorFormat2, err [0x80001001].
06-06 13:42:25.858 365 365 E omx_vdec: : erro: pParamData->nIndex > m_sPortFormatType.nIndex
06-06 13:42:25.858 365 365 W omx_vdec: <__AwOmxVdecGetExtensionIndex:1737>: GetExtensionIndex OMX.google.android.index.describeColorFormat, err [0x80001001].
06-06 13:42:25.858 365 365 W omx_vdec: <__AwOmxVdecGetExtensionIndex:1737>: GetExtensionIndex OMX.google.android.index.describeColorFormat2, err [0x80001001].
06-06 13:42:25.858 365 365 E omx_vdec: : erro: pParamData->nIndex > m_sPortFormatType.nIndex
06-06 13:42:25.858 365 365 W omx_vdec: <__AwOmxVdecGetExtensionIndex:1737>: GetExtensionIndex OMX.google.android.index.describeColorFormat, err [0x80001001].
06-06 13:42:25.859 365 365 W omx_vdec: <__AwOmxVdecGetExtensionIndex:1737>: GetExtensionIndex OMX.google.android.index.describeColorFormat2, err [0x80001001].
06-06 13:42:25.859 365 365 E omx_vdec: : erro: pParamData->nIndex > m_sPortFormatType.nIndex
06-06 13:42:25.859 365 365 W omx_vdec: <__AwOmxVdecGetExtensionIndex:1737>: GetExtensionIndex OMX.google.android.index.describeColorFormat, err [0x80001001].
06-06 13:42:25.859 365 365 W omx_vdec: <__AwOmxVdecGetExtensionIndex:1737>: GetExtensionIndex OMX.google.android.index.describeColorFormat2, err [0x80001001].
06-06 13:42:25.859 365 365 E omx_vdec: : erro: pParamData->nIndex > m_sPortFormatType.nIndex
06-06 13:42:25.860 475 475 I SystemServerTiming: MakeIpSecServiceReady
06-06 13:42:25.860 365 365 W omx_vdec: <__AwOmxVdecGetExtensionIndex:1737>: GetExtensionIndex OMX.google.android.index.describeColorFormat, err [0x80001001].
06-06 13:42:25.860 365 365 W omx_vdec: <__AwOmxVdecGetExtensionIndex:1737>: GetExtensionIndex OMX.google.android.index.describeColorFormat2, err [0x80001001].
06-06 13:42:25.860 475 524 D CompatibilityChangeReporter: Compat change id reported: 135634846; UID 1000; state: DISABLED
06-06 13:42:25.860 475 524 D CompatibilityChangeReporter: Compat change id reported: 177438394; UID 1000; state: DISABLED
06-06 13:42:25.860 475 524 D CompatibilityChangeReporter: Compat change id reported: 135772972; UID 1000; state: DISABLED
06-06 13:42:25.860 365 365 E omx_vdec: : erro: pParamData->nIndex > m_sPortFormatType.nIndex
06-06 13:42:25.860 475 524 D CompatibilityChangeReporter: Compat change id reported: 178038272; UID 1000; state: DISABLED
06-06 13:42:25.860 365 365 W omx_vdec: <__AwOmxVdecGetExtensionIndex:1737>: GetExtensionIndex OMX.google.android.index.describeColorFormat, err [0x80001001].
06-06 13:42:25.860 365 365 W omx_vdec: <__AwOmxVdecGetExtensionIndex:1737>: GetExtensionIndex OMX.google.android.index.describeColorFormat2, err [0x80001001].
06-06 13:42:25.860 365 365 E omx_vdec: : erro: pParamData->nIndex > m_sPortFormatType.nIndex
06-06 13:42:25.861 365 365 W omx_vdec: <__AwOmxVdecGetExtensionIndex:1737>: GetExtensionIndex OMX.google.android.index.describeColorFormat, err [0x80001001].
06-06 13:42:25.861 365 365 W omx_vdec: <__AwOmxVdecGetExtensionIndex:1737>: GetExtensionIndex OMX.google.android.index.describeColorFormat2, err [0x80001001].
06-06 13:42:25.861 365 365 E omx_vdec: : erro: pParamData->nIndex > m_sPortFormatType.nIndex
06-06 13:42:25.861 475 475 D IpSecService: IpSecService is ready
06-06 13:42:25.861 365 365 W omx_vdec: <__AwOmxVdecGetExtensionIndex:1737>: GetExtensionIndex OMX.google.android.index.describeColorFormat, err [0x80001001].
06-06 13:42:25.861 475 475 I SystemServerTiming: MakeNetworkStatsServiceReady
06-06 13:42:25.861 365 365 W omx_vdec: <__AwOmxVdecGetExtensionIndex:1737>: GetExtensionIndex OMX.google.android.index.describeColorFormat2, err [0x80001001].
06-06 13:42:25.861 365 365 E omx_vdec: : erro: pParamData->nIndex > m_sPortFormatType.nIndex
06-06 13:42:25.861 365 365 W omx_vdec: <__AwOmxVdecGetExtensionIndex:1737>: GetExtensionIndex OMX.google.android.index.describeColorFormat, err [0x80001001].
06-06 13:42:25.861 365 365 W omx_vdec: <__AwOmxVdecGetExtensionIndex:1737>: GetExtensionIndex OMX.google.android.index.describeColorFormat2, err [0x80001001].
06-06 13:42:25.862 365 365 E omx_vdec: : erro: pParamData->nIndex > m_sPortFormatType.nIndex
06-06 13:42:25.862 365 365 W omx_vdec: <__AwOmxVdecGetExtensionIndex:1737>: GetExtensionIndex OMX.google.android.index.describeColorFormat, err [0x80001001].
06-06 13:42:25.862 365 365 W omx_vdec: <__AwOmxVdecGetExtensionIndex:1737>: GetExtensionIndex OMX.google.android.index.describeColorFormat2, err [0x80001001].
06-06 13:42:25.862 365 365 E omx_vdec: : erro: pParamData->nIndex > m_sPortFormatType.nIndex
06-06 13:42:25.862 365 365 W omx_vdec: <__AwOmxVdecGetExtensionIndex:1737>: GetExtensionIndex OMX.google.android.index.describeColorFormat, err [0x80001001].
06-06 13:42:25.862 365 365 W omx_vdec: <__AwOmxVdecGetExtensionIndex:1737>: GetExtensionIndex OMX.google.android.index.describeColorFormat2, err [0x80001001].
06-06 13:42:25.862 365 365 E omx_vdec: : erro: pParamData->nIndex > m_sPortFormatType.nIndex
06-06 13:42:25.862 365 365 W omx_vdec: <__AwOmxVdecGetExtensionIndex:1737>: GetExtensionIndex OMX.google.android.index.describeColorFormat, err [0x80001001].
06-06 13:42:25.863 365 365 W omx_vdec: <__AwOmxVdecGetExtensionIndex:1737>: GetExtensionIndex OMX.google.android.index.describeColorFormat2, err [0x80001001].
06-06 13:42:25.863 365 365 E omx_vdec: : erro: pParamData->nIndex > m_sPortFormatType.nIndex
06-06 13:42:25.863 365 365 W omx_vdec: <__AwOmxVdecGetExtensionIndex:1737>: GetExtensionIndex OMX.google.android.index.describeColorFormat, err [0x80001001].
06-06 13:42:25.863 365 365 W omx_vdec: <__AwOmxVdecGetExtensionIndex:1737>: GetExtensionIndex OMX.google.android.index.describeColorFormat2, err [0x80001001].
06-06 13:42:25.863 359 469 W ACodec : [OMX.allwinner.video.decoder.avc] stopping checking formats after 32: COLOR_FormatYUV420Planar(13)
06-06 13:42:25.863 365 365 W omx_vdec: <__AwOmxVdecGetExtensionIndex:1737>: GetExtensionIndex OMX.google.android.index.configureVideoTunnelMode, err [0x80001001].
06-06 13:42:25.863 365 365 E OMXNodeInstance: getExtensionIndex(0xf0a6f000:allwinner.decoder.avc, OMX.google.android.index.configureVideoTunnelMode) ERROR: Undefined(0x80001001)
06-06 13:42:25.863 359 469 D MediaCodecInfo: detail feature-tunneled-playback wasn't present to remove
06-06 13:42:25.863 365 365 W omx_vdec: <__AwOmxVdecGetExtensionIndex:1737>: GetExtensionIndex OMX.google.android.index.storeANWBufferInMetadata, err [0x80001001].
06-06 13:42:25.863 365 365 W omx_vdec_aw: <__anSetExtPara:3011>: Setparameter: unknown param 2131755011
06-06 13:42:25.863 365 365 W OMXNodeInstance: [0xf0a6f000:allwinner.decoder.avc] component does not support metadata mode; using fallback
06-06 13:42:25.864 475 524 D SystemServerInitThreadPool: Finished executing WebViewFactoryPreparation
06-06 13:42:25.864 365 706 W libc : invalid pthread_t (0) passed to pthread_join
06-06 13:42:25.864 365 706 W libc : invalid pthread_t (0) passed to pthread_join
06-06 13:42:25.864 365 706 W libc : invalid pthread_t (0) passed to pthread_join
06-06 13:42:25.868 475 475 W BestClock: java.time.DateTimeException: Missing NTP fix
06-06 13:42:25.868 359 469 I OMXClient: IOmx service obtained
06-06 13:42:25.869 365 365 I OMXStore: makeComponentInstance(OMX.allwinner.video.decoder.avc.secure) in android.hardwar process
06-06 13:42:25.873 365 365 E omx_vdec: : This platform does not support secure video playback
06-06 13:42:25.873 365 365 E omx_sem : : handle is null
06-06 13:42:25.874 365 365 E omx_sem : : handle is null
06-06 13:42:25.874 365 365 E omx_sem : : handle is null
06-06 13:42:25.874 365 365 E omx_sem : : handle is null
06-06 13:42:25.874 365 365 E omx_sem : : handle is null
06-06 13:42:25.874 365 365 W omx_vdec_aw: : pdec is null
01-01 08:00:17.208 0 0 E : [ C0] sunxi-mmc 4021000.sdmmc: smc 2 p1 err, cmd 52, RTO !!
06-06 13:42:25.874 365 365 E android.hardware.media.omx@1.0-service: Failed to allocate omx component 'OMX.allwinner.video.decoder.avc.secure' err=InvalidComponentName(0x80001002)
06-06 13:42:25.874 359 469 W OmxInfoBuilder: Fail to add media type video/avc to codec OMX.allwinner.video.decoder.avc.secure
06-06 13:42:25.876 359 469 I OMXClient: IOmx service obtained
06-06 13:42:25.876 365 365 I OMXStore: makeComponentInstance(OMX.allwinner.video.decoder.hevc) in android.hardwar process
06-06 13:42:25.877 365 365 I omx_vdec_aw: : OmxDecoderCreate.
06-06 13:42:25.879 365 365 W omx_vdec: <__AwOmxVdecSetParameter:1561>: Set Parameter called in valid state
06-06 13:42:25.879 365 365 W omx_vdec: : pParamProfileLevel->nProfileIndex[0x1] error!
06-06 13:42:25.879 365 365 E OMXNodeInstance: getParameter(0xf0a6f000:allwinner.decoder.hevc, ParamVideoProfileLevelQuerySupported(0x600000f)) ERROR: BadParameter(0x80001005)
06-06 13:42:25.879 365 365 W omx_vdec: <__AwOmxVdecGetExtensionIndex:1737>: GetExtensionIndex OMX.google.android.index.describeColorFormat, err [0x80001001].
06-06 13:42:25.879 365 365 W omx_vdec: <__AwOmxVdecGetExtensionIndex:1737>: GetExtensionIndex OMX.google.android.index.describeColorFormat2, err [0x80001001].
06-06 13:42:25.880 365 365 E omx_vdec: : erro: pParamData->nIndex > m_sPortFormatType.nIndex
06-06 13:42:25.880 365 365 W omx_vdec: <__AwOmxVdecGetExtensionIndex:1737>: GetExtensionIndex OMX.google.android.index.describeColorFormat, err [0x80001001].
06-06 13:42:25.880 365 365 W omx_vdec: <__AwOmxVdecGetExtensionIndex:1737>: GetExtensionIndex OMX.google.android.index.describeColorFormat2, err [0x80001001].
06-06 13:42:25.880 365 365 E omx_vdec: : erro: pParamData->nIndex > m_sPortFormatType.nIndex
06-06 13:42:25.880 365 365 W omx_vdec: <__AwOmxVdecGetExtensionIndex:1737>: GetExtensionIndex OMX.google.android.index.describeColorFormat, err [0x80001001].
06-06 13:42:25.880 365 365 W omx_vdec: <__AwOmxVdecGetExtensionIndex:1737>: GetExtensionIndex OMX.google.android.index.describeColorFormat2, err [0x80001001].
06-06 13:42:25.880 365 365 E omx_vdec: : erro: pParamData->nIndex > m_sPortFormatType.nIndex
06-06 13:42:25.880 365 365 W omx_vdec: <__AwOmxVdecGetExtensionIndex:1737>: GetExtensionIndex OMX.google.android.index.describeColorFormat, err [0x80001001].
06-06 13:42:25.880 365 365 W omx_vdec: <__AwOmxVdecGetExtensionIndex:1737>: GetExtensionIndex OMX.google.android.index.describeColorFormat2, err [0x80001001].
06-06 13:42:25.881 365 365 E omx_vdec: : erro: pParamData->nIndex > m_sPortFormatType.nIndex
06-06 13:42:25.881 365 365 W omx_vdec: <__AwOmxVdecGetExtensionIndex:1737>: GetExtensionIndex OMX.google.android.index.describeColorFormat, err [0x80001001].
06-06 13:42:25.881 365 365 W omx_vdec: <__AwOmxVdecGetExtensionIndex:1737>: GetExtensionIndex OMX.google.android.index.describeColorFormat2, err [0x80001001].
06-06 13:42:25.881 365 365 E omx_vdec: : erro: pParamData->nIndex > m_sPortFormatType.nIndex
06-06 13:42:25.881 365 365 W omx_vdec: <__AwOmxVdecGetExtensionIndex:1737>: GetExtensionIndex OMX.google.android.index.describeColorFormat, err [0x80001001].
06-06 13:42:25.881 365 365 W omx_vdec: <__AwOmxVdecGetExtensionIndex:1737>: GetExtensionIndex OMX.google.android.index.describeColorFormat2, err [0x80001001].
06-06 13:42:25.881 365 365 E omx_vdec: : erro: pParamData->nIndex > m_sPortFormatType.nIndex
06-06 13:42:25.881 365 365 W omx_vdec: <__AwOmxVdecGetExtensionIndex:1737>: GetExtensionIndex OMX.google.android.index.describeColorFormat, err [0x80001001].
06-06 13:42:25.881 365 365 W omx_vdec: <__AwOmxVdecGetExtensionIndex:1737>: GetExtensionIndex OMX.google.android.index.describeColorFormat2, err [0x80001001].
06-06 13:42:25.882 365 365 E omx_vdec: : erro: pParamData->nIndex > m_sPortFormatType.nIndex
06-06 13:42:25.882 365 365 W omx_vdec: <__AwOmxVdecGetExtensionIndex:1737>: GetExtensionIndex OMX.google.android.index.describeColorFormat, err [0x80001001].
06-06 13:42:25.882 365 365 W omx_vdec: <__AwOmxVdecGetExtensionIndex:1737>: GetExtensionIndex OMX.google.android.index.describeColorFormat2, err [0x80001001].
06-06 13:42:25.882 365 365 E omx_vdec: : erro: pParamData->nIndex > m_sPortFormatType.nIndex
06-06 13:42:25.882 365 365 W omx_vdec: <__AwOmxVdecGetExtensionIndex:1737>: GetExtensionIndex OMX.google.android.index.describeColorFormat, err [0x80001001].
06-06 13:42:25.882 365 365 W omx_vdec: <__AwOmxVdecGetExtensionIndex:1737>: GetExtensionIndex OMX.google.android.index.describeColorFormat2, err [0x80001001].
06-06 13:42:25.882 365 365 E omx_vdec: : erro: pParamData->nIndex > m_sPortFormatType.nIndex
01-01 08:00:17.217 0 0 E : [ C0] sunxi-mmc 4021000.sdmmc: smc 2 p1 err, cmd 52, RTO !!
06-06 13:42:25.882 365 365 W omx_vdec: <__AwOmxVdecGetExtensionIndex:1737>: GetExtensionIndex OMX.google.android.index.describeColorFormat, err [0x80001001].
01-01 08:00:17.225 144 144 I sunxi-mmc 4021000.sdmmc: sdc set ios:clk 400000Hz bm PP pm ON vdd 23 width 1 timing LEGACY(SDR12) dt B
06-06 13:42:25.887 365 365 W omx_vdec: <__AwOmxVdecGetExtensionIndex:1737>: GetExtensionIndex OMX.google.android.index.describeColorFormat2, err [0x80001001].
06-06 13:42:25.888 475 605 W NetworkPolicy: setRestrictBackgroundUL: already false
01-01 08:00:17.228 144 144 I sunxi-mmc 4021000.sdmmc: sdc set ios:clk 400000Hz bm PP pm ON vdd 23 width 1 timing LEGACY(SDR12) dt B
06-06 13:42:25.889 365 365 E omx_vdec: : erro: pParamData->nIndex > m_sPortFormatType.nIndex
06-06 13:42:25.890 365 365 W omx_vdec: <__AwOmxVdecGetExtensionIndex:1737>: GetExtensionIndex OMX.google.android.index.describeColorFormat, err [0x80001001].
06-06 13:42:25.890 365 365 W omx_vdec: <__AwOmxVdecGetExtensionIndex:1737>: GetExtensionIndex OMX.google.android.index.describeColorFormat2, err [0x80001001].
06-06 13:42:25.890 365 365 E omx_vdec: : erro: pParamData->nIndex > m_sPortFormatType.nIndex
06-06 13:42:25.890 365 365 W omx_vdec: <__AwOmxVdecGetExtensionIndex:1737>: GetExtensionIndex OMX.google.android.index.describeColorFormat, err [0x80001001].
06-06 13:42:25.890 365 365 W omx_vdec: <__AwOmxVdecGetExtensionIndex:1737>: GetExtensionIndex OMX.google.android.index.describeColorFormat2, err [0x80001001].
06-06 13:42:25.890 365 365 E omx_vdec: : erro: pParamData->nIndex > m_sPortFormatType.nIndex
06-06 13:42:25.890 365 365 W omx_vdec: <__AwOmxVdecGetExtensionIndex:1737>: GetExtensionIndex OMX.google.android.index.describeColorFormat, err [0x80001001].
06-06 13:42:25.890 365 365 W omx_vdec: <__AwOmxVdecGetExtensionIndex:1737>: GetExtensionIndex OMX.google.android.index.describeColorFormat2, err [0x80001001].
06-06 13:42:25.890 365 365 E omx_vdec: : erro: pParamData->nIndex > m_sPortFormatType.nIndex
06-06 13:42:25.890 365 365 W omx_vdec: <__AwOmxVdecGetExtensionIndex:1737>: GetExtensionIndex OMX.google.android.index.describeColorFormat, err [0x80001001].
06-06 13:42:25.891 365 365 W omx_vdec: <__AwOmxVdecGetExtensionIndex:1737>: GetExtensionIndex OMX.google.android.index.describeColorFormat2, err [0x80001001].
06-06 13:42:25.891 365 365 E omx_vdec: : erro: pParamData->nIndex > m_sPortFormatType.nIndex
06-06 13:42:25.891 365 365 W omx_vdec: <__AwOmxVdecGetExtensionIndex:1737>: GetExtensionIndex OMX.google.android.index.describeColorFormat, err [0x80001001].
06-06 13:42:25.891 365 365 W omx_vdec: <__AwOmxVdecGetExtensionIndex:1737>: GetExtensionIndex OMX.google.android.index.describeColorFormat2, err [0x80001001].
06-06 13:42:25.891 365 365 E omx_vdec: : erro: pParamData->nIndex > m_sPortFormatType.nIndex
06-06 13:42:25.892 365 365 W omx_vdec: <__AwOmxVdecGetExtensionIndex:1737>: GetExtensionIndex OMX.google.android.index.describeColorFormat, err [0x80001001].
06-06 13:42:25.892 365 365 W omx_vdec: <__AwOmxVdecGetExtensionIndex:1737>: GetExtensionIndex OMX.google.android.index.describeColorFormat2, err [0x80001001].
06-06 13:42:25.892 365 365 E omx_vdec: : erro: pParamData->nIndex > m_sPortFormatType.nIndex
06-06 13:42:25.892 365 365 W omx_vdec: <__AwOmxVdecGetExtensionIndex:1737>: GetExtensionIndex OMX.google.android.index.describeColorFormat, err [0x80001001].
06-06 13:42:25.892 365 365 W omx_vdec: <__AwOmxVdecGetExtensionIndex:1737>: GetExtensionIndex OMX.google.android.index.describeColorFormat2, err [0x80001001].
06-06 13:42:25.892 365 365 E omx_vdec: : erro: pParamData->nIndex > m_sPortFormatType.nIndex
06-06 13:42:25.892 365 365 W omx_vdec: <__AwOmxVdecGetExtensionIndex:1737>: GetExtensionIndex OMX.google.android.index.describeColorFormat, err [0x80001001].
06-06 13:42:25.892 365 365 W omx_vdec: <__AwOmxVdecGetExtensionIndex:1737>: GetExtensionIndex OMX.google.android.index.describeColorFormat2, err [0x80001001].
06-06 13:42:25.892 365 365 E omx_vdec: : erro: pParamData->nIndex > m_sPortFormatType.nIndex
06-06 13:42:25.892 365 365 W omx_vdec: <__AwOmxVdecGetExtensionIndex:1737>: GetExtensionIndex OMX.google.android.index.describeColorFormat, err [0x80001001].
06-06 13:42:25.893 365 365 W omx_vdec: <__AwOmxVdecGetExtensionIndex:1737>: GetExtensionIndex OMX.google.android.index.describeColorFormat2, err [0x80001001].
06-06 13:42:25.893 365 365 E omx_vdec: : erro: pParamData->nIndex > m_sPortFormatType.nIndex
06-06 13:42:25.893 365 365 W omx_vdec: <__AwOmxVdecGetExtensionIndex:1737>: GetExtensionIndex OMX.google.android.index.describeColorFormat, err [0x80001001].
06-06 13:42:25.893 365 365 W omx_vdec: <__AwOmxVdecGetExtensionIndex:1737>: GetExtensionIndex OMX.google.android.index.describeColorFormat2, err [0x80001001].
06-06 13:42:25.893 365 365 E omx_vdec: : erro: pParamData->nIndex > m_sPortFormatType.nIndex
06-06 13:42:25.893 365 365 W omx_vdec: <__AwOmxVdecGetExtensionIndex:1737>: GetExtensionIndex OMX.google.android.index.describeColorFormat, err [0x80001001].
06-06 13:42:25.893 365 365 W omx_vdec: <__AwOmxVdecGetExtensionIndex:1737>: GetExtensionIndex OMX.google.android.index.describeColorFormat2, err [0x80001001].
06-06 13:42:25.893 365 365 E omx_vdec: : erro: pParamData->nIndex > m_sPortFormatType.nIndex
06-06 13:42:25.893 365 365 W omx_vdec: <__AwOmxVdecGetExtensionIndex:1737>: GetExtensionIndex OMX.google.android.index.describeColorFormat, err [0x80001001].
06-06 13:42:25.893 365 365 W omx_vdec: <__AwOmxVdecGetExtensionIndex:1737>: GetExtensionIndex OMX.google.android.index.describeColorFormat2, err [0x80001001].
06-06 13:42:25.894 365 365 E omx_vdec: : erro: pParamData->nIndex > m_sPortFormatType.nIndex
06-06 13:42:25.894 365 365 W omx_vdec: <__AwOmxVdecGetExtensionIndex:1737>: GetExtensionIndex OMX.google.android.index.describeColorFormat, err [0x80001001].
06-06 13:42:25.894 365 365 W omx_vdec: <__AwOmxVdecGetExtensionIndex:1737>: GetExtensionIndex OMX.google.android.index.describeColorFormat2, err [0x80001001].
06-06 13:42:25.894 365 365 E omx_vdec: : erro: pParamData->nIndex > m_sPortFormatType.nIndex
06-06 13:42:25.894 243 243 D Zygote : Forked child process 712
06-06 13:42:25.894 365 365 W omx_vdec: <__AwOmxVdecGetExtensionIndex:1737>: GetExtensionIndex OMX.google.android.index.describeColorFormat, err [0x80001001].
06-06 13:42:25.894 365 365 W omx_vdec: <__AwOmxVdecGetExtensionIndex:1737>: GetExtensionIndex OMX.google.android.index.describeColorFormat2, err [0x80001001].
06-06 13:42:25.894 365 365 E omx_vdec: : erro: pParamData->nIndex > m_sPortFormatType.nIndex
06-06 13:42:25.895 475 539 I ActivityManager: app.processName = WebViewLoader-armeabi-v7a
06-06 13:42:25.895 475 539 I ActivityManager: Start proc 712:WebViewLoader-armeabi-v7a/1037 [android.webkit.WebViewLibraryLoader$RelroFileCreator] for null
06-06 13:42:25.896 365 365 W omx_vdec: <__AwOmxVdecGetExtensionIndex:1737>: GetExtensionIndex OMX.google.android.index.describeColorFormat, err [0x80001001].
06-06 13:42:25.897 365 365 W omx_vdec: <__AwOmxVdecGetExtensionIndex:1737>: GetExtensionIndex OMX.google.android.index.describeColorFormat2, err [0x80001001].
06-06 13:42:25.897 365 365 E omx_vdec: : erro: pParamData->nIndex > m_sPortFormatType.nIndex
06-06 13:42:25.898 365 365 W omx_vdec: <__AwOmxVdecGetExtensionIndex:1737>: GetExtensionIndex OMX.google.android.index.describeColorFormat, err [0x80001001].
06-06 13:42:25.898 365 365 W omx_vdec: <__AwOmxVdecGetExtensionIndex:1737>: GetExtensionIndex OMX.google.android.index.describeColorFormat2, err [0x80001001].
06-06 13:42:25.898 365 365 E omx_vdec: : erro: pParamData->nIndex > m_sPortFormatType.nIndex
06-06 13:42:25.898 365 365 W omx_vdec: <__AwOmxVdecGetExtensionIndex:1737>: GetExtensionIndex OMX.google.android.index.describeColorFormat, err [0x80001001].
06-06 13:42:25.898 365 365 W omx_vdec: <__AwOmxVdecGetExtensionIndex:1737>: GetExtensionIndex OMX.google.android.index.describeColorFormat2, err [0x80001001].
06-06 13:42:25.898 365 365 E omx_vdec: : erro: pParamData->nIndex > m_sPortFormatType.nIndex
06-06 13:42:25.898 365 365 W omx_vdec: <__AwOmxVdecGetExtensionIndex:1737>: GetExtensionIndex OMX.google.android.index.describeColorFormat, err [0x80001001].
06-06 13:42:25.898 365 365 W omx_vdec: <__AwOmxVdecGetExtensionIndex:1737>: GetExtensionIndex OMX.google.android.index.describeColorFormat2, err [0x80001001].
06-06 13:42:25.898 365 365 E omx_vdec: : erro: pParamData->nIndex > m_sPortFormatType.nIndex
06-06 13:42:25.899 365 365 W omx_vdec: <__AwOmxVdecGetExtensionIndex:1737>: GetExtensionIndex OMX.google.android.index.describeColorFormat, err [0x80001001].
06-06 13:42:25.899 365 365 W omx_vdec: <__AwOmxVdecGetExtensionIndex:1737>: GetExtensionIndex OMX.google.android.index.describeColorFormat2, err [0x80001001].
06-06 13:42:25.899 365 365 E omx_vdec: : erro: pParamData->nIndex > m_sPortFormatType.nIndex
06-06 13:42:25.899 365 365 W omx_vdec: <__AwOmxVdecGetExtensionIndex:1737>: GetExtensionIndex OMX.google.android.index.describeColorFormat, err [0x80001001].
06-06 13:42:25.899 365 365 W omx_vdec: <__AwOmxVdecGetExtensionIndex:1737>: GetExtensionIndex OMX.google.android.index.describeColorFormat2, err [0x80001001].
06-06 13:42:25.899 365 365 E omx_vdec: : erro: pParamData->nIndex > m_sPortFormatType.nIndex
06-06 13:42:25.899 365 365 W omx_vdec: <__AwOmxVdecGetExtensionIndex:1737>: GetExtensionIndex OMX.google.android.index.describeColorFormat, err [0x80001001].
06-06 13:42:25.899 365 365 W omx_vdec: <__AwOmxVdecGetExtensionIndex:1737>: GetExtensionIndex OMX.google.android.index.describeColorFormat2, err [0x80001001].
06-06 13:42:25.899 365 365 E omx_vdec: : erro: pParamData->nIndex > m_sPortFormatType.nIndex
06-06 13:42:25.900 365 365 W omx_vdec: <__AwOmxVdecGetExtensionIndex:1737>: GetExtensionIndex OMX.google.android.index.describeColorFormat, err [0x80001001].
06-06 13:42:25.900 365 365 W omx_vdec: <__AwOmxVdecGetExtensionIndex:1737>: GetExtensionIndex OMX.google.android.index.describeColorFormat2, err [0x80001001].
06-06 13:42:25.900 365 365 E omx_vdec: : erro: pParamData->nIndex > m_sPortFormatType.nIndex
06-06 13:42:25.900 365 365 W omx_vdec: <__AwOmxVdecGetExtensionIndex:1737>: GetExtensionIndex OMX.google.android.index.describeColorFormat, err [0x80001001].
06-06 13:42:25.900 365 365 W omx_vdec: <__AwOmxVdecGetExtensionIndex:1737>: GetExtensionIndex OMX.google.android.index.describeColorFormat2, err [0x80001001].
06-06 13:42:25.900 359 469 W ACodec : [OMX.allwinner.video.decoder.hevc] stopping checking formats after 32: COLOR_FormatYUV420Planar(13)
06-06 13:42:25.900 365 365 W omx_vdec: <__AwOmxVdecGetExtensionIndex:1737>: GetExtensionIndex OMX.google.android.index.configureVideoTunnelMode, err [0x80001001].
06-06 13:42:25.900 365 365 E OMXNodeInstance: getExtensionIndex(0xf0a6f000:allwinner.decoder.hevc, OMX.google.android.index.configureVideoTunnelMode) ERROR: Undefined(0x80001001)
06-06 13:42:25.900 359 469 D MediaCodecInfo: detail feature-tunneled-playback wasn't present to remove
06-06 13:42:25.900 365 365 W omx_vdec: <__AwOmxVdecGetExtensionIndex:1737>: GetExtensionIndex OMX.google.android.index.storeANWBufferInMetadata, err [0x80001001].
06-06 13:42:25.900 365 365 W omx_vdec_aw: <__anSetExtPara:3011>: Setparameter: unknown param 2131755011
06-06 13:42:25.900 365 365 W OMXNodeInstance: [0xf0a6f000:allwinner.decoder.hevc] component does not support metadata mode; using fallback
06-06 13:42:25.901 365 709 W libc : invalid pthread_t (0) passed to pthread_join
06-06 13:42:25.901 365 709 W libc : invalid pthread_t (0) passed to pthread_join
06-06 13:42:25.901 365 709 W libc : invalid pthread_t (0) passed to pthread_join
06-06 13:42:25.901 318 319 D XM_HIDREAD: add@ add@/devices/platform/soc@3000000/4021000.sdmmc/mmc_host/mmc2/mmc2:8800
06-06 13:42:25.901 318 319 D XM_HIDREAD: add@ add@/devices/platform/soc@3000000/4021000.sdmmc/mmc_host/mmc2/mmc2:8800/mmc2:8800:1
06-06 13:42:25.900 324 324 I xiriservice_All: type=1400 audit(0.0:320): avc: denied { read } for scontext=u:r:init:s0 tcontext=u:r:init:s0 tclass=netlink_kobject_uevent_socket permissive=1
01-01 08:00:17.241 144 144 I sunxi-mmc 4021000.sdmmc: sdc set ios:clk 400000Hz bm PP pm ON vdd 23 width 4 timing LEGACY(SDR12) dt B
01-01 08:00:17.242 144 144 I sunxi-mmc 4021000.sdmmc: sdc set ios:clk 400000Hz bm PP pm ON vdd 23 width 4 timing UHS-SDR104 dt B
01-01 08:00:17.242 144 144 I sunxi-mmc 4021000.sdmmc: sdc set ios:clk 150000000Hz bm PP pm ON vdd 23 width 4 timing UHS-SDR104 dt B
01-01 08:00:17.242 144 144 I mmc2 : new ultra high speed SDR104 SDIO card at address 8800
06-06 13:42:25.905 359 469 I OMXClient: IOmx service obtained
06-06 13:42:25.905 365 365 I OMXStore: makeComponentInstance(OMX.allwinner.video.decoder.hevc.secure) in android.hardwar process
06-06 13:42:25.906 365 365 E omx_vdec: : This platform does not support secure video playback
06-06 13:42:25.906 365 365 E omx_sem : : handle is null
06-06 13:42:25.906 365 365 E omx_sem : : handle is null
06-06 13:42:25.906 365 365 E omx_sem : : handle is null
06-06 13:42:25.906 365 365 E omx_sem : : handle is null
06-06 13:42:25.906 365 365 E omx_sem : : handle is null
06-06 13:42:25.906 365 365 W omx_vdec_aw: : pdec is null
06-06 13:42:25.906 365 365 E android.hardware.media.omx@1.0-service: Failed to allocate omx component 'OMX.allwinner.video.decoder.hevc.secure' err=InvalidComponentName(0x80001002)
01-01 08:00:17.248 144 144 I sdiohal : sdiohal_probe: func->class=0, vendor=0x0000, device=0x0000, func_num=0x0001, clock=150000000, SDIOHAL_RX_RECVBUF_LEN:200,SDIOHAL_32_BIT_RX_RECVBUF_LEN:32.
01-01 08:00:17.249 144 144 I WCN : marlin_get_wcn_chipid: chipid: 0x56630001
01-01 08:00:17.249 144 144 I WCN : marlin_scan_finish!
01-01 08:00:17.249 657 657 I sdiohal : scan end!
01-01 08:00:17.249 144 144 I sdiohal : sdiohal_probe: sdio_dev_host, max_req_size=0x2000000, max_blk_count=0x2000, max_blk_size=0x1000
01-01 08:00:17.249 657 657 I WCN : then marlin start to download
01-01 08:00:17.249 144 144 I sdiohal : probe ok
01-01 08:00:17.249 33 33 I WCN : marlin_request_firmware from /vendor/etc/firmware/wcnmodem.bin start!
06-06 13:42:25.911 359 469 W OmxInfoBuilder: Fail to add media type video/hevc to codec OMX.allwinner.video.decoder.hevc.secure
06-06 13:42:25.914 359 469 I OMXClient: IOmx service obtained
06-06 13:42:25.915 365 365 I OMXStore: makeComponentInstance(OMX.allwinner.video.decoder.mpeg2) in android.hardwar process
06-06 13:42:25.916 365 365 I omx_vdec_aw: : OmxDecoderCreate.
06-06 13:42:25.919 365 365 W omx_vdec: <__AwOmxVdecSetParameter:1561>: Set Parameter called in valid state
06-06 13:42:25.920 365 365 W omx_vdec: : pParamProfileLevel->nProfileIndex[0x2] error!
06-06 13:42:25.920 365 365 E OMXNodeInstance: getParameter(0xf0a6f000:allwinner.decoder.mpeg2, ParamVideoProfileLevelQuerySupported(0x600000f)) ERROR: BadParameter(0x80001005)
06-06 13:42:25.920 365 365 W omx_vdec: <__AwOmxVdecGetExtensionIndex:1737>: GetExtensionIndex OMX.google.android.index.describeColorFormat, err [0x80001001].
06-06 13:42:25.920 365 365 W omx_vdec: <__AwOmxVdecGetExtensionIndex:1737>: GetExtensionIndex OMX.google.android.index.describeColorFormat2, err [0x80001001].
06-06 13:42:25.920 365 365 E omx_vdec: : erro: pParamData->nIndex > m_sPortFormatType.nIndex
06-06 13:42:25.920 365 365 W omx_vdec: <__AwOmxVdecGetExtensionIndex:1737>: GetExtensionIndex OMX.google.android.index.describeColorFormat, err [0x80001001].
06-06 13:42:25.920 365 365 W omx_vdec: <__AwOmxVdecGetExtensionIndex:1737>: GetExtensionIndex OMX.google.android.index.describeColorFormat2, err [0x80001001].
06-06 13:42:25.920 365 365 E omx_vdec: : erro: pParamData->nIndex > m_sPortFormatType.nIndex
06-06 13:42:25.921 365 365 W omx_vdec: <__AwOmxVdecGetExtensionIndex:1737>: GetExtensionIndex OMX.google.android.index.describeColorFormat, err [0x80001001].
06-06 13:42:25.921 365 365 W omx_vdec: <__AwOmxVdecGetExtensionIndex:1737>: GetExtensionIndex OMX.google.android.index.describeColorFormat2, err [0x80001001].
06-06 13:42:25.921 365 365 E omx_vdec: : erro: pParamData->nIndex > m_sPortFormatType.nIndex
06-06 13:42:25.921 365 365 W omx_vdec: <__AwOmxVdecGetExtensionIndex:1737>: GetExtensionIndex OMX.google.android.index.describeColorFormat, err [0x80001001].
06-06 13:42:25.921 365 365 W omx_vdec: <__AwOmxVdecGetExtensionIndex:1737>: GetExtensionIndex OMX.google.android.index.describeColorFormat2, err [0x80001001].
06-06 13:42:25.921 365 365 E omx_vdec: : erro: pParamData->nIndex > m_sPortFormatType.nIndex
01-01 08:00:17.260 33 33 I WCN : marlin_firmware_parse_image imagepack is WCNE type,need parse it
01-01 08:00:17.260 33 33 I WCN : marlin marlin_firmware_write imagepack is WCNE type,need parse it
01-01 08:00:17.260 0 0 E : [ C0] sunxi-mmc 4021000.sdmmc: smc 2 p1 err, cmd 53, WR DCE !!
06-06 13:42:25.922 475 605 W BestClock: java.time.DateTimeException: Missing NTP fix
06-06 13:42:25.924 365 365 W omx_vdec: <__AwOmxVdecGetExtensionIndex:1737>: GetExtensionIndex OMX.google.android.index.describeColorFormat, err [0x80001001].
06-06 13:42:25.924 365 365 W omx_vdec: <__AwOmxVdecGetExtensionIndex:1737>: GetExtensionIndex OMX.google.android.index.describeColorFormat2, err [0x80001001].
06-06 13:42:25.924 365 365 E omx_vdec: : erro: pParamData->nIndex > m_sPortFormatType.nIndex
06-06 13:42:25.924 365 365 W omx_vdec: <__AwOmxVdecGetExtensionIndex:1737>: GetExtensionIndex OMX.google.android.index.describeColorFormat, err [0x80001001].
06-06 13:42:25.924 365 365 W omx_vdec: <__AwOmxVdecGetExtensionIndex:1737>: GetExtensionIndex OMX.google.android.index.describeColorFormat2, err [0x80001001].
06-06 13:42:25.924 365 365 E omx_vdec: : erro: pParamData->nIndex > m_sPortFormatType.nIndex
06-06 13:42:25.924 365 365 W omx_vdec: <__AwOmxVdecGetExtensionIndex:1737>: GetExtensionIndex OMX.google.android.index.describeColorFormat, err [0x80001001].
06-06 13:42:25.924 365 365 W omx_vdec: <__AwOmxVdecGetExtensionIndex:1737>: GetExtensionIndex OMX.google.android.index.describeColorFormat2, err [0x80001001].
06-06 13:42:25.924 365 365 E omx_vdec: : erro: pParamData->nIndex > m_sPortFormatType.nIndex
06-06 13:42:25.925 365 365 W omx_vdec: <__AwOmxVdecGetExtensionIndex:1737>: GetExtensionIndex OMX.google.android.index.describeColorFormat, err [0x80001001].
06-06 13:42:25.925 365 365 W omx_vdec: <__AwOmxVdecGetExtensionIndex:1737>: GetExtensionIndex OMX.google.android.index.describeColorFormat2, err [0x80001001].
06-06 13:42:25.925 365 365 E omx_vdec: : erro: pParamData->nIndex > m_sPortFormatType.nIndex
06-06 13:42:25.925 365 365 W omx_vdec: <__AwOmxVdecGetExtensionIndex:1737>: GetExtensionIndex OMX.google.android.index.describeColorFormat, err [0x80001001].
06-06 13:42:25.925 365 365 W omx_vdec: <__AwOmxVdecGetExtensionIndex:1737>: GetExtensionIndex OMX.google.android.index.describeColorFormat2, err [0x80001001].
06-06 13:42:25.925 365 365 E omx_vdec: : erro: pParamData->nIndex > m_sPortFormatType.nIndex
06-06 13:42:25.925 365 365 W omx_vdec: <__AwOmxVdecGetExtensionIndex:1737>: GetExtensionIndex OMX.google.android.index.describeColorFormat, err [0x80001001].
06-06 13:42:25.926 365 365 W omx_vdec: <__AwOmxVdecGetExtensionIndex:1737>: GetExtensionIndex OMX.google.android.index.describeColorFormat2, err [0x80001001].
06-06 13:42:25.926 365 365 E omx_vdec: : erro: pParamData->nIndex > m_sPortFormatType.nIndex
06-06 13:42:25.926 365 365 W omx_vdec: <__AwOmxVdecGetExtensionIndex:1737>: GetExtensionIndex OMX.google.android.index.describeColorFormat, err [0x80001001].
06-06 13:42:25.926 365 365 W omx_vdec: <__AwOmxVdecGetExtensionIndex:1737>: GetExtensionIndex OMX.google.android.index.describeColorFormat2, err [0x80001001].
06-06 13:42:25.926 365 365 E omx_vdec: : erro: pParamData->nIndex > m_sPortFormatType.nIndex
06-06 13:42:25.926 365 365 W omx_vdec: <__AwOmxVdecGetExtensionIndex:1737>: GetExtensionIndex OMX.google.android.index.describeColorFormat, err [0x80001001].
06-06 13:42:25.926 365 365 W omx_vdec: <__AwOmxVdecGetExtensionIndex:1737>: GetExtensionIndex OMX.google.android.index.describeColorFormat2, err [0x80001001].
