06-06 13:42:37.410 1047 1301 W System.err: at kotlinx.coroutines.scheduling.CoroutineScheduler$Worker.runWorker(CoroutineScheduler.kt:677)
06-06 13:42:37.410 1047 1301 W System.err: at kotlinx.coroutines.scheduling.CoroutineScheduler$Worker.run(CoroutineScheduler.kt:664)
06-06 13:42:37.411 1047 1957 I okhttp.OkHttpClient: <-- HTTP FAILED: java.io.IOException: unexpected end of stream on http://tymsgapi.qun7.com/...
06-06 13:42:37.415 1047 1300 I okhttp.OkHttpClient: <-- HTTP FAILED: java.io.IOException: unexpected end of stream on http://tymsgapi.qun7.com/...
06-06 13:42:37.418 1047 1301 W System.err: Caused by: java.io.EOFException: \n not found: limit=0 content=…
06-06 13:42:37.418 1047 1301 W System.err: at okio.RealBufferedSource.readUtf8LineStrict(RealBufferedSource.kt:332)
06-06 13:42:37.418 1047 1301 W System.err: at okhttp3.internal.http1.HeadersReader.readLine(HeadersReader.kt:29)
06-06 13:42:37.418 1047 1301 W System.err: at okhttp3.internal.http1.Http1ExchangeCodec.readResponseHeaders(Http1ExchangeCodec.kt:178)
06-06 13:42:37.418 1047 1301 W System.err: ... 39 more
06-06 13:42:37.418 1047 1301 E HttpUtil: error:java.io.IOException: unexpected end of stream on http://tymsgapi.qun7.com/...
06-06 13:42:37.419 1047 1047 W System.err: java.io.IOException: unexpected end of stream on http://tymsgapi.qun7.com/...
06-06 13:42:37.419 1047 1047 W System.err: at okhttp3.internal.http1.Http1ExchangeCodec.readResponseHeaders(Http1ExchangeCodec.kt:202)
06-06 13:42:37.419 1047 1047 W System.err: at okhttp3.internal.connection.Exchange.readResponseHeaders(Exchange.kt:106)
06-06 13:42:37.419 1047 1047 W System.err: at okhttp3.internal.http.CallServerInterceptor.intercept(CallServerInterceptor.kt:79)
06-06 13:42:37.419 1047 1047 W System.err: at okhttp3.internal.http.RealInterceptorChain.proceed(RealInterceptorChain.kt:109)
06-06 13:42:37.419 1047 1047 W System.err: at okhttp3.internal.connection.ConnectInterceptor.intercept(ConnectInterceptor.kt:34)
06-06 13:42:37.419 1047 1047 W System.err: at okhttp3.internal.http.RealInterceptorChain.proceed(RealInterceptorChain.kt:109)
06-06 13:42:37.419 1047 1047 W System.err: at okhttp3.internal.cache.CacheInterceptor.intercept(CacheInterceptor.kt:95)
06-06 13:42:37.419 1047 1047 W System.err: at okhttp3.internal.http.RealInterceptorChain.proceed(RealInterceptorChain.kt:109)
06-06 13:42:37.419 1047 1047 W System.err: at okhttp3.internal.http.BridgeInterceptor.intercept(BridgeInterceptor.kt:83)
06-06 13:42:37.420 1047 1047 W System.err: at okhttp3.internal.http.RealInterceptorChain.proceed(RealInterceptorChain.kt:109)
06-06 13:42:37.420 1047 1047 W System.err: at okhttp3.internal.http.RetryAndFollowUpInterceptor.intercept(RetryAndFollowUpInterceptor.kt:76)
06-06 13:42:37.420 1047 1047 W System.err: at okhttp3.internal.http.RealInterceptorChain.proceed(RealInterceptorChain.kt:109)
06-06 13:42:37.420 1047 1047 W System.err: at okhttp3.logging.HttpLoggingInterceptor.intercept(HttpLoggingInterceptor.kt:221)
06-06 13:42:37.420 1047 1047 W System.err: at okhttp3.internal.http.RealInterceptorChain.proceed(RealInterceptorChain.kt:109)
06-06 13:42:37.420 1047 1047 W System.err: at com.etna.haqu.model.net.interceptor.RequestSignAndEncryptInterceptor.intercept(RequestSignAndEncryptInterceptor.kt:93)
06-06 13:42:37.420 1047 1047 W System.err: at okhttp3.internal.http.RealInterceptorChain.proceed(RealInterceptorChain.kt:109)
06-06 13:42:37.420 1047 1047 W System.err: at com.etna.haqu.model.net.interceptor.CommonParamsInterceptor.intercept(CommonParamsInterceptor.kt:141)
06-06 13:42:37.420 1047 1047 W System.err: at okhttp3.internal.http.RealInterceptorChain.proceed(RealInterceptorChain.kt:109)
06-06 13:42:37.420 1047 1047 W System.err: at okhttp3.internal.connection.RealCall.getResponseWithInterceptorChain$okhttp(RealCall.kt:201)
06-06 13:42:37.420 1047 1047 W System.err: at okhttp3.internal.connection.RealCall.execute(RealCall.kt:154)
06-06 13:42:37.420 1047 1047 W System.err: at retrofit2.OkHttpCall.execute(OkHttpCall.java:204)
06-06 13:42:37.420 1047 1047 W System.err: at com.etna.haqu.support.network.call_adapter.flow.sync.BodyFlowCallAdapterKt$bodyFlow$1.invokeSuspend(BodyFlowCallAdapter.kt:26)
06-06 13:42:37.420 1047 1047 W System.err: at com.etna.haqu.support.network.call_adapter.flow.sync.BodyFlowCallAdapterKt$bodyFlow$1.invoke(Unknown Source:8)
06-06 13:42:37.420 1047 1047 W System.err: at com.etna.haqu.support.network.call_adapter.flow.sync.BodyFlowCallAdapterKt$bodyFlow$1.invoke(Unknown Source:4)
06-06 13:42:37.420 1047 1047 W System.err: at kotlinx.coroutines.flow.SafeFlow.collectSafely(Builders.kt:61)
06-06 13:42:37.420 1047 1047 W System.err: at kotlinx.coroutines.flow.AbstractFlow.collect(Flow.kt:230)
06-06 13:42:37.420 1047 1047 W System.err: at kotlinx.coroutines.flow.FlowKt__LimitKt$take$$inlined$unsafeFlow$1.collect(SafeCollector.common.kt:115)
06-06 13:42:37.420 1047 1047 W System.err: at kotlinx.coroutines.flow.internal.ChannelFlowOperatorImpl.flowCollect(ChannelFlow.kt:195)
06-06 13:42:37.420 1047 1047 W System.err: at kotlinx.coroutines.flow.internal.ChannelFlowOperator.collectTo$suspendImpl(ChannelFlow.kt:157)
06-06 13:42:37.420 1047 1047 W System.err: at kotlinx.coroutines.flow.internal.ChannelFlowOperator.collectTo(Unknown Source:0)
06-06 13:42:37.420 1047 1047 W System.err: at kotlinx.coroutines.flow.internal.ChannelFlow$collectToFun$1.invokeSuspend(ChannelFlow.kt:60)
06-06 13:42:37.420 1047 1047 W System.err: at kotlin.coroutines.jvm.internal.BaseContinuationImpl.resumeWith(ContinuationImpl.kt:33)
06-06 13:42:37.420 1047 1047 W System.err: at kotlinx.coroutines.DispatchedTask.run(DispatchedTask.kt:106)
06-06 13:42:37.420 1047 1047 W System.err: at kotlinx.coroutines.internal.LimitedDispatcher.run(LimitedDispatcher.kt:42)
06-06 13:42:37.420 1047 1047 W System.err: at kotlinx.coroutines.scheduling.TaskImpl.run(Tasks.kt:95)
06-06 13:42:37.420 1047 1047 W System.err: at kotlinx.coroutines.scheduling.CoroutineScheduler.runSafely(CoroutineScheduler.kt:570)
06-06 13:42:37.420 1047 1047 W System.err: at kotlinx.coroutines.scheduling.CoroutineScheduler$Worker.executeTask(CoroutineScheduler.kt:749)
06-06 13:42:37.420 1047 1047 W System.err: at kotlinx.coroutines.scheduling.CoroutineScheduler$Worker.runWorker(CoroutineScheduler.kt:677)
06-06 13:42:37.420 1047 1047 W System.err: at kotlinx.coroutines.scheduling.CoroutineScheduler$Worker.run(CoroutineScheduler.kt:664)
06-06 13:42:37.421 1047 1047 W System.err: Caused by: java.io.EOFException: \n not found: limit=0 content=…
06-06 13:42:37.421 1047 1047 W System.err: at okio.RealBufferedSource.readUtf8LineStrict(RealBufferedSource.kt:332)
06-06 13:42:37.421 1047 1047 W System.err: at okhttp3.internal.http1.HeadersReader.readLine(HeadersReader.kt:29)
06-06 13:42:37.421 1047 1047 W System.err: at okhttp3.internal.http1.Http1ExchangeCodec.readResponseHeaders(Http1ExchangeCodec.kt:178)
06-06 13:42:37.421 1047 1047 W System.err: ... 38 more
06-06 13:42:37.427 1047 1925 E HigherBroadcastServer: {"bluetoothBoot":false,"bluetoothController":false,"bluetoothMac":"B4:2F:03:15:73:BD","deviceModel":"DBBOX-A2","deviceModelNumber":"H5232","deviceName":"客厅的当贝盒子","findController":1,"hostName":"192.168.3.31","inetAddress":"192.168.3.31","mac":"20:02:FE:19:C2:18","port":6689,"romCode":5008,"romVersion":"5.0.0.8","wifiMac":"B4:2F:03:15:E9:47","deviceId":"7422857b4e720d02c40cda0b3d3382df","sn":"DZOH58251908361"}
06-06 13:42:37.427 1047 1925 W NsdServiceInfo: Key lengths > 9 are discouraged: deviceModel
06-06 13:42:37.428 1047 1925 W NsdServiceInfo: Key lengths > 9 are discouraged: deviceModelNumber
06-06 13:42:37.428 1047 1925 W NsdServiceInfo: Key lengths > 9 are discouraged: deviceName
06-06 13:42:37.428 1047 1925 W NsdServiceInfo: Key lengths > 9 are discouraged: romVersion
06-06 13:42:37.428 1047 1925 W NsdServiceInfo: Key lengths > 9 are discouraged: findController
06-06 13:42:37.428 1047 1047 E ccc : cccccc com.dangbei.haqusetting not connect
06-06 13:42:37.428 1047 1047 E ccc : cccccc updateHelper 通知更新
06-06 13:42:37.428 1047 1047 E ccc : cccccc requestOtaInfo exception unexpected end of stream on http://tymsgapi.qun7.com/...
06-06 13:42:37.429 1047 1047 W System.err: java.io.IOException: unexpected end of stream on http://tymsgapi.qun7.com/...
06-06 13:42:37.429 1047 1047 W System.err: at okhttp3.internal.http1.Http1ExchangeCodec.readResponseHeaders(Http1ExchangeCodec.kt:202)
06-06 13:42:37.429 1047 1047 W System.err: at okhttp3.internal.connection.Exchange.readResponseHeaders(Exchange.kt:106)
06-06 13:42:37.429 1047 1047 W System.err: at okhttp3.internal.http.CallServerInterceptor.intercept(CallServerInterceptor.kt:79)
06-06 13:42:37.429 1047 1047 W System.err: at okhttp3.internal.http.RealInterceptorChain.proceed(RealInterceptorChain.kt:109)
06-06 13:42:37.429 1047 1047 W System.err: at okhttp3.internal.connection.ConnectInterceptor.intercept(ConnectInterceptor.kt:34)
06-06 13:42:37.429 1047 1047 W System.err: at okhttp3.internal.http.RealInterceptorChain.proceed(RealInterceptorChain.kt:109)
06-06 13:42:37.429 1047 1047 W System.err: at okhttp3.internal.cache.CacheInterceptor.intercept(CacheInterceptor.kt:95)
06-06 13:42:37.429 1047 1047 W System.err: at okhttp3.internal.http.RealInterceptorChain.proceed(RealInterceptorChain.kt:109)
06-06 13:42:37.429 1047 1047 W System.err: at okhttp3.internal.http.BridgeInterceptor.intercept(BridgeInterceptor.kt:83)
06-06 13:42:37.429 1047 1047 W System.err: at okhttp3.internal.http.RealInterceptorChain.proceed(RealInterceptorChain.kt:109)
06-06 13:42:37.429 1047 1047 W System.err: at okhttp3.internal.http.RetryAndFollowUpInterceptor.intercept(RetryAndFollowUpInterceptor.kt:76)
06-06 13:42:37.429 1047 1047 W System.err: at okhttp3.internal.http.RealInterceptorChain.proceed(RealInterceptorChain.kt:109)
06-06 13:42:37.429 1047 1047 W System.err: at okhttp3.logging.HttpLoggingInterceptor.intercept(HttpLoggingInterceptor.kt:221)
06-06 13:42:37.430 1047 1047 W System.err: at okhttp3.internal.http.RealInterceptorChain.proceed(RealInterceptorChain.kt:109)
06-06 13:42:37.430 1047 1047 W System.err: at com.etna.haqu.model.net.interceptor.RequestSignAndEncryptInterceptor.intercept(RequestSignAndEncryptInterceptor.kt:93)
06-06 13:42:37.430 1047 1047 W System.err: at okhttp3.internal.http.RealInterceptorChain.proceed(RealInterceptorChain.kt:109)
06-06 13:42:37.430 1047 1047 W System.err: at com.etna.haqu.model.net.interceptor.CommonParamsInterceptor.intercept(CommonParamsInterceptor.kt:141)
06-06 13:42:37.430 1047 1047 W System.err: at okhttp3.internal.http.RealInterceptorChain.proceed(RealInterceptorChain.kt:109)
06-06 13:42:37.430 1047 1047 W System.err: at okhttp3.internal.connection.RealCall.getResponseWithInterceptorChain$okhttp(RealCall.kt:201)
06-06 13:42:37.430 1047 1047 W System.err: at okhttp3.internal.connection.RealCall.execute(RealCall.kt:154)
06-06 13:42:37.430 1047 1047 W System.err: at retrofit2.OkHttpCall.execute(OkHttpCall.java:204)
06-06 13:42:37.430 1047 1047 W System.err: at com.etna.haqu.support.network.call_adapter.flow.sync.BodyFlowCallAdapterKt$bodyFlow$1.invokeSuspend(BodyFlowCallAdapter.kt:26)
06-06 13:42:37.430 1047 1047 W System.err: at com.etna.haqu.support.network.call_adapter.flow.sync.BodyFlowCallAdapterKt$bodyFlow$1.invoke(Unknown Source:8)
06-06 13:42:37.430 1047 1047 W System.err: at com.etna.haqu.support.network.call_adapter.flow.sync.BodyFlowCallAdapterKt$bodyFlow$1.invoke(Unknown Source:4)
06-06 13:42:37.430 1047 1047 W System.err: at kotlinx.coroutines.flow.SafeFlow.collectSafely(Builders.kt:61)
06-06 13:42:37.430 1047 1047 W System.err: at kotlinx.coroutines.flow.AbstractFlow.collect(Flow.kt:230)
06-06 13:42:37.430 1047 1047 W System.err: at kotlinx.coroutines.flow.FlowKt__LimitKt$take$$inlined$unsafeFlow$1.collect(SafeCollector.common.kt:115)
06-06 13:42:37.430 1047 1047 W System.err: at kotlinx.coroutines.flow.internal.ChannelFlowOperatorImpl.flowCollect(ChannelFlow.kt:195)
06-06 13:42:37.430 1047 1047 W System.err: at kotlinx.coroutines.flow.internal.ChannelFlowOperator.collectTo$suspendImpl(ChannelFlow.kt:157)
06-06 13:42:37.430 1047 1047 W System.err: at kotlinx.coroutines.flow.internal.ChannelFlowOperator.collectTo(Unknown Source:0)
06-06 13:42:37.430 1047 1047 W System.err: at kotlinx.coroutines.flow.internal.ChannelFlow$collectToFun$1.invokeSuspend(ChannelFlow.kt:60)
06-06 13:42:37.430 1047 1047 W System.err: at kotlin.coroutines.jvm.internal.BaseContinuationImpl.resumeWith(ContinuationImpl.kt:33)
06-06 13:42:37.430 1047 1047 W System.err: at kotlinx.coroutines.DispatchedTask.run(DispatchedTask.kt:106)
06-06 13:42:37.430 1047 1047 W System.err: at kotlinx.coroutines.internal.LimitedDispatcher.run(LimitedDispatcher.kt:42)
06-06 13:42:37.430 1047 1047 W System.err: at kotlinx.coroutines.scheduling.TaskImpl.run(Tasks.kt:95)
06-06 13:42:37.430 1047 1047 W System.err: at kotlinx.coroutines.scheduling.CoroutineScheduler.runSafely(CoroutineScheduler.kt:570)
06-06 13:42:37.430 1047 1047 W System.err: at kotlinx.coroutines.scheduling.CoroutineScheduler$Worker.executeTask(CoroutineScheduler.kt:749)
06-06 13:42:37.430 1047 1047 W System.err: at kotlinx.coroutines.scheduling.CoroutineScheduler$Worker.runWorker(CoroutineScheduler.kt:677)
06-06 13:42:37.430 1047 1047 W System.err: at kotlinx.coroutines.scheduling.CoroutineScheduler$Worker.run(CoroutineScheduler.kt:664)
06-06 13:42:37.431 1047 1047 W System.err: Caused by: java.io.EOFException: \n not found: limit=0 content=…
06-06 13:42:37.431 1047 1047 W System.err: at okio.RealBufferedSource.readUtf8LineStrict(RealBufferedSource.kt:332)
06-06 13:42:37.431 1047 1047 W System.err: at okhttp3.internal.http1.HeadersReader.readLine(HeadersReader.kt:29)
06-06 13:42:37.431 1047 1047 W System.err: at okhttp3.internal.http1.Http1ExchangeCodec.readResponseHeaders(Http1ExchangeCodec.kt:178)
06-06 13:42:37.431 1047 1047 W System.err: ... 38 more
06-06 13:42:37.455 1047 1047 E ccc : cccccc com.dangbei.haqusetting not connect
06-06 13:42:37.455 1047 1047 E ccc : cccccc updateHelper 通知更新
06-06 13:42:37.455 1047 1047 E ccc : cccccc requestOtaInfo exception unexpected end of stream on http://tymsgapi.qun7.com/...
06-06 13:42:37.489 1047 1302 I okhttp.OkHttpClient: <-- 200 OK http://tymsgapi.qun7.com/v1/core/appupdate (164ms, unknown-length body)
06-06 13:42:37.491 1100 1678 E hq : ErrorCoroutineExceptionHandler:::runTry error:com.dangbei.leard.base.proider.error.EmptyApiException: 数据为空 from=requestGetMessageRemind from=requestGetMessageRemind
06-06 13:42:37.495 1047 1967 I okhttp.OkHttpClient: <-- 200 OK http://tyapi.qun7.com/v1/core/launcherota (238ms, unknown-length body)
06-06 13:42:37.509 475 1353 D WifiMemoryStoreImpl: Set cluster G5be9f4c197098e9e for W5be9f4c197098e9e: SUCCESS
06-06 13:42:37.510 1047 1958 I okhttp.OkHttpClient: <-- 200 OK http://tyapi.qun7.com/v1/core/launcherota (230ms, unknown-length body)
06-06 13:42:37.515 475 518 D AW_CODE : rotation =0
06-06 13:42:37.519 475 518 D AW_CODE : rotation =0
06-06 13:42:37.525 475 518 D AW_CODE : rotation =0
06-06 13:42:37.530 475 475 W InputMethodManagerService: Illegal subtype state: old subtype = null, new subtype = android.view.inputmethod.InputMethodSubtype@129f21f8
06-06 13:42:37.546 1047 1964 I okhttp.OkHttpClient: <-- HTTP FAILED: java.io.IOException: unexpected end of stream on http://tymsgapi.qun7.com/...
06-06 13:42:37.546 1047 1964 W System.err: java.io.IOException: unexpected end of stream on http://tymsgapi.qun7.com/...
06-06 13:42:37.551 1100 1110 I d.leradlaunche: Background young concurrent copying GC freed 73675(4738KB) AllocSpace objects, 2(60KB) LOS objects, 11% free, 11MB/12MB, paused 3.870ms total 579.422ms
06-06 13:42:37.552 1047 1047 E ccc : cccccc launcher ota response is BaseResponse{message='success', data=UpgradeInfoEntity{contentLength=0, versionName='', versionCode=0, remark='', list=[]}, code=0}
01-01 08:00:28.883 2025 2025 W audit : audit_lost=200 audit_rate_limit=5 audit_backlog_limit=64
01-01 08:00:28.883 2025 2025 E audit : rate limit exceeded
06-06 13:42:37.554 1047 1964 W System.err: at okhttp3.internal.http1.Http1ExchangeCodec.readResponseHeaders(Http1ExchangeCodec.kt:202)
06-06 13:42:37.554 1047 1964 W System.err: at okhttp3.internal.connection.Exchange.readResponseHeaders(Exchange.kt:106)
06-06 13:42:37.554 1047 1964 W System.err: at okhttp3.internal.http.CallServerInterceptor.intercept(CallServerInterceptor.kt:79)
06-06 13:42:37.554 1047 1964 W System.err: at okhttp3.internal.http.RealInterceptorChain.proceed(RealInterceptorChain.kt:109)
06-06 13:42:37.554 1047 1964 W System.err: at okhttp3.internal.connection.ConnectInterceptor.intercept(ConnectInterceptor.kt:34)
06-06 13:42:37.554 1047 1964 W System.err: at okhttp3.internal.http.RealInterceptorChain.proceed(RealInterceptorChain.kt:109)
06-06 13:42:37.554 1047 1964 W System.err: at okhttp3.internal.cache.CacheInterceptor.intercept(CacheInterceptor.kt:95)
06-06 13:42:37.554 1047 1964 W System.err: at okhttp3.internal.http.RealInterceptorChain.proceed(RealInterceptorChain.kt:109)
06-06 13:42:37.554 1047 1964 W System.err: at okhttp3.internal.http.BridgeInterceptor.intercept(BridgeInterceptor.kt:83)
06-06 13:42:37.554 1047 1964 W System.err: at okhttp3.internal.http.RealInterceptorChain.proceed(RealInterceptorChain.kt:109)
06-06 13:42:37.554 1047 1964 W System.err: at okhttp3.internal.http.RetryAndFollowUpInterceptor.intercept(RetryAndFollowUpInterceptor.kt:76)
06-06 13:42:37.554 1047 1964 W System.err: at okhttp3.internal.http.RealInterceptorChain.proceed(RealInterceptorChain.kt:109)
06-06 13:42:37.554 1047 1964 W System.err: at okhttp3.logging.HttpLoggingInterceptor.intercept(HttpLoggingInterceptor.kt:221)
06-06 13:42:37.554 1047 1964 W System.err: at okhttp3.internal.http.RealInterceptorChain.proceed(RealInterceptorChain.kt:109)
06-06 13:42:37.554 1047 1964 W System.err: at com.etna.haqu.model.net.interceptor.RequestSignAndEncryptInterceptor.intercept(RequestSignAndEncryptInterceptor.kt:93)
06-06 13:42:37.554 1047 1964 W System.err: at okhttp3.internal.http.RealInterceptorChain.proceed(RealInterceptorChain.kt:109)
06-06 13:42:37.554 1047 1964 W System.err: at com.etna.haqu.model.net.interceptor.CommonParamsInterceptor.intercept(CommonParamsInterceptor.kt:141)
06-06 13:42:37.554 1047 1964 W System.err: at okhttp3.internal.http.RealInterceptorChain.proceed(RealInterceptorChain.kt:109)
06-06 13:42:37.554 1047 1964 W System.err: at okhttp3.internal.connection.RealCall.getResponseWithInterceptorChain$okhttp(RealCall.kt:201)
06-06 13:42:37.555 1047 1964 W System.err: at okhttp3.internal.connection.RealCall.execute(RealCall.kt:154)
06-06 13:42:37.555 1047 1964 W System.err: at retrofit2.OkHttpCall.execute(OkHttpCall.java:204)
06-06 13:42:37.555 1047 1964 W System.err: at com.etna.haqu.support.network.call_adapter.flow.sync.BodyFlowCallAdapterKt$bodyFlow$1.invokeSuspend(BodyFlowCallAdapter.kt:26)
06-06 13:42:37.555 1047 1964 W System.err: at com.etna.haqu.support.network.call_adapter.flow.sync.BodyFlowCallAdapterKt$bodyFlow$1.invoke(Unknown Source:8)
06-06 13:42:37.555 1047 1964 W System.err: at com.etna.haqu.support.network.call_adapter.flow.sync.BodyFlowCallAdapterKt$bodyFlow$1.invoke(Unknown Source:4)
06-06 13:42:37.555 1047 1964 W System.err: at kotlinx.coroutines.flow.SafeFlow.collectSafely(Builders.kt:61)
06-06 13:42:37.555 1047 1964 W System.err: at kotlinx.coroutines.flow.AbstractFlow.collect(Flow.kt:230)
06-06 13:42:37.555 1047 1964 W System.err: at kotlinx.coroutines.flow.FlowKt__LimitKt$take$$inlined$unsafeFlow$1.collect(SafeCollector.common.kt:115)
06-06 13:42:37.555 1047 1964 W System.err: at com.dangbei.etna.update.app.AppUpdateHelper$requestAppPush$$inlined$map$1.collect(SafeCollector.common.kt:113)
06-06 13:42:37.555 1047 1964 W System.err: at kotlinx.coroutines.flow.FlowKt__ErrorsKt.catchImpl(Errors.kt:156)
06-06 13:42:37.555 1047 1964 W System.err: at kotlinx.coroutines.flow.FlowKt.catchImpl(Unknown Source:1)
06-06 13:42:37.555 1047 1964 W System.err: at kotlinx.coroutines.flow.FlowKt__ErrorsKt$catch$$inlined$unsafeFlow$1.collect(SafeCollector.common.kt:113)
06-06 13:42:37.555 1047 1964 W System.err: at com.etna.haqu.support.ext.FlowExtKt.safeCollect(FlowExt.kt:50)
06-06 13:42:37.555 1047 1964 W System.err: at com.dangbei.etna.update.app.AppUpdateHelper.requestAppPush(AppUpdateHelper.kt:129)
06-06 13:42:37.555 1047 1964 W System.err: at com.dangbei.etna.update.app.AppUpdateHelper.access$requestAppPush(AppUpdateHelper.kt:31)
06-06 13:42:37.555 1047 1964 W System.err: at com.dangbei.etna.update.app.AppUpdateHelper$requestAppPushInner$1$1.invokeSuspend(AppUpdateHelper.kt:167)
06-06 13:42:37.555 1047 1964 W System.err: at com.dangbei.etna.update.app.AppUpdateHelper$requestAppPushInner$1$1.invoke(Unknown Source:8)
06-06 13:42:37.555 1047 1964 W System.err: at com.dangbei.etna.update.app.AppUpdateHelper$requestAppPushInner$1$1.invoke(Unknown Source:4)
06-06 13:42:37.555 1047 1964 W System.err: at kotlinx.coroutines.flow.SafeFlow.collectSafely(Builders.kt:61)
06-06 13:42:37.555 1047 1964 W System.err: at kotlinx.coroutines.flow.AbstractFlow.collect(Flow.kt:230)
06-06 13:42:37.555 1047 1964 W System.err: at kotlinx.coroutines.flow.internal.ChannelFlowOperatorImpl.flowCollect(ChannelFlow.kt:195)
06-06 13:42:37.555 1047 1964 W System.err: at kotlinx.coroutines.flow.internal.ChannelFlowOperator.collectTo$suspendImpl(ChannelFlow.kt:157)
06-06 13:42:37.555 1047 1964 W System.err: at kotlinx.coroutines.flow.internal.ChannelFlowOperator.collectTo(Unknown Source:0)
06-06 13:42:37.555 1047 1964 W System.err: at kotlinx.coroutines.flow.internal.ChannelFlow$collectToFun$1.invokeSuspend(ChannelFlow.kt:60)
06-06 13:42:37.555 1047 1964 W System.err: at kotlin.coroutines.jvm.internal.BaseContinuationImpl.resumeWith(ContinuationImpl.kt:33)
06-06 13:42:37.555 1047 1964 W System.err: at kotlinx.coroutines.DispatchedTask.run(DispatchedTask.kt:106)
06-06 13:42:37.555 1047 1964 W System.err: at kotlinx.coroutines.internal.LimitedDispatcher.run(LimitedDispatcher.kt:42)
06-06 13:42:37.555 1047 1964 W System.err: at kotlinx.coroutines.scheduling.TaskImpl.run(Tasks.kt:95)
06-06 13:42:37.555 1047 1964 W System.err: at kotlinx.coroutines.scheduling.CoroutineScheduler.runSafely(CoroutineScheduler.kt:570)
06-06 13:42:37.555 1047 1964 W System.err: at kotlinx.coroutines.scheduling.CoroutineScheduler$Worker.executeTask(CoroutineScheduler.kt:749)
06-06 13:42:37.555 1047 1964 W System.err: at kotlinx.coroutines.scheduling.CoroutineScheduler$Worker.runWorker(CoroutineScheduler.kt:677)
06-06 13:42:37.555 1047 1964 W System.err: at kotlinx.coroutines.scheduling.CoroutineScheduler$Worker.run(CoroutineScheduler.kt:664)
06-06 13:42:37.556 1047 1964 W System.err: Caused by: java.io.EOFException: \n not found: limit=0 content=…
06-06 13:42:37.556 1047 1964 W System.err: at okio.RealBufferedSource.readUtf8LineStrict(RealBufferedSource.kt:332)
06-06 13:42:37.556 1047 1964 W System.err: at okhttp3.internal.http1.HeadersReader.readLine(HeadersReader.kt:29)
06-06 13:42:37.556 1047 1964 W System.err: at okhttp3.internal.http1.Http1ExchangeCodec.readResponseHeaders(Http1ExchangeCodec.kt:178)
06-06 13:42:37.556 1047 1964 W System.err: ... 50 more
06-06 13:42:37.556 1047 1964 E ccc : cccccc requestAppPush exception is unexpected end of stream on http://tymsgapi.qun7.com/...
06-06 13:42:37.557 1047 1047 W System.err: java.lang.IndexOutOfBoundsException: Index: 0, Size: 0
06-06 13:42:37.559 1047 1047 W System.err: at java.util.ArrayList.get(ArrayList.java:437)
06-06 13:42:37.559 1047 1047 W System.err: at com.dangbei.etna.update.launcher.LauncherUpdateHelper$requestLauncherUpdateInfo$1$2.invoke(LauncherUpdateHelper.kt:198)
06-06 13:42:37.559 1047 1047 W System.err: at com.dangbei.etna.update.launcher.LauncherUpdateHelper$requestLauncherUpdateInfo$1$2.invoke(LauncherUpdateHelper.kt:189)
06-06 13:42:37.559 1047 1047 W System.err: at com.etna.haqu.support.ext.FlowExtKt$safeCollect$3.emit(FlowExt.kt:52)
06-06 13:42:37.559 1047 1047 W System.err: at kotlinx.coroutines.flow.FlowKt__ErrorsKt$catchImpl$2.emit(Errors.kt:158)
06-06 13:42:37.559 1047 1047 W System.err: at kotlinx.coroutines.flow.FlowKt__ChannelsKt.emitAllImpl$FlowKt__ChannelsKt(Channels.kt:62)
06-06 13:42:37.559 1047 1047 W System.err: at kotlinx.coroutines.flow.FlowKt__ChannelsKt.access$emitAllImpl$FlowKt__ChannelsKt(Channels.kt:1)
06-06 13:42:37.559 1047 1047 W System.err: at kotlinx.coroutines.flow.FlowKt__ChannelsKt$emitAllImpl$1.invokeSuspend(Unknown Source:14)
06-06 13:42:37.559 1047 1047 W System.err: at kotlin.coroutines.jvm.internal.BaseContinuationImpl.resumeWith(ContinuationImpl.kt:33)
06-06 13:42:37.559 1047 1047 W System.err: at kotlinx.coroutines.DispatchedTask.run(DispatchedTask.kt:106)
06-06 13:42:37.559 1047 1047 W System.err: at android.os.Handler.handleCallback(Handler.java:938)
06-06 13:42:37.559 1047 1047 W System.err: at android.os.Handler.dispatchMessage(Handler.java:99)
06-06 13:42:37.559 1047 1047 W System.err: at android.os.Looper.loopOnce(Looper.java:201)
06-06 13:42:37.559 1047 1047 W System.err: at android.os.Looper.loop(Looper.java:288)
06-06 13:42:37.559 1047 1047 W System.err: at android.app.ActivityThread.main(ActivityThread.java:7854)
06-06 13:42:37.559 1047 1047 W System.err: at java.lang.reflect.Method.invoke(Native Method)
06-06 13:42:37.559 1047 1047 W System.err: at com.android.internal.os.RuntimeInit$MethodAndArgsCaller.run(RuntimeInit.java:548)
06-06 13:42:37.559 1047 1047 W System.err: at com.android.internal.os.ZygoteInit.main(ZygoteInit.java:1182)
06-06 13:42:37.561 1047 1047 E ccc : cccccc com.dangbei.haqusetting not connect
06-06 13:42:37.561 1047 1047 E ccc : cccccc updateHelper 通知更新
06-06 13:42:37.563 1047 1047 E ccc : cccccc launcher ota response is BaseResponse{message='success', data=UpgradeInfoEntity{contentLength=0, versionName='', versionCode=0, remark='', list=[]}, code=0}
06-06 13:42:37.565 1047 1047 W System.err: java.lang.IndexOutOfBoundsException: Index: 0, Size: 0
06-06 13:42:37.567 1047 1047 W System.err: at java.util.ArrayList.get(ArrayList.java:437)
06-06 13:42:37.567 1047 1047 W System.err: at com.dangbei.etna.update.launcher.LauncherUpdateHelper$requestLauncherUpdateInfo$1$2.invoke(LauncherUpdateHelper.kt:198)
06-06 13:42:37.567 1047 1047 W System.err: at com.dangbei.etna.update.launcher.LauncherUpdateHelper$requestLauncherUpdateInfo$1$2.invoke(LauncherUpdateHelper.kt:189)
06-06 13:42:37.568 1047 1047 W System.err: at com.etna.haqu.support.ext.FlowExtKt$safeCollect$3.emit(FlowExt.kt:52)
06-06 13:42:37.568 1047 1047 W System.err: at kotlinx.coroutines.flow.FlowKt__ErrorsKt$catchImpl$2.emit(Errors.kt:158)
06-06 13:42:37.568 1047 1047 W System.err: at kotlinx.coroutines.flow.FlowKt__ChannelsKt.emitAllImpl$FlowKt__ChannelsKt(Channels.kt:62)
06-06 13:42:37.568 1047 1047 W System.err: at kotlinx.coroutines.flow.FlowKt__ChannelsKt.access$emitAllImpl$FlowKt__ChannelsKt(Channels.kt:1)
06-06 13:42:37.568 1047 1047 W System.err: at kotlinx.coroutines.flow.FlowKt__ChannelsKt$emitAllImpl$1.invokeSuspend(Unknown Source:14)
06-06 13:42:37.568 1047 1047 W System.err: at kotlin.coroutines.jvm.internal.BaseContinuationImpl.resumeWith(ContinuationImpl.kt:33)
06-06 13:42:37.568 1047 1047 W System.err: at kotlinx.coroutines.DispatchedTask.run(DispatchedTask.kt:106)
06-06 13:42:37.568 1047 1047 W System.err: at android.os.Handler.handleCallback(Handler.java:938)
06-06 13:42:37.568 1047 1047 W System.err: at android.os.Handler.dispatchMessage(Handler.java:99)
06-06 13:42:37.568 1047 1047 W System.err: at android.os.Looper.loopOnce(Looper.java:201)
06-06 13:42:37.568 1047 1047 W System.err: at android.os.Looper.loop(Looper.java:288)
06-06 13:42:37.568 1047 1047 W System.err: at android.app.ActivityThread.main(ActivityThread.java:7854)
06-06 13:42:37.568 1047 1047 W System.err: at java.lang.reflect.Method.invoke(Native Method)
06-06 13:42:37.568 1047 1047 W System.err: at com.android.internal.os.RuntimeInit$MethodAndArgsCaller.run(RuntimeInit.java:548)
06-06 13:42:37.568 1047 1047 W System.err: at com.android.internal.os.ZygoteInit.main(ZygoteInit.java:1182)
06-06 13:42:37.574 475 617 D NsdService: Register service
06-06 13:42:37.575 475 617 D NsdService: registerService: 2 name: 192.168.3.31, type: _db_controller._tcp, host: /192.168.3.31, port: 6689, txtRecord: deviceModel=DBBOX-A2romVersion=5.0.0.8findController=1sn=DZOH58251908361mac=20:02:FE:19:C2:18 deviceName=客厅的当贝盒子)deviceId=7422857b4e720d02c40cda0b3d3382dfdeviceModelNumber=H5232 romCode=5008
06-06 13:42:37.575 475 617 D NsdService: mdnssd [register, 2, 192.168.3.31, _db_controller._tcp, 6689, FGRldmljZU1vZGVsPURCQk9YLUEyEnJvbVZlcnNpb249NS4wLjAuOBBmaW5kQ29udHJvbGxlcj0xEnNuPURaT0g1ODI1MTkwODM2MRVtYWM9MjA6MDI6RkU6MTk6QzI6MTggZGV2aWNlTmFtZT3lrqLljoXnmoTlvZPotJ3nm5LlrZApZGV2aWNlSWQ9NzQyMjg1N2I0ZTcyMGQwMmM0MGNkYTBiM2QzMzgyZGYXZGV2aWNlTW9kZWxOdW1iZXI9SDUyMzIMcm9tQ29kZT01MDA4]
06-06 13:42:37.577 1100 1652 I dangbei ad sdk: AdSplashView::show offline ad
06-06 13:42:37.579 1047 1047 E ccc : cccccc com.dangbei.haqusetting not connect
06-06 13:42:37.579 1047 1047 E ccc : cccccc updateHelper 通知更新
06-06 13:42:37.580 475 617 D NsdService: Register 2 2
06-06 13:42:37.590 475 607 D WifiClientModeImpl[wlan0]: Received signal strength thresholds: []
06-06 13:42:37.614 475 607 E WifiVendorHal: stopRssiMonitoring(l.2617) failed {.code = ERROR_NOT_AVAILABLE, .description = }
06-06 13:42:37.622 475 607 W LastMileLogger: Failed to stop event tracing: /sys/kernel/debug/tracing/instances/wifi/tracing_on: open failed: ENOENT (No such file or directory)
06-06 13:42:37.729 475 749 D CompatibilityChangeReporter: Compat change id reported: 135634846; UID 10022; state: DISABLED
06-06 13:42:37.729 475 749 D CompatibilityChangeReporter: Compat change id reported: 177438394; UID 10022; state: DISABLED
06-06 13:42:37.729 475 749 D CompatibilityChangeReporter: Compat change id reported: 135772972; UID 10022; state: DISABLED
06-06 13:42:37.729 475 749 D CompatibilityChangeReporter: Compat change id reported: 135754954; UID 10022; state: ENABLED
06-06 13:42:37.732 475 539 D CompatibilityChangeReporter: Compat change id reported: 143937733; UID 10022; state: ENABLED
06-06 13:42:37.741 475 749 D WifiMemoryStoreImpl: Set cluster G5be9f4c197098e9e for Wd5f986814084ed51: SUCCESS
06-06 13:42:37.759 243 243 D Zygote : Forked child process 2040
06-06 13:42:37.760 475 539 I ActivityManager: app.processName = com.android.providers.tv
06-06 13:42:37.760 475 539 I ActivityManager: Start proc 2040:com.android.providers.tv/u0a22 for broadcast {com.android.providers.tv/com.android.providers.tv.BootCompletedReceiver}
06-06 13:42:37.764 2038 2038 I setprop : type=1400 audit(0.0:629): avc: denied { write } for name="property_service" dev="tmpfs" ino=2926 scontext=u:r:preinstall:s0 tcontext=u:object_r:property_socket:s0 tclass=sock_file permissive=1
06-06 13:42:37.780 2040 2040 I Zygote : seccomp disabled by setenforce 0
06-06 13:42:37.764 2038 2038 I setprop : type=1400 audit(0.0:630): avc: denied { connectto } for path="/dev/socket/property_service" scontext=u:r:preinstall:s0 tcontext=u:r:init:s0 tclass=unix_stream_socket permissive=1
06-06 13:42:37.764 1 1 I /system/bin/init: type=1107 audit(0.0:631): uid=0 auid=4294967295 ses=4294967295 subj=u:r:init:s0 msg='avc: denied { set } for property=persist.sys.bt.name pid=2038 uid=0 gid=0 scontext=u:r:preinstall:s0 tcontext=u:object_r:system_prop:s0 tclass=property_service permissive=1'
06-06 13:42:37.772 1630 1630 I preinstall.sh: type=1400 audit(0.0:632): avc: denied { add_name } for name="port_qos" scontext=u:r:preinstall:s0 tcontext=u:object_r:sysfs:s0 tclass=dir permissive=1
06-06 13:42:37.772 1630 1630 I preinstall.sh: type=1400 audit(0.0:633): avc: denied { create } for name="port_qos" scontext=u:r:preinstall:s0 tcontext=u:object_r:sysfs:s0 tclass=file permissive=1
06-06 13:42:37.802 475 607 I WifiClientModeImpl: Default Gateway MAC address of 58:c7:ac:78:f0:02 from routes is : 70:3a:a6:36:a8:d7
06-06 13:42:37.813 475 607 D WifiConfigStore: Writing to stores completed in 5 ms.
06-06 13:42:37.829 657 657 E WifiHAL : wifi_get_link_stats: requestResponse Error:-5
06-06 13:42:37.833 475 607 E WifiVendorHal: getWifiLinkLayerStats_1_5_Internal(l.1191) failed {.code = ERROR_INVALID_ARGS, .description = }
06-06 13:42:37.842 396 407 I adbd : jdwp connection from 2040
06-06 13:42:37.849 1100 1100 I Choreographer: Skipped 82 frames! The application may be doing too much work on its main thread.
06-06 13:42:37.863 1100 1100 E hq : listenerNet:::重新来网了 key=image_error isConnect=true
06-06 13:42:37.863 1100 1100 E hq : listenerNet:::重新来网了 key=requestAppWhiteList isConnect=true
06-06 13:42:37.868 1100 1100 E hq : listenerNet:::重新来网了 key=ConfigureInterface:Init isConnect=true
06-06 13:42:37.872 1100 1678 E hq : Etna:::sendInspectLauncherUpdate
06-06 13:42:37.874 475 498 D CompatibilityChangeReporter: Compat change id reported: 172100307; UID 10074; state: DISABLED
06-06 13:42:37.878 1100 1100 E hq : listenerNet:::重新来网了 key=requestGetMessageRemind isConnect=true
01-01 08:00:29.225 381 381 I : DVI mode selected: packets not configured
01-01 08:00:29.225 381 381 I : Error: set vsif failed
06-06 13:42:37.885 1100 1100 E hq : listenerNet:::重新来网了 key=requestMessageConfig isConnect=true
06-06 13:42:37.887 1100 1100 E hq : listenerNet:::重新来网了 key=requestMessageDialog isConnect=true
06-06 13:42:37.888 1100 1100 E hq : listenerNet:::重新来网了 key=requestNetAppAdInfo isConnect=true
06-06 13:42:37.888 1100 1100 E hq : NetWorkStateReceiver:::NetWorkStateReceiver onReceive: 网络变化广播 >>>> intent.action=android.net.conn.CONNECTIVITY_CHANGE
06-06 13:42:37.892 475 498 D CompatibilityChangeReporter: Compat change id reported: 168419799; UID 10022; state: DISABLED
06-06 13:42:37.893 1100 1460 D yc_test : refreshWeather: null
06-06 13:42:37.896 1047 1099 E ccc : cccccc SystemUpdateHelper launcherUpdate {"launcherCodeLocal":102941,"launcherCodeNet":0,"launcherVersionLocal":"2.9.4.1","launcherVersionNet":"","otaCodeLocal":0,"otaCodeNet":0,"remoteNeedUpdate":false,"updateType":""}
06-06 13:42:37.903 1100 1100 E hq : NetWorkStateReceiver:::Network is available. isConnect=true 是否频次过快=true t=1749188557902
06-06 13:42:37.903 1100 1100 W eventbuscore: post Event:com.dangbei.leard.base.entity.event.NetChangeEvent
06-06 13:42:37.925 2040 2040 D CompatibilityChangeReporter: Compat change id reported: 171979766; UID 10022; state: ENABLED
06-06 13:42:37.943 1100 1678 D etnaManager: 不需要更新桌面
06-06 13:42:37.949 1359 1703 D XHttpObservable: createNetWorkObservable subscribe: ShowMessageEntity{code=0, data=TipEntity{movieType=[我想看喜剧片, 动作片, 枪战片], movie=[庆余年, 误杀, 美丽人生, 爆笑虫子, 哪吒, 小猪佩奇, 胡歌的电视剧, 张艺谋导演的电影, 切换到1080P, 收藏], appController=[打开当贝市场, 下载哈趣影视, 爱奇艺, 卸载腾讯视频], weather=[今天的天气, 未来五天的天气, 杭州天气怎么样, 明天下不下雨], music=[我要听歌, 周杰伦的歌, 上一首, 下一首, 快进一分钟, 暂停], liveAppDownload='非常抱歉,根据监管部门政策管理要求,暂不提供相应服务。', subscreen=null, wakeUpVoiceResponse=[ProbabilityEntity{word='在呢', probability=30}, ProbabilityEntity{word='我在', probability=35}, ProbabilityEntity{word='你说', probability=15}, ProbabilityEntity{word='来啦', probability=20}], unrecognizedVoiceResponse=[ProbabilityEntity{word='可以再说一遍么', probability=45}, ProbabilityEntity{word='可以说的详细一点么', probability=30}, ProbabilityEntity{word='请问有什么可以帮您', probability=25}], notUnderstandVoiceResponse=[ProbabilityEntity{word='换个说法试试吧', probability=100}]}, message='success'} ,,, isDisposed = false
06-06 13:42:37.951 1359 1705 D XHttpObservable: createNetWorkObservable subscribe: MediaControlEntity{code=0, data=PageEntity{list=[ContentEntity{packageName='com.dangbei.leard.leradlauncher', activityName='FilmDetailActivity'}, ContentEntity{packageName='com.dangbei.leard.leradlauncher', activityName='FullScreenDetailActivity'}, ContentEntity{packageName='com.dangbei.leard.leradlauncher', activityName='TencentSportActivity'}, ContentEntity{packageName='com.dangbei.leradVideoPlugins', activityName='FilmDetailActivity'}, ContentEntity{packageName='com.dangbei.leradVideoPlugins', activityName='FullScreenDetailActivity'}, ContentEntity{packageName='com.dangbei.leradVideoPlugins', activityName='TencentSportActivity'}, ContentEntity{packageName='com.dangbei.leradVideoPlugins', activityName='ShortPlayActivity'}, ContentEntity{packageName='com.dangbei.hqmedia', activityName='FilmDetailActivity'}, ContentEntity{packageName='com.dangbei.hqmedia', activityName='FullScreenDetailActivity'}, ContentEntity{packageName='com.dangbei.leradVideoPlugins', activityName='MangoMediaActivity'}, ContentEntity{packageName='com.dangbei.leradVideoPlugins', activityName='VcinemaActivity'}]}, message='success'} ,,, isDisposed = false
06-06 13:42:38.038 2040 2040 V GraphicsEnvironment: ANGLE Developer option for 'com.android.providers.tv' set to: 'default'
06-06 13:42:38.039 2040 2040 V GraphicsEnvironment: Neither updatable production driver nor prerelease driver is supported.
06-06 13:42:38.046 2040 2040 D NetworkSecurityConfig: No Network Security Config specified, using platform default
06-06 13:42:38.047 2040 2040 D NetworkSecurityConfig: No Network Security Config specified, using platform default
06-06 13:42:38.055 2040 2040 D CompatibilityChangeReporter: Compat change id reported: 160794467; UID 10022; state: ENABLED
06-06 13:42:38.072 1043 1159 W MediaProvider: getVolumePath for unknown volume: internal
06-06 13:42:38.079 1043 1159 W MediaProvider: getVolumePath for unknown volume: internal
06-06 13:42:38.197 475 498 D CompatibilityChangeReporter: Compat change id reported: 135634846; UID 10061; state: DISABLED
06-06 13:42:38.197 475 498 D CompatibilityChangeReporter: Compat change id reported: 177438394; UID 10061; state: DISABLED
06-06 13:42:38.197 475 498 D CompatibilityChangeReporter: Compat change id reported: 135772972; UID 10061; state: DISABLED
06-06 13:42:38.197 475 498 D CompatibilityChangeReporter: Compat change id reported: 135754954; UID 10061; state: ENABLED
06-06 13:42:38.198 475 539 D CompatibilityChangeReporter: Compat change id reported: 143937733; UID 10061; state: ENABLED
06-06 13:42:38.221 243 243 D Zygote : Forked child process 2088
06-06 13:42:38.224 1100 1100 E martin : 组件:2025-06-06
06-06 13:42:38.226 475 539 I ActivityManager: app.processName = com.android.remoteprovisioner
06-06 13:42:38.226 475 539 I ActivityManager: Start proc 2088:com.android.remoteprovisioner/u0a61 for broadcast {com.android.remoteprovisioner/com.android.remoteprovisioner.BootReceiver}
06-06 13:42:38.228 1100 1100 E weatherWidget: dataChange:Fri Jun 06 13:42:38 GMT+08:00 2025
06-06 13:42:38.237 2088 2088 I Zygote : seccomp disabled by setenforce 0
06-06 13:42:38.243 1100 1100 E SecondScreen: isShowSecondScreen()=0 getCurrentPageState()=com.monster.gamma.core.LoadService@9080199
06-06 13:42:38.244 475 617 D NsdService: Native daemon message SERVICE_REGISTERED: 606 2 "192.168.3.31"
06-06 13:42:38.251 1100 1676 D AppManager: checkLocalAppsIsValid:
06-06 13:42:38.269 1100 1100 W View : requestLayout() improperly called by com.dangbei.launcher.home.view.second.view.AppRecyclerView{70b2940 V.ED..... ......I. 80,0-1840,1080} during layout: running second layout pass
06-06 13:42:38.301 1100 1312 E hq : WeatherRefresh:::请求网络地址后,更新的地理位置为:101280601
01-01 08:00:29.650 381 381 I : DVI mode selected: packets not configured
01-01 08:00:29.650 381 381 I : Error: set vsif failed
06-06 13:42:38.311 475 499 D CompatibilityChangeReporter: Compat change id reported: 135634846; UID 10048; state: DISABLED
06-06 13:42:38.313 475 539 D CompatibilityChangeReporter: Compat change id reported: 143937733; UID 10048; state: DISABLED
01-01 08:00:29.674 381 381 I : DVI mode selected: packets not configured
01-01 08:00:29.674 381 381 I : Error: set vsif failed
06-06 13:42:38.341 1047 1047 D LanCommander: com.dangbei.andes.bean.RegistrationData@3afabb2----------------onServiceRegistered
06-06 13:42:38.342 243 243 D Zygote : Forked child process 2099
06-06 13:42:38.347 657 657 E WifiHAL : wifi_get_link_stats: requestResponse Error:-5
06-06 13:42:38.349 396 407 I adbd : jdwp connection from 2088
01-01 08:00:29.691 381 381 I : DVI mode selected: packets not configured
01-01 08:00:29.691 381 381 I : Error: set vsif failed
06-06 13:42:38.350 475 519 W IorapForwardingService: No service published for: iorapd
06-06 13:42:38.352 475 607 E WifiVendorHal: getWifiLinkLayerStats_1_5_Internal(l.1191) failed {.code = ERROR_INVALID_ARGS, .description = }
06-06 13:42:38.357 2099 2099 I Zygote : seccomp disabled by setenforce 0
06-06 13:42:38.358 475 539 I ActivityManager: app.processName = com.sohu.inputmethod.sogou.tv
06-06 13:42:38.358 475 539 I ActivityManager: Start proc 2099:com.sohu.inputmethod.sogou.tv/u0a48 for service {com.sohu.inputmethod.sogou.tv/com.sohu.inputmethod.sogou.tv.SogouIME}
06-06 13:42:38.360 475 539 W ActivityManager: Slow operation: 51ms so far, now at startProcess: done updating pids map
06-06 13:42:38.384 396 407 I adbd : jdwp connection from 2099
06-06 13:42:38.400 475 498 D CompatibilityChangeReporter: Compat change id reported: 168419799; UID 10061; state: DISABLED
06-06 13:42:38.413 2088 2088 D CompatibilityChangeReporter: Compat change id reported: 171979766; UID 10061; state: ENABLED
06-06 13:42:38.425 1100 1312 E hq : ErrorCoroutineExceptionHandler:::runTry error:com.dangbei.leard.base.proider.error.EmptyApiException: 数据为空 from=requestMessageDialog from=requestMessageDialog
06-06 13:42:38.427 475 499 D CompatibilityChangeReporter: Compat change id reported: 168419799; UID 10048; state: DISABLED
06-06 13:42:38.443 2099 2099 D CompatibilityChangeReporter: Compat change id reported: 171979766; UID 10048; state: DISABLED
06-06 13:42:38.462 2099 2099 D ApplicationLoaders: Returning zygote-cached class loader: /system/framework/android.test.base.jar
06-06 13:42:38.463 2099 2099 D ApplicationLoaders: Returning zygote-cached class loader: /system/framework/android.hidl.manager-V1.0-java.jar
06-06 13:42:38.463 2099 2099 D ApplicationLoaders: Returning zygote-cached class loader: /system/framework/android.hidl.base-V1.0-java.jar
06-06 13:42:38.506 2088 2088 V GraphicsEnvironment: ANGLE Developer option for 'com.android.remoteprovisioner' set to: 'default'
06-06 13:42:38.507 2088 2088 V GraphicsEnvironment: Neither updatable production driver nor prerelease driver is supported.
06-06 13:42:38.511 1100 1680 E hq : WeatherRefresh:::请求网络地址后,更新的地理位置为:101280601
06-06 13:42:38.513 2088 2088 D NetworkSecurityConfig: No Network Security Config specified, using platform default
06-06 13:42:38.514 2088 2088 D NetworkSecurityConfig: No Network Security Config specified, using platform default
06-06 13:42:38.518 2088 2088 I RemoteProvisioningBootReceiver: Caught boot intent, waking up.
06-06 13:42:38.546 475 498 D ConnectivityService: requestNetwork for uid/pid:1000/475 asUid: 10061 activeRequest: null callbackRequest: 29 [NetworkRequest [ REQUEST id=30, [ Capabilities: INTERNET&NOT_RESTRICTED&TRUSTED&NOT_VCN_MANAGED Uid: 10061 RequestorUid: 1000 RequestorPkg: android] ]] callback flags: 0 priority: 2147483647
06-06 13:42:38.547 475 614 D ConnectivityService: NetReassign [30 : null → 100]
06-06 13:42:38.551 475 650 D Ethernet: got request NetworkRequest [ REQUEST id=30, [ Capabilities: INTERNET&NOT_RESTRICTED&TRUSTED&NOT_VCN_MANAGED Uid: 10061 RequestorUid: 1000 RequestorPkg: android] ]
06-06 13:42:38.551 475 650 D EthernetNetworkFactory: acceptRequest, request: NetworkRequest [ REQUEST id=30, [ Capabilities: INTERNET&NOT_RESTRICTED&TRUSTED&NOT_VCN_MANAGED Uid: 10061 RequestorUid: 1000 RequestorPkg: android] ]
06-06 13:42:38.551 475 607 D WifiNetworkFactory: got request NetworkRequest [ REQUEST id=30, [ Capabilities: INTERNET&NOT_RESTRICTED&TRUSTED&NOT_VCN_MANAGED Uid: 10061 RequestorUid: 1000 RequestorPkg: android] ]
06-06 13:42:38.551 475 650 I EthernetNetworkFactory: networkForRequest, request: NetworkRequest [ REQUEST id=30, [ Capabilities: INTERNET&NOT_RESTRICTED&TRUSTED&NOT_VCN_MANAGED Uid: 10061 RequestorUid: 1000 RequestorPkg: android] ], network: null
06-06 13:42:38.551 475 607 D UntrustedWifiNetworkFactory: got request NetworkRequest [ REQUEST id=30, [ Capabilities: INTERNET&NOT_RESTRICTED&TRUSTED&NOT_VCN_MANAGED Uid: 10061 RequestorUid: 1000 RequestorPkg: android] ]
06-06 13:42:38.551 475 607 D OemPaidWifiNetworkFactory: got request NetworkRequest [ REQUEST id=30, [ Capabilities: INTERNET&NOT_RESTRICTED&TRUSTED&NOT_VCN_MANAGED Uid: 10061 RequestorUid: 1000 RequestorPkg: android] ]
06-06 13:42:38.563 2099 2099 V GraphicsEnvironment: ANGLE Developer option for 'com.sohu.inputmethod.sogou.tv' set to: 'default'
06-06 13:42:38.563 2099 2099 V GraphicsEnvironment: Neither updatable production driver nor prerelease driver is supported.
06-06 13:42:38.564 475 1349 I ActivityManager: com.android.shell is exempt from freezer
06-06 13:42:38.564 475 1349 D CompatibilityChangeReporter: Compat change id reported: 135634846; UID 2000; state: DISABLED
06-06 13:42:38.564 475 1349 D CompatibilityChangeReporter: Compat change id reported: 177438394; UID 2000; state: DISABLED
06-06 13:42:38.564 475 1349 D CompatibilityChangeReporter: Compat change id reported: 135772972; UID 2000; state: DISABLED
06-06 13:42:38.565 475 1349 D CompatibilityChangeReporter: Compat change id reported: 135754954; UID 2000; state: ENABLED
06-06 13:42:38.566 2099 2099 D NetworkSecurityConfig: Using Network Security Config from resource network_security_config debugBuild: false
06-06 13:42:38.568 2099 2099 D NetworkSecurityConfig: Using Network Security Config from resource network_security_config debugBuild: false
06-06 13:42:38.575 2099 2099 I MultiDex: VM with version 2.1.0 has multidex support
06-06 13:42:38.575 2099 2099 I MultiDex: Installing application
06-06 13:42:38.575 2099 2099 I MultiDex: VM has multidex support, MultiDex support library is disabled.
06-06 13:42:38.589 2088 2088 I RemoteProvisioningService: Starting provisioning job
06-06 13:42:38.593 243 243 D Zygote : Forked child process 2129
06-06 13:42:38.594 475 539 I ActivityManager: app.processName = com.android.shell
06-06 13:42:38.594 475 539 I ActivityManager: Start proc 2129:com.android.shell/2000 for broadcast {com.android.shell/com.android.shell.HeapDumpReceiver}
06-06 13:42:38.603 2129 2129 I Zygote : seccomp disabled by setenforce 0
01-01 08:00:29.950 1992 1992 W audit : audit_lost=214 audit_rate_limit=5 audit_backlog_limit=64
01-01 08:00:29.950 1992 1992 E audit : rate limit exceeded
06-06 13:42:38.628 396 407 I adbd : jdwp connection from 2129
06-06 13:42:38.651 475 1349 D CompatibilityChangeReporter: Compat change id reported: 168419799; UID 2000; state: DISABLED
06-06 13:42:38.670 2129 2129 D CompatibilityChangeReporter: Compat change id reported: 171979766; UID 2000; state: ENABLED
06-06 13:42:38.696 2099 2099 E SogouIME: setupInputSurface
01-01 08:00:30.051 381 381 I : DVI mode selected: packets not configured
01-01 08:00:30.051 381 381 I : Error: set vsif failed
06-06 13:42:38.794 2129 2129 V GraphicsEnvironment: ANGLE Developer option for 'com.android.shell' set to: 'default'
06-06 13:42:38.795 2129 2129 V GraphicsEnvironment: Neither updatable production driver nor prerelease driver is supported.
06-06 13:42:38.795 1100 1226 E hq : 当小贝:::message list add complete data.messageList:[]
06-06 13:42:38.795 1100 1226 E hq : data.tabList=[]
06-06 13:42:38.795 1100 1226 I hq : 当小贝:::showMessage from=requestGetMessageRemind
06-06 13:42:38.797 2129 2129 D NetworkSecurityConfig: No Network Security Config specified, using platform default
06-06 13:42:38.797 1100 1226 I hq : 当小贝:::showMessage 没有消息需要显示
06-06 13:42:38.798 2129 2129 D NetworkSecurityConfig: No Network Security Config specified, using platform default
06-06 13:42:38.814 1100 1676 D AppManager: checkLocalAppsIsValid: success
06-06 13:42:38.816 2099 2099 I DefaultIMS: DefaultIMS::onCreate()
06-06 13:42:38.817 2099 2099 I DefaultIMS: DefaultIMS::onCreate() finish
06-06 13:42:38.824 2129 2129 D HeapDumpReceiver: onReceive(): Intent { act=android.intent.action.BOOT_COMPLETED flg=0x89000010 cmp=com.android.shell/.HeapDumpReceiver (has extras) }
06-06 13:42:38.837 2129 2158 D HeapDumpReceiver: Deleting from /data/user_de/0/com.android.shell/files/heapdumps
06-06 13:42:38.848 475 1349 D CompatibilityChangeReporter: Compat change id reported: 135634846; UID 10027; state: DISABLED
06-06 13:42:38.848 475 1349 D CompatibilityChangeReporter: Compat change id reported: 177438394; UID 10027; state: DISABLED
06-06 13:42:38.848 475 1349 D CompatibilityChangeReporter: Compat change id reported: 135772972; UID 10027; state: DISABLED
06-06 13:42:38.848 475 1349 D CompatibilityChangeReporter: Compat change id reported: 135754954; UID 10027; state: DISABLED
06-06 13:42:38.850 475 539 D CompatibilityChangeReporter: Compat change id reported: 143937733; UID 10027; state: DISABLED
06-06 13:42:38.878 243 243 D Zygote : Forked child process 2160
06-06 13:42:38.879 475 539 I ActivityManager: app.processName = com.android.statementservice
06-06 13:42:38.879 475 539 I ActivityManager: Start proc 2160:com.android.statementservice/u0a27 for broadcast {com.android.statementservice/com.android.statementservice.domain.BootCompletedReceiver}
06-06 13:42:38.891 2160 2160 I Zygote : seccomp disabled by setenforce 0
06-06 13:42:38.918 396 407 I adbd : jdwp connection from 2160
06-06 13:42:38.927 1100 1100 E martin : 组件:2025-06-06
06-06 13:42:38.928 1100 1100 E weatherWidget: dataChange:Fri Jun 06 13:42:38 GMT+08:00 2025
06-06 13:42:38.946 475 498 D CompatibilityChangeReporter: Compat change id reported: 168419799; UID 10027; state: DISABLED
06-06 13:42:38.964 475 1349 W ActivityTaskManager: Current config: {1.0 ?mcc?mnc [zh_CN] ldltr sw720dp w1280dp h696dp 240dpi xlrg long land television -touch qwerty/v/v dpad/v winConfig={ mBounds=Rect(0, 0 - 1920, 1080) mAppBounds=Rect(0, 0 - 1920, 1080) mMaxBounds=Rect(0, 0 - 1920, 1080) mWindowingMode=fullscreen mDisplayWindowingMode=fullscreen mActivityType=undefined mAlwaysOnTop=undefined mRotation=ROTATION_0} s.6 fontWeightAdjustment=0} unchanged for IME proc com.sohu.inputmethod.sogou.tv
