06-06 13:42:43.133 1100 1676 E Etna : getFindLookupControllerState1111111
06-06 13:42:43.139 1100 1676 E hq : Etna:::getFindLookupControllerState valueStr=1
06-06 13:42:43.143 1100 1676 E hq : LookupControler:::isLookupController=true
06-06 13:42:43.143 1100 1676 I hq : LookupControler:::time=110000
06-06 13:42:43.158 2493 2493 D CompatibilityChangeReporter: Compat change id reported: 171979766; UID 1000; state: ENABLED
06-06 13:42:43.190 2493 2493 V GraphicsEnvironment: ANGLE Developer option for 'com.oranth.usbopenft' set to: 'default'
06-06 13:42:43.190 2493 2493 V GraphicsEnvironment: Neither updatable production driver nor prerelease driver is supported.
06-06 13:42:43.192 2493 2493 D NetworkSecurityConfig: No Network Security Config specified, using platform default
06-06 13:42:43.193 2493 2493 D NetworkSecurityConfig: No Network Security Config specified, using platform default
06-06 13:42:43.203 2424 2424 D ExternalStorage: After updating volumes, found 1 active roots
06-06 13:42:43.206 475 1350 I ActivityManager: Killing 1120:com.android.keychain/1000 (adj 985): empty #17
06-06 13:42:43.212 835 835 D DiskReceiver: Scanning volume: VolumeInfo{emulated;0}:
06-06 13:42:43.212 835 835 D DiskReceiver: type=EMULATED diskId=null partGuid= mountFlags=PRIMARY|VISIBLE
06-06 13:42:43.212 835 835 D DiskReceiver: mountUserId=0 state=MOUNTED
06-06 13:42:43.212 835 835 D DiskReceiver: fsType=null fsUuid=null fsLabel=null
06-06 13:42:43.212 835 835 D DiskReceiver: path=/storage/emulated internalPath=/data/media
06-06 13:42:43.218 2460 2460 D USBReceiver: usb > onReceive: action = android.intent.action.MEDIA_MOUNTED
06-06 13:42:43.241 243 243 I Zygote : Process 1120 exited due to signal 9 (Killed)
06-06 13:42:43.254 475 540 I libprocessgroup: Successfully killed process cgroup uid 1000 pid 1120 in 45ms
06-06 13:42:43.269 475 499 W BroadcastQueue: Target SDK mismatch: receiver ActivityInfo{fac8e79 com.dangbei.screencast.startup.BootReceiver} targets 28 but delivery restricted to [0, 23] broadcasting Intent { act=android.net.conn.CONNECTIVITY_CHANGE flg=0x4200010 (has extras) } from android (pid=475, uid=1000) to com.dangbei.screencast/.startup.BootReceiver
06-06 13:42:43.269 1043 1424 I MediaProvider: Begin Intent { act=android.intent.action.MEDIA_MOUNTED dat=file:///storage/emulated/0 flg=0x5000010 cmp=com.android.providers.media.module/com.android.providers.media.MediaService (has extras) }
06-06 13:42:43.270 1043 1424 I MediaProvider: Volume MediaVolume name: [external_primary] id: [emulated;0] user: [UserHandle{0}] path: [/storage/emulated/0] already attached
06-06 13:42:43.270 1043 1424 I MediaProvider: End Intent { act=android.intent.action.MEDIA_MOUNTED dat=file:///storage/emulated/0 flg=0x5000010 cmp=com.android.providers.media.module/com.android.providers.media.MediaService (has extras) }
06-06 13:42:43.270 475 538 W BroadcastQueue: Target SDK mismatch: receiver ActivityInfo{a77b7be com.dangbei.euthenia.receiver.NetworkChangeReceiver} targets 26 but delivery restricted to [0, 23] broadcasting Intent { act=android.net.conn.CONNECTIVITY_CHANGE flg=0x4200010 (has extras) } from android (pid=475, uid=1000) to com.dangbei.lerad.videoposter/com.dangbei.euthenia.receiver.NetworkChangeReceiver
06-06 13:42:43.271 1100 1110 I d.leradlaunche: Background concurrent copying GC freed 69061(2919KB) AllocSpace objects, 136(5636KB) LOS objects, 50% free, 22MB/45MB, paused 315us total 464.933ms
06-06 13:42:43.271 475 538 W BroadcastQueue: Target SDK mismatch: receiver ActivityInfo{9e9501f com.dangbei.screencast.startup.BootReceiver} targets 28 but delivery restricted to [0, 23] broadcasting Intent { act=android.net.conn.CONNECTIVITY_CHANGE flg=0x4200010 (has extras) } from android (pid=475, uid=1000) to com.dangbei.screencast/.startup.BootReceiver
06-06 13:42:43.276 475 538 W BroadcastQueue: Target SDK mismatch: receiver ActivityInfo{5babf6c com.dangbei.euthenia.receiver.NetworkChangeReceiver} targets 26 but delivery restricted to [0, 23] broadcasting Intent { act=android.net.conn.CONNECTIVITY_CHANGE flg=0x4200010 (has extras) } from android (pid=475, uid=1000) to com.dangbei.lerad.videoposter/com.dangbei.euthenia.receiver.NetworkChangeReceiver
06-06 13:42:43.281 475 538 D CompatibilityChangeReporter: Compat change id reported: 168419799; UID 10017; state: DISABLED
06-06 13:42:43.280 2515 2515 I Thread-2: type=1400 audit(0.0:976): avc: denied { execute } for name="am" dev="dm-1" ino=1160 scontext=u:r:system_app:s0 tcontext=u:object_r:vendor_file:s0 tclass=file permissive=1
01-01 08:00:34.626 2515 2515 W audit : audit_lost=528 audit_rate_limit=5 audit_backlog_limit=64
01-01 08:00:34.626 2515 2515 E audit : rate limit exceeded
06-06 13:42:43.348 1142 1142 D aaa : LedStatusService onStartCommand begin
06-06 13:42:43.351 1200 1200 D bbb : onStartCommand begin !!!!!!! data分区剩余 24968MB
06-06 13:42:43.353 1142 2527 D aaa : topPkg is -------------- :com.dangbei.leard.leradlauncher
06-06 13:42:43.354 475 749 D CompatibilityChangeReporter: Compat change id reported: 171306433; UID 1000; state: ENABLED
06-06 13:42:43.362 1142 2527 D aaa : WiFi is connect
06-06 13:42:43.392 475 519 W IorapForwardingService: No service published for: iorapd
06-06 13:42:43.435 2351 2363 W System : A resource failed to call close.
06-06 13:42:43.437 2351 2363 W System : A resource failed to call close.
06-06 13:42:44.044 1992 1992 I rainbow_flow: type=1400 audit(0.0:979): avc: denied { ioctl } for path="/dev/spidev1.0" dev="tmpfs" ino=5830 ioctlcmd=0x6b00 scontext=u:r:init:s0 tcontext=u:object_r:device:s0 tclass=chr_file permissive=1
01-01 08:00:35.429 381 381 I : DVI mode selected: packets not configured
01-01 08:00:35.429 381 381 I : Error: set vsif failed
01-01 08:00:35.468 381 381 I : DVI mode selected: packets not configured
01-01 08:00:35.468 381 381 I : Error: set vsif failed
01-01 08:00:35.485 381 381 I : DVI mode selected: packets not configured
01-01 08:00:35.485 381 381 I : Error: set vsif failed
06-06 13:42:44.172 263 263 I EventThread: type=1400 audit(0.0:980): avc: denied { search } for name="extcon" dev="sysfs" ino=18109 scontext=u:r:hal_tv_cec_default:s0 tcontext=u:object_r:sysfs_extcon:s0 tclass=dir permissive=1
06-06 13:42:44.394 475 519 W IorapForwardingService: No service published for: iorapd
06-06 13:42:44.411 657 657 E WifiHAL : wifi_get_link_stats: requestResponse Error:-5
06-06 13:42:44.413 475 607 E WifiVendorHal: getWifiLinkLayerStats_1_5_Internal(l.1191) failed {.code = ERROR_INVALID_ARGS, .description = }
01-01 08:00:36.019 1534 1534 W audit : audit_lost=530 audit_rate_limit=5 audit_backlog_limit=64
01-01 08:00:36.019 1534 1534 E audit : rate limit exceeded
06-06 13:42:44.672 1257 1257 I efs-base: type=1400 audit(0.0:981): avc: denied { search } for name="com.dangbei.screencast" dev="mmcblk0p25" ino=890 scontext=u:r:platform_app:s0:c512,c768 tcontext=u:object_r:app_data_file:s0:c512,c768 tclass=dir permissive=1 app=com.dangbei.screencast
06-06 13:42:44.672 1257 1257 I efs-base: type=1400 audit(0.0:982): avc: denied { getattr } for path="/data/user/0/com.dangbei.screencast/app_UApm/5fc60c21094d637f3130af19/ready" dev="mmcblk0p25" ino=2089 scontext=u:r:platform_app:s0:c512,c768 tcontext=u:object_r:app_data_file:s0:c512,c768 tclass=dir permissive=1 app=com.dangbei.screencast
06-06 13:42:44.672 1257 1257 I efs-base: type=1400 audit(0.0:983): avc: denied { read } for name="ready" dev="mmcblk0p25" ino=2089 scontext=u:r:platform_app:s0:c512,c768 tcontext=u:object_r:app_data_file:s0:c512,c768 tclass=dir permissive=1 app=com.dangbei.screencast
06-06 13:42:44.710 1257 1673 I efs.base: lt=event`ev_ct=efs_core`ev_ac=log_lag`tm=2025-06-06 13:42:70`dn=771f93e8-8eaa-49df-8b16-e1b19b668479`ps=com.dangbei.screencast`um_os=android`stime=1749188553652`pid=1257`fr=android`pkg=com.dangbei.screencast`vcode=20830`dsp_w=1920`uid=771f93e8-8eaa-49df-8b16-e1b19b668479`rom=12`wid=771f93e8-8eaa-49df-8b16-e1b19b668479`um_app_carrier=`um_access=unknow`um_app_channel=os`um_crash_sdk_version=1.4.0`ctime=1749188564`model=dbbox-a2`lang=zh`net=wifi`brand=dangbei`dsp_h=1080`um_network_type=0`ver=v2.8.3`cnt=8`build_model=DBBOX-A2`w_tm=1749188564`appid=5fc60c21094d637f3130af19`um_umid_header=ai4e7fa82b434271882c971661bb5632b7`sdk=31`tzone=Asia/Shanghai`sdk_ver=1.3.6.umeng
06-06 13:42:44.911 1257 1673 I efs.base: wa upload succ, HttpResponse {succ=true, code=200, data='暂不支持该服务', extra={req_url=https://errlog.umeng.com/api/crashsdk/logcollect}}
06-06 13:42:44.915 1257 1689 I efs.base: wa upload succ, HttpResponse {succ=true, code=200, data='暂不支持该服务', extra={req_url=https://errlog.umeng.com/api/crashsdk/logcollect}}
06-06 13:42:45.280 1257 1689 I efs.base: wa upload succ, HttpResponse {succ=true, code=200, data='暂不支持该服务', extra={req_url=https://errlog.umeng.com/api/crashsdk/logcollect}}
06-06 13:42:45.283 1257 1673 I efs.base: wa upload succ, HttpResponse {succ=true, code=200, data='暂不支持该服务', extra={req_url=https://errlog.umeng.com/api/crashsdk/logcollect}}
06-06 13:42:45.396 475 519 W IorapForwardingService: No service published for: iorapd
06-06 13:42:45.510 1257 1689 I efs.base: wa upload succ, HttpResponse {succ=true, code=200, data='暂不支持该服务', extra={req_url=https://errlog.umeng.com/api/crashsdk/logcollect}}
06-06 13:42:45.921 1257 1689 I efs.base: wa upload succ, HttpResponse {succ=true, code=200, data='暂不支持该服务', extra={req_url=https://errlog.umeng.com/api/crashsdk/logcollect}}
06-06 13:42:46.134 1257 1673 I efs.base: wa upload succ, HttpResponse {succ=true, code=200, data='暂不支持该服务', extra={req_url=https://errlog.umeng.com/api/crashsdk/logcollect}}
06-06 13:42:46.398 475 519 W IorapForwardingService: No service published for: iorapd
06-06 13:42:46.562 475 752 D SntpClient: request time failed: java.net.SocketTimeoutException: Poll timed out
06-06 13:42:46.964 1047 1047 I DefaultDispatch: type=1400 audit(0.0:992): avc: denied { read } for name="devices" dev="proc" ino=4026532014 scontext=u:r:system_app:s0 tcontext=u:object_r:proc:s0 tclass=file permissive=1
06-06 13:42:46.964 1047 1047 I DefaultDispatch: type=1400 audit(0.0:993): avc: denied { open } for path="/proc/bus/input/devices" dev="proc" ino=4026532014 scontext=u:r:system_app:s0 tcontext=u:object_r:proc:s0 tclass=file permissive=1
06-06 13:42:46.964 1047 1047 I DefaultDispatch: type=1400 audit(0.0:994): avc: denied { getattr } for path="/proc/bus/input/devices" dev="proc" ino=4026532014 scontext=u:r:system_app:s0 tcontext=u:object_r:proc:s0 tclass=file permissive=1
06-06 13:42:46.967 1047 1964 E RCInfo : vid:
06-06 13:42:46.967 1047 1964 E RCInfo : pid:
06-06 13:42:46.968 1047 1964 E RCInfo : vid:
06-06 13:42:46.968 1047 1964 E RCInfo : pid:
06-06 13:42:46.982 475 499 I WifiService: releaseMulticastLock uid=10020
06-06 13:42:46.985 475 749 I WifiService: releaseMulticastLock uid=10020
06-06 13:42:47.002 1257 1257 D HiSight-SinkService: setDiscoverable true
06-06 13:42:47.004 1100 1676 D wenhc : getScreenInfo uri = content://com.dangbei.screencast.parts.info/screen_cast
06-06 13:42:47.004 1257 1257 D NearFieldManager: init.
06-06 13:42:47.004 1257 1257 D NearFieldManager: try check dmsdp
06-06 13:42:47.015 1257 1257 D NearFieldManager: package not exist
06-06 13:42:47.018 475 749 D CompatibilityChangeReporter: Compat change id reported: 135634846; UID 10020; state: DISABLED
06-06 13:42:47.019 475 539 D CompatibilityChangeReporter: Compat change id reported: 143937733; UID 10020; state: DISABLED
06-06 13:42:47.020 1257 1257 D NearFieldManager: bind nearfield service true
06-06 13:42:47.031 1257 1257 D NearFieldManager: registerCallback true
06-06 13:42:47.031 1257 1257 D HiSight-Discovery: set deviceInfo type:46
06-06 13:42:47.031 1257 1257 D HiSight-Discovery: startAdvertise 1
06-06 13:42:47.036 243 243 D Zygote : Forked child process 2552
06-06 13:42:47.037 475 539 I ActivityManager: app.processName = com.huawei.connection
06-06 13:42:47.037 475 539 I ActivityManager: Start proc 2552:com.huawei.connection/u0a20 for service {com.dangbei.screencast/com.huawei.connection.service.NearFieldManagerService}
06-06 13:42:47.044 2552 2552 I Zygote : seccomp disabled by setenforce 0
06-06 13:42:47.063 396 407 I adbd : jdwp connection from 2552
01-01 08:00:38.426 381 381 W hdr10p_Configure: 33 callbacks suppressed
01-01 08:00:38.426 381 381 I : DVI mode selected: packets not configured
01-01 08:00:38.426 381 381 W set_vsif_config: 33 callbacks suppressed
01-01 08:00:38.426 381 381 I : Error: set vsif failed
01-01 08:00:38.444 381 381 I : DVI mode selected: packets not configured
01-01 08:00:38.444 381 381 I : Error: set vsif failed
01-01 08:00:38.460 381 381 I : DVI mode selected: packets not configured
01-01 08:00:38.460 381 381 I : Error: set vsif failed
06-06 13:42:47.134 2552 2552 D CompatibilityChangeReporter: Compat change id reported: 171979766; UID 10020; state: DISABLED
06-06 13:42:47.140 1257 1689 I efs.base: wa upload succ, HttpResponse {succ=true, code=200, data='暂不支持该服务', extra={req_url=https://errlog.umeng.com/api/crashsdk/logcollect}}
01-01 08:00:38.476 381 381 I : DVI mode selected: packets not configured
01-01 08:00:38.476 381 381 I : Error: set vsif failed
01-01 08:00:38.483 1689 1689 W audit : audit_lost=538 audit_rate_limit=5 audit_backlog_limit=64
01-01 08:00:38.483 1689 1689 E audit : rate limit exceeded
06-06 13:42:47.146 2552 2552 D ApplicationLoaders: Returning zygote-cached class loader: /system/framework/android.test.base.jar
06-06 13:42:47.146 2552 2552 D ApplicationLoaders: Returning zygote-cached class loader: /system/framework/android.hidl.manager-V1.0-java.jar
06-06 13:42:47.146 2552 2552 D ApplicationLoaders: Returning zygote-cached class loader: /system/framework/android.hidl.base-V1.0-java.jar
01-01 08:00:38.491 381 381 I : DVI mode selected: packets not configured
01-01 08:00:38.491 381 381 I : Error: set vsif failed
06-06 13:42:47.136 1257 1257 I pool-3-thread-2: type=1400 audit(0.0:995): avc: denied { search } for name="com.dangbei.screencast" dev="mmcblk0p25" ino=890 scontext=u:r:platform_app:s0:c512,c768 tcontext=u:object_r:app_data_file:s0:c512,c768 tclass=dir permissive=1 app=com.dangbei.screencast
06-06 13:42:47.136 1257 1257 I pool-3-thread-2: type=1400 audit(0.0:996): avc: denied { write } for name="upload" dev="mmcblk0p25" ino=2372 scontext=u:r:platform_app:s0:c512,c768 tcontext=u:object_r:app_data_file:s0:c512,c768 tclass=dir permissive=1 app=com.dangbei.screencast
01-01 08:00:38.515 381 381 I : DVI mode selected: packets not configured
01-01 08:00:38.515 381 381 I : Error: set vsif failed
06-06 13:42:47.177 2552 2552 V GraphicsEnvironment: ANGLE Developer option for 'com.dangbei.screencast' set to: 'default'
06-06 13:42:47.178 2552 2552 V GraphicsEnvironment: Neither updatable production driver nor prerelease driver is supported.
06-06 13:42:47.180 2552 2552 D NetworkSecurityConfig: Using Network Security Config from resource network_security_config debugBuild: false
06-06 13:42:47.185 2552 2552 D NetworkSecurityConfig: Using Network Security Config from resource network_security_config debugBuild: false
06-06 13:42:47.188 2552 2552 I MultiDex: VM with version 2.1.0 has multidex support
06-06 13:42:47.188 2552 2552 I MultiDex: Installing application
06-06 13:42:47.188 2552 2552 I MultiDex: VM has multidex support, MultiDex support library is disabled.
01-01 08:00:38.531 381 381 I : DVI mode selected: packets not configured
01-01 08:00:38.531 381 381 I : Error: set vsif failed
01-01 08:00:38.547 381 381 I : DVI mode selected: packets not configured
01-01 08:00:38.547 381 381 I : Error: set vsif failed
01-01 08:00:38.558 381 381 I : DVI mode selected: packets not configured
01-01 08:00:38.558 381 381 I : Error: set vsif failed
01-01 08:00:38.575 381 381 I : DVI mode selected: packets not configured
01-01 08:00:38.575 381 381 I : Error: set vsif failed
06-06 13:42:47.307 2552 2589 I crashsdk: version unique build id: 6230cced
06-06 13:42:47.316 2552 2590 D crashsdk: Native log stat thread 2590 setup, waiting
06-06 13:42:47.319 2552 2574 I crashsdk: begin hack android.os.Process
06-06 13:42:47.319 2552 2574 I crashsdk: end hack android.os.Process
06-06 13:42:47.344 2552 2552 I TDLog : setReportUncaughtExceptions: true
06-06 13:42:47.349 2552 2552 E Application: onCreate:Version:v2.8.3/20830/883432e
06-06 13:42:47.387 2552 2574 I Matrix.AnrTracer: anrTrace, final mAnrBeatTime:400, mAnrBeatRate:400
06-06 13:42:47.394 2552 2574 E LaunchManager: Non main process !
06-06 13:42:47.395 2552 2574 W System.err: java.lang.NullPointerException: Attempt to invoke virtual method 'boolean com.efs.sdk.launch.LaunchConfigManager.enableTracer()' on a null object reference
06-06 13:42:47.395 2552 2574 W System.err: at com.umeng.umcrash.UMCrash.init(Unknown Source:403)
06-06 13:42:47.395 2552 2574 W System.err: at java.lang.reflect.Method.invoke(Native Method)
06-06 13:42:47.395 2552 2574 W System.err: at com.umeng.commonsdk.UMConfigure.init(Unknown Source:811)
06-06 13:42:47.395 2552 2574 W System.err: at b.f.f.b.a(:4)
06-06 13:42:47.395 2552 2574 W System.err: at h.o.a.run(Unknown Source:2)
06-06 13:42:47.402 475 519 W IorapForwardingService: No service published for: iorapd
06-06 13:42:47.403 2552 2595 W efs.send_log: tryFileLock start!
06-06 13:42:47.424 2552 2552 D NearFieldManagerService: NearFieldManagerService.
06-06 13:42:47.425 2552 2552 D NearFieldManagerService: onCreate, enter.
06-06 13:42:47.426 2552 2552 I NearFieldManagerService: onBind, enter.
06-06 13:42:47.426 2552 2552 D NearFieldManagerService: initService
06-06 13:42:47.426 2552 2552 D NearFieldManagerService: NearField starting...
06-06 13:42:47.427 2552 2552 D NearFieldUtils: checkSystemProperty in
06-06 13:42:47.428 2552 2552 D NearFieldUtils: checkSystemProperty: systemProperties:
06-06 13:42:47.428 2552 2552 E NearFieldUtils: validProperty: priority is null
06-06 13:42:47.428 657 657 E WifiHAL : wifi_get_link_stats: requestResponse Error:-5
06-06 13:42:47.438 1257 1257 D NearFieldManager: service connected.
06-06 13:42:47.439 1257 1257 D HiSight-Discovery: eventId: 4001
06-06 13:42:47.440 475 607 E WifiVendorHal: getWifiLinkLayerStats_1_5_Internal(l.1191) failed {.code = ERROR_INVALID_ARGS, .description = }
06-06 13:42:47.442 1257 2551 D HiSight-Discovery: msg 4001
06-06 13:42:47.442 1257 2551 D HiSight-Discovery: bind success, status Ready
06-06 13:42:47.442 1257 2551 D HiSight-Discovery: startAdvertise 2
06-06 13:42:47.442 2552 2552 I crashsdk: Catcher mask: 5000, 20480
06-06 13:42:47.442 1257 2551 D HiSight-Discovery: stopAdvertise.
06-06 13:42:47.442 1257 2551 D HiSight-Discovery: nearFieldStartListen deviceType 46
06-06 13:42:47.443 2552 2552 I crashsdk: Catcher thread 2558
06-06 13:42:47.443 2552 2552 D crashsdk: Register ANR handler ...
06-06 13:42:47.444 2552 2568 I NearFieldManagerImpl: setDeviceInfo, sDeviceId changes
06-06 13:42:47.445 2552 2568 I NearFieldManagerImpl: setDeviceInfo, sDeviceName changes
06-06 13:42:47.445 2552 2568 D NearFieldManagerImpl: setServiceData, sServiceData=[], serviceData=[32]
06-06 13:42:47.445 1257 2551 E NearFieldManager: setIdnNetworkPriority: networkPortPriority is empty
06-06 13:42:47.446 1257 2551 D NearFieldManager: StartListen moduleId: CastPlusDiscoveryModule
06-06 13:42:47.451 2552 2552 D NearFieldManagerImpl: onReceive action get:android.net.conn.CONNECTIVITY_CHANGE
06-06 13:42:47.452 2552 2552 D NearFieldUtils: getPreferredIpAddress exec
06-06 13:42:47.452 2552 2568 D NearFieldManagerImpl: startListen: moduleId: CastPlusDiscoveryModule
06-06 13:42:47.452 2552 2552 D NearFieldUtils: getPreferredIpAddress by custom priority
06-06 13:42:47.453 2552 2552 D NearFieldUtils: getIpByInterfaceSetting customIdnNetworkPriority:[]
06-06 13:42:47.453 2552 2568 D NearFieldUtils: getPreferredIpAddress exec
06-06 13:42:47.453 2552 2552 D NearFieldUtils: getPreferredIpAddress by default priority
06-06 13:42:47.453 2552 2568 D NearFieldUtils: getPreferredIpAddress by custom priority
06-06 13:42:47.453 2552 2568 D NearFieldUtils: getIpByInterfaceSetting customIdnNetworkPriority:[]
06-06 13:42:47.453 2552 2568 D NearFieldUtils: getPreferredIpAddress by default priority
06-06 13:42:47.469 2552 2612 W efs.info.manager: network change: wifi
06-06 13:42:47.504 2552 2595 I efs.config: --->>> 删除旧的配置文件 false
06-06 13:42:47.513 2552 2614 I efs.base: lt=event`ev_ct=efs_core`ev_ac=pvuv`tm=2025-06-06 13:42:44`dn=771f93e8-8eaa-49df-8b16-e1b19b668479`ps=com.huawei.connection`um_os=android`stime=1749188567055`pid=2552`fr=android`pkg=com.dangbei.screencast`vcode=20830`dsp_w=1920`uid=771f93e8-8eaa-49df-8b16-e1b19b668479`rom=12`wid=771f93e8-8eaa-49df-8b16-e1b19b668479`um_app_carrier=`um_access=wifi`um_app_channel=os`um_crash_sdk_version=1.4.0`ctime=1749188567`model=dbbox-a2`lang=zh`net=wifi`brand=dangbei`dsp_h=1080`um_network_type=0`ver=v2.8.3`build_model=DBBOX-A2`w_tm=1749188567`appid=5fc60c21094d637f3130af19`um_umid_header=ai4e7fa82b434271882c971661bb5632b7`sdk=31`tzone=Asia/Shanghai`sdk_ver=1.3.6.umeng
06-06 13:42:47.573 2552 2595 I efs.config: current config version (-1) is older than another (1735614866)
06-06 13:42:47.573 2552 2595 I efs.config: load config from storage and notify observer
06-06 13:42:47.577 2552 2552 D NearFieldUtils: to get wlan0 ip address
06-06 13:42:47.578 2552 2552 D NearFieldUtils: get wlan0 IP succeed.
06-06 13:42:47.583 2552 2552 E NearFieldManagerImpl: notifyByPriority: interfaceNameInUse is null
06-06 13:42:47.583 2552 2552 D NearFieldManagerImpl: handleConnectivityAction: notified by default
06-06 13:42:47.586 475 749 W ServiceManager: Permission failure: android.permission.HIGH_SAMPLING_RATE_SENSORS from uid=10020 pid=2552
06-06 13:42:47.595 2552 2575 I TDLog : TalkingData SDK init...
06-06 13:42:47.595 2552 2575 I TDLog : SDK_VERSION is: Android+TD+V5.0.7 gp Type:Native Build_Num:2141
06-06 13:42:47.595 2552 2575 I TDLog : App ID is: B9D7815EC975466AB1332111FCE62DF5
06-06 13:42:47.595 2552 2575 I TDLog : App Channel is: os
06-06 13:42:47.595 2552 2575 I TDLog : App Custom is:
06-06 13:42:47.595 2552 2575 I TDLog : SDK_OVC is: TDOVC+a3bb7754719798526508b6caad480dd7+SaaS
06-06 13:42:47.596 2552 2568 D NearFieldUtils: to get wlan0 ip address
06-06 13:42:47.596 2552 2568 D NearFieldUtils: get wlan0 IP succeed.
06-06 13:42:47.596 2552 2568 D NearFieldManagerImpl: sDeviceType: 46
06-06 13:42:47.596 2552 2568 D NearFieldManagerImpl: registerDevice() is called.
06-06 13:42:47.600 2552 2568 E NearFieldManagerUtilsNative: Begin System.loadLibrary()
01-01 08:00:38.977 768 768 E sprdwl : sprdwl_rx_rsp_process ctx_id 0 recv rsp[WIFI_CMD_TX_DATA] status[SPRDWL_CMD_STATUS_ERROR]
01-01 08:00:38.994 768 768 E sprdwl : sprdwl_rx_rsp_process ctx_id 0 recv rsp[WIFI_CMD_TX_DATA] status[SPRDWL_CMD_STATUS_ERROR]
01-01 08:00:39.016 768 768 E sprdwl : sprdwl_rx_rsp_process ctx_id 0 recv rsp[WIFI_CMD_TX_DATA] status[SPRDWL_CMD_STATUS_ERROR]
06-06 13:42:47.714 2552 2552 D NearFieldUtils: to get wlan0 ip address
06-06 13:42:47.714 2552 2552 D NearFieldUtils: get wlan0 IP succeed.
06-06 13:42:47.715 2552 2552 I NearFieldManagerImpl: wlan Connected
06-06 13:42:47.717 2552 2568 I HicomNfTimerManager: epoll fd:125 create success
06-06 13:42:47.717 2552 2568 I HicomNfTimerManager: epoll add fd:128--->125 success
06-06 13:42:47.717 2552 2568 I HicomNfTimerManager: time fd:128 add to epoll success
01-01 08:00:39.050 768 768 E sprdwl : sprdwl_rx_rsp_process ctx_id 0 recv rsp[WIFI_CMD_TX_DATA] status[SPRDWL_CMD_STATUS_ERROR]
06-06 13:42:47.731 2552 2552 I HicomNf_java_to_c: notifyNetworkStateChanged with maskStr, networkType: 0, networkState: 0, mask:
06-06 13:42:47.731 2552 2552 I HicomNfMainCtrlManager: NotifyNetworkStateChanged is called with networkState: 0
06-06 13:42:47.731 2552 2552 I HicomNfMainCtrlManager: P2P and USB are both disconnected
06-06 13:42:47.731 2552 2552 I HicomNfSecureManager: stop listening
06-06 13:42:47.731 2552 2552 I HicomNfSecureManager: StopListening, m_sessionInfoLock out, before calling NSTACKX_DMsgClose 2
06-06 13:42:47.731 2552 2552 I HicomNfSecureManager: StopListening, after calling NSTACKX_DMsgClose 2
06-06 13:42:47.732 2552 2568 D nStackXDFinder: NSTACKX_Init:[146] :nstack ctrl creat epollfd 130
06-06 13:42:47.733 2552 2568 I nStackXDFinder: InitDefaultInterfaceName:[779] :InitDefaultInterfaceName exec
06-06 13:42:47.733 2552 2568 D nStackXCoAP: CoapServerInit:[174] :CoapServerInit is called
06-06 13:42:47.733 2552 2568 E nStackXDFinder: GetLocalIp:[401] :GetLocalIp exec
06-06 13:42:47.733 2552 2568 E nStackXDFinder: GetLocalIp:[407] :GetLocalIp, ifInfo is null
06-06 13:42:47.733 2552 2568 I HicomNfMainCtrlManager: NSTACKX_RegisterDevice is called
06-06 13:42:47.733 2552 2568 D NearFieldManagerImpl: Register device success.
06-06 13:42:47.733 2552 2568 I NearFieldManagerImpl: serviceName is castPlus
06-06 13:42:47.733 2552 2568 D NearFieldManagerImpl: registerCapability() called with: capabilityBitmapNum = 1, capabilityBitmap = [8]
06-06 13:42:47.734 2552 2568 I HicomNf_java_to_c: registerCapability, capabilityBitmapNum: 1
06-06 13:42:47.734 2552 2568 I HicomNfMainCtrlManager: RegisterCapability: 1, 8
06-06 13:42:47.734 2552 2568 D NearFieldManagerImpl: Register capability succeed with capabilityBitmapNum = 1, capabilityBitmap = [8]
06-06 13:42:47.734 2552 2568 D NearFieldManagerImpl: registerServiceData() called with: serviceData = 32
06-06 13:42:47.734 2552 2568 D NearFieldManagerImpl: registerModule() called with: packageModuleName = com.huawei.connection+CastPlusDiscoveryModule
06-06 13:42:47.734 2552 2568 I HicomNf_java_to_c: registerModule, moduleName: com.huawei.connection+CastPlusDiscoveryModule
06-06 13:42:47.734 2552 2568 I HicomNfMainCtrlManager: Enter RegisterModule
06-06 13:42:47.734 2552 2568 I HicomNfRegManager: RegisterModule OK, add module name com.huawei.connection+CastPlusDiscoveryModule
06-06 13:42:47.736 1257 2551 I Hisight-DeviceListManager: init DeviceListManager.
01-01 08:00:39.071 768 768 E sprdwl : sprdwl_rx_rsp_process ctx_id 0 recv rsp[WIFI_CMD_TX_DATA] status[SPRDWL_CMD_STATUS_ERROR]
06-06 13:42:47.744 2552 2627 I nStackXDFinder: UpdateLocalNetworkInterface:[472] :UpdateLocalNetworkInterface exec,initerfaceName:wlan0
06-06 13:42:47.744 2552 2627 E nStackXDFinder: GetLocalIp:[401] :GetLocalIp exec
06-06 13:42:47.744 2552 2627 E nStackXDFinder: GetLocalIp:[407] :GetLocalIp, ifInfo is null
06-06 13:42:47.744 2552 2627 I nStackXDFinder: UpdateLocalNetworkInterface:[498] :UpdateLocalNetworkInterface copy ip value in default process
06-06 13:42:47.744 2552 2627 E nStackXDFinder: GetLocalIp:[401] :GetLocalIp exec
06-06 13:42:47.744 2552 2627 D nStackXCoAP: CoapServerInit:[174] :CoapServerInit is called
06-06 13:42:47.744 2552 2627 E nStackXDFinder: GetLocalIp:[401] :GetLocalIp exec
06-06 13:42:47.745 2552 2627 I nStackXUtil: BindToDevice:[352] :BindToDevice exec
06-06 13:42:47.745 2552 2627 I nStackXUtil: GetInterfaceByPriority:[279] :GetInterfaceByPriority exec
06-06 13:42:47.745 2552 2627 I nStackXUtil: GetInterfaceByDefault:[309] :GetInterfaceByDefault exec
06-06 13:42:47.745 2552 2627 I nStackXUtil: GetInterfaceByDefault:[316] :GetInterfaceByDefault, ndevice name: lo
06-06 13:42:47.745 2552 2627 I nStackXUtil: GetInterfaceByDefault:[316] :GetInterfaceByDefault, ndevice name: wlan0
06-06 13:42:47.747 2552 2627 I nStackXUtil: BindToDevice:[374] :BindToDevice, Bind localAddr name: wlan0
06-06 13:42:47.747 2552 2627 E nStackXUtil: BindToDeviceInner:[188] :setsockopt fail, errno = 1
06-06 13:42:47.747 2552 2627 E nStackXCoAP: CoapGetContext:[250] :bind to device fail
06-06 13:42:47.748 2552 2627 D nStackXCoAP: CoapInitResources:[744] :CoapInitResources g_wlanOrEthContext update
06-06 13:42:47.748 2552 2627 I nStackXDFinder: RegisterServiceData:[728] :RegisterServiceData, serviceData=[32]
01-01 08:00:39.089 768 768 E sprdwl : sprdwl_rx_rsp_process ctx_id 0 recv rsp[WIFI_CMD_TX_DATA] status[SPRDWL_CMD_STATUS_ERROR]
06-06 13:42:47.772 1257 2551 D Hisight-DeviceListManager: get old secret key
06-06 13:42:47.777 2552 2552 I HicomNf_java_to_c: notifyNetworkStateChanged with maskStr, networkType: 0, networkState: 1, mask: 255.255.254.0
06-06 13:42:47.777 2552 2552 I HicomNfMainCtrlManager: NotifyNetworkStateChanged is called with networkState: 1
06-06 13:42:47.777 2552 2552 I HicomNfSecureManager: StartListening, before calling NSTACKX_DMsgServer
06-06 13:42:47.777 2552 2552 I nStackXDMsg: NSTACKX_DMsgServer:[1335] :msgReceiver is not NULL
06-06 13:42:47.778 2552 2552 D nStackXDMsg: StartDMsgMainThread:[1274] :pthread_create
06-06 13:42:47.778 2552 2552 I HicomNfSecureManager: StartListening, after calling NSTACKX_DMsgServer
06-06 13:42:47.778 2552 2552 I HicomNfSecureManager: OnehopSecureCtrlManager: succeeded to StartListening with type 0
01-01 08:00:39.113 768 768 E sprdwl : sprdwl_rx_rsp_process ctx_id 0 recv rsp[WIFI_CMD_TX_DATA] status[SPRDWL_CMD_STATUS_ERROR]
06-06 13:42:47.803 1257 2551 E Hisight-ConnectAuthCallBack: readSecureFile failed, no such file
06-06 13:42:47.803 1257 2551 W Hisight-DeviceListManager: deviceRecords is empty
06-06 13:42:47.804 1257 2551 W Hisight-DeviceListManager: occur error, clear all the list
06-06 13:42:47.804 1257 2551 D Hisight-HiChainAuthControl: start HiChainAuthControl
01-01 08:00:39.142 768 768 E sprdwl : sprdwl_rx_rsp_process ctx_id 0 recv rsp[WIFI_CMD_TX_DATA] status[SPRDWL_CMD_STATUS_ERROR]
06-06 13:42:47.826 1257 2551 I ConnectAuthJNI: JNI_OnLoad begin load
06-06 13:42:47.826 1257 2551 I ConnectAuthJNI: RegisterNativeMethod begin
06-06 13:42:47.826 1257 2551 I ConnectAuthJNI: RegisterNativeMethod end
06-06 13:42:47.826 1257 2551 I ConnectAuthJNI: RegisterNativeMethod 1004 methodLen=10
06-06 13:42:47.827 1257 2551 I ConnectAuthJNI: RegisterNativeMethod 1007 RegisterNatives=0
06-06 13:42:47.827 1257 2551 I ConnectAuthJNI: InitArraylist 1013
06-06 13:42:47.827 1257 2551 I ConnectAuthJNI: InitConnectAuthStaticJNIMethod 1114 methodRet=0
06-06 13:42:47.827 1257 2551 E ConnectAuthJNI: JNI_OnLoad finish....1138
06-06 13:42:47.827 1257 2551 D Hisight-HiChainAuthControl: setupAuthIfNeeded, HiChainInstance hasn't been initialized
06-06 13:42:47.827 1257 2551 I ConnectAuthJNI: Java_com_huawei_hisight_security_ConnectAuthNative_nativeSetup 795 call HiChainNativeSetup
06-06 13:42:47.829 1257 2551 I ConnectAuthJNI: HiChainNativeSetup 565 registe_log
06-06 13:42:47.829 1257 2551 I ConnectAuthJNI: HksStorageRegisterFileCallbacks 245 register hks file callback status =0
06-06 13:42:47.829 1257 2551 I ConnectAuthJNI: HksRegisterGetDeviceIdCallback 268 register hks get hardware udid callback status =0
06-06 13:42:47.836 1257 2551 D ConnectAuthJNI: [HiChain] get_instance Begin get instance
06-06 13:42:47.836 1257 2551 I ConnectAuthJNI: [HKS] hks_service_key_info_init hks init : begin
06-06 13:42:47.836 1257 2551 I ConnectAuthJNI: FileRead 113 FileRead
06-06 13:42:47.836 1257 2551 I ConnectAuthJNI: FileRead 122 FileRead call readSecureFile begin
06-06 13:42:47.837 1257 2551 E Hisight-ConnectAuthCallBack: readSecureFile failed, no such file
06-06 13:42:47.837 1257 2551 W ConnectAuthJNI: FileRead 132 FileRead call readSecureFile byteArray is null
06-06 13:42:47.838 1257 2551 I ConnectAuthJNI: [HKS] hks_rkc_init RKC init:begin, is_key_info_exist=0
06-06 13:42:47.838 1257 2551 I ConnectAuthJNI: [HKS] hks_rkc_init_entropy the entropy is empty
06-06 13:42:47.838 1257 2551 I ConnectAuthJNI: FileSize 214 FileSize
06-06 13:42:47.839 1257 2551 I ConnectAuthJNI: FileSize 230 fileSize=258
06-06 13:42:47.839 1257 2551 I ConnectAuthJNI: FileRead 113 FileRead
06-06 13:42:47.839 1257 2551 I ConnectAuthJNI: FileRead 122 FileRead call readSecureFile begin
06-06 13:42:47.839 1257 2551 I ConnectAuthJNI: FileRead 135 FileRead call readSecureFile end
06-06 13:42:47.839 1257 2551 I ConnectAuthJNI: FileRead 150 fileBuff size 258, buf len 258
06-06 13:42:47.839 1257 2551 I ConnectAuthJNI: FileSize 214 FileSize
06-06 13:42:47.839 1257 2551 I ConnectAuthJNI: FileSize 230 fileSize=258
06-06 13:42:47.839 1257 2551 I ConnectAuthJNI: FileRead 113 FileRead
06-06 13:42:47.839 1257 2551 I ConnectAuthJNI: FileRead 122 FileRead call readSecureFile begin
06-06 13:42:47.840 1257 2551 I ConnectAuthJNI: FileRead 135 FileRead call readSecureFile end
06-06 13:42:47.840 1257 2551 I ConnectAuthJNI: FileRead 150 fileBuff size 258, buf len 258
06-06 13:42:47.840 1257 2551 I ConnectAuthJNI: [HKS] hks_rkc_load_ksf load ksf success
06-06 13:42:47.840 1257 2551 I ConnectAuthJNI: [HKS] hks_rkc_init root key component init success
06-06 13:42:47.840 1257 2551 I ConnectAuthJNI: [HKS] hks_rkc_init RKC init:end,rc=0
06-06 13:42:47.840 1257 2551 I ConnectAuthJNI: [HKS] hks_service_key_info_init hks init : end
06-06 13:42:47.842 1257 2551 I ConnectAuthJNI: GetHiChainProtocolParamsCallback 371 GetHiChainProtocolParamsCallback operation_code= 99
06-06 13:42:47.842 1257 2551 I ConnectAuthJNI: paramLen is ,=0
06-06 13:42:47.842 1257 2551 I ConnectAuthJNI: paramLen is ,=0
06-06 13:42:47.842 1257 2551 I ConnectAuthJNI: GetHiChainProtocolParamsCallback 402 GetHiChainProtocolParamsCallback end
06-06 13:42:47.842 1257 2551 I ConnectAuthJNI: [HiChain] get_instance Get instance success
06-06 13:42:47.842 1257 2551 I ConnectAuthJNI: Java_com_huawei_hisight_security_ConnectAuthNative_nativeGetHiChainInstance 598 get instance success
06-06 13:42:47.843 1257 2551 D Hisight-HiChainAuthControl: destroyAuth
06-06 13:42:47.843 1257 2551 I ConnectAuthJNI: Java_com_huawei_hisight_security_ConnectAuthNative_nativeDestroy 603 destroy
06-06 13:42:47.843 1257 2551 D Hisight-HiChainAuthControl: setupAuthIfNeeded, HiChainInstance hasn't been initialized
06-06 13:42:47.843 1257 2551 I ConnectAuthJNI: Java_com_huawei_hisight_security_ConnectAuthNative_nativeSetup 795 call HiChainNativeSetup
06-06 13:42:47.843 1257 2551 I ConnectAuthJNI: HiChainNativeSetup 565 registe_log
06-06 13:42:47.843 1257 2551 I ConnectAuthJNI: HksStorageRegisterFileCallbacks 245 register hks file callback status =0
06-06 13:42:47.843 1257 2551 I ConnectAuthJNI: HksRegisterGetDeviceIdCallback 268 register hks get hardware udid callback status =0
06-06 13:42:47.845 1257 2551 D ConnectAuthJNI: [HiChain] get_instance Begin get instance
06-06 13:42:47.845 1257 2551 I ConnectAuthJNI: [HKS] hks_service_key_info_init hks init : begin
06-06 13:42:47.846 1257 2551 I ConnectAuthJNI: [HKS] hks_service_key_info_init hks init : end
06-06 13:42:47.846 1257 2551 I ConnectAuthJNI: GetHiChainProtocolParamsCallback 371 GetHiChainProtocolParamsCallback operation_code= 99
06-06 13:42:47.846 1257 2551 I ConnectAuthJNI: paramLen is ,=0
06-06 13:42:47.846 1257 2551 I ConnectAuthJNI: paramLen is ,=0
06-06 13:42:47.846 1257 2551 I ConnectAuthJNI: GetHiChainProtocolParamsCallback 402 GetHiChainProtocolParamsCallback end
06-06 13:42:47.847 1257 2551 I ConnectAuthJNI: [HiChain] get_instance Get instance success
06-06 13:42:47.848 1257 2551 I ConnectAuthJNI: Java_com_huawei_hisight_security_ConnectAuthNative_nativeGetHiChainInstance 598 get instance success
06-06 13:42:47.848 1257 2551 W ConnectAuthJNI: GetListTrustPeers 899 trustPeerSize=0
06-06 13:42:47.848 1257 2551 D Hisight-HiChainAuthControl: destroyAuth
06-06 13:42:47.848 1257 2551 I ConnectAuthJNI: Java_com_huawei_hisight_security_ConnectAuthNative_nativeDestroy 603 destroy
06-06 13:42:47.848 1257 2551 D Hisight-HiChainAuthControl: setupAuthIfNeeded, HiChainInstance hasn't been initialized
06-06 13:42:47.848 1257 2551 I ConnectAuthJNI: Java_com_huawei_hisight_security_ConnectAuthNative_nativeSetup 795 call HiChainNativeSetup
06-06 13:42:47.848 1257 2551 I ConnectAuthJNI: HiChainNativeSetup 565 registe_log
06-06 13:42:47.848 1257 2551 I ConnectAuthJNI: HksStorageRegisterFileCallbacks 245 register hks file callback status =0
06-06 13:42:47.848 1257 2551 I ConnectAuthJNI: HksRegisterGetDeviceIdCallback 268 register hks get hardware udid callback status =0
06-06 13:42:47.848 1257 2551 D ConnectAuthJNI: [HiChain] get_instance Begin get instance
06-06 13:42:47.848 1257 2551 I ConnectAuthJNI: [HKS] hks_service_key_info_init hks init : begin
06-06 13:42:47.848 1257 2551 I ConnectAuthJNI: [HKS] hks_service_key_info_init hks init : end
06-06 13:42:47.848 1257 2551 I ConnectAuthJNI: GetHiChainProtocolParamsCallback 371 GetHiChainProtocolParamsCallback operation_code= 99
06-06 13:42:47.848 1257 2551 I ConnectAuthJNI: paramLen is ,=0
06-06 13:42:47.848 1257 2551 I ConnectAuthJNI: paramLen is ,=0
06-06 13:42:47.848 1257 2551 I ConnectAuthJNI: GetHiChainProtocolParamsCallback 402 GetHiChainProtocolParamsCallback end
06-06 13:42:47.848 1257 2551 I ConnectAuthJNI: [HiChain] get_instance Get instance success
06-06 13:42:47.848 1257 2551 I ConnectAuthJNI: Java_com_huawei_hisight_security_ConnectAuthNative_nativeGetHiChainInstance 598 get instance success
06-06 13:42:47.849 1257 2551 W ConnectAuthJNI: GetListTrustPeers 899 trustPeerSize=0
06-06 13:42:47.849 1257 2551 D Hisight-DeviceListManager: init trusted list size: 0
06-06 13:42:47.849 1257 2551 D HiSight-ConnectionManager: setAuthInfo, authMode: 1
06-06 13:42:47.997 1257 2397 E raop : JavaCallback init
06-06 13:42:48.176 2552 2552 I ZIDThreadPoolEx: type=1400 audit(0.0:1023): avc: denied { rename } for name="umzid_general_config.xml" dev="mmcblk0p25" ino=54558 scontext=u:r:platform_app:s0:c512,c768 tcontext=u:object_r:app_data_file:s0:c512,c768 tclass=file permissive=1 app=com.dangbei.screencast
06-06 13:42:48.184 2552 2552 I ZIDThreadPoolEx: type=1400 audit(0.0:1024): avc: denied { setattr } for name="umzid_general_config.xml" dev="mmcblk0p25" ino=55112 scontext=u:r:platform_app:s0:c512,c768 tcontext=u:object_r:app_data_file:s0:c512,c768 tclass=file permissive=1 app=com.dangbei.screencast
06-06 13:42:48.184 2552 2552 I ZIDThreadPoolEx: type=1400 audit(0.0:1025): avc: denied { unlink } for name="umzid_general_config.xml.bak" dev="mmcblk0p25" ino=54558 scontext=u:r:platform_app:s0:c512,c768 tcontext=u:object_r:app_data_file:s0:c512,c768 tclass=file permissive=1 app=com.dangbei.screencast
06-06 13:42:48.231 475 749 W TelephonyPermissions: reportAccessDeniedToReadIdentifiers:com.dangbei.screencast:getSerial:-1
06-06 13:42:48.256 2552 2644 V NFC : this device does not have NFC support
01-01 08:00:39.739 1 1 I init : processing action (debug.launcher3.exit=1) from (/vendor/etc/init/init.scheduler.rc:1)
06-06 13:42:48.405 475 519 W IorapForwardingService: No service published for: iorapd
01-01 08:00:39.984 768 768 E sprdwl : sprdwl_rx_rsp_process ctx_id 0 recv rsp[WIFI_CMD_TX_DATA] status[SPRDWL_CMD_STATUS_ERROR]
06-06 13:42:48.678 1257 1494 I crashsdk: crashsdk uploading logs
01-01 08:00:40.013 768 768 E sprdwl : sprdwl_rx_rsp_process ctx_id 0 recv rsp[WIFI_CMD_TX_DATA] status[SPRDWL_CMD_STATUS_ERROR]
06-06 13:42:49.406 475 519 W IorapForwardingService: No service published for: iorapd
01-01 08:00:41.049 768 768 E sprdwl : sprdwl_rx_rsp_process ctx_id 0 recv rsp[WIFI_CMD_TX_DATA] status[SPRDWL_CMD_STATUS_ERROR]
01-01 08:00:41.067 768 768 E sprdwl : sprdwl_rx_rsp_process ctx_id 0 recv rsp[WIFI_CMD_TX_DATA] status[SPRDWL_CMD_STATUS_ERROR]
06-06 13:42:50.033 1257 2660 I PlatformDependent: Your platform does not provide complete low-level API for accessing direct buffers reliably. Unless explicitly requested, heap buffer will always be preferred to avoid potential system instability.
06-06 13:42:50.051 1257 2397 W VideoCapabilities: Unrecognized profile/level 0/3 for video/mpeg2
06-06 13:42:50.081 475 617 D NsdService: Register service
06-06 13:42:50.082 475 617 D NsdService: registerService: 3 name: 当贝投屏Y9, type: _airplay._tcp, host: null, port: 40531, txtRecord: srcvers=220.68features=0x527FFFF7,0x1E'pi=2e388006-13ba-4041-9a67-25dd4a43d536Cpk=b07727d6f6cd6e08b58ede525ec3cdeaa252ad9f683feb212ef8a205246554e7vv=2 flags=0x4model=AppleTV2,1deviceid=b4:2f:03:15:e9:47
06-06 13:42:50.082 475 617 D NsdService: mdnssd [register, 3, 当贝投屏Y9, _airplay._tcp, 40531, DnNyY3ZlcnM9MjIwLjY4GGZlYXR1cmVzPTB4NTI3RkZGRjcsMHgxRSdwaT0yZTM4ODAwNi0xM2JhLTQwNDEtOWE2Ny0yNWRkNGE0M2Q1MzZDcGs9YjA3NzI3ZDZmNmNkNmUwOGI1OGVkZTUyNWVjM2NkZWFhMjUyYWQ5ZjY4M2ZlYjIxMmVmOGEyMDUyNDY1NTRlNwR2dj0yCWZsYWdzPTB4NBBtb2RlbD1BcHBsZVRWMiwxGmRldmljZWlkPWI0OjJmOjAzOjE1OmU5OjQ3]
06-06 13:42:50.086 475 617 D NsdService: Register 2 3
06-06 13:42:50.092 475 617 D NsdService: Register service
06-06 13:42:50.092 475 617 D NsdService: registerService: 4 name: b42f0315e947@当贝投屏Y9, type: _raop._tcp, host: null, port: 39231, txtRecord: txtvers=1 am=AppleTV2,1ch=2
06-06 13:42:50.092 475 617 D NsdService: cn=0,1,2,3da=trueet=0,3,5ft=0x527FFFF7,0x1Emd=0,1,2Cpk=b07727d6f6cd6e08b58ede525ec3cdeaa252ad9f683feb212ef8a205246554e7pw=falsesf=0x4sr=44100ss=16sv=falsetp=UDPvn=65537 vs=220.68vv=2 rhd=5.6.0.0
06-06 13:42:50.092 475 617 D NsdService: mdnssd [register, 4, b42f0315e947@当贝投屏Y9, _raop._tcp, 39231, CXR4dHZlcnM9MQ1hbT1BcHBsZVRWMiwxBGNoPTIKY249MCwxLDIsMwdkYT10cnVlCGV0PTAsMyw1EmZ0PTB4NTI3RkZGRjcsMHgxRQhtZD0wLDEsMkNwaz1iMDc3MjdkNmY2Y2Q2ZTA4YjU4ZWRlNTI1ZWMzY2RlYWEyNTJhZDlmNjgzZmViMjEyZWY4YTIwNTI0NjU1NGU3CHB3PWZhbHNlBnNmPTB4NAhzcj00NDEwMAVzcz0xNghzdj1mYWxzZQZ0cD1VRFAIdm49NjU1MzcJdnM9MjIwLjY4BHZ2PTILcmhkPTUuNi4wLjA=]
06-06 13:42:50.094 475 617 D NsdService: Register 3 4
06-06 13:42:50.408 475 519 W IorapForwardingService: No service published for: iorapd
06-06 13:42:50.486 657 657 E WifiHAL : wifi_get_link_stats: requestResponse Error:-5
06-06 13:42:50.488 475 607 E WifiVendorHal: getWifiLinkLayerStats_1_5_Internal(l.1191) failed {.code = ERROR_INVALID_ARGS, .description = }
06-06 13:42:50.542 475 617 D NsdService: Register service
06-06 13:42:50.542 475 617 D NsdService: registerService: 5 name: 当贝投屏Y9, type: _db_cast_screen._tcp, host: null, port: 45989, txtRecord: au=1cV=20830mV=100h265=0maxR=4096-3152model=DBBOX-A2deviceid=20:02:FE:19:C2:18
06-06 13:42:50.542 475 617 D NsdService: mdnssd [register, 5, 当贝投屏Y9, _db_cast_screen._tcp, 45989, BGF1PTEIY1Y9MjA4MzAGbVY9MTAwBmgyNjU9MA5tYXhSPTQwOTYtMzE1Mg5tb2RlbD1EQkJPWC1BMhpkZXZpY2VpZD0yMDowMjpGRToxOTpDMjoxOA==]
06-06 13:42:50.543 475 617 D NsdService: Register 4 5
06-06 13:42:50.841 475 617 D NsdService: Native daemon message SERVICE_REGISTERED: 606 4 "b42f0315e947@当贝投屏Y9"
06-06 13:42:50.842 475 617 D NsdService: Native daemon message SERVICE_REGISTERED: 606 3 "当贝投屏Y9"
06-06 13:42:50.926 2264 2302 D UtilLog : 日志批量上报 进行正常循环 !!!!!!本次有0次请求,共0条数据
06-06 13:42:51.015 1257 2408 E accept : myIp:192.168.3.31
06-06 13:42:51.018 1257 2408 E accept : connect error
06-06 13:42:51.023 1257 2408 I UpnpServiceImpl: >>> Starting UPnP service...
06-06 13:42:51.024 1257 2408 I UpnpServiceImpl: Using configuration: org.fourthline.cling.android.AndroidUpnpServiceConfiguration
06-06 13:42:51.026 1257 2408 I Router : Creating Router: org.fourthline.cling.android.AndroidRouter
06-06 13:42:51.028 1257 2408 W Router : enable lock:org.fourthline.cling.android.AndroidRouter@4582feb_java.util.concurrent.locks.ReentrantReadWriteLock$WriteLock@2e83148[Unlocked]
06-06 13:42:51.038 1257 2408 W tworkAddressFactoryImpl: Network interface may not be multicast capable: dummy0
06-06 13:42:51.042 1257 2408 I MulticastReceiver: Creating wildcard socket (for receiving multicast datagrams) on port: 1900
06-06 13:42:51.042 1257 2408 I MulticastReceiver: Joining multicast group: /239.255.255.250:1900 on network interface: wlan0
06-06 13:42:51.058 1257 2408 E accept : Adding connector try: 192.168.3.31/192.168.3.31:42665
06-06 13:42:51.062 1257 2408 E accept : Adding connector result: 192.168.3.31/192.168.3.31:42665
06-06 13:42:51.092 475 617 D NsdService: Native daemon message SERVICE_REGISTERED: 606 5 "当贝投屏Y9"
06-06 13:42:51.171 1257 2408 I JettyServletContainer: Registering UPnP servlet under context path: /upnp
06-06 13:42:51.175 1257 2408 I DatagramIO: Creating bound socket (for datagram input/output) on: 192.168.3.31/192.168.3.31
06-06 13:42:51.177 1257 2670 E JettyServletContainer: gogogo
06-06 13:42:51.177 1257 2670 I JettyServletContainer: Starting Jetty server...
06-06 13:42:51.178 1257 2670 W System.err: 2025-06-06 13:42:51.178:INFO:lcaf.p:jetty-8.y.z-SNAPSHOT
06-06 13:42:51.181 1257 2408 I Router : WiFi multicast lock acquired
06-06 13:42:51.182 475 499 I WifiService: acquireMulticastLock uid=10020
06-06 13:42:51.184 1257 2408 I Router : WiFi lock acquired
06-06 13:42:51.185 475 749 I WifiService: acquireWifiLock uid=10020 lockMode=3
06-06 13:42:51.192 1257 2408 W Router : enable unlock:org.fourthline.cling.android.AndroidRouter@4582feb
06-06 13:42:51.193 1257 2408 I UpnpServiceImpl: <<< UPnP service started successfully
06-06 13:42:51.247 1257 2670 W System.err: 2025-06-06 13:42:51.246:INFO:lcaf.a:Started @192.168.3.31:42665
06-06 13:42:51.270 1257 1281 I gbei.screencas: Background concurrent copying GC freed 36770(1963KB) AllocSpace objects, 44(1760KB) LOS objects, 49% free, 7190KB/14MB, paused 112us total 121.412ms
06-06 13:42:51.288 2264 2341 D UtilLog : 日志批量上报 进行正常循环 !!!!!!本次有0次请求,共0条数据
06-06 13:42:51.293 1257 2408 E g : channel :os
06-06 13:42:51.340 2676 2676 I Thread-2: type=1400 audit(0.0:1026): avc: denied { execute } for name="am" dev="dm-1" ino=1160 scontext=u:r:system_app:s0 tcontext=u:object_r:vendor_file:s0 tclass=file permissive=1
06-06 13:42:51.340 2676 2676 I Thread-2: type=1400 audit(0.0:1027): avc: denied { read open } for path="/vendor/xbin/am" dev="dm-1" ino=1160 scontext=u:r:system_app:s0 tcontext=u:object_r:vendor_file:s0 tclass=file permissive=1
06-06 13:42:51.340 2676 2676 I Thread-2: type=1400 audit(0.0:1028): avc: denied { execute_no_trans } for path="/vendor/xbin/am" dev="dm-1" ino=1160 scontext=u:r:system_app:s0 tcontext=u:object_r:vendor_file:s0 tclass=file permissive=1
06-06 13:42:51.387 1200 1200 D bbb : onStartCommand begin !!!!!!! data分区剩余 24968MB
06-06 13:42:51.390 1142 1142 D aaa : LedStatusService onStartCommand begin
06-06 13:42:51.392 1142 2684 D aaa : topPkg is -------------- :com.dangbei.leard.leradlauncher
06-06 13:42:51.399 1142 2684 D aaa : WiFi is connect
06-06 13:42:51.410 475 519 W IorapForwardingService: No service published for: iorapd
06-06 13:42:51.570 475 752 D SntpClient: request time failed: java.net.SocketTimeoutException: Poll timed out
06-06 13:42:51.684 263 263 I EventThread: type=1400 audit(0.0:1029): avc: denied { search } for name="extcon" dev="sysfs" ino=18109 scontext=u:r:hal_tv_cec_default:s0 tcontext=u:object_r:sysfs_extcon:s0 tclass=dir permissive=1
06-06 13:42:52.103 475 475 W NotificationHistory: Attempted to add notif for locked/gone/disabled user 0
06-06 13:42:52.107 666 666 V TvNotificationHandler: Notification not added because it isn't relevant for tv
06-06 13:42:52.412 475 519 W IorapForwardingService: No service published for: iorapd
01-01 08:00:44.437 381 381 W hdr10p_Configure: 64 callbacks suppressed
01-01 08:00:44.437 381 381 I : DVI mode selected: packets not configured
01-01 08:00:44.437 381 381 W set_vsif_config: 64 callbacks suppressed
01-01 08:00:44.437 381 381 I : Error: set vsif failed
01-01 08:00:44.459 381 381 I : DVI mode selected: packets not configured
01-01 08:00:44.459 381 381 I : Error: set vsif failed
01-01 08:00:44.476 381 381 I : DVI mode selected: packets not configured
01-01 08:00:44.476 381 381 I : Error: set vsif failed
01-01 08:00:44.491 381 381 I : DVI mode selected: packets not configured
01-01 08:00:44.491 381 381 I : Error: set vsif failed
01-01 08:00:44.508 381 381 I : DVI mode selected: packets not configured
01-01 08:00:44.508 381 381 I : Error: set vsif failed
01-01 08:00:44.525 381 381 I : DVI mode selected: packets not configured
01-01 08:00:44.525 381 381 I : Error: set vsif failed
01-01 08:00:44.542 381 381 I : DVI mode selected: packets not configured
01-01 08:00:44.542 381 381 I : Error: set vsif failed
01-01 08:00:44.558 381 381 I : DVI mode selected: packets not configured
01-01 08:00:44.558 381 381 I : Error: set vsif failed
01-01 08:00:44.574 381 381 I : DVI mode selected: packets not configured
01-01 08:00:44.574 381 381 I : Error: set vsif failed
01-01 08:00:44.591 381 381 I : DVI mode selected: packets not configured
01-01 08:00:44.591 381 381 I : Error: set vsif failed
06-06 13:42:53.417 475 519 W IorapForwardingService: No service published for: iorapd
06-06 13:42:53.496 657 657 E WifiHAL : wifi_get_link_stats: requestResponse Error:-5
06-06 13:42:53.498 475 607 E WifiVendorHal: getWifiLinkLayerStats_1_5_Internal(l.1191) failed {.code = ERROR_INVALID_ARGS, .description = }
06-06 13:42:54.314 475 519 D CompatibilityChangeReporter: Compat change id reported: 168419799; UID 10075; state: DISABLED
06-06 13:42:54.417 475 519 W IorapForwardingService: No service published for: iorapd
06-06 13:42:55.419 475 519 W IorapForwardingService: No service published for: iorapd
06-06 13:42:55.695 263 277 D hdmi-cec: receive invalid cec message!
06-06 13:42:55.695 263 277 D hdmi-cec: receive poll message [04], skip!
06-06 13:42:56.421 475 519 W IorapForwardingService: No service published for: iorapd
06-06 13:42:56.510 2264 2338 I TDLog : [APP] New data found, Submitting...
06-06 13:42:56.514 657 657 E WifiHAL : wifi_get_link_stats: requestResponse Error:-5
06-06 13:42:56.518 475 607 E WifiVendorHal: getWifiLinkLayerStats_1_5_Internal(l.1191) failed {.code = ERROR_INVALID_ARGS, .description = }
06-06 13:42:56.553 2264 2338 I TDLog : [APP] Failed to submit data!
06-06 13:42:56.578 475 752 D SntpClient: request time failed: java.net.SocketTimeoutException: Poll timed out
06-06 13:42:56.578 475 752 D SntpClient: request time failed
06-06 13:42:56.809 475 752 D SntpClient: round trip: 217ms, clock offset: 20847698ms
06-06 13:42:56.812 475 517 D AlarmManagerService: Setting time of day to sec=1749209424
06-06 19:30:24.563 475 591 E LazyAlarmStore: Removed TIME_TICK alarm
06-06 19:30:24.565 475 538 I DropBoxManagerService: add tag=system_server_wtf isTagEnabled=true flags=0x2
06-06 19:30:24.637 1200 1200 D bbb : onStartCommand begin !!!!!!! data分区剩余 24968MB
06-06 19:30:24.638 475 475 I JobScheduler: RTC now valid; recalculating persisted job windows
06-06 19:30:24.638 475 475 W SyncManager: Clock is valid now.
06-06 19:30:24.638 475 475 D ConditionProviders.SCP: onReceive android.intent.action.TIME_SET
