06-06 19:33:31.270 657 657 E WifiHAL : wifi_get_link_stats: requestResponse Error:-5
06-06 19:33:31.272 475 607 E WifiVendorHal: getWifiLinkLayerStats_1_5_Internal(l.1191) failed {.code = ERROR_INVALID_ARGS, .description = }
06-06 19:33:31.592 475 519 W IorapForwardingService: No service published for: iorapd
06-06 19:33:32.065 1200 1200 D bbb : onStartCommand begin !!!!!!! data分区剩余 24969MB
06-06 19:33:32.068 1142 1142 D aaa : LedStatusService onStartCommand begin
06-06 19:33:32.070 1142 3487 D aaa : topPkg is -------------- :com.dangbei.leard.leradlauncher
06-06 19:33:32.074 1142 3487 D aaa : WiFi is connect
06-06 19:33:32.594 475 519 W IorapForwardingService: No service published for: iorapd
01-01 08:03:56.755 381 381 W hdr10p_Configure: 136 callbacks suppressed
01-01 08:03:56.755 381 381 I : DVI mode selected: packets not configured
01-01 08:03:56.755 381 381 W set_vsif_config: 136 callbacks suppressed
01-01 08:03:56.755 381 381 I : Error: set vsif failed
01-01 08:03:56.755 381 381 I : DVI mode selected: packets not configured
01-01 08:03:56.755 381 381 I : Error: set vsif failed
01-01 08:03:56.794 381 381 I : DVI mode selected: packets not configured
01-01 08:03:56.794 381 381 I : Error: set vsif failed
01-01 08:03:56.794 381 381 I : DVI mode selected: packets not configured
01-01 08:03:56.794 381 381 I : Error: set vsif failed
01-01 08:03:56.811 381 381 I : DVI mode selected: packets not configured
01-01 08:03:56.811 381 381 I : Error: set vsif failed
01-01 08:03:56.811 381 381 I : DVI mode selected: packets not configured
01-01 08:03:56.811 381 381 I : Error: set vsif failed
01-01 08:03:56.828 381 381 I : DVI mode selected: packets not configured
01-01 08:03:56.828 381 381 I : Error: set vsif failed
01-01 08:03:56.828 381 381 I : DVI mode selected: packets not configured
01-01 08:03:56.828 381 381 I : Error: set vsif failed
01-01 08:03:56.842 381 381 I : DVI mode selected: packets not configured
01-01 08:03:56.842 381 381 I : Error: set vsif failed
01-01 08:03:56.842 381 381 I : DVI mode selected: packets not configured
01-01 08:03:56.842 381 381 I : Error: set vsif failed
06-06 19:33:33.597 475 519 W IorapForwardingService: No service published for: iorapd
06-06 19:33:34.286 657 657 E WifiHAL : wifi_get_link_stats: requestResponse Error:-5
06-06 19:33:34.289 475 607 E WifiVendorHal: getWifiLinkLayerStats_1_5_Internal(l.1191) failed {.code = ERROR_INVALID_ARGS, .description = }
06-06 19:33:34.600 475 519 W IorapForwardingService: No service published for: iorapd
06-06 19:33:35.602 475 519 W IorapForwardingService: No service published for: iorapd
06-06 19:33:36.604 475 519 W IorapForwardingService: No service published for: iorapd
06-06 19:33:37.305 657 657 E WifiHAL : wifi_get_link_stats: requestResponse Error:-5
06-06 19:33:37.307 475 607 E WifiVendorHal: getWifiLinkLayerStats_1_5_Internal(l.1191) failed {.code = ERROR_INVALID_ARGS, .description = }
06-06 19:33:37.606 475 519 W IorapForwardingService: No service published for: iorapd
06-06 19:33:38.232 263 277 D hdmi-cec: receive invalid cec message!
06-06 19:33:38.233 263 277 D hdmi-cec: receive poll message [04], skip!
06-06 19:33:38.608 475 519 W IorapForwardingService: No service published for: iorapd
06-06 19:33:38.993 2264 2341 D UtilLog : 日志批量上报 进行正常循环 !!!!!!本次有0次请求,共0条数据
01-01 08:04:02.764 381 381 W hdr10p_Configure: 136 callbacks suppressed
01-01 08:04:02.764 381 381 I : DVI mode selected: packets not configured
01-01 08:04:02.764 381 381 W set_vsif_config: 136 callbacks suppressed
01-01 08:04:02.764 381 381 I : Error: set vsif failed
01-01 08:04:02.764 381 381 I : DVI mode selected: packets not configured
01-01 08:04:02.764 381 381 I : Error: set vsif failed
01-01 08:04:02.786 381 381 I : DVI mode selected: packets not configured
01-01 08:04:02.786 381 381 I : Error: set vsif failed
01-01 08:04:02.786 381 381 I : DVI mode selected: packets not configured
01-01 08:04:02.786 381 381 I : Error: set vsif failed
01-01 08:04:02.804 381 381 I : DVI mode selected: packets not configured
01-01 08:04:02.804 381 381 I : Error: set vsif failed
01-01 08:04:02.804 381 381 I : DVI mode selected: packets not configured
01-01 08:04:02.804 381 381 I : Error: set vsif failed
01-01 08:04:02.827 381 381 I : DVI mode selected: packets not configured
01-01 08:04:02.827 381 381 I : Error: set vsif failed
01-01 08:04:02.827 381 381 I : DVI mode selected: packets not configured
01-01 08:04:02.827 381 381 I : Error: set vsif failed
01-01 08:04:02.842 381 381 I : DVI mode selected: packets not configured
01-01 08:04:02.842 381 381 I : Error: set vsif failed
01-01 08:04:02.843 381 381 I : DVI mode selected: packets not configured
01-01 08:04:02.843 381 381 I : Error: set vsif failed
06-06 19:33:39.610 475 519 W IorapForwardingService: No service published for: iorapd
06-06 19:33:40.119 1200 1200 D bbb : onStartCommand begin !!!!!!! data分区剩余 24969MB
06-06 19:33:40.121 1142 1142 D aaa : LedStatusService onStartCommand begin
06-06 19:33:40.123 1142 3499 D aaa : topPkg is -------------- :com.dangbei.leard.leradlauncher
06-06 19:33:40.127 1142 3499 D aaa : WiFi is connect
06-06 19:33:40.322 657 657 E WifiHAL : wifi_get_link_stats: requestResponse Error:-5
06-06 19:33:40.324 475 607 E WifiVendorHal: getWifiLinkLayerStats_1_5_Internal(l.1191) failed {.code = ERROR_INVALID_ARGS, .description = }
06-06 19:33:40.613 475 519 W IorapForwardingService: No service published for: iorapd
06-06 19:33:41.615 475 519 W IorapForwardingService: No service published for: iorapd
06-06 19:33:42.617 475 519 W IorapForwardingService: No service published for: iorapd
06-06 19:33:43.342 657 657 E WifiHAL : wifi_get_link_stats: requestResponse Error:-5
06-06 19:33:43.344 475 607 E WifiVendorHal: getWifiLinkLayerStats_1_5_Internal(l.1191) failed {.code = ERROR_INVALID_ARGS, .description = }
06-06 19:33:43.620 475 519 W IorapForwardingService: No service published for: iorapd
06-06 19:33:44.622 475 519 W IorapForwardingService: No service published for: iorapd
06-06 19:33:45.107 2942 2951 I gbei.screencas: Background concurrent copying GC freed 54377(5694KB) AllocSpace objects, 0(0B) LOS objects, 49% free, 6043KB/11MB, paused 149us total 162.734ms
01-01 08:04:08.755 381 381 W hdr10p_Configure: 136 callbacks suppressed
01-01 08:04:08.755 381 381 I : DVI mode selected: packets not configured
01-01 08:04:08.755 381 381 W set_vsif_config: 136 callbacks suppressed
01-01 08:04:08.755 381 381 I : Error: set vsif failed
01-01 08:04:08.755 381 381 I : DVI mode selected: packets not configured
01-01 08:04:08.755 381 381 I : Error: set vsif failed
01-01 08:04:08.787 381 381 I : DVI mode selected: packets not configured
01-01 08:04:08.787 381 381 I : Error: set vsif failed
01-01 08:04:08.787 381 381 I : DVI mode selected: packets not configured
01-01 08:04:08.787 381 381 I : Error: set vsif failed
01-01 08:04:08.810 381 381 I : DVI mode selected: packets not configured
01-01 08:04:08.810 381 381 I : Error: set vsif failed
01-01 08:04:08.810 381 381 I : DVI mode selected: packets not configured
01-01 08:04:08.810 381 381 I : Error: set vsif failed
01-01 08:04:08.826 381 381 I : DVI mode selected: packets not configured
01-01 08:04:08.826 381 381 I : Error: set vsif failed
01-01 08:04:08.826 381 381 I : DVI mode selected: packets not configured
01-01 08:04:08.826 381 381 I : Error: set vsif failed
01-01 08:04:08.842 381 381 I : DVI mode selected: packets not configured
01-01 08:04:08.842 381 381 I : Error: set vsif failed
01-01 08:04:08.842 381 381 I : DVI mode selected: packets not configured
01-01 08:04:08.842 381 381 I : Error: set vsif failed
06-06 19:33:45.624 475 519 W IorapForwardingService: No service published for: iorapd
06-06 19:33:46.360 657 657 E WifiHAL : wifi_get_link_stats: requestResponse Error:-5
06-06 19:33:46.362 475 607 E WifiVendorHal: getWifiLinkLayerStats_1_5_Internal(l.1191) failed {.code = ERROR_INVALID_ARGS, .description = }
06-06 19:33:46.626 475 519 W IorapForwardingService: No service published for: iorapd
06-06 19:33:47.629 475 519 W IorapForwardingService: No service published for: iorapd
06-06 19:33:48.173 1200 1200 D bbb : onStartCommand begin !!!!!!! data分区剩余 24969MB
06-06 19:33:48.176 1142 1142 D aaa : LedStatusService onStartCommand begin
06-06 19:33:48.178 1142 3511 D aaa : topPkg is -------------- :com.dangbei.leard.leradlauncher
06-06 19:33:48.184 1142 3511 D aaa : WiFi is connect
06-06 19:33:48.632 475 519 W IorapForwardingService: No service published for: iorapd
06-06 19:33:49.008 2264 2341 D UtilLog : 日志批量上报 进行正常循环 !!!!!!本次有0次请求,共0条数据
06-06 19:33:49.378 657 657 E WifiHAL : wifi_get_link_stats: requestResponse Error:-5
06-06 19:33:49.381 475 607 E WifiVendorHal: getWifiLinkLayerStats_1_5_Internal(l.1191) failed {.code = ERROR_INVALID_ARGS, .description = }
06-06 19:33:49.635 475 519 W IorapForwardingService: No service published for: iorapd
06-06 19:33:50.638 475 519 W IorapForwardingService: No service published for: iorapd
01-01 08:04:14.783 381 381 W hdr10p_Configure: 134 callbacks suppressed
01-01 08:04:14.783 381 381 I : DVI mode selected: packets not configured
01-01 08:04:14.783 381 381 W set_vsif_config: 134 callbacks suppressed
01-01 08:04:14.783 381 381 I : Error: set vsif failed
01-01 08:04:14.783 381 381 I : DVI mode selected: packets not configured
01-01 08:04:14.783 381 381 I : Error: set vsif failed
01-01 08:04:14.810 381 381 I : DVI mode selected: packets not configured
01-01 08:04:14.810 381 381 I : Error: set vsif failed
01-01 08:04:14.811 381 381 I : DVI mode selected: packets not configured
01-01 08:04:14.811 381 381 I : Error: set vsif failed
01-01 08:04:14.827 381 381 I : DVI mode selected: packets not configured
01-01 08:04:14.827 381 381 I : Error: set vsif failed
01-01 08:04:14.827 381 381 I : DVI mode selected: packets not configured
01-01 08:04:14.827 381 381 I : Error: set vsif failed
01-01 08:04:14.844 381 381 I : DVI mode selected: packets not configured
01-01 08:04:14.844 381 381 I : Error: set vsif failed
01-01 08:04:14.845 381 381 I : DVI mode selected: packets not configured
01-01 08:04:14.845 381 381 I : Error: set vsif failed
01-01 08:04:14.859 381 381 I : DVI mode selected: packets not configured
01-01 08:04:14.859 381 381 I : Error: set vsif failed
01-01 08:04:14.859 381 381 I : DVI mode selected: packets not configured
01-01 08:04:14.859 381 381 I : Error: set vsif failed
06-06 19:33:51.640 475 519 W IorapForwardingService: No service published for: iorapd
06-06 19:33:52.399 657 657 E WifiHAL : wifi_get_link_stats: requestResponse Error:-5
06-06 19:33:52.402 475 607 E WifiVendorHal: getWifiLinkLayerStats_1_5_Internal(l.1191) failed {.code = ERROR_INVALID_ARGS, .description = }
06-06 19:33:52.642 475 519 W IorapForwardingService: No service published for: iorapd
06-06 19:33:53.259 263 277 D hdmi-cec: receive invalid cec message!
06-06 19:33:53.259 263 277 D hdmi-cec: receive poll message [04], skip!
06-06 19:33:53.645 475 519 W IorapForwardingService: No service published for: iorapd
06-06 19:33:54.648 475 519 W IorapForwardingService: No service published for: iorapd
06-06 19:33:55.417 657 657 E WifiHAL : wifi_get_link_stats: requestResponse Error:-5
06-06 19:33:55.418 475 607 E WifiVendorHal: getWifiLinkLayerStats_1_5_Internal(l.1191) failed {.code = ERROR_INVALID_ARGS, .description = }
06-06 19:33:55.650 475 519 W IorapForwardingService: No service published for: iorapd
06-06 19:33:56.112 475 1017 W ZramWriteback: Writeback device is not set
06-06 19:33:56.112 475 1017 D ZramWriteback: wait to flush
06-06 19:33:56.167 1200 1200 D bbb : onStartCommand begin !!!!!!! data分区剩余 24969MB
06-06 19:33:56.172 1142 1142 D aaa : LedStatusService onStartCommand begin
06-06 19:33:56.173 1142 3522 D aaa : topPkg is -------------- :com.dangbei.leard.leradlauncher
06-06 19:33:56.177 1142 3522 D aaa : WiFi is connect
06-06 19:33:56.652 475 519 W IorapForwardingService: No service published for: iorapd
01-01 08:04:20.785 381 381 W hdr10p_Configure: 136 callbacks suppressed
01-01 08:04:20.785 381 381 I : DVI mode selected: packets not configured
01-01 08:04:20.785 381 381 W set_vsif_config: 136 callbacks suppressed
01-01 08:04:20.785 381 381 I : Error: set vsif failed
01-01 08:04:20.785 381 381 I : DVI mode selected: packets not configured
01-01 08:04:20.785 381 381 I : Error: set vsif failed
01-01 08:04:20.813 381 381 I : DVI mode selected: packets not configured
01-01 08:04:20.813 381 381 I : Error: set vsif failed
01-01 08:04:20.813 381 381 I : DVI mode selected: packets not configured
01-01 08:04:20.813 381 381 I : Error: set vsif failed
01-01 08:04:20.830 381 381 I : DVI mode selected: packets not configured
01-01 08:04:20.830 381 381 I : Error: set vsif failed
01-01 08:04:20.830 381 381 I : DVI mode selected: packets not configured
01-01 08:04:20.830 381 381 I : Error: set vsif failed
01-01 08:04:20.848 381 381 I : DVI mode selected: packets not configured
01-01 08:04:20.848 381 381 I : Error: set vsif failed
01-01 08:04:20.848 381 381 I : DVI mode selected: packets not configured
01-01 08:04:20.848 381 381 I : Error: set vsif failed
01-01 08:04:20.865 381 381 I : DVI mode selected: packets not configured
01-01 08:04:20.865 381 381 I : Error: set vsif failed
01-01 08:04:20.865 381 381 I : DVI mode selected: packets not configured
01-01 08:04:20.865 381 381 I : Error: set vsif failed
06-06 19:33:57.654 475 519 W IorapForwardingService: No service published for: iorapd
06-06 19:33:58.427 657 657 E WifiHAL : wifi_get_link_stats: requestResponse Error:-5
06-06 19:33:58.429 475 607 E WifiVendorHal: getWifiLinkLayerStats_1_5_Internal(l.1191) failed {.code = ERROR_INVALID_ARGS, .description = }
06-06 19:33:58.657 475 519 W IorapForwardingService: No service published for: iorapd
06-06 19:33:59.016 2264 2341 D UtilLog : 日志批量上报 进行正常循环 !!!!!!本次有0次请求,共0条数据
06-06 19:33:59.659 475 519 W IorapForwardingService: No service published for: iorapd
06-06 19:34:00.663 475 519 W IorapForwardingService: No service published for: iorapd
06-06 19:34:01.439 657 657 E WifiHAL : wifi_get_link_stats: requestResponse Error:-5
06-06 19:34:01.440 475 607 E WifiVendorHal: getWifiLinkLayerStats_1_5_Internal(l.1191) failed {.code = ERROR_INVALID_ARGS, .description = }
06-06 19:34:01.666 475 519 W IorapForwardingService: No service published for: iorapd
06-06 19:34:02.667 475 519 W IorapForwardingService: No service published for: iorapd
01-01 08:04:26.786 381 381 W hdr10p_Configure: 138 callbacks suppressed
01-01 08:04:26.786 381 381 I : DVI mode selected: packets not configured
01-01 08:04:26.786 381 381 W set_vsif_config: 138 callbacks suppressed
01-01 08:04:26.786 381 381 I : Error: set vsif failed
01-01 08:04:26.786 381 381 I : DVI mode selected: packets not configured
01-01 08:04:26.786 381 381 I : Error: set vsif failed
01-01 08:04:26.813 381 381 I : DVI mode selected: packets not configured
01-01 08:04:26.813 381 381 I : Error: set vsif failed
01-01 08:04:26.813 381 381 I : DVI mode selected: packets not configured
01-01 08:04:26.813 381 381 I : Error: set vsif failed
01-01 08:04:26.830 381 381 I : DVI mode selected: packets not configured
01-01 08:04:26.830 381 381 I : Error: set vsif failed
01-01 08:04:26.830 381 381 I : DVI mode selected: packets not configured
01-01 08:04:26.830 381 381 I : Error: set vsif failed
01-01 08:04:26.848 381 381 I : DVI mode selected: packets not configured
01-01 08:04:26.848 381 381 I : Error: set vsif failed
01-01 08:04:26.848 381 381 I : DVI mode selected: packets not configured
01-01 08:04:26.848 381 381 I : Error: set vsif failed
01-01 08:04:26.865 381 381 I : DVI mode selected: packets not configured
01-01 08:04:26.865 381 381 I : Error: set vsif failed
01-01 08:04:26.865 381 381 I : DVI mode selected: packets not configured
01-01 08:04:26.865 381 381 I : Error: set vsif failed
06-06 19:34:03.669 475 519 W IorapForwardingService: No service published for: iorapd
06-06 19:34:04.213 1142 1142 D aaa : LedStatusService onStartCommand begin
06-06 19:34:04.214 1142 3532 D aaa : topPkg is -------------- :com.dangbei.leard.leradlauncher
06-06 19:34:04.217 1142 3532 D aaa : WiFi is connect
06-06 19:34:04.227 1200 1200 D bbb : onStartCommand begin !!!!!!! data分区剩余 24969MB
06-06 19:34:04.449 657 657 E WifiHAL : wifi_get_link_stats: requestResponse Error:-5
06-06 19:34:04.450 475 607 E WifiVendorHal: getWifiLinkLayerStats_1_5_Internal(l.1191) failed {.code = ERROR_INVALID_ARGS, .description = }
06-06 19:34:04.671 475 519 W IorapForwardingService: No service published for: iorapd
06-06 19:34:05.673 475 519 W IorapForwardingService: No service published for: iorapd
06-06 19:34:06.675 475 519 W IorapForwardingService: No service published for: iorapd
06-06 19:34:07.460 657 657 E WifiHAL : wifi_get_link_stats: requestResponse Error:-5
06-06 19:34:07.461 475 607 E WifiVendorHal: getWifiLinkLayerStats_1_5_Internal(l.1191) failed {.code = ERROR_INVALID_ARGS, .description = }
06-06 19:34:07.651 2264 2338 I TDLog : [APP] New data found, Submitting...
06-06 19:34:07.677 475 519 W IorapForwardingService: No service published for: iorapd
06-06 19:34:07.677 2264 2338 I TDLog : [APP] Failed to submit data!
06-06 19:34:08.283 263 277 D hdmi-cec: receive invalid cec message!
06-06 19:34:08.283 263 277 D hdmi-cec: receive poll message [04], skip!
06-06 19:34:08.679 475 519 W IorapForwardingService: No service published for: iorapd
06-06 19:34:08.989 2264 2341 D UtilLog : 日志批量上报 进行正常循环 !!!!!!本次有0次请求,共0条数据
01-01 08:04:32.794 381 381 W hdr10p_Configure: 140 callbacks suppressed
01-01 08:04:32.794 381 381 I : DVI mode selected: packets not configured
01-01 08:04:32.794 381 381 W set_vsif_config: 140 callbacks suppressed
01-01 08:04:32.794 381 381 I : Error: set vsif failed
01-01 08:04:32.794 381 381 I : DVI mode selected: packets not configured
01-01 08:04:32.794 381 381 I : Error: set vsif failed
01-01 08:04:32.828 381 381 I : DVI mode selected: packets not configured
01-01 08:04:32.828 381 381 I : Error: set vsif failed
01-01 08:04:32.828 381 381 I : DVI mode selected: packets not configured
01-01 08:04:32.828 381 381 I : Error: set vsif failed
01-01 08:04:32.844 381 381 I : DVI mode selected: packets not configured
01-01 08:04:32.844 381 381 I : Error: set vsif failed
01-01 08:04:32.845 381 381 I : DVI mode selected: packets not configured
01-01 08:04:32.845 381 381 I : Error: set vsif failed
01-01 08:04:32.859 381 381 I : DVI mode selected: packets not configured
01-01 08:04:32.859 381 381 I : Error: set vsif failed
01-01 08:04:32.860 381 381 I : DVI mode selected: packets not configured
01-01 08:04:32.860 381 381 I : Error: set vsif failed
01-01 08:04:32.875 381 381 I : DVI mode selected: packets not configured
01-01 08:04:32.875 381 381 I : Error: set vsif failed
01-01 08:04:32.876 381 381 I : DVI mode selected: packets not configured
01-01 08:04:32.876 381 381 I : Error: set vsif failed
06-06 19:34:09.684 475 519 W IorapForwardingService: No service published for: iorapd
06-06 19:34:10.473 657 657 E WifiHAL : wifi_get_link_stats: requestResponse Error:-5
06-06 19:34:10.475 475 607 E WifiVendorHal: getWifiLinkLayerStats_1_5_Internal(l.1191) failed {.code = ERROR_INVALID_ARGS, .description = }
06-06 19:34:10.686 475 519 W IorapForwardingService: No service published for: iorapd
06-06 19:34:11.688 475 519 W IorapForwardingService: No service published for: iorapd
06-06 19:34:12.296 1142 1142 D aaa : LedStatusService onStartCommand begin
06-06 19:34:12.300 1142 3548 D aaa : topPkg is -------------- :com.dangbei.leard.leradlauncher
06-06 19:34:12.304 1142 3548 D aaa : WiFi is connect
06-06 19:34:12.312 1200 1200 D bbb : onStartCommand begin !!!!!!! data分区剩余 24969MB
06-06 19:34:12.690 475 519 W IorapForwardingService: No service published for: iorapd
06-06 19:34:13.492 657 657 E WifiHAL : wifi_get_link_stats: requestResponse Error:-5
06-06 19:34:13.494 475 607 E WifiVendorHal: getWifiLinkLayerStats_1_5_Internal(l.1191) failed {.code = ERROR_INVALID_ARGS, .description = }
06-06 19:34:13.556 2942 2951 I gbei.screencas: Background concurrent copying GC freed 74556(6014KB) AllocSpace objects, 0(0B) LOS objects, 49% free, 6025KB/11MB, paused 640us total 148.259ms
06-06 19:34:13.693 475 519 W IorapForwardingService: No service published for: iorapd
06-06 19:34:14.696 475 519 W IorapForwardingService: No service published for: iorapd
01-01 08:04:38.815 381 381 W hdr10p_Configure: 140 callbacks suppressed
01-01 08:04:38.815 381 381 I : DVI mode selected: packets not configured
01-01 08:04:38.815 381 381 W set_vsif_config: 140 callbacks suppressed
01-01 08:04:38.815 381 381 I : Error: set vsif failed
01-01 08:04:38.815 381 381 I : DVI mode selected: packets not configured
01-01 08:04:38.815 381 381 I : Error: set vsif failed
01-01 08:04:38.844 381 381 I : DVI mode selected: packets not configured
01-01 08:04:38.844 381 381 I : Error: set vsif failed
01-01 08:04:38.844 381 381 I : DVI mode selected: packets not configured
01-01 08:04:38.844 381 381 I : Error: set vsif failed
01-01 08:04:38.860 381 381 I : DVI mode selected: packets not configured
01-01 08:04:38.860 381 381 I : Error: set vsif failed
01-01 08:04:38.860 381 381 I : DVI mode selected: packets not configured
01-01 08:04:38.860 381 381 I : Error: set vsif failed
01-01 08:04:38.877 381 381 I : DVI mode selected: packets not configured
01-01 08:04:38.877 381 381 I : Error: set vsif failed
01-01 08:04:38.877 381 381 I : DVI mode selected: packets not configured
01-01 08:04:38.877 381 381 I : Error: set vsif failed
01-01 08:04:38.898 381 381 I : DVI mode selected: packets not configured
01-01 08:04:38.898 381 381 I : Error: set vsif failed
01-01 08:04:38.898 381 381 I : DVI mode selected: packets not configured
01-01 08:04:38.898 381 381 I : Error: set vsif failed
06-06 19:34:15.698 475 519 W IorapForwardingService: No service published for: iorapd
06-06 19:34:16.505 657 657 E WifiHAL : wifi_get_link_stats: requestResponse Error:-5
06-06 19:34:16.508 475 607 E WifiVendorHal: getWifiLinkLayerStats_1_5_Internal(l.1191) failed {.code = ERROR_INVALID_ARGS, .description = }
06-06 19:34:16.700 475 519 W IorapForwardingService: No service published for: iorapd
06-06 19:34:17.703 475 519 W IorapForwardingService: No service published for: iorapd
06-06 19:34:18.706 475 519 W IorapForwardingService: No service published for: iorapd
06-06 19:34:18.991 2264 2341 D UtilLog : 日志批量上报 进行正常循环 !!!!!!本次有0次请求,共0条数据
06-06 19:34:19.526 657 657 E WifiHAL : wifi_get_link_stats: requestResponse Error:-5
06-06 19:34:19.528 475 607 E WifiVendorHal: getWifiLinkLayerStats_1_5_Internal(l.1191) failed {.code = ERROR_INVALID_ARGS, .description = }
06-06 19:34:19.708 475 519 W IorapForwardingService: No service published for: iorapd
06-06 19:34:20.331 1200 1200 D bbb : onStartCommand begin !!!!!!! data分区剩余 24969MB
06-06 19:34:20.332 1142 1142 D aaa : LedStatusService onStartCommand begin
06-06 19:34:20.333 1142 3559 D aaa : topPkg is -------------- :com.dangbei.leard.leradlauncher
06-06 19:34:20.340 1142 3559 D aaa : WiFi is connect
06-06 19:34:20.710 475 519 W IorapForwardingService: No service published for: iorapd
01-01 08:04:44.832 381 381 W hdr10p_Configure: 138 callbacks suppressed
01-01 08:04:44.832 381 381 I : DVI mode selected: packets not configured
01-01 08:04:44.832 381 381 W set_vsif_config: 138 callbacks suppressed
01-01 08:04:44.832 381 381 I : Error: set vsif failed
01-01 08:04:44.832 381 381 I : DVI mode selected: packets not configured
01-01 08:04:44.832 381 381 I : Error: set vsif failed
01-01 08:04:44.860 381 381 I : DVI mode selected: packets not configured
01-01 08:04:44.860 381 381 I : Error: set vsif failed
01-01 08:04:44.860 381 381 I : DVI mode selected: packets not configured
01-01 08:04:44.860 381 381 I : Error: set vsif failed
01-01 08:04:44.876 381 381 I : DVI mode selected: packets not configured
01-01 08:04:44.876 381 381 I : Error: set vsif failed
01-01 08:04:44.876 381 381 I : DVI mode selected: packets not configured
01-01 08:04:44.876 381 381 I : Error: set vsif failed
01-01 08:04:44.893 381 381 I : DVI mode selected: packets not configured
01-01 08:04:44.893 381 381 I : Error: set vsif failed
01-01 08:04:44.893 381 381 I : DVI mode selected: packets not configured
01-01 08:04:44.893 381 381 I : Error: set vsif failed
01-01 08:04:44.911 381 381 I : DVI mode selected: packets not configured
01-01 08:04:44.911 381 381 I : Error: set vsif failed
01-01 08:04:44.911 381 381 I : DVI mode selected: packets not configured
01-01 08:04:44.911 381 381 I : Error: set vsif failed
06-06 19:34:21.713 475 519 W IorapForwardingService: No service published for: iorapd
06-06 19:34:22.541 657 657 E WifiHAL : wifi_get_link_stats: requestResponse Error:-5
06-06 19:34:22.544 475 607 E WifiVendorHal: getWifiLinkLayerStats_1_5_Internal(l.1191) failed {.code = ERROR_INVALID_ARGS, .description = }
06-06 19:34:22.716 475 519 W IorapForwardingService: No service published for: iorapd
06-06 19:34:23.312 263 277 D hdmi-cec: receive invalid cec message!
06-06 19:34:23.312 263 277 D hdmi-cec: receive poll message [04], skip!
06-06 19:34:23.718 475 519 W IorapForwardingService: No service published for: iorapd
06-06 19:34:24.721 475 519 W IorapForwardingService: No service published for: iorapd
06-06 19:34:25.560 657 657 E WifiHAL : wifi_get_link_stats: requestResponse Error:-5
06-06 19:34:25.562 475 607 E WifiVendorHal: getWifiLinkLayerStats_1_5_Internal(l.1191) failed {.code = ERROR_INVALID_ARGS, .description = }
06-06 19:34:25.724 475 519 W IorapForwardingService: No service published for: iorapd
06-06 19:34:26.114 475 1017 W ZramWriteback: Writeback device is not set
06-06 19:34:26.114 475 1017 D ZramWriteback: wait to flush
06-06 19:34:26.727 475 519 W IorapForwardingService: No service published for: iorapd
01-01 08:04:50.828 381 381 W hdr10p_Configure: 138 callbacks suppressed
01-01 08:04:50.828 381 381 I : DVI mode selected: packets not configured
01-01 08:04:50.828 381 381 W set_vsif_config: 138 callbacks suppressed
01-01 08:04:50.828 381 381 I : Error: set vsif failed
01-01 08:04:50.828 381 381 I : DVI mode selected: packets not configured
01-01 08:04:50.828 381 381 I : Error: set vsif failed
01-01 08:04:50.865 381 381 I : DVI mode selected: packets not configured
01-01 08:04:50.865 381 381 I : Error: set vsif failed
01-01 08:04:50.866 381 381 I : DVI mode selected: packets not configured
01-01 08:04:50.866 381 381 I : Error: set vsif failed
01-01 08:04:50.885 381 381 I : DVI mode selected: packets not configured
01-01 08:04:50.885 381 381 I : Error: set vsif failed
01-01 08:04:50.885 381 381 I : DVI mode selected: packets not configured
01-01 08:04:50.885 381 381 I : Error: set vsif failed
01-01 08:04:50.903 381 381 I : DVI mode selected: packets not configured
01-01 08:04:50.903 381 381 I : Error: set vsif failed
01-01 08:04:50.903 381 381 I : DVI mode selected: packets not configured
01-01 08:04:50.903 381 381 I : Error: set vsif failed
01-01 08:04:50.909 381 381 I : DVI mode selected: packets not configured
01-01 08:04:50.909 381 381 I : Error: set vsif failed
01-01 08:04:50.909 381 381 I : DVI mode selected: packets not configured
01-01 08:04:50.909 381 381 I : Error: set vsif failed
06-06 19:34:27.730 475 519 W IorapForwardingService: No service published for: iorapd
06-06 19:34:28.366 1142 1142 D aaa : LedStatusService onStartCommand begin
06-06 19:34:28.368 1142 3571 D aaa : topPkg is -------------- :com.dangbei.leard.leradlauncher
06-06 19:34:28.372 1200 1200 D bbb : onStartCommand begin !!!!!!! data分区剩余 24969MB
06-06 19:34:28.373 1142 3571 D aaa : WiFi is connect
06-06 19:34:28.578 657 657 E WifiHAL : wifi_get_link_stats: requestResponse Error:-5
06-06 19:34:28.579 475 607 E WifiVendorHal: getWifiLinkLayerStats_1_5_Internal(l.1191) failed {.code = ERROR_INVALID_ARGS, .description = }
06-06 19:34:28.733 475 519 W IorapForwardingService: No service published for: iorapd
06-06 19:34:29.019 2264 2341 D UtilLog : 日志批量上报 进行正常循环 !!!!!!本次有0次请求,共0条数据
06-06 19:34:29.736 475 519 W IorapForwardingService: No service published for: iorapd
06-06 19:34:30.738 475 519 W IorapForwardingService: No service published for: iorapd
06-06 19:34:31.593 657 657 E WifiHAL : wifi_get_link_stats: requestResponse Error:-5
06-06 19:34:31.595 475 607 E WifiVendorHal: getWifiLinkLayerStats_1_5_Internal(l.1191) failed {.code = ERROR_INVALID_ARGS, .description = }
06-06 19:34:31.741 475 519 W IorapForwardingService: No service published for: iorapd
06-06 19:34:32.540 475 498 D WifiNl80211Manager: Scan result ready event
06-06 19:34:32.540 475 498 D WifiNative: Scan result ready event
06-06 19:34:32.600 657 657 E WifiHAL : wifi_get_link_stats: requestResponse Error:-5
06-06 19:34:32.602 475 607 E WifiVendorHal: getWifiLinkLayerStats_1_5_Internal(l.1191) failed {.code = ERROR_INVALID_ARGS, .description = }
06-06 19:34:32.744 475 519 W IorapForwardingService: No service published for: iorapd
01-01 08:04:56.848 381 381 W hdr10p_Configure: 136 callbacks suppressed
01-01 08:04:56.848 381 381 I : DVI mode selected: packets not configured
01-01 08:04:56.848 381 381 W set_vsif_config: 136 callbacks suppressed
01-01 08:04:56.848 381 381 I : Error: set vsif failed
01-01 08:04:56.849 381 381 I : DVI mode selected: packets not configured
01-01 08:04:56.849 381 381 I : Error: set vsif failed
01-01 08:04:56.870 381 381 I : DVI mode selected: packets not configured
01-01 08:04:56.871 381 381 I : Error: set vsif failed
01-01 08:04:56.871 381 381 I : DVI mode selected: packets not configured
01-01 08:04:56.871 381 381 I : Error: set vsif failed
01-01 08:04:56.893 381 381 I : DVI mode selected: packets not configured
01-01 08:04:56.893 381 381 I : Error: set vsif failed
01-01 08:04:56.893 381 381 I : DVI mode selected: packets not configured
01-01 08:04:56.893 381 381 I : Error: set vsif failed
01-01 08:04:56.910 381 381 I : DVI mode selected: packets not configured
01-01 08:04:56.910 381 381 I : Error: set vsif failed
01-01 08:04:56.910 381 381 I : DVI mode selected: packets not configured
01-01 08:04:56.910 381 381 I : Error: set vsif failed
01-01 08:04:56.926 381 381 I : DVI mode selected: packets not configured
01-01 08:04:56.926 381 381 I : Error: set vsif failed
01-01 08:04:56.926 381 381 I : DVI mode selected: packets not configured
01-01 08:04:56.926 381 381 I : Error: set vsif failed
06-06 19:34:33.746 475 519 W IorapForwardingService: No service published for: iorapd
06-06 19:34:34.611 657 657 E WifiHAL : wifi_get_link_stats: requestResponse Error:-5
06-06 19:34:34.614 475 607 E WifiVendorHal: getWifiLinkLayerStats_1_5_Internal(l.1191) failed {.code = ERROR_INVALID_ARGS, .description = }
06-06 19:34:34.749 475 519 W IorapForwardingService: No service published for: iorapd
06-06 19:34:35.751 475 519 W IorapForwardingService: No service published for: iorapd
06-06 19:34:36.406 1142 1142 D aaa : LedStatusService onStartCommand begin
06-06 19:34:36.408 1142 3583 D aaa : topPkg is -------------- :com.dangbei.leard.leradlauncher
06-06 19:34:36.415 1142 3583 D aaa : WiFi is connect
06-06 19:34:36.416 1200 1200 D bbb : onStartCommand begin !!!!!!! data分区剩余 24969MB
06-06 19:34:36.754 475 519 W IorapForwardingService: No service published for: iorapd
06-06 19:34:37.630 657 657 E WifiHAL : wifi_get_link_stats: requestResponse Error:-5
06-06 19:34:37.632 475 607 E WifiVendorHal: getWifiLinkLayerStats_1_5_Internal(l.1191) failed {.code = ERROR_INVALID_ARGS, .description = }
06-06 19:34:37.756 475 519 W IorapForwardingService: No service published for: iorapd
06-06 19:34:38.339 263 277 D hdmi-cec: receive invalid cec message!
06-06 19:34:38.339 263 277 D hdmi-cec: receive poll message [04], skip!
06-06 19:34:38.759 475 519 W IorapForwardingService: No service published for: iorapd
06-06 19:34:39.019 2264 2341 D UtilLog : 日志批量上报 进行正常循环 !!!!!!本次有0次请求,共0条数据
01-01 08:05:02.861 381 381 W hdr10p_Configure: 140 callbacks suppressed
01-01 08:05:02.861 381 381 I : DVI mode selected: packets not configured
01-01 08:05:02.861 381 381 W set_vsif_config: 140 callbacks suppressed
01-01 08:05:02.861 381 381 I : Error: set vsif failed
01-01 08:05:02.861 381 381 I : DVI mode selected: packets not configured
01-01 08:05:02.861 381 381 I : Error: set vsif failed
01-01 08:05:02.884 381 381 I : DVI mode selected: packets not configured
01-01 08:05:02.884 381 381 I : Error: set vsif failed
01-01 08:05:02.884 381 381 I : DVI mode selected: packets not configured
01-01 08:05:02.884 381 381 I : Error: set vsif failed
01-01 08:05:02.901 381 381 I : DVI mode selected: packets not configured
01-01 08:05:02.901 381 381 I : Error: set vsif failed
01-01 08:05:02.901 381 381 I : DVI mode selected: packets not configured
01-01 08:05:02.901 381 381 I : Error: set vsif failed
01-01 08:05:02.918 381 381 I : DVI mode selected: packets not configured
01-01 08:05:02.918 381 381 I : Error: set vsif failed
01-01 08:05:02.918 381 381 I : DVI mode selected: packets not configured
01-01 08:05:02.918 381 381 I : Error: set vsif failed
01-01 08:05:02.937 381 381 I : DVI mode selected: packets not configured
01-01 08:05:02.937 381 381 I : Error: set vsif failed
01-01 08:05:02.937 381 381 I : DVI mode selected: packets not configured
01-01 08:05:02.937 381 381 I : Error: set vsif failed
06-06 19:34:39.762 475 519 W IorapForwardingService: No service published for: iorapd
06-06 19:34:40.648 657 657 E WifiHAL : wifi_get_link_stats: requestResponse Error:-5
06-06 19:34:40.651 475 607 E WifiVendorHal: getWifiLinkLayerStats_1_5_Internal(l.1191) failed {.code = ERROR_INVALID_ARGS, .description = }
06-06 19:34:40.764 475 519 W IorapForwardingService: No service published for: iorapd
06-06 19:34:41.767 475 519 W IorapForwardingService: No service published for: iorapd
06-06 19:34:42.769 475 519 W IorapForwardingService: No service published for: iorapd
06-06 19:34:43.662 657 657 E WifiHAL : wifi_get_link_stats: requestResponse Error:-5
06-06 19:34:43.664 475 607 E WifiVendorHal: getWifiLinkLayerStats_1_5_Internal(l.1191) failed {.code = ERROR_INVALID_ARGS, .description = }
06-06 19:34:43.772 475 519 W IorapForwardingService: No service published for: iorapd
06-06 19:34:44.451 1142 1142 D aaa : LedStatusService onStartCommand begin
06-06 19:34:44.453 1142 3594 D aaa : topPkg is -------------- :com.dangbei.leard.leradlauncher
06-06 19:34:44.458 1142 3594 D aaa : WiFi is connect
06-06 19:34:44.461 1200 1200 D bbb : onStartCommand begin !!!!!!! data分区剩余 24969MB
06-06 19:34:44.774 475 519 W IorapForwardingService: No service published for: iorapd
01-01 08:05:08.877 381 381 W hdr10p_Configure: 132 callbacks suppressed
01-01 08:05:08.877 381 381 I : DVI mode selected: packets not configured
01-01 08:05:08.877 381 381 W set_vsif_config: 132 callbacks suppressed
01-01 08:05:08.877 381 381 I : Error: set vsif failed
01-01 08:05:08.877 381 381 I : DVI mode selected: packets not configured
01-01 08:05:08.877 381 381 I : Error: set vsif failed
01-01 08:05:08.912 381 381 I : DVI mode selected: packets not configured
01-01 08:05:08.912 381 381 I : Error: set vsif failed
01-01 08:05:08.912 381 381 I : DVI mode selected: packets not configured
01-01 08:05:08.912 381 381 I : Error: set vsif failed
01-01 08:05:08.926 381 381 I : DVI mode selected: packets not configured
01-01 08:05:08.926 381 381 I : Error: set vsif failed
01-01 08:05:08.926 381 381 I : DVI mode selected: packets not configured
01-01 08:05:08.926 381 381 I : Error: set vsif failed
01-01 08:05:08.946 381 381 I : DVI mode selected: packets not configured
01-01 08:05:08.946 381 381 I : Error: set vsif failed
01-01 08:05:08.946 381 381 I : DVI mode selected: packets not configured
01-01 08:05:08.946 381 381 I : Error: set vsif failed
01-01 08:05:08.960 381 381 I : DVI mode selected: packets not configured
01-01 08:05:08.960 381 381 I : Error: set vsif failed
01-01 08:05:08.960 381 381 I : DVI mode selected: packets not configured
01-01 08:05:08.960 381 381 I : Error: set vsif failed
06-06 19:34:45.776 475 519 W IorapForwardingService: No service published for: iorapd
06-06 19:34:46.681 657 657 E WifiHAL : wifi_get_link_stats: requestResponse Error:-5
06-06 19:34:46.684 475 607 E WifiVendorHal: getWifiLinkLayerStats_1_5_Internal(l.1191) failed {.code = ERROR_INVALID_ARGS, .description = }
06-06 19:34:46.779 475 519 W IorapForwardingService: No service published for: iorapd
06-06 19:34:47.365 2942 2951 I gbei.screencas: Background concurrent copying GC freed 74188(6399KB) AllocSpace objects, 0(0B) LOS objects, 49% free, 6002KB/11MB, paused 161us total 151.861ms
06-06 19:34:47.781 475 519 W IorapForwardingService: No service published for: iorapd
06-06 19:34:48.784 475 519 W IorapForwardingService: No service published for: iorapd
06-06 19:34:48.991 2264 2341 D UtilLog : 日志批量上报 进行正常循环 !!!!!!本次有0次请求,共0条数据
06-06 19:34:49.028 475 554 V DisplayPowerController[0]: Brightness [0.05] reason changing to: 'manual [ dim ]', previous reason: 'manual'.
06-06 19:34:49.045 261 261 I android.hardware.lights-service: Lights setting state for id=0 to color ff676767
06-06 19:34:49.062 261 261 I android.hardware.lights-service: Lights setting state for id=0 to color ff646464
06-06 19:34:49.079 261 261 I android.hardware.lights-service: Lights setting state for id=0 to color ff616161
06-06 19:34:49.096 261 261 I android.hardware.lights-service: Lights setting state for id=0 to color ff5e5e5e
06-06 19:34:49.112 261 261 I android.hardware.lights-service: Lights setting state for id=0 to color ff5b5b5b
06-06 19:34:49.128 261 261 I android.hardware.lights-service: Lights setting state for id=0 to color ff585858
06-06 19:34:49.145 261 261 I android.hardware.lights-service: Lights setting state for id=0 to color ff565656
06-06 19:34:49.162 261 261 I android.hardware.lights-service: Lights setting state for id=0 to color ff535353
06-06 19:34:49.179 261 261 I android.hardware.lights-service: Lights setting state for id=0 to color ff505050
06-06 19:34:49.195 261 261 I android.hardware.lights-service: Lights setting state for id=0 to color ff4d4d4d
06-06 19:34:49.212 261 261 I android.hardware.lights-service: Lights setting state for id=0 to color ff4a4a4a
06-06 19:34:49.228 261 261 I android.hardware.lights-service: Lights setting state for id=0 to color ff474747
06-06 19:34:49.246 261 261 I android.hardware.lights-service: Lights setting state for id=0 to color ff444444
06-06 19:34:49.261 261 261 I android.hardware.lights-service: Lights setting state for id=0 to color ff414141
06-06 19:34:49.278 261 261 I android.hardware.lights-service: Lights setting state for id=0 to color ff3e3e3e
06-06 19:34:49.295 261 261 I android.hardware.lights-service: Lights setting state for id=0 to color ff3b3b3b
06-06 19:34:49.312 261 261 I android.hardware.lights-service: Lights setting state for id=0 to color ff393939
06-06 19:34:49.328 261 261 I android.hardware.lights-service: Lights setting state for id=0 to color ff363636
06-06 19:34:49.345 261 261 I android.hardware.lights-service: Lights setting state for id=0 to color ff333333
06-06 19:34:49.362 261 261 I android.hardware.lights-service: Lights setting state for id=0 to color ff303030
06-06 19:34:49.378 261 261 I android.hardware.lights-service: Lights setting state for id=0 to color ff2d2d2d
06-06 19:34:49.395 261 261 I android.hardware.lights-service: Lights setting state for id=0 to color ff2a2a2a
06-06 19:34:49.412 261 261 I android.hardware.lights-service: Lights setting state for id=0 to color ff272727
06-06 19:34:49.428 261 261 I android.hardware.lights-service: Lights setting state for id=0 to color ff242424
06-06 19:34:49.445 261 261 I android.hardware.lights-service: Lights setting state for id=0 to color ff212121
06-06 19:34:49.462 261 261 I android.hardware.lights-service: Lights setting state for id=0 to color ff1e1e1e
06-06 19:34:49.478 261 261 I android.hardware.lights-service: Lights setting state for id=0 to color ff1c1c1c
06-06 19:34:49.495 261 261 I android.hardware.lights-service: Lights setting state for id=0 to color ff191919
06-06 19:34:49.512 261 261 I android.hardware.lights-service: Lights setting state for id=0 to color ff161616
06-06 19:34:49.528 261 261 I android.hardware.lights-service: Lights setting state for id=0 to color ff141414
06-06 19:34:49.702 657 657 E WifiHAL : wifi_get_link_stats: requestResponse Error:-5
06-06 19:34:49.705 475 607 E WifiVendorHal: getWifiLinkLayerStats_1_5_Internal(l.1191) failed {.code = ERROR_INVALID_ARGS, .description = }
06-06 19:34:49.786 475 519 W IorapForwardingService: No service published for: iorapd
06-06 19:34:50.787 475 519 W IorapForwardingService: No service published for: iorapd
01-01 08:05:14.870 381 381 W hdr10p_Configure: 132 callbacks suppressed
01-01 08:05:14.870 381 381 I : DVI mode selected: packets not configured
01-01 08:05:14.870 381 381 W set_vsif_config: 132 callbacks suppressed
01-01 08:05:14.870 381 381 I : Error: set vsif failed
01-01 08:05:14.870 381 381 I : DVI mode selected: packets not configured
01-01 08:05:14.870 381 381 I : Error: set vsif failed
01-01 08:05:14.895 381 381 I : DVI mode selected: packets not configured
01-01 08:05:14.895 381 381 I : Error: set vsif failed
01-01 08:05:14.895 381 381 I : DVI mode selected: packets not configured
01-01 08:05:14.895 381 381 I : Error: set vsif failed
01-01 08:05:14.912 381 381 I : DVI mode selected: packets not configured
01-01 08:05:14.912 381 381 I : Error: set vsif failed
01-01 08:05:14.912 381 381 I : DVI mode selected: packets not configured
01-01 08:05:14.912 381 381 I : Error: set vsif failed
01-01 08:05:14.930 381 381 I : DVI mode selected: packets not configured
01-01 08:05:14.930 381 381 I : Error: set vsif failed
01-01 08:05:14.930 381 381 I : DVI mode selected: packets not configured
01-01 08:05:14.930 381 381 I : Error: set vsif failed
01-01 08:05:14.946 381 381 I : DVI mode selected: packets not configured
01-01 08:05:14.946 381 381 I : Error: set vsif failed
01-01 08:05:14.947 381 381 I : DVI mode selected: packets not configured
01-01 08:05:14.947 381 381 I : Error: set vsif failed
06-06 19:34:51.788 475 519 W IorapForwardingService: No service published for: iorapd
06-06 19:34:52.442 1142 1142 D aaa : LedStatusService onStartCommand begin
06-06 19:34:52.443 1142 3609 D aaa : topPkg is -------------- :com.dangbei.leard.leradlauncher
06-06 19:34:52.446 1200 1200 D bbb : onStartCommand begin !!!!!!! data分区剩余 24969MB
06-06 19:34:52.447 1142 3609 D aaa : WiFi is connect
06-06 19:34:52.719 657 657 E WifiHAL : wifi_get_link_stats: requestResponse Error:-5
06-06 19:34:52.720 475 607 E WifiVendorHal: getWifiLinkLayerStats_1_5_Internal(l.1191) failed {.code = ERROR_INVALID_ARGS, .description = }
06-06 19:34:52.789 475 519 W IorapForwardingService: No service published for: iorapd
06-06 19:34:53.367 263 277 D hdmi-cec: receive invalid cec message!
06-06 19:34:53.368 263 277 D hdmi-cec: receive poll message [04], skip!
06-06 19:34:53.791 475 519 W IorapForwardingService: No service published for: iorapd
06-06 19:34:54.793 475 519 W IorapForwardingService: No service published for: iorapd
06-06 19:34:55.728 657 657 E WifiHAL : wifi_get_link_stats: requestResponse Error:-5
06-06 19:34:55.730 475 607 E WifiVendorHal: getWifiLinkLayerStats_1_5_Internal(l.1191) failed {.code = ERROR_INVALID_ARGS, .description = }
06-06 19:34:55.795 475 519 W IorapForwardingService: No service published for: iorapd
06-06 19:34:56.025 475 554 I PowerManagerService: Napping display group (groupId=0, uid=1000)...
06-06 19:34:56.025 475 554 I PowerManagerService: Nap time (uid 1000)...
06-06 19:34:56.026 475 554 I DreamManagerService: Entering dreamland.
06-06 19:34:56.033 475 554 W ContextImpl: Calling a method in the system process without a qualified user: android.app.ContextImpl.sendBroadcast:1173 com.android.server.dreams.DreamManagerService.startDreamLocked:411 com.android.server.dreams.DreamManagerService.startDreamInternal:245 com.android.server.dreams.DreamManagerService.access$2200:71 com.android.server.dreams.DreamManagerService$LocalService.startDream:737
06-06 19:34:56.035 475 554 E ActivityManager: Sending non-protected broadcast com.android.screen_off from system 475:system/1000 pkg android
06-06 19:34:56.035 475 554 E ActivityManager: java.lang.Throwable
06-06 19:34:56.035 475 554 E ActivityManager: at com.android.server.am.ActivityManagerService.checkBroadcastFromSystem(ActivityManagerService.java:12816)
06-06 19:34:56.035 475 554 E ActivityManager: at com.android.server.am.ActivityManagerService.broadcastIntentLocked(ActivityManagerService.java:13416)
06-06 19:34:56.035 475 554 E ActivityManager: at com.android.server.am.ActivityManagerService.broadcastIntentLocked(ActivityManagerService.java:12833)
06-06 19:34:56.035 475 554 E ActivityManager: at com.android.server.am.ActivityManagerService.broadcastIntentWithFeature(ActivityManagerService.java:13670)
06-06 19:34:56.035 475 554 E ActivityManager: at android.app.ContextImpl.sendBroadcast(ContextImpl.java:1177)
06-06 19:34:56.035 475 554 E ActivityManager: at com.android.server.dreams.DreamManagerService.startDreamLocked(DreamManagerService.java:411)
06-06 19:34:56.035 475 554 E ActivityManager: at com.android.server.dreams.DreamManagerService.startDreamInternal(DreamManagerService.java:245)
06-06 19:34:56.035 475 554 E ActivityManager: at com.android.server.dreams.DreamManagerService.access$2200(DreamManagerService.java:71)
06-06 19:34:56.035 475 554 E ActivityManager: at com.android.server.dreams.DreamManagerService$LocalService.startDream(DreamManagerService.java:737)
06-06 19:34:56.035 475 554 E ActivityManager: at com.android.server.power.PowerManagerService.handleSandman(PowerManagerService.java:3033)
06-06 19:34:56.035 475 554 E ActivityManager: at com.android.server.power.PowerManagerService.access$3700(PowerManagerService.java:144)
06-06 19:34:56.035 475 554 E ActivityManager: at com.android.server.power.PowerManagerService$PowerManagerHandlerCallback.handleMessage(PowerManagerService.java:4848)
06-06 19:34:56.035 475 554 E ActivityManager: at android.os.Handler.dispatchMessage(Handler.java:102)
06-06 19:34:56.035 475 554 E ActivityManager: at android.os.Looper.loopOnce(Looper.java:201)
06-06 19:34:56.035 475 554 E ActivityManager: at android.os.Looper.loop(Looper.java:288)
06-06 19:34:56.035 475 554 E ActivityManager: at android.os.HandlerThread.run(HandlerThread.java:67)
06-06 19:34:56.035 475 554 E ActivityManager: at com.android.server.ServiceThread.run(ServiceThread.java:44)
06-06 19:34:56.036 475 554 E ActivityManager: Sending non-protected broadcast com.android.screen_off from system 475:system/1000 pkg android
06-06 19:34:56.036 475 554 E ActivityManager: java.lang.Throwable
06-06 19:34:56.036 475 554 E ActivityManager: at com.android.server.am.ActivityManagerService.checkBroadcastFromSystem(ActivityManagerService.java:12816)
06-06 19:34:56.036 475 554 E ActivityManager: at com.android.server.am.ActivityManagerService.broadcastIntentLocked(ActivityManagerService.java:13513)
06-06 19:34:56.036 475 554 E ActivityManager: at com.android.server.am.ActivityManagerService.broadcastIntentLocked(ActivityManagerService.java:12833)
06-06 19:34:56.036 475 554 E ActivityManager: at com.android.server.am.ActivityManagerService.broadcastIntentWithFeature(ActivityManagerService.java:13670)
06-06 19:34:56.036 475 554 E ActivityManager: at android.app.ContextImpl.sendBroadcast(ContextImpl.java:1177)
06-06 19:34:56.036 475 554 E ActivityManager: at com.android.server.dreams.DreamManagerService.startDreamLocked(DreamManagerService.java:411)
06-06 19:34:56.036 475 554 E ActivityManager: at com.android.server.dreams.DreamManagerService.startDreamInternal(DreamManagerService.java:245)
06-06 19:34:56.036 475 554 E ActivityManager: at com.android.server.dreams.DreamManagerService.access$2200(DreamManagerService.java:71)
06-06 19:34:56.036 475 554 E ActivityManager: at com.android.server.dreams.DreamManagerService$LocalService.startDream(DreamManagerService.java:737)
06-06 19:34:56.036 475 554 E ActivityManager: at com.android.server.power.PowerManagerService.handleSandman(PowerManagerService.java:3033)
06-06 19:34:56.036 475 554 E ActivityManager: at com.android.server.power.PowerManagerService.access$3700(PowerManagerService.java:144)
06-06 19:34:56.036 475 554 E ActivityManager: at com.android.server.power.PowerManagerService$PowerManagerHandlerCallback.handleMessage(PowerManagerService.java:4848)
06-06 19:34:56.036 475 554 E ActivityManager: at android.os.Handler.dispatchMessage(Handler.java:102)
06-06 19:34:56.036 475 554 E ActivityManager: at android.os.Looper.loopOnce(Looper.java:201)
06-06 19:34:56.036 475 554 E ActivityManager: at android.os.Looper.loop(Looper.java:288)
06-06 19:34:56.036 475 554 E ActivityManager: at android.os.HandlerThread.run(HandlerThread.java:67)
06-06 19:34:56.036 475 554 E ActivityManager: at com.android.server.ServiceThread.run(ServiceThread.java:44)
01-01 08:05:19.684 1 1 I init : processing action (vendor.led_switch=*) from (/vendor/etc/init/hw/init.oranth.rc:133)
01-01 08:05:19.685 1 1 I init : starting service 'exec 21 (/vendor/bin/led_switch.sh 3)'...
06-06 19:34:56.042 3611 3611 I init : type=1400 audit(0.0:1124): avc: denied { execute } for name="led_switch.sh" dev="dm-1" ino=129 scontext=u:r:init:s0 tcontext=u:object_r:vendor_file:s0 tclass=file permissive=1
06-06 19:34:56.042 3611 3611 I init : type=1400 audit(0.0:1125): avc: denied { execute_no_trans } for path="/vendor/bin/led_switch.sh" dev="dm-1" ino=129 scontext=u:r:init:s0 tcontext=u:object_r:vendor_file:s0 tclass=file permissive=1
01-01 08:05:19.694 1 1 I init : SVC_EXEC service 'exec 21 (/vendor/bin/led_switch.sh 3)' pid 3611 (uid 0 gid 0+0 context default) started; waiting...
06-06 19:34:56.066 3611 3611 I led_switch.sh: type=1400 audit(0.0:1126): avc: denied { write } for name="tmp" dev="mmcblk0p25" ino=86 scontext=u:r:init:s0 tcontext=u:object_r:shell_data_file:s0 tclass=dir permissive=1 bug=b/77873135
