06-06 13:42:26.004 365 423 W omx_vdec: <__AwOmxVdecGetExtensionIndex:1737>: GetExtensionIndex OMX.google.android.index.describeColorFormat2, err [0x80001001].
06-06 13:42:26.004 365 423 E omx_vdec: : erro: pParamData->nIndex > m_sPortFormatType.nIndex
06-06 13:42:26.004 365 423 W omx_vdec: <__AwOmxVdecGetExtensionIndex:1737>: GetExtensionIndex OMX.google.android.index.describeColorFormat, err [0x80001001].
06-06 13:42:26.004 365 423 W omx_vdec: <__AwOmxVdecGetExtensionIndex:1737>: GetExtensionIndex OMX.google.android.index.describeColorFormat2, err [0x80001001].
06-06 13:42:26.005 365 423 E omx_vdec: : erro: pParamData->nIndex > m_sPortFormatType.nIndex
06-06 13:42:26.005 365 423 W omx_vdec: <__AwOmxVdecGetExtensionIndex:1737>: GetExtensionIndex OMX.google.android.index.describeColorFormat, err [0x80001001].
06-06 13:42:26.005 365 423 W omx_vdec: <__AwOmxVdecGetExtensionIndex:1737>: GetExtensionIndex OMX.google.android.index.describeColorFormat2, err [0x80001001].
06-06 13:42:26.005 365 423 E omx_vdec: : erro: pParamData->nIndex > m_sPortFormatType.nIndex
06-06 13:42:26.005 365 423 W omx_vdec: <__AwOmxVdecGetExtensionIndex:1737>: GetExtensionIndex OMX.google.android.index.describeColorFormat, err [0x80001001].
06-06 13:42:26.005 365 423 W omx_vdec: <__AwOmxVdecGetExtensionIndex:1737>: GetExtensionIndex OMX.google.android.index.describeColorFormat2, err [0x80001001].
06-06 13:42:26.005 365 423 E omx_vdec: : erro: pParamData->nIndex > m_sPortFormatType.nIndex
06-06 13:42:26.006 365 423 W omx_vdec: <__AwOmxVdecGetExtensionIndex:1737>: GetExtensionIndex OMX.google.android.index.describeColorFormat, err [0x80001001].
06-06 13:42:26.006 365 423 W omx_vdec: <__AwOmxVdecGetExtensionIndex:1737>: GetExtensionIndex OMX.google.android.index.describeColorFormat2, err [0x80001001].
06-06 13:42:26.006 365 423 E omx_vdec: : erro: pParamData->nIndex > m_sPortFormatType.nIndex
06-06 13:42:26.006 365 423 W omx_vdec: <__AwOmxVdecGetExtensionIndex:1737>: GetExtensionIndex OMX.google.android.index.describeColorFormat, err [0x80001001].
06-06 13:42:26.006 365 423 W omx_vdec: <__AwOmxVdecGetExtensionIndex:1737>: GetExtensionIndex OMX.google.android.index.describeColorFormat2, err [0x80001001].
06-06 13:42:26.006 365 423 E omx_vdec: : erro: pParamData->nIndex > m_sPortFormatType.nIndex
06-06 13:42:26.006 365 423 W omx_vdec: <__AwOmxVdecGetExtensionIndex:1737>: GetExtensionIndex OMX.google.android.index.describeColorFormat, err [0x80001001].
06-06 13:42:26.006 365 423 W omx_vdec: <__AwOmxVdecGetExtensionIndex:1737>: GetExtensionIndex OMX.google.android.index.describeColorFormat2, err [0x80001001].
06-06 13:42:26.007 365 423 E omx_vdec: : erro: pParamData->nIndex > m_sPortFormatType.nIndex
06-06 13:42:26.007 365 423 W omx_vdec: <__AwOmxVdecGetExtensionIndex:1737>: GetExtensionIndex OMX.google.android.index.describeColorFormat, err [0x80001001].
06-06 13:42:26.007 365 423 W omx_vdec: <__AwOmxVdecGetExtensionIndex:1737>: GetExtensionIndex OMX.google.android.index.describeColorFormat2, err [0x80001001].
06-06 13:42:26.000 666 666 I ndroid.systemui: type=1400 audit(0.0:322): avc: denied { getattr } for path="/data/user_de/0/com.android.systemui" dev="mmcblk0p25" ino=486 scontext=u:r:platform_app:s0:c512,c768 tcontext=u:object_r:app_data_file:s0:c512,c768 tclass=dir permissive=1 app=com.softwinner.screenshot
06-06 13:42:26.007 365 423 E omx_vdec: : erro: pParamData->nIndex > m_sPortFormatType.nIndex
06-06 13:42:26.007 365 423 W omx_vdec: <__AwOmxVdecGetExtensionIndex:1737>: GetExtensionIndex OMX.google.android.index.describeColorFormat, err [0x80001001].
06-06 13:42:26.007 365 423 W omx_vdec: <__AwOmxVdecGetExtensionIndex:1737>: GetExtensionIndex OMX.google.android.index.describeColorFormat2, err [0x80001001].
06-06 13:42:26.007 365 423 E omx_vdec: : erro: pParamData->nIndex > m_sPortFormatType.nIndex
06-06 13:42:26.008 365 423 W omx_vdec: <__AwOmxVdecGetExtensionIndex:1737>: GetExtensionIndex OMX.google.android.index.describeColorFormat, err [0x80001001].
06-06 13:42:26.008 365 423 W omx_vdec: <__AwOmxVdecGetExtensionIndex:1737>: GetExtensionIndex OMX.google.android.index.describeColorFormat2, err [0x80001001].
06-06 13:42:26.008 365 423 E omx_vdec: : erro: pParamData->nIndex > m_sPortFormatType.nIndex
06-06 13:42:26.008 365 423 W omx_vdec: <__AwOmxVdecGetExtensionIndex:1737>: GetExtensionIndex OMX.google.android.index.describeColorFormat, err [0x80001001].
06-06 13:42:26.008 365 423 W omx_vdec: <__AwOmxVdecGetExtensionIndex:1737>: GetExtensionIndex OMX.google.android.index.describeColorFormat2, err [0x80001001].
06-06 13:42:26.008 365 423 E omx_vdec: : erro: pParamData->nIndex > m_sPortFormatType.nIndex
06-06 13:42:26.008 365 423 W omx_vdec: <__AwOmxVdecGetExtensionIndex:1737>: GetExtensionIndex OMX.google.android.index.describeColorFormat, err [0x80001001].
06-06 13:42:26.008 365 423 W omx_vdec: <__AwOmxVdecGetExtensionIndex:1737>: GetExtensionIndex OMX.google.android.index.describeColorFormat2, err [0x80001001].
06-06 13:42:26.009 365 423 E omx_vdec: : erro: pParamData->nIndex > m_sPortFormatType.nIndex
06-06 13:42:26.009 365 423 W omx_vdec: <__AwOmxVdecGetExtensionIndex:1737>: GetExtensionIndex OMX.google.android.index.describeColorFormat, err [0x80001001].
06-06 13:42:26.009 365 423 W omx_vdec: <__AwOmxVdecGetExtensionIndex:1737>: GetExtensionIndex OMX.google.android.index.describeColorFormat2, err [0x80001001].
06-06 13:42:26.009 365 423 E omx_vdec: : erro: pParamData->nIndex > m_sPortFormatType.nIndex
06-06 13:42:26.009 365 423 W omx_vdec: <__AwOmxVdecGetExtensionIndex:1737>: GetExtensionIndex OMX.google.android.index.describeColorFormat, err [0x80001001].
06-06 13:42:26.009 365 423 W omx_vdec: <__AwOmxVdecGetExtensionIndex:1737>: GetExtensionIndex OMX.google.android.index.describeColorFormat2, err [0x80001001].
06-06 13:42:26.010 365 423 E omx_vdec: : erro: pParamData->nIndex > m_sPortFormatType.nIndex
06-06 13:42:26.010 365 423 W omx_vdec: <__AwOmxVdecGetExtensionIndex:1737>: GetExtensionIndex OMX.google.android.index.describeColorFormat, err [0x80001001].
06-06 13:42:26.010 365 423 W omx_vdec: <__AwOmxVdecGetExtensionIndex:1737>: GetExtensionIndex OMX.google.android.index.describeColorFormat2, err [0x80001001].
06-06 13:42:26.010 365 423 E omx_vdec: : erro: pParamData->nIndex > m_sPortFormatType.nIndex
06-06 13:42:26.010 365 423 W omx_vdec: <__AwOmxVdecGetExtensionIndex:1737>: GetExtensionIndex OMX.google.android.index.describeColorFormat, err [0x80001001].
06-06 13:42:26.010 365 423 W omx_vdec: <__AwOmxVdecGetExtensionIndex:1737>: GetExtensionIndex OMX.google.android.index.describeColorFormat2, err [0x80001001].
06-06 13:42:26.010 365 423 E omx_vdec: : erro: pParamData->nIndex > m_sPortFormatType.nIndex
06-06 13:42:26.010 365 423 W omx_vdec: <__AwOmxVdecGetExtensionIndex:1737>: GetExtensionIndex OMX.google.android.index.describeColorFormat, err [0x80001001].
06-06 13:42:26.011 365 423 W omx_vdec: <__AwOmxVdecGetExtensionIndex:1737>: GetExtensionIndex OMX.google.android.index.describeColorFormat2, err [0x80001001].
06-06 13:42:26.011 359 469 W ACodec : [OMX.allwinner.video.decoder.vp9] stopping checking formats after 32: COLOR_FormatYUV420Planar(13)
06-06 13:42:26.011 365 423 W omx_vdec: <__AwOmxVdecGetExtensionIndex:1737>: GetExtensionIndex OMX.google.android.index.configureVideoTunnelMode, err [0x80001001].
06-06 13:42:26.011 365 423 E OMXNodeInstance: getExtensionIndex(0xf0a6f000:allwinner.decoder.vp9, OMX.google.android.index.configureVideoTunnelMode) ERROR: Undefined(0x80001001)
06-06 13:42:26.011 359 469 D MediaCodecInfo: detail feature-tunneled-playback wasn't present to remove
06-06 13:42:26.011 365 423 W omx_vdec: <__AwOmxVdecGetExtensionIndex:1737>: GetExtensionIndex OMX.google.android.index.storeANWBufferInMetadata, err [0x80001001].
06-06 13:42:26.011 365 423 W omx_vdec_aw: <__anSetExtPara:3011>: Setparameter: unknown param 2131755011
06-06 13:42:26.011 365 423 W OMXNodeInstance: [0xf0a6f000:allwinner.decoder.vp9] component does not support metadata mode; using fallback
06-06 13:42:26.012 365 731 W libc : invalid pthread_t (0) passed to pthread_join
06-06 13:42:26.012 365 731 W libc : invalid pthread_t (0) passed to pthread_join
06-06 13:42:26.012 365 731 W libc : invalid pthread_t (0) passed to pthread_join
06-06 13:42:26.015 359 469 I OMXClient: IOmx service obtained
06-06 13:42:26.015 365 365 I OMXStore: makeComponentInstance(OMX.allwinner.video.decoder.vp9.secure) in android.hardwar process
06-06 13:42:26.016 365 365 E omx_vdec: : This platform does not support secure video playback
06-06 13:42:26.017 365 365 E omx_sem : : handle is null
06-06 13:42:26.017 365 365 E omx_sem : : handle is null
06-06 13:42:26.017 365 365 E omx_sem : : handle is null
06-06 13:42:26.017 365 365 E omx_sem : : handle is null
06-06 13:42:26.017 365 365 E omx_sem : : handle is null
06-06 13:42:26.017 365 365 W omx_vdec_aw: : pdec is null
06-06 13:42:26.017 365 365 E android.hardware.media.omx@1.0-service: Failed to allocate omx component 'OMX.allwinner.video.decoder.vp9.secure' err=InvalidComponentName(0x80001002)
06-06 13:42:26.018 475 475 I SystemServerTiming: MakeVpnManagerServiceReady
06-06 13:42:26.020 475 614 D ConnectivityService: NetReassign [no changes]
06-06 13:42:26.021 359 469 W OmxInfoBuilder: Fail to add media type video/x-vnd.on2.vp9 to codec OMX.allwinner.video.decoder.vp9.secure
01-01 08:00:17.362 33 33 I WCN : combin_img 4 marlin_firmware_write finish and successful
01-01 08:00:17.363 33 33 I WCN : marlin_start_run read reset reg val:0x180008
01-01 08:00:17.363 33 33 I WCN : after do marlin_start_run reset reg val:0x80008
06-06 13:42:26.026 359 469 I OMXClient: IOmx service obtained
06-06 13:42:26.027 365 365 I OMXStore: makeComponentInstance(OMX.allwinner.video.encoder.avc) in android.hardwar process
06-06 13:42:26.029 475 475 I SystemServerTiming: MakeVcnManagementServiceReady
01-01 08:00:17.363 33 33 I WCN : s_marlin_bootup_time=15301735815
01-01 08:00:17.369 33 33 I WCN : clock mode: TCXO, outside clock
01-01 08:00:17.369 33 33 I WCN : marlin_write_cali_data sync init_state:0x0
06-06 13:42:26.031 475 499 D CompatibilityChangeReporter: Compat change id reported: 168419799; UID 1000; state: DISABLED
06-06 13:42:26.031 664 664 V GraphicsEnvironment: ANGLE Developer option for 'com.android.bluetooth' set to: 'default'
06-06 13:42:26.032 664 664 V GraphicsEnvironment: Neither updatable production driver nor prerelease driver is supported.
06-06 13:42:26.034 365 365 W cedarc : : cannot open /dev/sunxi_soc_info, it maybe ok!
06-06 13:42:26.034 365 365 I cedarc : : *** ic_version = 0x3301000012011,
06-06 13:42:26.037 365 365 E OMXNodeInstance: getParameter(0xf0a6d000:allwinner.encoder.avc, ParamVideoProfileLevelQuerySupported(0x600000f)) ERROR: BadParameter(0x80001005)
01-01 08:00:17.376 365 365 D : enable_cedar_hw_clk,516
06-06 13:42:26.037 475 614 D ConnectivityService: Got NetworkProvider Messenger for VcnNetworkProvider
06-06 13:42:26.037 712 712 V WebViewLibraryLoader: RelroFileCreator (64bit = false), package: com.android.webview library: libwebviewchromium.so
06-06 13:42:26.038 359 469 W OMXUtils: do not know color format 0x7f000789 = 2130708361
06-06 13:42:26.038 359 469 W OMXUtils: do not know color format 0x7f000001 = 2130706433
06-06 13:42:26.038 365 365 E omx_venc: <__AwOmxVencGetParameter:882>: get_parameter erro: pParamData->nIndex > m_sInPortFormatType.nIndex, param index 3. impl in->index 2.
06-06 13:42:26.039 365 365 E OMXNodeInstance: getConfig(0xf0a6d000:allwinner.encoder.avc, ConfigAndroidIntraRefresh(0x6f60000a)) ERROR: UnsupportedIndex(0x8000101a)
06-06 13:42:26.039 365 365 E omx_venc: : get_parameter: unknown param 0xf0b36d00
06-06 13:42:26.039 365 365 E omx_venc: 
06-06 13:42:26.039 365 365 E OMXNodeInstance: getParameter(0xf0a6d000:allwinner.encoder.avc, ParamVideoIntraRefresh(0x6000006)) ERROR: UnsupportedIndex(0x8000101a)
06-06 13:42:26.039 359 469 D MediaCodecInfo: detail feature-frame-parsing wasn't present to remove
06-06 13:42:26.040 664 664 D NetworkSecurityConfig: No Network Security Config specified, using platform default
06-06 13:42:26.036 666 666 I ndroid.systemui: type=1400 audit(0.0:323): avc: denied { search } for name="com.android.systemui" dev="mmcblk0p25" ino=486 scontext=u:r:platform_app:s0:c512,c768 tcontext=u:object_r:app_data_file:s0:c512,c768 tclass=dir permissive=1 app=com.softwinner.screenshot
06-06 13:42:26.041 664 664 D NetworkSecurityConfig: No Network Security Config specified, using platform default
06-06 13:42:26.042 666 666 V GraphicsEnvironment: ANGLE Developer option for 'com.android.systemui' set to: 'default'
06-06 13:42:26.042 666 666 V GraphicsEnvironment: Neither updatable production driver nor prerelease driver is supported.
06-06 13:42:26.044 475 614 D ConnectivityService: NetReassign [no changes]
06-06 13:42:26.044 475 475 I SystemServerTiming: MakeNetworkPolicyServiceReady
06-06 13:42:26.044 666 666 D NetworkSecurityConfig: No Network Security Config specified, using platform default
06-06 13:42:26.045 666 666 D NetworkSecurityConfig: No Network Security Config specified, using platform default
06-06 13:42:26.047 475 475 I SystemServerTiming: PhaseThirdPartyAppsCanStart
06-06 13:42:26.048 475 475 I SystemServiceManager: Starting phase 600
06-06 13:42:26.048 475 475 I SystemServerTiming: OnBootPhase_600
06-06 13:42:26.048 475 614 D ConnectivityService: NetReassign [no changes]
06-06 13:42:26.050 365 365 I cedarc : : not malloc locks
06-06 13:42:26.051 475 475 I ExplicitHealthCheckController: Explicit health checks enabled.
06-06 13:42:26.051 475 475 I PackageWatchdog: Syncing state, reason: health check state enabled
06-06 13:42:26.052 475 475 I PackageWatchdog: Not pruning observers, elapsed time: 0ms
06-06 13:42:26.052 475 537 I PackageWatchdog: Saving observer state to file
06-06 13:42:26.052 475 475 I PackageWatchdog: Cancelling state sync, nothing to sync
01-01 08:00:17.392 365 365 D : disable_cedar_hw_clk,546
06-06 13:42:26.057 359 469 I Codec2Client: Available Codec2 services: "software"
01-01 08:00:17.396 33 33 I WCN : marlin_write_cali_data sync init_state:0x0
06-06 13:42:26.060 374 374 V C2Store : in init
06-06 13:42:26.060 374 374 V C2Store : loading dll
06-06 13:42:26.065 475 475 W LocationManagerService: no network location provider found
06-06 13:42:26.068 475 577 W PackageManager: Loading a package that does not exist for the calling user. package=null, user=0
06-06 13:42:26.069 712 712 D nativeloader: classloader namespace configured for unbundled product apk. library_path=/product/app/webview/lib/arm:/product/app/webview/webview.apk!/lib/armeabi-v7a:/product/lib:/system/product/lib
06-06 13:42:26.071 475 475 I ServiceWatcher: [fused] chose new implementation 1000/com.android.location.fused/.FusedLocationService@0
06-06 13:42:26.076 666 666 V SystemUIService: SystemUIApplication constructed.
06-06 13:42:26.078 475 517 D CompatibilityChangeReporter: Compat change id reported: 168419799; UID 1000; state: DISABLED
06-06 13:42:26.078 180 180 E servicemanager: Could not find android.hardware.gnss.IGnss/default in the VINTF manifest.
06-06 13:42:26.079 475 475 D GnssLocationProviderJni: Trying IGnss_V2_1::getService()
06-06 13:42:26.079 181 181 I hwservicemanager: getTransport: Cannot find entry android.hardware.gnss@2.1::IGnss/default in either framework or device VINTF manifest.
06-06 13:42:26.080 475 475 D GnssLocationProviderJni: gnssHal 2.1 was null, trying 2.0
06-06 13:42:26.080 181 181 I hwservicemanager: getTransport: Cannot find entry android.hardware.gnss@2.0::IGnss/default in either framework or device VINTF manifest.
06-06 13:42:26.080 475 475 D GnssLocationProviderJni: gnssHal 2.0 was null, trying 1.1
06-06 13:42:26.082 181 181 I hwservicemanager: getTransport: Cannot find entry android.hardware.gnss@1.1::IGnss/default in either framework or device VINTF manifest.
06-06 13:42:26.083 475 475 D GnssLocationProviderJni: gnssHal 1.1 was null, trying 1.0
06-06 13:42:26.083 181 181 I hwservicemanager: getTransport: Cannot find entry android.hardware.gnss@1.0::IGnss/default in either framework or device VINTF manifest.
01-01 08:00:17.424 33 33 I WCN : marlin_write_cali_data sync init_state:0x0
01-01 08:00:17.425 381 381 W hdr10p_Configure: 98 callbacks suppressed
01-01 08:00:17.425 381 381 I : DVI mode selected: packets not configured
01-01 08:00:17.425 381 381 W set_vsif_config: 98 callbacks suppressed
01-01 08:00:17.425 381 381 I : Error: set vsif failed
06-06 13:42:26.087 374 374 V C2Store : in ~ComponentModule
06-06 13:42:26.087 374 374 V C2Store : unloading dll
06-06 13:42:26.087 374 374 V C2Store : in init
06-06 13:42:26.087 374 374 V C2Store : loading dll
06-06 13:42:26.089 475 475 E LocationManagerService: no geocoder provider found
06-06 13:42:26.090 475 475 E ActivityRecognitionHardware: activity_recognition HAL is deprecated. is_supported is effectively a no-op
06-06 13:42:26.090 475 475 E LocationManagerService: unable to bind ActivityRecognitionProxy
06-06 13:42:26.091 475 475 I WallpaperManagerService: switch-user-0
06-06 13:42:26.091 475 475 V WallpaperManagerService: bindWallpaperComponentLocked: componentName=ComponentInfo{com.android.systemui/com.android.systemui.ImageWallpaper}
06-06 13:42:26.098 475 475 D SoundTriggerService: onBootPhase: 600 : false
06-06 13:42:26.099 374 374 V C2Store : in ~ComponentModule
06-06 13:42:26.100 374 374 V C2Store : unloading dll
06-06 13:42:26.100 374 374 V C2Store : in init
06-06 13:42:26.100 374 374 V C2Store : loading dll
06-06 13:42:26.102 205 205 I keystore2: keystore2::authorization: on_lock_screen_event(LockScreenEvent(0), user_id=0, password.is_some()=false, unlocking_sids=Some([]))
06-06 13:42:26.106 475 577 W StorageManagerService: No primary storage defined yet; hacking together a stub
01-01 08:00:17.452 33 33 I WCN : marlin_write_cali_data sync init_state:0xf0f0f0f1
01-01 08:00:17.452 33 33 I WCN : sdio_config bt_wake_host trigger:[high]
01-01 08:00:17.452 33 33 I WCN : sdio_config irq:[inband]
01-01 08:00:17.452 33 33 I WCN : sdio_config wake_host_level_duration_time:[20ms]
01-01 08:00:17.452 33 33 I WCN : sdio_config wake_host_data_separation:[bt/wifi reuse]
01-01 08:00:17.452 33 33 I WCN : marlin_send_sdio_config_to_cp sdio_config:0x80f01 (enable config)
01-01 08:00:17.452 33 33 I WCN : marlin_write_cali_data finish
01-01 08:00:17.452 33 33 I WCN : check_cp_ready sync val:0xf0f0f0f2, prj_type val:0xe0e0e0e0
06-06 13:42:26.120 475 475 W AlarmManager: Unrecognized alarm listener com.android.server.stats.StatsCompanionService$AnomalyAlarmListener@9a9c8be
06-06 13:42:26.120 475 475 W AlarmManager: Unrecognized alarm listener com.android.server.stats.StatsCompanionService$PullingAlarmListener@9688d1f
06-06 13:42:26.120 475 475 W AlarmManager: Unrecognized alarm listener com.android.server.stats.StatsCompanionService$PeriodicAlarmListener@17db86c
06-06 13:42:26.121 374 374 V C2Store : in ~ComponentModule
06-06 13:42:26.121 374 374 V C2Store : unloading dll
01-01 08:00:17.460 381 381 I : DVI mode selected: packets not configured
01-01 08:00:17.460 381 381 I : Error: set vsif failed
06-06 13:42:26.121 374 374 V C2Store : in init
06-06 13:42:26.122 374 374 V C2Store : loading dll
06-06 13:42:26.135 374 374 V C2Store : in ~ComponentModule
06-06 13:42:26.135 374 374 V C2Store : unloading dll
06-06 13:42:26.135 374 374 V C2Store : in init
06-06 13:42:26.135 374 374 V C2Store : loading dll
06-06 13:42:26.139 475 475 I StatsCompanionService: Told statsd that StatsCompanionService is alive.
06-06 13:42:26.140 475 537 D StatsPullAtomService: Registering NetworkStats pullers with statsd
01-01 08:00:17.480 33 33 I WCN : check_cp_ready sync val:0xf0f0f0f2, prj_type val:0xe0e0e0e0
06-06 13:42:26.144 374 374 V C2Store : in ~ComponentModule
06-06 13:42:26.144 374 374 V C2Store : unloading dll
06-06 13:42:26.145 374 374 V C2Store : in init
06-06 13:42:26.145 374 374 V C2Store : loading dll
06-06 13:42:26.145 475 537 W BestClock: java.time.DateTimeException: Missing NTP fix
06-06 13:42:26.150 475 475 I SystemServerTiming: StartNetworkStack
06-06 13:42:26.154 475 475 D ConnectivityModuleConnector: Starting networking module android.net.INetworkStackConnector
06-06 13:42:26.154 374 374 V C2Store : in ~ComponentModule
06-06 13:42:26.156 374 374 V C2Store : unloading dll
06-06 13:42:26.156 374 374 V C2Store : in init
06-06 13:42:26.156 374 374 V C2Store : loading dll
06-06 13:42:26.156 475 475 D ConnectivityModuleConnector: Starting networking module in network_stack process
06-06 13:42:26.164 475 475 D CompatibilityChangeReporter: Compat change id reported: 135634846; UID 1073; state: DISABLED
06-06 13:42:26.166 475 475 D ConnectivityModuleConnector: Networking module service start requested
06-06 13:42:26.167 475 475 I SystemServerTiming: StartTethering
06-06 13:42:26.167 475 475 D ConnectivityModuleConnector: Starting networking module android.net.ITetheringConnector
06-06 13:42:26.167 475 475 D ConnectivityModuleConnector: Starting networking module in network_stack process
01-01 08:00:17.508 381 381 I : DVI mode selected: packets not configured
01-01 08:00:17.508 381 381 I : Error: set vsif failed
01-01 08:00:17.508 33 33 I WCN : check_cp_ready sync val:0xf0f0f0f2, prj_type val:0xe0e0e0e0
06-06 13:42:26.170 475 475 D ConnectivityModuleConnector: Networking module service start requested
06-06 13:42:26.170 475 475 I SystemServerTiming: MakeCountryDetectionServiceReady
06-06 13:42:26.171 475 475 I SystemServerTiming: MakeNetworkTimeUpdateReady
06-06 13:42:26.173 374 374 V C2Store : in ~ComponentModule
06-06 13:42:26.177 475 475 D ConnectivityService: requestNetwork for uid/pid:1000/475 activeRequest: null callbackRequest: 16 [NetworkRequest [ REQUEST id=17, [ Capabilities: INTERNET&NOT_RESTRICTED&TRUSTED&NOT_VCN_MANAGED Uid: 1000 RequestorUid: 1000 RequestorPkg: android] ]] callback flags: 0 priority: 2147483647
06-06 13:42:26.178 475 537 W BestClock: java.time.DateTimeException: Missing NTP fix
06-06 13:42:26.178 475 614 D ConnectivityService: NetReassign [no changes]
06-06 13:42:26.179 475 651 D PPPOE : got request NetworkRequest [ REQUEST id=17, [ Capabilities: INTERNET&NOT_RESTRICTED&TRUSTED&NOT_VCN_MANAGED Uid: 1000 RequestorUid: 1000 RequestorPkg: android] ]
06-06 13:42:26.178 374 374 V C2Store : unloading dll
06-06 13:42:26.179 374 374 V C2Store : in init
06-06 13:42:26.179 374 374 V C2Store : loading dll
06-06 13:42:26.181 475 475 I SystemServerTiming: MakeInputManagerServiceReady
06-06 13:42:26.182 243 243 D Zygote : Forked child process 753
06-06 13:42:26.184 475 539 I ActivityManager: app.processName = com.android.networkstack.process
06-06 13:42:26.184 475 539 I ActivityManager: Start proc 753:com.android.networkstack.process/1073 for service {com.android.networkstack/com.android.server.NetworkStackService}
06-06 13:42:26.189 475 537 W BestClock: java.time.DateTimeException: Missing NTP fix
06-06 13:42:26.195 753 753 I Zygote : seccomp disabled by setenforce 0
01-01 08:00:17.536 33 33 I WCN : check_cp_ready sync val:0xf0f0f0f2, prj_type val:0xe0e0e0e0
06-06 13:42:26.200 374 374 V C2Store : in ~ComponentModule
06-06 13:42:26.200 374 374 V C2Store : unloading dll
06-06 13:42:26.200 374 374 V C2Store : in init
06-06 13:42:26.200 374 374 V C2Store : loading dll
01-01 08:00:17.541 381 381 I : DVI mode selected: packets not configured
01-01 08:00:17.541 381 381 I : Error: set vsif failed
06-06 13:42:26.205 475 596 I InputReader: Reconfiguring input devices, changes=DEVICE_ALIAS |
06-06 13:42:26.206 475 605 W BestClock: java.time.DateTimeException: Missing NTP fix
06-06 13:42:26.207 475 605 W BestClock: java.time.DateTimeException: Missing NTP fix
06-06 13:42:26.210 475 596 I InputReader: Reconfiguring input devices, changes=KEYBOARD_LAYOUTS |
06-06 13:42:26.212 475 475 I SystemServerTiming: MakeTelephonyRegistryReady
06-06 13:42:26.214 475 475 I SystemServerTiming: MakeMediaRouterServiceReady
06-06 13:42:26.215 475 475 I SystemServerTiming: MakeMmsServiceReady
06-06 13:42:26.215 475 475 I MmsServiceBroker: Delay connecting to MmsService until an API is called
06-06 13:42:26.215 475 475 I SystemServerTiming: IncidentDaemonReady
06-06 13:42:26.216 374 374 I mediaswcodec: missing struct descriptor #Param::CoreIndex(--004) for field values of struct #Param::CoreIndex(F-12004)
06-06 13:42:26.217 374 374 I mediaswcodec: missing struct descriptor #Param::CoreIndex(--1812) for field values of struct #Param::CoreIndex(F-11812)
06-06 13:42:26.217 475 475 I SystemServerTiming: MakeIncrementalServiceReady
06-06 13:42:26.217 475 475 I SystemServerTiming: getCurrentUser
06-06 13:42:26.217 475 475 I ActivityManager: Current user:0
06-06 13:42:26.217 475 475 I SystemServerTiming: ActivityManagerStartApps
06-06 13:42:26.217 475 537 W BestClock: java.time.DateTimeException: Missing NTP fix
06-06 13:42:26.218 475 475 I SystemServerTiming: ssm.StartUser-0
06-06 13:42:26.218 475 475 I SystemServiceManager: Calling onStartUser 0
06-06 13:42:26.219 374 374 V C2Store : in ~ComponentModule
06-06 13:42:26.219 374 374 V C2Store : unloading dll
06-06 13:42:26.219 374 374 V C2Store : in init
06-06 13:42:26.219 374 374 V C2Store : loading dll
06-06 13:42:26.224 475 537 W BestClock: java.time.DateTimeException: Missing NTP fix
06-06 13:42:26.224 475 519 W IorapForwardingService: No service published for: iorapd
01-01 08:00:17.564 33 33 I WCN : check_cp_ready sync val:0xf0f0f0ff, prj_type val:0xe0e0e0e0
01-01 08:00:17.564 33 33 I sdiohal : sdiohal_runtime_get entry
01-01 08:00:17.564 33 33 D : [xw] before reg = 0x1
01-01 08:00:17.564 33 33 D : [xw] after reg = 0x3
01-01 08:00:17.566 33 33 I WCN : get_cp2_version entry!
01-01 08:00:17.567 340 340 I WCN : WCND at cmd read:WCN_VER:Platform Version:MARLIN3E_20A_W25.16.1~Project Version:uwe5623_marlin3E_ott~04-14-2025 17:37:38~
06-06 13:42:26.224 657 657 I wifi@1.0-servic: type=1400 audit(0.0:324): avc: denied { search } for name="wifi" dev="mmcblk0p25" ino=55 scontext=u:r:hal_wifi_default:s0 tcontext=u:object_r:wifi_data_file:s0 tclass=dir permissive=1
06-06 13:42:26.228 374 374 V C2Store : in ~ComponentModule
06-06 13:42:26.228 374 374 V C2Store : unloading dll
06-06 13:42:26.228 374 374 V C2Store : in init
06-06 13:42:26.228 374 374 V C2Store : loading dll
01-01 08:00:17.569 33 33 I WCN : switch_cp2_log - close entry!
01-01 08:00:17.570 340 340 I WCN : WCND at cmd read:OK
01-01 08:00:17.570 657 657 I WCN : then marlin download finished and run ok
06-06 13:42:26.230 318 319 D XM_HIDREAD: add@ add@/devices/platform/unisoc_wifi/wakeup/wakeup25
06-06 13:42:26.233 475 475 V StorageManagerService: Package com.dangbei.lerad.leradwatcher has legacy storage
06-06 13:42:26.234 475 475 V StorageManagerService: Package com.android.cts.priv.ctsshim does not have legacy storage
06-06 13:42:26.234 475 475 V StorageManagerService: Package com.android.dynsystem does not have legacy storage
06-06 13:42:26.234 475 475 V StorageManagerService: Package com.dangbei.lerad.rocky does not have legacy storage
06-06 13:42:26.234 475 475 V StorageManagerService: Package com.android.providers.calendar does not have legacy storage
06-06 13:42:26.234 475 475 V StorageManagerService: Package com.android.tv.settings does not have legacy storage
06-06 13:42:26.234 475 475 V StorageManagerService: Package com.android.providers.media does not have legacy storage
06-06 13:42:26.234 475 475 V StorageManagerService: Package com.oranth.factory does not have legacy storage
06-06 13:42:26.234 475 475 V StorageManagerService: Package com.android.internal.systemui.navbar.gestural_wide_back does not have legacy storage
06-06 13:42:26.234 475 475 V StorageManagerService: Package com.dangbei.zhushou.os does not have legacy storage
06-06 13:42:26.234 475 475 V StorageManagerService: Package com.android.wallpapercropper does not have legacy storage
06-06 13:42:26.234 475 475 V StorageManagerService: Package com.softwinner.provision does not have legacy storage
06-06 13:42:26.235 475 475 V StorageManagerService: Package com.softwinner.awlogsettings does not have legacy storage
06-06 13:42:26.235 475 475 V StorageManagerService: Package com.android.documentsui does not have legacy storage
06-06 13:42:26.235 475 475 V StorageManagerService: Package com.sohu.inputmethod.sogou.tv has legacy storage
06-06 13:42:26.235 475 475 V StorageManagerService: Package com.android.externalstorage does not have legacy storage
06-06 13:42:26.235 475 475 V StorageManagerService: Package com.android.htmlviewer does not have legacy storage
06-06 13:42:26.235 396 407 I adbd : jdwp connection from 753
06-06 13:42:26.235 475 475 V StorageManagerService: Package com.android.companiondevicemanager does not have legacy storage
06-06 13:42:26.235 475 475 V StorageManagerService: Package com.android.mms.service does not have legacy storage
06-06 13:42:26.235 475 475 V StorageManagerService: Package com.android.providers.downloads does not have legacy storage
06-06 13:42:26.235 475 475 V StorageManagerService: Package com.android.providers.tv does not have legacy storage
06-06 13:42:26.235 475 475 V StorageManagerService: Package com.android.internal.systemui.onehanded.gestural does not have legacy storage
06-06 13:42:26.236 475 475 V StorageManagerService: Package com.oranth.ledstatus does not have legacy storage
06-06 13:42:26.236 475 475 V StorageManagerService: Package com.dangbei.lerad.videoposter has legacy storage
06-06 13:42:26.236 475 475 V StorageManagerService: Package com.android.providers.downloads.ui does not have legacy storage
06-06 13:42:26.236 475 475 V StorageManagerService: Package com.android.pacprocessor does not have legacy storage
06-06 13:42:26.236 475 475 V StorageManagerService: Package com.android.simappdialog does not have legacy storage
06-06 13:42:26.236 475 475 V StorageManagerService: Package com.android.networkstack does not have legacy storage
06-06 13:42:26.236 475 475 V StorageManagerService: Package com.android.connectivity.resources does not have legacy storage
06-06 13:42:26.236 475 475 V StorageManagerService: Package com.android.modulemetadata does not have legacy storage
06-06 13:42:26.236 475 475 V StorageManagerService: Package com.android.certinstaller does not have legacy storage
06-06 13:42:26.236 475 475 V StorageManagerService: Package com.android.carrierconfig does not have legacy storage
06-06 13:42:26.236 475 475 V StorageManagerService: Package com.google.android.apps.searchlite.overlay does not have legacy storage
06-06 13:42:26.236 475 475 V StorageManagerService: Package com.android.internal.systemui.navbar.threebutton does not have legacy storage
06-06 13:42:26.237 475 475 V StorageManagerService: Package android does not have legacy storage
06-06 13:42:26.237 475 475 V StorageManagerService: Package com.google.android.networkstackconfig does not have legacy storage
06-06 13:42:26.237 475 475 V StorageManagerService: Package com.softwinner.settingssetup does not have legacy storage
06-06 13:42:26.237 475 475 V StorageManagerService: Package com.android.egg does not have legacy storage
06-06 13:42:26.237 475 475 V StorageManagerService: Package com.android.mtp does not have legacy storage
06-06 13:42:26.237 475 475 V StorageManagerService: Package com.android.backupconfirm does not have legacy storage
06-06 13:42:26.237 475 475 V StorageManagerService: Package com.softwinner.timerswitch does not have legacy storage
06-06 13:42:26.237 475 475 V StorageManagerService: Package com.android.statementservice does not have legacy storage
06-06 13:42:26.237 475 475 V StorageManagerService: Package com.dangbei.screencast has legacy storage
06-06 13:42:26.237 475 475 V StorageManagerService: Package com.android.settings.intelligence does not have legacy storage
06-06 13:42:26.238 475 475 V StorageManagerService: Package com.android.internal.systemui.navbar.gestural_extra_wide_back does not have legacy storage
06-06 13:42:26.238 475 475 V StorageManagerService: Package com.dangbei.leard.leradlauncher does not have legacy storage
06-06 13:42:26.238 475 475 V StorageManagerService: Package com.android.providers.settings does not have legacy storage
06-06 13:42:26.238 475 475 V StorageManagerService: Package com.android.sharedstoragebackup does not have legacy storage
06-06 13:42:26.238 475 475 V StorageManagerService: Package com.android.printspooler does not have legacy storage
06-06 13:42:26.238 475 475 V StorageManagerService: Package com.android.dreams.basic does not have legacy storage
06-06 13:42:26.238 475 475 V StorageManagerService: Package com.android.webview does not have legacy storage
06-06 13:42:26.238 475 475 V StorageManagerService: Package com.android.se does not have legacy storage
06-06 13:42:26.238 475 475 V StorageManagerService: Package com.android.tv does not have legacy storage
06-06 13:42:26.238 475 475 V StorageManagerService: Package com.android.inputdevices does not have legacy storage
06-06 13:42:26.238 475 475 V StorageManagerService: Package com.android.bips does not have legacy storage
06-06 13:42:26.238 475 475 V StorageManagerService: Package com.oranth.inputmacsn does not have legacy storage
06-06 13:42:26.238 475 475 V StorageManagerService: Package com.android.musicfx does not have legacy storage
06-06 13:42:26.239 475 475 V StorageManagerService: Package com.dangbei.hqguide does not have legacy storage
06-06 13:42:26.239 475 475 V StorageManagerService: Package android.ext.shared does not have legacy storage
06-06 13:42:26.239 475 475 V StorageManagerService: Package com.android.onetimeinitializer does not have legacy storage
06-06 13:42:26.239 475 475 V StorageManagerService: Package com.android.keychain does not have legacy storage
06-06 13:42:26.239 475 475 V StorageManagerService: Package com.android.printservice.recommendation does not have legacy storage
06-06 13:42:26.239 475 475 V StorageManagerService: Package com.google.android.networkstack.tetheringconfig does not have legacy storage
06-06 13:42:26.239 475 475 V StorageManagerService: Package android.ext.services does not have legacy storage
06-06 13:42:26.239 475 475 V StorageManagerService: Package com.android.wifi.resources does not have legacy storage
06-06 13:42:26.239 475 475 V StorageManagerService: Package com.android.localtransport does not have legacy storage
06-06 13:42:26.239 475 475 V StorageManagerService: Package com.android.packageinstaller does not have legacy storage
06-06 13:42:26.239 475 475 V StorageManagerService: Package com.android.theme.font.notoserifsource does not have legacy storage
06-06 13:42:26.239 475 475 V StorageManagerService: Package com.android.proxyhandler does not have legacy storage
06-06 13:42:26.239 475 475 V StorageManagerService: Package com.softwinner.screenshot does not have legacy storage
06-06 13:42:26.240 475 475 V StorageManagerService: Package com.android.managedprovisioning does not have legacy storage
06-06 13:42:26.240 475 475 V StorageManagerService: Package com.oranth.usbopenft does not have legacy storage
06-06 13:42:26.240 475 475 V StorageManagerService: Package com.android.networkstack.tethering does not have legacy storage
06-06 13:42:26.240 475 475 V StorageManagerService: Package com.android.soundpicker does not have legacy storage
06-06 13:42:26.240 475 475 V StorageManagerService: Package com.dangbei.lerad.etna.haqu does not have legacy storage
06-06 13:42:26.240 475 475 V StorageManagerService: Package com.allwinnertech.packageoverride does not have legacy storage
06-06 13:42:26.240 475 475 V StorageManagerService: Package com.android.smspush does not have legacy storage
06-06 13:42:26.240 475 475 V StorageManagerService: Package com.android.wallpaper.livepicker does not have legacy storage
06-06 13:42:26.240 475 475 V StorageManagerService: Package com.tv.filemanager.os has legacy storage
06-06 13:42:26.240 475 475 V StorageManagerService: Package com.oranth.powerwindow does not have legacy storage
06-06 13:42:26.240 475 475 V StorageManagerService: Package com.android.storagemanager does not have legacy storage
06-06 13:42:26.241 475 475 V StorageManagerService: Package com.android.bookmarkprovider does not have legacy storage
06-06 13:42:26.241 374 374 V C2Store : in ~ComponentModule
06-06 13:42:26.241 475 475 V StorageManagerService: Package com.android.networkstack.permissionconfig does not have legacy storage
06-06 13:42:26.241 374 374 V C2Store : unloading dll
06-06 13:42:26.241 374 374 V C2Store : in init
06-06 13:42:26.241 374 374 V C2Store : loading dll
06-06 13:42:26.249 475 475 V StorageManagerService: Package com.android.cts.ctsshim does not have legacy storage
06-06 13:42:26.251 475 475 V StorageManagerService: Package com.dangbei.lerad.screensaver does not have legacy storage
06-06 13:42:26.252 475 475 V StorageManagerService: Package com.android.remoteprovisioner does not have legacy storage
06-06 13:42:26.252 475 475 V StorageManagerService: Package com.softwinner.theme.icon does not have legacy storage
06-06 13:42:26.252 475 475 V StorageManagerService: Package com.android.wallpaper does not have legacy storage
06-06 13:42:26.252 475 475 V StorageManagerService: Package com.android.vpndialogs does not have legacy storage
06-06 13:42:26.252 475 475 V StorageManagerService: Package com.android.music does not have legacy storage
06-06 13:42:26.252 475 475 V StorageManagerService: Package com.android.shell does not have legacy storage
06-06 13:42:26.252 475 475 V StorageManagerService: Package com.android.wallpaperbackup does not have legacy storage
06-06 13:42:26.252 475 475 V StorageManagerService: Package com.android.providers.blockednumber does not have legacy storage
06-06 13:42:26.252 475 475 V StorageManagerService: Package com.android.providers.userdictionary does not have legacy storage
06-06 13:42:26.252 475 475 V StorageManagerService: Package com.android.providers.media.module does not have legacy storage
06-06 13:42:26.253 475 475 V StorageManagerService: Package com.softwinner.theme.color does not have legacy storage
06-06 13:42:26.253 475 475 V StorageManagerService: Package com.oranth.storage does not have legacy storage
06-06 13:42:26.253 475 475 V StorageManagerService: Package com.android.hotspot2.osulogin does not have legacy storage
06-06 13:42:26.253 475 475 V StorageManagerService: Package com.android.internal.systemui.navbar.gestural does not have legacy storage
06-06 13:42:26.253 475 475 V StorageManagerService: Package com.android.location.fused does not have legacy storage
01-01 08:00:17.592 381 381 I : DVI mode selected: packets not configured
01-01 08:00:17.592 381 381 I : Error: set vsif failed
06-06 13:42:26.253 475 475 V StorageManagerService: Package com.android.systemui does not have legacy storage
06-06 13:42:26.253 475 475 V StorageManagerService: Package com.dangbei.haqusetting does not have legacy storage
06-06 13:42:26.253 475 475 V StorageManagerService: Package com.android.bluetoothmidiservice does not have legacy storage
06-06 13:42:26.253 475 475 V StorageManagerService: Package com.softwinner.awmanager does not have legacy storage
06-06 13:42:26.253 475 475 V StorageManagerService: Package com.android.permissioncontroller does not have legacy storage
06-06 13:42:26.253 475 475 V StorageManagerService: Package com.softwinner.miracastReceiver does not have legacy storage
06-06 13:42:26.253 475 475 V StorageManagerService: Package com.android.traceur does not have legacy storage
06-06 13:42:26.254 475 475 V StorageManagerService: Package com.android.bluetooth does not have legacy storage
06-06 13:42:26.254 475 475 V StorageManagerService: Package com.android.providers.contacts does not have legacy storage
06-06 13:42:26.254 475 475 V StorageManagerService: Package com.android.captiveportallogin does not have legacy storage
06-06 13:42:26.254 475 475 V StorageManagerService: Package com.android.internal.systemui.navbar.gestural_narrow_back does not have legacy storage
06-06 13:42:26.254 475 475 V StorageManagerService: Package android.auto_generated_rro_vendor__ does not have legacy storage
06-06 13:42:26.257 475 537 W BestClock: java.time.DateTimeException: Missing NTP fix
06-06 13:42:26.258 664 664 V AdapterServiceConfig: Adding HeadsetService
06-06 13:42:26.258 664 664 V AdapterServiceConfig: Adding A2dpService
06-06 13:42:26.258 664 664 V AdapterServiceConfig: Adding HidHostService
06-06 13:42:26.258 664 664 V AdapterServiceConfig: Adding PanService
06-06 13:42:26.258 664 664 V AdapterServiceConfig: Adding GattService
06-06 13:42:26.259 664 664 V AdapterServiceConfig: Adding BluetoothMapService
06-06 13:42:26.259 664 664 V AdapterServiceConfig: Adding AvrcpTargetService
06-06 13:42:26.259 664 664 V AdapterServiceConfig: Adding HidDeviceService
06-06 13:42:26.259 664 664 V AdapterServiceConfig: Adding BluetoothOppService
06-06 13:42:26.259 664 664 V AdapterServiceConfig: Adding BluetoothPbapService
06-06 13:42:26.260 374 374 V C2Store : in ~ComponentModule
06-06 13:42:26.260 374 374 V C2Store : unloading dll
06-06 13:42:26.260 374 374 V C2Store : in init
06-06 13:42:26.260 374 374 V C2Store : loading dll
06-06 13:42:26.260 475 537 W BestClock: java.time.DateTimeException: Missing NTP fix
06-06 13:42:26.265 374 374 V C2Store : in ~ComponentModule
06-06 13:42:26.265 374 374 V C2Store : unloading dll
06-06 13:42:26.265 374 374 V C2Store : in init
06-06 13:42:26.265 374 374 V C2Store : loading dll
06-06 13:42:26.264 666 666 I ndroid.systemui: type=1400 audit(0.0:325): avc: denied { search } for name="com.android.systemui" dev="mmcblk0p25" ino=486 scontext=u:r:platform_app:s0:c512,c768 tcontext=u:object_r:app_data_file:s0:c512,c768 tclass=dir permissive=1 app=com.softwinner.screenshot
06-06 13:42:26.268 475 475 W VoiceInteractionManager: no available voice recognition services found for user 0
01-01 08:00:17.599 657 657 E sprdwl : __sprdwl_cmd_getbuf cant't get vif, ctx_id: 0
06-06 13:42:26.269 243 243 W Zygote : forkRepeatedly terminated due to non-simple command
06-06 13:42:26.269 243 243 D Zygote : mbuffer starts with 14, nice name is webview_zygote, mEnd = 401, mNext = 159, mLinesLeft = 6, mFd = 4
01-01 08:00:17.614 340 340 I WCN : WCND at cmd read:3
06-06 13:42:26.274 475 475 W AppBindingService: [Default SMS app] u0 Target package not found
06-06 13:42:26.277 712 712 I WebViewLoader-: System.exit called, status: 0
06-06 13:42:26.277 712 712 I AndroidRuntime: VM exiting with result code 0, cleanup skipped.
06-06 13:42:26.278 374 374 V C2Store : in ~ComponentModule
06-06 13:42:26.278 374 374 V C2Store : unloading dll
06-06 13:42:26.278 374 374 V C2Store : in init
06-06 13:42:26.278 374 374 V C2Store : loading dll
06-06 13:42:26.278 475 475 V GameManagerService: Settings file doesn't exists, skip reading
06-06 13:42:26.279 475 475 I SystemServerTiming: startPersistentApps
01-01 08:00:17.624 381 381 I : DVI mode selected: packets not configured
01-01 08:00:17.624 381 381 I : Error: set vsif failed
06-06 13:42:26.286 475 475 D CompatibilityChangeReporter: Compat change id reported: 135634846; UID 1068; state: DISABLED
06-06 13:42:26.286 475 475 I SystemServerTiming: startHomeOnAllDisplays
06-06 13:42:26.289 475 475 I ActivityStarter: ---START u0 {act=android.intent.action.MAIN cat=[android.intent.category.HOME] flg=0x10000100 cmp=com.android.tv.settings/.system.FallbackHome (has extras)} from uid 0
06-06 13:42:26.294 475 537 W BestClock: java.time.DateTimeException: Missing NTP fix
01-01 08:00:17.632 657 657 I WCN : get_board_ant_num [three_ant]
01-01 08:00:17.632 657 657 E : wifi ini path = /vendor/etc/wifi_56630001_3ant.ini
06-06 13:42:26.295 243 243 D Zygote : Forked child process 779
06-06 13:42:26.299 475 537 W BestClock: java.time.DateTimeException: Missing NTP fix
06-06 13:42:26.301 475 708 W ZygoteProcess: Got error connecting to zygote, retrying. msg= Connection refused
01-01 08:00:17.641 657 657 E sprdwl : __sprdwl_cmd_getbuf cant't get vif, ctx_id: 0
06-06 13:42:26.310 779 779 I Zygote : seccomp disabled by setenforce 0
06-06 13:42:26.310 475 475 D CompatibilityChangeReporter: Compat change id reported: 174042980; UID 1000; state: DISABLED
06-06 13:42:26.312 327 327 I rainbow_flow: type=1400 audit(0.0:326): avc: denied { ioctl } for path="/dev/spidev1.0" dev="tmpfs" ino=5830 ioctlcmd=0x6b00 scontext=u:r:init:s0 tcontext=u:object_r:device:s0 tclass=chr_file permissive=1
06-06 13:42:26.316 263 263 I EventThread: type=1400 audit(0.0:327): avc: denied { search } for name="extcon" dev="sysfs" ino=18109 scontext=u:r:hal_tv_cec_default:s0 tcontext=u:object_r:sysfs_extcon:s0 tclass=dir permissive=1
01-01 08:00:17.653 657 657 E sprdwl : __sprdwl_cmd_getbuf cant't get vif, ctx_id: 0
06-06 13:42:26.322 779 779 I WebViewZygoteInit: Starting WebViewZygoteInit
06-06 13:42:26.325 779 779 I Zygote : seccomp disabled by setenforce 0
06-06 13:42:26.332 374 374 V C2Store : in ~ComponentModule
06-06 13:42:26.332 374 374 V C2Store : unloading dll
06-06 13:42:26.332 374 374 V C2Store : in init
06-06 13:42:26.332 374 374 V C2Store : loading dll
06-06 13:42:26.340 243 243 D Zygote : Forked child process 789
06-06 13:42:26.342 475 539 W ActivityManager: Slow operation: 62ms so far, now at startProcess: returned from zygote!
01-01 08:00:17.674 657 657 E sprdwl : sprdwl_get_fw_info, drv_version=1, fw_version=2, compat_ver=0
01-01 08:00:17.674 381 381 I : DVI mode selected: packets not configured
01-01 08:00:17.683 381 381 I : Error: set vsif failed
01-01 08:00:17.684 657 657 E sprdwl : chip_model:0x2355, chip_ver:0x0
06-06 13:42:26.345 475 537 W BestClock: java.time.DateTimeException: Missing NTP fix
06-06 13:42:26.348 374 374 V C2Store : in ~ComponentModule
06-06 13:42:26.348 374 374 V C2Store : unloading dll
06-06 13:42:26.348 374 374 V C2Store : in init
06-06 13:42:26.348 374 374 V C2Store : loading dll
01-01 08:00:17.691 657 657 E sprdwl : fw_ver:0, fw_std:0x53, fw_capa:0x120f4f
06-06 13:42:26.350 475 537 W BestClock: java.time.DateTimeException: Missing NTP fix
06-06 13:42:26.350 789 789 I Zygote : seccomp disabled by setenforce 0
06-06 13:42:26.353 475 605 W BestClock: java.time.DateTimeException: Missing NTP fix
06-06 13:42:26.354 475 605 W BestClock: java.time.DateTimeException: Missing NTP fix
06-06 13:42:26.355 475 605 W BestClock: java.time.DateTimeException: Missing NTP fix
06-06 13:42:26.360 779 779 I WebViewZygoteInit: Beginning application preload for com.android.webview
01-01 08:00:17.699 657 657 E sprdwl : mac_addr:b4:2f:03:15:e9:47
01-01 08:00:17.705 657 657 E sprdwl : credit_capa:TX_WITH_CREDIT, extend_feature:0x1
06-06 13:42:26.366 475 475 D libcheckfile: checkfile_init
06-06 13:42:26.367 475 475 D ActivityTaskManager: isHomeLauncher info= ActivityInfo{b638742 com.android.tv.settings.system.FallbackHome}
01-01 08:00:17.708 381 381 I : DVI mode selected: packets not configured
01-01 08:00:17.713 381 381 I : Error: set vsif failed
01-01 08:00:17.713 657 657 E sprdwl : ott support:1
06-06 13:42:26.379 475 475 W System.err: java.io.IOException: Cannot run program "su": error=2, No such file or directory
06-06 13:42:26.381 396 407 I adbd : jdwp connection from 789
06-06 13:42:26.383 374 374 V C2Store : in ~ComponentModule
06-06 13:42:26.383 374 374 V C2Store : unloading dll
06-06 13:42:26.383 374 374 V C2Store : in init
06-06 13:42:26.383 374 374 V C2Store : loading dll
06-06 13:42:26.384 475 475 W System.err: at java.lang.ProcessBuilder.start(ProcessBuilder.java:1050)
06-06 13:42:26.384 475 475 W System.err: at java.lang.Runtime.exec(Runtime.java:694)
06-06 13:42:26.384 475 475 W System.err: at java.lang.Runtime.exec(Runtime.java:524)
06-06 13:42:26.384 475 475 W System.err: at java.lang.Runtime.exec(Runtime.java:421)
06-06 13:42:26.384 475 475 W System.err: at com.android.server.wm.ActivityRecord.executeCMD(ActivityRecord.java:5940)
06-06 13:42:26.384 475 475 W System.err: at com.android.server.wm.ActivityRecord.isHomeLauncher(ActivityRecord.java:2431)
06-06 13:42:26.384 475 475 W System.err: at com.android.server.wm.RootWindowContainer.startPowerModeLaunchIfNeeded(RootWindowContainer.java:3653)
06-06 13:42:26.384 475 475 W System.err: at com.android.server.wm.ActivityStarter.startActivityInner(ActivityStarter.java:1786)
06-06 13:42:26.384 475 475 W System.err: at com.android.server.wm.ActivityStarter.startActivityUnchecked(ActivityStarter.java:1579)
06-06 13:42:26.384 475 475 W System.err: at com.android.server.wm.ActivityStarter.executeRequest(ActivityStarter.java:1186)
06-06 13:42:26.384 475 475 W System.err: at com.android.server.wm.ActivityStarter.execute(ActivityStarter.java:667)
06-06 13:42:26.384 475 475 W System.err: at com.android.server.wm.ActivityStartController.startHomeActivity(ActivityStartController.java:177)
06-06 13:42:26.384 475 475 W System.err: at com.android.server.wm.RootWindowContainer.startHomeOnTaskDisplayArea(RootWindowContainer.java:1565)
06-06 13:42:26.384 475 475 W System.err: at com.android.server.wm.RootWindowContainer.lambda$startHomeOnDisplay$12$RootWindowContainer(RootWindowContainer.java:1506)
06-06 13:42:26.384 475 475 W System.err: at com.android.server.wm.RootWindowContainer$$ExternalSyntheticLambda10.apply(Unknown Source:16)
06-06 13:42:26.384 475 475 W System.err: at com.android.server.wm.TaskDisplayArea.reduceOnAllTaskDisplayAreas(TaskDisplayArea.java:543)
06-06 13:42:26.384 475 475 W System.err: at com.android.server.wm.DisplayArea.reduceOnAllTaskDisplayAreas(DisplayArea.java:392)
06-06 13:42:26.384 475 475 W System.err: at com.android.server.wm.DisplayArea.reduceOnAllTaskDisplayAreas(DisplayArea.java:392)
06-06 13:42:26.384 475 475 W System.err: at com.android.server.wm.DisplayArea.reduceOnAllTaskDisplayAreas(DisplayArea.java:392)
06-06 13:42:26.384 475 475 W System.err: at com.android.server.wm.DisplayArea.reduceOnAllTaskDisplayAreas(DisplayArea.java:392)
06-06 13:42:26.384 475 475 W System.err: at com.android.server.wm.DisplayArea.reduceOnAllTaskDisplayAreas(DisplayArea.java:392)
06-06 13:42:26.384 475 475 W System.err: at com.android.server.wm.WindowContainer.reduceOnAllTaskDisplayAreas(WindowContainer.java:2018)
