06-06 13:42:25.210 475 475 I SystemServerTiming: StartRestrictionManager
06-06 13:42:25.210 475 475 I SystemServiceManager: Starting com.android.server.restrictions.RestrictionsManagerService
06-06 13:42:25.213 475 475 I SystemServerTiming: StartMediaSessionService
06-06 13:42:25.213 475 475 I SystemServiceManager: Starting com.android.server.media.MediaSessionService
06-06 13:42:25.218 475 475 I SystemServerTiming: StartHdmiControlService
06-06 13:42:25.219 475 475 I SystemServiceManager: Starting com.android.server.hdmi.HdmiControlService
06-06 13:42:25.224 475 519 W IorapForwardingService: No service published for: iorapd
06-06 13:42:25.235 181 181 I hwservicemanager: getTransport: Cannot find entry android.hardware.tv.cec@1.1::IHdmiCec/default in either framework or device VINTF manifest.
06-06 13:42:25.236 475 475 E HDMI : [1]:Couldn't connect to cec@1.1java.util.NoSuchElementException
06-06 13:42:25.236 475 475 W HDMI : [1]:Couldn't get tv.cec service.
06-06 13:42:25.236 475 475 W HDMI : [1]:Unable to use cec@1.1
06-06 13:42:25.239 475 475 I android_os_HwBinder: HwBinder: Starting thread pool for getting: android.hardware.tv.cec@1.0::IHdmiCec/default
06-06 13:42:25.244 475 475 I HdmiControlService: Device does not support MHL-control.
06-06 13:42:25.246 263 263 D hdmi-cec: setOption, flag=0x0002, value=0x00000000
06-06 13:42:25.261 475 475 I SystemServerTiming: StartTvInputManager
06-06 13:42:25.261 475 475 I SystemServiceManager: Starting com.android.server.tv.TvInputManagerService
06-06 13:42:25.265 181 181 I hwservicemanager: getTransport: Cannot find entry android.hardware.tv.input@1.0::ITvInput/default in either framework or device VINTF manifest.
06-06 13:42:25.265 475 475 E TvInputHal: Couldn't get tv.input service.
06-06 13:42:25.269 475 475 I SystemServerTiming: StartMediaResourceMonitor
06-06 13:42:25.269 475 475 I SystemServiceManager: Starting com.android.server.media.MediaResourceMonitorService
06-06 13:42:25.270 475 475 I SystemServerTiming: StartTvRemoteService
06-06 13:42:25.270 475 475 I SystemServiceManager: Starting com.android.server.tv.TvRemoteService
06-06 13:42:25.271 475 475 I SystemServerTiming: StartMediaRouterService
06-06 13:42:25.272 475 475 V HistoricalRegistry: Interaction before persistence initialized
06-06 13:42:25.274 475 475 I SystemServerTiming: StartBiometricService
06-06 13:42:25.274 475 475 I SystemServiceManager: Starting com.android.server.biometrics.BiometricService
06-06 13:42:25.279 475 475 I SystemServerTiming: StartAuthService
06-06 13:42:25.279 475 475 I SystemServiceManager: Starting com.android.server.biometrics.AuthService
06-06 13:42:25.284 475 475 I SystemServerTiming: StartBackgroundDexOptService
06-06 13:42:25.284 475 475 W BackgroundDexOptService: SysProp pm.dexopt.downgrade_after_inactive_days not set
06-06 13:42:25.286 475 475 I SystemServerTiming: StartDynamicCodeLoggingService
06-06 13:42:25.287 475 475 I SystemServerTiming: StartPruneInstantAppsJobService
06-06 13:42:25.288 475 475 I SystemServerTiming: StartShortcutServiceLifecycle
06-06 13:42:25.288 475 475 I SystemServiceManager: Starting com.android.server.pm.ShortcutService$Lifecycle
06-06 13:42:25.291 475 475 V HistoricalRegistry: Interaction before persistence initialized
06-06 13:42:25.292 475 475 I SystemServerTiming: StartLauncherAppsService
06-06 13:42:25.292 475 475 I SystemServiceManager: Starting com.android.server.pm.LauncherAppsService
06-06 13:42:25.295 475 475 I SystemServerTiming: StartCrossProfileAppsService
06-06 13:42:25.295 475 475 I SystemServiceManager: Starting com.android.server.pm.CrossProfileAppsService
06-06 13:42:25.296 475 475 I SystemServerTiming: StartPeopleService
06-06 13:42:25.296 475 475 I SystemServiceManager: Starting com.android.server.people.PeopleService
06-06 13:42:25.297 475 475 I SystemServerTiming: StartMediaMetricsManager
06-06 13:42:25.298 475 475 I SystemServiceManager: Starting com.android.server.media.metrics.MediaMetricsManagerService
06-06 13:42:25.300 475 475 I SystemServerTiming: StartMediaProjectionManager
06-06 13:42:25.301 475 475 I SystemServiceManager: Starting com.android.server.media.projection.MediaProjectionManagerService
06-06 13:42:25.303 475 475 V MediaRouter: Selecting route: RouteInfo{ name=手机, description=null, status=null, category=RouteCategory{ name=系统 types=ROUTE_TYPE_LIVE_AUDIO ROUTE_TYPE_LIVE_VIDEO groupable=false }, supportedTypes=ROUTE_TYPE_LIVE_AUDIO ROUTE_TYPE_LIVE_VIDEO , presentationDisplay=null }
06-06 13:42:25.303 475 475 I MediaRouter: Skip setBluetoothA2dpOn(): types=8388615, isPlaybackActive()=false, BT route=null
06-06 13:42:25.304 475 475 I SystemServerTiming: StartSliceManagerService
06-06 13:42:25.304 475 475 I SystemServiceManager: Starting com.android.server.slice.SliceManagerService$Lifecycle
06-06 13:42:25.308 475 475 I SystemServerTiming: StartStatsCompanion
06-06 13:42:25.323 475 475 I system_server: Waiting for a blocking GC ClassLinker
06-06 13:42:25.327 475 492 I system_server: Background young concurrent copying GC freed 99663(5473KB) AllocSpace objects, 19(552KB) LOS objects, 30% free, 9681KB/13MB, paused 352us total 237.334ms
06-06 13:42:25.327 475 475 I SystemServiceManager: Starting com.android.server.stats.StatsCompanion$Lifecycle
06-06 13:42:25.331 475 475 I SystemServerTiming: StartRebootReadinessManagerService
06-06 13:42:25.340 475 475 I SystemServiceManager: Starting com.android.server.scheduling.RebootReadinessManagerService$Lifecycle
06-06 13:42:25.346 475 475 I TetheringManager: registerTetheringEventCallback:android
06-06 13:42:25.346 475 475 I TetheringManager: registerTetheringEventCallback caller:android
06-06 13:42:25.347 475 475 I SystemServerTiming: StartStatsPullAtomService
06-06 13:42:25.348 475 475 I SystemServiceManager: Starting com.android.server.stats.pull.StatsPullAtomService
06-06 13:42:25.348 475 475 I SystemServerTiming: StartIncidentCompanionService
06-06 13:42:25.348 475 475 I SystemServiceManager: Starting com.android.server.incident.IncidentCompanionService
06-06 13:42:25.349 475 475 I SystemServerTiming: StartMmsService
06-06 13:42:25.349 475 475 I SystemServiceManager: Starting com.android.server.MmsServiceBroker
06-06 13:42:25.351 475 475 I SystemServerTiming: StartAutoFillService
06-06 13:42:25.351 475 475 I SystemServiceManager: Starting com.android.server.autofill.AutofillManagerService
06-06 13:42:25.353 475 475 D AutofillManagerService: setLogLevelFromSettings(): level=2, debug=true, verbose=false
06-06 13:42:25.353 475 475 D AutofillManagerService: setMaxPartitionsFromSettings(): 10
06-06 13:42:25.353 475 475 D AutofillManagerService: setMaxVisibleDatasetsFromSettings(): 0
06-06 13:42:25.354 475 518 D AutofillUI: destroySaveUiUiThread(): already destroyed
06-06 13:42:25.354 475 475 D AutofillManagerServiceImpl: Reset component for user 0:
06-06 13:42:25.357 475 475 D SystemServer: TranslationService not defined by OEM
06-06 13:42:25.357 475 475 I SystemServerTiming: StartClipboardService
06-06 13:42:25.357 475 475 I SystemServiceManager: Starting com.android.server.clipboard.ClipboardService
06-06 13:42:25.359 475 475 I SystemServerTiming: AppServiceManager
06-06 13:42:25.359 475 475 I SystemServiceManager: Starting com.android.server.appbinding.AppBindingService$Lifecycle
06-06 13:42:25.360 475 475 I SystemServerTiming: startTracingServiceProxy
06-06 13:42:25.360 475 475 I SystemServiceManager: Starting com.android.server.tracing.TracingServiceProxy
06-06 13:42:25.362 475 475 I SystemServerTiming: startOranthService
06-06 13:42:25.363 475 475 I SystemServiceManager: Starting com.android.server.oranth.OranthManagerService$Lifecycle
06-06 13:42:25.363 475 475 I OranthManagerService: -------------- OranthManagerService --------------
06-06 13:42:25.363 180 180 E SELinux : avc: denied { add } for pid=475 uid=1000 name=oranth_manager scontext=u:r:system_server:s0 tcontext=u:object_r:default_android_service:s0 tclass=service_manager permissive=1
06-06 13:42:25.364 475 475 I SystemServerTiming: MakeLockSettingsServiceReady
06-06 13:42:25.370 181 181 I hwservicemanager: getTransport: Cannot find entry android.hardware.weaver@1.0::IWeaver/default in either framework or device VINTF manifest.
06-06 13:42:25.371 475 475 I SyntheticPasswordManager: Device does not support weaver
06-06 13:42:25.371 181 181 I hwservicemanager: getTransport: Cannot find entry android.hardware.authsecret@1.0::IAuthSecret/default in either framework or device VINTF manifest.
06-06 13:42:25.371 475 475 I LockSettingsService: Device doesn't implement AuthSecret HAL
06-06 13:42:25.372 241 245 I ServiceManager: Waiting for service 'statscompanion' on '/dev/binder' successful after waiting 1309ms
06-06 13:42:25.373 475 475 I SystemServerTiming: StartBootPhaseLockSettingsReady
06-06 13:42:25.373 475 475 I SystemServiceManager: Starting phase 480
06-06 13:42:25.373 475 475 I SystemServerTiming: OnBootPhase_480
06-06 13:42:25.373 475 475 D SoundTriggerService: onBootPhase: 480 : false
06-06 13:42:25.375 475 475 I SystemServerTiming: StartBootPhaseSystemServicesReady
06-06 13:42:25.375 475 475 I SystemServiceManager: Starting phase 500
06-06 13:42:25.375 475 475 I SystemServerTiming: OnBootPhase_500
06-06 13:42:25.376 475 475 E StatsPullAtomCallbackImpl: Failed to start PowerStatsService statsd pullers
06-06 13:42:25.379 475 475 D ConnectivityService: requestNetwork for uid/pid:1000/475 activeRequest: null callbackRequest: 9 [NetworkRequest [ REQUEST id=10, [ Capabilities: INTERNET&NOT_RESTRICTED&TRUSTED&NOT_VCN_MANAGED Uid: 1000 RequestorUid: 1000 RequestorPkg: android] ]] callback flags: 0 priority: 2147483647
06-06 13:42:25.380 475 475 E BatteryStatsService: Could not register PowerStatsInternal
06-06 13:42:25.380 475 614 D ConnectivityService: NetReassign [no changes]
06-06 13:42:25.382 475 475 V HintManagerService: Initializing HintManager service...
06-06 13:42:25.382 475 475 V HistoricalRegistry: Interaction before persistence initialized
06-06 13:42:25.385 475 475 D AppStandbyController: Setting app idle enabled state
06-06 13:42:25.388 475 475 V HistoricalRegistry: Interaction before persistence initialized
06-06 13:42:25.393 475 475 V VibratorManagerService: Initializing VibratorManager service...
06-06 13:42:25.394 475 475 V HistoricalRegistry: Interaction before persistence initialized
06-06 13:42:25.395 475 475 V VibratorManagerService: VibratorManager service initialized
06-06 13:42:25.395 475 475 E LazyAlarmStore: Removed TIME_TICK alarm
06-06 13:42:25.397 475 538 I DropBoxManagerService: add tag=system_server_wtf isTagEnabled=true flags=0x2
06-06 13:42:25.402 475 614 D ConnectivityService: NetReassign [no changes]
06-06 13:42:25.406 475 475 I ActivityTaskManager: Config changes=200 {1.0 ?mcc?mnc [zh_CN] ldltr sw720dp w1280dp h696dp 240dpi xlrg long land television -touch qwerty/v/v dpad/v winConfig={ mBounds=Rect(0, 0 - 1920, 1080) mAppBounds=Rect(0, 0 - 1920, 1080) mMaxBounds=Rect(0, 0 - 1920, 1080) mWindowingMode=fullscreen mDisplayWindowingMode=fullscreen mActivityType=undefined mAlwaysOnTop=undefined mRotation=ROTATION_0} s.4 ?fontWeightAdjustment}
06-06 13:42:25.408 475 475 I WindowManager: Override config changes=200 {1.0 ?mcc?mnc [zh_CN] ldltr sw720dp w1280dp h696dp 240dpi xlrg long land television -touch qwerty/v/v dpad/v winConfig={ mBounds=Rect(0, 0 - 1920, 1080) mAppBounds=Rect(0, 0 - 1920, 1080) mMaxBounds=Rect(0, 0 - 1920, 1080) mWindowingMode=fullscreen mDisplayWindowingMode=fullscreen mActivityType=undefined mAlwaysOnTop=undefined mRotation=ROTATION_0} s.4 ?fontWeightAdjustment} for displayId=0
06-06 13:42:25.411 475 475 D TestHarnessModeService: Setting up test harness mode
06-06 13:42:25.411 475 475 D TestHarnessModeService: Getting PersistentDataBlockManagerInternal from LocalServices
06-06 13:42:25.423 475 475 V HistoricalRegistry: Interaction before persistence initialized
06-06 13:42:25.425 475 475 W NetworkPolicy: setRestrictBackgroundUL: already false
06-06 13:42:25.426 475 475 I WifiScanningService: Starting wifiscanner
06-06 13:42:25.429 475 475 I EthernetServiceImpl: Starting Ethernet service
06-06 13:42:25.434 475 475 D EthernetTracker: Interface match regexp set to 'eth\d'
06-06 13:42:25.436 475 475 D Ethernet: Registering NetworkFactory
06-06 13:42:25.437 475 614 D ConnectivityService: Got NetworkProvider Messenger for Ethernet
06-06 13:42:25.437 475 475 E IpConfigStore: Error opening configuration file: java.io.FileNotFoundException: /data/misc/ethernet/ipconfig.txt: open failed: ENOENT (No such file or directory)
06-06 13:42:25.438 475 475 I PppoeServiceImpl: Starting PPPOE service
06-06 13:42:25.439 475 607 W WifiXmlUtil: Ignoring unknown value name found: CarrierMerged
06-06 13:42:25.439 475 650 I EthernetTracker: maybeTrackInterface: eth0
06-06 13:42:25.440 475 607 W WifiXmlUtil: Ignoring unknown value name found: CaptivePortalNeverDetected
06-06 13:42:25.442 318 319 D XM_HIDREAD: add@ add@/devices/platform/soc@3000000/5030000.eth/mdio_bus/5030000.eth-0
06-06 13:42:25.445 318 319 D XM_HIDREAD: add@ add@/devices/platform/soc@3000000/5030000.eth/mdio_bus/5030000.eth-0/5030000.eth-0:10
06-06 13:42:25.471 475 475 D PPPOE : Registering NetworkFactory
06-06 13:42:25.471 475 614 D ConnectivityService: Got NetworkProvider Messenger for PPPOE
06-06 13:42:25.471 475 607 D WifiConfigStore: Reading from all stores completed in 44 ms.
06-06 13:42:25.472 475 475 W PppoeServiceImpl: pppoe interface file not exist!
06-06 13:42:25.472 475 651 D PPPOE : got request NetworkRequest [ REQUEST id=1, [ Capabilities: INTERNET&NOT_RESTRICTED&TRUSTED&NOT_VPN&NOT_VCN_MANAGED RequestorUid: 1000 RequestorPkg: android] ]
06-06 13:42:25.472 475 651 D PppoeNetworkFactory: onRequestNetwork
06-06 13:42:25.472 475 651 D PPPOE : got request NetworkRequest [ REQUEST id=10, [ Capabilities: INTERNET&NOT_RESTRICTED&TRUSTED&NOT_VCN_MANAGED Uid: 1000 RequestorUid: 1000 RequestorPkg: android] ]
06-06 13:42:25.472 475 651 D PPPOE : got request NetworkRequest [ REQUEST id=5, [ Transports: PPPOE Capabilities: INTERNET&NOT_RESTRICTED&TRUSTED&NOT_VPN&NOT_VCN_MANAGED RequestorUid: 1000 RequestorPkg: android] ]
06-06 13:42:25.474 475 607 E WifiConfigManager: Cannot find network with networkId -1 or configKey "DZNB"WPA_PSK or upgradable security type check
06-06 13:42:25.477 475 475 V HistoricalRegistry: Interaction before persistence initialized
06-06 13:42:25.481 475 607 I WifiInjector: enableVerboseLogging(0): false
06-06 13:42:25.482 475 607 E SupplicantStaIfaceHal: Can't call setDebugParams, ISupplicant is null
06-06 13:42:25.482 475 607 E HostapdHal: Can't call setDebugParams, IHostapd is null
06-06 13:42:25.482 475 607 I WifiService: WifiService starting up with Wi-Fi enabled
06-06 13:42:25.487 475 607 D WifiController: isAirplaneModeOn = false, isWifiEnabled = true, isScanningAvailable = false, isLocationModeActive = true
06-06 13:42:25.488 475 607 D WifiActiveModeWarden: Starting primary ClientModeManager in connect mode
06-06 13:42:25.488 475 475 V HistoricalRegistry: Interaction before persistence initialized
06-06 13:42:25.489 475 475 D SoundTriggerService: onBootPhase: 500 : false
06-06 13:42:25.491 475 607 I android_os_HwBinder: HwBinder: Starting thread pool for getting: android.hidl.manager@1.2::IServiceManager/default
06-06 13:42:25.493 181 181 I hwservicemanager: Since android.hardware.wifi@1.0::IWifi/default is not registered, trying to start it as a lazy HAL.
06-06 13:42:25.495 181 181 I hwservicemanager: Since android.hardware.wifi@1.0::IWifi/default is not registered, trying to start it as a lazy HAL.
06-06 13:42:25.495 475 607 I HidlServiceManagement: getService: Trying again for android.hardware.wifi@1.0::IWifi/default...
06-06 13:42:25.497 475 475 I SystemServerTiming: MakeWindowManagerServiceReady
01-01 08:00:16.838 1 1 I init : starting service 'vendor.wifi_hal_legacy'...
06-06 13:42:25.500 181 181 I hwservicemanager: getTransport: Cannot find entry android.hardware.configstore@1.1::ISurfaceFlingerConfigs/default in either framework or device VINTF manifest.
06-06 13:42:25.501 181 181 I hwservicemanager: getTransport: Cannot find entry android.hardware.configstore@1.1::ISurfaceFlingerConfigs/default in either framework or device VINTF manifest.
06-06 13:42:25.502 475 537 E KernelCpuThreadReader: Failed to initialize KernelCpuThreadReader
06-06 13:42:25.502 475 537 E KernelCpuThreadReader: java.nio.file.NoSuchFileException: /proc/self/time_in_state
06-06 13:42:25.502 475 537 E KernelCpuThreadReader: at sun.nio.fs.UnixFileSystemProvider.newByteChannel(UnixFileSystemProvider.java:214)
06-06 13:42:25.502 475 537 E KernelCpuThreadReader: at java.nio.file.Files.newByteChannel(Files.java:361)
06-06 13:42:25.502 475 537 E KernelCpuThreadReader: at java.nio.file.Files.newByteChannel(Files.java:407)
06-06 13:42:25.502 475 537 E KernelCpuThreadReader: at java.nio.file.Files.readAllBytes(Files.java:3152)
06-06 13:42:25.502 475 537 E KernelCpuThreadReader: at com.android.internal.os.ProcTimeInStateReader.initializeTimeInStateFormat(ProcTimeInStateReader.java:159)
06-06 13:42:25.502 475 537 E KernelCpuThreadReader: at com.android.internal.os.ProcTimeInStateReader.(ProcTimeInStateReader.java:106)
06-06 13:42:25.502 475 537 E KernelCpuThreadReader: at com.android.internal.os.KernelCpuThreadReader.(KernelCpuThreadReader.java:138)
06-06 13:42:25.502 475 537 E KernelCpuThreadReader: at com.android.internal.os.KernelCpuThreadReader.create(KernelCpuThreadReader.java:151)
06-06 13:42:25.502 475 537 E KernelCpuThreadReader: at com.android.internal.os.KernelCpuThreadReaderSettingsObserver.(KernelCpuThreadReaderSettingsObserver.java:95)
06-06 13:42:25.502 475 537 E KernelCpuThreadReader: at com.android.internal.os.KernelCpuThreadReaderSettingsObserver.getSettingsModifiedReader(KernelCpuThreadReaderSettingsObserver.java:80)
06-06 13:42:25.502 475 537 E KernelCpuThreadReader: at com.android.server.stats.pull.StatsPullAtomService.initializePullersState(StatsPullAtomService.java:798)
06-06 13:42:25.502 475 537 E KernelCpuThreadReader: at com.android.server.stats.pull.StatsPullAtomService.lambda$onBootPhase$0$StatsPullAtomService(StatsPullAtomService.java:757)
06-06 13:42:25.502 475 537 E KernelCpuThreadReader: at com.android.server.stats.pull.StatsPullAtomService$$ExternalSyntheticLambda14.run(Unknown Source:2)
06-06 13:42:25.502 475 537 E KernelCpuThreadReader: at android.os.Handler.handleCallback(Handler.java:938)
06-06 13:42:25.502 475 537 E KernelCpuThreadReader: at android.os.Handler.dispatchMessage(Handler.java:99)
06-06 13:42:25.502 475 537 E KernelCpuThreadReader: at android.os.Looper.loopOnce(Looper.java:201)
06-06 13:42:25.502 475 537 E KernelCpuThreadReader: at android.os.Looper.loop(Looper.java:288)
06-06 13:42:25.502 475 537 E KernelCpuThreadReader: at android.os.HandlerThread.run(HandlerThread.java:67)
06-06 13:42:25.503 181 181 I hwservicemanager: getTransport: Cannot find entry android.hardware.configstore@1.1::ISurfaceFlingerConfigs/default in either framework or device VINTF manifest.
06-06 13:42:25.504 475 537 I android_os_HwBinder: HwBinder: Starting thread pool for getting: android.hardware.health@2.0::IHealth/default
06-06 13:42:25.507 475 537 I android_os_HwBinder: HwBinder: Starting thread pool for getting: android.hidl.manager@1.0::IServiceManager/default
06-06 13:42:25.508 475 475 I SystemServerTiming: MakePowerManagerServiceReady
01-01 08:00:16.850 1 1 I init : Control message: Processed ctl.interface_start for 'android.hardware.wifi@1.0::IWifi/default' from pid: 181 (/system/bin/hwservicemanager)
06-06 13:42:25.509 475 475 I AttentionDetector: readValuesFromDeviceConfig():
06-06 13:42:25.509 475 475 I AttentionDetector: mMaximumExtensionMillis=900000
06-06 13:42:25.509 475 475 I AttentionDetector: mPreDimCheckDurationMillis=2000
06-06 13:42:25.509 475 475 I AttentionDetector: mRequestedPostDimTimeoutMillis=0
06-06 13:42:25.510 475 537 I HealthServiceWrapper: health: HealthServiceWrapper listening to instance default
01-01 08:00:16.855 1 1 I init : Control message: Processed ctl.interface_start for 'android.hardware.wifi@1.0::IWifi/default' from pid: 181 (/system/bin/hwservicemanager)
06-06 13:42:25.513 475 537 D StatsPullAtomService: Registering pullers with statsd
06-06 13:42:25.513 475 659 I android_os_HwBinder: HwBinder: Starting thread pool for getting: android.hardware.health@2.0::IHealth/default
06-06 13:42:25.519 475 614 D ConnectivityService: NetReassign [no changes]
06-06 13:42:25.519 475 475 E DisplayPowerController[0]: failed to set up display white-balance: java.lang.IllegalStateException: cannot find light sensor
06-06 13:42:25.520 475 537 I StatsPullAtomService: register thermal listener successfully
06-06 13:42:25.521 262 262 I AW_PowerHAL: isBoostSupported: 0
06-06 13:42:25.526 475 554 W KeyguardServiceDelegate: onScreenTurningOn(): no keyguard service!
06-06 13:42:25.527 475 475 I FaceDownDetector: readValuesFromDeviceConfig():
06-06 13:42:25.527 475 475 I FaceDownDetector: mAccelerationThreshold=0.2
06-06 13:42:25.527 475 475 I FaceDownDetector: mZAccelerationThreshold=-9.5
06-06 13:42:25.527 475 475 I FaceDownDetector: mTimeThreshold=PT1S
06-06 13:42:25.527 475 475 I FaceDownDetector: mIsEnabled=false
06-06 13:42:25.528 475 554 V DisplayPowerController[0]: Brightness [0.39763778] reason changing to: 'override', previous reason: '0'.
06-06 13:42:25.529 262 262 I AW_PowerHAL: Power setMode: DISPLAY_INACTIVE to: 0
06-06 13:42:25.529 262 262 I AW_PowerHAL: not completed yet, ignore mode request other
06-06 13:42:25.530 475 545 W KernelCpuProcStringReader: File not found. It's normal if not implemented: /proc/uid_time_in_state
06-06 13:42:25.530 475 520 I DisplayDeviceRepository: Display device changed state: "内置屏幕", ON
06-06 13:42:25.530 275 275 D SurfaceFlinger: Setting power mode 2 on display 0
06-06 13:42:25.530 475 545 W KernelCpuProcStringReader: File not found. It's normal if not implemented: /proc/uid_concurrent_active_time
06-06 13:42:25.531 475 545 W KernelCpuProcStringReader: File not found. It's normal if not implemented: /proc/uid_concurrent_policy_time
06-06 13:42:25.531 475 545 E KernelCpuSpeedReader: Failed to read cpu-freq: /sys/devices/system/cpu/cpu0/cpufreq/stats/time_in_state: open failed: ENOENT (No such file or directory)
06-06 13:42:25.531 475 545 E system_server: Cannot read thread CPU times for PID 475
06-06 13:42:25.532 475 520 I InputManager-JNI: Viewport [0] to add: local:0, isActive: true
06-06 13:42:25.532 261 261 I android.hardware.lights-service: Lights setting state for id=0 to color ffffffff
06-06 13:42:25.533 261 261 I android.hardware.lights-service: Lights setting state for id=0 to color ff6a6a6a
06-06 13:42:25.534 475 596 I InputReader: Reconfiguring input devices, changes=DISPLAY_INFO |
06-06 13:42:25.537 475 475 I SystemServerTiming: StartPermissionPolicyService
06-06 13:42:25.537 475 475 I SystemServiceManager: Starting com.android.server.policy.PermissionPolicyService
06-06 13:42:25.541 475 475 I SystemServerTiming: MakePackageManagerServiceReady
06-06 13:42:25.549 475 475 V UserDataPreparer: Found /data/user_de/0 with serial number 0
06-06 13:42:25.549 475 475 V UserDataPreparer: Found /data/user/0 with serial number 0
06-06 13:42:25.550 475 475 V UserDataPreparer: Found /data/system_de/0 with serial number 0
06-06 13:42:25.550 475 475 V UserDataPreparer: Found /data/system_ce/0 with serial number 0
06-06 13:42:25.550 475 475 V UserDataPreparer: Found /data/misc_ce/0 with serial number 0
06-06 13:42:25.554 475 475 I PackageManager: Permission ownership changed. Updating all permissions.
06-06 13:42:25.583 657 657 I android.hardware.wifi@1.0-service-lazy: Wifi Hal is booting up...
06-06 13:42:25.584 657 657 I HidlLazyUtils: Registering HAL: android.hardware.wifi@1.5::IWifi with name: default
06-06 13:42:25.584 657 657 E cutils-trace: Error opening trace file: No such file or directory (2)
06-06 13:42:25.587 475 636 D HalDevMgr: IWifi registration notification: fqName=android.hardware.wifi@1.0::IWifi, name=default, preexisting=false
06-06 13:42:25.587 657 657 I HidlServiceManagement: Registered android.hardware.wifi@1.5::IWifi/default
06-06 13:42:25.588 657 657 I HidlServiceManagement: Removing namespace from process name android.hardware.wifi@1.0-service-lazy to wifi@1.0-service-lazy.
06-06 13:42:25.589 181 181 I hw-BpHwBinder: onLastStrongRef automatically unlinking death recipients
06-06 13:42:25.589 475 607 I android_os_HwBinder: HwBinder: Starting thread pool for getting: android.hardware.wifi@1.0::IWifi/default
06-06 13:42:25.592 475 607 D WifiNl80211Manager: tearing down interfaces in wificond
06-06 13:42:25.599 475 607 D WifiAdaptConnObserver: Adaptive connectivity status initialized to: true
06-06 13:42:25.599 475 607 D WifiController: EnabledState.enter()
06-06 13:42:25.599 475 607 D WifiClientModeManager[unknown]: entering IdleState
06-06 13:42:25.600 657 657 D WifiHWInfo: Start to load wireless module hardware info table...
06-06 13:42:25.600 657 657 D WifiHWInfo: Entry [01], BUS: SDIO, ID: 0x024C8179, Name: rtl8189es.
06-06 13:42:25.600 657 657 D WifiHWInfo: Entry [02], BUS: SDIO, ID: 0x024CB723, Name: rtl8723bs_vq0.
06-06 13:42:25.600 657 657 D WifiHWInfo: Entry [03], BUS: SDIO, ID: 0x024CB703, Name: rtl8723cs.
06-06 13:42:25.600 657 657 D WifiHWInfo: Entry [04], BUS: SDIO, ID: 0x024CD723, Name: rtl8723ds.
06-06 13:42:25.600 657 657 D WifiHWInfo: Entry [05], BUS: SDIO, ID: 0x024CF179, Name: rtl8189fs.
06-06 13:42:25.600 657 657 D WifiHWInfo: Entry [06], BUS: SDIO, ID: 0x024CB822, Name: rtl88x2bs.
06-06 13:42:25.600 657 657 D WifiHWInfo: Entry [07], BUS: USB, ID: 0x0BDAD723, Name: rtl8723du.
06-06 13:42:25.600 657 657 D WifiHWInfo: Entry [08], BUS: USB, ID: 0x0BDA8179, Name: rtl8188etv.
06-06 13:42:25.600 657 657 D WifiHWInfo: Entry [09], BUS: USB, ID: 0x0BDA0179, Name: rtl8188eu.
06-06 13:42:25.600 475 560 E DefaultPermGrantPolicy: Package not found: org.xbmc.kodi
06-06 13:42:25.600 475 560 W DefaultPermGrantPolicy: No such package:org.xbmc.kodi
06-06 13:42:25.601 475 560 E DefaultPermGrantPolicy: Package not found: cm.aptoidetv.pt
06-06 13:42:25.601 475 560 W DefaultPermGrantPolicy: No such package:cm.aptoidetv.pt
06-06 13:42:25.601 475 560 E DefaultPermGrantPolicy: Package not found: com.softwinner.TvdFileManager
06-06 13:42:25.601 657 657 D WifiHWInfo: Entry [10], BUS: USB, ID: 0x0BDA818B, Name: rtl8192eu.
06-06 13:42:25.601 657 657 D WifiHWInfo: Entry [11], BUS: USB, ID: 0x0BDAB720, Name: rtl8723bu.
06-06 13:42:25.601 475 560 W DefaultPermGrantPolicy: No such package:com.softwinner.TvdFileManager
06-06 13:42:25.601 657 657 D WifiHWInfo: Entry [12], BUS: USB, ID: 0x0BDAC82C, Name: rtl8822cu.
06-06 13:42:25.601 657 657 D WifiHWInfo: Entry [13], BUS: USB, ID: 0x0BDAF179, Name: rtl8188fu.
06-06 13:42:25.601 657 657 D WifiHWInfo: Entry [14], BUS: SDIO, ID: 0x02D0A9A6, Name: ap6212.
06-06 13:42:25.601 657 657 D WifiHWInfo: Entry [15], BUS: SDIO, ID: 0x02D04330, Name: ap6330.
06-06 13:42:25.601 657 657 D WifiHWInfo: Entry [16], BUS: SDIO, ID: 0x02D04356, Name: ap6356s.
06-06 13:42:25.601 657 657 D WifiHWInfo: Entry [17], BUS: SDIO, ID: 0x02D0A9BF, Name: ap6255.
06-06 13:42:25.601 475 560 E DefaultPermGrantPolicy: Package not found: com.softwinner.TvdVideo
06-06 13:42:25.601 657 657 D WifiHWInfo: Entry [18], BUS: SDIO, ID: 0x02D04334, Name: bcm43342.
06-06 13:42:25.601 475 560 W DefaultPermGrantPolicy: No such package:com.softwinner.TvdVideo
06-06 13:42:25.601 475 560 E DefaultPermGrantPolicy: Package not found: com.android.chrome
06-06 13:42:25.601 657 657 D WifiHWInfo: Entry [19], BUS: SDIO, ID: 0x00202281, Name: xr819.
06-06 13:42:25.601 475 560 W DefaultPermGrantPolicy: No such package:com.android.chrome
06-06 13:42:25.601 657 657 D WifiHWInfo: Entry [20], BUS: SDIO, ID: 0x0A9E2282, Name: xr829.
06-06 13:42:25.601 657 657 D WifiHWInfo: Entry [21], BUS: SDIO, ID: 0x0271050A, Name: qca6174a.
06-06 13:42:25.601 475 560 E DefaultPermGrantPolicy: Package not found: com.android.vending
06-06 13:42:25.601 475 560 W DefaultPermGrantPolicy: No such package:com.android.vending
06-06 13:42:25.601 657 657 D WifiHWInfo: Entry [22], BUS: SDIO, ID: 0x30303030, Name: ssv6x5x.
06-06 13:42:25.601 475 560 E DefaultPermGrantPolicy: Package not found: com.google.android.tts
06-06 13:42:25.601 657 657 D WifiHWInfo: Entry [23], BUS: SDIO, ID: 0x00000000, Name: uwe5621.
06-06 13:42:25.601 657 657 D WifiHWInfo: Entry [24], BUS: SDIO, ID: 0x54490145, Name: aic8800.
06-06 13:42:25.601 475 560 W DefaultPermGrantPolicy: No such package:com.google.android.tts
06-06 13:42:25.601 657 657 D WifiHWInfo: Entry [25], BUS: SDIO, ID: 0xC8A1C08D, Name: aic8800.
06-06 13:42:25.601 657 657 D WifiHWInfo: Entry [26], BUS: USB, ID: 0xA69C8800, Name: aic8800.
06-06 13:42:25.601 657 657 D WifiHWInfo: Entry [27], BUS: USB, ID: 0x007A8888, Name: atbm6023is.
06-06 13:42:25.601 657 657 D WifiHWInfo: Entry [28], BUS: SDIO, ID: 0x02E79086, Name: 9012p.
06-06 13:42:25.601 657 657 D WifiHWInfo: Entry [29], BUS: SDIO, ID: 0x007A6011, Name: atbm613x_wifi_sdio.
06-06 13:42:25.601 657 657 D WifiHWInfo: Entry [30], BUS: SDIO, ID: 0x024CC822, Name: 88x2cs.
06-06 13:42:25.601 475 560 E DefaultPermGrantPolicy: Package not found: com.google.android.youtube.tv
06-06 13:42:25.601 657 657 D WifiHWInfo: Entry [31], BUS: SDIO, ID: 0x000018F0, Name: dummy.
06-06 13:42:25.601 475 560 W DefaultPermGrantPolicy: No such package:com.google.android.youtube.tv
06-06 13:42:25.601 657 657 W android.hardware.wifi@1.0-service-lazy: DRIVER_MODULE_TAG: sprdwl_ng : Success
06-06 13:42:25.601 475 560 E DefaultPermGrantPolicy: Package not found: com.google.android.katniss
06-06 13:42:25.601 475 560 W DefaultPermGrantPolicy: No such package:com.google.android.katniss
06-06 13:42:25.601 475 560 E DefaultPermGrantPolicy: Package not found: com.google.android.gms
06-06 13:42:25.601 475 560 W DefaultPermGrantPolicy: No such package:com.google.android.gms
06-06 13:42:25.602 657 657 I android.hardware.wifi@1.0-service-lazy: driver_module_path: /vendor/lib/modules/sprdwl_ng.ko
06-06 13:42:25.602 657 657 I android.hardware.wifi@1.0-service-lazy: driver_module_arg:
06-06 13:42:25.608 475 475 I SystemServerTiming: MakeDisplayManagerServiceReady
06-06 13:42:25.609 475 520 E DisplayModeDirector: Asked about unknown display, returning empty display mode specs!(id=0)
06-06 13:42:25.610 475 520 E DisplayModeDirector: Asked about unknown display, returning empty display mode specs!(id=0)
06-06 13:42:25.612 475 475 I SystemServerTiming: StartDeviceSpecificServices
06-06 13:42:25.612 475 475 I SystemServerTiming: GameManagerService
06-06 13:42:25.612 475 475 I SystemServiceManager: Starting com.android.server.app.GameManagerService$Lifecycle
06-06 13:42:25.617 475 475 I SystemServerTiming: StartBootPhaseDeviceSpecificServicesReady
06-06 13:42:25.617 475 475 I SystemServiceManager: Starting phase 520
06-06 13:42:25.617 475 475 I SystemServerTiming: OnBootPhase_520
06-06 13:42:25.617 475 475 D SoundTriggerService: onBootPhase: 520 : false
06-06 13:42:25.618 475 475 I SystemServerTiming: AppSearchManagerService
06-06 13:42:25.623 475 475 I SystemServiceManager: Starting com.android.server.appsearch.AppSearchManagerService
06-06 13:42:25.626 475 475 I SystemServerTiming: StartMediaCommunicationService
06-06 13:42:25.627 475 475 I SystemServiceManager: Starting com.android.server.media.MediaCommunicationService
06-06 13:42:25.630 475 475 I SystemServerTiming: PhaseActivityManagerReady
06-06 13:42:25.630 475 475 I SystemServerTiming: controllersReady
06-06 13:42:25.635 475 567 I SystemServerTimingAsync: InitThreadPoolExec:Update app-ops uidState in case package com.android.systemui changed
06-06 13:42:25.636 475 524 I SystemServerTimingAsync: InitThreadPoolExec:Update app-ops uidState in case package com.android.providers.media.module changed
06-06 13:42:25.636 475 524 D SystemServerInitThreadPool: Started executing Update app-ops uidState in case package com.android.providers.media.module changed
06-06 13:42:25.636 475 567 D SystemServerInitThreadPool: Started executing Update app-ops uidState in case package com.android.systemui changed
06-06 13:42:25.636 475 516 I SystemServerTimingAsync: InitThreadPoolExec:Update app-ops uidState in case package com.sohu.inputmethod.sogou.tv changed
06-06 13:42:25.636 475 516 D SystemServerInitThreadPool: Started executing Update app-ops uidState in case package com.sohu.inputmethod.sogou.tv changed
06-06 13:42:25.636 475 573 I SystemServerTimingAsync: InitThreadPoolExec:Update app-ops uidState in case package com.android.tv changed
06-06 13:42:25.636 475 573 D SystemServerInitThreadPool: Started executing Update app-ops uidState in case package com.android.tv changed
06-06 13:42:25.636 475 524 D SystemServerInitThreadPool: Finished executing Update app-ops uidState in case package com.android.providers.media.module changed
06-06 13:42:25.636 475 516 D SystemServerInitThreadPool: Finished executing Update app-ops uidState in case package com.sohu.inputmethod.sogou.tv changed
06-06 13:42:25.636 475 524 I SystemServerTimingAsync: InitThreadPoolExec:Update app-ops uidState in case package com.android.music changed
06-06 13:42:25.636 475 567 D SystemServerInitThreadPool: Finished executing Update app-ops uidState in case package com.android.systemui changed
06-06 13:42:25.636 475 573 D SystemServerInitThreadPool: Finished executing Update app-ops uidState in case package com.android.tv changed
06-06 13:42:25.636 475 567 I SystemServerTimingAsync: InitThreadPoolExec:Update app-ops uidState in case package com.dangbei.hqguide changed
06-06 13:42:25.636 475 524 D SystemServerInitThreadPool: Started executing Update app-ops uidState in case package com.android.music changed
06-06 13:42:25.636 475 516 I SystemServerTimingAsync: InitThreadPoolExec:Update app-ops uidState in case package com.dangbei.lerad.screensaver changed
06-06 13:42:25.636 475 516 D SystemServerInitThreadPool: Started executing Update app-ops uidState in case package com.dangbei.lerad.screensaver changed
06-06 13:42:25.636 475 524 D SystemServerInitThreadPool: Finished executing Update app-ops uidState in case package com.android.music changed
06-06 13:42:25.636 475 516 D SystemServerInitThreadPool: Finished executing Update app-ops uidState in case package com.dangbei.lerad.screensaver changed
06-06 13:42:25.636 475 524 I SystemServerTimingAsync: InitThreadPoolExec:Update app-ops uidState in case package com.android.providers.contacts changed
06-06 13:42:25.636 475 516 I SystemServerTimingAsync: InitThreadPoolExec:Update app-ops uidState in case package com.android.providers.calendar changed
06-06 13:42:25.636 475 524 D SystemServerInitThreadPool: Started executing Update app-ops uidState in case package com.android.providers.contacts changed
06-06 13:42:25.636 475 516 D SystemServerInitThreadPool: Started executing Update app-ops uidState in case package com.android.providers.calendar changed
06-06 13:42:25.636 475 524 D SystemServerInitThreadPool: Finished executing Update app-ops uidState in case package com.android.providers.contacts changed
06-06 13:42:25.636 475 524 I SystemServerTimingAsync: InitThreadPoolExec:Update app-ops uidState in case package com.android.mtp changed
06-06 13:42:25.636 475 567 D SystemServerInitThreadPool: Started executing Update app-ops uidState in case package com.dangbei.hqguide changed
06-06 13:42:25.636 475 524 D SystemServerInitThreadPool: Started executing Update app-ops uidState in case package com.android.mtp changed
06-06 13:42:25.636 475 567 D SystemServerInitThreadPool: Finished executing Update app-ops uidState in case package com.dangbei.hqguide changed
06-06 13:42:25.636 475 524 D SystemServerInitThreadPool: Finished executing Update app-ops uidState in case package com.android.mtp changed
06-06 13:42:25.636 475 567 I SystemServerTimingAsync: InitThreadPoolExec:Update app-ops uidState in case package com.android.bluetooth changed
06-06 13:42:25.636 475 524 I SystemServerTimingAsync: InitThreadPoolExec:Update app-ops uidState in case package com.dangbei.zhushou.os changed
06-06 13:42:25.636 475 567 D SystemServerInitThreadPool: Started executing Update app-ops uidState in case package com.android.bluetooth changed
06-06 13:42:25.636 475 573 I SystemServerTimingAsync: InitThreadPoolExec:Update app-ops uidState in case package com.dangbei.screencast changed
06-06 13:42:25.636 475 573 D SystemServerInitThreadPool: Started executing Update app-ops uidState in case package com.dangbei.screencast changed
06-06 13:42:25.636 475 567 D SystemServerInitThreadPool: Finished executing Update app-ops uidState in case package com.android.bluetooth changed
06-06 13:42:25.637 475 567 I SystemServerTimingAsync: InitThreadPoolExec:Update app-ops uidState in case package com.oranth.ledstatus changed
06-06 13:42:25.637 475 567 D SystemServerInitThreadPool: Started executing Update app-ops uidState in case package com.oranth.ledstatus changed
06-06 13:42:25.637 475 567 D SystemServerInitThreadPool: Finished executing Update app-ops uidState in case package com.oranth.ledstatus changed
06-06 13:42:25.637 475 567 I SystemServerTimingAsync: InitThreadPoolExec:Update app-ops uidState in case package android changed
06-06 13:42:25.637 475 567 D SystemServerInitThreadPool: Started executing Update app-ops uidState in case package android changed
06-06 13:42:25.637 475 567 D SystemServerInitThreadPool: Finished executing Update app-ops uidState in case package android changed
06-06 13:42:25.637 475 567 I SystemServerTimingAsync: InitThreadPoolExec:Update app-ops uidState in case package com.dangbei.leard.leradlauncher changed
06-06 13:42:25.637 475 567 D SystemServerInitThreadPool: Started executing Update app-ops uidState in case package com.dangbei.leard.leradlauncher changed
06-06 13:42:25.637 475 567 D SystemServerInitThreadPool: Finished executing Update app-ops uidState in case package com.dangbei.leard.leradlauncher changed
06-06 13:42:25.637 475 567 I SystemServerTimingAsync: InitThreadPoolExec:Update app-ops uidState in case package com.android.inputdevices changed
06-06 13:42:25.637 475 567 D SystemServerInitThreadPool: Started executing Update app-ops uidState in case package com.android.inputdevices changed
06-06 13:42:25.637 475 567 D SystemServerInitThreadPool: Finished executing Update app-ops uidState in case package com.android.inputdevices changed
06-06 13:42:25.637 475 567 I SystemServerTimingAsync: InitThreadPoolExec:Update app-ops uidState in case package com.oranth.inputmacsn changed
06-06 13:42:25.637 475 567 D SystemServerInitThreadPool: Started executing Update app-ops uidState in case package com.oranth.inputmacsn changed
06-06 13:42:25.637 475 567 D SystemServerInitThreadPool: Finished executing Update app-ops uidState in case package com.oranth.inputmacsn changed
06-06 13:42:25.637 475 567 I SystemServerTimingAsync: InitThreadPoolExec:Update app-ops uidState in case package com.android.keychain changed
06-06 13:42:25.637 475 567 D SystemServerInitThreadPool: Started executing Update app-ops uidState in case package com.android.keychain changed
06-06 13:42:25.637 475 567 D SystemServerInitThreadPool: Finished executing Update app-ops uidState in case package com.android.keychain changed
06-06 13:42:25.637 475 567 I SystemServerTimingAsync: InitThreadPoolExec:Update app-ops uidState in case package com.android.localtransport changed
06-06 13:42:25.637 475 567 D SystemServerInitThreadPool: Started executing Update app-ops uidState in case package com.android.localtransport changed
06-06 13:42:25.637 475 567 D SystemServerInitThreadPool: Finished executing Update app-ops uidState in case package com.android.localtransport changed
06-06 13:42:25.637 475 567 I SystemServerTimingAsync: InitThreadPoolExec:Update app-ops uidState in case package com.android.packageinstaller changed
06-06 13:42:25.637 475 567 D SystemServerInitThreadPool: Started executing Update app-ops uidState in case package com.android.packageinstaller changed
06-06 13:42:25.637 475 567 D SystemServerInitThreadPool: Finished executing Update app-ops uidState in case package com.android.packageinstaller changed
06-06 13:42:25.637 475 567 I SystemServerTimingAsync: InitThreadPoolExec:Update app-ops uidState in case package com.dangbei.lerad.etna.haqu changed
06-06 13:42:25.637 475 567 D SystemServerInitThreadPool: Started executing Update app-ops uidState in case package com.dangbei.lerad.etna.haqu changed
06-06 13:42:25.637 475 573 D SystemServerInitThreadPool: Finished executing Update app-ops uidState in case package com.dangbei.screencast changed
06-06 13:42:25.637 475 567 D SystemServerInitThreadPool: Finished executing Update app-ops uidState in case package com.dangbei.lerad.etna.haqu changed
06-06 13:42:25.638 475 573 I SystemServerTimingAsync: InitThreadPoolExec:Update app-ops uidState in case package com.oranth.powerwindow changed
06-06 13:42:25.638 475 516 D SystemServerInitThreadPool: Finished executing Update app-ops uidState in case package com.android.providers.calendar changed
06-06 13:42:25.638 475 573 D SystemServerInitThreadPool: Started executing Update app-ops uidState in case package com.oranth.powerwindow changed
06-06 13:42:25.638 475 516 I SystemServerTimingAsync: InitThreadPoolExec:Update app-ops uidState in case package com.oranth.storage changed
06-06 13:42:25.638 475 475 I SystemServerTiming: killProcesses
06-06 13:42:25.638 475 516 D SystemServerInitThreadPool: Started executing Update app-ops uidState in case package com.oranth.storage changed
06-06 13:42:25.638 475 475 I ActivityManager: System now ready
06-06 13:42:25.638 475 573 D SystemServerInitThreadPool: Finished executing Update app-ops uidState in case package com.oranth.powerwindow changed
06-06 13:42:25.638 475 524 D SystemServerInitThreadPool: Started executing Update app-ops uidState in case package com.dangbei.zhushou.os changed
06-06 13:42:25.638 475 516 D SystemServerInitThreadPool: Finished executing Update app-ops uidState in case package com.oranth.storage changed
06-06 13:42:25.638 475 516 I SystemServerTimingAsync: InitThreadPoolExec:Update app-ops uidState in case package com.dangbei.haqusetting changed
06-06 13:42:25.638 475 524 D SystemServerInitThreadPool: Finished executing Update app-ops uidState in case package com.dangbei.zhushou.os changed
06-06 13:42:25.638 475 567 I SystemServerTimingAsync: InitThreadPoolExec:Update app-ops uidState in case package com.android.wallpaperbackup changed
06-06 13:42:25.638 475 567 D SystemServerInitThreadPool: Started executing Update app-ops uidState in case package com.android.wallpaperbackup changed
06-06 13:42:25.638 475 524 I SystemServerTimingAsync: InitThreadPoolExec:Update app-ops uidState in case package com.softwinner.miracastReceiver changed
06-06 13:42:25.638 475 567 D SystemServerInitThreadPool: Finished executing Update app-ops uidState in case package com.android.wallpaperbackup changed
06-06 13:42:25.638 475 524 D SystemServerInitThreadPool: Started executing Update app-ops uidState in case package com.softwinner.miracastReceiver changed
06-06 13:42:25.638 475 516 D SystemServerInitThreadPool: Started executing Update app-ops uidState in case package com.dangbei.haqusetting changed
06-06 13:42:25.638 475 524 D SystemServerInitThreadPool: Finished executing Update app-ops uidState in case package com.softwinner.miracastReceiver changed
06-06 13:42:25.638 475 516 D SystemServerInitThreadPool: Finished executing Update app-ops uidState in case package com.dangbei.haqusetting changed
06-06 13:42:25.638 475 573 I SystemServerTimingAsync: InitThreadPoolExec:Update app-ops uidState in case package com.android.location.fused changed
06-06 13:42:25.638 475 573 D SystemServerInitThreadPool: Started executing Update app-ops uidState in case package com.android.location.fused changed
06-06 13:42:25.638 475 475 I SystemServerTiming: updateTopComponentForFactoryTest
06-06 13:42:25.638 475 573 D SystemServerInitThreadPool: Finished executing Update app-ops uidState in case package com.android.location.fused changed
06-06 13:42:25.638 475 475 I SystemServerTiming: registerActivityLaunchObserver
06-06 13:42:25.638 475 475 I SystemServerTiming: watchDeviceProvisioning
06-06 13:42:25.647 318 319 D XM_HIDREAD: add@ add@/bus/platform/drivers/unisoc_wifi
06-06 13:42:25.647 475 475 I SystemServerTiming: retrieveSettings
06-06 13:42:25.650 475 475 I ActivityTaskManager: Config changes=10000000 {1.0 ?mcc?mnc [zh_CN] ldltr sw720dp w1280dp h696dp 240dpi xlrg long land television -touch qwerty/v/v dpad/v winConfig={ mBounds=Rect(0, 0 - 1920, 1080) mAppBounds=Rect(0, 0 - 1920, 1080) mMaxBounds=Rect(0, 0 - 1920, 1080) mWindowingMode=fullscreen mDisplayWindowingMode=fullscreen mActivityType=undefined mAlwaysOnTop=undefined mRotation=ROTATION_0} s.6 fontWeightAdjustment=0}
06-06 13:42:25.650 318 319 D XM_HIDREAD: add@ add@/devices/platform/unisoc_wifi
06-06 13:42:25.651 475 475 I WindowManager: Override config changes=10000000 {1.0 ?mcc?mnc [zh_CN] ldltr sw720dp w1280dp h696dp 240dpi xlrg long land television -touch qwerty/v/v dpad/v winConfig={ mBounds=Rect(0, 0 - 1920, 1080) mAppBounds=Rect(0, 0 - 1920, 1080) mMaxBounds=Rect(0, 0 - 1920, 1080) mWindowingMode=fullscreen mDisplayWindowingMode=fullscreen mActivityType=undefined mAlwaysOnTop=undefined mRotation=ROTATION_0} s.6 fontWeightAdjustment=0} for displayId=0
01-01 08:00:16.995 657 657 I WCN : start_marlin [MARLIN_WIFI]
01-01 08:00:16.995 657 657 D : CPU: 0 PID: 657 Comm: wifi@1.0-servic Tainted: G O 5.4.125+ #9
01-01 08:00:16.995 657 657 D Hardware name: sun50iw9 (DT)
01-01 08:00:16.995 657 657 D Call trace:
01-01 08:00:16.995 657 657 D : dump_backtrace.cfi_jt+0x0/0x4
01-01 08:00:16.995 657 657 D : dump_stack+0xbc/0x104
01-01 08:00:16.995 657 657 D : marlin_set_power+0x2c/0x78c [uwe5621_bsp_sdio]
01-01 08:00:16.995 657 657 D : start_marlin+0xbc/0x14c [uwe5621_bsp_sdio]
01-01 08:00:16.995 657 657 D : sprdwl_probe+0x28/0x3f4 [sprdwl_ng]
01-01 08:00:16.995 657 657 D : platform_drv_probe+0xac/0xf0
01-01 08:00:16.995 657 657 D : really_probe+0x340/0x8f8
01-01 08:00:16.995 657 657 D : driver_probe_device+0x70/0x144
01-01 08:00:16.995 657 657 D : __device_attach_driver+0x14c/0x210
01-01 08:00:16.995 657 657 D : bus_for_each_drv+0x98/0x10c
01-01 08:00:16.995 657 657 D : __device_attach.llvm.14547616182355937686+0x108/0x1a8
01-01 08:00:16.995 657 657 D : bus_probe_device+0x3c/0xdc
01-01 08:00:16.995 657 657 D : device_add+0x950/0xb78
01-01 08:00:16.995 657 657 D : platform_device_add+0x90/0x260
01-01 08:00:16.995 657 657 D : init_module+0x48/0xfc4 [sprdwl_ng]
01-01 08:00:16.995 657 657 D : do_one_initcall+0xc4/0x238
01-01 08:00:16.995 657 657 D : do_init_module+0x58/0x2e0
01-01 08:00:16.995 657 657 D : load_module+0x31b8/0x3a40
01-01 08:00:16.995 657 657 D : __arm64_sys_finit_module+0xbc/0x120
01-01 08:00:16.995 657 657 D : el0_svc_common+0xb8/0x1cc
01-01 08:00:16.995 657 657 D : el0_svc_compat_handler+0x1c/0x28
06-06 13:42:25.654 475 475 I SystemServerTiming: Ugm.onSystemReady
01-01 08:00:16.995 657 657 D : el0_svc_compat+0x8/0x24
01-01 08:00:16.995 657 657 I WCN : marlin power state:0, subsys: [MARLIN_WIFI] power 1
01-01 08:00:16.995 657 657 I WCN : the first power on start
06-06 13:42:25.654 475 475 I SystemServerTiming: updateForceBackgroundCheck
06-06 13:42:25.655 475 475 I SystemServer: Making services ready
06-06 13:42:25.655 475 475 I SystemServerTiming: StartActivityManagerReadyPhase
06-06 13:42:25.655 475 475 I SystemServiceManager: Starting phase 550
06-06 13:42:25.655 475 475 I SystemServerTiming: OnBootPhase_550
06-06 13:42:25.656 181 181 I hwservicemanager: getTransport: Cannot find entry android.hardware.thermal@2.0::IThermal/default in either framework or device VINTF manifest.
06-06 13:42:25.657 475 475 E ThermalHalWrapper: Thermal HAL 2.0 service not connected.
06-06 13:42:25.658 181 181 I hwservicemanager: getTransport: Cannot find entry android.hardware.thermal@1.1::IThermal/default in either framework or device VINTF manifest.
06-06 13:42:25.658 475 475 E ThermalHalWrapper: Thermal HAL 1.1 service not connected.
06-06 13:42:25.658 181 181 I hwservicemanager: getTransport: Cannot find entry android.hardware.thermal@1.0::IThermal/default in either framework or device VINTF manifest.
06-06 13:42:25.658 475 475 E ThermalHalWrapper: Thermal HAL 1.0 service not connected.
06-06 13:42:25.658 475 475 W ThermalManagerService: No Thermal HAL service on this device
06-06 13:42:25.662 475 475 W ActivityManager: Unable to start service Intent { act=com.android.ITelecomService cmp=com.android.server.telecom/.components.TelecomService } U=0: not found
06-06 13:42:25.666 475 475 I SyncManager: No initial accounts
06-06 13:42:25.670 475 475 D BluetoothManagerService: Bluetooth boot completed
06-06 13:42:25.670 475 475 D BluetoothManagerService: Auto-enabling Bluetooth.
06-06 13:42:25.672 475 475 D BluetoothA2dp: Binding service...
06-06 13:42:25.676 475 475 I BluetoothAirplaneModeListener: start
06-06 13:42:25.687 475 519 D BluetoothManagerService: MESSAGE_ENABLE(0): mBluetooth = null
06-06 13:42:25.687 475 519 D BluetoothManagerService: binding Bluetooth service
06-06 13:42:25.687 475 475 W InputMethodUtils: Found no fallback locale. imis=[InputMethodInfo{com.sohu.inputmethod.sogou.tv/.SogouIME, settings: com.sohu.inputmethod.sogou.SogouIMESettingsLauncher}]
06-06 13:42:25.688 475 475 W InputMethodUtils: No software keyboard is found. imis=[InputMethodInfo{com.sohu.inputmethod.sogou.tv/.SogouIME, settings: com.sohu.inputmethod.sogou.SogouIMESettingsLauncher}] systemLocale=zh_CN fallbackLocale=null
06-06 13:42:25.690 475 475 I RebootEscrowManager: No reboot escrow data found for users, skipping loading escrow data
06-06 13:42:25.690 475 519 D CompatibilityChangeReporter: Compat change id reported: 135634846; UID 1002; state: DISABLED
06-06 13:42:25.694 475 475 I WallpaperManagerService: No static wallpaper imagery; defaults will be shown
