01-01 08:00:08.888 309 309 I pgrep : type=1400 audit(0.0:183): avc: denied { getattr } for path="/proc/253" dev="proc" ino=7500 scontext=u:r:toolbox:s0 tcontext=u:r:hal_graphics_allocator_default:s0 tclass=dir permissive=1
01-01 08:00:08.888 309 309 I pgrep : type=1400 audit(0.0:184): avc: denied { search } for name="253" dev="proc" ino=7500 scontext=u:r:toolbox:s0 tcontext=u:r:hal_graphics_allocator_default:s0 tclass=dir permissive=1
01-01 08:00:08.888 309 309 I pgrep : type=1400 audit(0.0:185): avc: denied { open } for path="/proc/253/stat" dev="proc" ino=8120 scontext=u:r:toolbox:s0 tcontext=u:r:hal_graphics_allocator_default:s0 tclass=file permissive=1
01-01 08:00:08.888 309 309 I pgrep : type=1400 audit(0.0:186): avc: denied { getattr } for path="/proc/257" dev="proc" ino=6579 scontext=u:r:toolbox:s0 tcontext=u:r:hal_graphics_composer_default:s0 tclass=dir permissive=1
01-01 08:00:08.888 309 309 I pgrep : type=1400 audit(0.0:187): avc: denied { search } for name="257" dev="proc" ino=6579 scontext=u:r:toolbox:s0 tcontext=u:r:hal_graphics_composer_default:s0 tclass=dir permissive=1
01-01 08:00:08.888 309 309 I pgrep : type=1400 audit(0.0:188): avc: denied { open } for path="/proc/257/stat" dev="proc" ino=8123 scontext=u:r:toolbox:s0 tcontext=u:r:hal_graphics_composer_default:s0 tclass=file permissive=1
01-01 08:00:08.888 307 307 I xiriservice_All: type=1400 audit(0.0:189): avc: denied { search } for name="com.android.music" dev="mmcblk0p25" ino=1227 scontext=u:r:init:s0 tcontext=u:object_r:app_data_file:s0:c42,c256,c512,c768 tclass=dir permissive=1
01-01 08:00:08.888 309 309 I pgrep : type=1400 audit(0.0:190): avc: denied { getattr } for path="/proc/260" dev="proc" ino=6587 scontext=u:r:toolbox:s0 tcontext=u:r:hal_health_default:s0 tclass=dir permissive=1
01-01 08:00:08.888 309 309 I pgrep : type=1400 audit(0.0:191): avc: denied { search } for name="260" dev="proc" ino=6587 scontext=u:r:toolbox:s0 tcontext=u:r:hal_health_default:s0 tclass=dir permissive=1
01-01 08:00:08.888 309 309 I pgrep : type=1400 audit(0.0:192): avc: denied { open } for path="/proc/260/stat" dev="proc" ino=8124 scontext=u:r:toolbox:s0 tcontext=u:r:hal_health_default:s0 tclass=file permissive=1
01-01 08:00:08.888 309 309 I pgrep : type=1400 audit(0.0:193): avc: denied { getattr } for path="/proc/261" dev="proc" ino=7518 scontext=u:r:toolbox:s0 tcontext=u:r:hal_light_default:s0 tclass=dir permissive=1
01-01 08:00:08.888 309 309 I pgrep : type=1400 audit(0.0:194): avc: denied { search } for name="261" dev="proc" ino=7518 scontext=u:r:toolbox:s0 tcontext=u:r:hal_light_default:s0 tclass=dir permissive=1
01-01 08:00:08.888 309 309 I pgrep : type=1400 audit(0.0:195): avc: denied { open } for path="/proc/261/stat" dev="proc" ino=8125 scontext=u:r:toolbox:s0 tcontext=u:r:hal_light_default:s0 tclass=file permissive=1
01-01 08:00:08.888 309 309 I pgrep : type=1400 audit(0.0:196): avc: denied { getattr } for path="/proc/262" dev="proc" ino=559 scontext=u:r:toolbox:s0 tcontext=u:r:hal_power_default:s0 tclass=dir permissive=1
01-01 08:00:08.888 309 309 I pgrep : type=1400 audit(0.0:197): avc: denied { search } for name="262" dev="proc" ino=559 scontext=u:r:toolbox:s0 tcontext=u:r:hal_power_default:s0 tclass=dir permissive=1
01-01 08:00:08.888 309 309 I pgrep : type=1400 audit(0.0:198): avc: denied { open } for path="/proc/262/stat" dev="proc" ino=8126 scontext=u:r:toolbox:s0 tcontext=u:r:hal_power_default:s0 tclass=file permissive=1
01-01 08:00:08.888 309 309 I pgrep : type=1400 audit(0.0:199): avc: denied { getattr } for path="/proc/263" dev="proc" ino=6644 scontext=u:r:toolbox:s0 tcontext=u:r:hal_tv_cec_default:s0 tclass=dir permissive=1
01-01 08:00:08.888 309 309 I pgrep : type=1400 audit(0.0:200): avc: denied { search } for name="263" dev="proc" ino=6644 scontext=u:r:toolbox:s0 tcontext=u:r:hal_tv_cec_default:s0 tclass=dir permissive=1
01-01 08:00:08.888 309 309 I pgrep : type=1400 audit(0.0:201): avc: denied { open } for path="/proc/263/stat" dev="proc" ino=8127 scontext=u:r:toolbox:s0 tcontext=u:r:hal_tv_cec_default:s0 tclass=file permissive=1
01-01 08:00:08.888 309 309 I pgrep : type=1400 audit(0.0:202): avc: denied { getattr } for path="/proc/264" dev="proc" ino=7611 scontext=u:r:toolbox:s0 tcontext=u:r:hal_usb_impl:s0 tclass=dir permissive=1
01-01 08:00:08.888 309 309 I pgrep : type=1400 audit(0.0:203): avc: denied { search } for name="264" dev="proc" ino=7611 scontext=u:r:toolbox:s0 tcontext=u:r:hal_usb_impl:s0 tclass=dir permissive=1
01-01 08:00:08.888 309 309 I pgrep : type=1400 audit(0.0:204): avc: denied { open } for path="/proc/264/stat" dev="proc" ino=8128 scontext=u:r:toolbox:s0 tcontext=u:r:hal_usb_impl:s0 tclass=file permissive=1
01-01 08:00:08.888 309 309 I pgrep : type=1400 audit(0.0:205): avc: denied { getattr } for path="/proc/265" dev="proc" ino=6664 scontext=u:r:toolbox:s0 tcontext=u:r:hal_awdisplayoutput_default:s0 tclass=dir permissive=1
01-01 08:00:08.888 309 309 I pgrep : type=1400 audit(0.0:206): avc: denied { search } for name="265" dev="proc" ino=6664 scontext=u:r:toolbox:s0 tcontext=u:r:hal_awdisplayoutput_default:s0 tclass=dir permissive=1
01-01 08:00:08.888 309 309 I pgrep : type=1400 audit(0.0:207): avc: denied { open } for path="/proc/265/stat" dev="proc" ino=8129 scontext=u:r:toolbox:s0 tcontext=u:r:hal_awdisplayoutput_default:s0 tclass=file permissive=1
01-01 08:00:08.888 309 309 I pgrep : type=1400 audit(0.0:208): avc: denied { getattr } for path="/proc/266" dev="proc" ino=8803 scontext=u:r:toolbox:s0 tcontext=u:r:hal_rebootescrow_default:s0 tclass=dir permissive=1
01-01 08:00:08.888 309 309 I pgrep : type=1400 audit(0.0:209): avc: denied { search } for name="266" dev="proc" ino=8803 scontext=u:r:toolbox:s0 tcontext=u:r:hal_rebootescrow_default:s0 tclass=dir permissive=1
01-01 08:00:08.888 309 309 I pgrep : type=1400 audit(0.0:210): avc: denied { open } for path="/proc/266/stat" dev="proc" ino=8130 scontext=u:r:toolbox:s0 tcontext=u:r:hal_rebootescrow_default:s0 tclass=file permissive=1
01-01 08:00:08.888 309 309 I pgrep : type=1400 audit(0.0:211): avc: denied { getattr } for path="/proc/268" dev="proc" ino=6708 scontext=u:r:toolbox:s0 tcontext=u:r:audioserver:s0 tclass=dir permissive=1
01-01 08:00:08.888 309 309 I pgrep : type=1400 audit(0.0:212): avc: denied { read } for scontext=u:r:toolbox:s0 tcontext=u:r:audioserver:s0 tclass=file permissive=1
01-01 08:00:08.888 309 309 I pgrep : type=1400 audit(0.0:213): avc: denied { search } for name="268" dev="proc" ino=6708 scontext=u:r:toolbox:s0 tcontext=u:r:audioserver:s0 tclass=dir permissive=1
01-01 08:00:08.888 309 309 I pgrep : type=1400 audit(0.0:214): avc: denied { open } for path="/proc/268/stat" dev="proc" ino=8131 scontext=u:r:toolbox:s0 tcontext=u:r:audioserver:s0 tclass=file permissive=1
01-01 08:00:08.888 309 309 I pgrep : type=1400 audit(0.0:215): avc: denied { getattr } for path="/proc/272" dev="proc" ino=6674 scontext=u:r:toolbox:s0 tcontext=u:r:credstore:s0 tclass=dir permissive=1
01-01 08:00:08.888 309 309 I pgrep : type=1400 audit(0.0:216): avc: denied { search } for name="272" dev="proc" ino=6674 scontext=u:r:toolbox:s0 tcontext=u:r:credstore:s0 tclass=dir permissive=1
01-01 08:00:08.888 309 309 I pgrep : type=1400 audit(0.0:217): avc: denied { open } for path="/proc/272/stat" dev="proc" ino=8132 scontext=u:r:toolbox:s0 tcontext=u:r:credstore:s0 tclass=file permissive=1
01-01 08:00:08.888 309 309 I pgrep : type=1400 audit(0.0:218): avc: denied { getattr } for path="/proc/274" dev="proc" ino=658 scontext=u:r:toolbox:s0 tcontext=u:r:gpuservice:s0 tclass=dir permissive=1
01-01 08:00:08.888 309 309 I pgrep : type=1400 audit(0.0:219): avc: denied { read } for scontext=u:r:toolbox:s0 tcontext=u:r:gpuservice:s0 tclass=file permissive=1
01-01 08:00:08.888 309 309 I pgrep : type=1400 audit(0.0:220): avc: denied { search } for name="274" dev="proc" ino=658 scontext=u:r:toolbox:s0 tcontext=u:r:gpuservice:s0 tclass=dir permissive=1
01-01 08:00:08.888 307 307 I xiriservice_All: type=1400 audit(0.0:221): avc: denied { search } for name="com.android.providers.media.module" dev="mmcblk0p25" ino=1259 scontext=u:r:init:s0 tcontext=u:object_r:privapp_data_file:s0:c74,c256,c512,c768 tclass=dir permissive=1
01-01 08:00:08.888 309 309 I pgrep : type=1400 audit(0.0:222): avc: denied { open } for path="/proc/274/stat" dev="proc" ino=8133 scontext=u:r:toolbox:s0 tcontext=u:r:gpuservice:s0 tclass=file permissive=1
01-01 08:00:08.888 309 309 I pgrep : type=1400 audit(0.0:223): avc: denied { getattr } for path="/proc/275" dev="proc" ino=694 scontext=u:r:toolbox:s0 tcontext=u:r:surfaceflinger:s0 tclass=dir permissive=1
01-01 08:00:08.888 309 309 I pgrep : type=1400 audit(0.0:224): avc: denied { search } for name="275" dev="proc" ino=694 scontext=u:r:toolbox:s0 tcontext=u:r:surfaceflinger:s0 tclass=dir permissive=1
01-01 08:00:08.888 309 309 I pgrep : type=1400 audit(0.0:225): avc: denied { open } for path="/proc/275/stat" dev="proc" ino=8134 scontext=u:r:toolbox:s0 tcontext=u:r:surfaceflinger:s0 tclass=file permissive=1
01-01 08:00:08.888 309 309 I pgrep : type=1400 audit(0.0:226): avc: denied { getattr } for path="/proc/276" dev="proc" ino=7720 scontext=u:r:toolbox:s0 tcontext=u:r:pqd:s0 tclass=dir permissive=1
01-01 08:00:08.888 307 307 I xiriservice_All: type=1400 audit(0.0:227): avc: denied { read } for name="lib" dev="mmcblk0p25" ino=54667 scontext=u:r:init:s0 tcontext=u:object_r:privapp_data_file:s0:c74,c256,c512,c768 tclass=lnk_file permissive=1
01-01 08:00:08.888 309 309 I pgrep : type=1400 audit(0.0:228): avc: denied { search } for name="276" dev="proc" ino=7720 scontext=u:r:toolbox:s0 tcontext=u:r:pqd:s0 tclass=dir permissive=1
01-01 08:00:08.888 309 309 I pgrep : type=1400 audit(0.0:229): avc: denied { open } for path="/proc/276/stat" dev="proc" ino=8135 scontext=u:r:toolbox:s0 tcontext=u:r:pqd:s0 tclass=file permissive=1
01-01 08:00:08.888 309 309 I pgrep : type=1400 audit(0.0:230): avc: denied { read } for scontext=u:r:toolbox:s0 tcontext=u:r:init:s0 tclass=file permissive=1
01-01 08:00:08.888 309 309 I pgrep : type=1400 audit(0.0:231): avc: denied { open } for path="/proc/302/stat" dev="proc" ino=8136 scontext=u:r:toolbox:s0 tcontext=u:r:init:s0 tclass=file permissive=1
01-01 08:00:08.892 307 307 I xiriservice_All: type=1400 audit(0.0:232): avc: denied { search } for name="com.softwinner.theme.color" dev="mmcblk0p25" ino=1267 scontext=u:r:init:s0 tcontext=u:object_r:app_data_file:s0:c1,c256,c512,c768 tclass=dir permissive=1
01-01 08:00:08.892 307 307 I xiriservice_All: type=1400 audit(0.0:233): avc: denied { search } for name="com.android.hotspot2.osulogin" dev="mmcblk0p25" ino=1283 scontext=u:r:init:s0 tcontext=u:object_r:app_data_file:s0:c71,c256,c512,c768 tclass=dir permissive=1
01-01 08:00:08.892 317 317 I init : type=1400 audit(0.0:234): avc: denied { execute } for name="led_switch.sh" dev="dm-1" ino=129 scontext=u:r:init:s0 tcontext=u:object_r:vendor_file:s0 tclass=file permissive=1
01-01 08:00:08.892 317 317 I init : type=1400 audit(0.0:235): avc: denied { execute_no_trans } for path="/vendor/bin/led_switch.sh" dev="dm-1" ino=129 scontext=u:r:init:s0 tcontext=u:object_r:vendor_file:s0 tclass=file permissive=1
01-01 08:00:08.892 307 307 I xiriservice_All: type=1400 audit(0.0:236): avc: denied { search } for name="com.android.internal.systemui.navbar.gestural" dev="mmcblk0p25" ino=1291 scontext=u:r:init:s0 tcontext=u:object_r:app_data_file:s0:c7,c256,c512,c768 tclass=dir permissive=1
01-01 08:00:08.896 318 318 I check_xm_hidraw: type=1400 audit(0.0:237): avc: denied { execute_no_trans } for path="/system/bin/xm_hidread" dev="dm-0" ino=1298 scontext=u:r:init:s0 tcontext=u:object_r:system_file:s0 tclass=file permissive=1
01-01 08:00:08.896 307 307 I xiriservice_All: type=1400 audit(0.0:238): avc: denied { search } for name="com.android.bluetoothmidiservice" dev="mmcblk0p25" ino=1307 scontext=u:r:init:s0 tcontext=u:object_r:app_data_file:s0:c53,c256,c512,c768 tclass=dir permissive=1
01-01 08:00:08.900 307 307 I xiriservice_All: type=1400 audit(0.0:239): avc: denied { search } for name="com.android.traceur" dev="mmcblk0p25" ino=1331 scontext=u:r:init:s0 tcontext=u:object_r:app_data_file:s0:c13,c256,c512,c768 tclass=dir permissive=1
01-01 08:00:08.904 307 307 I xiriservice_All: type=1400 audit(0.0:240): avc: denied { read } for name="lib" dev="mmcblk0p25" ino=54672 scontext=u:r:init:s0 tcontext=u:object_r:bluetooth_data_file:s0 tclass=lnk_file permissive=1
01-01 08:00:08.908 307 307 I xiriservice_All: type=1400 audit(0.0:241): avc: denied { search } for name="com.android.captiveportallogin" dev="mmcblk0p25" ino=1356 scontext=u:r:init:s0 tcontext=u:object_r:app_data_file:s0:c43,c256,c512,c768 tclass=dir permissive=1
01-01 08:00:08.908 307 307 I xiriservice_All: type=1400 audit(0.0:242): avc: denied { search } for name="com.android.internal.systemui.navbar.gestural_narrow_back" dev="mmcblk0p25" ino=1364 scontext=u:r:init:s0 tcontext=u:object_r:app_data_file:s0:c10,c256,c512,c768 tclass=dir permissive=1
01-01 08:00:08.908 307 307 I xiriservice_All: type=1400 audit(0.0:243): avc: denied { search } for name="android.auto_generated_rro_vendor__" dev="mmcblk0p25" ino=1372 scontext=u:r:init:s0 tcontext=u:object_r:app_data_file:s0:c12,c256,c512,c768 tclass=dir permissive=1
01-01 08:00:08.916 318 318 I xm_hidread: type=1400 audit(0.0:244): avc: denied { create } for scontext=u:r:init:s0 tcontext=u:r:init:s0 tclass=netlink_kobject_uevent_socket permissive=1
01-01 08:00:08.916 318 318 I xm_hidread: type=1400 audit(0.0:245): avc: denied { setopt } for scontext=u:r:init:s0 tcontext=u:r:init:s0 tclass=netlink_kobject_uevent_socket permissive=1
01-01 08:00:08.916 318 318 I xm_hidread: type=1400 audit(0.0:246): avc: denied { bind } for scontext=u:r:init:s0 tcontext=u:r:init:s0 tclass=netlink_kobject_uevent_socket permissive=1
01-01 08:00:08.920 318 318 I xm_hidread: type=1400 audit(0.0:247): avc: denied { read } for scontext=u:r:init:s0 tcontext=u:r:init:s0 tclass=netlink_kobject_uevent_socket permissive=1
01-01 08:00:08.932 317 317 I led_switch.sh: type=1400 audit(0.0:248): avc: denied { add_name } for name="led_swith.txt" scontext=u:r:init:s0 tcontext=u:object_r:shell_data_file:s0 tclass=dir permissive=1 bug=b/77873135
01-01 08:00:08.932 317 317 I led_switch.sh: type=1400 audit(0.0:249): avc: denied { create } for name="led_swith.txt" scontext=u:r:init:s0 tcontext=u:object_r:shell_data_file:s0 tclass=file permissive=1 bug=b/77873135
01-01 08:00:08.932 317 317 I led_switch.sh: type=1400 audit(0.0:250): avc: denied { write } for name="led_swith.txt" dev="mmcblk0p25" ino=221 scontext=u:r:init:s0 tcontext=u:object_r:shell_data_file:s0 tclass=file permissive=1 bug=b/77873135
01-01 08:00:08.932 317 317 I led_switch.sh: type=1400 audit(0.0:251): avc: denied { open } for path="/data/local/tmp/led_swith.txt" dev="mmcblk0p25" ino=221 scontext=u:r:init:s0 tcontext=u:object_r:shell_data_file:s0 tclass=file permissive=1 bug=b/77873135
01-01 08:00:08.936 321 321 I led_switch.sh: type=1400 audit(0.0:252): avc: denied { execute_no_trans } for path="/vendor/bin/toolbox" dev="dm-1" ino=229 scontext=u:r:init:s0 tcontext=u:object_r:vendor_toolbox_exec:s0 tclass=file permissive=1
01-01 08:00:08.946 275 275 E cutils-trace: Error opening trace file: No such file or directory (2)
01-01 08:00:08.948 181 181 I hwservicemanager: getTransport: Cannot find entry android.hardware.configstore@1.0::ISurfaceFlingerConfigs/default in either framework or device VINTF manifest.
01-01 08:00:08.957 275 275 I SurfaceFlinger: Using HWComposer service: default
01-01 08:00:08.957 275 275 I SurfaceFlinger: SurfaceFlinger is starting
01-01 08:00:08.959 181 181 I hwservicemanager: getTransport: Cannot find entry android.hardware.configstore@1.1::ISurfaceFlingerConfigs/default in either framework or device VINTF manifest.
01-01 08:00:08.959 275 275 I SurfaceFlinger: Disabling blur effects, they are not supported.
01-01 08:00:08.965 275 275 I SurfaceFlinger: SurfaceFlinger's main thread ready to run. Initializing graphics H/W...
01-01 08:00:08.965 275 275 D RenderEngine: RenderEngine with GLES Backend
01-01 08:00:08.970 307 307 D XiriService: read SYSTEM APP lib
01-01 08:00:08.970 324 324 D DONGLE_SERVICE: ble_rc_service version is 2.0.26601
01-01 08:00:08.971 324 324 D DONGLE_SERVICE: init command center ...
01-01 08:00:08.971 324 324 D DONGLE_SERVICE: trying to scan for smart ctrl hidraw...
01-01 08:00:08.971 324 324 D DONGLE_SERVICE: command center, start working...
01-01 08:00:08.971 324 325 D DONGLE_SERVICE: >> start monitor uevent ...
01-01 08:00:08.977 243 243 I AndroidRuntime: Using default boot image
01-01 08:00:08.977 243 243 I AndroidRuntime: Leaving lock profiling enabled
01-01 08:00:08.988 243 243 E cutils-trace: Error opening trace file: No such file or directory (2)
01-01 08:00:08.992 243 243 I zygote : option[0]=-Xzygote
01-01 08:00:08.992 243 243 I zygote : option[1]=-Xdeny-art-apex-data-files
01-01 08:00:08.992 243 243 I zygote : option[2]=exit
01-01 08:00:08.992 243 243 I zygote : option[3]=vfprintf
01-01 08:00:08.992 243 243 I zygote : option[4]=sensitiveThread
01-01 08:00:08.992 243 243 I zygote : option[5]=-verbose:gc
01-01 08:00:08.992 243 243 I zygote : option[6]=-XX:PerfettoHprof=true
01-01 08:00:08.992 243 243 I zygote : option[7]=-XX:PerfettoJavaHeapStackProf=true
01-01 08:00:08.992 243 243 I zygote : option[8]=-Xprimaryzygote
01-01 08:00:08.992 243 243 I zygote : option[9]=-Xms5m
01-01 08:00:08.992 243 243 I zygote : option[10]=-Xmx512m
01-01 08:00:08.992 243 243 I zygote : option[11]=-XX:HeapGrowthLimit=256m
01-01 08:00:08.992 243 243 I zygote : option[12]=-XX:HeapMinFree=512k
01-01 08:00:08.993 243 243 I zygote : option[13]=-XX:HeapMaxFree=8m
01-01 08:00:08.993 243 243 I zygote : option[14]=-XX:HeapTargetUtilization=0.75
01-01 08:00:08.993 243 243 I zygote : option[15]=-Xusejit:true
01-01 08:00:08.993 243 243 I zygote : option[16]=-Xjitsaveprofilinginfo
01-01 08:00:08.993 243 243 I zygote : option[17]=-XMadviseWillNeedVdexFileSize:104857600
01-01 08:00:08.993 243 243 I zygote : option[18]=-XMadviseWillNeedOdexFileSize:104857600
01-01 08:00:08.993 243 243 I zygote : option[19]=-XMadviseWillNeedArtFileSize:4294967295
01-01 08:00:08.993 243 243 I zygote : option[20]=-XjdwpOptions:suspend=n,server=y
01-01 08:00:08.993 243 243 I zygote : option[21]=-XjdwpProvider:default
01-01 08:00:08.993 243 243 I zygote : option[22]=-Xopaque-jni-ids:swapable
01-01 08:00:08.993 243 243 I zygote : option[23]=-Xcompiler-option
01-01 08:00:08.993 243 243 I zygote : option[24]=--instruction-set-variant=cortex-a7
01-01 08:00:08.993 243 243 I zygote : option[25]=-Xcompiler-option
01-01 08:00:08.993 243 243 I zygote : option[26]=--instruction-set-features=default
01-01 08:00:08.993 243 243 I zygote : option[27]=-Xcompiler-option
01-01 08:00:08.993 243 243 I zygote : option[28]=--generate-mini-debug-info
01-01 08:00:08.993 243 243 I zygote : option[29]=-Ximage-compiler-option
01-01 08:00:08.993 243 243 I zygote : option[30]=--runtime-arg
01-01 08:00:08.993 243 243 I zygote : option[31]=-Ximage-compiler-option
01-01 08:00:08.993 243 243 I zygote : option[32]=-Xms64m
01-01 08:00:08.993 243 243 I zygote : option[33]=-Ximage-compiler-option
01-01 08:00:08.993 243 243 I zygote : option[34]=--runtime-arg
01-01 08:00:08.993 243 243 I zygote : option[35]=-Ximage-compiler-option
01-01 08:00:08.993 243 243 I zygote : option[36]=-Xmx64m
01-01 08:00:08.993 243 243 I zygote : option[37]=-Ximage-compiler-option
01-01 08:00:08.993 243 243 I zygote : option[38]=--dirty-image-objects=/system/etc/dirty-image-objects
01-01 08:00:08.993 243 243 I zygote : option[39]=-Ximage-compiler-option
01-01 08:00:08.993 243 243 I zygote : option[40]=--instruction-set-variant=cortex-a7
01-01 08:00:08.993 243 243 I zygote : option[41]=-Ximage-compiler-option
01-01 08:00:08.993 243 243 I zygote : option[42]=--instruction-set-features=default
01-01 08:00:08.993 243 243 I zygote : option[43]=-Ximage-compiler-option
01-01 08:00:08.993 243 243 I zygote : option[44]=--generate-mini-debug-info
01-01 08:00:08.993 243 243 I zygote : option[45]=-Duser.locale=zh-CN
01-01 08:00:08.993 243 243 I zygote : option[46]=--cpu-abilist=armeabi-v7a,armeabi
01-01 08:00:08.993 243 243 I zygote : option[47]=-Xfingerprint:Dangbei/raven/raven:12/SP1A.211105.004/20250606.134233:user/release-keys
01-01 08:00:09.000 307 307 I xiriservice_All: type=1400 audit(0.0:253): avc: denied { watch } for path="/data/data" dev="mmcblk0p25" ino=88 scontext=u:r:init:s0 tcontext=u:object_r:system_data_file:s0:c512,c768 tclass=dir permissive=1
01-01 08:00:09.015 243 243 W zygote : ART APEX data files are untrusted.
01-01 08:00:09.028 327 327 I rainbow_flow: type=1400 audit(0.0:254): avc: denied { write } for name="spidev1.0" dev="tmpfs" ino=5830 scontext=u:r:init:s0 tcontext=u:object_r:device:s0 tclass=chr_file permissive=1
01-01 08:00:09.028 327 327 I rainbow_flow: type=1400 audit(0.0:255): avc: denied { open } for path="/dev/spidev1.0" dev="tmpfs" ino=5830 scontext=u:r:init:s0 tcontext=u:object_r:device:s0 tclass=chr_file permissive=1
01-01 08:00:09.028 327 327 I rainbow_flow: type=1400 audit(0.0:256): avc: denied { ioctl } for path="/dev/spidev1.0" dev="tmpfs" ino=5830 ioctlcmd=0x6b01 scontext=u:r:init:s0 tcontext=u:object_r:device:s0 tclass=chr_file permissive=1
01-01 08:00:09.045 328 328 I bootstat: Service started: /system/bin/bootstat --set_system_boot_reason
01-01 08:00:09.047 328 328 I bootstat: Canonical boot reason: reboot
01-01 08:00:09.047 328 328 I bootstat: Canonical boot reason: reboot
01-01 08:00:09.049 1 1 W FAT-fs (mmcblk0p24): Volume was not properly unmounted. Some data may be corrupt. Please run fsck.
01-01 08:00:09.058 268 268 I FastMixerState: sMaxFastTracks = 8
01-01 08:00:09.061 328 328 E bootstat: Failed to read /metadata/bootstat/persist.sys.boot.reason: No such file or directory
01-01 08:00:09.061 328 328 I bootstat: Value of persist.sys.boot.reason :
01-01 08:00:09.061 328 328 I bootstat: Normalized last reboot reason : reboot
01-01 08:00:09.072 268 268 V MediaUtils: physMem: 2055442432
01-01 08:00:09.072 268 268 V MediaUtils: requested limit: 411088480
01-01 08:00:09.072 268 268 I libc : malloc_limit: Allocation limit enabled, max size 411088480 bytes
01-01 08:00:09.073 268 268 I audioserver: ServiceManager: 0xed650420
01-01 08:00:09.074 268 268 W BatteryNotifier: batterystats service unavailable!
01-01 08:00:09.075 268 268 E cutils-trace: Error opening trace file: No such file or directory (2)
01-01 08:00:09.118 330 330 I perfetto: probes.cc:84 Starting /system/bin/traced_probes service
01-01 08:00:09.119 330 335 I perfetto: _activity_trigger.cc:71 mm_events ftrace instance not found. Triggering of traces on memory pressure will not be available on this device.
01-01 08:00:09.121 330 330 I perfetto: probes_producer.cc:129 Disconnected from tracing service
01-01 08:00:09.124 328 328 E bootstat: Failed to unlink /metadata/bootstat/persist.sys.boot.reason: No such file or directory
01-01 08:00:09.140 263 263 I EventThread: type=1400 audit(0.0:257): avc: denied { search } for name="extcon" dev="sysfs" ino=18109 scontext=u:r:hal_tv_cec_default:s0 tcontext=u:object_r:sysfs_extcon:s0 tclass=dir permissive=1
01-01 08:00:09.140 263 263 I EventThread: type=1400 audit(0.0:258): avc: denied { read } for name="u:object_r:default_prop:s0" dev="tmpfs" ino=2737 scontext=u:r:hal_tv_cec_default:s0 tcontext=u:object_r:default_prop:s0 tclass=file permissive=1
01-01 08:00:09.140 263 263 I EventThread: type=1400 audit(0.0:259): avc: denied { open } for path="/dev/__properties__/u:object_r:default_prop:s0" dev="tmpfs" ino=2737 scontext=u:r:hal_tv_cec_default:s0 tcontext=u:object_r:default_prop:s0 tclass=file permissive=1
01-01 08:00:09.140 263 263 I EventThread: type=1400 audit(0.0:260): avc: denied { getattr } for path="/dev/__properties__/u:object_r:default_prop:s0" dev="tmpfs" ino=2737 scontext=u:r:hal_tv_cec_default:s0 tcontext=u:object_r:default_prop:s0 tclass=file permissive=1
01-01 08:00:09.140 263 263 I EventThread: type=1400 audit(0.0:261): avc: denied { map } for path="/dev/__properties__/u:object_r:default_prop:s0" dev="tmpfs" ino=2737 scontext=u:r:hal_tv_cec_default:s0 tcontext=u:object_r:default_prop:s0 tclass=file permissive=1
01-01 08:00:09.148 327 327 I rainbow_flow: type=1400 audit(0.0:262): avc: denied { ioctl } for path="/dev/spidev1.0" dev="tmpfs" ino=5830 ioctlcmd=0x6b00 scontext=u:r:init:s0 tcontext=u:object_r:device:s0 tclass=chr_file permissive=1
01-01 08:00:09.160 337 337 I preloaddata: type=1400 audit(0.0:263): avc: denied { write search } for name="tmp" dev="mmcblk0p25" ino=86 scontext=u:r:toolbox:s0 tcontext=u:object_r:shell_data_file:s0 tclass=dir permissive=1
01-01 08:00:09.160 337 337 I preloaddata: type=1400 audit(0.0:264): avc: denied { getattr } for path="/data/local/tmp" dev="mmcblk0p25" ino=86 scontext=u:r:toolbox:s0 tcontext=u:object_r:shell_data_file:s0 tclass=dir permissive=1
01-01 08:00:09.179 336 336 W perfetto: service.cc:207 Started traced, listening on /dev/socket/traced_producer /dev/socket/traced_consumer
01-01 08:00:09.187 318 319 D XM_HIDREAD: add@ add@/devices/platform/uwe_bsp.0
01-01 08:00:09.184 324 324 I xiriservice_All: type=1400 audit(0.0:265): avc: denied { read } for scontext=u:r:init:s0 tcontext=u:r:init:s0 tclass=netlink_kobject_uevent_socket permissive=1
01-01 08:00:09.189 318 319 D XM_HIDREAD: add@ add@/devices/platform/uwe_bsp.0/wakeup/wakeup8
01-01 08:00:09.189 164 164 I WCN : marlin_init entry!
01-01 08:00:09.191 164 164 I WCN : unisoc wcn driver version: W25.23.5, build time: Jun 6 2025 09:54:14 (UTC)
01-01 08:00:09.191 164 164 I WCN : wcn config keep power on
01-01 08:00:09.191 164 164 I WCN : wcn config bt wake host
01-01 08:00:09.191 164 164 I WCN : marlin_registsr_bt_wake bt_hostwake gpio=208 intnum=237
01-01 08:00:09.192 164 164 I sdiohal : sdiohal_parse_dt adma_tx:1, adma_rx:1, pwrseq:0, irq type:data, gpio_num:0, blksize:840
01-01 08:00:09.203 318 319 D XM_HIDREAD: add@ add@/class/slog_wcn
01-01 08:00:09.196 164 164 E sdiohal err: sdio, BITS =64, PageSize =4096, order=6, 3
01-01 08:00:09.205 164 164 I sdiohal : sdiohal_init ok
01-01 08:00:09.207 318 319 D XM_HIDREAD: add@ add@/devices/virtual/slog_wcn/slog_wcn0
01-01 08:00:09.211 268 268 I ServiceManager: Waiting for service 'media.metrics' on '/dev/binder'...
01-01 08:00:09.211 318 319 D XM_HIDREAD: add@ add@/devices/virtual/slog_wcn/slog_wcn1
01-01 08:00:09.214 318 319 D XM_HIDREAD: add@ add@/devices/virtual/misc/wcn_op
01-01 08:00:09.214 275 275 D libEGL : loaded /vendor/lib/egl/libGLES_mali.so
01-01 08:00:09.215 318 319 D XM_HIDREAD: add@ add@/bus/platform/drivers/uwe_bsp
01-01 08:00:09.215 318 319 D XM_HIDREAD: add@ add@/module/uwe5621_bsp_sdio
01-01 08:00:09.216 164 164 I WCN : marlin_probe ok!
01-01 08:00:09.258 318 319 D XM_HIDREAD: add@ add@/devices/platform/mtty.0
01-01 08:00:09.259 318 319 D XM_HIDREAD: add@ add@/devices/virtual/tty/ttyBT0
01-01 08:00:09.256 164 164 E : uwe5621_bt_tty_init
01-01 08:00:09.261 164 164 E : mtty_probe unisoc soc, continue
01-01 08:00:09.262 164 164 I : mtty_probe init device addr: 0x000000008ec7706b
01-01 08:00:09.268 164 164 E : rfkill_bluetooth_init
01-01 08:00:09.270 318 319 D XM_HIDREAD: add@ add@/devices/platform/mtty.0/rfkill/rfkill1
01-01 08:00:09.273 164 164 E : rfkill_bluetooth_init end
01-01 08:00:09.278 164 164 E : marlin_sdio_init
01-01 08:00:09.280 318 319 D XM_HIDREAD: add@ add@/bus/platform/drivers/mtty
01-01 08:00:09.280 318 319 D XM_HIDREAD: add@ add@/module/sprdbt_tty
01-01 08:00:09.289 275 275 I RenderEngine: Realtime priority unsupported, degrading gracefully to high priority
01-01 08:00:09.340 330 330 I perfetto: probes_producer.cc:112 Connected to the service
01-01 08:00:09.356 1 1 I init : type=1400 audit(0.0:266): avc: denied { read } for name="ext_csd" dev="debugfs" ino=5715 scontext=u:r:init:s0 tcontext=u:object_r:debugfs_mmc:s0 tclass=file permissive=1
01-01 08:00:09.356 1 1 I init : type=1400 audit(0.0:267): avc: denied { open } for path="/sys/kernel/debug/mmc0/mmc0:0001/ext_csd" dev="debugfs" ino=5715 scontext=u:r:init:s0 tcontext=u:object_r:debugfs_mmc:s0 tclass=file permissive=1
01-01 08:00:09.380 361 361 I storaged: type=1400 audit(0.0:268): avc: denied { read } for path="/sys/kernel/debug/mmc0/mmc0:0001/ext_csd" dev="debugfs" ino=5715 scontext=u:r:storaged:s0 tcontext=u:object_r:debugfs_mmc:s0 tclass=file permissive=1
01-01 08:00:09.390 181 181 I hwservicemanager: getTransport: Cannot find entry android.hardware.graphics.mapper@4.0::IMapper/default in either framework or device VINTF manifest.
01-01 08:00:09.391 275 275 I Gralloc4: mapper 4.x is not supported
01-01 08:00:09.406 181 181 I hwservicemanager: getTransport: Cannot find entry android.hardware.graphics.mapper@3.0::IMapper/default in either framework or device VINTF manifest.
01-01 08:00:09.407 275 275 W Gralloc3: mapper 3.x is not supported
01-01 08:00:09.439 275 275 E gralloc : Arm Module v1.0
01-01 08:00:09.455 355 355 I installd: installd firing up
01-01 08:00:09.457 181 181 I hwservicemanager: getTransport: Cannot find entry android.hardware.graphics.allocator@4.0::IAllocator/default in either framework or device VINTF manifest.
01-01 08:00:09.470 275 275 W Gralloc4: allocator 4.x is not supported
01-01 08:00:09.471 181 181 I hwservicemanager: getTransport: Cannot find entry android.hardware.graphics.allocator@3.0::IAllocator/default in either framework or device VINTF manifest.
01-01 08:00:09.472 275 275 W Gralloc3: allocator 3.x is not supported
01-01 08:00:09.499 253 279 E ion : ioctl c0044901 failed with code -1: Inappropriate ioctl for device
01-01 08:00:09.500 253 279 I gralloc : alloc buffer:W:1 H:1 S:16 PL[1 1] SZ:64 fmt:1 if:0 af:1 usg:300 fg:00000004
01-01 08:00:09.501 275 275 E ion : ioctl c0044901 failed with code -1: Inappropriate ioctl for device
01-01 08:00:09.500 327 327 I rainbow_flow: type=1400 audit(0.0:269): avc: denied { ioctl } for path="/dev/spidev1.0" dev="tmpfs" ino=5830 ioctlcmd=0x6b00 scontext=u:r:init:s0 tcontext=u:object_r:device:s0 tclass=chr_file permissive=1
01-01 08:00:09.511 275 275 I RenderEngine: OpenGL ES informations:
01-01 08:00:09.512 275 275 I RenderEngine: vendor : ARM
01-01 08:00:09.512 275 275 I RenderEngine: renderer : Mali-G31
01-01 08:00:09.512 275 275 I RenderEngine: version : OpenGL ES 3.2 v1.r20p0-01rel0.9f6475d0baffb05079096179e1278b1d
01-01 08:00:09.512 275 275 I RenderEngine: extensions: GL_EXT_debug_marker GL_ARM_rgba8 GL_ARM_mali_shader_binary GL_OES_depth24 GL_OES_depth_texture GL_OES_depth_texture_cube_map GL_OES_packed_depth_stencil GL_OES_rgb8_rgba8 GL_EXT_read_format_bgra GL_OES_compressed_paletted_texture GL_OES_compressed_ETC1_RGB8_texture GL_OES_standard_derivatives GL_OES_EGL_image GL_OES_EGL_image_external GL_OES_EGL_image_external_essl3 GL_OES_EGL_sync GL_OES_texture_npot GL_OES_vertex_half_float GL_OES_required_internalformat GL_OES_vertex_array_object GL_OES_mapbuffer GL_EXT_texture_format_BGRA8888 GL_EXT_texture_rg GL_EXT_texture_type_2_10_10_10_REV GL_OES_fbo_render_mipmap GL_OES_element_index_uint GL_EXT_shadow_samplers GL_OES_texture_compression_astc GL_KHR_texture_compression_astc_ldr GL_KHR_texture_compression_astc_hdr GL_KHR_texture_compression_astc_sliced_3d GL_EXT_texture_compression_astc_decode_mode GL_EXT_texture_compression_astc_decode_mode_rgb9e5 GL_KHR_debug GL_EXT_occlusion_query_boolean GL_EXT_disjoint_timer_query GL_EXT_blend_minmax GL_EXT_discard_
01-01 08:00:09.512 275 275 I RenderEngine: GL_MAX_TEXTURE_SIZE = 8192
01-01 08:00:09.512 275 275 I RenderEngine: GL_MAX_VIEWPORT_DIMS = 8192
01-01 08:00:09.512 275 275 W libprocessgroup: Failed to open /dev/cpuset/system-background/tasks: Permission denied: Permission denied
01-01 08:00:09.512 275 275 W libprocessgroup: Failed to apply SFMainPolicy task profile: Permission denied
01-01 08:00:09.525 181 181 I hwservicemanager: getTransport: Cannot find entry android.hardware.graphics.mapper@4.0::IMapper/default in either framework or device VINTF manifest.
01-01 08:00:09.527 257 257 I ComposerResources: failed to get mapper 4.0 service, falling back to mapper 3.0
01-01 08:00:09.528 181 181 I hwservicemanager: getTransport: Cannot find entry android.hardware.graphics.mapper@3.0::IMapper/default in either framework or device VINTF manifest.
01-01 08:00:09.529 257 257 I ComposerResources: failed to get mapper 3.0 service, falling back to mapper 2.0
01-01 08:00:09.541 257 257 E gralloc : Arm Module v1.0
01-01 08:00:09.557 257 257 I sunxihwc: createDeviceFactory: IDeviceFactory from hardware/aw/display/hwc-hal/disp2/HomletDeviceFactory.cpp
01-01 08:00:09.557 257 257 I sunxihwc: Device name: raven
01-01 08:00:09.562 257 257 D sunxihwc: Device config file: /vendor/etc/dispconfigs/homlet-default.json
01-01 08:00:09.563 371 371 D WifiHWInfo: Start to load wireless module hardware info table...
01-01 08:00:09.562 364 364 I wificond: wificond is starting up...
01-01 08:00:09.563 257 257 D sunxihwc: Parse 'Display0' config
01-01 08:00:09.563 257 257 D sunxihwc: Parse 'Display1' config
01-01 08:00:09.564 257 376 I sunxihwc: threadLoop: EventThread start
01-01 08:00:09.565 371 371 D WifiHWInfo: Entry [01], BUS: SDIO, ID: 0x024C8179, Name: rtl8189es.
01-01 08:00:09.565 371 371 D WifiHWInfo: Entry [02], BUS: SDIO, ID: 0x024CB723, Name: rtl8723bs_vq0.
01-01 08:00:09.565 371 371 D WifiHWInfo: Entry [03], BUS: SDIO, ID: 0x024CB703, Name: rtl8723cs.
01-01 08:00:09.565 371 371 D WifiHWInfo: Entry [04], BUS: SDIO, ID: 0x024CD723, Name: rtl8723ds.
01-01 08:00:09.565 371 371 D WifiHWInfo: Entry [05], BUS: SDIO, ID: 0x024CF179, Name: rtl8189fs.
01-01 08:00:09.565 371 371 D WifiHWInfo: Entry [06], BUS: SDIO, ID: 0x024CB822, Name: rtl88x2bs.
01-01 08:00:09.565 371 371 D WifiHWInfo: Entry [07], BUS: USB, ID: 0x0BDAD723, Name: rtl8723du.
01-01 08:00:09.565 371 371 D WifiHWInfo: Entry [08], BUS: USB, ID: 0x0BDA8179, Name: rtl8188etv.
01-01 08:00:09.565 371 371 D WifiHWInfo: Entry [09], BUS: USB, ID: 0x0BDA0179, Name: rtl8188eu.
01-01 08:00:09.565 371 371 D WifiHWInfo: Entry [10], BUS: USB, ID: 0x0BDA818B, Name: rtl8192eu.
01-01 08:00:09.565 371 371 D WifiHWInfo: Entry [11], BUS: USB, ID: 0x0BDAB720, Name: rtl8723bu.
01-01 08:00:09.565 371 371 D WifiHWInfo: Entry [12], BUS: USB, ID: 0x0BDAC82C, Name: rtl8822cu.
01-01 08:00:09.565 371 371 D WifiHWInfo: Entry [13], BUS: USB, ID: 0x0BDAF179, Name: rtl8188fu.
01-01 08:00:09.565 371 371 D WifiHWInfo: Entry [14], BUS: SDIO, ID: 0x02D0A9A6, Name: ap6212.
01-01 08:00:09.565 371 371 D WifiHWInfo: Entry [15], BUS: SDIO, ID: 0x02D04330, Name: ap6330.
01-01 08:00:09.565 371 371 D WifiHWInfo: Entry [16], BUS: SDIO, ID: 0x02D04356, Name: ap6356s.
01-01 08:00:09.566 371 371 D WifiHWInfo: Entry [17], BUS: SDIO, ID: 0x02D0A9BF, Name: ap6255.
01-01 08:00:09.566 371 371 D WifiHWInfo: Entry [18], BUS: SDIO, ID: 0x02D04334, Name: bcm43342.
01-01 08:00:09.566 371 371 D WifiHWInfo: Entry [19], BUS: SDIO, ID: 0x00202281, Name: xr819.
01-01 08:00:09.566 371 371 D WifiHWInfo: Entry [20], BUS: SDIO, ID: 0x0A9E2282, Name: xr829.
01-01 08:00:09.566 371 371 D WifiHWInfo: Entry [21], BUS: SDIO, ID: 0x0271050A, Name: qca6174a.
01-01 08:00:09.566 371 371 D WifiHWInfo: Entry [22], BUS: SDIO, ID: 0x30303030, Name: ssv6x5x.
01-01 08:00:09.568 257 377 W displayd: xxxxxxx: threadedStartup begin
01-01 08:00:09.568 257 377 I sunxihwc: Device name: raven
01-01 08:00:09.569 257 377 D sunxihwc: Device config file: /vendor/etc/dispconfigs/homlet-default.json
01-01 08:00:09.570 371 371 D WifiHWInfo: Entry [23], BUS: SDIO, ID: 0x00000000, Name: uwe5621.
01-01 08:00:09.570 371 371 D WifiHWInfo: Entry [24], BUS: SDIO, ID: 0x54490145, Name: aic8800.
01-01 08:00:09.570 371 371 D WifiHWInfo: Entry [25], BUS: SDIO, ID: 0xC8A1C08D, Name: aic8800.
01-01 08:00:09.570 371 371 D WifiHWInfo: Entry [26], BUS: USB, ID: 0xA69C8800, Name: aic8800.
01-01 08:00:09.570 371 371 D WifiHWInfo: Entry [27], BUS: USB, ID: 0x007A8888, Name: atbm6023is.
01-01 08:00:09.570 371 371 D WifiHWInfo: Entry [28], BUS: SDIO, ID: 0x02E79086, Name: 9012p.
01-01 08:00:09.570 371 371 D WifiHWInfo: Entry [29], BUS: SDIO, ID: 0x007A6011, Name: atbm613x_wifi_sdio.
01-01 08:00:09.570 371 371 D WifiHWInfo: Entry [30], BUS: SDIO, ID: 0x024CC822, Name: 88x2cs.
01-01 08:00:09.570 371 371 D WifiHWInfo: Entry [31], BUS: SDIO, ID: 0x000018F0, Name: dummy.
01-01 08:00:09.570 371 371 D HWINFO : ********** Wireless information **********
01-01 08:00:09.571 371 371 D HWINFO : module vendor: sprd
01-01 08:00:09.571 371 371 D HWINFO : module name : uwe5621
01-01 08:00:09.571 371 371 D HWINFO : wifi hal name: libwifi-hal-sprd.so
01-01 08:00:09.571 371 371 D HWINFO : libbt-vendor : libbt-sprd.so
01-01 08:00:09.571 371 371 D HWINFO : is bt support: 1
01-01 08:00:09.571 371 371 D HWINFO : ******************************************
01-01 08:00:09.571 364 364 E cutils-trace: Error opening trace file: No such file or directory (2)
01-01 08:00:09.574 257 377 D sunxihwc: Parse 'Display0' config
01-01 08:00:09.576 257 377 D sunxihwc: Parse 'Display1' config
01-01 08:00:09.577 257 377 W displayd: xxxxxxx: HAL device config file: /vendor/etc/dispconfigs/homlet-default.json
01-01 08:00:09.577 257 377 W displayd: Displays (2 entries)
01-01 08:00:09.577 257 377 W displayd: + Display{id=0, framebuffer=1920x1080(override=1), dpi=160x160}
01-01 08:00:09.577 257 377 W displayd: DisplayEnginePortId=0
01-01 08:00:09.577 257 377 W displayd: InterfaceType=HDMI
01-01 08:00:09.577 257 377 W displayd: DefaultOutputMode=0
01-01 08:00:09.577 257 377 W displayd: HotplugSupported=0
01-01 08:00:09.577 257 377 W displayd: AfbcSupported=0
01-01 08:00:09.577 257 377 W displayd: HardwareRotateSupported=0
01-01 08:00:09.577 257 377 W displayd: BandwidthLimited=338800 Bytes per frame
01-01 08:00:09.577 257 377 W displayd: + Display{id=1, framebuffer=1920x1080(override=1), dpi=160x160}
01-01 08:00:09.577 257 377 W displayd: DisplayEnginePortId=1
01-01 08:00:09.577 257 377 W displayd: InterfaceType=CVBS
01-01 08:00:09.577 257 377 W displayd: DefaultOutputMode=0
01-01 08:00:09.577 257 377 W displayd: HotplugSupported=0
01-01 08:00:09.577 257 377 W displayd: AfbcSupported=0
01-01 08:00:09.577 257 377 W displayd: HardwareRotateSupported=0
01-01 08:00:09.577 257 377 W displayd: BandwidthLimited=338800 Bytes per frame
01-01 08:00:09.576 257 257 I MQ-Thread: type=1400 audit(0.0:270): avc: denied { read } for name="u:object_r:system_prop:s0" dev="tmpfs" ino=2864 scontext=u:r:hal_graphics_composer_default:s0 tcontext=u:object_r:system_prop:s0 tclass=file permissive=1
01-01 08:00:09.580 257 257 I MQ-Thread: type=1400 audit(0.0:271): avc: denied { open } for path="/dev/__properties__/u:object_r:system_prop:s0" dev="tmpfs" ino=2864 scontext=u:r:hal_graphics_composer_default:s0 tcontext=u:object_r:system_prop:s0 tclass=file permissive=1
01-01 08:00:09.580 257 257 I MQ-Thread: type=1400 audit(0.0:272): avc: denied { getattr } for path="/dev/__properties__/u:object_r:system_prop:s0" dev="tmpfs" ino=2864 scontext=u:r:hal_graphics_composer_default:s0 tcontext=u:object_r:system_prop:s0 tclass=file permissive=1
01-01 08:00:09.580 257 257 I MQ-Thread: type=1400 audit(0.0:273): avc: denied { map } for path="/dev/__properties__/u:object_r:system_prop:s0" dev="tmpfs" ino=2864 scontext=u:r:hal_graphics_composer_default:s0 tcontext=u:object_r:system_prop:s0 tclass=file permissive=1
01-01 08:00:09.583 257 377 W displayd: xxxxxxx: display output policy: dual
01-01 08:00:09.583 257 377 W displayd: xxxxxxx: Display.0 output type: 4
01-01 08:00:09.583 257 377 W displayd: xxxxxxx: Display.1 output type: 2
01-01 08:00:09.583 257 377 W displayd: xxxxxxx: createDevice: type=4 on port 0
01-01 08:00:09.580 257 257 I MQ-Thread: type=1400 audit(0.0:274): avc: denied { read } for name="u:object_r:default_prop:s0" dev="tmpfs" ino=2737 scontext=u:r:hal_graphics_composer_default:s0 tcontext=u:object_r:default_prop:s0 tclass=file permissive=1
01-01 08:00:09.580 257 257 I MQ-Thread: type=1400 audit(0.0:275): avc: denied { open } for path="/dev/__properties__/u:object_r:default_prop:s0" dev="tmpfs" ino=2737 scontext=u:r:hal_graphics_composer_default:s0 tcontext=u:object_r:default_prop:s0 tclass=file permissive=1
01-01 08:00:09.580 257 257 I MQ-Thread: type=1400 audit(0.0:276): avc: denied { getattr } for path="/dev/__properties__/u:object_r:default_prop:s0" dev="tmpfs" ino=2737 scontext=u:r:hal_graphics_composer_default:s0 tcontext=u:object_r:default_prop:s0 tclass=file permissive=1
01-01 08:00:09.580 257 257 I MQ-Thread: type=1400 audit(0.0:277): avc: denied { map } for path="/dev/__properties__/u:object_r:default_prop:s0" dev="tmpfs" ino=2737 scontext=u:r:hal_graphics_composer_default:s0 tcontext=u:object_r:default_prop:s0 tclass=file permissive=1
01-01 08:00:09.585 257 377 W displayd: xxxxxxx: Device hdmi init
01-01 08:00:09.585 257 377 W displayd: xxxxxxx: createDevice: type=2 on port 1
01-01 08:00:09.585 257 377 W displayd: xxxxxxx: Device cvbs init
01-01 08:00:09.585 257 377 W displayd: xxxxxxx: Initizlize display device mapping
01-01 08:00:09.585 257 377 D displayd: xxxxxxx: updateConnectState: type=-1 connected=-1
01-01 08:00:09.584 257 257 I MQ-Thread: type=1400 audit(0.0:278): avc: denied { getattr } for path="/sys/devices/platform/soc@3000000/6520000.tv0/extcon/extcon1/state" dev="sysfs" ino=19386 scontext=u:r:hal_graphics_composer_default:s0 tcontext=u:object_r:sysfs:s0 tclass=file permissive=1
01-01 08:00:09.586 257 377 W displayd: xxxxxxx: platformGetDeviceConnectStatePath:
01-01 08:00:09.586 257 377 W displayd: hdmi: /sys/class/extcon/extcon0/state
01-01 08:00:09.586 257 377 W displayd: cvbs: /sys/class/extcon/extcon1/state
01-01 08:00:09.586 257 377 D displayd: xxxxxxx: updated: type=2 connected=0
01-01 08:00:09.586 257 377 D displayd: xxxxxxx: updated: type=4 connected=1
01-01 08:00:09.586 257 377 W displayd: xxxxxxx: setupDefaultOutput: hdmi user strategy: 255
01-01 08:00:09.587 257 377 W edid : Parse block0:
01-01 08:00:09.587 257 377 W edid : Extension block count: 1
01-01 08:00:09.594 366 366 D dom2reg : timezone change, new: Asia/Shanghai, pre:
01-01 08:00:09.595 366 366 D dom2reg : convert timezone to alpha2 country code: CN
01-01 08:00:09.599 257 377 W edid : Parse CEA extension block (version: 3)
01-01 08:00:09.599 257 377 W edid : CEA data length: 49 bytes
01-01 08:00:09.599 257 377 E edid : parseCeaDataBlocks:unhandled EXTENDED_TAG code0
01-01 08:00:09.596 1 1 I /system/bin/init: type=1107 audit(0.0:279): uid=0 auid=4294967295 ses=4294967295 subj=u:r:init:s0 msg='avc: denied { set } for property=vendor.sys.tv_vdid_fex pid=257 uid=1000 gid=1003 scontext=u:r:hal_graphics_composer_default:s0 tcontext=u:object_r:vendor_default_prop:s0 tclass=property_service permissive=1'
01-01 08:00:09.601 257 377 W displayd: xxxxxxx: performDefaultConfig dirty=0
01-01 08:00:09.601 257 377 W displayd: xxxxxxx: Old config: type[4] mode[10] pixelformat[0] bits[0] eotf[4] colorspace[257]
01-01 08:00:09.601 257 377 W displayd: xxxxxxx: New config: type[4] mode[10] pixelformat[0] bits[0] eotf[4] colorspace[257]
01-01 08:00:09.601 257 377 I sunxihwc: switchDevice: display[1]: type=2 mode=0 enable=0
01-01 08:00:09.601 257 377 I sunxihwc: switchDevice: display[0]: type=4 mode=10 enable=1
01-01 08:00:09.601 257 377 I sunxihwc: setMargin: display[0]: margin 100 100 100 100
01-01 08:00:09.605 366 366 D dom2reg : regulatory set to [CN] success(0)
01-01 08:00:09.606 257 257 I HidlServiceManagement: Registered vendor.display.config@1.0::IDisplayConfig/default
01-01 08:00:09.606 257 257 D android.hardware.graphics.composer@2.2-service: IDisplayConfig register: ok
01-01 08:00:09.606 257 257 I sunxihwc: initialize: DisplayConfigService init: ok
01-01 08:00:09.607 257 257 D sunxihwc: setHotplugState: mbHotplug = 1
01-01 08:00:09.607 257 257 I sunxihwc: createSyncTimeline: DisplayEngine Frequency: 696000000 Hz
01-01 08:00:09.607 257 257 I sunxihwc: setup: timeline0 create
01-01 08:00:09.607 257 257 E sunxihwc: readFromFile: Could not open '/sys/firmware/devicetree/base/dram/dram_clk', No such file or directory(2)
01-01 08:00:09.607 257 257 E sunxihwc: readFromFile: Could not open '/sys/firmware/devicetree/base/dram/dram_mr1', No such file or directory(2)
01-01 08:00:09.607 257 257 E sunxihwc: readFromFile: Could not open '/sys/firmware/devicetree/base/dram/dram_type', No such file or directory(2)
01-01 08:00:09.607 257 257 I sunxihwc: getDramInfoFromDeviceTree: draminfo: freq 0 MHz, bus width 32 bits, type 0
01-01 08:00:09.607 257 257 I sunxihwc: computeEffectiveBandwidth: dram effective bandwidth: 0 MBytes
01-01 08:00:09.607 257 257 E sunxihwc: calculateBandwidthLimitation: getDramFrequency return error(0), fallback to default bandwidth config
01-01 08:00:09.607 257 257 I sunxihwc: setup: Bandwidth limitation: 49152000 Bytes per frame
01-01 08:00:09.610 257 257 I sunxihwc: setDisplaydCb: get mDisplaydCb =0x0x696c4372
01-01 08:00:09.610 257 257 I sunxihwc: updateConnectedDevices: display[0] connected=1 type=4 device=0xf6f64d0c
01-01 08:00:09.611 257 257 I sunxihwc: updateConnectedDevices: display[1] connected=0 type=2 device=0x0
01-01 08:00:09.611 257 257 E sunxihwc: notifyDeviceChanged: DeviceChangedListener not register yet!
01-01 08:00:09.611 257 257 I sunxihwc: setVendorInterface: register IVendorInterface: 0xf709f310
01-01 08:00:09.611 257 257 D sunxihwc: HAL device config file: /vendor/etc/dispconfigs/homlet-default.json
01-01 08:00:09.611 257 257 D sunxihwc: Displays (2 entries)
01-01 08:00:09.611 257 257 D sunxihwc: + Display{id=0, framebuffer=1920x1080(override=1), dpi=160x160}
01-01 08:00:09.611 257 257 D sunxihwc: DisplayEnginePortId=0
01-01 08:00:09.611 257 257 D sunxihwc: InterfaceType=HDMI
01-01 08:00:09.611 257 257 D sunxihwc: DefaultOutputMode=0
01-01 08:00:09.611 257 257 D sunxihwc: HotplugSupported=0
01-01 08:00:09.611 257 257 D sunxihwc: AfbcSupported=0
01-01 08:00:09.611 257 257 D sunxihwc: HardwareRotateSupported=0
01-01 08:00:09.611 257 257 D sunxihwc: BandwidthLimited=338800 Bytes per frame
01-01 08:00:09.611 257 257 D sunxihwc: + Display{id=1, framebuffer=1920x1080(override=1), dpi=160x160}
01-01 08:00:09.611 257 257 D sunxihwc: DisplayEnginePortId=1
01-01 08:00:09.611 257 257 D sunxihwc: InterfaceType=CVBS
01-01 08:00:09.611 257 257 D sunxihwc: DefaultOutputMode=0
01-01 08:00:09.611 257 257 D sunxihwc: HotplugSupported=0
01-01 08:00:09.611 257 257 D sunxihwc: AfbcSupported=0
01-01 08:00:09.611 257 257 D sunxihwc: HardwareRotateSupported=0
01-01 08:00:09.611 257 257 D sunxihwc: BandwidthLimited=338800 Bytes per frame
01-01 08:00:09.611 257 257 W sunxihwc: bringupDevices: display.1 was off, request type 2, try to bringup it!
01-01 08:00:09.611 257 257 D sunxihwc: enqueueEvent: enqueueEvent: event 1
01-01 08:00:09.611 257 257 I sunxihwc: waitForHotplugIssued: Wait for display connect
01-01 08:00:09.611 257 377 W displayd: xxxxxxx: Turen on display(0), margin(100,100,100,100)
01-01 08:00:09.611 257 376 W sunxihwc: deviceChangedEventProcess: Display.0 (hdmi0) connect
01-01 08:00:09.611 257 376 I sunxihwc: onHotplugReceived: display(0) connect state[1]
01-01 08:00:09.611 257 377 W displayd: xxxxxxx: Current device mapping:
01-01 08:00:09.611 257 377 W displayd: + display [1]: enable=0 type=2 mode=0
01-01 08:00:09.611 257 377 W displayd: + display [0]: enable=1 type=4 mode=10
01-01 08:00:09.611 257 376 I sunxihwc: onHotplugReceived: display size: 0 display.0 0 display.1 0 display.0 0
01-01 08:00:09.611 257 377 I sunxihwc: registerCallback: registerCallback mEventCallback =0x0
01-01 08:00:09.611 257 377 I sunxihwc: setDisplaydCb: get mDisplaydCb =0x0xf70d3370
01-01 08:00:09.611 257 376 W sunxihwc: onHotplugReceived: display(0) is 0xf6f65010
01-01 08:00:09.611 257 376 D sunxihwc: setDisplays: display =0xf6f65010
01-01 08:00:09.611 257 376 D sunxihwc: setDisplays: display size=1
01-01 08:00:09.611 257 376 D sunxihwc: setHotplugState: mbHotplug = 0
01-01 08:00:09.611 364 364 I HidlServiceManagement: Registered android.system.wifi.keystore@1.0::IKeystore/default
01-01 08:00:09.611 257 377 W displayd: xxxxxxx: threadedStartup end
01-01 08:00:09.612 275 275 I SurfaceFlinger: onComposerHalHotplug(0, connected)
01-01 08:00:09.612 275 275 I HWComposer: Switching to legacy multi-display mode
01-01 08:00:09.613 275 275 E HWComposer: getAttribute: getDisplayAttribute failed for display 0: BadConfig (1)
01-01 08:00:09.613 275 275 E HWComposer: getDisplayConnectionType: getDisplayConnectionType failed for display 0: Unsupported (8)
01-01 08:00:09.614 265 265 I display.output-service: platform is homlet
01-01 08:00:09.614 275 385 W EventThread: Ignoring VSYNC request while display is disconnected
01-01 08:00:09.614 275 385 W EventThread: Ignoring VSYNC request while display is disconnected
01-01 08:00:09.615 275 386 W EventThread: Ignoring VSYNC request while display is disconnected
01-01 08:00:09.615 275 386 W EventThread: Ignoring VSYNC request while display is disconnected
01-01 08:00:09.615 180 180 I servicemanager: Found vendor.display.output.IDisplayOutputManager/default in device VINTF manifest.
01-01 08:00:09.615 275 385 W EventThread: Ignoring VSYNC request while display is disconnected
01-01 08:00:09.615 275 385 W EventThread: Ignoring VSYNC request while display is disconnected
01-01 08:00:09.615 257 381 I sunxihwc: threadLoop: set CommitThread priority as HAL_PRIORITY_URGENT_DISPLAY
01-01 08:00:09.616 257 257 D sunxihwc: getHdrCapabilities: getHdrCapabilities: support hdr10 and hlg
01-01 08:00:09.616 275 275 W HwcComposer: getPerFrameMetadataKeys failed with 8
01-01 08:00:09.622 253 279 I gralloc : alloc buffer:W:1920 H:1080 S:1920 PL[1920 1080] SZ:8294400 fmt:1 if:0 af:1 usg:1b00 fg:00000004
01-01 08:00:09.622 257 382 I sunxihwc: pollThreadLoop: polling VsyncThread start
01-01 08:00:09.627 253 253 I gralloc : alloc buffer:W:1920 H:1080 S:1920 PL[1920 1080] SZ:8294400 fmt:1 if:0 af:1 usg:1b00 fg:00000004
01-01 08:00:09.628 275 275 I SurfaceFlinger: Dispatching display hotplug event displayId=0, connected=1
