01-01 08:00:12.215 180 180 E servicemanager: Could not find android.hardware.power.stats.IPowerStats/default in the VINTF manifest.
01-01 08:00:12.216 475 524 I SystemConfig: Reading permissions from /vendor/etc/permissions/android.software.opengles.deqp.level.xml
01-01 08:00:12.218 181 181 I hwservicemanager: getTransport: Cannot find entry android.hardware.power.stats@1.0::IPowerStats/default in either framework or device VINTF manifest.
01-01 08:00:12.219 475 524 I SystemConfig: Reading permissions from /vendor/etc/permissions/android.software.vulkan.deqp.level.xml
01-01 08:00:12.219 475 475 E PowerStatsService: Unable to get power.stats HAL service.
01-01 08:00:12.219 475 475 E PowerStatsService: nativeInit failed to connect to power.stats HAL
01-01 08:00:12.220 475 475 I SystemServerTiming: StartIStatsService
01-01 08:00:12.221 475 524 I SystemConfig: Reading permissions from /vendor/etc/permissions/android.hardware.bluetooth_le.xml
01-01 08:00:12.221 181 181 I hwservicemanager: getTransport: Cannot find entry android.frameworks.stats@1.0::IStats/default in either framework or device VINTF manifest.
01-01 08:00:12.222 475 475 E HidlServiceManagement: Service android.frameworks.stats@1.0::IStats/default must be in VINTF manifest in order to register/get.
01-01 08:00:12.222 475 475 W system_server: Cannot register HIDL android.frameworks.stats@1.0::IStats: -2147483648
01-01 08:00:12.223 180 180 I servicemanager: Found android.frameworks.stats.IStats/default in framework VINTF manifest.
01-01 08:00:12.223 475 475 I SystemServerTiming: MemtrackProxyService
01-01 08:00:12.224 475 524 I SystemConfig: Reading permissions from /vendor/etc/permissions/android.hardware.camera.flash-autofocus.xml
01-01 08:00:12.224 181 181 I hwservicemanager: getTransport: Cannot find entry android.hardware.memtrack@1.0::IMemtrack/default in either framework or device VINTF manifest.
01-01 08:00:12.225 180 180 E servicemanager: Could not find android.hardware.memtrack.IMemtrack/default in the VINTF manifest.
01-01 08:00:12.225 475 524 I SystemConfig: Reading permissions from /vendor/etc/permissions/android.hardware.keystore.app_attest_key.xml
01-01 08:00:12.225 475 475 I Stability: Interface set with vintf stability wire protocol version 1 downgraded to system stability wire protocol version 1 stability
01-01 08:00:12.226 475 475 I SystemServerTiming: StartActivityManager
01-01 08:00:12.226 475 475 I SystemServiceManager: Starting com.android.server.wm.ActivityTaskManagerService$Lifecycle
01-01 08:00:12.224 514 514 I BootAnimation: type=1400 audit(0.0:292): avc: denied { search } for name="data" dev="mmcblk0p25" ino=88 scontext=u:r:bootanim:s0 tcontext=u:object_r:system_data_file:s0:c512,c768 tclass=dir permissive=1
01-01 08:00:12.233 181 181 I hwservicemanager: getTransport: Cannot find entry android.hardware.configstore@1.0::ISurfaceFlingerConfigs/default in either framework or device VINTF manifest.
01-01 08:00:12.233 475 524 I SystemConfig: Reading permissions from /vendor/etc/permissions/android.hardware.vulkan.level.xml
01-01 08:00:12.238 475 475 I SystemServiceManager: Starting com.android.server.am.ActivityManagerService$Lifecycle
01-01 08:00:12.240 475 524 I SystemConfig: Reading permissions from /vendor/etc/permissions/android.hardware.camera.external.xml
01-01 08:00:12.243 475 524 I SystemConfig: Reading permissions from /vendor/etc/permissions/android.software.verified_boot.xml
01-01 08:00:12.247 475 524 I SystemConfig: Reading permissions from /vendor/etc/permissions/android.hardware.bluetooth.xml
01-01 08:00:12.249 475 524 I SystemConfig: Reading permissions from /vendor/etc/permissions/tv_core_hardware.xml
01-01 08:00:12.251 475 524 I SystemConfig: Reading permissions from /vendor/etc/permissions/android.hardware.touchscreen.multitouch.xml
01-01 08:00:12.256 475 524 I SystemConfig: Reading permissions from /product/etc/sysconfig/preinstalled-packages-platform-overlays.xml
01-01 08:00:12.258 475 475 I ActivityManager: Memory class: 256
01-01 08:00:12.260 475 524 I SystemConfig: Reading permissions from /product/etc/sysconfig/preinstalled-packages-platform-handheld-product.xml
01-01 08:00:12.264 475 524 I SystemConfig: Reading permissions from /product/etc/permissions/com.android.tv.xml
01-01 08:00:12.265 475 538 I Binder : Setting heavy hitter watcher config: false, 0, 0.0
01-01 08:00:12.267 475 524 I SystemConfig: Reading permissions from /product/etc/permissions/com.android.settings.intelligence.xml
01-01 08:00:12.270 475 524 W SystemConfig: No directory /system_ext/etc/sysconfig, skipping
01-01 08:00:12.270 514 527 D BootAnimation: BootAnimationShownTiming start time: 10209ms
01-01 08:00:12.271 475 524 I SystemConfig: Reading permissions from /system_ext/etc/permissions/com.android.carrierconfig.xml
01-01 08:00:12.274 475 524 I SystemConfig: Reading permissions from /system_ext/etc/permissions/com.softwinner.screenshot.xml
01-01 08:00:12.279 475 524 I SystemConfig: Reading permissions from /system_ext/etc/permissions/privapp-settingssetup.xml
01-01 08:00:12.281 475 524 I SystemConfig: Reading permissions from /system_ext/etc/permissions/com.android.storagemanager.xml
01-01 08:00:12.284 475 524 I SystemConfig: Reading permissions from /system_ext/etc/permissions/com.android.tv.settings.xml
01-01 08:00:12.286 475 524 I SystemConfig: Reading permissions from /system_ext/etc/permissions/provision-permissions.xml
01-01 08:00:12.288 475 524 I SystemConfig: Reading permissions from /system_ext/etc/permissions/com.android.provision.xml
01-01 08:00:12.290 475 524 I SystemConfig: Reading permissions from /system_ext/etc/permissions/com.android.systemui.xml
01-01 08:00:12.297 475 524 I SystemConfig: Reading permissions from /apex/com.android.ipsec/etc/permissions/android.net.ipsec.ike.xml
01-01 08:00:12.308 475 524 W SystemConfig: Failed to read public libraries file /vendor/etc/public.libraries.txt
01-01 08:00:12.308 475 524 W SystemConfig: java.io.FileNotFoundException: /vendor/etc/public.libraries.txt: open failed: ENOENT (No such file or directory)
01-01 08:00:12.308 475 524 W SystemConfig: at libcore.io.IoBridge.open(IoBridge.java:575)
01-01 08:00:12.308 475 524 W SystemConfig: at java.io.FileInputStream.(FileInputStream.java:160)
01-01 08:00:12.308 475 524 W SystemConfig: at java.io.FileReader.(FileReader.java:72)
01-01 08:00:12.308 475 524 W SystemConfig: at com.android.server.SystemConfig.readPublicLibrariesListFile(SystemConfig.java:1601)
01-01 08:00:12.308 475 524 W SystemConfig: at com.android.server.SystemConfig.readPublicNativeLibrariesList(SystemConfig.java:1583)
01-01 08:00:12.308 475 524 W SystemConfig: at com.android.server.SystemConfig.(SystemConfig.java:484)
01-01 08:00:12.308 475 524 W SystemConfig: at com.android.server.SystemConfig.getInstance(SystemConfig.java:272)
01-01 08:00:12.308 475 524 W SystemConfig: at com.android.server.SystemServer$$ExternalSyntheticLambda7.run(Unknown Source:0)
01-01 08:00:12.308 475 524 W SystemConfig: at com.android.server.SystemServerInitThreadPool.lambda$submitTask$0$SystemServerInitThreadPool(SystemServerInitThreadPool.java:105)
01-01 08:00:12.308 475 524 W SystemConfig: at com.android.server.SystemServerInitThreadPool$$ExternalSyntheticLambda0.run(Unknown Source:6)
01-01 08:00:12.308 475 524 W SystemConfig: at java.util.concurrent.Executors$RunnableAdapter.call(Executors.java:462)
01-01 08:00:12.308 475 524 W SystemConfig: at java.util.concurrent.FutureTask.run(FutureTask.java:266)
01-01 08:00:12.308 475 524 W SystemConfig: at java.util.concurrent.ThreadPoolExecutor.runWorker(ThreadPoolExecutor.java:1167)
01-01 08:00:12.308 475 524 W SystemConfig: at java.util.concurrent.ThreadPoolExecutor$Worker.run(ThreadPoolExecutor.java:641)
01-01 08:00:12.308 475 524 W SystemConfig: at com.android.internal.util.ConcurrentUtils$1$1.run(ConcurrentUtils.java:65)
01-01 08:00:12.308 475 524 W SystemConfig: Caused by: android.system.ErrnoException: open failed: ENOENT (No such file or directory)
01-01 08:00:12.308 475 524 W SystemConfig: at libcore.io.Linux.open(Native Method)
01-01 08:00:12.308 475 524 W SystemConfig: at libcore.io.ForwardingOs.open(ForwardingOs.java:567)
01-01 08:00:12.308 475 524 W SystemConfig: at libcore.io.BlockGuardOs.open(BlockGuardOs.java:273)
01-01 08:00:12.308 475 524 W SystemConfig: at libcore.io.IoBridge.open(IoBridge.java:561)
01-01 08:00:12.308 475 524 W SystemConfig: ... 14 more
01-01 08:00:12.311 475 524 D SystemServerInitThreadPool: Finished executing ReadingSystemConfig
01-01 08:00:12.334 181 181 I hwservicemanager: getTransport: Cannot find entry android.hardware.graphics.mapper@4.0::IMapper/default in either framework or device VINTF manifest.
01-01 08:00:12.334 514 527 I Gralloc4: mapper 4.x is not supported
01-01 08:00:12.335 181 181 I hwservicemanager: getTransport: Cannot find entry android.hardware.graphics.mapper@3.0::IMapper/default in either framework or device VINTF manifest.
01-01 08:00:12.335 514 527 W Gralloc3: mapper 3.x is not supported
01-01 08:00:12.343 514 527 E gralloc : Arm Module v1.0
01-01 08:00:12.344 181 181 I hwservicemanager: getTransport: Cannot find entry android.hardware.graphics.allocator@4.0::IAllocator/default in either framework or device VINTF manifest.
01-01 08:00:12.344 514 527 W Gralloc4: allocator 4.x is not supported
01-01 08:00:12.345 181 181 I hwservicemanager: getTransport: Cannot find entry android.hardware.graphics.allocator@3.0::IAllocator/default in either framework or device VINTF manifest.
01-01 08:00:12.345 514 527 W Gralloc3: allocator 3.x is not supported
01-01 08:00:12.350 475 506 W Zygote : Class not found for preloading: android.view.SurfaceView$2
01-01 08:00:12.350 253 390 I gralloc : alloc buffer:W:1920 H:1080 S:1920 PL[1920 1080] SZ:8294400 fmt:43 if:0 af:43 usg:20000b00 fg:00000004
01-01 08:00:12.351 514 527 E ion : ioctl c0044901 failed with code -1: Inappropriate ioctl for device
01-01 08:00:12.382 475 475 D BatteryStatsImpl: Reading daily items from /data/system/batterystats-daily.xml
01-01 08:00:12.388 275 275 I SurfaceFlinger: Enter boot animation
01-01 08:00:12.391 257 257 E ion : ioctl c0044901 failed with code -1: Inappropriate ioctl for device
01-01 08:00:12.396 381 381 I : DVI mode selected: packets not configured
01-01 08:00:12.396 381 381 I : Error: set vsif failed
01-01 08:00:12.402 181 181 I hwservicemanager: getTransport: Cannot find entry android.hardware.power.stats@1.0::IPowerStats/default in either framework or device VINTF manifest.
01-01 08:00:12.403 475 545 E BatteryStatsService: Unable to load Power.Stats.HAL. Setting rail availability to false
01-01 08:00:12.406 475 545 E BluetoothAdapter: Bluetooth binder is null
01-01 08:00:12.408 475 545 I KernelCpuUidFreqTimeReader: mPerClusterTimesAvailable=false
01-01 08:00:12.413 475 545 W KernelCpuUidFreqTimeBpfMapReader: Failed to start tracking
01-01 08:00:12.414 475 545 W KernelCpuProcStringReader: File not found. It's normal if not implemented: /proc/uid_time_in_state
01-01 08:00:12.415 475 545 W KernelCpuUidActiveTimeBpfMapReader: Failed to start tracking
01-01 08:00:12.418 475 545 W KernelCpuProcStringReader: File not found. It's normal if not implemented: /proc/uid_concurrent_active_time
01-01 08:00:12.418 475 545 W KernelCpuUidClusterTimeBpfMapReader: Failed to start tracking
01-01 08:00:12.420 475 545 W KernelCpuProcStringReader: File not found. It's normal if not implemented: /proc/uid_concurrent_policy_time
01-01 08:00:12.423 475 545 E KernelCpuSpeedReader: Failed to read cpu-freq: /sys/devices/system/cpu/cpu0/cpufreq/stats/time_in_state: open failed: ENOENT (No such file or directory)
01-01 08:00:12.424 475 545 E system_server: Cannot read thread CPU times for PID 475
01-01 08:00:12.436 204 204 I Binder:204_2: type=1400 audit(0.0:293): avc: denied { read } for name="event_count" dev="sysfs" ino=22115 scontext=u:r:system_suspend:s0 tcontext=u:object_r:sysfs:s0 tclass=file permissive=1
01-01 08:00:12.436 204 204 I Binder:204_2: type=1400 audit(0.0:294): avc: denied { open } for path="/sys/devices/platform/soc@3000000/7040000.s_cir/wakeup/wakeup4/event_count" dev="sysfs" ino=22115 scontext=u:r:system_suspend:s0 tcontext=u:object_r:sysfs:s0 tclass=file permissive=1
01-01 08:00:12.436 204 204 I Binder:204_2: type=1400 audit(0.0:295): avc: denied { getattr } for path="/sys/devices/platform/soc@3000000/7040000.s_cir/wakeup/wakeup4/event_count" dev="sysfs" ino=22115 scontext=u:r:system_suspend:s0 tcontext=u:object_r:sysfs:s0 tclass=file permissive=1
01-01 08:00:12.441 253 390 I gralloc : alloc buffer:W:1920 H:1080 S:1920 PL[1920 1080] SZ:8294400 fmt:43 if:0 af:43 usg:20000b00 fg:00000004
01-01 08:00:12.448 475 545 W KernelMemoryBandwidthStats: No kernel memory bandwidth stats available
01-01 08:00:12.459 381 381 I : DVI mode selected: packets not configured
01-01 08:00:12.459 381 381 I : Error: set vsif failed
01-01 08:00:12.525 381 381 I : DVI mode selected: packets not configured
01-01 08:00:12.525 381 381 I : Error: set vsif failed
01-01 08:00:12.574 381 381 I : DVI mode selected: packets not configured
01-01 08:00:12.574 381 381 I : Error: set vsif failed
01-01 08:00:12.613 475 506 I Zygote : ...preloaded 7337 classes in 1031ms.
01-01 08:00:12.614 475 505 I Zygote : Called ZygoteHooks.endPreload()
01-01 08:00:12.615 475 505 I Zygote : Installed AndroidKeyStoreProvider in 1ms.
01-01 08:00:12.624 381 381 I : DVI mode selected: packets not configured
01-01 08:00:12.624 381 381 I : Error: set vsif failed
01-01 08:00:12.633 475 505 I Zygote : Warmed up JCA providers in 18ms.
01-01 08:00:12.633 475 505 D Zygote : Zygote:ThreadPreadloadClass took 1052ms.
01-01 08:00:12.691 381 381 I : DVI mode selected: packets not configured
01-01 08:00:12.691 381 381 I : Error: set vsif failed
01-01 08:00:12.741 381 381 I : DVI mode selected: packets not configured
01-01 08:00:12.741 381 381 I : Error: set vsif failed
01-01 08:00:12.747 475 475 I IntentFirewall: Read new rules (A:0 B:0 S:0)
01-01 08:00:12.763 475 475 E libprocessgroup: Failed to open /dev/memcg/apps: Permission denied
01-01 08:00:12.768 475 475 D AppOps : AppOpsService published
01-01 08:00:12.770 475 475 I SystemServerTiming: StartDataLoaderManagerService
01-01 08:00:12.770 475 475 I SystemServiceManager: Starting com.android.server.pm.DataLoaderManagerService
01-01 08:00:12.774 475 475 I SystemServerTiming: StartIncrementalService
01-01 08:00:12.777 475 475 I incfs-mounts: [incfs] Loaded incremental-fs mount info: 0 instances, 0 mount points
01-01 08:00:12.779 475 475 I SystemServerTiming: StartPowerManager
01-01 08:00:12.779 475 475 I SystemServiceManager: Starting com.android.server.power.PowerManagerService
01-01 08:00:12.791 381 381 I : DVI mode selected: packets not configured
01-01 08:00:12.791 381 381 I : Error: set vsif failed
01-01 08:00:12.791 180 180 I servicemanager: Found android.hardware.power.IPower/default in device VINTF manifest.
01-01 08:00:12.794 181 181 I hw-BpHwBinder: onLastStrongRef automatically unlinking death recipients
01-01 08:00:12.796 262 262 I AW_PowerHAL: Power setMode: INTERACTIVE to: 1
01-01 08:00:12.796 262 262 I AW_PowerHAL: not completed yet, ignore mode request other
01-01 08:00:12.796 262 262 I AW_PowerHAL: check: Mode 0 not Supported ,do nothing
01-01 08:00:12.798 475 475 I SystemServerTiming: StartThermalManager
01-01 08:00:12.798 475 475 I SystemServiceManager: Starting com.android.server.power.ThermalManagerService
01-01 08:00:12.800 475 475 I SystemServerTiming: StartHintManager
01-01 08:00:12.800 475 475 I SystemServiceManager: Starting com.android.server.power.hint.HintManagerService
01-01 08:00:12.802 475 475 E PowerHalController: getHintSessionPreferredRate failed: Status(-129, EX_TRANSACTION_FAILED): 'UNKNOWN_TRANSACTION: '
01-01 08:00:12.804 475 475 I SystemServerTiming: InitPowerManagement
01-01 08:00:12.807 475 475 I SystemServerTiming: StartRecoverySystemService
01-01 08:00:12.807 475 475 I SystemServiceManager: Starting com.android.server.recoverysystem.RecoverySystemService$Lifecycle
01-01 08:00:12.811 475 475 I PackageWatchdog: Syncing state, reason: added new observer
01-01 08:00:12.811 475 475 I PackageWatchdog: Not pruning observers, elapsed time: 0ms
01-01 08:00:12.811 475 475 I PackageWatchdog: Cancelling state sync, nothing to sync
01-01 08:00:12.811 475 537 I PackageWatchdog: Saving observer state to file
01-01 08:00:12.816 475 475 I SystemServerTiming: StartLightsService
01-01 08:00:12.817 475 475 I SystemServiceManager: Starting com.android.server.lights.LightsService
01-01 08:00:12.821 180 180 I servicemanager: Found android.hardware.light.ILights/default in device VINTF manifest.
01-01 08:00:12.828 261 261 I android.hardware.lights-service: Lights reporting supported lights size=1
01-01 08:00:12.830 475 475 I SystemServerTiming: StartSidekickService
01-01 08:00:12.830 475 475 I SystemServerTiming: StartDisplayManager
01-01 08:00:12.830 475 475 I SystemServiceManager: Starting com.android.server.display.DisplayManagerService
01-01 08:00:12.842 381 381 I : DVI mode selected: packets not configured
01-01 08:00:12.842 381 381 I : Error: set vsif failed
01-01 08:00:12.848 275 323 E HWComposer: getSupportedContentTypes: getSupportedContentTypes failed for display 0: Unsupported (8)
01-01 08:00:12.849 475 475 I SystemServerTiming: WaitForDisplay
01-01 08:00:12.849 475 475 I SystemServiceManager: Starting phase 100
01-01 08:00:12.849 475 475 I SystemServerTiming: OnBootPhase_100
01-01 08:00:12.861 475 520 I DisplayDeviceRepository: Display device added: DisplayDeviceInfo{"内置屏幕": uniqueId="local:0", 1920 x 1080, modeId 1, defaultModeId 1, supportedModes [{id=1, width=1920, height=1080, fps=60.000004, alternativeRefreshRates=[]}], colorMode 0, supportedColorModes [0], hdrCapabilities HdrCapabilities{mSupportedHdrTypes=[2, 3], mMaxLuminance=500.0, mMaxAverageLuminance=500.0, mMinLuminance=0.0}, allmSupported false, gameContentTypeSupported false, density 240, 0.16 x 0.16 dpi, appVsyncOff 1000000, presDeadline 16666666, touch INTERNAL, rotation 0, type INTERNAL, address {port=0}, deviceProductInfo null, state UNKNOWN, frameRateOverride , brightnessMinimum 0.0, brightnessMaximum 1.0, brightnessDefault 0.39763778, FLAG_DEFAULT_DISPLAY, FLAG_ROTATES_WITH_CONTENT, FLAG_SECURE, FLAG_SUPPORTS_PROTECTED_BUFFERS}
01-01 08:00:12.863 475 520 I LogicalDisplayMapper: Applying layout: [{addr: {port=0}, dispId: 0(ON)}], Previous layout: null
01-01 08:00:12.866 475 520 I LogicalDisplayMapper: Adding new display: 0: DisplayInfo{"内置屏幕", displayId 0", displayGroupId -1, FLAG_SECURE, FLAG_SUPPORTS_PROTECTED_BUFFERS, FLAG_TRUSTED, real 1920 x 1080, largest app 1920 x 1080, smallest app 1920 x 1080, appVsyncOff 1000000, presDeadline 16666666, mode 1, defaultMode 1, modes [{id=1, width=1920, height=1080, fps=60.000004, alternativeRefreshRates=[]}], hdrCapabilities HdrCapabilities{mSupportedHdrTypes=[2, 3], mMaxLuminance=500.0, mMaxAverageLuminance=500.0, mMinLuminance=0.0}, userDisabledHdrTypes [], minimalPostProcessingSupported false, rotation 0, state UNKNOWN, type INTERNAL, uniqueId "local:0", app 1920 x 1080, density 240 (0.16 x 0.16) dpi, layerStack 0, colorMode 0, supportedColorModes [0], address {port=0}, deviceProductInfo null, removeMode 0, refreshRateOverride 0.0, brightnessMinimum 0.0, brightnessMaximum 1.0, brightnessDefault 0.39763778}
01-01 08:00:12.867 475 520 I LogicalDisplayMapper: Setting new display group 0 for display 0, from previous group: null
01-01 08:00:12.868 475 475 I SystemServerTiming: StartDomainVerificationService
01-01 08:00:12.889 475 475 I SystemServerTiming: StartPackageManagerService
01-01 08:00:12.889 475 475 I Watchdog: Pausing HandlerChecker: main thread for reason: packagemanagermain. Pause count: 1
01-01 08:00:12.897 475 475 I PackageManagerTiming: create package manager
01-01 08:00:12.907 475 475 E PackageManager: /oem/delete.txt not exist
01-01 08:00:12.907 475 475 I PackageManagerTiming: createSubComponents
01-01 08:00:12.907 381 381 I : DVI mode selected: packets not configured
01-01 08:00:12.907 381 381 I : Error: set vsif failed
01-01 08:00:12.920 475 516 D SystemServerInitThreadPool: Finished executing loadPreinstalledSystemFontMap
01-01 08:00:12.941 475 475 I PackageManagerTiming: addSharedUsers
01-01 08:00:12.944 475 475 I PackageManagerTiming: get system config
01-01 08:00:12.947 475 475 D PackageManager: Directories scanned as system partitions: [/system:0, /vendor:524288, /odm:4194304, /oem:262144, /product:1048576, /system/system_ext:2097152, /apex/com.android.wifi:8388608, /apex/com.android.vndk.v31:8388608, /apex/com.android.tzdata:8388608, /apex/com.android.tethering:8388608, /apex/com.android.sdkext:8388608, /apex/com.android.scheduling:8388608, /apex/com.android.runtime:8388608, /apex/com.android.resolv:8388608, /apex/com.android.permission:8388608, /apex/com.android.os.statsd:8388608, /apex/com.android.neuralnetworks:8388608, /apex/com.android.mediaprovider:8388608, /apex/com.android.media.swcodec:8388608, /apex/com.android.media:8388608, /apex/com.android.ipsec:8388608, /apex/com.android.i18n:8388608, /apex/com.android.extservices:8388608, /apex/com.android.conscrypt:8388608, /apex/com.android.art:8388608, /apex/com.android.appsearch:8388608, /apex/com.android.adbd:8388608]
01-01 08:00:12.951 475 475 D SELinuxMMAC: Using policy file /system/etc/selinux/plat_mac_permissions.xml
01-01 08:00:12.954 475 475 D SELinuxMMAC: Using policy file /system_ext/etc/selinux/system_ext_mac_permissions.xml
01-01 08:00:12.956 475 475 D SELinuxMMAC: Using policy file /vendor/etc/selinux/vendor_mac_permissions.xml
01-01 08:00:12.957 475 475 I PackageManagerTiming: loadFallbacks
01-01 08:00:12.960 475 475 D FallbackCategoryProvider: Found 1 fallback categories
01-01 08:00:12.960 475 475 I PackageManagerTiming: read user settings
01-01 08:00:13.147 475 475 W android.permission.PermissionManager: Missing ActivityManager; assuming 1000 holds android.permission.SET_PREFERRED_APPLICATIONS
01-01 08:00:13.147 475 475 W android.permission.PermissionManager: Missing ActivityManager; assuming 1000 holds android.permission.SET_PREFERRED_APPLICATIONS
01-01 08:00:13.148 475 475 W android.permission.PermissionManager: Missing ActivityManager; assuming 1000 holds android.permission.SET_PREFERRED_APPLICATIONS
01-01 08:00:13.148 475 475 W android.permission.PermissionManager: Missing ActivityManager; assuming 1000 holds android.permission.SET_PREFERRED_APPLICATIONS
01-01 08:00:13.148 475 475 W android.permission.PermissionManager: Missing ActivityManager; assuming 1000 holds android.permission.SET_PREFERRED_APPLICATIONS
01-01 08:00:13.149 475 475 W android.permission.PermissionManager: Missing ActivityManager; assuming 1000 holds android.permission.SET_PREFERRED_APPLICATIONS
01-01 08:00:13.149 475 475 W android.permission.PermissionManager: Missing ActivityManager; assuming 1000 holds android.permission.SET_PREFERRED_APPLICATIONS
01-01 08:00:13.149 475 475 W android.permission.PermissionManager: Missing ActivityManager; assuming 1000 holds android.permission.SET_PREFERRED_APPLICATIONS
01-01 08:00:13.149 475 475 W android.permission.PermissionManager: Missing ActivityManager; assuming 1000 holds android.permission.SET_PREFERRED_APPLICATIONS
01-01 08:00:13.150 475 475 W android.permission.PermissionManager: Missing ActivityManager; assuming 1000 holds android.permission.SET_PREFERRED_APPLICATIONS
01-01 08:00:13.150 475 475 W android.permission.PermissionManager: Missing ActivityManager; assuming 1000 holds android.permission.SET_PREFERRED_APPLICATIONS
01-01 08:00:13.150 475 475 W android.permission.PermissionManager: Missing ActivityManager; assuming 1000 holds android.permission.SET_PREFERRED_APPLICATIONS
01-01 08:00:13.150 475 475 W android.permission.PermissionManager: Missing ActivityManager; assuming 1000 holds android.permission.SET_PREFERRED_APPLICATIONS
01-01 08:00:13.150 475 475 W android.permission.PermissionManager: Missing ActivityManager; assuming 1000 holds android.permission.SET_PREFERRED_APPLICATIONS
01-01 08:00:13.151 475 475 W android.permission.PermissionManager: Missing ActivityManager; assuming 1000 holds android.permission.SET_PREFERRED_APPLICATIONS
01-01 08:00:13.151 475 475 W android.permission.PermissionManager: Missing ActivityManager; assuming 1000 holds android.permission.SET_PREFERRED_APPLICATIONS
01-01 08:00:13.151 475 475 W android.permission.PermissionManager: Missing ActivityManager; assuming 1000 holds android.permission.SET_PREFERRED_APPLICATIONS
01-01 08:00:13.152 475 475 W android.permission.PermissionManager: Missing ActivityManager; assuming 1000 holds android.permission.SET_PREFERRED_APPLICATIONS
01-01 08:00:13.152 475 475 W android.permission.PermissionManager: Missing ActivityManager; assuming 1000 holds android.permission.SET_PREFERRED_APPLICATIONS
01-01 08:00:13.152 475 475 W android.permission.PermissionManager: Missing ActivityManager; assuming 1000 holds android.permission.SET_PREFERRED_APPLICATIONS
01-01 08:00:13.153 475 475 W android.permission.PermissionManager: Missing ActivityManager; assuming 1000 holds android.permission.SET_PREFERRED_APPLICATIONS
01-01 08:00:13.153 475 475 W android.permission.PermissionManager: Missing ActivityManager; assuming 1000 holds android.permission.SET_PREFERRED_APPLICATIONS
01-01 08:00:13.153 475 475 W android.permission.PermissionManager: Missing ActivityManager; assuming 1000 holds android.permission.SET_PREFERRED_APPLICATIONS
01-01 08:00:13.153 475 475 W android.permission.PermissionManager: Missing ActivityManager; assuming 1000 holds android.permission.SET_PREFERRED_APPLICATIONS
01-01 08:00:13.154 475 475 W android.permission.PermissionManager: Missing ActivityManager; assuming 1000 holds android.permission.SET_PREFERRED_APPLICATIONS
01-01 08:00:13.154 475 475 W android.permission.PermissionManager: Missing ActivityManager; assuming 1000 holds android.permission.SET_PREFERRED_APPLICATIONS
01-01 08:00:13.154 475 475 W android.permission.PermissionManager: Missing ActivityManager; assuming 1000 holds android.permission.SET_PREFERRED_APPLICATIONS
01-01 08:00:13.154 475 475 W android.permission.PermissionManager: Missing ActivityManager; assuming 1000 holds android.permission.SET_PREFERRED_APPLICATIONS
01-01 08:00:13.154 475 475 W android.permission.PermissionManager: Missing ActivityManager; assuming 1000 holds android.permission.SET_PREFERRED_APPLICATIONS
01-01 08:00:13.155 475 475 W android.permission.PermissionManager: Missing ActivityManager; assuming 1000 holds android.permission.SET_PREFERRED_APPLICATIONS
01-01 08:00:13.155 475 475 W android.permission.PermissionManager: Missing ActivityManager; assuming 1000 holds android.permission.SET_PREFERRED_APPLICATIONS
01-01 08:00:13.155 475 475 W android.permission.PermissionManager: Missing ActivityManager; assuming 1000 holds android.permission.SET_PREFERRED_APPLICATIONS
01-01 08:00:13.155 475 475 W android.permission.PermissionManager: Missing ActivityManager; assuming 1000 holds android.permission.SET_PREFERRED_APPLICATIONS
01-01 08:00:13.156 475 475 W android.permission.PermissionManager: Missing ActivityManager; assuming 1000 holds android.permission.SET_PREFERRED_APPLICATIONS
01-01 08:00:13.156 475 475 W android.permission.PermissionManager: Missing ActivityManager; assuming 1000 holds android.permission.SET_PREFERRED_APPLICATIONS
01-01 08:00:13.156 475 475 W android.permission.PermissionManager: Missing ActivityManager; assuming 1000 holds android.permission.SET_PREFERRED_APPLICATIONS
01-01 08:00:13.156 475 475 W android.permission.PermissionManager: Missing ActivityManager; assuming 1000 holds android.permission.SET_PREFERRED_APPLICATIONS
01-01 08:00:13.156 475 475 W android.permission.PermissionManager: Missing ActivityManager; assuming 1000 holds android.permission.SET_PREFERRED_APPLICATIONS
01-01 08:00:13.157 475 475 W android.permission.PermissionManager: Missing ActivityManager; assuming 1000 holds android.permission.SET_PREFERRED_APPLICATIONS
01-01 08:00:13.157 475 475 W android.permission.PermissionManager: Missing ActivityManager; assuming 1000 holds android.permission.SET_PREFERRED_APPLICATIONS
01-01 08:00:13.157 475 475 W android.permission.PermissionManager: Missing ActivityManager; assuming 1000 holds android.permission.SET_PREFERRED_APPLICATIONS
01-01 08:00:13.158 475 475 W android.permission.PermissionManager: Missing ActivityManager; assuming 1000 holds android.permission.SET_PREFERRED_APPLICATIONS
01-01 08:00:13.158 475 475 W android.permission.PermissionManager: Missing ActivityManager; assuming 1000 holds android.permission.SET_PREFERRED_APPLICATIONS
01-01 08:00:13.158 475 475 W android.permission.PermissionManager: Missing ActivityManager; assuming 1000 holds android.permission.SET_PREFERRED_APPLICATIONS
01-01 08:00:13.158 475 475 W android.permission.PermissionManager: Missing ActivityManager; assuming 1000 holds android.permission.SET_PREFERRED_APPLICATIONS
01-01 08:00:13.158 475 475 W android.permission.PermissionManager: Missing ActivityManager; assuming 1000 holds android.permission.SET_PREFERRED_APPLICATIONS
01-01 08:00:13.159 475 475 W android.permission.PermissionManager: Missing ActivityManager; assuming 1000 holds android.permission.SET_PREFERRED_APPLICATIONS
01-01 08:00:13.159 475 475 W android.permission.PermissionManager: Missing ActivityManager; assuming 1000 holds android.permission.SET_PREFERRED_APPLICATIONS
01-01 08:00:13.159 475 475 W android.permission.PermissionManager: Missing ActivityManager; assuming 1000 holds android.permission.SET_PREFERRED_APPLICATIONS
01-01 08:00:13.159 475 475 W android.permission.PermissionManager: Missing ActivityManager; assuming 1000 holds android.permission.SET_PREFERRED_APPLICATIONS
01-01 08:00:13.160 475 475 W android.permission.PermissionManager: Missing ActivityManager; assuming 1000 holds android.permission.SET_PREFERRED_APPLICATIONS
01-01 08:00:13.160 475 475 W android.permission.PermissionManager: Missing ActivityManager; assuming 1000 holds android.permission.SET_PREFERRED_APPLICATIONS
01-01 08:00:13.160 475 475 W android.permission.PermissionManager: Missing ActivityManager; assuming 1000 holds android.permission.SET_PREFERRED_APPLICATIONS
01-01 08:00:13.160 475 475 W android.permission.PermissionManager: Missing ActivityManager; assuming 1000 holds android.permission.SET_PREFERRED_APPLICATIONS
01-01 08:00:13.160 475 475 W android.permission.PermissionManager: Missing ActivityManager; assuming 1000 holds android.permission.SET_PREFERRED_APPLICATIONS
01-01 08:00:13.161 475 475 W android.permission.PermissionManager: Missing ActivityManager; assuming 1000 holds android.permission.SET_PREFERRED_APPLICATIONS
01-01 08:00:13.161 475 475 W android.permission.PermissionManager: Missing ActivityManager; assuming 1000 holds android.permission.SET_PREFERRED_APPLICATIONS
01-01 08:00:13.161 475 475 W android.permission.PermissionManager: Missing ActivityManager; assuming 1000 holds android.permission.SET_PREFERRED_APPLICATIONS
01-01 08:00:13.162 475 475 W android.permission.PermissionManager: Missing ActivityManager; assuming 1000 holds android.permission.SET_PREFERRED_APPLICATIONS
01-01 08:00:13.162 475 475 W android.permission.PermissionManager: Missing ActivityManager; assuming 1000 holds android.permission.SET_PREFERRED_APPLICATIONS
01-01 08:00:13.162 475 475 W android.permission.PermissionManager: Missing ActivityManager; assuming 1000 holds android.permission.SET_PREFERRED_APPLICATIONS
01-01 08:00:13.162 475 475 W android.permission.PermissionManager: Missing ActivityManager; assuming 1000 holds android.permission.SET_PREFERRED_APPLICATIONS
01-01 08:00:13.163 475 475 W android.permission.PermissionManager: Missing ActivityManager; assuming 1000 holds android.permission.SET_PREFERRED_APPLICATIONS
01-01 08:00:13.163 475 475 W android.permission.PermissionManager: Missing ActivityManager; assuming 1000 holds android.permission.SET_PREFERRED_APPLICATIONS
01-01 08:00:13.163 475 475 W android.permission.PermissionManager: Missing ActivityManager; assuming 1000 holds android.permission.SET_PREFERRED_APPLICATIONS
01-01 08:00:13.163 475 475 W android.permission.PermissionManager: Missing ActivityManager; assuming 1000 holds android.permission.SET_PREFERRED_APPLICATIONS
01-01 08:00:13.163 475 475 W android.permission.PermissionManager: Missing ActivityManager; assuming 1000 holds android.permission.SET_PREFERRED_APPLICATIONS
01-01 08:00:13.164 475 475 W android.permission.PermissionManager: Missing ActivityManager; assuming 1000 holds android.permission.SET_PREFERRED_APPLICATIONS
01-01 08:00:13.164 475 475 W android.permission.PermissionManager: Missing ActivityManager; assuming 1000 holds android.permission.SET_PREFERRED_APPLICATIONS
01-01 08:00:13.164 475 475 W android.permission.PermissionManager: Missing ActivityManager; assuming 1000 holds android.permission.SET_PREFERRED_APPLICATIONS
01-01 08:00:13.164 475 475 W android.permission.PermissionManager: Missing ActivityManager; assuming 1000 holds android.permission.SET_PREFERRED_APPLICATIONS
01-01 08:00:13.165 475 475 W android.permission.PermissionManager: Missing ActivityManager; assuming 1000 holds android.permission.SET_PREFERRED_APPLICATIONS
01-01 08:00:13.165 475 475 W android.permission.PermissionManager: Missing ActivityManager; assuming 1000 holds android.permission.SET_PREFERRED_APPLICATIONS
01-01 08:00:13.165 475 475 W android.permission.PermissionManager: Missing ActivityManager; assuming 1000 holds android.permission.SET_PREFERRED_APPLICATIONS
01-01 08:00:13.165 475 475 W android.permission.PermissionManager: Missing ActivityManager; assuming 1000 holds android.permission.SET_PREFERRED_APPLICATIONS
01-01 08:00:13.166 475 475 W android.permission.PermissionManager: Missing ActivityManager; assuming 1000 holds android.permission.SET_PREFERRED_APPLICATIONS
01-01 08:00:13.166 475 475 W android.permission.PermissionManager: Missing ActivityManager; assuming 1000 holds android.permission.SET_PREFERRED_APPLICATIONS
01-01 08:00:13.166 475 475 W android.permission.PermissionManager: Missing ActivityManager; assuming 1000 holds android.permission.SET_PREFERRED_APPLICATIONS
01-01 08:00:13.166 475 475 W android.permission.PermissionManager: Missing ActivityManager; assuming 1000 holds android.permission.SET_PREFERRED_APPLICATIONS
01-01 08:00:13.166 475 475 W android.permission.PermissionManager: Missing ActivityManager; assuming 1000 holds android.permission.SET_PREFERRED_APPLICATIONS
01-01 08:00:13.167 475 475 W android.permission.PermissionManager: Missing ActivityManager; assuming 1000 holds android.permission.SET_PREFERRED_APPLICATIONS
01-01 08:00:13.167 475 475 W android.permission.PermissionManager: Missing ActivityManager; assuming 1000 holds android.permission.SET_PREFERRED_APPLICATIONS
01-01 08:00:13.167 475 475 W android.permission.PermissionManager: Missing ActivityManager; assuming 1000 holds android.permission.SET_PREFERRED_APPLICATIONS
01-01 08:00:13.167 475 475 W android.permission.PermissionManager: Missing ActivityManager; assuming 1000 holds android.permission.SET_PREFERRED_APPLICATIONS
01-01 08:00:13.168 475 475 W android.permission.PermissionManager: Missing ActivityManager; assuming 1000 holds android.permission.SET_PREFERRED_APPLICATIONS
01-01 08:00:13.168 475 475 W android.permission.PermissionManager: Missing ActivityManager; assuming 1000 holds android.permission.SET_PREFERRED_APPLICATIONS
01-01 08:00:13.168 475 475 W android.permission.PermissionManager: Missing ActivityManager; assuming 1000 holds android.permission.SET_PREFERRED_APPLICATIONS
01-01 08:00:13.168 475 475 W android.permission.PermissionManager: Missing ActivityManager; assuming 1000 holds android.permission.SET_PREFERRED_APPLICATIONS
01-01 08:00:13.168 475 475 W android.permission.PermissionManager: Missing ActivityManager; assuming 1000 holds android.permission.SET_PREFERRED_APPLICATIONS
01-01 08:00:13.169 475 475 W android.permission.PermissionManager: Missing ActivityManager; assuming 1000 holds android.permission.SET_PREFERRED_APPLICATIONS
01-01 08:00:13.169 475 475 W android.permission.PermissionManager: Missing ActivityManager; assuming 1000 holds android.permission.SET_PREFERRED_APPLICATIONS
01-01 08:00:13.169 475 475 W android.permission.PermissionManager: Missing ActivityManager; assuming 1000 holds android.permission.SET_PREFERRED_APPLICATIONS
01-01 08:00:13.169 475 475 W android.permission.PermissionManager: Missing ActivityManager; assuming 1000 holds android.permission.SET_PREFERRED_APPLICATIONS
01-01 08:00:13.170 475 475 W android.permission.PermissionManager: Missing ActivityManager; assuming 1000 holds android.permission.SET_PREFERRED_APPLICATIONS
01-01 08:00:13.170 475 475 W android.permission.PermissionManager: Missing ActivityManager; assuming 1000 holds android.permission.SET_PREFERRED_APPLICATIONS
01-01 08:00:13.170 475 475 W android.permission.PermissionManager: Missing ActivityManager; assuming 1000 holds android.permission.SET_PREFERRED_APPLICATIONS
01-01 08:00:13.170 475 475 W android.permission.PermissionManager: Missing ActivityManager; assuming 1000 holds android.permission.SET_PREFERRED_APPLICATIONS
01-01 08:00:13.171 475 475 W android.permission.PermissionManager: Missing ActivityManager; assuming 1000 holds android.permission.SET_PREFERRED_APPLICATIONS
01-01 08:00:13.171 475 475 W android.permission.PermissionManager: Missing ActivityManager; assuming 1000 holds android.permission.SET_PREFERRED_APPLICATIONS
01-01 08:00:13.171 475 475 W android.permission.PermissionManager: Missing ActivityManager; assuming 1000 holds android.permission.SET_PREFERRED_APPLICATIONS
01-01 08:00:13.171 475 475 W android.permission.PermissionManager: Missing ActivityManager; assuming 1000 holds android.permission.SET_PREFERRED_APPLICATIONS
01-01 08:00:13.171 475 475 W android.permission.PermissionManager: Missing ActivityManager; assuming 1000 holds android.permission.SET_PREFERRED_APPLICATIONS
01-01 08:00:13.172 475 475 W android.permission.PermissionManager: Missing ActivityManager; assuming 1000 holds android.permission.SET_PREFERRED_APPLICATIONS
01-01 08:00:13.172 475 475 W android.permission.PermissionManager: Missing ActivityManager; assuming 1000 holds android.permission.SET_PREFERRED_APPLICATIONS
01-01 08:00:13.172 475 475 W android.permission.PermissionManager: Missing ActivityManager; assuming 1000 holds android.permission.SET_PREFERRED_APPLICATIONS
01-01 08:00:13.172 475 475 W android.permission.PermissionManager: Missing ActivityManager; assuming 1000 holds android.permission.SET_PREFERRED_APPLICATIONS
01-01 08:00:13.173 475 475 W android.permission.PermissionManager: Missing ActivityManager; assuming 1000 holds android.permission.SET_PREFERRED_APPLICATIONS
01-01 08:00:13.173 475 475 W android.permission.PermissionManager: Missing ActivityManager; assuming 1000 holds android.permission.SET_PREFERRED_APPLICATIONS
01-01 08:00:13.173 475 475 W android.permission.PermissionManager: Missing ActivityManager; assuming 1000 holds android.permission.SET_PREFERRED_APPLICATIONS
01-01 08:00:13.173 475 475 W android.permission.PermissionManager: Missing ActivityManager; assuming 1000 holds android.permission.SET_PREFERRED_APPLICATIONS
01-01 08:00:13.174 475 475 W android.permission.PermissionManager: Missing ActivityManager; assuming 1000 holds android.permission.SET_PREFERRED_APPLICATIONS
01-01 08:00:13.174 475 475 W android.permission.PermissionManager: Missing ActivityManager; assuming 1000 holds android.permission.SET_PREFERRED_APPLICATIONS
01-01 08:00:13.200 475 475 W PackageSettings: Missing permission state for package: com.android.cts.priv.ctsshim
01-01 08:00:13.200 475 475 W PackageSettings: Missing permission state for package: com.android.internal.systemui.navbar.gestural_wide_back
01-01 08:00:13.201 475 475 W PackageSettings: Missing permission state for package: com.softwinner.awlogsettings
01-01 08:00:13.201 475 475 W PackageSettings: Missing permission state for package: com.android.htmlviewer
01-01 08:00:13.201 475 475 W PackageSettings: Missing permission state for package: com.android.internal.systemui.onehanded.gestural
01-01 08:00:13.201 475 475 W PackageSettings: Missing permission state for package: com.android.simappdialog
01-01 08:00:13.201 475 475 W PackageSettings: Missing permission state for package: com.android.connectivity.resources
01-01 08:00:13.201 475 475 W PackageSettings: Missing permission state for package: com.android.modulemetadata
01-01 08:00:13.201 475 475 W PackageSettings: Missing permission state for package: com.google.android.apps.searchlite.overlay
01-01 08:00:13.201 475 475 W PackageSettings: Missing permission state for package: com.android.internal.systemui.navbar.threebutton
01-01 08:00:13.201 475 475 W PackageSettings: Missing permission state for package: com.google.android.networkstackconfig
01-01 08:00:13.202 475 475 W PackageSettings: Missing permission state for package: com.android.internal.systemui.navbar.gestural_extra_wide_back
01-01 08:00:13.202 475 475 W PackageSettings: Missing permission state for package: com.android.dreams.basic
01-01 08:00:13.202 475 475 W PackageSettings: Missing permission state for package: android.ext.shared
01-01 08:00:13.202 475 475 W PackageSettings: Missing permission state for package: com.google.android.networkstack.tetheringconfig
01-01 08:00:13.202 475 475 W PackageSettings: Missing permission state for package: com.android.wifi.resources
01-01 08:00:13.202 475 475 W PackageSettings: Missing permission state for package: com.android.theme.font.notoserifsource
01-01 08:00:13.203 475 475 W PackageSettings: Missing permission state for package: com.allwinnertech.packageoverride
01-01 08:00:13.203 475 475 W PackageSettings: Missing permission state for package: com.android.bookmarkprovider
01-01 08:00:13.203 475 475 W PackageSettings: Missing permission state for package: com.android.cts.ctsshim
01-01 08:00:13.203 475 475 W PackageSettings: Missing permission state for package: com.softwinner.theme.icon
01-01 08:00:13.203 475 475 W PackageSettings: Missing permission state for package: com.softwinner.theme.color
01-01 08:00:13.203 475 475 W PackageSettings: Missing permission state for package: com.android.internal.systemui.navbar.gestural
01-01 08:00:13.204 475 475 W PackageSettings: Missing permission state for package: com.android.internal.systemui.navbar.gestural_narrow_back
01-01 08:00:13.204 475 475 W PackageSettings: Missing permission state for package: android.auto_generated_rro_vendor__
01-01 08:00:13.206 475 475 W PackageSettings: Missing permission state for shared user: android.uid.log
01-01 08:00:13.206 475 475 W PackageSettings: Missing permission state for shared user: android.uid.nfc
01-01 08:00:13.206 475 475 W PackageSettings: Missing permission state for shared user: android.uid.uwb
01-01 08:00:13.214 475 475 D PackageManager: Keeping known cache 01d7a3cbe7a65b579a599fa4dfd86b41949fc955
01-01 08:00:13.216 475 475 D PackageManager: No files in app dir /system/system_ext/overlay
01-01 08:00:13.231 475 475 I PackageBackwardCompatibility: Loaded android.content.pm.AndroidTestBaseUpdater
01-01 08:00:13.233 475 475 D CompatibilityChangeReporter: Compat change id reported: 143539591; UID -1; state: ENABLED
01-01 08:00:13.276 475 475 D PackageManager: No files in app dir /oem/overlay
01-01 08:00:13.276 475 475 D PackageManager: No files in app dir /odm/overlay
01-01 08:00:13.290 475 475 W PackageManager: Failed to parse /system/framework/arm: Missing base APK in /system/framework/arm
01-01 08:00:13.291 475 475 W PackageManager: Failed to parse /system/framework/oat: Missing base APK in /system/framework/oat/arm
01-01 08:00:13.346 241 241 W ServiceManager: Service statscompanion didn't start. Returning NULL
01-01 08:00:13.347 241 241 I statsd : Statsd starts to listen to socket.
01-01 08:00:13.406 475 562 D PackageParsing: homlet: force set orientation: 0
01-01 08:00:13.407 475 562 D PackageParsing: homlet: force set orientation: 0
01-01 08:00:13.407 475 562 D PackageParsing: homlet: force set orientation: 0
01-01 08:00:13.407 475 562 D PackageParsing: homlet: force set orientation: 0
01-01 08:00:13.408 475 562 D PackageParsing: homlet: force set orientation: 0
01-01 08:00:13.408 475 562 D PackageParsing: homlet: force set orientation: 0
01-01 08:00:13.408 475 562 D PackageParsing: homlet: force set orientation: 0
01-01 08:00:13.408 475 562 D PackageParsing: homlet: force set orientation: 0
01-01 08:00:13.408 475 562 D PackageParsing: homlet: force set orientation: 0
01-01 08:00:13.408 475 562 D PackageParsing: homlet: force set orientation: 0
01-01 08:00:13.408 475 562 D PackageParsing: homlet: force set orientation: 0
01-01 08:00:13.409 475 562 D PackageParsing: homlet: force set orientation: 0
01-01 08:00:13.409 475 562 D PackageParsing: homlet: force set orientation: 0
01-01 08:00:13.409 475 562 D PackageParsing: homlet: force set orientation: 0
01-01 08:00:13.409 475 562 D PackageParsing: homlet: force set orientation: 0
01-01 08:00:13.410 475 562 D PackageParsing: homlet: force set orientation: 0
01-01 08:00:13.410 475 562 D PackageParsing: homlet: force set orientation: 0
01-01 08:00:13.410 475 562 D PackageParsing: homlet: force set orientation: 0
01-01 08:00:13.410 475 562 D PackageParsing: homlet: force set orientation: 0
01-01 08:00:13.410 475 562 D PackageParsing: homlet: force set orientation: 0
01-01 08:00:13.410 475 562 D PackageParsing: homlet: force set orientation: 0
01-01 08:00:13.410 475 562 D PackageParsing: homlet: force set orientation: 0
01-01 08:00:13.411 475 562 D PackageParsing: homlet: force set orientation: 0
01-01 08:00:13.440 475 562 I PackageParsing: Parse times for '/system/framework/framework-res.apk': parse=129ms, update_cache=24 ms
01-01 08:00:13.511 475 563 D PackageParsing: homlet: force set orientation: 0
01-01 08:00:13.528 475 492 I system_server: Background young concurrent copying GC freed 184974(9752KB) AllocSpace objects, 107(2424KB) LOS objects, 81% free, 5577KB/29MB, paused 217us total 230.180ms
01-01 08:00:13.535 475 564 D PackageParsing: homlet: force set orientation: 0
01-01 08:00:13.535 475 564 D PackageParsing: homlet: force set orientation: 0
01-01 08:00:13.535 475 564 D PackageParsing: homlet: force set orientation: 0
01-01 08:00:13.537 475 562 D PackageParsing: homlet: force set orientation: 0
01-01 08:00:13.538 475 563 D PackageParsing: homlet: force set orientation: 0
01-01 08:00:13.538 475 563 D PackageParsing: homlet: force set orientation: 0
01-01 08:00:13.538 475 563 D PackageParsing: homlet: force set orientation: 0
01-01 08:00:13.538 475 563 D PackageParsing: homlet: force set orientation: 0
01-01 08:00:13.539 475 562 D PackageParsing: homlet: force set orientation: 0
01-01 08:00:13.539 475 562 D PackageParsing: homlet: force set orientation: 0
01-01 08:00:13.540 475 564 D PackageParsing: homlet: force set orientation: 0
01-01 08:00:13.540 475 564 D PackageParsing: homlet: force set orientation: 0
01-01 08:00:13.540 475 564 D PackageParsing: homlet: force set orientation: 0
01-01 08:00:13.542 475 564 D PackageParsing: homlet: force set orientation: 0
01-01 08:00:13.542 475 564 D PackageParsing: homlet: force set orientation: 0
01-01 08:00:13.543 475 564 D PackageParsing: homlet: force set orientation: 0
01-01 08:00:13.544 475 564 D PackageParsing: homlet: force set orientation: 0
01-01 08:00:13.544 475 564 D PackageParsing: homlet: force set orientation: 0
01-01 08:00:13.544 475 564 D PackageParsing: homlet: force set orientation: 0
01-01 08:00:13.555 475 565 D PackageParsing: homlet: force set orientation: 0
01-01 08:00:13.583 475 562 D PackageParsing: homlet: force set orientation: 0
01-01 08:00:13.585 475 565 D PackageParsing: homlet: force set orientation: 0
01-01 08:00:13.586 475 565 D PackageParsing: homlet: force set orientation: 0
01-01 08:00:13.590 475 562 D CompatibilityChangeReporter: Compat change id reported: 150232615; UID -1; state: ENABLED
01-01 08:00:13.591 475 475 W PackageManager: Failed to parse /system/priv-app/SettingsAssist: /system/priv-app/SettingsAssist/SettingsAssist.apk (at Binary XML file line #34): com.softwinner.settingsassist.Recovery: Targeting S+ (version 31 and above) requires that an explicit value for android:exported be defined when intent filters are present
01-01 08:00:13.608 475 563 W PackageParsing: Ignoring duplicate uses-permissions/uses-permissions-sdk-m: android.permission.INTERNET in package: com.dangbei.screencast at: Binary XML file line #18
01-01 08:00:13.608 475 563 W PackageParsing: Ignoring duplicate uses-permissions/uses-permissions-sdk-m: android.permission.ACCESS_WIFI_STATE in package: com.dangbei.screencast at: Binary XML file line #19
01-01 08:00:13.608 475 563 W PackageParsing: Ignoring duplicate uses-permissions/uses-permissions-sdk-m: android.permission.ACCESS_NETWORK_STATE in package: com.dangbei.screencast at: Binary XML file line #23
01-01 08:00:13.608 475 563 W PackageParsing: Ignoring duplicate uses-permissions/uses-permissions-sdk-m: android.permission.ACCESS_WIFI_STATE in package: com.dangbei.screencast at: Binary XML file line #24
01-01 08:00:13.608 475 563 W PackageParsing: Ignoring duplicate uses-permissions/uses-permissions-sdk-m: android.permission.INTERNET in package: com.dangbei.screencast at: Binary XML file line #26
01-01 08:00:13.613 475 563 D PackageParsing: homlet: force set orientation: 0
01-01 08:00:13.616 475 563 D CompatibilityChangeReporter: Compat change id reported: 150232615; UID -1; state: DISABLED
01-01 08:00:13.617 475 563 D PackageParsing: homlet: force set orientation: 0
01-01 08:00:13.617 475 563 D PackageParsing: homlet: force set orientation: 0
01-01 08:00:13.618 475 563 D PackageParsing: homlet: force set orientation: 0
01-01 08:00:13.618 475 563 D PackageParsing: homlet: force set orientation: 0
01-01 08:00:13.618 475 563 D PackageParsing: homlet: force set orientation: 0
01-01 08:00:13.618 475 563 D PackageParsing: homlet: force set orientation: 0
