01-01 08:00:09.637 181 181 I hw-BpHwBinder: onLastStrongRef automatically unlinking death recipients
01-01 08:00:09.644 263 263 I EventThread: type=1400 audit(0.0:280): avc: denied { search } for name="extcon" dev="sysfs" ino=18109 scontext=u:r:hal_tv_cec_default:s0 tcontext=u:object_r:sysfs_extcon:s0 tclass=dir permissive=1
01-01 08:00:09.672 1 1 I init : type=1400 audit(0.0:281): avc: denied { add_name } for name="panic" scontext=u:r:init:s0 tcontext=u:object_r:sysfs:s0 tclass=dir permissive=1
01-01 08:00:09.677 275 391 W SurfaceFlinger: Failed to set thread name on dispatch thread
01-01 08:00:09.692 324 324 I xiriservice_All: type=1400 audit(0.0:282): avc: denied { read } for scontext=u:r:init:s0 tcontext=u:r:init:s0 tclass=netlink_kobject_uevent_socket permissive=1
01-01 08:00:09.697 164 164 I sunxi-rfkill soc@3000000: rfkill: set block: 1
01-01 08:00:09.697 164 164 I sunxi-rfkill soc@3000000: rfkill: bt power off success
01-01 08:00:09.731 393 393 E cutils-trace: Error opening trace file: No such file or directory (2)
01-01 08:00:09.752 378 378 I gatekeeperd: Starting gatekeeperd...
01-01 08:00:09.762 393 393 I usbd : Usb HAL found.
01-01 08:00:09.763 393 393 I usbd : peristent prop is adb
01-01 08:00:09.771 378 378 E cutils-trace: Error opening trace file: No such file or directory (2)
01-01 08:00:09.785 264 264 I android.hardware.usb.gadget@1.1-service.aw: setCurrentUsbFunctions None
01-01 08:00:09.786 264 264 I android.hardware.usb.gadget@1.1-service.aw: Gadget cannot be pulled down
01-01 08:00:09.786 264 264 I android.hardware.usb.gadget@1.1-service.aw: mMonitor not running
01-01 08:00:09.786 264 264 I android.hardware.usb.gadget@1.1-service.aw: Returned from tearDown gadget
01-01 08:00:09.828 327 327 I rainbow_flow: type=1400 audit(0.0:283): avc: denied { ioctl } for path="/dev/spidev1.0" dev="tmpfs" ino=5830 ioctlcmd=0x6b00 scontext=u:r:init:s0 tcontext=u:object_r:device:s0 tclass=chr_file permissive=1
01-01 08:00:09.860 243 243 D zygote : Time zone APEX ICU file found: /apex/com.android.tzdata/etc/icu/icu_tzdata.dat
01-01 08:00:09.862 243 243 D zygote : I18n APEX ICU file found: /apex/com.android.i18n/etc/icu/icudt68l.dat
01-01 08:00:09.880 357 357 I main_extractorservice: enable media.extractor memory limits
01-01 08:00:09.881 357 357 V MediaUtils: physMem: 2055442432
01-01 08:00:09.881 357 357 V MediaUtils: requested limit: 411088480
01-01 08:00:09.881 357 357 I libc : malloc_limit: Allocation limit enabled, max size 411088480 bytes
01-01 08:00:09.887 264 264 I android.hardware.usb.gadget@1.1-service.aw: setCurrentUsbFunctions Adb
01-01 08:00:09.887 264 264 I android.hardware.usb.gadget@1.1-service.aw: Service started
01-01 08:00:09.887 264 264 I android.hardware.usb.gadget@1.1-service.aw: enable usbradio debug functions
01-01 08:00:09.887 264 264 I android.hardware.usb.gadget@1.1-service.aw: Usb Gadget setcurrent functions called successfully
01-01 08:00:09.908 357 357 W mediaextractor: Could not read additional policy file '/vendor/etc/seccomp_policy/mediaextractor.policy'
01-01 08:00:09.909 357 357 W mediaextractor: libminijail[357]: failed to get path of fd 4: No such file or directory
01-01 08:00:09.909 357 357 W mediaextractor: libminijail[357]: allowing syscall: clock_gettime
01-01 08:00:09.909 357 357 W mediaextractor: libminijail[357]: allowing syscall: connect
01-01 08:00:09.909 357 357 W mediaextractor: libminijail[357]: allowing syscall: fcntl64
01-01 08:00:09.910 357 357 W mediaextractor: libminijail[357]: allowing syscall: socket
01-01 08:00:09.910 357 357 W mediaextractor: libminijail[357]: allowing syscall: writev
01-01 08:00:09.921 357 357 W mediaextractor: libminijail[357]: compile_file: /apex/com.android.media/etc/seccomp_policy/crash_dump.arm.policy(1): syscall read redefined here
01-01 08:00:09.922 357 357 W mediaextractor: libminijail[357]: compile_file: (19): previous definition here
01-01 08:00:09.922 357 357 W mediaextractor: libminijail[357]: compile_file: /apex/com.android.media/etc/seccomp_policy/crash_dump.arm.policy(2): syscall write redefined here
01-01 08:00:09.922 357 357 W mediaextractor: libminijail[357]: compile_file: (6): previous definition here
01-01 08:00:09.922 357 357 W mediaextractor: libminijail[357]: compile_file: /apex/com.android.media/etc/seccomp_policy/crash_dump.arm.policy(3): syscall exit redefined here
01-01 08:00:09.922 357 357 W mediaextractor: libminijail[357]: compile_file: (27): previous definition here
01-01 08:00:09.922 357 357 W mediaextractor: libminijail[357]: compile_file: /apex/com.android.media/etc/seccomp_policy/crash_dump.arm.policy(4): syscall rt_sigreturn redefined here
01-01 08:00:09.922 357 357 W mediaextractor: libminijail[357]: compile_file: (29): previous definition here
01-01 08:00:09.922 357 357 W mediaextractor: libminijail[357]: compile_file: /apex/com.android.media/etc/seccomp_policy/crash_dump.arm.policy(6): syscall exit_group redefined here
01-01 08:00:09.922 357 357 W mediaextractor: libminijail[357]: compile_file: (28): previous definition here
01-01 08:00:09.922 357 357 W mediaextractor: libminijail[357]: compile_file: /apex/com.android.media/etc/seccomp_policy/crash_dump.arm.policy(7): syscall clock_gettime redefined here
01-01 08:00:09.923 357 357 W mediaextractor: libminijail[357]: compile_file: (20): previous definition here
01-01 08:00:09.923 357 357 W mediaextractor: libminijail[357]: compile_file: /apex/com.android.media/etc/seccomp_policy/crash_dump.arm.policy(9): syscall futex redefined here
01-01 08:00:09.923 357 357 W mediaextractor: libminijail[357]: compile_file: (4): previous definition here
01-01 08:00:09.923 357 357 W mediaextractor: libminijail[357]: compile_file: /apex/com.android.media/etc/seccomp_policy/crash_dump.arm.policy(10): syscall getrandom redefined here
01-01 08:00:09.923 357 357 W mediaextractor: libminijail[357]: compile_file: (43): previous definition here
01-01 08:00:09.923 357 357 W mediaextractor: libminijail[357]: compile_file: /apex/com.android.media/etc/seccomp_policy/crash_dump.arm.policy(12): syscall gettid redefined here
01-01 08:00:09.923 357 357 W mediaextractor: libminijail[357]: compile_file: (34): previous definition here
01-01 08:00:09.923 357 357 W mediaextractor: libminijail[357]: compile_file: /apex/com.android.media/etc/seccomp_policy/crash_dump.arm.policy(15): syscall openat redefined here
01-01 08:00:09.923 357 357 W mediaextractor: libminijail[357]: compile_file: (16): previous definition here
01-01 08:00:09.923 357 357 W mediaextractor: libminijail[357]: compile_file: /apex/com.android.media/etc/seccomp_policy/crash_dump.arm.policy(16): syscall dup redefined here
01-01 08:00:09.923 357 357 W mediaextractor: libminijail[357]: compile_file: (11): previous definition here
01-01 08:00:09.924 357 357 W mediaextractor: libminijail[357]: compile_file: /apex/com.android.media/etc/seccomp_policy/crash_dump.arm.policy(17): syscall close redefined here
01-01 08:00:09.924 357 357 W mediaextractor: libminijail[357]: compile_file: (9): previous definition here
01-01 08:00:09.924 357 357 W mediaextractor: libminijail[357]: compile_file: /apex/com.android.media/etc/seccomp_policy/crash_dump.arm.policy(18): syscall lseek redefined here
01-01 08:00:09.924 357 357 W mediaextractor: libminijail[357]: compile_file: (21): previous definition here
01-01 08:00:09.924 357 357 W mediaextractor: libminijail[357]: compile_file: /apex/com.android.media/etc/seccomp_policy/crash_dump.arm.policy(20): syscall faccessat redefined here
01-01 08:00:09.924 357 357 W mediaextractor: libminijail[357]: compile_file: (30): previous definition here
01-01 08:00:09.924 357 357 W mediaextractor: libminijail[357]: compile_file: /apex/com.android.media/etc/seccomp_policy/crash_dump.arm.policy(25): syscall rt_sigprocmask redefined here
01-01 08:00:09.924 357 357 W mediaextractor: libminijail[357]: compile_file: (35): previous definition here
01-01 08:00:09.924 357 357 W mediaextractor: libminijail[357]: compile_file: /apex/com.android.media/etc/seccomp_policy/crash_dump.arm.policy(28): syscall prctl redefined here
01-01 08:00:09.924 357 357 W mediaextractor: libminijail[357]: compile_file: (5): previous definition here
01-01 08:00:09.925 357 357 W mediaextractor: libminijail[357]: compile_file: /apex/com.android.media/etc/seccomp_policy/crash_dump.arm.policy(29): syscall madvise redefined here
01-01 08:00:09.925 357 357 W mediaextractor: libminijail[357]: compile_file: (31): previous definition here
01-01 08:00:09.925 357 357 W mediaextractor: libminijail[357]: compile_file: /apex/com.android.media/etc/seccomp_policy/crash_dump.arm.policy(30): syscall mprotect redefined here
01-01 08:00:09.925 357 357 W mediaextractor: libminijail[357]: compile_file: (12): previous definition here
01-01 08:00:09.925 357 357 W mediaextractor: libminijail[357]: compile_file: /apex/com.android.media/etc/seccomp_policy/crash_dump.arm.policy(31): syscall munmap redefined here
01-01 08:00:09.925 357 357 W mediaextractor: libminijail[357]: compile_file: (10): previous definition here
01-01 08:00:09.925 357 357 W mediaextractor: libminijail[357]: compile_file: /apex/com.android.media/etc/seccomp_policy/crash_dump.arm.policy(32): syscall getuid32 redefined here
01-01 08:00:09.929 357 357 W mediaextractor: libminijail[357]: compile_file: (13): previous definition here
01-01 08:00:09.930 357 357 W mediaextractor: libminijail[357]: compile_file: /apex/com.android.media/etc/seccomp_policy/crash_dump.arm.policy(33): syscall fstat64 redefined here
01-01 08:00:09.930 357 357 W mediaextractor: libminijail[357]: compile_file: (25): previous definition here
01-01 08:00:09.930 357 357 W mediaextractor: libminijail[357]: compile_file: /apex/com.android.media/etc/seccomp_policy/crash_dump.arm.policy(34): syscall mmap2 redefined here
01-01 08:00:09.930 357 357 W mediaextractor: libminijail[357]: compile_file: (8): previous definition here
01-01 08:00:09.930 357 357 W mediaextractor: libminijail[357]: compile_file: /apex/com.android.media/etc/seccomp_policy/crash_dump.arm.policy(35): syscall geteuid32 redefined here
01-01 08:00:09.930 357 357 W mediaextractor: libminijail[357]: compile_file: (38): previous definition here
01-01 08:00:09.930 357 357 W mediaextractor: libminijail[357]: compile_file: /apex/com.android.media/etc/seccomp_policy/crash_dump.arm.policy(36): syscall getgid32 redefined here
01-01 08:00:09.930 357 357 W mediaextractor: libminijail[357]: compile_file: (39): previous definition here
01-01 08:00:09.930 392 392 I update_engine: [INFO:main.cc(55)] A/B Update Engine starting
01-01 08:00:09.931 357 357 W mediaextractor: libminijail[357]: compile_file: /apex/com.android.media/etc/seccomp_policy/crash_dump.arm.policy(37): syscall getegid32 redefined here
01-01 08:00:09.931 357 357 W mediaextractor: libminijail[357]: compile_file: (40): previous definition here
01-01 08:00:09.931 357 357 W mediaextractor: libminijail[357]: compile_file: /apex/com.android.media/etc/seccomp_policy/crash_dump.arm.policy(38): syscall getgroups32 redefined here
01-01 08:00:09.931 357 357 W mediaextractor: libminijail[357]: compile_file: (41): previous definition here
01-01 08:00:09.935 374 374 I mediaswcodec: media swcodec service starting
01-01 08:00:09.938 357 357 W mediaextractor: libminijail[357]: logging seccomp filter failures
01-01 08:00:09.940 374 374 W mediaswcodec: Could not read additional policy file '/vendor/etc/seccomp_policy/mediaswcodec.policy'
01-01 08:00:09.941 374 374 W mediaswcodec: libminijail[374]: failed to get path of fd 4: No such file or directory
01-01 08:00:09.941 374 374 W mediaswcodec: libminijail[374]: allowing syscall: clock_gettime
01-01 08:00:09.941 374 374 W mediaswcodec: libminijail[374]: allowing syscall: connect
01-01 08:00:09.941 374 374 W mediaswcodec: libminijail[374]: allowing syscall: fcntl64
01-01 08:00:09.941 374 374 W mediaswcodec: libminijail[374]: allowing syscall: socket
01-01 08:00:09.941 374 374 W mediaswcodec: libminijail[374]: allowing syscall: writev
01-01 08:00:09.942 374 374 W mediaswcodec: libminijail[374]: compile_file: (71): syscall futex redefined here
01-01 08:00:09.942 374 374 W mediaswcodec: libminijail[374]: compile_file: (15): previous definition here
01-01 08:00:09.944 374 374 W mediaswcodec: libminijail[374]: logging seccomp filter failures
01-01 08:00:09.945 374 374 I CodecServiceRegistrant: Creating software Codec2 service...
01-01 08:00:09.941 396 396 I adbd : persist.adb.watchdog set to ''
01-01 08:00:09.947 396 396 I adbd : persist.sys.test_harness set to ''
01-01 08:00:09.948 396 396 I adbd : adb watchdog timeout set to 600 seconds
01-01 08:00:09.951 374 374 E cutils-trace: Error opening trace file: No such file or directory (2)
01-01 08:00:09.954 396 396 I adbd : Setup mdns on port= 5555
01-01 08:00:09.955 396 396 I adbd : adbd listening on tcp:5555
01-01 08:00:09.956 392 392 E cutils-trace: Error opening trace file: No such file or directory (2)
01-01 08:00:09.957 396 396 I adbd : adbd listening on vsock:5555
01-01 08:00:09.957 365 365 I android.hardware.media.omx@1.0-service: mediacodecservice starting
01-01 08:00:09.961 396 401 I adbd : opening control endpoint /dev/usb-ffs/adb/ep0
01-01 08:00:09.962 396 396 I adbd : adbd started
01-01 08:00:09.964 401 401 I : read descriptors
01-01 08:00:09.960 324 324 I xiriservice_All: type=1400 audit(0.0:284): avc: denied { read } for scontext=u:r:init:s0 tcontext=u:r:init:s0 tclass=netlink_kobject_uevent_socket permissive=1
01-01 08:00:09.964 401 401 I : read strings
01-01 08:00:09.963 243 243 I zygote : Using memfd for future sealing
01-01 08:00:09.964 264 397 I android.hardware.usb.gadget@1.1-service.aw: GADGET pulled up
01-01 08:00:09.963 365 365 W android.hardware.media.omx@1.0-service: Could not read additional policy file '/vendor/etc/seccomp_policy/mediacodec.policy'
01-01 08:00:09.964 365 365 W android.hardware.media.omx@1.0-service: libminijail[365]: failed to get path of fd 4: No such file or directory
01-01 08:00:09.965 365 365 W android.hardware.media.omx@1.0-service: libminijail[365]: allowing syscall: clock_gettime
01-01 08:00:09.965 365 365 W android.hardware.media.omx@1.0-service: libminijail[365]: allowing syscall: connect
01-01 08:00:09.965 365 365 W android.hardware.media.omx@1.0-service: libminijail[365]: allowing syscall: fcntl64
01-01 08:00:09.965 365 365 W android.hardware.media.omx@1.0-service: libminijail[365]: allowing syscall: socket
01-01 08:00:09.965 365 365 W android.hardware.media.omx@1.0-service: libminijail[365]: allowing syscall: writev
01-01 08:00:09.966 365 365 W android.hardware.media.omx@1.0-service: libminijail[365]: compile_file: (59): syscall getrandom redefined here
01-01 08:00:09.966 365 365 W android.hardware.media.omx@1.0-service: libminijail[365]: compile_file: (15): previous definition here
01-01 08:00:09.968 396 399 I adbd : Waiting for persist.adb.tls_server.enable=1
01-01 08:00:09.968 396 399 I adbd : persist.adb.tls_server.enable changed to 1
01-01 08:00:09.969 396 401 I adbd : UsbFfsConnection constructed
01-01 08:00:09.973 396 409 I adbd : UsbFfs-monitor thread spawned
01-01 08:00:09.974 396 409 I adbd : USB event: FUNCTIONFS_BIND
01-01 08:00:09.976 373 373 E cutils-trace: Error opening trace file: No such file or directory (2)
01-01 08:00:09.978 374 374 I HidlServiceManagement: Registered android.hardware.media.c2@1.2::IComponentStore/software
01-01 08:00:09.979 392 392 I update_engine: [INFO:boot_control_android.cc(69)] Loaded boot control hidl hal.
01-01 08:00:09.981 365 365 W android.hardware.media.omx@1.0-service: libminijail[365]: compile_file: /system/etc/seccomp_policy/crash_dump.arm.policy(1): syscall read redefined here
01-01 08:00:09.985 365 365 W android.hardware.media.omx@1.0-service: libminijail[365]: compile_file: (9): previous definition here
01-01 08:00:09.985 365 365 W android.hardware.media.omx@1.0-service: libminijail[365]: compile_file: /system/etc/seccomp_policy/crash_dump.arm.policy(2): syscall write redefined here
01-01 08:00:09.986 373 373 I HidlServiceManagement: Registered android.hardware.radio@1.6::IRadio/slot1
01-01 08:00:09.986 181 181 I hwservicemanager: getTransport: Cannot find entry android.hardware.media.c2@1.0::IComponentStore/default in either framework or device VINTF manifest.
01-01 08:00:09.987 374 374 I CodecServiceRegistrant: Preferred Codec2 store is defaulted to "software".
01-01 08:00:09.987 374 374 I CodecServiceRegistrant: Software Codec2 service created and registered.
01-01 08:00:09.988 365 365 W android.hardware.media.omx@1.0-service: libminijail[365]: compile_file: (5): previous definition here
01-01 08:00:09.988 365 365 W android.hardware.media.omx@1.0-service: libminijail[365]: compile_file: /system/etc/seccomp_policy/crash_dump.arm.policy(3): syscall exit redefined here
01-01 08:00:09.988 365 365 W android.hardware.media.omx@1.0-service: libminijail[365]: compile_file: (40): previous definition here
01-01 08:00:09.991 392 392 I update_engine: [INFO:daemon_state_android.cc(44)] Booted in dev mode.
01-01 08:00:09.994 365 365 W android.hardware.media.omx@1.0-service: libminijail[365]: compile_file: /system/etc/seccomp_policy/crash_dump.arm.policy(4): syscall rt_sigreturn redefined here
01-01 08:00:09.994 365 365 W android.hardware.media.omx@1.0-service: libminijail[365]: compile_file: (45): previous definition here
01-01 08:00:10.000 365 365 W android.hardware.media.omx@1.0-service: libminijail[365]: compile_file: /system/etc/seccomp_policy/crash_dump.arm.policy(6): syscall exit_group redefined here
01-01 08:00:10.000 365 365 W android.hardware.media.omx@1.0-service: libminijail[365]: compile_file: (44): previous definition here
01-01 08:00:10.000 373 373 I HidlServiceManagement: Registered android.hardware.radio.config@1.3::IRadioConfig/default
01-01 08:00:10.000 365 365 W android.hardware.media.omx@1.0-service: libminijail[365]: compile_file: /system/etc/seccomp_policy/crash_dump.arm.policy(7): syscall clock_gettime redefined here
01-01 08:00:10.000 365 365 W android.hardware.media.omx@1.0-service: libminijail[365]: compile_file: (7): previous definition here
01-01 08:00:10.001 365 365 W android.hardware.media.omx@1.0-service: libminijail[365]: compile_file: /system/etc/seccomp_policy/crash_dump.arm.policy(8): syscall gettimeofday redefined here
01-01 08:00:10.001 365 365 W android.hardware.media.omx@1.0-service: libminijail[365]: compile_file: (47): previous definition here
01-01 08:00:10.001 365 365 W android.hardware.media.omx@1.0-service: libminijail[365]: compile_file: /system/etc/seccomp_policy/crash_dump.arm.policy(9): syscall futex redefined here
01-01 08:00:10.001 365 365 W android.hardware.media.omx@1.0-service: libminijail[365]: compile_file: (3): previous definition here
01-01 08:00:10.002 365 365 W android.hardware.media.omx@1.0-service: libminijail[365]: compile_file: /system/etc/seccomp_policy/crash_dump.arm.policy(10): syscall getrandom redefined here
01-01 08:00:10.002 365 365 W android.hardware.media.omx@1.0-service: libminijail[365]: compile_file: (15): previous definition here
01-01 08:00:10.002 365 365 W android.hardware.media.omx@1.0-service: libminijail[365]: compile_file: /system/etc/seccomp_policy/crash_dump.arm.policy(13): syscall ppoll redefined here
01-01 08:00:10.002 365 365 W android.hardware.media.omx@1.0-service: libminijail[365]: compile_file: (13): previous definition here
01-01 08:00:10.003 392 392 I update_engine: [INFO:update_attempter_android.cc(1082)] Scheduling CleanupPreviousUpdateAction.
01-01 08:00:10.005 373 373 I HidlServiceManagement: Registered android.hardware.radio@1.2::ISap/slot1
01-01 08:00:10.009 365 365 W android.hardware.media.omx@1.0-service: libminijail[365]: compile_file: /system/etc/seccomp_policy/crash_dump.arm.policy(14): syscall pipe2 redefined here
01-01 08:00:10.010 365 365 W android.hardware.media.omx@1.0-service: libminijail[365]: compile_file: (46): previous definition here
01-01 08:00:10.010 365 365 W android.hardware.media.omx@1.0-service: libminijail[365]: compile_file: /system/etc/seccomp_policy/crash_dump.arm.policy(15): syscall openat redefined here
01-01 08:00:10.010 365 365 W android.hardware.media.omx@1.0-service: libminijail[365]: compile_file: (30): previous definition here
01-01 08:00:10.010 365 365 W android.hardware.media.omx@1.0-service: libminijail[365]: compile_file: /system/etc/seccomp_policy/crash_dump.arm.policy(16): syscall dup redefined here
01-01 08:00:10.010 365 365 W android.hardware.media.omx@1.0-service: libminijail[365]: compile_file: (12): previous definition here
01-01 08:00:10.010 365 365 W android.hardware.media.omx@1.0-service: libminijail[365]: compile_file: /system/etc/seccomp_policy/crash_dump.arm.policy(17): syscall close redefined here
01-01 08:00:10.010 365 365 W android.hardware.media.omx@1.0-service: libminijail[365]: compile_file: (10): previous definition here
01-01 08:00:10.010 365 365 W android.hardware.media.omx@1.0-service: libminijail[365]: compile_file: /system/etc/seccomp_policy/crash_dump.arm.policy(18): syscall lseek redefined here
01-01 08:00:10.010 365 365 W android.hardware.media.omx@1.0-service: libminijail[365]: compile_file: (50): previous definition here
01-01 08:00:10.010 365 365 W android.hardware.media.omx@1.0-service: libminijail[365]: compile_file: /system/etc/seccomp_policy/crash_dump.arm.policy(19): syscall getdents64 redefined here
01-01 08:00:10.011 365 365 W android.hardware.media.omx@1.0-service: libminijail[365]: compile_file: (58): previous definition here
01-01 08:00:10.011 365 365 W android.hardware.media.omx@1.0-service: libminijail[365]: compile_file: /system/etc/seccomp_policy/crash_dump.arm.policy(20): syscall faccessat redefined here
01-01 08:00:10.011 365 365 W android.hardware.media.omx@1.0-service: libminijail[365]: compile_file: (38): previous definition here
01-01 08:00:10.011 365 365 W android.hardware.media.omx@1.0-service: libminijail[365]: compile_file: /system/etc/seccomp_policy/crash_dump.arm.policy(25): syscall rt_sigprocmask redefined here
01-01 08:00:10.011 365 365 W android.hardware.media.omx@1.0-service: libminijail[365]: compile_file: (41): previous definition here
01-01 08:00:10.011 365 365 W android.hardware.media.omx@1.0-service: libminijail[365]: compile_file: /system/etc/seccomp_policy/crash_dump.arm.policy(28): syscall prctl redefined here
01-01 08:00:10.011 365 365 W android.hardware.media.omx@1.0-service: libminijail[365]: compile_file: (6): previous definition here
01-01 08:00:10.011 365 365 W android.hardware.media.omx@1.0-service: libminijail[365]: compile_file: /system/etc/seccomp_policy/crash_dump.arm.policy(29): syscall madvise redefined here
01-01 08:00:10.012 365 365 W android.hardware.media.omx@1.0-service: libminijail[365]: compile_file: (29): previous definition here
01-01 08:00:10.012 365 365 W android.hardware.media.omx@1.0-service: libminijail[365]: compile_file: /system/etc/seccomp_policy/crash_dump.arm.policy(30): syscall mprotect redefined here
01-01 08:00:10.012 365 365 W android.hardware.media.omx@1.0-service: libminijail[365]: compile_file: (28): previous definition here
01-01 08:00:10.014 396 399 I adbd : adbwifi started on port 38401
01-01 08:00:10.014 396 399 I adbd : TlsServer running on port 38401
01-01 08:00:10.014 365 365 W android.hardware.media.omx@1.0-service: libminijail[365]: compile_file: /system/etc/seccomp_policy/crash_dump.arm.policy(31): syscall munmap redefined here
01-01 08:00:10.014 396 399 I adbd : adb wifi started on port 38401
01-01 08:00:10.015 396 402 I adbd : adbd mDNS service _adb._tcp registered: 1
01-01 08:00:10.015 396 399 I adbd : Waiting for persist.adb.tls_server.enable=0
01-01 08:00:10.017 365 365 W android.hardware.media.omx@1.0-service: libminijail[365]: compile_file: (27): previous definition here
01-01 08:00:10.017 365 365 W android.hardware.media.omx@1.0-service: libminijail[365]: compile_file: /system/etc/seccomp_policy/crash_dump.arm.policy(32): syscall getuid32 redefined here
01-01 08:00:10.017 365 365 W android.hardware.media.omx@1.0-service: libminijail[365]: compile_file: (34): previous definition here
01-01 08:00:10.019 365 365 W android.hardware.media.omx@1.0-service: libminijail[365]: compile_file: /system/etc/seccomp_policy/crash_dump.arm.policy(33): syscall fstat64 redefined here
01-01 08:00:10.020 365 365 W android.hardware.media.omx@1.0-service: libminijail[365]: compile_file: (35): previous definition here
01-01 08:00:10.020 365 365 W android.hardware.media.omx@1.0-service: libminijail[365]: compile_file: /system/etc/seccomp_policy/crash_dump.arm.policy(34): syscall mmap2 redefined here
01-01 08:00:10.020 365 365 W android.hardware.media.omx@1.0-service: libminijail[365]: compile_file: (14): previous definition here
01-01 08:00:10.021 396 417 I adbd : Registering secure_connect service (adb-DZOH58251908361-a0xUYc)
01-01 08:00:10.022 392 392 I update_engine: [INFO:action_processor.cc(51)] ActionProcessor: starting CleanupPreviousUpdateAction
01-01 08:00:10.025 365 365 W android.hardware.media.omx@1.0-service: libminijail[365]: logging seccomp filter failures
01-01 08:00:10.025 396 417 I adbd : adbd mDNS service _adb-tls-connect._tcp registered: 1
01-01 08:00:10.043 392 392 I update_engine: [INFO:cleanup_previous_update_action.cc(149)] Starting/resuming CleanupPreviousUpdateAction
01-01 08:00:10.048 365 365 I cedarc : : register h265 decoder success!
01-01 08:00:10.049 365 365 E cedarc : : dlopen 'libawh265soft.so' fail: dlopen failed: library "libawh265soft.so" not found
01-01 08:00:10.050 365 365 I cedarc : : register h264 decoder success!
01-01 08:00:10.051 365 365 I cedarc : : register mjpeg decoder success!
01-01 08:00:10.053 365 365 I cedarc : : register mjpegplus decoder success!
01-01 08:00:10.055 365 365 I cedarc : : register mpeg2 decoder success!
01-01 08:00:10.058 365 365 W cedarc : : Invalid plugin, CedarPluginVDInit not found, lib:libawmpeg4base.so.
01-01 08:00:10.060 365 365 I cedarc : : register mpeg4Normal decoder success!
01-01 08:00:10.064 365 365 I cedarc : : register Mpeg4Vp6 decoder success!
01-01 08:00:10.066 365 365 I cedarc : : register mpeg4dx decoder success!
01-01 08:00:10.067 365 365 I cedarc : : register mpeg4H263 decoder success!
01-01 08:00:10.069 365 365 I cedarc : : register vp8 decoder success!
01-01 08:00:10.071 365 365 I cedarc : : register vc1 decoder success!
01-01 08:00:10.078 392 392 I update_engine: [INFO:cleanup_previous_update_action.cc(124)] CleanupPreviousUpdateAction scheduled task ID 1 for WaitBootCompleted
01-01 08:00:10.080 365 365 I SoftOMXPlugin: createOMXPlugin
01-01 08:00:10.081 365 365 D MediaCodecsXmlParser: parsing /vendor/etc/media_codecs.xml...
01-01 08:00:10.083 365 365 D MediaCodecsXmlParser: parsing /vendor/etc/media_codecs_google_audio.xml...
01-01 08:00:10.084 365 365 D MediaCodecsXmlParser: unable to open media codecs configuration xml file: /vendor/etc/media_codecs_google_audio.xml
01-01 08:00:10.087 365 365 D MediaCodecsXmlParser: parsing /vendor/etc/media_codecs_google_video.xml...
01-01 08:00:10.089 365 365 D MediaCodecsXmlParser: unable to open media codecs configuration xml file: /vendor/etc/media_codecs_google_video.xml
01-01 08:00:10.091 357 357 I MediaExtractorFactory: plugin directory not present (/system/lib/extractors)
01-01 08:00:10.092 357 357 I MediaExtractorFactory: plugin directory not present (/system_ext/lib/extractors)
01-01 08:00:10.092 365 365 D MediaCodecsXmlParser: parsing /vendor/etc/media_codecs_performance.xml...
01-01 08:00:10.096 365 365 D MediaCodecsXmlParser: MediaCodec: cannot update non-existing codec: OMX.google.h264.encoder at line 25 of /vendor/etc/media_codecs_performance.xml
01-01 08:00:10.096 365 365 D MediaCodecsXmlParser: MediaCodec: cannot update non-existing codec: OMX.google.h263.encoder at line 31 of /vendor/etc/media_codecs_performance.xml
01-01 08:00:10.096 365 365 D MediaCodecsXmlParser: MediaCodec: cannot update non-existing codec: OMX.google.mpeg4.encoder at line 34 of /vendor/etc/media_codecs_performance.xml
01-01 08:00:10.096 365 365 D MediaCodecsXmlParser: MediaCodec: cannot update non-existing codec: OMX.google.vp8.encoder at line 37 of /vendor/etc/media_codecs_performance.xml
01-01 08:00:10.096 365 365 D MediaCodecsXmlParser: MediaCodec: cannot update non-existing codec: OMX.allwinner.video.decoder.h263 at line 59 of /vendor/etc/media_codecs_performance.xml
01-01 08:00:10.096 365 365 D MediaCodecsXmlParser: MediaCodec: cannot update non-existing codec: OMX.google.mpeg4.decoder at line 80 of /vendor/etc/media_codecs_performance.xml
01-01 08:00:10.097 365 365 D MediaCodecsXmlParser: MediaCodec: cannot update non-existing codec: OMX.google.h264.decoder at line 83 of /vendor/etc/media_codecs_performance.xml
01-01 08:00:10.097 365 365 D MediaCodecsXmlParser: MediaCodec: cannot update non-existing codec: OMX.google.h263.decoder at line 89 of /vendor/etc/media_codecs_performance.xml
01-01 08:00:10.097 365 365 D MediaCodecsXmlParser: MediaCodec: cannot update non-existing codec: OMX.google.hevc.decoder at line 93 of /vendor/etc/media_codecs_performance.xml
01-01 08:00:10.097 365 365 D MediaCodecsXmlParser: MediaCodec: cannot update non-existing codec: OMX.google.vp8.decoder at line 101 of /vendor/etc/media_codecs_performance.xml
01-01 08:00:10.097 365 365 D MediaCodecsXmlParser: MediaCodec: cannot update non-existing codec: OMX.google.vp9.decoder at line 107 of /vendor/etc/media_codecs_performance.xml
01-01 08:00:10.097 365 365 I MediaCodecsXmlParser: Did not find media_codecs_shaping.xml in search path
01-01 08:00:10.098 365 365 E cutils-trace: Error opening trace file: No such file or directory (2)
01-01 08:00:10.102 365 365 I HidlServiceManagement: Registered android.hardware.media.omx@1.0::IOmx/default
01-01 08:00:10.102 365 365 I HidlServiceManagement: Removing namespace from process name android.hardware.media.omx@1.0-service to omx@1.0-service.
01-01 08:00:10.103 365 365 I android.hardware.media.omx@1.0-service: IOmx HAL service created.
01-01 08:00:10.105 365 365 I OmxStore: omx common prefix: 'OMX.'
01-01 08:00:10.105 365 365 D MediaCodecsXmlParser: parsing /vendor/etc/media_codecs.xml...
01-01 08:00:10.106 365 365 D MediaCodecsXmlParser: parsing /vendor/etc/media_codecs_google_audio.xml...
01-01 08:00:10.106 365 365 D MediaCodecsXmlParser: unable to open media codecs configuration xml file: /vendor/etc/media_codecs_google_audio.xml
01-01 08:00:10.110 365 365 D MediaCodecsXmlParser: parsing /vendor/etc/media_codecs_google_video.xml...
01-01 08:00:10.110 365 365 D MediaCodecsXmlParser: unable to open media codecs configuration xml file: /vendor/etc/media_codecs_google_video.xml
01-01 08:00:10.110 365 365 D MediaCodecsXmlParser: parsing /vendor/etc/media_codecs_performance.xml...
01-01 08:00:10.111 365 365 D MediaCodecsXmlParser: MediaCodec: cannot update non-existing codec: OMX.google.h264.encoder at line 25 of /vendor/etc/media_codecs_performance.xml
01-01 08:00:10.111 365 365 D MediaCodecsXmlParser: MediaCodec: cannot update non-existing codec: OMX.google.h263.encoder at line 31 of /vendor/etc/media_codecs_performance.xml
01-01 08:00:10.111 365 365 D MediaCodecsXmlParser: MediaCodec: cannot update non-existing codec: OMX.google.mpeg4.encoder at line 34 of /vendor/etc/media_codecs_performance.xml
01-01 08:00:10.111 365 365 D MediaCodecsXmlParser: MediaCodec: cannot update non-existing codec: OMX.google.vp8.encoder at line 37 of /vendor/etc/media_codecs_performance.xml
01-01 08:00:10.111 365 365 D MediaCodecsXmlParser: MediaCodec: cannot update non-existing codec: OMX.allwinner.video.decoder.h263 at line 59 of /vendor/etc/media_codecs_performance.xml
01-01 08:00:10.111 365 365 D MediaCodecsXmlParser: MediaCodec: cannot update non-existing codec: OMX.google.mpeg4.decoder at line 80 of /vendor/etc/media_codecs_performance.xml
01-01 08:00:10.111 365 365 D MediaCodecsXmlParser: MediaCodec: cannot update non-existing codec: OMX.google.h264.decoder at line 83 of /vendor/etc/media_codecs_performance.xml
01-01 08:00:10.112 365 365 D MediaCodecsXmlParser: MediaCodec: cannot update non-existing codec: OMX.google.h263.decoder at line 89 of /vendor/etc/media_codecs_performance.xml
01-01 08:00:10.112 365 365 D MediaCodecsXmlParser: MediaCodec: cannot update non-existing codec: OMX.google.hevc.decoder at line 93 of /vendor/etc/media_codecs_performance.xml
01-01 08:00:10.112 365 365 D MediaCodecsXmlParser: MediaCodec: cannot update non-existing codec: OMX.google.vp8.decoder at line 101 of /vendor/etc/media_codecs_performance.xml
01-01 08:00:10.112 365 365 D MediaCodecsXmlParser: MediaCodec: cannot update non-existing codec: OMX.google.vp9.decoder at line 107 of /vendor/etc/media_codecs_performance.xml
01-01 08:00:10.112 365 365 I MediaCodecsXmlParser: Did not find media_codecs_shaping.xml in search path
01-01 08:00:10.112 365 365 E MediaCodecsXmlParser: Cannot find the role for a decoder of type video/divx
01-01 08:00:10.112 365 365 E MediaCodecsXmlParser: Cannot find the role for a decoder of type video/jpeg
01-01 08:00:10.112 365 365 E MediaCodecsXmlParser: Cannot find the role for a decoder of type video/mpeg1
01-01 08:00:10.112 365 365 E MediaCodecsXmlParser: Cannot find the role for a decoder of type video/x-ms-mpeg4v1
01-01 08:00:10.112 365 365 E MediaCodecsXmlParser: Cannot find the role for a decoder of type video/x-ms-mpeg4v2
01-01 08:00:10.112 365 365 E MediaCodecsXmlParser: Cannot find the role for a decoder of type video/rvg2
01-01 08:00:10.112 365 365 E MediaCodecsXmlParser: Cannot find the role for a decoder of type video/flv1
01-01 08:00:10.112 365 365 E MediaCodecsXmlParser: Cannot find the role for a decoder of type video/wvc1
01-01 08:00:10.112 365 365 E MediaCodecsXmlParser: Cannot find the role for a decoder of type video/x-vnd.on2.vp6
01-01 08:00:10.112 365 365 E MediaCodecsXmlParser: Cannot find the role for a decoder of type video/wmv1
01-01 08:00:10.112 365 365 E MediaCodecsXmlParser: Cannot find the role for a decoder of type video/wmv2
01-01 08:00:10.112 365 365 E MediaCodecsXmlParser: Cannot find the role for a decoder of type video/xvid
01-01 08:00:10.115 365 365 I HidlServiceManagement: Registered android.hardware.media.omx@1.0::IOmxStore/default
01-01 08:00:10.115 365 365 I HidlServiceManagement: Removing namespace from process name android.hardware.media.omx@1.0-service to omx@1.0-service.
01-01 08:00:10.120 356 356 D isomountservice: main isomount service is running.
01-01 08:00:10.125 356 356 I isomountservice: ServiceManager: 0xf27fbcc0
01-01 08:00:10.144 263 263 I EventThread: type=1400 audit(0.0:285): avc: denied { search } for name="extcon" dev="sysfs" ino=18109 scontext=u:r:hal_tv_cec_default:s0 tcontext=u:object_r:sysfs_extcon:s0 tclass=dir permissive=1
01-01 08:00:10.154 351 351 I cameraserver: ServiceManager: 0xf3829960
01-01 08:00:10.155 351 351 I CameraService: CameraService started (pid=351)
01-01 08:00:10.155 351 351 I CameraService: CameraService process starting
01-01 08:00:10.161 351 351 W BatteryNotifier: batterystats service unavailable!
01-01 08:00:10.162 351 351 W BatteryNotifier: batterystats service unavailable!
01-01 08:00:10.162 351 351 E cutils-trace: Error opening trace file: No such file or directory (2)
01-01 08:00:10.181 351 351 I CameraProviderManager: Connecting to new camera provider: external/0, isRemote? 1
01-01 08:00:10.183 351 351 I CameraProviderManager: Camera provider external/0 ready with 0 camera devices
01-01 08:00:10.184 351 428 W CameraProviderManager: addProviderLocked: Camera provider HAL with name 'external/0' already registered
01-01 08:00:10.185 351 351 I cameraserver: Waiting for activity service
01-01 08:00:10.193 361 361 E cutils-trace: Error opening trace file: No such file or directory (2)
01-01 08:00:10.204 361 361 W storaged: health: invalid battery status
01-01 08:00:10.217 361 361 I ServiceManager: Waiting for service 'package_native' on '/dev/binder'...
01-01 08:00:10.236 352 352 D gpioservice: main gpio service is running.
01-01 08:00:10.236 358 358 V MediaUtils: physMem: 2055442432
01-01 08:00:10.237 358 358 V MediaUtils: requested limit: 134217728
01-01 08:00:10.238 352 352 I gpioservice: ServiceManager: 0xead37cc0
01-01 08:00:10.238 352 352 D GpioService: GpioService created
01-01 08:00:10.239 180 180 E SELinux : avc: denied { add } for pid=352 uid=0 name=softwinner.gpio scontext=u:r:gpioservice:s0 tcontext=u:object_r:default_android_service:s0 tclass=service_manager permissive=1
01-01 08:00:10.239 358 358 I libc : malloc_limit: Allocation limit enabled, max size 134217728 bytes
01-01 08:00:10.249 358 358 D AudioPowerUsage: AudioPowerUsage
01-01 08:00:10.258 362 362 D systemmixservice: main SystemMix service is running.
01-01 08:00:10.260 362 362 I systemmixservice: ServiceManager: 0xed295cb0
01-01 08:00:10.260 362 362 D SystemMixService: SystemMixService created
01-01 08:00:10.260 358 358 D AudioAnalytics: AudioAnalytics
01-01 08:00:10.261 358 358 D MediaMetricsService: MediaMetricsService
01-01 08:00:10.261 180 180 E SELinux : avc: denied { add } for pid=362 uid=0 name=softwinner.systemmix scontext=u:r:systemmix:s0 tcontext=u:object_r:default_android_service:s0 tclass=service_manager permissive=1
01-01 08:00:10.275 360 360 D multiir : multi_ir open uinput dev
01-01 08:00:10.272 324 324 I xiriservice_All: type=1400 audit(0.0:286): avc: denied { read } for scontext=u:r:init:s0 tcontext=u:r:init:s0 tclass=netlink_kobject_uevent_socket permissive=1
01-01 08:00:10.277 318 319 D XM_HIDREAD: add@ add@/devices/virtual/input/input1
01-01 08:00:10.279 268 268 I ServiceManager: Waiting for service 'media.metrics' on '/dev/binder' successful after waiting 1068ms
01-01 08:00:10.280 268 268 I AudioFlinger: Using default 3000 mSec as standby time.
01-01 08:00:10.282 360 360 I input : sunxi-ir-uinput as /devices/virtual/input/input1
01-01 08:00:10.283 358 435 I ServiceManager: Waiting for service 'package_native' on '/dev/binder'...
01-01 08:00:10.285 318 319 D XM_HIDREAD: add@ add@/devices/virtual/input/input1/event1
01-01 08:00:10.286 360 360 D multiir : uinputfd=4
01-01 08:00:10.299 243 243 D Zygote : VMRuntime.setVerifierEnabled(false)
01-01 08:00:10.318 360 360 D multiir : uevent listen start
01-01 08:00:10.325 268 268 E APM::HwModule: refreshSupportedDevices: invalid source devices for primary input
01-01 08:00:10.325 268 268 E APM::HwModule: refreshSupportedDevices: invalid source devices for fast input
01-01 08:00:10.330 268 268 D APM_EngineLoader: Loaded engine from libaudiopolicyenginedefault.so
01-01 08:00:10.331 268 268 D APM::AudioPolicyEngine/Base: loadAudioPolicyEngineConfig: No configuration found, using default matching phone experience.
01-01 08:00:10.349 268 268 W APM::AudioPolicyEngine/Base: loadAudioPolicyEngineConfig: No configuration of AUDIO_STREAM_ASSISTANT found, using default volume configuration
01-01 08:00:10.350 268 268 W APM::AudioPolicyEngine/Base: loadAudioPolicyEngineConfig: No configuration of AUDIO_STREAM_CALL_ASSISTANT found, using default volume configuration
01-01 08:00:10.367 248 248 V audio_hw_primary: init_audio_devices, line: 611
01-01 08:00:10.367 248 248 D audio_hw_primary: read card /sys/class/sound/card0/id
01-01 08:00:10.368 248 248 D audio_hw_primary: /sys/class/sound/card0/id, audiocodec, len: 11
01-01 08:00:10.368 248 248 D audio_hw_primary: linux name = audiocodec, android name = AUDIO_CODEC
01-01 08:00:10.368 248 248 D audio_hw_primary: find name map, card_id = audiocodec, card_name = AUDIO_CODEC
01-01 08:00:10.368 248 248 V audio_hw_primary: card: 0, name: AUDIO_CODEC, capture: 0, playback: 1
01-01 08:00:10.368 248 248 D audio_hw_primary: read card /sys/class/sound/card1/id
01-01 08:00:10.368 248 248 D audio_hw_primary: /sys/class/sound/card1/id, sndspdif, len: 9
01-01 08:00:10.368 248 248 D audio_hw_primary: linux name = sndspdif, android name = AUDIO_SPDIF
01-01 08:00:10.368 248 248 D audio_hw_primary: find name map, card_id = sndspdif, card_name = AUDIO_SPDIF
01-01 08:00:10.368 248 248 V audio_hw_primary: card: 1, name: AUDIO_SPDIF, capture: 1, playback: 1
01-01 08:00:10.368 248 248 D audio_hw_primary: read card /sys/class/sound/card2/id
01-01 08:00:10.369 248 248 D audio_hw_primary: /sys/class/sound/card2/id, ahubdam, len: 8
01-01 08:00:10.369 248 248 D audio_hw_primary: linux name = ahubdam, android name = AUDIO_DAM
01-01 08:00:10.369 248 248 D audio_hw_primary: find name map, card_id = ahubdam, card_name = AUDIO_DAM
01-01 08:00:10.369 248 248 V audio_hw_primary: card: 2, name: AUDIO_DAM, capture: 0, playback: 0
01-01 08:00:10.369 248 248 D audio_hw_primary: read card /sys/class/sound/card3/id
01-01 08:00:10.369 248 248 D audio_hw_primary: /sys/class/sound/card3/id, ahubhdmi, len: 9
01-01 08:00:10.369 248 248 D audio_hw_primary: linux name = ahubhdmi, android name = AUDIO_HDMI
01-01 08:00:10.369 248 248 D audio_hw_primary: find name map, card_id = ahubhdmi, card_name = AUDIO_HDMI
01-01 08:00:10.369 248 248 V audio_hw_primary: card: 3, name: AUDIO_HDMI, capture: 1, playback: 1
01-01 08:00:10.369 248 248 D audio_hw_primary: read card /sys/class/sound/card4/id
01-01 08:00:10.370 248 248 D audio_hw_primary: /sys/class/sound/card4/id, ahubi2s2, len: 9
01-01 08:00:10.370 248 248 D audio_hw_primary: linux name = ahubi2s2, android name = AUDIO_I2S2
01-01 08:00:10.370 248 248 D audio_hw_primary: find name map, card_id = ahubi2s2, card_name = AUDIO_I2S2
01-01 08:00:10.370 248 248 V audio_hw_primary: card: 4, name: AUDIO_I2S2, capture: 1, playback: 1
01-01 08:00:10.370 248 248 D audio_hw_primary: getCardNumbyName: name = AUDIO_CODEC , card = 0
01-01 08:00:10.370 248 248 D audio_hw_primary: getCardNumbyName: name = AUDIO_DAM , card = 2
01-01 08:00:10.370 248 248 D audio_hw_primary: getCardNumbyName: name = AUDIO_HDMI , card = 3
01-01 08:00:10.370 248 248 D audio_hw_primary: getCardNumbyName: name = AUDIO_I2S2 , card = 4
01-01 08:00:10.370 248 248 D audio_hw_primary: getCardNumbyName: name = AUDIO_SPDIF , card = 1
01-01 08:00:10.370 248 248 E audio_hw_primary: AUDIO_BT card does not exist
01-01 08:00:10.370 248 248 E audio_hw_primary: AUDIO_MIX card does not exist
01-01 08:00:10.370 248 248 V audio_hw_primary: init_audio_devices_active, line: 635
01-01 08:00:10.370 248 248 V audio_hw_primary: init_audio_devices_active: get property persist.vendor.audio.input.active: AUDIO_CODEC
01-01 08:00:10.368 1 1 I /system/bin/init: type=1107 audit(0.0:287): uid=0 auid=4294967295 ses=4294967295 subj=u:r:init:s0 msg='avc: denied { set } for property=persist.vendor.audio.input.active pid=248 uid=1041 gid=1005 scontext=u:r:hal_audio_default:s0 tcontext=u:object_r:vendor_default_prop:s0 tclass=property_service permissive=1'
01-01 08:00:10.381 248 248 V audio_hw_primary: set property persist.vendor.audio.input.active: AUDIO_CODEC ok
01-01 08:00:10.381 248 248 V audio_hw_primary: init_audio_devices_active: get property persist.vendor.audio.output.active: AUDIO_HDMI
01-01 08:00:10.380 327 327 I rainbow_flow: type=1400 audit(0.0:288): avc: denied { ioctl } for path="/dev/spidev1.0" dev="tmpfs" ino=5830 ioctlcmd=0x6b00 scontext=u:r:init:s0 tcontext=u:object_r:device:s0 tclass=chr_file permissive=1
01-01 08:00:10.389 360 360 D multiir : find target device, path=/dev/input/event0
01-01 08:00:10.390 248 248 V audio_hw_primary: set property persist.vendor.audio.output.active: AUDIO_HDMI ok
01-01 08:00:10.390 248 248 V audio_hw_primary: AUDIO_HDMI output device will be active
01-01 08:00:10.390 248 248 D audio_hw_primary: XX 2 0 2 0
01-01 08:00:10.391 360 442 D multiir : MultiirService create
01-01 08:00:10.392 180 180 E SELinux : avc: denied { add } for pid=360 uid=0 name=softwinner.multi_ir scontext=u:r:multi_ir:s0 tcontext=u:object_r:default_android_service:s0 tclass=service_manager permissive=1
01-01 08:00:10.395 248 248 W audio_route: Control 'External Speaker Switch' doesn't exist - skipping
01-01 08:00:10.395 248 248 W audio_route: Control 'Headphone Switch' doesn't exist - skipping
01-01 08:00:10.395 248 248 W audio_route: Control 'Earpiece Switch' doesn't exist - skipping
01-01 08:00:10.395 248 248 W audio_route: Control 'AIF1IN0R Mux' doesn't exist - skipping
01-01 08:00:10.395 248 248 W audio_route: Control 'AIF1IN0L Mux' doesn't exist - skipping
01-01 08:00:10.395 248 248 W audio_route: Control 'DACR Mixer AIF1DA0R Switch' doesn't exist - skipping
01-01 08:00:10.395 248 248 W audio_route: Control 'DACL Mixer AIF1DA0L Switch' doesn't exist - skipping
01-01 08:00:10.395 248 248 W audio_route: Control 'AIF1OUT0L Mux' doesn't exist - skipping
01-01 08:00:10.395 248 248 W audio_route: Control 'AIF1OUT0R Mux' doesn't exist - skipping
01-01 08:00:10.395 248 248 W audio_route: Control 'AIF1 AD0L Mixer ADCL Switch' doesn't exist - skipping
01-01 08:00:10.395 248 248 W audio_route: Control 'AIF1 AD0R Mixer ADCR Switch' doesn't exist - skipping
01-01 08:00:10.395 248 248 W audio_route: Control 'ADCR Mux' doesn't exist - skipping
01-01 08:00:10.395 248 248 W audio_route: Control 'ADCL Mux' doesn't exist - skipping
01-01 08:00:10.395 248 248 W audio_route: Control 'HP_R Mux' doesn't exist - skipping
01-01 08:00:10.395 248 248 W audio_route: Control 'HP_L Mux' doesn't exist - skipping
01-01 08:00:10.395 248 248 W audio_route: Control 'HP_R Mux' doesn't exist - skipping
01-01 08:00:10.395 248 248 W audio_route: Control 'HP_L Mux' doesn't exist - skipping
01-01 08:00:10.395 248 248 W audio_route: Control 'Right Output Mixer DACR Switch' doesn't exist - skipping
01-01 08:00:10.395 248 248 W audio_route: Control 'Left Output Mixer DACL Switch' doesn't exist - skipping
01-01 08:00:10.395 248 248 W audio_route: Control 'SPK_L Mux' doesn't exist - skipping
01-01 08:00:10.395 248 248 W audio_route: Control 'SPK_R Mux' doesn't exist - skipping
01-01 08:00:10.395 248 248 W audio_route: Control 'External Speaker Switch' doesn't exist - skipping
01-01 08:00:10.395 248 248 W audio_route: Control 'Headphone Switch' doesn't exist - skipping
01-01 08:00:10.395 248 248 W audio_route: Control 'AIF1IN0R Mux' doesn't exist - skipping
01-01 08:00:10.395 248 248 W audio_route: Control 'AIF1IN0L Mux' doesn't exist - skipping
01-01 08:00:10.395 248 248 W audio_route: Control 'DACR Mixer AIF1DA0R Switch' doesn't exist - skipping
01-01 08:00:10.395 248 248 W audio_route: Control 'DACL Mixer AIF1DA0L Switch' doesn't exist - skipping
01-01 08:00:10.395 248 248 W audio_route: Control 'Left Output Mixer DACR Switch' doesn't exist - skipping
01-01 08:00:10.395 248 248 W audio_route: Control 'Left Output Mixer DACL Switch' doesn't exist - skipping
01-01 08:00:10.395 248 248 W audio_route: Control 'SPK_L Mux' doesn't exist - skipping
01-01 08:00:10.396 248 248 W audio_route: Control 'External Speaker Switch' doesn't exist - skipping
01-01 08:00:10.396 248 248 W audio_route: unknown enum value string 0 for ctl LINEOUTL src LR
01-01 08:00:10.396 248 248 W audio_route: unknown enum value string 0 for ctl LINEOUTR src LR
01-01 08:00:10.396 248 248 W audio_route: Control 'DACR Mixer AIF1DA0R Switch' doesn't exist - skipping
01-01 08:00:10.396 248 248 W audio_route: Control 'DACL Mixer AIF1DA0L Switch' doesn't exist - skipping
01-01 08:00:10.396 248 248 W audio_route: Control 'AIF1 AD0L Mixer ADCL Switch' doesn't exist - skipping
01-01 08:00:10.396 248 248 W audio_route: Control 'AIF1 AD0R Mixer ADCR Switch' doesn't exist - skipping
01-01 08:00:10.396 248 248 W audio_route: Control 'Left Output Mixer DACL Switch' doesn't exist - skipping
01-01 08:00:10.396 248 248 W audio_route: Control 'Left Output Mixer DACR Switch' doesn't exist - skipping
01-01 08:00:10.396 248 248 W audio_route: Control 'Right Output Mixer DACL Switch' doesn't exist - skipping
01-01 08:00:10.396 248 248 W audio_route: Control 'Right Output Mixer DACR Switch' doesn't exist - skipping
01-01 08:00:10.396 248 248 W audio_route: Control 'Headphone Switch' doesn't exist - skipping
01-01 08:00:10.396 248 248 W audio_route: Control 'External Speaker Switch' doesn't exist - skipping
01-01 08:00:10.396 248 248 W audio_route: Control 'AIF1OUT0R Mux' doesn't exist - skipping
01-01 08:00:10.396 248 248 W audio_route: Control 'AIF1OUT0L Mux' doesn't exist - skipping
01-01 08:00:10.396 248 248 W audio_route: Control 'AIF1 AD0R Mixer ADCR Switch' doesn't exist - skipping
01-01 08:00:10.396 248 248 W audio_route: Control 'AIF1 AD0L Mixer ADCL Switch' doesn't exist - skipping
01-01 08:00:10.396 248 248 W audio_route: Control 'ADCR Mux' doesn't exist - skipping
01-01 08:00:10.396 248 248 W audio_route: Control 'ADCL Mux' doesn't exist - skipping
01-01 08:00:10.396 248 248 W audio_route: Control 'LADC input Mixer MIC1 boost Switch' doesn't exist - skipping
01-01 08:00:10.396 248 248 W audio_route: Control 'RADC input Mixer MIC1 boost Switch' doesn't exist - skipping
01-01 08:00:10.396 248 248 W audio_route: Control 'AIF1OUT0R Mux' doesn't exist - skipping
01-01 08:00:10.396 248 248 W audio_route: Control 'AIF1OUT0L Mux' doesn't exist - skipping
01-01 08:00:10.396 248 248 W audio_route: Control 'AIF1 AD0R Mixer ADCR Switch' doesn't exist - skipping
01-01 08:00:10.396 248 248 W audio_route: Control 'AIF1 AD0L Mixer ADCL Switch' doesn't exist - skipping
01-01 08:00:10.396 248 248 W audio_route: Control 'ADCR Mux' doesn't exist - skipping
01-01 08:00:10.396 248 248 W audio_route: Control 'ADCL Mux' doesn't exist - skipping
01-01 08:00:10.396 248 248 W audio_route: Control 'MIC2 SRC' doesn't exist - skipping
01-01 08:00:10.396 248 248 W audio_route: Control 'LADC input Mixer MIC2 boost Switch' doesn't exist - skipping
01-01 08:00:10.396 248 248 W audio_route: Control 'RADC input Mixer MIC2 boost Switch' doesn't exist - skipping
01-01 08:00:10.396 248 248 W audio_route: Control 'ADCL Mux' doesn't exist - skipping
01-01 08:00:10.396 248 248 W audio_route: Control 'ADCR Mux' doesn't exist - skipping
01-01 08:00:10.396 248 248 W audio_route: Control 'AIF1 AD0L Mixer ADCL Switch' doesn't exist - skipping
01-01 08:00:10.396 248 248 W audio_route: Control 'AIF1 AD0R Mixer ADCR Switch' doesn't exist - skipping
01-01 08:00:10.396 248 248 W audio_route: Control 'AIF1OUT0L Mux' doesn't exist - skipping
