06-06 19:30:24.639 475 475 D ConditionProviders.SCP: evaluateSubscriptionLocked cal=ScheduleCalendar[mDays={1, 2, 3, 4, 5, 6, 7}, mSchedule=ScheduleInfo{days=[1, 2, 3, 4, 5, 6, 7], startHour=22, startMinute=0, endHour=7, endMinute=0, exitAtAlarm=true, nextAlarm=Thu Jan 01 08:00:00 GMT+08:00 1970 (0)}], now=Fri Jun 06 19:30:24 GMT+08:00 2025 (1749209424638), nextUserAlarmTime=Thu Jan 01 08:00:00 GMT+08:00 1970 (0)
06-06 19:30:24.640 475 475 D ConditionProviders.SCP: notifyCondition condition://android/schedule?days=1.2.3.4.5.6.7&start=22.0&end=7.0&exitAtAlarm=true STATE_FALSE reason=!meetsSchedule
06-06 19:30:24.641 475 475 D ConditionProviders.SCP: Scheduling evaluate for Fri Jun 06 22:00:00 GMT+08:00 2025 (1749218400000), in +2h29m35s362ms, now=Fri Jun 06 19:30:24 GMT+08:00 2025 (1749209424638)
06-06 19:30:24.659 475 620 D CompatibilityChangeReporter: Compat change id reported: 143231523; UID 1000; state: DISABLED
06-06 19:30:24.743 475 537 I UsageStatsService: User[0] Time changed in by 20847 seconds
06-06 19:30:24.743 475 537 I UsageStatsService: User[0] Flushing usage stats to disk
06-06 19:30:24.757 475 537 I UsageStatsDatabase: Time changed by +5h47m27s696ms. files deleted: 0 files moved: 4
06-06 19:30:24.764 475 537 I UsageStatsService: User[0] Rollover scheduled @ 2025-06-07 19:29:56(1749295796818)
06-06 19:30:25.120 475 519 W IorapForwardingService: No service published for: iorapd
06-06 19:30:25.994 205 219 I keystore2: keystore2::watchdog: Watchdog thread idle -> terminating. Have a great day.
06-06 19:30:26.101 475 1017 W ZramWriteback: Writeback device is not set
06-06 19:30:26.101 475 1017 D ZramWriteback: wait to flush
06-06 19:30:26.122 475 519 W IorapForwardingService: No service published for: iorapd
06-06 19:30:26.530 2088 2128 E ServerInterface: Server timed out
06-06 19:30:26.530 2088 2128 E ServerInterface: java.net.SocketTimeoutException: failed to connect to remoteprovisioning.googleapis.com/142.251.215.234 (port 443) from /192.168.3.31 (port 51764) after 5000ms
06-06 19:30:26.530 2088 2128 E ServerInterface: at libcore.io.IoBridge.connectErrno(IoBridge.java:236)
06-06 19:30:26.530 2088 2128 E ServerInterface: at libcore.io.IoBridge.connect(IoBridge.java:180)
06-06 19:30:26.530 2088 2128 E ServerInterface: at java.net.PlainSocketImpl.socketConnect(PlainSocketImpl.java:142)
06-06 19:30:26.530 2088 2128 E ServerInterface: at java.net.AbstractPlainSocketImpl.doConnect(AbstractPlainSocketImpl.java:390)
06-06 19:30:26.530 2088 2128 E ServerInterface: at java.net.AbstractPlainSocketImpl.connectToAddress(AbstractPlainSocketImpl.java:230)
06-06 19:30:26.530 2088 2128 E ServerInterface: at java.net.AbstractPlainSocketImpl.connect(AbstractPlainSocketImpl.java:212)
06-06 19:30:26.530 2088 2128 E ServerInterface: at java.net.SocksSocketImpl.connect(SocksSocketImpl.java:436)
06-06 19:30:26.530 2088 2128 E ServerInterface: at java.net.Socket.connect(Socket.java:621)
06-06 19:30:26.530 2088 2128 E ServerInterface: at com.android.okhttp.internal.Platform.connectSocket(Platform.java:182)
06-06 19:30:26.530 2088 2128 E ServerInterface: at com.android.okhttp.internal.io.RealConnection.connectSocket(RealConnection.java:145)
06-06 19:30:26.530 2088 2128 E ServerInterface: at com.android.okhttp.internal.io.RealConnection.connect(RealConnection.java:116)
06-06 19:30:26.530 2088 2128 E ServerInterface: at com.android.okhttp.internal.http.StreamAllocation.findConnection(StreamAllocation.java:186)
06-06 19:30:26.530 2088 2128 E ServerInterface: at com.android.okhttp.internal.http.StreamAllocation.findHealthyConnection(StreamAllocation.java:128)
06-06 19:30:26.530 2088 2128 E ServerInterface: at com.android.okhttp.internal.http.StreamAllocation.newStream(StreamAllocation.java:97)
06-06 19:30:26.530 2088 2128 E ServerInterface: at com.android.okhttp.internal.http.HttpEngine.connect(HttpEngine.java:289)
06-06 19:30:26.530 2088 2128 E ServerInterface: at com.android.okhttp.internal.http.HttpEngine.sendRequest(HttpEngine.java:232)
06-06 19:30:26.530 2088 2128 E ServerInterface: at com.android.okhttp.internal.huc.HttpURLConnectionImpl.execute(HttpURLConnectionImpl.java:465)
06-06 19:30:26.530 2088 2128 E ServerInterface: at com.android.okhttp.internal.huc.HttpURLConnectionImpl.connect(HttpURLConnectionImpl.java:131)
06-06 19:30:26.530 2088 2128 E ServerInterface: at com.android.okhttp.internal.huc.HttpURLConnectionImpl.getOutputStream(HttpURLConnectionImpl.java:262)
06-06 19:30:26.530 2088 2128 E ServerInterface: at com.android.okhttp.internal.huc.DelegatingHttpsURLConnection.getOutputStream(DelegatingHttpsURLConnection.java:219)
06-06 19:30:26.530 2088 2128 E ServerInterface: at com.android.okhttp.internal.huc.HttpsURLConnectionImpl.getOutputStream(HttpsURLConnectionImpl.java:30)
06-06 19:30:26.530 2088 2128 E ServerInterface: at com.android.remoteprovisioner.ServerInterface.fetchGeek(ServerInterface.java:120)
06-06 19:30:26.530 2088 2128 E ServerInterface: at com.android.remoteprovisioner.PeriodicProvisioner$ProvisionerThread.run(PeriodicProvisioner.java:135)
06-06 19:30:26.530 2088 2128 E RemoteProvisioningService: Failed to get a response from the server.
01-01 08:00:50.444 381 381 W hdr10p_Configure: 65 callbacks suppressed
01-01 08:00:50.444 381 381 I : DVI mode selected: packets not configured
01-01 08:00:50.444 381 381 W set_vsif_config: 65 callbacks suppressed
01-01 08:00:50.444 381 381 I : Error: set vsif failed
01-01 08:00:50.459 381 381 I : DVI mode selected: packets not configured
01-01 08:00:50.459 381 381 I : Error: set vsif failed
01-01 08:00:50.475 381 381 I : DVI mode selected: packets not configured
01-01 08:00:50.475 381 381 I : Error: set vsif failed
01-01 08:00:50.493 381 381 I : DVI mode selected: packets not configured
01-01 08:00:50.493 381 381 I : Error: set vsif failed
01-01 08:00:50.512 381 381 I : DVI mode selected: packets not configured
01-01 08:00:50.512 381 381 I : Error: set vsif failed
01-01 08:00:50.528 381 381 I : DVI mode selected: packets not configured
01-01 08:00:50.528 381 381 I : Error: set vsif failed
01-01 08:00:50.543 381 381 I : DVI mode selected: packets not configured
01-01 08:00:50.543 381 381 I : Error: set vsif failed
01-01 08:00:50.559 381 381 I : DVI mode selected: packets not configured
01-01 08:00:50.559 381 381 I : Error: set vsif failed
01-01 08:00:50.575 381 381 I : DVI mode selected: packets not configured
01-01 08:00:50.575 381 381 I : Error: set vsif failed
01-01 08:00:50.591 381 381 I : DVI mode selected: packets not configured
01-01 08:00:50.592 381 381 I : Error: set vsif failed
06-06 19:30:27.108 475 591 D CompatibilityChangeReporter: Compat change id reported: 168419799; UID 10022; state: DISABLED
06-06 19:30:27.120 475 607 E WifiHealthMonitor: Hit PackageManager exception
06-06 19:30:27.120 475 607 E WifiHealthMonitor: android.content.pm.PackageManager$NameNotFoundException: No module info for package: com.android.wifi
06-06 19:30:27.120 475 607 E WifiHealthMonitor: at android.app.ApplicationPackageManager.getModuleInfo(ApplicationPackageManager.java:1079)
06-06 19:30:27.120 475 607 E WifiHealthMonitor: at com.android.server.wifi.WifiHealthMonitor.getWifiStackVersion(WifiHealthMonitor.java:366)
06-06 19:30:27.120 475 607 E WifiHealthMonitor: at com.android.server.wifi.WifiHealthMonitor.extractCurrentSoftwareBuildInfo(WifiHealthMonitor.java:587)
06-06 19:30:27.120 475 607 E WifiHealthMonitor: at com.android.server.wifi.WifiHealthMonitor.postBootSwBuildCheck(WifiHealthMonitor.java:522)
06-06 19:30:27.120 475 607 E WifiHealthMonitor: at com.android.server.wifi.WifiHealthMonitor.postBootDetectionHandler(WifiHealthMonitor.java:513)
06-06 19:30:27.120 475 607 E WifiHealthMonitor: at com.android.server.wifi.WifiHealthMonitor.access$500(WifiHealthMonitor.java:71)
06-06 19:30:27.120 475 607 E WifiHealthMonitor: at com.android.server.wifi.WifiHealthMonitor$2.onAlarm(WifiHealthMonitor.java:190)
06-06 19:30:27.120 475 607 E WifiHealthMonitor: at android.app.AlarmManager$ListenerWrapper.run(AlarmManager.java:323)
06-06 19:30:27.120 475 607 E WifiHealthMonitor: at android.os.Handler.handleCallback(Handler.java:938)
06-06 19:30:27.120 475 607 E WifiHealthMonitor: at android.os.Handler.dispatchMessage(Handler.java:99)
06-06 19:30:27.120 475 607 E WifiHealthMonitor: at android.os.Looper.loopOnce(Looper.java:201)
06-06 19:30:27.120 475 607 E WifiHealthMonitor: at android.os.Looper.loop(Looper.java:288)
06-06 19:30:27.120 475 607 E WifiHealthMonitor: at android.os.HandlerThread.run(HandlerThread.java:67)
06-06 19:30:27.122 657 657 E WifiHAL : wifi_get_driver_version: Error -5 happened.
06-06 19:30:27.122 657 657 E android.hardware.wifi@1.0-service-lazy: Failed to get driver version: INVALID_ARGS
06-06 19:30:27.125 2040 2713 D EpgDataCleanupService: Received intent: Intent { act=com.android.providers.tv.intent.CLEAN_UP_EPG_DATA cmp=com.android.providers.tv/.EpgDataCleanupService }
06-06 19:30:27.128 475 607 E WifiVendorHal: requestChipDebugInfo(l.2167) failed {.code = ERROR_INVALID_ARGS, .description = failed to get driver version}
06-06 19:30:27.129 475 607 I WifiVendorHal: Driver: null Firmware: null
06-06 19:30:27.130 657 657 E WifiHAL : wifi_get_driver_version: Error -5 happened.
06-06 19:30:27.130 657 657 E android.hardware.wifi@1.0-service-lazy: Failed to get driver version: INVALID_ARGS
06-06 19:30:27.133 475 607 E WifiVendorHal: requestChipDebugInfo(l.2167) failed {.code = ERROR_INVALID_ARGS, .description = failed to get driver version}
06-06 19:30:27.133 475 607 I WifiVendorHal: Driver: null Firmware: null
06-06 19:30:27.134 2712 2712 I am : type=1400 audit(0.0:1030): avc: denied { read } for name="am" dev="dm-1" ino=1160 scontext=u:r:system_app:s0 tcontext=u:object_r:vendor_file:s0 tclass=file permissive=1
06-06 19:30:27.150 475 519 W IorapForwardingService: No service published for: iorapd
06-06 19:30:27.142 2712 2712 I am : type=1400 audit(0.0:1031): avc: denied { open } for path="/vendor/xbin/am" dev="dm-1" ino=1160 scontext=u:r:system_app:s0 tcontext=u:object_r:vendor_file:s0 tclass=file permissive=1
06-06 19:30:27.158 242 242 I Binder:242_3: type=1400 audit(0.0:1032): avc: denied { add_name } for name="globalAlert" scontext=u:r:netd:s0 tcontext=u:object_r:proc_net:s0 tclass=dir permissive=1
06-06 19:30:27.158 242 242 I Binder:242_3: type=1400 audit(0.0:1033): avc: denied { create } for name="globalAlert" scontext=u:r:netd:s0 tcontext=u:object_r:proc_net:s0 tclass=file permissive=1
06-06 19:30:27.223 1200 1200 D bbb : onStartCommand begin !!!!!!! data分区剩余 24968MB
06-06 19:30:27.225 1142 1142 D aaa : LedStatusService onStartCommand begin
06-06 19:30:27.228 1142 2720 D aaa : topPkg is -------------- :com.dangbei.leard.leradlauncher
06-06 19:30:27.233 657 657 E WifiHAL : wifi_get_link_stats: requestResponse Error:-5
06-06 19:30:27.235 1142 2720 D aaa : WiFi is connect
06-06 19:30:27.238 475 607 E WifiVendorHal: getWifiLinkLayerStats_1_5_Internal(l.1191) failed {.code = ERROR_INVALID_ARGS, .description = }
06-06 19:30:27.576 475 1349 D WifiNl80211Manager: Scan result ready event
06-06 19:30:27.577 475 1349 D WifiNative: Scan result ready event
06-06 19:30:27.649 475 611 D WificondScannerImpl: Filtering out 25 scan results.
06-06 19:30:27.666 657 657 E WifiHAL : wifi_get_link_stats: requestResponse Error:-5
06-06 19:30:27.668 475 607 E WifiVendorHal: getWifiLinkLayerStats_1_5_Internal(l.1191) failed {.code = ERROR_INVALID_ARGS, .description = }
06-06 19:30:27.758 1257 1257 I cling--ap-1: type=1400 audit(0.0:1034): avc: denied { read } for name="address" dev="sysfs" ino=25879 scontext=u:r:platform_app:s0:c512,c768 tcontext=u:object_r:sysfs:s0 tclass=file permissive=1 app=com.dangbei.screencast
06-06 19:30:27.758 1257 1257 I cling--ap-1: type=1400 audit(0.0:1035): avc: denied { open } for path="/sys/devices/platform/unisoc_wifi/net/wlan1/address" dev="sysfs" ino=25879 scontext=u:r:platform_app:s0:c512,c768 tcontext=u:object_r:sysfs:s0 tclass=file permissive=1 app=com.dangbei.screencast
06-06 19:30:27.758 1257 1257 I cling--ap-1: type=1400 audit(0.0:1036): avc: denied { getattr } for path="/sys/devices/platform/unisoc_wifi/net/wlan1/address" dev="sysfs" ino=25879 scontext=u:r:platform_app:s0:c512,c768 tcontext=u:object_r:sysfs:s0 tclass=file permissive=1 app=com.dangbei.screencast
06-06 19:30:28.152 475 519 W IorapForwardingService: No service published for: iorapd
06-06 19:30:28.979 2264 2341 D UtilLog : 日志批量上报 进行正常循环 !!!!!!本次有0次请求,共0条数据
06-06 19:30:29.155 475 519 W IorapForwardingService: No service published for: iorapd
06-06 19:30:30.157 475 519 W IorapForwardingService: No service published for: iorapd
06-06 19:30:30.250 657 657 E WifiHAL : wifi_get_link_stats: requestResponse Error:-5
06-06 19:30:30.252 475 607 E WifiVendorHal: getWifiLinkLayerStats_1_5_Internal(l.1191) failed {.code = ERROR_INVALID_ARGS, .description = }
06-06 19:30:31.160 475 519 W IorapForwardingService: No service published for: iorapd
06-06 19:30:32.162 475 519 W IorapForwardingService: No service published for: iorapd
01-01 08:00:55.822 0 0 I [ C2] nf_conntrack: default automatic helper assignment has been turned off for security reasons and CT-based firewall rule not found. Use the iptables CT target to attach helpers instead.
06-06 19:30:32.572 249 998 E bt_upio : upio_set : /proc/bluetooth/sleep/btwrite(-1) incorrent
01-01 08:00:56.459 381 381 W hdr10p_Configure: 64 callbacks suppressed
01-01 08:00:56.459 381 381 I : DVI mode selected: packets not configured
01-01 08:00:56.459 381 381 W set_vsif_config: 64 callbacks suppressed
01-01 08:00:56.459 381 381 I : Error: set vsif failed
01-01 08:00:56.475 381 381 I : DVI mode selected: packets not configured
01-01 08:00:56.475 381 381 I : Error: set vsif failed
01-01 08:00:56.493 381 381 I : DVI mode selected: packets not configured
01-01 08:00:56.493 381 381 I : Error: set vsif failed
01-01 08:00:56.510 381 381 I : DVI mode selected: packets not configured
01-01 08:00:56.510 381 381 I : Error: set vsif failed
01-01 08:00:56.525 381 381 I : DVI mode selected: packets not configured
01-01 08:00:56.525 381 381 I : Error: set vsif failed
01-01 08:00:56.541 381 381 I : DVI mode selected: packets not configured
01-01 08:00:56.541 381 381 I : Error: set vsif failed
01-01 08:00:56.558 381 381 I : DVI mode selected: packets not configured
01-01 08:00:56.558 381 381 I : Error: set vsif failed
01-01 08:00:56.575 381 381 I : DVI mode selected: packets not configured
01-01 08:00:56.575 381 381 I : Error: set vsif failed
01-01 08:00:56.592 381 381 I : DVI mode selected: packets not configured
01-01 08:00:56.592 381 381 I : Error: set vsif failed
01-01 08:00:56.609 381 381 I : DVI mode selected: packets not configured
01-01 08:00:56.609 381 381 I : Error: set vsif failed
06-06 19:30:33.165 475 519 W IorapForwardingService: No service published for: iorapd
06-06 19:30:33.268 657 657 E WifiHAL : wifi_get_link_stats: requestResponse Error:-5
06-06 19:30:33.270 475 607 E WifiVendorHal: getWifiLinkLayerStats_1_5_Internal(l.1191) failed {.code = ERROR_INVALID_ARGS, .description = }
06-06 19:30:34.168 475 519 W IorapForwardingService: No service published for: iorapd
06-06 19:30:35.110 2730 2730 I Thread-2: type=1400 audit(0.0:1037): avc: denied { execute } for name="am" dev="dm-1" ino=1160 scontext=u:r:system_app:s0 tcontext=u:object_r:vendor_file:s0 tclass=file permissive=1
06-06 19:30:35.110 2730 2730 I Thread-2: type=1400 audit(0.0:1038): avc: denied { execute_no_trans } for path="/vendor/xbin/am" dev="dm-1" ino=1160 scontext=u:r:system_app:s0 tcontext=u:object_r:vendor_file:s0 tclass=file permissive=1
06-06 19:30:35.171 475 519 W IorapForwardingService: No service published for: iorapd
06-06 19:30:35.181 1142 1142 D aaa : LedStatusService onStartCommand begin
06-06 19:30:35.184 1142 2738 D aaa : topPkg is -------------- :com.dangbei.leard.leradlauncher
06-06 19:30:35.184 1200 1200 D bbb : onStartCommand begin !!!!!!! data分区剩余 24968MB
06-06 19:30:35.190 1142 2738 D aaa : WiFi is connect
06-06 19:30:36.174 475 519 W IorapForwardingService: No service published for: iorapd
06-06 19:30:36.286 657 657 E WifiHAL : wifi_get_link_stats: requestResponse Error:-5
06-06 19:30:36.288 475 607 E WifiVendorHal: getWifiLinkLayerStats_1_5_Internal(l.1191) failed {.code = ERROR_INVALID_ARGS, .description = }
06-06 19:30:37.175 475 519 W IorapForwardingService: No service published for: iorapd
06-06 19:30:37.876 2552 2627 D nStackXCoAP: IsInSameNetwork:[276] :IsInSameNetwork exec
06-06 19:30:37.876 2552 2627 I nStackXDFinder: GetLocalInterfaceDetail:[461] :GetLocalInterfaceDetail in
06-06 19:30:37.876 2552 2627 E nStackXCoAP: IsInSameNetwork:[281] :IsInSameNetwork: not priority process
06-06 19:30:37.876 2552 2627 E nStackXCoAP: ParseServiceDataJsonData:[186] :parse device serviceData error
06-06 19:30:37.876 2552 2627 D nStackXCoAP: ParseServiceDiscover:[330] :new device join
06-06 19:30:37.877 2552 2627 I nStackXDFinder: NotifyDeviceListChanged:[540] :notify callback: device list changed callback is null
06-06 19:30:37.877 2552 2627 E nStackXDFinder: GetLocalIp:[401] :GetLocalIp exec
06-06 19:30:37.991 2552 2627 D nStackXCoAP: CoapMessageHandler:[133] :2.01
06-06 19:30:38.059 2552 2627 D nStackXCoAP: IsInSameNetwork:[276] :IsInSameNetwork exec
06-06 19:30:38.059 2552 2627 I nStackXDFinder: GetLocalInterfaceDetail:[461] :GetLocalInterfaceDetail in
06-06 19:30:38.059 2552 2627 E nStackXCoAP: IsInSameNetwork:[281] :IsInSameNetwork: not priority process
06-06 19:30:38.059 2552 2627 E nStackXCoAP: ParseServiceDataJsonData:[186] :parse device serviceData error
06-06 19:30:38.059 2552 2627 D nStackXCoAP: ParseServiceDiscover:[330] :new device join
06-06 19:30:38.060 2552 2627 E nStackXDFinder: GetLocalIp:[401] :GetLocalIp exec
06-06 19:30:38.103 2552 2627 D nStackXCoAP: CoapMessageHandler:[133] :2.01
06-06 19:30:38.175 2552 2627 D nStackXCoAP: IsInSameNetwork:[276] :IsInSameNetwork exec
06-06 19:30:38.175 2552 2627 I nStackXDFinder: GetLocalInterfaceDetail:[461] :GetLocalInterfaceDetail in
06-06 19:30:38.175 2552 2627 E nStackXCoAP: IsInSameNetwork:[281] :IsInSameNetwork: not priority process
06-06 19:30:38.175 2552 2627 E nStackXCoAP: ParseServiceDataJsonData:[186] :parse device serviceData error
06-06 19:30:38.175 2552 2627 D nStackXCoAP: ParseServiceDiscover:[330] :new device join
06-06 19:30:38.175 2552 2627 E nStackXDFinder: GetLocalIp:[401] :GetLocalIp exec
06-06 19:30:38.177 475 519 W IorapForwardingService: No service published for: iorapd
06-06 19:30:38.194 2552 2627 D nStackXCoAP: CoapMessageHandler:[133] :2.01
06-06 19:30:38.415 2552 2627 D nStackXCoAP: IsInSameNetwork:[276] :IsInSameNetwork exec
06-06 19:30:38.415 2552 2627 I nStackXDFinder: GetLocalInterfaceDetail:[461] :GetLocalInterfaceDetail in
06-06 19:30:38.415 2552 2627 E nStackXCoAP: IsInSameNetwork:[281] :IsInSameNetwork: not priority process
06-06 19:30:38.415 2552 2627 E nStackXCoAP: ParseServiceDataJsonData:[186] :parse device serviceData error
06-06 19:30:38.415 2552 2627 D nStackXCoAP: ParseServiceDiscover:[330] :new device join
06-06 19:30:38.415 2552 2627 E nStackXDFinder: GetLocalIp:[401] :GetLocalIp exec
06-06 19:30:38.418 263 277 D hdmi-cec: receive invalid cec message!
06-06 19:30:38.418 263 277 D hdmi-cec: receive poll message [04], skip!
06-06 19:30:38.478 2552 2627 D nStackXCoAP: CoapMessageHandler:[133] :2.01
01-01 08:01:02.459 381 381 W hdr10p_Configure: 64 callbacks suppressed
01-01 08:01:02.459 381 381 I : DVI mode selected: packets not configured
01-01 08:01:02.459 381 381 W set_vsif_config: 64 callbacks suppressed
01-01 08:01:02.459 381 381 I : Error: set vsif failed
01-01 08:01:02.476 381 381 I : DVI mode selected: packets not configured
01-01 08:01:02.476 381 381 I : Error: set vsif failed
01-01 08:01:02.493 381 381 I : DVI mode selected: packets not configured
01-01 08:01:02.493 381 381 I : Error: set vsif failed
01-01 08:01:02.510 381 381 I : DVI mode selected: packets not configured
01-01 08:01:02.510 381 381 I : Error: set vsif failed
01-01 08:01:02.526 381 381 I : DVI mode selected: packets not configured
01-01 08:01:02.526 381 381 I : Error: set vsif failed
01-01 08:01:02.542 381 381 I : DVI mode selected: packets not configured
01-01 08:01:02.542 381 381 I : Error: set vsif failed
01-01 08:01:02.559 381 381 I : DVI mode selected: packets not configured
01-01 08:01:02.559 381 381 I : Error: set vsif failed
06-06 19:30:38.914 2552 2627 D nStackXCoAP: IsInSameNetwork:[276] :IsInSameNetwork exec
06-06 19:30:38.914 2552 2627 I nStackXDFinder: GetLocalInterfaceDetail:[461] :GetLocalInterfaceDetail in
06-06 19:30:38.914 2552 2627 E nStackXCoAP: IsInSameNetwork:[281] :IsInSameNetwork: not priority process
06-06 19:30:38.914 2552 2627 E nStackXCoAP: ParseServiceDataJsonData:[186] :parse device serviceData error
06-06 19:30:38.914 2552 2627 D nStackXCoAP: ParseServiceDiscover:[330] :new device join
06-06 19:30:38.914 2552 2627 E nStackXDFinder: GetLocalIp:[401] :GetLocalIp exec
01-01 08:01:02.576 381 381 I : DVI mode selected: packets not configured
01-01 08:01:02.576 381 381 I : Error: set vsif failed
01-01 08:01:02.591 381 381 I : DVI mode selected: packets not configured
01-01 08:01:02.591 381 381 I : Error: set vsif failed
01-01 08:01:02.608 381 381 I : DVI mode selected: packets not configured
01-01 08:01:02.608 381 381 I : Error: set vsif failed
06-06 19:30:39.019 2264 2341 D UtilLog : 日志批量上报 进行正常循环 !!!!!!本次有0次请求,共0条数据
06-06 19:30:39.026 2552 2627 D nStackXCoAP: CoapMessageHandler:[133] :2.01
06-06 19:30:39.180 475 519 W IorapForwardingService: No service published for: iorapd
06-06 19:30:39.302 657 657 E WifiHAL : wifi_get_link_stats: requestResponse Error:-5
06-06 19:30:39.303 475 607 E WifiVendorHal: getWifiLinkLayerStats_1_5_Internal(l.1191) failed {.code = ERROR_INVALID_ARGS, .description = }
06-06 19:30:39.395 2552 2627 D nStackXCoAP: IsInSameNetwork:[276] :IsInSameNetwork exec
06-06 19:30:39.395 2552 2627 I nStackXDFinder: GetLocalInterfaceDetail:[461] :GetLocalInterfaceDetail in
06-06 19:30:39.395 2552 2627 E nStackXCoAP: IsInSameNetwork:[281] :IsInSameNetwork: not priority process
06-06 19:30:39.395 2552 2627 E nStackXCoAP: ParseServiceDataJsonData:[186] :parse device serviceData error
06-06 19:30:39.395 2552 2627 D nStackXCoAP: ParseServiceDiscover:[330] :new device join
06-06 19:30:39.396 2552 2627 E nStackXDFinder: GetLocalIp:[401] :GetLocalIp exec
06-06 19:30:39.431 2552 2627 D nStackXCoAP: CoapMessageHandler:[133] :2.01
06-06 19:30:39.909 2552 2627 D nStackXCoAP: IsInSameNetwork:[276] :IsInSameNetwork exec
06-06 19:30:39.909 2552 2627 I nStackXDFinder: GetLocalInterfaceDetail:[461] :GetLocalInterfaceDetail in
06-06 19:30:39.909 2552 2627 E nStackXCoAP: IsInSameNetwork:[281] :IsInSameNetwork: not priority process
06-06 19:30:39.909 2552 2627 E nStackXCoAP: ParseServiceDataJsonData:[186] :parse device serviceData error
06-06 19:30:39.909 2552 2627 D nStackXCoAP: ParseServiceDiscover:[330] :new device join
06-06 19:30:39.909 2552 2627 E nStackXDFinder: GetLocalIp:[401] :GetLocalIp exec
06-06 19:30:39.936 2552 2627 D nStackXCoAP: CoapMessageHandler:[133] :2.01
06-06 19:30:40.182 475 519 W IorapForwardingService: No service published for: iorapd
06-06 19:30:40.424 2552 2627 D nStackXCoAP: IsInSameNetwork:[276] :IsInSameNetwork exec
06-06 19:30:40.424 2552 2627 I nStackXDFinder: GetLocalInterfaceDetail:[461] :GetLocalInterfaceDetail in
06-06 19:30:40.424 2552 2627 E nStackXCoAP: IsInSameNetwork:[281] :IsInSameNetwork: not priority process
06-06 19:30:40.424 2552 2627 E nStackXCoAP: ParseServiceDataJsonData:[186] :parse device serviceData error
06-06 19:30:40.424 2552 2627 D nStackXCoAP: ParseServiceDiscover:[330] :new device join
06-06 19:30:40.424 2552 2627 E nStackXDFinder: GetLocalIp:[401] :GetLocalIp exec
06-06 19:30:40.936 2552 2627 D nStackXCoAP: IsInSameNetwork:[276] :IsInSameNetwork exec
06-06 19:30:40.936 2552 2627 I nStackXDFinder: GetLocalInterfaceDetail:[461] :GetLocalInterfaceDetail in
06-06 19:30:40.936 2552 2627 E nStackXCoAP: IsInSameNetwork:[281] :IsInSameNetwork: not priority process
06-06 19:30:40.936 2552 2627 E nStackXCoAP: ParseServiceDataJsonData:[186] :parse device serviceData error
06-06 19:30:40.936 2552 2627 D nStackXCoAP: ParseServiceDiscover:[330] :new device join
06-06 19:30:40.937 2552 2627 E nStackXDFinder: GetLocalIp:[401] :GetLocalIp exec
06-06 19:30:40.957 2552 2627 D nStackXCoAP: CoapMessageHandler:[133] :2.01
06-06 19:30:41.185 475 519 W IorapForwardingService: No service published for: iorapd
06-06 19:30:41.439 2552 2627 D nStackXCoAP: IsInSameNetwork:[276] :IsInSameNetwork exec
06-06 19:30:41.439 2552 2627 I nStackXDFinder: GetLocalInterfaceDetail:[461] :GetLocalInterfaceDetail in
06-06 19:30:41.439 2552 2627 E nStackXCoAP: IsInSameNetwork:[281] :IsInSameNetwork: not priority process
06-06 19:30:41.439 2552 2627 E nStackXCoAP: ParseServiceDataJsonData:[186] :parse device serviceData error
06-06 19:30:41.439 2552 2627 D nStackXCoAP: ParseServiceDiscover:[330] :new device join
06-06 19:30:41.439 2552 2627 E nStackXDFinder: GetLocalIp:[401] :GetLocalIp exec
06-06 19:30:41.458 2552 2627 D nStackXCoAP: CoapMessageHandler:[133] :2.01
06-06 19:30:41.951 2552 2627 D nStackXCoAP: IsInSameNetwork:[276] :IsInSameNetwork exec
06-06 19:30:41.951 2552 2627 I nStackXDFinder: GetLocalInterfaceDetail:[461] :GetLocalInterfaceDetail in
06-06 19:30:41.951 2552 2627 E nStackXCoAP: IsInSameNetwork:[281] :IsInSameNetwork: not priority process
06-06 19:30:41.951 2552 2627 E nStackXCoAP: ParseServiceDataJsonData:[186] :parse device serviceData error
06-06 19:30:41.951 2552 2627 D nStackXCoAP: ParseServiceDiscover:[330] :new device join
06-06 19:30:41.951 2552 2627 E nStackXDFinder: GetLocalIp:[401] :GetLocalIp exec
06-06 19:30:42.116 2552 2627 D nStackXCoAP: CoapMessageHandler:[133] :2.01
06-06 19:30:42.187 475 519 W IorapForwardingService: No service published for: iorapd
06-06 19:30:42.314 657 657 E WifiHAL : wifi_get_link_stats: requestResponse Error:-5
06-06 19:30:42.316 475 607 E WifiVendorHal: getWifiLinkLayerStats_1_5_Internal(l.1191) failed {.code = ERROR_INVALID_ARGS, .description = }
06-06 19:30:42.465 2552 2627 D nStackXCoAP: IsInSameNetwork:[276] :IsInSameNetwork exec
06-06 19:30:42.465 2552 2627 I nStackXDFinder: GetLocalInterfaceDetail:[461] :GetLocalInterfaceDetail in
06-06 19:30:42.465 2552 2627 E nStackXCoAP: IsInSameNetwork:[281] :IsInSameNetwork: not priority process
06-06 19:30:42.465 2552 2627 E nStackXCoAP: ParseServiceDataJsonData:[186] :parse device serviceData error
06-06 19:30:42.465 2552 2627 D nStackXCoAP: ParseServiceDiscover:[330] :new device join
06-06 19:30:42.465 2552 2627 E nStackXDFinder: GetLocalIp:[401] :GetLocalIp exec
06-06 19:30:42.533 2552 2627 D nStackXCoAP: CoapMessageHandler:[133] :2.01
06-06 19:30:43.190 475 519 W IorapForwardingService: No service published for: iorapd
06-06 19:30:43.227 1200 1200 D bbb : onStartCommand begin !!!!!!! data分区剩余 24969MB
06-06 19:30:43.228 1142 1142 D aaa : LedStatusService onStartCommand begin
06-06 19:30:43.236 1142 2754 D aaa : topPkg is -------------- :com.dangbei.leard.leradlauncher
06-06 19:30:43.239 1142 2754 D aaa : WiFi is connect
06-06 19:30:43.428 2552 2627 D nStackXCoAP: CoapMessageHandler:[133] :2.01
06-06 19:30:44.193 475 519 W IorapForwardingService: No service published for: iorapd
06-06 19:30:44.727 475 581 I ActivityManager: Killing 1408:com.android.localtransport/1000 (adj 985): empty #17
06-06 19:30:44.728 475 581 I ActivityManager: Killing 1544:com.android.dynsystem/1000 (adj 995): empty #18
06-06 19:30:44.728 475 540 I libprocessgroup: Successfully killed process cgroup uid 1000 pid 1408 in 0ms
06-06 19:30:44.729 475 581 I ActivityManager: Killing 1241:com.android.music/u0a42 (adj 995): empty #19
06-06 19:30:44.732 475 581 I ActivityManager: Killing 1248:android.process.acore/u0a18 (adj 999): empty #20
06-06 19:30:44.785 243 243 I Zygote : Process 1408 exited due to signal 9 (Killed)
06-06 19:30:44.797 243 243 I Zygote : Process 1241 exited due to signal 9 (Killed)
06-06 19:30:44.837 243 243 I Zygote : Process 1248 exited due to signal 9 (Killed)
06-06 19:30:44.823 475 540 I libprocessgroup: Successfully killed process cgroup uid 1000 pid 1544 in 0ms
01-01 08:01:08.477 381 381 W hdr10p_Configure: 64 callbacks suppressed
01-01 08:01:08.477 381 381 I : DVI mode selected: packets not configured
01-01 08:01:08.477 381 381 W set_vsif_config: 64 callbacks suppressed
01-01 08:01:08.477 381 381 I : Error: set vsif failed
06-06 19:30:44.842 475 1342 D CountryDetector: No listener is left
06-06 19:30:44.851 243 243 I Zygote : Process 1544 exited due to signal 9 (Killed)
01-01 08:01:08.511 381 381 I : DVI mode selected: packets not configured
01-01 08:01:08.511 381 381 I : Error: set vsif failed
01-01 08:01:08.527 381 381 I : DVI mode selected: packets not configured
01-01 08:01:08.527 381 381 I : Error: set vsif failed
06-06 19:30:44.888 475 540 I libprocessgroup: Successfully killed process cgroup uid 10042 pid 1241 in 0ms
06-06 19:30:44.889 475 540 I libprocessgroup: Successfully killed process cgroup uid 10018 pid 1248 in 0ms
01-01 08:01:08.543 381 381 I : DVI mode selected: packets not configured
01-01 08:01:08.543 381 381 I : Error: set vsif failed
01-01 08:01:08.559 381 381 I : DVI mode selected: packets not configured
01-01 08:01:08.559 381 381 I : Error: set vsif failed
01-01 08:01:08.576 381 381 I : DVI mode selected: packets not configured
01-01 08:01:08.576 381 381 I : Error: set vsif failed
01-01 08:01:08.592 381 381 I : DVI mode selected: packets not configured
01-01 08:01:08.592 381 381 I : Error: set vsif failed
06-06 19:30:44.966 1257 1257 I efs-base: type=1400 audit(0.0:1039): avc: denied { search } for name="com.dangbei.screencast" dev="mmcblk0p25" ino=890 scontext=u:r:platform_app:s0:c512,c768 tcontext=u:object_r:app_data_file:s0:c512,c768 tclass=dir permissive=1 app=com.dangbei.screencast
06-06 19:30:44.966 1257 1257 I efs-base: type=1400 audit(0.0:1040): avc: denied { getattr } for path="/data/user/0/com.dangbei.screencast/app_UApm/5fc60c21094d637f3130af19/ready" dev="mmcblk0p25" ino=2089 scontext=u:r:platform_app:s0:c512,c768 tcontext=u:object_r:app_data_file:s0:c512,c768 tclass=dir permissive=1 app=com.dangbei.screencast
01-01 08:01:08.608 381 381 I : DVI mode selected: packets not configured
01-01 08:01:08.608 381 381 I : Error: set vsif failed
06-06 19:30:44.966 1257 1257 I efs-base: type=1400 audit(0.0:1041): avc: denied { read } for name="ready" dev="mmcblk0p25" ino=2089 scontext=u:r:platform_app:s0:c512,c768 tcontext=u:object_r:app_data_file:s0:c512,c768 tclass=dir permissive=1 app=com.dangbei.screencast
06-06 19:30:44.966 1257 1257 I efs-base: type=1400 audit(0.0:1042): avc: denied { open } for path="/data/user/0/com.dangbei.screencast/app_UApm/5fc60c21094d637f3130af19/ready" dev="mmcblk0p25" ino=2089 scontext=u:r:platform_app:s0:c512,c768 tcontext=u:object_r:app_data_file:s0:c512,c768 tclass=dir permissive=1 app=com.dangbei.screencast
01-01 08:01:08.625 381 381 I : DVI mode selected: packets not configured
01-01 08:01:08.625 381 381 I : Error: set vsif failed
01-01 08:01:08.641 381 381 I : DVI mode selected: packets not configured
01-01 08:01:08.641 381 381 I : Error: set vsif failed
06-06 19:30:45.196 475 519 W IorapForwardingService: No service published for: iorapd
06-06 19:30:45.330 657 657 E WifiHAL : wifi_get_link_stats: requestResponse Error:-5
06-06 19:30:45.334 475 607 E WifiVendorHal: getWifiLinkLayerStats_1_5_Internal(l.1191) failed {.code = ERROR_INVALID_ARGS, .description = }
06-06 19:30:45.830 1257 1257 I cling--ap-4: type=1400 audit(0.0:1043): avc: denied { search } for name="net" dev="sysfs" ino=10442 scontext=u:r:platform_app:s0:c512,c768 tcontext=u:object_r:sysfs_net:s0 tclass=dir permissive=1 app=com.dangbei.screencast
06-06 19:30:46.200 475 519 W IorapForwardingService: No service published for: iorapd
06-06 19:30:47.203 475 519 W IorapForwardingService: No service published for: iorapd
06-06 19:30:48.206 475 519 W IorapForwardingService: No service published for: iorapd
06-06 19:30:48.348 657 657 E WifiHAL : wifi_get_link_stats: requestResponse Error:-5
06-06 19:30:48.351 475 607 E WifiVendorHal: getWifiLinkLayerStats_1_5_Internal(l.1191) failed {.code = ERROR_INVALID_ARGS, .description = }
06-06 19:30:49.019 2264 2341 D UtilLog : 日志批量上报 进行正常循环 !!!!!!本次有0次请求,共0条数据
06-06 19:30:49.208 475 519 W IorapForwardingService: No service published for: iorapd
06-06 19:30:49.575 664 873 I bt_btif_dm: system/bt/btif/src/btif_dm.cc:548 btif_update_remote_properties: cod from storage is also unclassified
06-06 19:30:50.210 475 519 W IorapForwardingService: No service published for: iorapd
01-01 08:01:14.496 381 381 W hdr10p_Configure: 64 callbacks suppressed
01-01 08:01:14.496 381 381 I : DVI mode selected: packets not configured
01-01 08:01:14.496 381 381 W set_vsif_config: 64 callbacks suppressed
01-01 08:01:14.496 381 381 I : Error: set vsif failed
01-01 08:01:14.526 381 381 I : DVI mode selected: packets not configured
01-01 08:01:14.526 381 381 I : Error: set vsif failed
01-01 08:01:14.543 381 381 I : DVI mode selected: packets not configured
01-01 08:01:14.543 381 381 I : Error: set vsif failed
01-01 08:01:14.560 381 381 I : DVI mode selected: packets not configured
01-01 08:01:14.560 381 381 I : Error: set vsif failed
01-01 08:01:14.576 381 381 I : DVI mode selected: packets not configured
01-01 08:01:14.576 381 381 I : Error: set vsif failed
01-01 08:01:14.591 381 381 I : DVI mode selected: packets not configured
01-01 08:01:14.591 381 381 I : Error: set vsif failed
01-01 08:01:14.609 381 381 I : DVI mode selected: packets not configured
01-01 08:01:14.609 381 381 I : Error: set vsif failed
01-01 08:01:14.624 381 381 I : DVI mode selected: packets not configured
01-01 08:01:14.624 381 381 I : Error: set vsif failed
01-01 08:01:14.641 381 381 I : DVI mode selected: packets not configured
01-01 08:01:14.641 381 381 I : Error: set vsif failed
01-01 08:01:14.659 381 381 I : DVI mode selected: packets not configured
01-01 08:01:14.659 381 381 I : Error: set vsif failed
06-06 19:30:51.213 475 519 W IorapForwardingService: No service published for: iorapd
06-06 19:30:51.254 1200 1200 D bbb : onStartCommand begin !!!!!!! data分区剩余 24969MB
06-06 19:30:51.254 1142 1142 D aaa : LedStatusService onStartCommand begin
06-06 19:30:51.256 1142 2766 D aaa : topPkg is -------------- :com.dangbei.leard.leradlauncher
06-06 19:30:51.262 1142 2766 D aaa : WiFi is connect
06-06 19:30:51.369 657 657 E WifiHAL : wifi_get_link_stats: requestResponse Error:-5
06-06 19:30:51.372 475 607 E WifiVendorHal: getWifiLinkLayerStats_1_5_Internal(l.1191) failed {.code = ERROR_INVALID_ARGS, .description = }
06-06 19:30:52.098 2552 2627 D nStackXCoAP: IsInSameNetwork:[276] :IsInSameNetwork exec
06-06 19:30:52.098 2552 2627 I nStackXDFinder: GetLocalInterfaceDetail:[461] :GetLocalInterfaceDetail in
06-06 19:30:52.098 2552 2627 E nStackXCoAP: IsInSameNetwork:[281] :IsInSameNetwork: not priority process
06-06 19:30:52.098 2552 2627 D nStackXCoAP: ParseServiceDiscover:[330] :new device join
06-06 19:30:52.098 2552 2627 I nStackXDFinder: NotifyDeviceListChanged:[540] :notify callback: device list changed callback is null
06-06 19:30:52.098 2552 2627 E nStackXDFinder: GetLocalIp:[401] :GetLocalIp exec
06-06 19:30:52.101 2552 2627 D nStackXCoAP: IsInSameNetwork:[276] :IsInSameNetwork exec
06-06 19:30:52.101 2552 2627 I nStackXDFinder: GetLocalInterfaceDetail:[461] :GetLocalInterfaceDetail in
06-06 19:30:52.101 2552 2627 E nStackXCoAP: IsInSameNetwork:[281] :IsInSameNetwork: not priority process
06-06 19:30:52.101 2552 2627 D nStackXCoAP: ParseServiceDiscover:[330] :new device join
06-06 19:30:52.101 2552 2627 E nStackXDFinder: GetLocalIp:[401] :GetLocalIp exec
06-06 19:30:52.215 475 519 W IorapForwardingService: No service published for: iorapd
06-06 19:30:52.403 2552 2627 D nStackXCoAP: IsInSameNetwork:[276] :IsInSameNetwork exec
06-06 19:30:52.403 2552 2627 I nStackXDFinder: GetLocalInterfaceDetail:[461] :GetLocalInterfaceDetail in
06-06 19:30:52.403 2552 2627 E nStackXCoAP: IsInSameNetwork:[281] :IsInSameNetwork: not priority process
06-06 19:30:52.403 2552 2627 D nStackXCoAP: ParseServiceDiscover:[330] :new device join
06-06 19:30:52.403 2552 2627 E nStackXDFinder: GetLocalIp:[401] :GetLocalIp exec
06-06 19:30:52.405 2552 2627 D nStackXCoAP: IsInSameNetwork:[276] :IsInSameNetwork exec
06-06 19:30:52.406 2552 2627 I nStackXDFinder: GetLocalInterfaceDetail:[461] :GetLocalInterfaceDetail in
06-06 19:30:52.406 2552 2627 E nStackXCoAP: IsInSameNetwork:[281] :IsInSameNetwork: not priority process
06-06 19:30:52.406 2552 2627 D nStackXCoAP: ParseServiceDiscover:[330] :new device join
06-06 19:30:52.406 2552 2627 E nStackXDFinder: GetLocalIp:[401] :GetLocalIp exec
06-06 19:30:53.217 475 519 W IorapForwardingService: No service published for: iorapd
06-06 19:30:53.232 2552 2627 D nStackXCoAP: IsInSameNetwork:[276] :IsInSameNetwork exec
06-06 19:30:53.232 2552 2627 I nStackXDFinder: GetLocalInterfaceDetail:[461] :GetLocalInterfaceDetail in
06-06 19:30:53.232 2552 2627 E nStackXCoAP: IsInSameNetwork:[281] :IsInSameNetwork: not priority process
06-06 19:30:53.232 2552 2627 D nStackXCoAP: ParseServiceDiscover:[330] :new device join
06-06 19:30:53.232 2552 2627 E nStackXDFinder: GetLocalIp:[401] :GetLocalIp exec
06-06 19:30:53.246 475 537 I UsageStatsService: Time changed in by 20847 seconds
06-06 19:30:53.251 475 517 D CompatibilityChangeReporter: Compat change id reported: 168419799; UID 10073; state: DISABLED
06-06 19:30:53.261 1846 2767 I PermissionControllerServiceImpl: Updating user sensitive for user 0
06-06 19:30:53.444 263 277 D hdmi-cec: receive invalid cec message!
06-06 19:30:53.444 263 277 D hdmi-cec: receive poll message [04], skip!
06-06 19:30:53.623 2552 2627 D nStackXCoAP: IsInSameNetwork:[276] :IsInSameNetwork exec
06-06 19:30:53.624 2552 2627 I nStackXDFinder: GetLocalInterfaceDetail:[461] :GetLocalInterfaceDetail in
06-06 19:30:53.624 2552 2627 E nStackXCoAP: IsInSameNetwork:[281] :IsInSameNetwork: not priority process
06-06 19:30:53.624 2552 2627 D nStackXCoAP: ParseServiceDiscover:[330] :new device join
06-06 19:30:53.624 2552 2627 E nStackXDFinder: GetLocalIp:[401] :GetLocalIp exec
06-06 19:30:53.937 2552 2627 D nStackXCoAP: IsInSameNetwork:[276] :IsInSameNetwork exec
06-06 19:30:53.937 2552 2627 I nStackXDFinder: GetLocalInterfaceDetail:[461] :GetLocalInterfaceDetail in
06-06 19:30:53.937 2552 2627 E nStackXCoAP: IsInSameNetwork:[281] :IsInSameNetwork: not priority process
06-06 19:30:53.937 2552 2627 D nStackXCoAP: ParseServiceDiscover:[330] :new device join
06-06 19:30:53.937 2552 2627 E nStackXDFinder: GetLocalIp:[401] :GetLocalIp exec
06-06 19:30:54.220 475 519 W IorapForwardingService: No service published for: iorapd
06-06 19:30:54.391 657 657 E WifiHAL : wifi_get_link_stats: requestResponse Error:-5
06-06 19:30:54.394 475 607 E WifiVendorHal: getWifiLinkLayerStats_1_5_Internal(l.1191) failed {.code = ERROR_INVALID_ARGS, .description = }
06-06 19:30:54.444 2552 2627 D nStackXCoAP: IsInSameNetwork:[276] :IsInSameNetwork exec
06-06 19:30:54.444 2552 2627 I nStackXDFinder: GetLocalInterfaceDetail:[461] :GetLocalInterfaceDetail in
06-06 19:30:54.444 2552 2627 E nStackXCoAP: IsInSameNetwork:[281] :IsInSameNetwork: not priority process
06-06 19:30:54.444 2552 2627 D nStackXCoAP: ParseServiceDiscover:[330] :new device join
06-06 19:30:54.444 2552 2627 E nStackXDFinder: GetLocalIp:[401] :GetLocalIp exec
06-06 19:30:54.786 1257 1257 I cling--ap-4: type=1400 audit(0.0:1044): avc: denied { read } for name="address" dev="sysfs" ino=16906 scontext=u:r:platform_app:s0:c512,c768 tcontext=u:object_r:sysfs_net:s0 tclass=file permissive=1 app=com.dangbei.screencast
06-06 19:30:54.786 1257 1257 I cling--ap-4: type=1400 audit(0.0:1045): avc: denied { open } for path="/sys/devices/virtual/net/dummy0/address" dev="sysfs" ino=16906 scontext=u:r:platform_app:s0:c512,c768 tcontext=u:object_r:sysfs_net:s0 tclass=file permissive=1 app=com.dangbei.screencast
06-06 19:30:54.786 1257 1257 I cling--ap-4: type=1400 audit(0.0:1046): avc: denied { getattr } for path="/sys/devices/virtual/net/dummy0/address" dev="sysfs" ino=16906 scontext=u:r:platform_app:s0:c512,c768 tcontext=u:object_r:sysfs_net:s0 tclass=file permissive=1 app=com.dangbei.screencast
06-06 19:30:54.959 2552 2627 D nStackXCoAP: IsInSameNetwork:[276] :IsInSameNetwork exec
06-06 19:30:54.959 2552 2627 I nStackXDFinder: GetLocalInterfaceDetail:[461] :GetLocalInterfaceDetail in
06-06 19:30:54.959 2552 2627 E nStackXCoAP: IsInSameNetwork:[281] :IsInSameNetwork: not priority process
06-06 19:30:54.959 2552 2627 D nStackXCoAP: ParseServiceDiscover:[330] :new device join
06-06 19:30:54.959 2552 2627 E nStackXDFinder: GetLocalIp:[401] :GetLocalIp exec
06-06 19:30:55.222 475 519 W IorapForwardingService: No service published for: iorapd
06-06 19:30:55.382 2552 2627 D nStackXCoAP: IsInSameNetwork:[276] :IsInSameNetwork exec
06-06 19:30:55.382 2552 2627 I nStackXDFinder: GetLocalInterfaceDetail:[461] :GetLocalInterfaceDetail in
06-06 19:30:55.382 2552 2627 E nStackXCoAP: IsInSameNetwork:[281] :IsInSameNetwork: not priority process
06-06 19:30:55.382 2552 2627 D nStackXCoAP: ParseServiceDiscover:[330] :new device join
06-06 19:30:55.382 2552 2627 E nStackXDFinder: GetLocalIp:[401] :GetLocalIp exec
06-06 19:30:55.982 2552 2627 D nStackXCoAP: IsInSameNetwork:[276] :IsInSameNetwork exec
06-06 19:30:55.982 2552 2627 I nStackXDFinder: GetLocalInterfaceDetail:[461] :GetLocalInterfaceDetail in
06-06 19:30:55.982 2552 2627 E nStackXCoAP: IsInSameNetwork:[281] :IsInSameNetwork: not priority process
06-06 19:30:55.982 2552 2627 D nStackXCoAP: ParseServiceDiscover:[330] :new device join
06-06 19:30:55.982 2552 2627 E nStackXDFinder: GetLocalIp:[401] :GetLocalIp exec
06-06 19:30:56.103 475 1017 W ZramWriteback: Writeback device is not set
06-06 19:30:56.103 475 1017 D ZramWriteback: wait to flush
06-06 19:30:56.224 475 519 W IorapForwardingService: No service published for: iorapd
06-06 19:30:56.593 2552 2627 D nStackXCoAP: IsInSameNetwork:[276] :IsInSameNetwork exec
06-06 19:30:56.593 2552 2627 I nStackXDFinder: GetLocalInterfaceDetail:[461] :GetLocalInterfaceDetail in
06-06 19:30:56.593 2552 2627 E nStackXCoAP: IsInSameNetwork:[281] :IsInSameNetwork: not priority process
06-06 19:30:56.593 2552 2627 D nStackXCoAP: ParseServiceDiscover:[330] :new device join
06-06 19:30:56.593 2552 2627 E nStackXDFinder: GetLocalIp:[401] :GetLocalIp exec
01-01 08:01:20.494 381 381 W hdr10p_Configure: 64 callbacks suppressed
01-01 08:01:20.494 381 381 I : DVI mode selected: packets not configured
01-01 08:01:20.494 381 381 W set_vsif_config: 64 callbacks suppressed
01-01 08:01:20.494 381 381 I : Error: set vsif failed
01-01 08:01:20.520 381 381 I : DVI mode selected: packets not configured
01-01 08:01:20.520 381 381 I : Error: set vsif failed
01-01 08:01:20.535 381 381 I : DVI mode selected: packets not configured
01-01 08:01:20.535 381 381 I : Error: set vsif failed
01-01 08:01:20.551 381 381 I : DVI mode selected: packets not configured
01-01 08:01:20.551 381 381 I : Error: set vsif failed
01-01 08:01:20.568 381 381 I : DVI mode selected: packets not configured
01-01 08:01:20.568 381 381 I : Error: set vsif failed
01-01 08:01:20.583 381 381 I : DVI mode selected: packets not configured
01-01 08:01:20.583 381 381 I : Error: set vsif failed
01-01 08:01:20.599 381 381 I : DVI mode selected: packets not configured
01-01 08:01:20.599 381 381 I : Error: set vsif failed
01-01 08:01:20.608 381 381 I : DVI mode selected: packets not configured
01-01 08:01:20.608 381 381 I : Error: set vsif failed
01-01 08:01:20.625 381 381 I : DVI mode selected: packets not configured
01-01 08:01:20.625 381 381 I : Error: set vsif failed
01-01 08:01:20.642 381 381 I : DVI mode selected: packets not configured
01-01 08:01:20.642 381 381 I : Error: set vsif failed
06-06 19:30:57.226 475 519 W IorapForwardingService: No service published for: iorapd
06-06 19:30:57.413 657 657 E WifiHAL : wifi_get_link_stats: requestResponse Error:-5
06-06 19:30:57.417 475 607 E WifiVendorHal: getWifiLinkLayerStats_1_5_Internal(l.1191) failed {.code = ERROR_INVALID_ARGS, .description = }
06-06 19:30:58.228 475 519 W IorapForwardingService: No service published for: iorapd
06-06 19:30:59.012 2264 2341 D UtilLog : 日志批量上报 进行正常循环 !!!!!!本次有0次请求,共0条数据
06-06 19:30:59.230 475 519 W IorapForwardingService: No service published for: iorapd
06-06 19:30:59.285 1142 1142 D aaa : LedStatusService onStartCommand begin
06-06 19:30:59.287 1142 2786 D aaa : topPkg is -------------- :com.dangbei.leard.leradlauncher
06-06 19:30:59.288 1200 1200 D bbb : onStartCommand begin !!!!!!! data分区剩余 24969MB
06-06 19:30:59.292 1142 2786 D aaa : WiFi is connect
06-06 19:31:00.232 475 519 W IorapForwardingService: No service published for: iorapd
06-06 19:31:00.437 657 657 E WifiHAL : wifi_get_link_stats: requestResponse Error:-5
06-06 19:31:00.440 475 607 E WifiVendorHal: getWifiLinkLayerStats_1_5_Internal(l.1191) failed {.code = ERROR_INVALID_ARGS, .description = }
06-06 19:31:01.234 475 519 W IorapForwardingService: No service published for: iorapd
06-06 19:31:02.108 475 475 D CompatibilityChangeReporter: Compat change id reported: 168419799; UID 1000; state: DISABLED
06-06 19:31:02.117 475 2788 I BackgroundDexOptService: Performing idle optimizations
06-06 19:31:02.184 2789 2789 E cutils-trace: Error opening trace file: No such file or directory (2)
06-06 19:31:02.236 475 519 W IorapForwardingService: No service published for: iorapd
06-06 19:31:02.429 475 2788 I BackgroundDexOptService: Pinning optimized code {}
06-06 19:31:02.430 475 2788 I BackgroundDexOptService: Idle optimizations completed.
06-06 19:31:02.538 1257 1257 I efs-base: type=1400 audit(0.0:1047): avc: denied { open } for path="/data/user/0/com.dangbei.screencast/app_UApm/5fc60c21094d637f3130af19/ready/1257/wa_none_1_1_1257_4360_1749188554787" dev="mmcblk0p25" ino=55065 scontext=u:r:platform_app:s0:c512,c768 tcontext=u:object_r:app_data_file:s0:c512,c768 tclass=file permissive=1 app=com.dangbei.screencast
06-06 19:31:02.542 1257 1257 I efs-base: type=1400 audit(0.0:1048): avc: denied { write } for name="upload" dev="mmcblk0p25" ino=2372 scontext=u:r:platform_app:s0:c512,c768 tcontext=u:object_r:app_data_file:s0:c512,c768 tclass=dir permissive=1 app=com.dangbei.screencast
06-06 19:31:02.542 1257 1257 I efs-base: type=1400 audit(0.0:1049): avc: denied { add_name } for name="wa_gzip_1_1_1257_8662_1749209462545" scontext=u:r:platform_app:s0:c512,c768 tcontext=u:object_r:app_data_file:s0:c512,c768 tclass=dir permissive=1 app=com.dangbei.screencast
06-06 19:31:02.542 1257 1257 I efs-base: type=1400 audit(0.0:1050): avc: denied { create } for name="wa_gzip_1_1_1257_8662_1749209462545" scontext=u:r:platform_app:s0:c512,c768 tcontext=u:object_r:app_data_file:s0:c512,c768 tclass=file permissive=1 app=com.dangbei.screencast
06-06 19:31:02.546 1257 1257 I efs-base: type=1400 audit(0.0:1051): avc: denied { remove_name } for name="wa_none_1_1_1257_4360_1749188554787" dev="mmcblk0p25" ino=55065 scontext=u:r:platform_app:s0:c512,c768 tcontext=u:object_r:app_data_file:s0:c512,c768 tclass=dir permissive=1 app=com.dangbei.screencast
06-06 19:31:02.546 1257 1257 I efs-base: type=1400 audit(0.0:1052): avc: denied { unlink } for name="wa_none_1_1_1257_4360_1749188554787" dev="mmcblk0p25" ino=55065 scontext=u:r:platform_app:s0:c512,c768 tcontext=u:object_r:app_data_file:s0:c512,c768 tclass=file permissive=1 app=com.dangbei.screencast
06-06 19:31:02.573 475 1342 D WifiNl80211Manager: Scan result ready event
06-06 19:31:02.573 475 1342 D WifiNative: Scan result ready event
06-06 19:31:02.627 657 657 E WifiHAL : wifi_get_link_stats: requestResponse Error:-5
06-06 19:31:02.629 475 607 E WifiVendorHal: getWifiLinkLayerStats_1_5_Internal(l.1191) failed {.code = ERROR_INVALID_ARGS, .description = }
01-01 08:01:26.513 381 381 W hdr10p_Configure: 65 callbacks suppressed
01-01 08:01:26.513 381 381 I : DVI mode selected: packets not configured
01-01 08:01:26.513 381 381 W set_vsif_config: 65 callbacks suppressed
01-01 08:01:26.513 381 381 I : Error: set vsif failed
01-01 08:01:26.533 381 381 I : DVI mode selected: packets not configured
01-01 08:01:26.533 381 381 I : Error: set vsif failed
01-01 08:01:26.548 381 381 I : DVI mode selected: packets not configured
01-01 08:01:26.548 381 381 I : Error: set vsif failed
01-01 08:01:26.564 381 381 I : DVI mode selected: packets not configured
01-01 08:01:26.564 381 381 I : Error: set vsif failed
01-01 08:01:26.575 381 381 I : DVI mode selected: packets not configured
01-01 08:01:26.575 381 381 I : Error: set vsif failed
01-01 08:01:26.608 381 381 I : DVI mode selected: packets not configured
01-01 08:01:26.608 381 381 I : Error: set vsif failed
01-01 08:01:26.625 381 381 I : DVI mode selected: packets not configured
01-01 08:01:26.625 381 381 I : Error: set vsif failed
01-01 08:01:26.642 381 381 I : DVI mode selected: packets not configured
01-01 08:01:26.642 381 381 I : Error: set vsif failed
01-01 08:01:26.659 381 381 I : DVI mode selected: packets not configured
01-01 08:01:26.659 381 381 I : Error: set vsif failed
01-01 08:01:26.675 381 381 I : DVI mode selected: packets not configured
01-01 08:01:26.675 381 381 I : Error: set vsif failed
06-06 19:31:03.238 475 519 W IorapForwardingService: No service published for: iorapd
06-06 19:31:03.455 657 657 E WifiHAL : wifi_get_link_stats: requestResponse Error:-5
06-06 19:31:03.457 475 607 E WifiVendorHal: getWifiLinkLayerStats_1_5_Internal(l.1191) failed {.code = ERROR_INVALID_ARGS, .description = }
06-06 19:31:04.241 475 519 W IorapForwardingService: No service published for: iorapd
06-06 19:31:05.244 475 519 W IorapForwardingService: No service published for: iorapd
06-06 19:31:06.246 475 519 W IorapForwardingService: No service published for: iorapd
06-06 19:31:06.473 657 657 E WifiHAL : wifi_get_link_stats: requestResponse Error:-5
