06-06 13:42:38.964 475 1349 W ActivityTaskManager: Current config: {1.0 ?mcc?mnc [zh_CN] ldltr sw720dp w1280dp h696dp 240dpi xlrg long land television -touch qwerty/v/v dpad/v winConfig={ mBounds=Rect(0, 0 - 1920, 1080) mAppBounds=Rect(0, 0 - 1920, 1080) mMaxBounds=Rect(0, 0 - 1920, 1080) mWindowingMode=fullscreen mDisplayWindowingMode=fullscreen mActivityType=undefined mAlwaysOnTop=undefined mRotation=ROTATION_0} s.6 fontWeightAdjustment=0} unchanged for IME proc com.sohu.inputmethod.sogou.tv
06-06 13:42:38.986 475 498 W ActivityManager: Slow operation: 52ms so far, now at attachApplicationLocked: after mServices.attachApplicationLocked
06-06 13:42:38.998 475 498 W ActivityManager: Slow operation: 65ms so far, now at attachApplicationLocked: after sendPendingBroadcastsLocked
06-06 13:42:39.004 2160 2160 D CompatibilityChangeReporter: Compat change id reported: 171979766; UID 10027; state: DISABLED
06-06 13:42:39.028 2099 2099 I DefaultIMS: onInitializeInterface:
06-06 13:42:39.033 2160 2160 D ApplicationLoaders: Returning zygote-cached class loader: /system/framework/android.test.base.jar
06-06 13:42:39.036 1992 1992 I rainbow_flow: type=1400 audit(0.0:645): avc: denied { ioctl } for path="/dev/spidev1.0" dev="tmpfs" ino=5830 ioctlcmd=0x6b00 scontext=u:r:init:s0 tcontext=u:object_r:device:s0 tclass=chr_file permissive=1
06-06 13:42:39.052 2160 2160 I tatementservice: type=1400 audit(0.0:646): avc: denied { getattr } for path="/data/user/0/com.android.statementservice" dev="mmcblk0p25" ino=880 scontext=u:r:platform_app:s0:c512,c768 tcontext=u:object_r:app_data_file:s0:c512,c768 tclass=dir permissive=1 app=com.android.statementservice
06-06 13:42:39.132 2160 2160 I tatementservice: type=1400 audit(0.0:647): avc: denied { search } for name="com.android.statementservice" dev="mmcblk0p25" ino=880 scontext=u:r:platform_app:s0:c512,c768 tcontext=u:object_r:app_data_file:s0:c512,c768 tclass=dir permissive=1 app=com.android.statementservice
06-06 13:42:39.138 2099 2099 I InputModelManager: mLanguageId+0 mInputType=0mChInputType=2
06-06 13:42:39.145 2099 2099 I nw : loadKeyData: loadLanguageInfoSuccess ? true
06-06 13:42:39.146 2099 2099 I InputModelManager: getCurrentLanguageBean inputMode languageId:0
06-06 13:42:39.147 2099 2099 I nw : onChanged: languageResStatusBean=Language load status:
06-06 13:42:39.147 2099 2099 I nw : {}
06-06 13:42:39.149 2160 2160 V GraphicsEnvironment: ANGLE Developer option for 'com.android.statementservice' set to: 'default'
06-06 13:42:39.149 2160 2160 V GraphicsEnvironment: Neither updatable production driver nor prerelease driver is supported.
06-06 13:42:39.152 2160 2160 D NetworkSecurityConfig: No Network Security Config specified, using platform default
06-06 13:42:39.152 2160 2160 D NetworkSecurityConfig: No Network Security Config specified, using platform default
06-06 13:42:39.152 263 263 I EventThread: type=1400 audit(0.0:648): avc: denied { search } for name="extcon" dev="sysfs" ino=18109 scontext=u:r:hal_tv_cec_default:s0 tcontext=u:object_r:sysfs_extcon:s0 tclass=dir permissive=1
06-06 13:42:39.183 2099 2099 I InputModelManager: getCurrentLanguageBean inputMode languageId:0
06-06 13:42:39.206 2099 2099 I LanguageResManager: prepareResource onSuccess:
06-06 13:42:39.208 2099 2187 I LanguageResManager: prepareResource onSuccess:
06-06 13:42:39.223 2099 2099 D InputSurface: initView:
06-06 13:42:39.224 2099 2099 I MainPresenter: initView:
06-06 13:42:39.229 2099 2099 D MainLayer: initView:
06-06 13:42:39.235 2099 2099 D BodyAreaPresenter: initView:
06-06 13:42:39.236 1100 2190 D ProfileInstaller: Skipping profile installation for com.dangbei.leard.leradlauncher
06-06 13:42:39.264 2160 2160 I pool-2-thread-1: type=1400 audit(0.0:649): avc: denied { open } for path="/data/user/0/com.android.statementservice/no_backup/androidx.work.workdb" dev="mmcblk0p25" ino=2144 scontext=u:r:platform_app:s0:c512,c768 tcontext=u:object_r:app_data_file:s0:c512,c768 tclass=file permissive=1 app=com.android.statementservice
06-06 13:42:39.344 2160 2191 D CompatibilityChangeReporter: Compat change id reported: 160794467; UID 10027; state: DISABLED
06-06 13:42:39.350 475 1350 D CompatibilityChangeReporter: Compat change id reported: 171306433; UID 10027; state: DISABLED
06-06 13:42:39.356 2099 2099 I DefaultIMS: DefaultIMS::onInitializeInterface() finish
06-06 13:42:39.359 475 519 W IorapForwardingService: No service published for: iorapd
06-06 13:42:39.359 2099 2099 D CompatibilityChangeReporter: Compat change id reported: 160794467; UID 10048; state: DISABLED
06-06 13:42:39.366 2099 2099 I DefaultIMS: onStartInput attribute=android.view.inputmethod.EditorInfo@9a4f52e restarting=false inputType: 0
06-06 13:42:39.380 475 749 D ConnectivityService: requestNetwork for uid/pid:1000/475 asUid: 10027 activeRequest: null callbackRequest: 31 [NetworkRequest [ REQUEST id=32, [ Capabilities: INTERNET&NOT_RESTRICTED&TRUSTED&NOT_VCN_MANAGED Uid: 10027 RequestorUid: 1000 RequestorPkg: android] ]] callback flags: 0 priority: 2147483647
06-06 13:42:39.380 2099 2099 I SendAliveManager: doWhenNetworkStateChanged
06-06 13:42:39.381 475 614 D ConnectivityService: NetReassign [32 : null → 100]
06-06 13:42:39.381 2099 2099 I nw : onChanged: languageResStatusBean=Language load status:
06-06 13:42:39.381 2099 2099 I nw : {zh=3}
06-06 13:42:39.381 2099 2099 I DefaultIMS: initializedCallback: time tag1=1749188559381
06-06 13:42:39.382 2099 2099 I nw : initializeInputSession: inputMode=languageID=0
06-06 13:42:39.382 2099 2099 I nw : scriptID=2
06-06 13:42:39.382 2099 2099 I nw : layoutID=2
06-06 13:42:39.382 2099 2099 I KeyEventTransfer: languageID=0
06-06 13:42:39.382 2099 2099 I KeyEventTransfer: scriptID=2
06-06 13:42:39.382 2099 2099 I KeyEventTransfer: layoutID=2
06-06 13:42:39.383 475 607 D WifiNetworkFactory: got request NetworkRequest [ REQUEST id=32, [ Capabilities: INTERNET&NOT_RESTRICTED&TRUSTED&NOT_VCN_MANAGED Uid: 10027 RequestorUid: 1000 RequestorPkg: android] ]
06-06 13:42:39.383 475 607 D UntrustedWifiNetworkFactory: got request NetworkRequest [ REQUEST id=32, [ Capabilities: INTERNET&NOT_RESTRICTED&TRUSTED&NOT_VCN_MANAGED Uid: 10027 RequestorUid: 1000 RequestorPkg: android] ]
06-06 13:42:39.383 475 607 D OemPaidWifiNetworkFactory: got request NetworkRequest [ REQUEST id=32, [ Capabilities: INTERNET&NOT_RESTRICTED&TRUSTED&NOT_VCN_MANAGED Uid: 10027 RequestorUid: 1000 RequestorPkg: android] ]
06-06 13:42:39.386 475 650 D Ethernet: got request NetworkRequest [ REQUEST id=32, [ Capabilities: INTERNET&NOT_RESTRICTED&TRUSTED&NOT_VCN_MANAGED Uid: 10027 RequestorUid: 1000 RequestorPkg: android] ]
06-06 13:42:39.386 475 650 D EthernetNetworkFactory: acceptRequest, request: NetworkRequest [ REQUEST id=32, [ Capabilities: INTERNET&NOT_RESTRICTED&TRUSTED&NOT_VCN_MANAGED Uid: 10027 RequestorUid: 1000 RequestorPkg: android] ]
06-06 13:42:39.386 475 650 I EthernetNetworkFactory: networkForRequest, request: NetworkRequest [ REQUEST id=32, [ Capabilities: INTERNET&NOT_RESTRICTED&TRUSTED&NOT_VCN_MANAGED Uid: 10027 RequestorUid: 1000 RequestorPkg: android] ], network: null
06-06 13:42:39.401 475 499 D CompatibilityChangeReporter: Compat change id reported: 135634846; UID 10057; state: DISABLED
06-06 13:42:39.402 475 499 D CompatibilityChangeReporter: Compat change id reported: 177438394; UID 10057; state: DISABLED
06-06 13:42:39.403 475 499 D CompatibilityChangeReporter: Compat change id reported: 135772972; UID 10057; state: DISABLED
06-06 13:42:39.406 475 499 D CompatibilityChangeReporter: Compat change id reported: 135754954; UID 10057; state: DISABLED
06-06 13:42:39.407 475 539 D CompatibilityChangeReporter: Compat change id reported: 143937733; UID 10057; state: DISABLED
06-06 13:42:39.441 243 243 D Zygote : Forked child process 2199
06-06 13:42:39.444 475 539 I ActivityManager: app.processName = com.android.tv
06-06 13:42:39.444 475 539 I ActivityManager: Start proc 2199:com.android.tv/u0a57 for broadcast {com.android.tv/com.android.tv.receiver.BootCompletedReceiver}
06-06 13:42:39.452 2199 2199 I Zygote : seccomp disabled by setenforce 0
06-06 13:42:39.486 396 407 I adbd : jdwp connection from 2199
06-06 13:42:39.492 475 499 D CompatibilityChangeReporter: Compat change id reported: 149924527; UID 10048; state: ENABLED
06-06 13:42:39.499 475 499 D CompatibilityChangeReporter: Compat change id reported: 132649864; UID 10048; state: DISABLED
06-06 13:42:39.534 475 498 D CompatibilityChangeReporter: Compat change id reported: 168419799; UID 10057; state: DISABLED
06-06 13:42:39.564 2199 2199 D CompatibilityChangeReporter: Compat change id reported: 171979766; UID 10057; state: DISABLED
06-06 13:42:39.587 2199 2199 D ApplicationLoaders: Returning zygote-cached class loader: /system/framework/android.test.base.jar
06-06 13:42:39.598 475 749 D ConnectivityService: requestNetwork for uid/pid:10027/2160 activeRequest: null callbackRequest: 33 [NetworkRequest [ REQUEST id=34, [ Capabilities: INTERNET&NOT_RESTRICTED&TRUSTED&NOT_VCN_MANAGED Uid: 10027 RequestorUid: 10027 RequestorPkg: com.android.statementservice] ]] callback flags: 0 priority: 2147483647
06-06 13:42:39.599 475 614 D ConnectivityService: NetReassign [34 : null → 100]
06-06 13:42:39.605 475 650 D Ethernet: got request NetworkRequest [ REQUEST id=34, [ Capabilities: INTERNET&NOT_RESTRICTED&TRUSTED&NOT_VCN_MANAGED Uid: 10027 RequestorUid: 10027 RequestorPkg: com.android.statementservice] ]
06-06 13:42:39.605 475 650 D EthernetNetworkFactory: acceptRequest, request: NetworkRequest [ REQUEST id=34, [ Capabilities: INTERNET&NOT_RESTRICTED&TRUSTED&NOT_VCN_MANAGED Uid: 10027 RequestorUid: 10027 RequestorPkg: com.android.statementservice] ]
06-06 13:42:39.605 475 650 I EthernetNetworkFactory: networkForRequest, request: NetworkRequest [ REQUEST id=34, [ Capabilities: INTERNET&NOT_RESTRICTED&TRUSTED&NOT_VCN_MANAGED Uid: 10027 RequestorUid: 10027 RequestorPkg: com.android.statementservice] ], network: null
06-06 13:42:39.610 475 607 D WifiNetworkFactory: got request NetworkRequest [ REQUEST id=34, [ Capabilities: INTERNET&NOT_RESTRICTED&TRUSTED&NOT_VCN_MANAGED Uid: 10027 RequestorUid: 10027 RequestorPkg: com.android.statementservice] ]
06-06 13:42:39.610 475 607 D UntrustedWifiNetworkFactory: got request NetworkRequest [ REQUEST id=34, [ Capabilities: INTERNET&NOT_RESTRICTED&TRUSTED&NOT_VCN_MANAGED Uid: 10027 RequestorUid: 10027 RequestorPkg: com.android.statementservice] ]
06-06 13:42:39.611 475 607 D OemPaidWifiNetworkFactory: got request NetworkRequest [ REQUEST id=34, [ Capabilities: INTERNET&NOT_RESTRICTED&TRUSTED&NOT_VCN_MANAGED Uid: 10027 RequestorUid: 10027 RequestorPkg: com.android.statementservice] ]
01-01 08:00:30.957 2196 2196 W audit : audit_lost=222 audit_rate_limit=5 audit_backlog_limit=64
01-01 08:00:30.957 2196 2196 E audit : rate limit exceeded
06-06 13:42:39.679 2199 2199 D nativeloader: classloader namespace configured for unbundled product apk. library_path=/product/priv-app/LiveTv/lib/arm:/product/lib:/system/product/lib
06-06 13:42:39.681 1043 1159 W MediaProvider: getVolumePath for unknown volume: internal
06-06 13:42:39.646 1257 1534 I efs.config: No update is required, less than 8h since the last update
06-06 13:42:39.697 1043 1159 W MediaProvider: getVolumePath for unknown volume: internal
06-06 13:42:39.703 1043 1159 W MediaProvider: getVolumePath for unknown volume: internal
06-06 13:42:39.737 2160 2197 I WM-WorkerWrapper: Worker result SUCCESS for Work [ id=eebbfdd8-372c-4323-bfb9-3e73937693fa, tags={ com.android.statementservice.domain.worker.RetryRequestWorker } ]
06-06 13:42:39.770 1043 1159 W MediaProvider: getVolumePath for unknown volume: internal
06-06 13:42:39.774 1043 1159 W MediaProvider: getVolumePath for unknown volume: internal
06-06 13:42:39.818 2199 2199 V GraphicsEnvironment: ANGLE Developer option for 'com.android.tv' set to: 'default'
06-06 13:42:39.818 2199 2199 V GraphicsEnvironment: Neither updatable production driver nor prerelease driver is supported.
06-06 13:42:39.838 2199 2199 D NetworkSecurityConfig: No Network Security Config specified, using platform default
06-06 13:42:39.847 2199 2199 D NetworkSecurityConfig: No Network Security Config specified, using platform default
06-06 13:42:39.969 1043 1424 I MediaProvider: Scanned internal due to REASON_MOUNTED, found 230 items in 4532ms, 0 inserts 7 updates 0 deletes
06-06 13:42:40.007 1100 1110 I d.leradlaunche: Background concurrent copying GC freed 164238(20MB) AllocSpace objects, 30(3052KB) LOS objects, 49% free, 13MB/26MB, paused 2.246ms total 2.035s
06-06 13:42:40.014 2199 2199 W UnsafeUtil: platform method missing - proto runtime falling back to safer methods: java.lang.NoSuchMethodException: sun.misc.Unsafe.copyMemory [class java.lang.Object, long, class java.lang.Object, long, long]
06-06 13:42:40.124 2099 2099 I chromium: [0606/134240:INFO:config_service.cc(227)] Load config buffer. err_code = 3, err_msg = Line: 1, column: 1, Unexpected token.
06-06 13:42:40.201 475 749 D CompatibilityChangeReporter: Compat change id reported: 135634846; UID 10057; state: DISABLED
06-06 13:42:40.202 475 749 D CompatibilityChangeReporter: Compat change id reported: 177438394; UID 10057; state: DISABLED
06-06 13:42:40.202 475 749 D CompatibilityChangeReporter: Compat change id reported: 135772972; UID 10057; state: DISABLED
06-06 13:42:40.202 475 749 D CompatibilityChangeReporter: Compat change id reported: 135754954; UID 10057; state: DISABLED
06-06 13:42:40.205 475 539 D CompatibilityChangeReporter: Compat change id reported: 143937733; UID 10057; state: DISABLED
06-06 13:42:40.214 2199 2199 I TvApplication: Starting TV app 1.24-asop
06-06 13:42:40.216 2199 2199 I TvApplication: Started TV app 1.24-asop
06-06 13:42:40.234 243 243 D Zygote : Forked child process 2237
06-06 13:42:40.236 475 539 I ActivityManager: app.processName = com.android.tv.common
06-06 13:42:40.236 475 539 I ActivityManager: Start proc 2237:com.android.tv.common/u0a57 for content provider {com.android.tv/com.android.tv.common.CommonPreferenceProvider}
06-06 13:42:40.247 2237 2237 I Zygote : seccomp disabled by setenforce 0
06-06 13:42:40.260 1992 1992 I rainbow_flow: type=1400 audit(0.0:661): avc: denied { ioctl } for path="/dev/spidev1.0" dev="tmpfs" ino=5830 ioctlcmd=0x6b00 scontext=u:r:init:s0 tcontext=u:object_r:device:s0 tclass=chr_file permissive=1
06-06 13:42:40.273 475 1349 I ActivityManager: Background started FGS: Allowed [callingPackage: com.android.tv; callingUid: 10057; uidState: RCVR; intent: Intent { cmp=com.android.tv/.dvr.recorder.DvrRecordingService (has extras) }; code:BACKGROUND_ACTIVITY_PERMISSION; tempAllowListReason:; targetSdkVersion:29; callerTargetSdkVersion:29; startForegroundCount:0; bindFromPackage:null]
06-06 13:42:40.314 2099 2099 I CHInputSession: set engine mode: 2 layout: 2
06-06 13:42:40.320 396 407 I adbd : jdwp connection from 2237
06-06 13:42:40.356 1257 1257 I ModuleDataForwa: type=1400 audit(0.0:662): avc: denied { remove_name } for name="TD_IP_CACHE.xml" dev="mmcblk0p25" ino=54763 scontext=u:r:platform_app:s0:c512,c768 tcontext=u:object_r:app_data_file:s0:c512,c768 tclass=dir permissive=1 app=com.dangbei.screencast
06-06 13:42:40.362 475 519 W IorapForwardingService: No service published for: iorapd
06-06 13:42:40.364 1257 1257 I ModuleDataForwa: type=1400 audit(0.0:663): avc: denied { rename } for name="TD_IP_CACHE.xml" dev="mmcblk0p25" ino=54763 scontext=u:r:platform_app:s0:c512,c768 tcontext=u:object_r:app_data_file:s0:c512,c768 tclass=file permissive=1 app=com.dangbei.screencast
06-06 13:42:40.374 2099 2099 D CHJNIDefault: setInputMode value=-1
06-06 13:42:40.375 475 538 I ActivityManager: Deferring FGS notification in legacy app com.android.tv/u0a57 : Notification(channel=dvr_notification_channel shortcut=null contentView=null vibrate=null sound=null defaults=0x0 flags=0x40 color=0x00000000 vis=PRIVATE)
06-06 13:42:40.376 2099 2099 I InputContext: onChanged: candidateWords=[]
06-06 13:42:40.376 2099 2099 I InputContext: onChanged: candidateWordInfo.size=0 global offset: 0pausedCandidateData = false
06-06 13:42:40.378 2099 2099 I InputContext: onChanged: composing=null
06-06 13:42:40.378 2099 2099 I InputContext: onChanged: forCompose=false
06-06 13:42:40.396 1257 1257 I ModuleDataForwa: type=1400 audit(0.0:664): avc: denied { setattr } for name="TD_IP_CACHE.xml" dev="mmcblk0p25" ino=55083 scontext=u:r:platform_app:s0:c512,c768 tcontext=u:object_r:app_data_file:s0:c512,c768 tclass=file permissive=1 app=com.dangbei.screencast
06-06 13:42:40.400 1257 1257 I ModuleDataForwa: type=1400 audit(0.0:665): avc: denied { unlink } for name="TD_IP_CACHE.xml.bak" dev="mmcblk0p25" ino=54763 scontext=u:r:platform_app:s0:c512,c768 tcontext=u:object_r:app_data_file:s0:c512,c768 tclass=file permissive=1 app=com.dangbei.screencast
06-06 13:42:40.436 2099 2099 I nw : onChanged: input mode:languageID=0
06-06 13:42:40.436 2099 2099 I nw : scriptID=2
06-06 13:42:40.436 2099 2099 I nw : layoutID=2
06-06 13:42:40.483 475 1349 D CompatibilityChangeReporter: Compat change id reported: 168419799; UID 1000; state: DISABLED
06-06 13:42:40.494 835 835 W ContextImpl: Calling a method in the system process without a qualified user: android.app.ContextImpl.startService:1816 android.content.ContextWrapper.startService:774 android.content.ContextWrapper.startService:774 com.android.tv.settings.help.BootBroadcastReceiver.onReceive:18 android.app.ActivityThread.handleReceiver:4308
06-06 13:42:40.496 475 1349 W ActivityManager: Unable to start service Intent { cmp=com.android.tv.settings/.app_lock.MainService } U=0: not found
06-06 13:42:40.498 835 835 V BootBroadcastReceiver: autorun
06-06 13:42:40.524 475 499 I ActivityManager: com.dangbei.zhushou.os is exempt from freezer
06-06 13:42:40.525 2237 2237 D CompatibilityChangeReporter: Compat change id reported: 171979766; UID 10057; state: DISABLED
06-06 13:42:40.525 475 499 D CompatibilityChangeReporter: Compat change id reported: 135634846; UID 1000; state: DISABLED
06-06 13:42:40.535 2237 2237 D ApplicationLoaders: Returning zygote-cached class loader: /system/framework/android.test.base.jar
06-06 13:42:40.545 2237 2237 D nativeloader: classloader namespace configured for unbundled product apk. library_path=/product/priv-app/LiveTv/lib/arm:/product/lib:/system/product/lib
06-06 13:42:40.555 243 243 D Zygote : Forked child process 2264
06-06 13:42:40.557 475 539 I ActivityManager: app.processName = com.dangbei.zhushou.os
06-06 13:42:40.557 475 539 I ActivityManager: Start proc 2264:com.dangbei.zhushou.os/1000 for broadcast {com.dangbei.zhushou.os/com.dangbei.projector.assistant.receiver.BootReceiver}
06-06 13:42:40.566 2264 2264 I Zygote : seccomp disabled by setenforce 0
06-06 13:42:40.578 2237 2237 V GraphicsEnvironment: ANGLE Developer option for 'com.android.tv' set to: 'default'
06-06 13:42:40.578 2237 2237 V GraphicsEnvironment: Neither updatable production driver nor prerelease driver is supported.
06-06 13:42:40.581 2237 2237 D NetworkSecurityConfig: No Network Security Config specified, using platform default
06-06 13:42:40.582 2237 2237 D NetworkSecurityConfig: No Network Security Config specified, using platform default
06-06 13:42:40.602 2237 2237 W UnsafeUtil: platform method missing - proto runtime falling back to safer methods: java.lang.NoSuchMethodException: sun.misc.Unsafe.copyMemory [class java.lang.Object, long, class java.lang.Object, long, long]
06-06 13:42:40.615 396 407 I adbd : jdwp connection from 2264
06-06 13:42:40.653 1100 1100 E hq : CrashHandler:::图片加载异常 message=Failed to load resource
06-06 13:42:40.653 1100 1100 E hq : model=
06-06 13:42:40.653 1100 1100 E hq : target=Target for: com.dangbei.palaemon.layout.DBImageView{315880c V.ED..... ........ 0,0-410,580}
06-06 13:42:40.657 263 277 D hdmi-cec: receive invalid cec message!
06-06 13:42:40.658 263 277 D hdmi-cec: receive poll message [04], skip!
01-01 08:00:32.000 277 277 W audit : audit_lost=227 audit_rate_limit=5 audit_backlog_limit=64
01-01 08:00:32.000 277 277 E audit : rate limit exceeded
06-06 13:42:40.739 2264 2264 D CompatibilityChangeReporter: Compat change id reported: 171979766; UID 1000; state: DISABLED
06-06 13:42:40.754 2237 2237 I TvApplication: Starting TV app 1.24-asop
06-06 13:42:40.754 2264 2264 D ApplicationLoaders: Returning zygote-cached class loader: /system/framework/android.test.base.jar
06-06 13:42:40.754 2264 2264 D ApplicationLoaders: Returning zygote-cached class loader: /system/framework/android.hidl.manager-V1.0-java.jar
06-06 13:42:40.754 2264 2264 D ApplicationLoaders: Returning zygote-cached class loader: /system/framework/android.hidl.base-V1.0-java.jar
06-06 13:42:40.755 2237 2237 I TvApplication: Started TV app 1.24-asop
06-06 13:42:40.773 1100 1226 E hq : ErrorCoroutineExceptionHandler:::runTry error:com.dangbei.leard.base.proider.error.EmptyApiException: 数据为空 from=requestMessageDialog from=requestMessageDialog
06-06 13:42:40.871 2264 2264 V GraphicsEnvironment: ANGLE Developer option for 'com.dangbei.zhushou.os' set to: 'default'
06-06 13:42:40.871 2264 2264 V GraphicsEnvironment: Neither updatable production driver nor prerelease driver is supported.
06-06 13:42:40.873 2264 2264 D NetworkSecurityConfig: No Network Security Config specified, using platform default
06-06 13:42:40.874 2264 2264 D NetworkSecurityConfig: No Network Security Config specified, using platform default
06-06 13:42:40.877 2264 2264 I MultiDex: VM with version 2.1.0 has multidex support
06-06 13:42:40.877 2264 2264 I MultiDex: Installing application
06-06 13:42:40.877 2264 2264 I MultiDex: VM has multidex support, MultiDex support library is disabled.
06-06 13:42:40.906 1043 1424 I MediaProvider: Scanned external_primary due to REASON_MOUNTED, found 48 items in 900ms, 0 inserts 6 updates 0 deletes
06-06 13:42:40.915 1043 1424 I MediaProvider: End Intent { act=com.android.providers.media.action.SCAN_VOLUME (has extras) }
06-06 13:42:40.996 2264 2264 I b : -----------> Auto switch user, userId: -3377459
06-06 13:42:40.996 2264 2264 I b : -----------> doSwitchUserInternal, userId: -3377459
06-06 13:42:41.000 2264 2264 D yl : com.wangjie.rapidorm.c.b.a-------------------the tables are {class com.dangbei.setting.provider.dal.db.model.UserPreference=com.dangbei.setting.provider.dal.db.model.b@830130b, class com.dangbei.setting.provider.dal.db.model.User=com.dangbei.setting.provider.dal.db.model.c@7c7a5e8}
06-06 13:42:41.127 2264 2264 D CompatibilityChangeReporter: Compat change id reported: 147600208; UID 1000; state: DISABLED
06-06 13:42:41.223 2264 2264 I TDLog : setReportUncaughtExceptions: true
06-06 13:42:41.263 2264 2324 I TDLog : TalkingData App Analytics SDK init...
06-06 13:42:41.263 2264 2324 I TDLog : SDK_VERSION is: Android+TD+V4.0.22 gp Type:Native Build_Num:712
06-06 13:42:41.263 2264 2324 I TDLog : App ID is: 219DEBE67C3B47D799EED1190DEACA09
06-06 13:42:41.263 2264 2324 I TDLog : App Channel is: statisticSDK
06-06 13:42:41.263 2264 2324 I TDLog : SDK_OVC is: TDOVC+a004ba0d7e569531a3ac013fd19b4443+SaaS
06-06 13:42:41.264 2264 2264 I ThreadPoolUtils: type=1400 audit(0.0:672): avc: denied { getattr } for path="/metadata" dev="mmcblk0p19" ino=2 scontext=u:r:system_app:s0 tcontext=u:object_r:metadata_file:s0 tclass=dir permissive=1
06-06 13:42:41.264 2264 2264 I ThreadPoolUtils: type=1400 audit(0.0:673): avc: denied { read } for name="/" dev="mmcblk0p19" ino=2 scontext=u:r:system_app:s0 tcontext=u:object_r:metadata_file:s0 tclass=dir permissive=1
06-06 13:42:41.268 2264 2264 I ThreadPoolUtils: type=1400 audit(0.0:674): avc: denied { open } for path="/metadata" dev="mmcblk0p19" ino=2 scontext=u:r:system_app:s0 tcontext=u:object_r:metadata_file:s0 tclass=dir permissive=1
06-06 13:42:41.268 2264 2264 I ThreadPoolUtils: type=1400 audit(0.0:675): avc: denied { search } for name="/" dev="mmcblk0p19" ino=2 scontext=u:r:system_app:s0 tcontext=u:object_r:metadata_file:s0 tclass=dir permissive=1
06-06 13:42:41.276 2264 2264 I ThreadPoolUtils: type=1400 audit(0.0:676): avc: denied { getattr } for path="/metadata/apex" dev="mmcblk0p19" ino=19 scontext=u:r:system_app:s0 tcontext=u:object_r:apex_metadata_file:s0 tclass=dir permissive=1
01-01 08:00:32.614 381 381 W hdr10p_Configure: 41 callbacks suppressed
01-01 08:00:32.614 381 381 I : DVI mode selected: packets not configured
01-01 08:00:32.614 381 381 W set_vsif_config: 41 callbacks suppressed
01-01 08:00:32.614 381 381 I : Error: set vsif failed
06-06 13:42:41.297 475 1349 D CompatibilityChangeReporter: Compat change id reported: 135634846; UID 10037; state: DISABLED
06-06 13:42:41.298 475 1349 D CompatibilityChangeReporter: Compat change id reported: 177438394; UID 10037; state: DISABLED
06-06 13:42:41.298 475 1349 D CompatibilityChangeReporter: Compat change id reported: 135772972; UID 10037; state: DISABLED
06-06 13:42:41.298 475 1349 D CompatibilityChangeReporter: Compat change id reported: 135754954; UID 10037; state: ENABLED
01-01 08:00:32.641 381 381 I : DVI mode selected: packets not configured
01-01 08:00:32.641 381 381 I : Error: set vsif failed
06-06 13:42:41.305 475 539 D CompatibilityChangeReporter: Compat change id reported: 143937733; UID 10037; state: ENABLED
06-06 13:42:41.334 243 243 D Zygote : Forked child process 2351
06-06 13:42:41.336 475 539 I ActivityManager: app.processName = com.softwinner.timerswitch
06-06 13:42:41.336 475 539 I ActivityManager: Start proc 2351:com.softwinner.timerswitch/u0a37 for broadcast {com.softwinner.timerswitch/com.softwinner.timerswitch.AlarmReceiver}
01-01 08:00:32.691 381 381 I : DVI mode selected: packets not configured
01-01 08:00:32.691 381 381 I : Error: set vsif failed
06-06 13:42:41.355 2351 2351 I Zygote : seccomp disabled by setenforce 0
06-06 13:42:41.378 396 407 I adbd : jdwp connection from 2351
06-06 13:42:41.386 475 519 W IorapForwardingService: No service published for: iorapd
06-06 13:42:41.395 657 657 E WifiHAL : wifi_get_link_stats: requestResponse Error:-5
06-06 13:42:41.396 475 607 E WifiVendorHal: getWifiLinkLayerStats_1_5_Internal(l.1191) failed {.code = ERROR_INVALID_ARGS, .description = }
06-06 13:42:41.436 475 1349 D CompatibilityChangeReporter: Compat change id reported: 168419799; UID 10037; state: DISABLED
06-06 13:42:41.437 2264 2324 V NFC : this device does not have NFC support
01-01 08:00:32.801 381 381 I : DVI mode selected: packets not configured
01-01 08:00:32.801 381 381 I : Error: set vsif failed
06-06 13:42:41.462 2351 2351 D CompatibilityChangeReporter: Compat change id reported: 171979766; UID 10037; state: ENABLED
06-06 13:42:41.543 475 752 D SntpClient: request time failed: java.net.SocketTimeoutException: Poll timed out
01-01 08:00:32.944 381 381 I : DVI mode selected: packets not configured
01-01 08:00:32.944 381 381 I : Error: set vsif failed
06-06 13:42:41.640 2351 2351 V GraphicsEnvironment: ANGLE Developer option for 'com.softwinner.timerswitch' set to: 'default'
06-06 13:42:41.641 2351 2351 V GraphicsEnvironment: Neither updatable production driver nor prerelease driver is supported.
06-06 13:42:41.651 2351 2351 D NetworkSecurityConfig: No Network Security Config specified, using platform default
06-06 13:42:41.652 2351 2351 D NetworkSecurityConfig: No Network Security Config specified, using platform default
01-01 08:00:33.009 277 277 W audit : audit_lost=418 audit_rate_limit=5 audit_backlog_limit=64
01-01 08:00:33.009 277 277 E audit : rate limit exceeded
06-06 13:42:41.715 2351 2351 D TAG_AlarmReceiver: receive broadcast, curTime : 2025-06-06 13:42:41
06-06 13:42:41.715 2351 2351 D TAG_AlarmReceiver: ********receive system bootUp broadcast*********
06-06 13:42:41.746 2264 2314 I CameraManagerGlobal: Connecting to camera service
01-01 08:00:33.145 381 381 I : DVI mode selected: packets not configured
01-01 08:00:33.146 381 381 I : Error: set vsif failed
06-06 13:42:41.838 475 1349 I ActivityManager: Finished processing BOOT_COMPLETED for u0
06-06 13:42:41.839 475 1349 W BroadcastQueue: Background execution not allowed: receiving Intent { act=android.bluetooth.adapter.action.STATE_CHANGED flg=0x4000010 (has extras) } to com.dangbei.lerad.etna.haqu/com.dangbei.remotecontroller.RemoteControllerReceiver
06-06 13:42:41.842 475 538 W BroadcastQueue: Background execution not allowed: receiving Intent { act=android.bluetooth.adapter.action.STATE_CHANGED flg=0x4000010 (has extras) } to com.dangbei.lerad.etna.haqu/com.dangbei.remotecontroller.RemoteControllerReceiver
06-06 13:42:41.846 2264 2345 I UtilCommon: bluetoothMac=B4:2F:03:15:73:BD
06-06 13:42:41.846 475 538 D CompatibilityChangeReporter: Compat change id reported: 168419799; UID 10020; state: DISABLED
06-06 13:42:41.857 475 1349 I ActivityManager: Background started FGS: Allowed [callingPackage: com.dangbei.screencast; callingUid: 10020; uidState: RCVR; intent: Intent { act=com.dangbei.screencast.STARTUP pkg=com.dangbei.screencast }; code:SYSTEM_ALERT_WINDOW_PERMISSION; tempAllowListReason:; targetSdkVersion:28; callerTargetSdkVersion:28; startForegroundCount:0; bindFromPackage:null]
06-06 13:42:41.869 2264 2345 D UtilLog : key=deviceid
06-06 13:42:41.871 2264 2345 D UtilLog : values=631f6b8b431381792c72f7fa124ae672
06-06 13:42:41.872 2264 2345 D UtilLog : DesValues=bdD03qmp6YPsZnE53X1I3QKquTv+p89jDQRKO08pmckhebcphDNmYw==
06-06 13:42:41.872 2264 2345 D UtilLog :
06-06 13:42:41.872 2264 2345 D UtilLog : key=dev_uuid
06-06 13:42:41.872 2264 2345 D UtilLog : values=f8d2b870-021c-46ee-bd86-4a57f03d9897
06-06 13:42:41.872 2264 2345 D UtilLog : DesValues=BnZGtD1KS/RLVFlP5+96Vff2kzojZCxuLKgmD9Ox1v2WZI9TieOWqg==
06-06 13:42:41.872 2264 2345 D UtilLog :
06-06 13:42:41.872 2264 2345 D UtilLog : key=channel
06-06 13:42:41.872 2264 2345 D UtilLog : values=DBOS_DBBOX-A2
06-06 13:42:41.872 2264 2345 D UtilLog : DesValues=U2rMDSNEX4hlxebfMfvE5w==
06-06 13:42:41.872 2264 2345 D UtilLog :
06-06 13:42:41.872 2264 2345 D UtilLog : key=packagelist
06-06 13:42:41.873 2264 2345 D UtilLog : values=com.dangbei.lerad.rocky;com.dangbei.leard.leradlauncher;com.dangbei.zhushou.os
06-06 13:42:41.873 2264 2345 D UtilLog : DesValues=byaAjpuYP7Md9ImftnY6oL+u5Tex4kQ5jeOCkuyRk9SkGPr4UI1BJNL8hrF+2ShyB2oVVKVfAi8PlHx6PKeqfviwQR31zZWikKW1prDgGkU=
06-06 13:42:41.873 2264 2345 D UtilLog :
06-06 13:42:41.873 2264 2345 D UtilLog : key=mac
06-06 13:42:41.873 2264 2345 D UtilLog : values=20:02:FE:19:C2:18
06-06 13:42:41.873 2264 2345 D UtilLog : DesValues=nYMpcx8K3oOIymgSb8AM1ZTjz2cpZOHJ
06-06 13:42:41.873 2264 2345 D UtilLog :
06-06 13:42:41.873 2264 2345 D UtilLog : key=wifimac
06-06 13:42:41.880 2264 2345 D UtilLog : values=B4:2F:03:15:E9:47
06-06 13:42:41.880 2264 2345 D UtilLog : DesValues=GtiP38bn9GK+IsouylLOHitSLtHuZCTu
06-06 13:42:41.880 2264 2345 D UtilLog :
06-06 13:42:41.881 2264 2345 D UtilLog : key=uuid
06-06 13:42:41.882 2264 2345 D UtilLog : values=6adb103e-c9f5-4202-a5d4-eb6049d62d56
06-06 13:42:41.882 2264 2345 D UtilLog : DesValues=3b0qKqyplwRDTHUmjBqCHn4pXm8vrczCGArUfNz9qZYcLxyl6LofSQ==
06-06 13:42:41.883 2264 2345 D UtilLog :
06-06 13:42:41.883 2264 2345 D UtilLog : key=appname
06-06 13:42:41.884 2264 2345 D UtilLog : values=电视管家
06-06 13:42:41.884 2264 2345 D UtilLog : DesValues=iqL5Rox+365YgqkQrzmGew==
06-06 13:42:41.884 2264 2345 D UtilLog :
06-06 13:42:41.884 2264 2345 D UtilLog : key=packagename
06-06 13:42:41.887 475 1350 D CompatibilityChangeReporter: Compat change id reported: 168419799; UID 1000; state: DISABLED
06-06 13:42:41.889 475 1350 W ActivityManager: Foreground service started from background can not have location/camera/microphone access: service com.dangbei.screencast/.startup.StartupService
06-06 13:42:41.889 475 1350 I ActivityManager: Background started FGS: Allowed [callingPackage: com.dangbei.screencast; callingUid: 10020; uidState: FGS ; intent: Intent { act=com.dangbei.screencast.STARTUP pkg=com.dangbei.screencast }; code:PROC_STATE_FGS; tempAllowListReason:; targetSdkVersion:28; callerTargetSdkVersion:28; startForegroundCount:0; bindFromPackage:null]; startForegroundDelayMs:10135
06-06 13:42:41.891 2264 2345 D UtilLog : values=com.dangbei.zhushou.os
06-06 13:42:41.891 2264 2345 D UtilLog : DesValues=byaAjpuYP7N/v7Z6kyOIN8JduvsEBDYD
06-06 13:42:41.891 2264 2345 D UtilLog :
06-06 13:42:41.891 2264 2345 D UtilLog : key=vname
06-06 13:42:41.891 1359 1359 D RockyVoice: RestartReceiver onReceive
06-06 13:42:41.892 2264 2345 D UtilLog : values=4.0.0.0.1
06-06 13:42:41.892 2264 2345 D UtilLog : DesValues=ZmbdbetpP3xQfy8gEtIzGg==
06-06 13:42:41.892 2264 2345 D UtilLog :
06-06 13:42:41.892 2264 2345 D UtilLog : key=vcode
06-06 13:42:41.892 475 538 I ActivityManager: Deferring FGS notification in legacy app com.dangbei.screencast/u0a20 : Notification(channel=channel_record shortcut=null contentView=null vibrate=null sound=null defaults=0x0 flags=0x60 color=0x00000000 category=transport vis=PUBLIC)
06-06 13:42:41.892 2264 2345 D UtilLog : values=40001
06-06 13:42:41.892 2264 2345 D UtilLog : DesValues=xHelLudSdno=
06-06 13:42:41.892 2264 2345 D UtilLog :
06-06 13:42:41.892 2264 2345 D UtilLog : key=brand
06-06 13:42:41.893 2264 2345 D UtilLog : values=Dangbei
06-06 13:42:41.893 2264 2345 D UtilLog : DesValues=w3F/S11z4cQ=
06-06 13:42:41.893 2264 2345 D UtilLog :
06-06 13:42:41.893 2264 2345 D UtilLog : key=boxfactory
06-06 13:42:41.893 2264 2345 D UtilLog : values=Allwinner
06-06 13:42:41.893 2264 2345 D UtilLog : DesValues=Z82sBMOvjTwCcRqjeHOwaQ==
06-06 13:42:41.893 2264 2345 D UtilLog :
06-06 13:42:41.893 2264 2345 D UtilLog : key=rommodel
06-06 13:42:41.896 2264 2345 D UtilLog : values=DBBOX-A2
06-06 13:42:41.896 2264 2345 D UtilLog : DesValues=Cp0N6KH6T4JIJBzkJvj0FQ==
06-06 13:42:41.896 2264 2345 D UtilLog :
06-06 13:42:41.896 2264 2345 D UtilLog : key=cpuserial
06-06 13:42:41.896 2264 2345 D UtilLog : values=0000000000000000
06-06 13:42:41.896 2264 2345 D UtilLog : DesValues=nNQaqXf/biPbsaIvekQHd7yInvBfbZxz
06-06 13:42:41.896 2264 2345 D UtilLog :
06-06 13:42:41.896 2264 2345 D UtilLog : key=cpuimei
06-06 13:42:41.896 2264 2345 D UtilLog : values=armeabi-v7a
06-06 13:42:41.896 2264 2345 D UtilLog : DesValues=eB2sQ5wFJ4fV9rAgxgt0kQ==
06-06 13:42:41.896 2264 2345 D UtilLog :
06-06 13:42:41.896 2264 2345 D UtilLog : key=sn
06-06 13:42:41.897 2264 2345 D UtilLog : values=DZOH58251908361
06-06 13:42:41.897 2264 2345 D UtilLog : DesValues=DRq9pIo+PTzPAx5SB68iGA==
06-06 13:42:41.897 2264 2345 D UtilLog :
06-06 13:42:41.897 2264 2345 D UtilLog : key=osversion
06-06 13:42:41.903 2264 2345 D UtilLog : values=12
06-06 13:42:41.903 2264 2345 D UtilLog : DesValues=z4Vde2HU9Lg=
06-06 13:42:41.903 2264 2345 D UtilLog :
06-06 13:42:41.903 2264 2345 D UtilLog : key=oscode
06-06 13:42:41.904 2264 2345 D UtilLog : values=31
06-06 13:42:41.905 2264 2345 D UtilLog : DesValues=uYf7cxwIekI=
06-06 13:42:41.905 2264 2345 D UtilLog :
06-06 13:42:41.905 2264 2345 D UtilLog : key=is_write
06-06 13:42:41.905 2264 2345 D UtilLog : values=0
06-06 13:42:41.905 2264 2345 D UtilLog : DesValues=fhgfj/J6fiI=
06-06 13:42:41.905 2264 2345 D UtilLog :
06-06 13:42:41.905 2264 2345 D UtilLog : key=romvername
06-06 13:42:41.906 2264 2345 D UtilLog : values=5.0.0.8
06-06 13:42:41.906 2264 2345 D UtilLog : DesValues=muoX0tisw7w=
06-06 13:42:41.906 2264 2345 D UtilLog :
06-06 13:42:41.906 2264 2345 D UtilLog : key=romvercode
06-06 13:42:41.906 2264 2345 D UtilLog : values=5008
06-06 13:42:41.906 2264 2345 D UtilLog : DesValues=dIYzsUzoVXg=
06-06 13:42:41.906 2264 2345 D UtilLog :
06-06 13:42:41.906 2264 2345 D UtilLog : key=bluetoothmac
06-06 13:42:41.906 2264 2345 D UtilLog : values=B4:2F:03:15:73:BD
06-06 13:42:41.906 2264 2345 D UtilLog : DesValues=GtiP38bn9GKkzbNsD4jfhHza1kUMPZif
06-06 13:42:41.906 2264 2345 D UtilLog :
06-06 13:42:41.906 2264 2345 D UtilLog : key=rommodelnumber
06-06 13:42:41.907 2264 2345 D UtilLog : values=H5232
06-06 13:42:41.907 2264 2345 D UtilLog : DesValues=FkBqlkWzuas=
06-06 13:42:41.907 2264 2345 D UtilLog :
06-06 13:42:41.907 2264 2345 D UtilLog : key=userid
06-06 13:42:41.907 2264 2345 D UtilLog : values=-1
06-06 13:42:41.907 2264 2345 D UtilLog : DesValues=U8kqhGxUlIA=
06-06 13:42:41.907 2264 2345 D UtilLog :
06-06 13:42:41.907 2264 2345 D UtilLog : key=ip
06-06 13:42:41.907 2264 2345 D UtilLog : values=
06-06 13:42:41.907 2264 2345 D UtilLog : DesValues=gKen3SyYFuE=
06-06 13:42:41.907 2264 2345 D UtilLog :
06-06 13:42:41.949 1257 1257 E raop : *********************AirplayBroadcastServer+++++++++
06-06 13:42:41.963 475 617 D NsdService: New client listening to asynchronous messages
06-06 13:42:41.963 475 617 D NsdService: New client, channel: com.android.internal.util.AsyncChannel@66bf7b2 messenger: android.os.Messenger@71ce303
06-06 13:42:41.966 1257 1257 D CompatibilityChangeReporter: Compat change id reported: 191844585; UID 10020; state: DISABLED
06-06 13:42:42.022 475 1350 I ActivityManager: Background started FGS: Allowed [callingPackage: com.dangbei.screencast; callingUid: 10020; uidState: FGS ; intent: Intent { cmp=com.dangbei.screencast/.huaweicast.service.HuaweiCastService }; code:PROC_STATE_FGS; tempAllowListReason:; targetSdkVersion:28; callerTargetSdkVersion:28; startForegroundCount:0; bindFromPackage:null]
06-06 13:42:42.030 1257 1257 E H264FrameQueue: H264FrameQueue: mFullQueueCount:200
06-06 13:42:42.052 1100 1676 D wenhc : getScreenInfo uri = content://com.dangbei.screencast.parts.info/screen_cast
06-06 13:42:42.146 1359 1359 D RockyVoice: RestartReceiver onReceive
06-06 13:42:42.148 1257 1257 E HuaweiCastService: onCreate called().
06-06 13:42:42.152 475 1350 D CompatibilityChangeReporter: Compat change id reported: 135634846; UID 10029; state: DISABLED
06-06 13:42:42.152 475 1350 D CompatibilityChangeReporter: Compat change id reported: 177438394; UID 10029; state: DISABLED
06-06 13:42:42.152 475 1350 D CompatibilityChangeReporter: Compat change id reported: 135772972; UID 10029; state: DISABLED
06-06 13:42:42.152 475 1350 D CompatibilityChangeReporter: Compat change id reported: 135754954; UID 10029; state: ENABLED
06-06 13:42:42.153 475 539 D CompatibilityChangeReporter: Compat change id reported: 143937733; UID 10029; state: ENABLED
06-06 13:42:42.162 1257 1257 E PlayerClient: registerCallback com.dangbei.screencast.huaweicast.service.HuaweiCastService$a@be936f3
06-06 13:42:42.162 1257 1257 D PlayerClient: registerCallback true
06-06 13:42:42.162 1257 1257 D PlayerClient: init.
06-06 13:42:42.165 1257 1257 W KIT_FWK_a: KitFwk is not installed, pls do not use related interfaces.
06-06 13:42:42.170 1257 1257 W KIT_FWK_a: KitFwk is not installed, pls do not use related interfaces.
06-06 13:42:42.170 1257 1257 E PlayerClient: bind player service by aar.
06-06 13:42:42.183 475 499 I WifiService: acquireMulticastLock uid=10020
06-06 13:42:42.184 243 243 D Zygote : Forked child process 2424
06-06 13:42:42.190 475 539 I ActivityManager: app.processName = com.android.externalstorage
06-06 13:42:42.190 475 539 I ActivityManager: Start proc 2424:com.android.externalstorage/u0a29 for broadcast {com.android.externalstorage/com.android.externalstorage.MountReceiver}
06-06 13:42:42.193 475 499 I WifiService: acquireMulticastLock uid=10020
06-06 13:42:42.204 2424 2424 I Zygote : seccomp disabled by setenforce 0
06-06 13:42:42.291 396 407 I adbd : jdwp connection from 2424
06-06 13:42:42.298 1257 1257 D PlayerClient: bind player sink service true
06-06 13:42:42.301 475 749 W ActivityManager: Foreground service started from background can not have location/camera/microphone access: service com.dangbei.screencast/.huaweicast.service.HuaweiCastService
06-06 13:42:42.306 1257 1257 E HuaweiCastService: startForeground!
06-06 13:42:42.318 1257 1257 E HuaweiCastService: onStartCommand in 0
06-06 13:42:42.325 1257 1281 I gbei.screencas: Background concurrent copying GC freed 14489(1308KB) AllocSpace objects, 6(184KB) LOS objects, 49% free, 4182KB/8364KB, paused 130us total 240.409ms
01-01 08:00:33.678 381 381 I : DVI mode selected: packets not configured
01-01 08:00:33.678 381 381 I : Error: set vsif failed
06-06 13:42:42.339 475 749 D CompatibilityChangeReporter: Compat change id reported: 168419799; UID 10029; state: DISABLED
06-06 13:42:42.340 2264 2433 I System.out: true
06-06 13:42:42.351 1257 1257 D HiSight-SinkService: onCreate.
06-06 13:42:42.354 1257 1257 D HiSight-ConnectionManager: start ConnectionManager
06-06 13:42:42.367 1257 1257 D HiSight-SinkService: onBind.
06-06 13:42:42.379 2424 2424 D CompatibilityChangeReporter: Compat change id reported: 171979766; UID 10029; state: ENABLED
06-06 13:42:42.381 1257 1257 D PlayerClient: service connected.
06-06 13:42:42.381 1257 1257 D HiSight-SinkService: ITaskBinder registerCallback: true
06-06 13:42:42.382 1257 1257 D HiSight-HiSightManager: ITaskBinder registerCallback.
06-06 13:42:42.382 1257 1257 D HiSight-CallbackManager: addNewCallback. com.dangbei.screencast.huaweicast.service.HuaweiCastService$a@be936f3
06-06 13:42:42.383 1257 1257 E HuaweiCastService: eventId: 4001
06-06 13:42:42.387 1257 1257 E HuaweiCastService: mPlayerClient is null.
06-06 13:42:42.388 1257 1257 D HiSight-HiSightManager: check capability vbr range not setting, using default value
06-06 13:42:42.388 1257 1257 E HuaweiCastService: mPlayerClient is null.
06-06 13:42:42.389 1257 1257 D HiSight-SinkService: setAuthMode
06-06 13:42:42.389 1257 1257 W HiSight-ConnectionManager: mSinkId is empty
06-06 13:42:42.390 475 519 W IorapForwardingService: No service published for: iorapd
06-06 13:42:42.406 1100 1110 I d.leradlaunche: Background young concurrent copying GC freed 75851(5146KB) AllocSpace objects, 153(4732KB) LOS objects, 14% free, 22MB/26MB, paused 6.521ms total 896.422ms
06-06 13:42:42.453 2424 2424 V GraphicsEnvironment: ANGLE Developer option for 'com.android.externalstorage' set to: 'default'
06-06 13:42:42.453 2424 2424 V GraphicsEnvironment: Neither updatable production driver nor prerelease driver is supported.
06-06 13:42:42.455 2424 2424 D NetworkSecurityConfig: No Network Security Config specified, using platform default
06-06 13:42:42.455 2424 2424 D NetworkSecurityConfig: No Network Security Config specified, using platform default
06-06 13:42:42.468 2424 2424 D ExternalStorage: After updating volumes, found 1 active roots
06-06 13:42:42.470 2264 2315 I System.out: true
06-06 13:42:42.477 2424 2424 D ExternalStorage: After updating volumes, found 1 active roots
06-06 13:42:42.489 835 835 E DiskReceiver: Missing fsUuid, not launching activity.
06-06 13:42:42.491 475 749 I ActivityManager: com.tv.filemanager.os is exempt from freezer
06-06 13:42:42.491 475 749 D CompatibilityChangeReporter: Compat change id reported: 135634846; UID 10039; state: DISABLED
06-06 13:42:42.491 475 749 D CompatibilityChangeReporter: Compat change id reported: 177438394; UID 10039; state: DISABLED
06-06 13:42:42.491 475 749 D CompatibilityChangeReporter: Compat change id reported: 135772972; UID 10039; state: DISABLED
06-06 13:42:42.491 475 749 D CompatibilityChangeReporter: Compat change id reported: 135754954; UID 10039; state: DISABLED
06-06 13:42:42.492 475 539 D CompatibilityChangeReporter: Compat change id reported: 143937733; UID 10039; state: DISABLED
06-06 13:42:42.509 243 243 D Zygote : Forked child process 2460
06-06 13:42:42.515 475 539 I ActivityManager: app.processName = com.tv.filemanager.os
06-06 13:42:42.515 475 539 I ActivityManager: Start proc 2460:com.tv.filemanager.os/u0a39 for broadcast {com.tv.filemanager.os/com.dangbei.lerad.filemanager.receives.USBReceiver}
06-06 13:42:42.518 2460 2460 I Zygote : seccomp disabled by setenforce 0
06-06 13:42:42.541 396 407 I adbd : jdwp connection from 2460
06-06 13:42:42.566 475 749 D CompatibilityChangeReporter: Compat change id reported: 168419799; UID 10039; state: DISABLED
06-06 13:42:42.572 1992 1992 I rainbow_flow: type=1400 audit(0.0:972): avc: denied { ioctl } for path="/dev/spidev1.0" dev="tmpfs" ino=5830 ioctlcmd=0x6b00 scontext=u:r:init:s0 tcontext=u:object_r:device:s0 tclass=chr_file permissive=1
06-06 13:42:42.576 2460 2460 D CompatibilityChangeReporter: Compat change id reported: 171979766; UID 10039; state: DISABLED
06-06 13:42:42.585 2460 2460 D ApplicationLoaders: Returning zygote-cached class loader: /system/framework/android.test.base.jar
06-06 13:42:42.672 263 263 I EventThread: type=1400 audit(0.0:973): avc: denied { search } for name="extcon" dev="sysfs" ino=18109 scontext=u:r:hal_tv_cec_default:s0 tcontext=u:object_r:sysfs_extcon:s0 tclass=dir permissive=1
06-06 13:42:42.688 2264 2275 W System : A resource failed to call close.
06-06 13:42:42.748 2460 2460 V GraphicsEnvironment: ANGLE Developer option for 'com.tv.filemanager.os' set to: 'default'
06-06 13:42:42.748 2460 2460 V GraphicsEnvironment: Neither updatable production driver nor prerelease driver is supported.
06-06 13:42:42.750 2460 2460 D NetworkSecurityConfig: No Network Security Config specified, using platform default
06-06 13:42:42.751 2460 2460 D NetworkSecurityConfig: No Network Security Config specified, using platform default
06-06 13:42:42.753 2460 2460 I MultiDex: VM with version 2.1.0 has multidex support
06-06 13:42:42.753 2460 2460 I MultiDex: Installing application
06-06 13:42:42.753 2460 2460 I MultiDex: VM has multidex support, MultiDex support library is disabled.
06-06 13:42:42.796 2460 2460 I MultiDex: Installing application
06-06 13:42:42.796 2460 2460 I MultiDex: VM has multidex support, MultiDex support library is disabled.
06-06 13:42:42.799 2460 2460 W .filemanager.o: Accessing hidden field Landroid/app/ActivityThread;->mHiddenApiWarningShown:Z (max-target-o, reflection, denied)
06-06 13:42:42.800 2460 2460 W System.err: java.lang.NoSuchFieldException: No field mHiddenApiWarningShown in class Landroid/app/ActivityThread; (declaration of 'android.app.ActivityThread' appears in /system/framework/framework.jar)
06-06 13:42:42.800 2460 2460 W System.err: at java.lang.Class.getDeclaredField(Native Method)
06-06 13:42:42.800 2460 2460 W System.err: at com.dangbei.lerad.filemanager.application.App.disableAPIDialog(App.java:166)
06-06 13:42:42.800 2460 2460 W System.err: at com.dangbei.lerad.filemanager.application.App.onCreate(App.java:95)
06-06 13:42:42.800 2460 2460 W System.err: at android.app.Instrumentation.callApplicationOnCreate(Instrumentation.java:1211)
06-06 13:42:42.800 2460 2460 W System.err: at android.app.ActivityThread.handleBindApplication(ActivityThread.java:6740)
06-06 13:42:42.800 2460 2460 W System.err: at android.app.ActivityThread.access$1500(ActivityThread.java:247)
06-06 13:42:42.800 2460 2460 W System.err: at android.app.ActivityThread$H.handleMessage(ActivityThread.java:2053)
06-06 13:42:42.800 2460 2460 W System.err: at android.os.Handler.dispatchMessage(Handler.java:106)
06-06 13:42:42.800 2460 2460 W System.err: at android.os.Looper.loopOnce(Looper.java:201)
06-06 13:42:42.800 2460 2460 W System.err: at android.os.Looper.loop(Looper.java:288)
06-06 13:42:42.800 2460 2460 W System.err: at android.app.ActivityThread.main(ActivityThread.java:7854)
06-06 13:42:42.800 2460 2460 W System.err: at java.lang.reflect.Method.invoke(Native Method)
06-06 13:42:42.800 2460 2460 W System.err: at com.android.internal.os.RuntimeInit$MethodAndArgsCaller.run(RuntimeInit.java:548)
06-06 13:42:42.800 2460 2460 W System.err: at com.android.internal.os.ZygoteInit.main(ZygoteInit.java:1182)
06-06 13:42:42.847 2460 2460 E ActivityThread: Failed to find provider info for lerad.provider.etna
06-06 13:42:42.894 2460 2460 D USBReceiver: usb > onReceive: action = android.intent.action.MEDIA_MOUNTED
06-06 13:42:42.898 1100 1676 E hq : ErrorCoroutineExceptionHandler:::runTry error:com.dangbei.leard.base.proider.error.EmptyApiException: 数据为空 from=requestMessageDialog from=requestMessageDialog
06-06 13:42:42.940 475 749 I ActivityManager: Killing 1069:com.android.traceur/u0a13 (adj 975): empty #17
06-06 13:42:42.987 243 243 I Zygote : Process 1069 exited due to signal 9 (Killed)
06-06 13:42:42.990 475 540 I libprocessgroup: Successfully killed process cgroup uid 10013 pid 1069 in 43ms
06-06 13:42:43.042 475 1350 I ActivityManager: com.oranth.usbopenft is exempt from freezer
06-06 13:42:43.044 475 1350 D CompatibilityChangeReporter: Compat change id reported: 135634846; UID 1000; state: DISABLED
06-06 13:42:43.056 1257 1257 I CrashSDKNormalH: type=1400 audit(0.0:974): avc: denied { open } for path="/data/user/0/com.dangbei.screencast/crashsdk/tags/dt.wa" dev="mmcblk0p25" ino=2270 scontext=u:r:platform_app:s0:c512,c768 tcontext=u:object_r:app_data_file:s0:c512,c768 tclass=file permissive=1 app=com.dangbei.screencast
06-06 13:42:43.068 1257 1257 I CrashSDKNormalH: type=1400 audit(0.0:975): avc: denied { lock } for path="/data/user/0/com.dangbei.screencast/crashsdk/tags/dt.wa" dev="mmcblk0p25" ino=2270 scontext=u:r:platform_app:s0:c512,c768 tcontext=u:object_r:app_data_file:s0:c512,c768 tclass=file permissive=1 app=com.dangbei.screencast
06-06 13:42:43.071 1043 1424 I MediaProvider: Begin Intent { act=android.intent.action.MEDIA_MOUNTED dat=file:///storage/emulated/0 flg=0x5000010 cmp=com.android.providers.media.module/com.android.providers.media.MediaService (has extras) }
06-06 13:42:43.072 1043 1424 I MediaProvider: Volume MediaVolume name: [external_primary] id: [emulated;0] user: [UserHandle{0}] path: [/storage/emulated/0] already attached
06-06 13:42:43.072 1043 1424 I MediaProvider: End Intent { act=android.intent.action.MEDIA_MOUNTED dat=file:///storage/emulated/0 flg=0x5000010 cmp=com.android.providers.media.module/com.android.providers.media.MediaService (has extras) }
06-06 13:42:43.080 243 243 D Zygote : Forked child process 2493
06-06 13:42:43.087 475 539 I ActivityManager: app.processName = com.oranth.usbopenft
06-06 13:42:43.087 475 539 I ActivityManager: Start proc 2493:com.oranth.usbopenft/1000 for broadcast {com.oranth.usbopenft/com.oranth.usbopenft.UsbReceiver}
06-06 13:42:43.089 2493 2493 I Zygote : seccomp disabled by setenforce 0
06-06 13:42:43.120 396 407 I adbd : jdwp connection from 2493
06-06 13:42:43.133 1100 1676 E hq : Etna:::getFindLookupControllerState isConnect=true
