06-06 13:42:24.345 475 475 I SystemServiceManager: Starting com.android.server.PersistentDataBlockService
06-06 13:42:24.346 475 573 I SystemServerTimingAsync: InitThreadPoolExec:PersistentDataBlockService.onStart
06-06 13:42:24.346 475 573 D SystemServerInitThreadPool: Started executing PersistentDataBlockService.onStart
06-06 13:42:24.347 475 475 I SystemServerTiming: StartTestHarnessMode
06-06 13:42:24.347 475 475 I SystemServiceManager: Starting com.android.server.testharness.TestHarnessModeService
06-06 13:42:24.349 475 475 I SystemServerTiming: StartOemLockService
06-06 13:42:24.350 307 307 D XiriService: check file name: /data/data/com.dangbei.zhushou.os/lib
06-06 13:42:24.350 307 307 D XiriService: check file name: /data/data/com.dangbei.zhushou.os/lib
06-06 13:42:24.350 307 307 D XiriService: check file name: /data/data/com.dangbei.zhushou.os/lib
06-06 13:42:24.350 307 307 D XiriService: check file name: /data/data/com.dangbei.zhushou.os/lib
06-06 13:42:24.349 475 475 I SystemServiceManager: Starting com.android.server.oemlock.OemLockService
06-06 13:42:24.354 181 181 I hwservicemanager: getTransport: Cannot find entry android.hardware.oemlock@1.0::IOemLock/default in either framework or device VINTF manifest.
06-06 13:42:24.354 475 475 I OemLock : OemLock HAL not present on device
06-06 13:42:24.355 475 475 I OemLock : Using persistent data block based lock
06-06 13:42:24.356 475 475 I SystemServerTiming: StartDeviceIdleController
06-06 13:42:24.356 475 475 I SystemServiceManager: Starting com.android.server.DeviceIdleController
06-06 13:42:24.356 307 307 D XiriService: check file name: /data/data/com.dangbei.zhushou.os/lib
06-06 13:42:24.356 307 307 D XiriService: check file name: /data/data/com.dangbei.zhushou.os/lib
06-06 13:42:24.357 307 307 D XiriService: check file name: /data/data/com.dangbei.zhushou.os/lib
06-06 13:42:24.357 307 307 D XiriService: check file name: /data/data/com.dangbei.zhushou.os/lib
06-06 13:42:24.362 475 475 I SystemServerTiming: StartDevicePolicyManager
06-06 13:42:24.363 475 475 I SystemServiceManager: Starting com.android.server.devicepolicy.DevicePolicyManagerService$Lifecycle
06-06 13:42:24.368 475 573 D SystemServerInitThreadPool: Finished executing PersistentDataBlockService.onStart
06-06 13:42:24.377 475 475 I SystemServerTiming: StartStatusBarManagerService
06-06 13:42:24.379 475 475 D SystemServer: MusicRecognitionManagerService not defined by OEM or disabled by flag
06-06 13:42:24.380 475 475 D SystemServer: ContentCaptureService disabled because resource is not overlaid
06-06 13:42:24.380 475 475 D SystemServer: AttentionService is not configured on this device
06-06 13:42:24.380 475 475 D SystemServer: RotationResolverService is not configured on this device
06-06 13:42:24.380 475 475 D SystemServer: SystemCaptionsManagerService disabled because resource is not overlaid
06-06 13:42:24.380 475 475 I SystemServerTiming: StartTextToSpeechManagerService
06-06 13:42:24.380 475 475 I SystemServiceManager: Starting com.android.server.texttospeech.TextToSpeechManagerService
06-06 13:42:24.384 475 475 I SystemServerTiming: StartSpeechRecognitionManagerService
06-06 13:42:24.385 475 475 I SystemServiceManager: Starting com.android.server.speech.SpeechRecognitionManagerService
06-06 13:42:24.388 475 475 D SystemServer: AppPredictionService not defined by OEM
06-06 13:42:24.388 475 475 D SystemServer: ContentSuggestionsService not defined by OEM
06-06 13:42:24.388 475 475 I SystemServerTiming: StartSearchUiService
06-06 13:42:24.388 475 475 I SystemServiceManager: Starting com.android.server.searchui.SearchUiManagerService
06-06 13:42:24.390 307 307 D XiriService: check file name: /data/data/com.sohu.inputmethod.sogou.tv/lib
06-06 13:42:24.388 307 307 I xiriservice_All: type=1400 audit(0.0:305): avc: denied { search } for name="com.sohu.inputmethod.sogou.tv" dev="mmcblk0p25" ino=1409 scontext=u:r:init:s0 tcontext=u:object_r:app_data_file:s0:c48,c256,c512,c768 tclass=dir permissive=1
06-06 13:42:24.391 307 307 D XiriService: check file name: /data/data/com.sohu.inputmethod.sogou.tv/lib
06-06 13:42:24.391 475 475 I SystemServerTiming: StartSmartspaceService
06-06 13:42:24.391 475 475 I SystemServiceManager: Starting com.android.server.smartspace.SmartspaceManagerService
06-06 13:42:24.391 307 307 D XiriService: check file name: /data/data/com.sohu.inputmethod.sogou.tv/lib
06-06 13:42:24.388 307 307 I xiriservice_All: type=1400 audit(0.0:306): avc: denied { read } for name="lib" dev="mmcblk0p25" ino=54881 scontext=u:r:init:s0 tcontext=u:object_r:app_data_file:s0:c48,c256,c512,c768 tclass=lnk_file permissive=1
06-06 13:42:24.391 307 307 D XiriService: check file name: /data/data/com.sohu.inputmethod.sogou.tv/lib
06-06 13:42:24.393 475 475 I SystemServerTiming: InitConnectivityModuleConnector
06-06 13:42:24.393 475 475 D ConnectivityModuleConnector: Network stack init
06-06 13:42:24.399 307 307 D XiriService: check file name: /data/data/com.sohu.inputmethod.sogou.tv/lib
06-06 13:42:24.399 307 307 D XiriService: check file name: /data/data/com.sohu.inputmethod.sogou.tv/lib
06-06 13:42:24.399 307 307 D XiriService: check file name: /data/data/com.sohu.inputmethod.sogou.tv/lib
06-06 13:42:24.399 475 475 I SystemServerTiming: InitNetworkStackClient
06-06 13:42:24.400 307 307 D XiriService: check file name: /data/data/com.sohu.inputmethod.sogou.tv/lib
06-06 13:42:24.401 475 475 I SystemServerTiming: StartNetworkManagementService
06-06 13:42:24.410 475 475 I SystemServerTiming: StartIpSecService
06-06 13:42:24.414 475 475 I SystemServerTiming: StartTextServicesManager
06-06 13:42:24.415 475 516 I SystemServerTimingAsync: InitThreadPoolExec:START_FONT_MANAGER_SERVICE
06-06 13:42:24.415 475 475 I SystemServiceManager: Starting com.android.server.textservices.TextServicesManagerService$Lifecycle
06-06 13:42:24.415 475 516 D SystemServerInitThreadPool: Started executing START_FONT_MANAGER_SERVICE
06-06 13:42:24.415 475 516 I SystemServerTimingAsync: START_FONT_MANAGER_SERVICE
06-06 13:42:24.416 475 475 I SystemServerTiming: StartTextClassificationManagerService
06-06 13:42:24.416 475 475 I SystemServiceManager: Starting com.android.server.textclassifier.TextClassificationManagerService$Lifecycle
06-06 13:42:24.420 475 475 I SystemServerTiming: StartNetworkScoreService
06-06 13:42:24.420 475 475 I SystemServiceManager: Starting com.android.server.NetworkScoreService$Lifecycle
06-06 13:42:24.421 475 475 I NetworkScoreService: Registering network_score
06-06 13:42:24.425 475 475 I SystemServerTiming: StartNetworkStatsService
06-06 13:42:24.432 475 475 I SystemServerTiming: StartNetworkPolicyManagerService
06-06 13:42:24.444 475 475 I SystemServerTiming: StartWifi
06-06 13:42:24.445 307 307 D XiriService: check file name: /data/data/com.oranth.ledstatus/lib
06-06 13:42:24.445 307 307 D XiriService: check file name: /data/data/com.oranth.ledstatus/lib
06-06 13:42:24.446 307 307 D XiriService: check file name: /data/data/com.oranth.ledstatus/lib
06-06 13:42:24.452 307 307 D XiriService: check file name: /data/data/com.oranth.ledstatus/lib
06-06 13:42:24.453 307 307 D XiriService: check file name: /data/data/com.oranth.ledstatus/lib
06-06 13:42:24.453 307 307 D XiriService: check file name: /data/data/com.oranth.ledstatus/lib
06-06 13:42:24.454 307 307 D XiriService: check file name: /data/data/com.oranth.ledstatus/lib
06-06 13:42:24.455 307 307 D XiriService: check file name: /data/data/com.dangbei.lerad.videoposter/lib
06-06 13:42:24.455 307 307 D XiriService: check file name: /data/data/com.dangbei.lerad.videoposter/lib
06-06 13:42:24.455 307 307 D XiriService: check file name: /data/data/com.dangbei.lerad.videoposter/lib
06-06 13:42:24.456 307 307 D XiriService: check file name: /data/data/com.dangbei.lerad.videoposter/lib
06-06 13:42:24.464 307 307 D XiriService: check file name: /data/data/com.dangbei.lerad.videoposter/lib
06-06 13:42:24.477 475 475 I SystemServiceManager: Starting com.android.server.wifi.WifiService
06-06 13:42:24.486 307 307 D XiriService: check file name: /data/data/com.android.networkstack/lib
06-06 13:42:24.484 307 307 I xiriservice_All: type=1400 audit(0.0:307): avc: denied { read } for name="lib" dev="mmcblk0p25" ino=54645 scontext=u:r:init:s0 tcontext=u:object_r:radio_data_file:s0 tclass=lnk_file permissive=1
06-06 13:42:24.487 307 307 D XiriService: check file name: /data/data/com.android.networkstack/lib
06-06 13:42:24.488 307 307 D XiriService: check file name: /data/data/com.android.networkstack/lib
06-06 13:42:24.488 307 307 D XiriService: check file name: /data/data/com.android.networkstack/lib
06-06 13:42:24.494 307 307 D XiriService: check file name: /data/data/com.android.networkstack/lib
06-06 13:42:24.494 307 307 D XiriService: check file name: /data/data/com.android.networkstack/lib
06-06 13:42:24.495 307 307 D XiriService: check file name: /data/data/com.android.networkstack/lib
06-06 13:42:24.495 307 307 D XiriService: check file name: /data/data/com.android.networkstack/lib
06-06 13:42:24.500 475 475 I WifiContext: Found Wifi Resources APK at: com.android.wifi.resources
06-06 13:42:24.509 475 475 V NetworkScoreManager: registerNetworkScoreCallback: callback=com.android.server.wifi.WifiNetworkScoreCache@d2fc458, executor=com.android.wifi.x.android.os.HandlerExecutor@f3999b1
06-06 13:42:24.534 475 475 D ScanMetrics: Settings package: com.android.tv.settings
06-06 13:42:24.534 475 475 E ScanMetrics: Can't get GMS uid
06-06 13:42:24.558 475 475 I WifiCoexManager: Default coex algorithm is disabled.
06-06 13:42:24.562 243 243 W Zygote : Class not found for preloading: android.view.SurfaceView$2
06-06 13:42:24.597 307 307 D XiriService: check file name: /data/data/com.dangbei.screencast/lib
06-06 13:42:24.598 307 307 D XiriService: check file name: /data/data/com.dangbei.screencast/lib
06-06 13:42:24.599 307 307 D XiriService: check file name: /data/data/com.dangbei.screencast/lib
06-06 13:42:24.599 307 307 D XiriService: check file name: /data/data/com.dangbei.screencast/lib
06-06 13:42:24.614 307 307 D XiriService: check file name: /data/data/com.dangbei.screencast/lib
06-06 13:42:24.616 475 475 D WifiOpenNetworkNotifier: Settings toggle enabled=true
06-06 13:42:24.626 475 475 D WifiNl80211Manager: registerCountryCodeEventListener called
06-06 13:42:24.627 364 364 I wificond: New wificond event callback registered
06-06 13:42:24.627 475 475 D WifiCountryCode: Default country code from system property ro.boot.wificountrycode is CN
06-06 13:42:24.638 475 475 D WakeupController: WifiWake enabled
06-06 13:42:24.638 307 307 D XiriService: check file name: /data/data/com.dangbei.leard.leradlauncher/lib
06-06 13:42:24.638 307 307 D XiriService: check file name: /data/data/com.dangbei.leard.leradlauncher/lib
06-06 13:42:24.639 307 307 D XiriService: check file name: /data/data/com.dangbei.leard.leradlauncher/lib
06-06 13:42:24.639 307 307 D XiriService: check file name: /data/data/com.dangbei.leard.leradlauncher/lib
06-06 13:42:24.642 475 475 V HistoricalRegistry: Interaction before persistence initialized
06-06 13:42:24.650 307 307 D XiriService: check file name: /data/data/com.dangbei.leard.leradlauncher/lib
06-06 13:42:24.650 307 307 D XiriService: check file name: /data/data/com.dangbei.leard.leradlauncher/lib
06-06 13:42:24.650 307 307 D XiriService: check file name: /data/data/com.dangbei.leard.leradlauncher/lib
06-06 13:42:24.650 307 307 D XiriService: check file name: /data/data/com.dangbei.leard.leradlauncher/lib
06-06 13:42:24.651 475 475 I WifiService: Registering wifi
06-06 13:42:24.652 475 475 I SystemServerTiming: StartWifiScanning
06-06 13:42:24.652 475 475 I SystemServiceManager: Starting com.android.server.wifi.scanner.WifiScanningService
06-06 13:42:24.652 475 475 I WifiScanningService: Creating wifiscanner
06-06 13:42:24.659 307 307 D XiriService: check file name: /data/data/com.android.printspooler/lib
06-06 13:42:24.660 307 307 D XiriService: check file name: /data/data/com.android.printspooler/lib
06-06 13:42:24.660 307 307 D XiriService: check file name: /data/data/com.android.printspooler/lib
06-06 13:42:24.660 475 475 I WifiScanningService: Publishing wifiscanner
06-06 13:42:24.656 307 307 I xiriservice_All: type=1400 audit(0.0:308): avc: denied { search } for name="com.android.printspooler" dev="mmcblk0p25" ino=933 scontext=u:r:init:s0 tcontext=u:object_r:app_data_file:s0:c51,c256,c512,c768 tclass=dir permissive=1
06-06 13:42:24.656 307 307 I xiriservice_All: type=1400 audit(0.0:309): avc: denied { read } for name="lib" dev="mmcblk0p25" ino=54893 scontext=u:r:init:s0 tcontext=u:object_r:app_data_file:s0:c51,c256,c512,c768 tclass=lnk_file permissive=1
06-06 13:42:24.662 475 475 I SystemServerTiming: StartWifiP2P
06-06 13:42:24.662 475 475 I SystemServiceManager: Starting com.android.server.wifi.p2p.WifiP2pService
06-06 13:42:24.672 307 307 D XiriService: check file name: /data/data/com.android.printspooler/lib
06-06 13:42:24.673 307 307 D XiriService: check file name: /data/data/com.android.printspooler/lib
06-06 13:42:24.673 307 307 D XiriService: check file name: /data/data/com.android.printspooler/lib
06-06 13:42:24.673 307 307 D XiriService: check file name: /data/data/com.android.printspooler/lib
06-06 13:42:24.679 475 475 I WifiP2pService: Registering wifip2p
06-06 13:42:24.681 475 475 I SystemServerTiming: StartEthernet
06-06 13:42:24.681 307 307 D XiriService: check file name: /data/data/com.android.webview/lib
06-06 13:42:24.680 307 307 I xiriservice_All: type=1400 audit(0.0:310): avc: denied { search } for name="com.android.webview" dev="mmcblk0p25" ino=951 scontext=u:r:init:s0 tcontext=u:object_r:app_data_file:s0:c60,c256,c512,c768 tclass=dir permissive=1
06-06 13:42:24.680 307 307 I xiriservice_All: type=1400 audit(0.0:311): avc: denied { read } for name="lib" dev="mmcblk0p25" ino=54651 scontext=u:r:init:s0 tcontext=u:object_r:app_data_file:s0:c60,c256,c512,c768 tclass=lnk_file permissive=1
06-06 13:42:24.682 307 307 D XiriService: check file name: /data/data/com.android.webview/lib
06-06 13:42:24.683 307 307 D XiriService: check file name: /data/data/com.android.webview/lib
06-06 13:42:24.683 307 307 D XiriService: check file name: /data/data/com.android.webview/lib
06-06 13:42:24.683 475 475 I SystemServiceManager: Starting com.android.server.ethernet.EthernetService
06-06 13:42:24.684 475 475 I EthernetService: Registering service ethernet
06-06 13:42:24.685 475 475 I SystemServerTiming: StartPacProxyService
06-06 13:42:24.688 243 477 I zygote : Background young concurrent copying GC freed 27076(1184KB) AllocSpace objects, 0(0B) LOS objects, 29% free, 2649KB/3764KB, paused 94us total 113.772ms
06-06 13:42:24.689 475 475 I SystemServerTiming: StartPppoe
06-06 13:42:24.690 307 307 D XiriService: check file name: /data/data/com.android.webview/lib
06-06 13:42:24.690 307 307 D XiriService: check file name: /data/data/com.android.webview/lib
06-06 13:42:24.690 475 475 I SystemServiceManager: Starting com.android.server.pppoe.PppoeService
06-06 13:42:24.690 307 307 D XiriService: check file name: /data/data/com.android.webview/lib
06-06 13:42:24.691 307 307 D XiriService: check file name: /data/data/com.android.webview/lib
06-06 13:42:24.691 475 475 I PppoeServiceImpl: Creating PppoeServiceImpl
06-06 13:42:24.702 475 475 I PppoeService: Registering service pppoe
06-06 13:42:24.703 475 475 I SystemServerTiming: StartConnectivityService
06-06 13:42:24.703 307 307 D XiriService: check file name: /data/data/com.android.bips/lib
06-06 13:42:24.717 307 307 D XiriService: check file name: /data/data/com.android.bips/lib
06-06 13:42:24.718 307 307 D XiriService: check file name: /data/data/com.oranth.inputmacsn/lib
06-06 13:42:24.718 307 307 D XiriService: check file name: /data/data/com.oranth.inputmacsn/lib
06-06 13:42:24.718 475 516 D SystemServerInitThreadPool: Finished executing START_FONT_MANAGER_SERVICE
06-06 13:42:24.718 307 307 D XiriService: check file name: /data/data/com.oranth.inputmacsn/lib
06-06 13:42:24.718 307 307 D XiriService: check file name: /data/data/com.oranth.inputmacsn/lib
06-06 13:42:24.723 475 475 I SystemServiceManager: Starting com.android.server.ConnectivityServiceInitializer
06-06 13:42:24.724 307 307 D XiriService: check file name: /data/data/com.oranth.inputmacsn/lib
06-06 13:42:24.725 307 307 D XiriService: check file name: /data/data/com.oranth.inputmacsn/lib
06-06 13:42:24.725 307 307 D XiriService: check file name: /data/data/com.oranth.inputmacsn/lib
06-06 13:42:24.725 307 307 D XiriService: check file name: /data/data/com.oranth.inputmacsn/lib
06-06 13:42:24.742 307 307 D XiriService: check file name: /data/data/com.android.keychain/lib
06-06 13:42:24.742 307 307 D XiriService: check file name: /data/data/com.android.keychain/lib
06-06 13:42:24.742 307 307 D XiriService: check file name: /data/data/com.android.keychain/lib
06-06 13:42:24.743 307 307 D XiriService: check file name: /data/data/com.android.keychain/lib
06-06 13:42:24.752 307 307 D XiriService: check file name: /data/data/com.android.keychain/lib
06-06 13:42:24.752 307 307 D XiriService: check file name: /data/data/com.android.keychain/lib
06-06 13:42:24.752 307 307 D XiriService: check file name: /data/data/com.android.keychain/lib
06-06 13:42:24.752 307 307 D XiriService: check file name: /data/data/com.android.keychain/lib
06-06 13:42:24.753 475 475 D ConnectivityService: ConnectivityService starting up
06-06 13:42:24.756 475 475 D pppoeNRI:: uid/pid:1000/475 activeRequest: null callbackRequest: 5 [NetworkRequest [ REQUEST id=5, [ Transports: PPPOE Capabilities: INTERNET&NOT_RESTRICTED&TRUSTED&NOT_VPN&NOT_VCN_MANAGED RequestorUid: 1000 RequestorPkg: android] ]] callback flags: 1 priority: 2147483647
06-06 13:42:24.756 392 392 I update_engine: [INFO:cleanup_previous_update_action.cc(112)] Executing task 4
06-06 13:42:24.758 392 392 I update_engine: [INFO:cleanup_previous_update_action.cc(124)] CleanupPreviousUpdateAction scheduled task ID 5 for WaitBootCompleted
06-06 13:42:24.763 475 475 E TAG : Exception = android.content.pm.PackageManager$NameNotFoundException: android.telephony.cts
06-06 13:42:24.763 475 475 E TAG : Exception = android.content.pm.PackageManager$NameNotFoundException: android.net.cts
06-06 13:42:24.767 307 307 D XiriService: check file name: /data/data/com.android.localtransport/lib
06-06 13:42:24.767 307 307 D XiriService: check file name: /data/data/com.android.localtransport/lib
06-06 13:42:24.768 307 307 D XiriService: check file name: /data/data/com.android.localtransport/lib
06-06 13:42:24.768 307 307 D XiriService: check file name: /data/data/com.android.localtransport/lib
06-06 13:42:24.775 307 307 D XiriService: check file name: /data/data/com.android.localtransport/lib
06-06 13:42:24.775 307 307 D XiriService: check file name: /data/data/com.android.localtransport/lib
06-06 13:42:24.775 307 307 D XiriService: check file name: /data/data/com.android.localtransport/lib
06-06 13:42:24.775 307 307 D XiriService: check file name: /data/data/com.android.localtransport/lib
06-06 13:42:24.776 307 307 D XiriService: check file name: /data/data/com.android.packageinstaller/lib
06-06 13:42:24.776 307 307 D XiriService: check file name: /data/data/com.android.packageinstaller/lib
06-06 13:42:24.777 307 307 D XiriService: check file name: /data/data/com.android.packageinstaller/lib
06-06 13:42:24.777 307 307 D XiriService: check file name: /data/data/com.android.packageinstaller/lib
06-06 13:42:24.783 307 307 D XiriService: check file name: /data/data/com.android.packageinstaller/lib
06-06 13:42:24.783 307 307 D XiriService: check file name: /data/data/com.android.packageinstaller/lib
06-06 13:42:24.783 307 307 D XiriService: check file name: /data/data/com.android.packageinstaller/lib
06-06 13:42:24.783 307 307 D XiriService: check file name: /data/data/com.android.packageinstaller/lib
06-06 13:42:24.788 475 475 D CompatibilityChangeReporter: Compat change id reported: 182478738; UID 1000; state: ENABLED
06-06 13:42:24.797 475 475 I ConnectivityServiceInitializer: Registering connectivity
06-06 13:42:24.799 475 475 I SystemServerTiming: StartVpnManagerService
06-06 13:42:24.800 307 307 D XiriService: check file name: /data/data/com.oranth.usbopenft/lib
06-06 13:42:24.800 307 307 D XiriService: check file name: /data/data/com.oranth.usbopenft/lib
06-06 13:42:24.801 307 307 D XiriService: check file name: /data/data/com.oranth.usbopenft/lib
06-06 13:42:24.801 307 307 D XiriService: check file name: /data/data/com.oranth.usbopenft/lib
06-06 13:42:24.803 475 475 D VpnManagerService: VpnManagerService starting up
06-06 13:42:24.803 475 475 I SystemServerTiming: StartVcnManagementService
06-06 13:42:24.807 307 307 D XiriService: check file name: /data/data/com.oranth.usbopenft/lib
06-06 13:42:24.808 307 307 D XiriService: check file name: /data/data/com.oranth.usbopenft/lib
06-06 13:42:24.808 475 475 I SystemServerTiming: StartNsdService
06-06 13:42:24.808 307 307 D XiriService: check file name: /data/data/com.android.networkstack.tethering/lib
06-06 13:42:24.808 307 307 D XiriService: check file name: /data/data/com.android.networkstack.tethering/lib
06-06 13:42:24.809 307 307 D XiriService: check file name: /data/data/com.android.networkstack.tethering/lib
06-06 13:42:24.809 475 475 D NsdService: Network service discovery is enabled
06-06 13:42:24.812 475 475 I SystemServerTiming: StartSystemUpdateManagerService
06-06 13:42:24.813 475 475 I SystemUpdateManagerService: No existing info file /data/system/system-update-info.xml
06-06 13:42:24.814 475 475 I SystemServerTiming: StartUpdateLockService
06-06 13:42:24.815 475 475 I SystemServerTiming: StartNotificationManager
06-06 13:42:24.816 475 475 I SystemServiceManager: Starting com.android.server.notification.NotificationManagerService
06-06 13:42:24.816 307 307 D XiriService: check file name: /data/data/com.android.networkstack.tethering/lib
06-06 13:42:24.816 307 307 D XiriService: check file name: /data/data/com.android.networkstack.tethering/lib
06-06 13:42:24.816 307 307 D XiriService: check file name: /data/data/com.android.networkstack.tethering/lib
06-06 13:42:24.817 307 307 D XiriService: check file name: /data/data/com.android.networkstack.tethering/lib
06-06 13:42:24.823 307 307 D XiriService: check file name: /data/data/com.dangbei.lerad.etna.haqu/lib
06-06 13:42:24.823 307 307 D XiriService: check file name: /data/data/com.dangbei.lerad.etna.haqu/lib
06-06 13:42:24.824 307 307 D XiriService: check file name: /data/data/com.dangbei.lerad.etna.haqu/lib
06-06 13:42:24.824 307 307 D XiriService: check file name: /data/data/com.dangbei.lerad.etna.haqu/lib
06-06 13:42:24.829 243 243 I Zygote : ...preloaded 7337 classes in 898ms.
06-06 13:42:24.833 307 307 D XiriService: check file name: /data/data/com.dangbei.lerad.etna.haqu/lib
06-06 13:42:24.833 307 307 D XiriService: check file name: /data/data/com.dangbei.lerad.etna.haqu/lib
06-06 13:42:24.833 307 307 D XiriService: check file name: /data/data/com.dangbei.lerad.etna.haqu/lib
06-06 13:42:24.833 307 307 D XiriService: check file name: /data/data/com.dangbei.lerad.etna.haqu/lib
06-06 13:42:24.835 475 475 D ConditionProviders.SCP: new ScheduleConditionProvider()
06-06 13:42:24.836 243 243 D ApplicationLoaders: Created zygote-cached class loader: /system/framework/android.hidl.base-V1.0-java.jar
06-06 13:42:24.841 243 243 D ApplicationLoaders: Created zygote-cached class loader: /system/framework/android.hidl.manager-V1.0-java.jar
06-06 13:42:24.845 243 243 D ApplicationLoaders: Created zygote-cached class loader: /system/framework/android.test.base.jar
06-06 13:42:24.845 243 243 I Zygote : Preloading resources...
06-06 13:42:24.857 475 475 I NotificationAssistants: Read notification assistant permissions from xml
06-06 13:42:24.858 307 307 D XiriService: check file name: /data/data/com.oranth.powerwindow/lib
06-06 13:42:24.858 307 307 D XiriService: check file name: /data/data/com.oranth.powerwindow/lib
06-06 13:42:24.859 475 475 I ConditionProviders: Read condition provider permissions from xml
06-06 13:42:24.859 307 307 D XiriService: check file name: /data/data/com.oranth.powerwindow/lib
06-06 13:42:24.859 475 475 I ConditionProviders: Read condition provider permissions from xml
06-06 13:42:24.859 307 307 D XiriService: check file name: /data/data/com.oranth.powerwindow/lib
06-06 13:42:24.859 475 475 D NotificationAssistants: Approving default notification assistant for user 0
06-06 13:42:24.860 475 475 I ConditionProviders: Allowing condition provider android.ext.services/android.ext.services.notification.Assistant (userSet: true)
06-06 13:42:24.862 243 243 W Resources: Preloaded drawable resource #0x1080286 (android:drawable/dialog_background_material) that varies with configuration!!
06-06 13:42:24.862 475 475 D CompatibilityChangeReporter: Compat change id reported: 147600208; UID 1000; state: ENABLED
06-06 13:42:24.864 475 475 D CompatibilityChangeReporter: Compat change id reported: 157233955; UID 1000; state: ENABLED
06-06 13:42:24.868 307 307 D XiriService: check file name: /data/data/com.oranth.powerwindow/lib
06-06 13:42:24.868 307 307 D XiriService: check file name: /data/data/com.oranth.powerwindow/lib
06-06 13:42:24.868 307 307 D XiriService: check file name: /data/data/com.oranth.powerwindow/lib
06-06 13:42:24.868 307 307 D XiriService: check file name: /data/data/com.oranth.powerwindow/lib
06-06 13:42:24.870 475 475 W SystemServiceManager: Service com.android.server.notification.NotificationManagerService took 52 ms in onStart
06-06 13:42:24.874 475 475 I SystemServerTiming: StartDeviceMonitor
06-06 13:42:24.874 475 475 I SystemServiceManager: Starting com.android.server.storage.DeviceStorageMonitorService
06-06 13:42:24.876 475 475 I SystemServerTiming: StartLocationManagerService
06-06 13:42:24.876 475 475 I SystemServiceManager: Starting com.android.server.location.LocationManagerService$Lifecycle
06-06 13:42:24.884 475 475 I SystemServerTiming: StartCountryDetectorService
06-06 13:42:24.885 475 475 I SystemServerTiming: StartTimeDetectorService
06-06 13:42:24.885 475 475 I SystemServiceManager: Starting com.android.server.timedetector.TimeDetectorService$Lifecycle
06-06 13:42:24.887 307 307 D XiriService: check file name: /data/data/com.android.networkstack.permissionconfig/lib
06-06 13:42:24.887 307 307 D XiriService: check file name: /data/data/com.android.networkstack.permissionconfig/lib
06-06 13:42:24.888 307 307 D XiriService: check file name: /data/data/com.android.networkstack.permissionconfig/lib
06-06 13:42:24.888 307 307 D XiriService: check file name: /data/data/com.android.networkstack.permissionconfig/lib
06-06 13:42:24.888 475 475 I SystemServerTiming: StartTimeZoneDetectorService
06-06 13:42:24.888 475 475 I SystemServiceManager: Starting com.android.server.timezonedetector.TimeZoneDetectorService$Lifecycle
06-06 13:42:24.892 475 475 I SystemServerTiming: StartLocationTimeZoneManagerService
06-06 13:42:24.892 475 475 I SystemServiceManager: Starting com.android.server.timezonedetector.location.LocationTimeZoneManagerService$Lifecycle
06-06 13:42:24.893 475 475 I SystemServerTiming: StartSearchManagerService
06-06 13:42:24.893 475 475 I SystemServiceManager: Starting com.android.server.search.SearchManagerService$Lifecycle
06-06 13:42:24.895 475 475 I SystemServerTiming: StartWallpaperManagerService
06-06 13:42:24.896 475 475 I SystemServiceManager: Starting com.android.server.wallpaper.WallpaperManagerService$Lifecycle
06-06 13:42:24.896 307 307 D XiriService: check file name: /data/data/com.android.networkstack.permissionconfig/lib
06-06 13:42:24.896 307 307 D XiriService: check file name: /data/data/com.android.networkstack.permissionconfig/lib
06-06 13:42:24.897 475 475 I SystemServerTiming: StartAudioService
06-06 13:42:24.897 475 475 I SystemServiceManager: Starting com.android.server.audio.AudioService$Lifecycle
06-06 13:42:24.897 307 307 D XiriService: check file name: /data/data/com.android.networkstack.permissionconfig/lib
06-06 13:42:24.898 307 307 D XiriService: check file name: /data/data/com.android.networkstack.permissionconfig/lib
06-06 13:42:24.905 243 243 I Zygote : ...preloaded 64 resources in 60ms.
06-06 13:42:24.907 307 307 D XiriService: check file name: /data/data/com.dangbei.lerad.screensaver/lib
06-06 13:42:24.907 307 307 D XiriService: check file name: /data/data/com.dangbei.lerad.screensaver/lib
06-06 13:42:24.904 307 307 I xiriservice_All: type=1400 audit(0.0:312): avc: denied { search } for name="com.dangbei.lerad.screensaver" dev="mmcblk0p25" ino=1185 scontext=u:r:init:s0 tcontext=u:object_r:app_data_file:s0:c36,c256,c512,c768 tclass=dir permissive=1
06-06 13:42:24.908 307 307 D XiriService: check file name: /data/data/com.dangbei.lerad.screensaver/lib
06-06 13:42:24.904 307 307 I xiriservice_All: type=1400 audit(0.0:313): avc: denied { read } for name="lib" dev="mmcblk0p25" ino=54917 scontext=u:r:init:s0 tcontext=u:object_r:app_data_file:s0:c36,c256,c512,c768 tclass=lnk_file permissive=1
06-06 13:42:24.916 475 475 I android_os_HwBinder: HwBinder: Starting thread pool for getting: android.hidl.manager@1.0::IServiceManager/default
06-06 13:42:24.918 307 307 D XiriService: check file name: /data/data/com.dangbei.lerad.screensaver/lib
06-06 13:42:24.918 307 307 D XiriService: check file name: /data/data/com.dangbei.lerad.screensaver/lib
06-06 13:42:24.918 243 243 I Zygote : ...preloaded 41 resources in 12ms.
06-06 13:42:24.918 307 307 D XiriService: check file name: /data/data/com.dangbei.lerad.screensaver/lib
06-06 13:42:24.918 307 307 D XiriService: check file name: /data/data/com.dangbei.lerad.screensaver/lib
06-06 13:42:24.922 268 446 W AudioFlinger: no wake lock to update, system not ready yet
06-06 13:42:24.927 268 268 D PermissionCache: checking android.permission.MODIFY_AUDIO_ROUTING for uid=1000 => granted (766 us)
06-06 13:42:24.937 268 268 D PermissionCache: checking android.permission.MODIFY_AUDIO_SETTINGS for uid=1000 => granted (173 us)
06-06 13:42:24.946 243 243 D libEGL : loaded /vendor/lib/egl/libGLES_mali.so
06-06 13:42:24.948 268 439 D AudioFlinger: isLowRamDevice:false totalMemory:2055442432 mClientSharedHeapSize:4194304
06-06 13:42:24.951 475 475 I SystemServerTiming: StartSoundTriggerMiddlewareService
06-06 13:42:24.951 475 475 I SystemServiceManager: Starting com.android.server.soundtrigger_middleware.SoundTriggerMiddlewareService$Lifecycle
06-06 13:42:24.953 475 475 D SoundTriggerMiddlewareService: Connecting to default ISoundTriggerHw
06-06 13:42:24.954 181 181 I hwservicemanager: getTransport: Cannot find entry android.hardware.soundtrigger@2.0::ISoundTriggerHw/default in either framework or device VINTF manifest.
06-06 13:42:24.957 307 307 D XiriService: check file name: /data/data/com.android.wallpaperbackup/lib
06-06 13:42:24.957 307 307 D XiriService: check file name: /data/data/com.android.wallpaperbackup/lib
06-06 13:42:24.957 307 307 D XiriService: check file name: /data/data/com.android.wallpaperbackup/lib
06-06 13:42:24.958 307 307 D XiriService: check file name: /data/data/com.android.wallpaperbackup/lib
06-06 13:42:24.958 475 475 E SoundTriggerMiddlewareImpl: Failed to add a SoundTriggerModule instance
06-06 13:42:24.958 475 475 E SoundTriggerMiddlewareImpl: java.util.NoSuchElementException
06-06 13:42:24.958 475 475 E SoundTriggerMiddlewareImpl: at android.os.HwBinder.getService(Native Method)
06-06 13:42:24.958 475 475 E SoundTriggerMiddlewareImpl: at android.hardware.soundtrigger.V2_0.ISoundTriggerHw.getService(ISoundTriggerHw.java:57)
06-06 13:42:24.958 475 475 E SoundTriggerMiddlewareImpl: at android.hardware.soundtrigger.V2_0.ISoundTriggerHw.getService(ISoundTriggerHw.java:64)
06-06 13:42:24.958 475 475 E SoundTriggerMiddlewareImpl: at com.android.server.soundtrigger_middleware.SoundTriggerMiddlewareService$Lifecycle.lambda$onStart$0(SoundTriggerMiddlewareService.java:238)
06-06 13:42:24.958 475 475 E SoundTriggerMiddlewareImpl: at com.android.server.soundtrigger_middleware.SoundTriggerMiddlewareService$Lifecycle$$ExternalSyntheticLambda0.create(Unknown Source:0)
06-06 13:42:24.958 475 475 E SoundTriggerMiddlewareImpl: at com.android.server.soundtrigger_middleware.SoundTriggerModule.attachToHal(SoundTriggerModule.java:222)
06-06 13:42:24.958 475 475 E SoundTriggerMiddlewareImpl: at com.android.server.soundtrigger_middleware.SoundTriggerModule.(SoundTriggerModule.java:112)
06-06 13:42:24.958 475 475 E SoundTriggerMiddlewareImpl: at com.android.server.soundtrigger_middleware.SoundTriggerMiddlewareImpl.(SoundTriggerMiddlewareImpl.java:89)
06-06 13:42:24.958 475 475 E SoundTriggerMiddlewareImpl: at com.android.server.soundtrigger_middleware.SoundTriggerMiddlewareService$Lifecycle.onStart(SoundTriggerMiddlewareService.java:244)
06-06 13:42:24.958 475 475 E SoundTriggerMiddlewareImpl: at com.android.server.SystemServiceManager.startService(SystemServiceManager.java:205)
06-06 13:42:24.958 475 475 E SoundTriggerMiddlewareImpl: at com.android.server.SystemServiceManager.startService(SystemServiceManager.java:192)
06-06 13:42:24.958 475 475 E SoundTriggerMiddlewareImpl: at com.android.server.SystemServer.startOtherServices(SystemServer.java:2161)
06-06 13:42:24.958 475 475 E SoundTriggerMiddlewareImpl: at com.android.server.SystemServer.run(SystemServer.java:928)
06-06 13:42:24.958 475 475 E SoundTriggerMiddlewareImpl: at com.android.server.SystemServer.main(SystemServer.java:628)
06-06 13:42:24.958 475 475 E SoundTriggerMiddlewareImpl: at java.lang.reflect.Method.invoke(Native Method)
06-06 13:42:24.958 475 475 E SoundTriggerMiddlewareImpl: at com.android.internal.os.RuntimeInit$MethodAndArgsCaller.run(RuntimeInit.java:548)
06-06 13:42:24.958 475 475 E SoundTriggerMiddlewareImpl: at com.android.internal.os.ZygoteInit.main(ZygoteInit.java:1160)
06-06 13:42:24.962 268 439 I CaptureStateNotifier: Registering a listener
06-06 13:42:24.962 475 475 I SystemServerTiming: StartDockObserver
06-06 13:42:24.962 475 475 I SystemServiceManager: Starting com.android.server.DockObserver
06-06 13:42:24.963 475 475 W DockObserver: This kernel does not have dock station support
06-06 13:42:24.964 475 475 I SystemServerTiming: StartWiredAccessoryManager
06-06 13:42:24.965 475 475 I SystemServer: Audio device manager Observer
06-06 13:42:24.965 307 307 D XiriService: check file name: /data/data/com.android.wallpaperbackup/lib
06-06 13:42:24.965 307 307 D XiriService: check file name: /data/data/com.android.wallpaperbackup/lib
06-06 13:42:24.966 307 307 D XiriService: check file name: /data/data/com.android.wallpaperbackup/lib
06-06 13:42:24.966 307 307 D XiriService: check file name: /data/data/com.android.wallpaperbackup/lib
06-06 13:42:24.966 475 475 E Environment: Path requests must specify a user by using UserEnvironment
06-06 13:42:24.966 475 475 E Environment: java.lang.Throwable
06-06 13:42:24.966 475 475 E Environment: at android.os.Environment.throwIfUserRequired(Environment.java:1449)
06-06 13:42:24.966 475 475 E Environment: at android.os.Environment.getExternalStorageDirectory(Environment.java:707)
06-06 13:42:24.966 475 475 E Environment: at com.android.server.SystemServer.startOtherServices(SystemServer.java:2192)
06-06 13:42:24.966 475 475 E Environment: at com.android.server.SystemServer.run(SystemServer.java:928)
06-06 13:42:24.966 475 475 E Environment: at com.android.server.SystemServer.main(SystemServer.java:628)
06-06 13:42:24.966 475 475 E Environment: at java.lang.reflect.Method.invoke(Native Method)
06-06 13:42:24.966 475 475 E Environment: at com.android.internal.os.RuntimeInit$MethodAndArgsCaller.run(RuntimeInit.java:548)
06-06 13:42:24.966 475 475 E Environment: at com.android.internal.os.ZygoteInit.main(ZygoteInit.java:1160)
06-06 13:42:24.967 475 630 I SoundTriggerMiddlewareLogging: setCaptureState[this=com.android.server.soundtrigger_middleware.SoundTriggerMiddlewareImpl@8710c2d, client=null](false)
06-06 13:42:24.969 475 475 W StorageManagerService: No primary storage defined yet; hacking together a stub
06-06 13:42:24.971 475 538 I DropBoxManagerService: add tag=system_server_wtf isTagEnabled=true flags=0x2
06-06 13:42:24.981 307 307 D XiriService: check file name: /data/data/com.android.providers.media.module/lib
06-06 13:42:24.980 307 307 I xiriservice_All: type=1400 audit(0.0:314): avc: denied { search } for name="com.android.providers.media.module" dev="mmcblk0p25" ino=1259 scontext=u:r:init:s0 tcontext=u:object_r:privapp_data_file:s0:c74,c256,c512,c768 tclass=dir permissive=1
06-06 13:42:24.980 307 307 I xiriservice_All: type=1400 audit(0.0:315): avc: denied { read } for name="lib" dev="mmcblk0p25" ino=54921 scontext=u:r:init:s0 tcontext=u:object_r:privapp_data_file:s0:c74,c256,c512,c768 tclass=lnk_file permissive=1
06-06 13:42:24.992 307 307 D XiriService: check file name: /data/data/com.android.providers.media.module/lib
06-06 13:42:24.992 307 307 D XiriService: check file name: /data/data/com.android.providers.media.module/lib
06-06 13:42:24.992 307 307 D XiriService: check file name: /data/data/com.android.providers.media.module/lib
06-06 13:42:24.992 307 307 D XiriService: check file name: /data/data/com.android.providers.media.module/lib
06-06 13:42:24.994 475 475 W system_server: ClassLoaderContext parent mismatch. (PCL[] | PCL[];PCL[/system/framework/com.android.location.provider.jar*3633238673:/system/framework/services.jar*324275400:/system/framework/services.jar!classes2.dex*4169108402:/system/framework/ethernet-service.jar*655162001:/system/framework/pppoe-service.jar*2082030846:/apex/com.android.appsearch/javalib/service-appsearch.jar*4100577803:/apex/com.android.media/javalib/service-media-s.jar*3881732923:/apex/com.android.permission/javalib/service-permission.jar*62506796])
06-06 13:42:25.001 307 307 D XiriService: check file name: /data/data/com.oranth.storage/lib
06-06 13:42:25.001 307 307 D XiriService: check file name: /data/data/com.oranth.storage/lib
06-06 13:42:25.001 307 307 D XiriService: check file name: /data/data/com.oranth.storage/lib
06-06 13:42:25.002 307 307 D XiriService: check file name: /data/data/com.oranth.storage/lib
06-06 13:42:25.009 307 307 D XiriService: check file name: /data/data/com.oranth.storage/lib
06-06 13:42:25.009 307 307 D XiriService: check file name: /data/data/com.oranth.storage/lib
06-06 13:42:25.009 307 307 D XiriService: check file name: /data/data/com.oranth.storage/lib
06-06 13:42:25.009 307 307 D XiriService: check file name: /data/data/com.oranth.storage/lib
06-06 13:42:25.026 307 307 D XiriService: check file name: /data/data/com.dangbei.haqusetting/lib
06-06 13:42:25.027 307 307 D XiriService: check file name: /data/data/com.dangbei.haqusetting/lib
06-06 13:42:25.027 307 307 D XiriService: check file name: /data/data/com.dangbei.haqusetting/lib
06-06 13:42:25.028 307 307 D XiriService: check file name: /data/data/com.dangbei.haqusetting/lib
06-06 13:42:25.038 307 307 D XiriService: check file name: /data/data/com.dangbei.haqusetting/lib
06-06 13:42:25.038 307 307 D XiriService: check file name: /data/data/com.dangbei.haqusetting/lib
06-06 13:42:25.038 307 307 D XiriService: check file name: /data/data/com.dangbei.haqusetting/lib
06-06 13:42:25.039 307 307 D XiriService: check file name: /data/data/com.dangbei.haqusetting/lib
06-06 13:42:25.042 475 475 D DisplayOutputManager: ro.build.characteristics=homlet
06-06 13:42:25.044 180 180 E SELinux : avc: denied { find } for pid=475 uid=1000 name=vendor.display.output.IDisplayOutputManager/default scontext=u:r:system_server:s0 tcontext=u:object_r:hal_awdisplayoutput_service:s0 tclass=service_manager permissive=1
06-06 13:42:25.044 180 180 I servicemanager: Found vendor.display.output.IDisplayOutputManager/default in device VINTF manifest.
06-06 13:42:25.046 475 475 D HomletDisplayOutputManager: get IDisplayOutputManager service success
06-06 13:42:25.046 243 243 I Zygote : Preloading shared libraries...
06-06 13:42:25.047 475 475 D AudioManagerEx: AudioManagerEx
06-06 13:42:25.047 475 475 D AudioDeviceManagerObserver: AudioDeviceManagerObserver construct
06-06 13:42:25.048 475 475 I SystemServerTiming: StartMidiManager
06-06 13:42:25.048 475 475 I SystemServiceManager: Starting com.android.server.midi.MidiService$Lifecycle
06-06 13:42:25.049 475 475 I SystemServerTiming: StartAdbService
06-06 13:42:25.050 475 475 I SystemServiceManager: Starting com.android.server.adb.AdbService$Lifecycle
06-06 13:42:25.053 475 475 I SystemServerTiming: StartUsbService
06-06 13:42:25.054 475 475 I SystemServiceManager: Starting com.android.server.usb.UsbService$Lifecycle
06-06 13:42:25.054 475 573 I SystemServerTimingAsync: InitThreadPoolExec:UsbService$Lifecycle#onStart
06-06 13:42:25.054 475 573 D SystemServerInitThreadPool: Started executing UsbService$Lifecycle#onStart
06-06 13:42:25.055 243 243 I Zygote : Called ZygoteHooks.endPreload()
06-06 13:42:25.055 475 475 I SystemServerTiming: StartSerialService
06-06 13:42:25.056 243 243 I Zygote : Installed AndroidKeyStoreProvider in 1ms.
06-06 13:42:25.056 475 475 I SystemServerTiming: StartHardwarePropertiesManagerService
06-06 13:42:25.058 181 181 I hwservicemanager: getTransport: Cannot find entry android.hardware.thermal@1.0::IThermal/default in either framework or device VINTF manifest.
06-06 13:42:25.058 475 475 E HardwarePropertiesManagerService-JNI: Unable to get Thermal service.
06-06 13:42:25.059 475 475 I SystemServerTiming: StartTwilightService
06-06 13:42:25.059 475 475 I SystemServiceManager: Starting com.android.server.twilight.TwilightService
06-06 13:42:25.059 475 475 I SystemServerTiming: StartColorDisplay
06-06 13:42:25.059 475 475 I SystemServiceManager: Starting com.android.server.display.color.ColorDisplayService
06-06 13:42:25.064 475 475 I SystemServerTiming: StartJobScheduler
06-06 13:42:25.065 475 475 I SystemServiceManager: Starting com.android.server.job.JobSchedulerService
06-06 13:42:25.070 243 243 I Zygote : Warmed up JCA providers in 15ms.
06-06 13:42:25.070 243 243 D Zygote : end preload
06-06 13:42:25.071 475 524 D SystemServerInitThreadPool: Finished executing SecondaryZygotePreload
06-06 13:42:25.074 475 573 E UsbDeviceManager: failed to write to /sys/class/android_usb/android0/f_rndis/ethaddr
06-06 13:42:25.074 307 307 D XiriService: check file name: /data/data/com.softwinner.miracastReceiver/lib
06-06 13:42:25.074 307 307 D XiriService: check file name: /data/data/com.softwinner.miracastReceiver/lib
06-06 13:42:25.074 307 307 D XiriService: check file name: /data/data/com.softwinner.miracastReceiver/lib
06-06 13:42:25.074 307 307 D XiriService: check file name: /data/data/com.softwinner.miracastReceiver/lib
06-06 13:42:25.078 475 475 D JobStore: Start tag: job-info
06-06 13:42:25.080 475 475 W JobStore: Periodic job for uid='10073' persisted run-time is too big [360:00:36, 720:00:36]. Clamping to [360:00:14,720:00:14]
06-06 13:42:25.083 307 307 D XiriService: check file name: /data/data/com.softwinner.miracastReceiver/lib
06-06 13:42:25.084 307 307 D XiriService: check file name: /data/data/com.softwinner.miracastReceiver/lib
06-06 13:42:25.084 307 307 D XiriService: check file name: /data/data/com.softwinner.miracastReceiver/lib
06-06 13:42:25.086 475 475 W JobStore: Periodic job for uid='10057' persisted run-time is too big [25:00:37, 50:00:37]. Clamping to [25:00:14,50:00:14]
06-06 13:42:25.087 475 475 W JobStore: Periodic job for uid='10057' persisted run-time is too big [5:53:22, 6:03:22]. Clamping to [15:14,25:14]
06-06 13:42:25.088 475 475 W JobStore: Periodic job for uid='1000' persisted run-time is too big [24:00:24, 48:00:24]. Clamping to [24:00:14,48:00:14]
06-06 13:42:25.090 475 475 I JobStore: Read 5 jobs
06-06 13:42:25.092 307 307 D XiriService: check file name: /data/data/com.android.bluetooth/lib
06-06 13:42:25.092 307 307 D XiriService: check file name: /data/data/com.android.bluetooth/lib
06-06 13:42:25.092 307 307 D XiriService: check file name: /data/data/com.android.bluetooth/lib
06-06 13:42:25.093 307 307 D XiriService: check file name: /data/data/com.android.bluetooth/lib
06-06 13:42:25.088 307 307 I xiriservice_All: type=1400 audit(0.0:316): avc: denied { read } for name="lib" dev="mmcblk0p25" ino=54929 scontext=u:r:init:s0 tcontext=u:object_r:bluetooth_data_file:s0 tclass=lnk_file permissive=1
06-06 13:42:25.099 307 307 D XiriService: check file name: /data/data/com.android.bluetooth/lib
06-06 13:42:25.099 307 307 D XiriService: check file name: /data/data/com.android.bluetooth/lib
06-06 13:42:25.108 475 614 D ConnectivityService: NetReassign [no changes]
06-06 13:42:25.120 475 475 V HistoricalRegistry: Interaction before persistence initialized
06-06 13:42:25.120 475 475 V HistoricalRegistry: Interaction before persistence initialized
06-06 13:42:25.122 475 475 W JobScheduler: !!! RTC not yet good; tracking time updates for job scheduling
06-06 13:42:25.123 475 475 I SystemServerTiming: StartSoundTrigger
06-06 13:42:25.123 475 475 I SystemServiceManager: Starting com.android.server.soundtrigger.SoundTriggerService
06-06 13:42:25.126 475 573 I android_os_HwBinder: HwBinder: Starting thread pool for getting: android.hardware.usb.gadget@1.0::IUsbGadget/default
06-06 13:42:25.127 475 475 I SystemServerTiming: StartTrustManager
06-06 13:42:25.127 475 475 I SystemServiceManager: Starting com.android.server.trust.TrustManagerService
06-06 13:42:25.131 475 475 I SystemServerTiming: StartBackupManager
06-06 13:42:25.134 475 475 I SystemServiceManager: Starting com.android.server.backup.BackupManagerService$Lifecycle
01-01 08:00:16.476 573 573 I : read descriptors
01-01 08:00:16.476 573 573 I : read strings
01-01 08:00:16.476 573 573 I : read descriptors
01-01 08:00:16.476 573 573 I : read strings
06-06 13:42:25.138 475 567 I PackageManager: Deferred reconcileAppsData finished 98 packages
06-06 13:42:25.138 475 567 D SystemServerInitThreadPool: Finished executing prepareAppData
06-06 13:42:25.142 475 573 W StorageManagerService: No primary storage defined yet; hacking together a stub
06-06 13:42:25.145 475 475 I SystemServerTiming: StartAppWidgetService
06-06 13:42:25.145 475 475 I SystemServiceManager: Starting com.android.server.appwidget.AppWidgetService
06-06 13:42:25.150 475 573 I android_os_HwBinder: HwBinder: Starting thread pool for getting: android.hidl.manager@1.0::IServiceManager/default
06-06 13:42:25.151 475 475 I SystemServerTiming: StartVoiceRecognitionManager
06-06 13:42:25.151 475 475 I SystemServiceManager: Starting com.android.server.voiceinteraction.VoiceInteractionManagerService
06-06 13:42:25.154 475 555 I UsbDeviceManager: Usb gadget hal service started android.hardware.usb.gadget@1.0::IUsbGadget default
06-06 13:42:25.162 243 477 I zygote : Background concurrent copying GC freed 17779(1015KB) AllocSpace objects, 0(0B) LOS objects, 49% free, 2873KB/5746KB, paused 107us total 106.558ms
06-06 13:42:25.162 475 573 I android_os_HwBinder: HwBinder: Starting thread pool for getting: android.hardware.usb.gadget@1.0::IUsbGadget/default
06-06 13:42:25.167 475 517 I android_os_HwBinder: HwBinder: Starting thread pool for getting: android.hardware.usb.gadget@1.0::IUsbGadget/default
06-06 13:42:25.168 475 475 I SystemServerTiming: StartAppHibernationService
06-06 13:42:25.168 475 475 I SystemServiceManager: Starting com.android.server.apphibernation.AppHibernationService
06-06 13:42:25.168 475 517 E UsbDeviceManager: prcessing MSG_GET_CURRENT_USB_FUNCTIONS
06-06 13:42:25.169 475 517 E UsbDeviceManager: updating mCurrentFunctions
06-06 13:42:25.169 475 517 E UsbDeviceManager: mCurrentFunctions:0applied:1
06-06 13:42:25.173 475 475 I SystemServerTiming: StartGestureLauncher
06-06 13:42:25.173 475 475 I SystemServiceManager: Starting com.android.server.GestureLauncherService
06-06 13:42:25.174 475 573 I android_os_HwBinder: HwBinder: Starting thread pool for getting: android.hidl.manager@1.0::IServiceManager/default
06-06 13:42:25.174 475 475 I SystemServerTiming: StartSensorNotification
06-06 13:42:25.174 475 475 I SystemServiceManager: Starting com.android.server.SensorNotificationService
06-06 13:42:25.175 475 636 I UsbPortManager: Usb hal service started android.hardware.usb@1.0::IUsb default
06-06 13:42:25.175 475 475 I SystemServerTiming: StartDiskStatsService
06-06 13:42:25.176 475 636 I android_os_HwBinder: HwBinder: Starting thread pool for getting: android.hardware.usb@1.0::IUsb/default
06-06 13:42:25.177 264 264 I android.hardware.usb@1.0-service: registering callback
06-06 13:42:25.178 264 264 E android.hardware.usb@1.0-service: Failed to open /sys/class/typec
06-06 13:42:25.178 264 638 E android.hardware.usb@1.0-service: creating thread
06-06 13:42:25.180 475 636 I UsbPortManager: USB HAL version: 10
06-06 13:42:25.184 475 475 I SystemServerTiming: RuntimeService
06-06 13:42:25.184 475 573 D SystemServerInitThreadPool: Finished executing UsbService$Lifecycle#onStart
06-06 13:42:25.186 475 475 I SystemServerTiming: StartNetworkTimeUpdateService
06-06 13:42:25.189 475 475 I SystemServerTiming: CertBlacklister
06-06 13:42:25.192 475 475 I SystemServerTiming: StartEmergencyAffordanceService
06-06 13:42:25.192 475 475 I SystemServiceManager: Starting com.android.server.emergency.EmergencyAffordanceService
06-06 13:42:25.194 475 516 I SystemServerTimingAsync: InitThreadPoolExec:startBlobStoreManagerService
06-06 13:42:25.194 475 516 D SystemServerInitThreadPool: Started executing startBlobStoreManagerService
06-06 13:42:25.194 475 516 I SystemServerTimingAsync: startBlobStoreManagerService
06-06 13:42:25.194 475 475 I SystemServerTiming: StartDreamManager
06-06 13:42:25.194 475 516 I SystemServiceManager: Starting com.android.server.blob.BlobStoreManagerService
06-06 13:42:25.194 475 475 I SystemServiceManager: Starting com.android.server.dreams.DreamManagerService
06-06 13:42:25.196 475 475 I SystemServerTiming: AddGraphicsStatsService
06-06 13:42:25.202 475 516 D SystemServerInitThreadPool: Finished executing startBlobStoreManagerService
