01-01 08:07:21.328 381 381 I : Error: set vsif failed
06-06 19:36:57.742 3613 3613 D AdManager: showAdvertisement
06-06 19:36:57.743 3613 3613 I void PlayerProxy::abortRequest(long): abortRequest
06-06 19:36:57.743 3613 3613 I void PlayerProxy::release(long): start release
06-06 19:36:57.743 3613 3613 D void Thread::stop(): Thread-MediaDecoder start stop
06-06 19:36:57.752 3613 3797 I void JavaCallback::JNIDetachThread(): detach thread
06-06 19:36:57.752 3613 3797 I void MediaDecoder::render(): stop 2
06-06 19:36:57.752 3613 3794 I void JavaCallback::JNIDetachThread(): detach thread
06-06 19:36:57.752 3613 3794 I virtual void MediaDecoder::run(): stop 2
06-06 19:36:57.753 3613 3613 D void Thread::stop(): Thread-MediaDecoder stop success
06-06 19:36:57.753 3613 3613 D void Thread::stop(): Thread-FFDemuxer start stop
06-06 19:36:57.753 3613 3795 I virtual void IDemuxer::run(): stop
06-06 19:36:57.763 3613 3613 D void Thread::stop(): Thread-FFDemuxer stop success
06-06 19:36:57.763 3613 3613 D void Thread::stop(): Thread-Player start stop
06-06 19:36:57.766 3613 3796 I void JavaCallback::JNIDetachThread(): detach thread
06-06 19:36:57.766 3613 3796 I virtual void Player::run(): stop
06-06 19:36:57.774 3613 3613 D void Thread::stop(): Thread-Player stop success
06-06 19:36:57.774 3613 3613 I virtual void IDemuxer::clear(): clear success
06-06 19:36:57.809 3613 3613 I virtual void IDecoder::clear(bool): clear success 2 serial: 1
06-06 19:36:57.809 3613 3613 I virtual void MediaDecoder::clear(bool): clear success 2
06-06 19:36:57.809 3613 3613 I virtual void FFDemuxer::close(): start
06-06 19:36:57.810 3613 3613 I virtual void FFDemuxer::close(): close success
06-06 19:36:57.811 3613 3781 D SurfaceUtils: connecting to surface 0xc6cd4008, reason connectToSurface
06-06 19:36:57.811 3613 3781 I MediaCodec: [OMX.allwinner.video.decoder.hevc] setting surface generation to 3699714
06-06 19:36:57.811 3613 3781 D SurfaceUtils: disconnecting from surface 0xc6cd4008, reason connectToSurface(reconnect)
06-06 19:36:57.811 3613 3781 D SurfaceUtils: connecting to surface 0xc6cd4008, reason connectToSurface(reconnect)
06-06 19:36:57.813 365 423 W omx_vdec: <__AwOmxVdecGetExtensionIndex:1737>: GetExtensionIndex OMX.google.android.index.AndroidNativeBufferConsumerUsage, err [0x80001001].
06-06 19:36:57.814 365 423 D omx_vdec_aw: <__anGetExtPara:2902>: ===== get usage: 400400
06-06 19:36:57.814 3613 3783 D SurfaceUtils: disconnecting from surface 0xc6cd4008, reason setNativeWindowSizeFormatAndUsage
06-06 19:36:57.814 3613 3783 D SurfaceUtils: connecting to surface 0xc6cd4008, reason setNativeWindowSizeFormatAndUsage
06-06 19:36:57.814 3613 3783 D SurfaceUtils: set up nativeWindow 0xc6cd4008 for 1920x1088, color 0x32315659, rotation 0, usage 0x402d00
06-06 19:36:57.814 3613 3781 D SurfaceUtils: disconnecting from surface 0xf108b408, reason disconnectFromSurface
06-06 19:36:57.814 3613 3781 E Surface : freeAllBuffers: 11 buffers were freed while being dequeued!
06-06 19:36:57.815 365 3786 D omx_vdec: : current state:OMX_StateExecuting, target state:OMX_StateIdle
06-06 19:36:57.815 365 3786 D omx_thread: : ++++++++++suspend, drain
06-06 19:36:57.816 365 3801 D omx_thread: : post stop run sem drain
06-06 19:36:57.816 365 3786 D omx_thread: : ++++++++wait stop-run sem done: drain
06-06 19:36:57.816 365 3786 D omx_thread: : ++++++++++suspend, decode
06-06 19:36:57.816 3613 3613 I virtual void MediaDecoder::close(): close success 2
06-06 19:36:57.816 3613 3613 I void Player::setState(PLAYER_STATE): state changed newState: 7 oldState: 3
06-06 19:36:57.816 3613 3613 D LeradPlayer: player newState: 7 oldState: 3
06-06 19:36:57.816 3613 3613 I void Player::close(): close success
06-06 19:36:57.816 3613 3613 I JavaCallback::~JavaCallback(): delete success
06-06 19:36:57.816 3613 3613 I Player::~Player(): start delete
06-06 19:36:57.816 3613 3613 I virtual FFDemuxer::~FFDemuxer(): delete success
06-06 19:36:57.816 3613 3613 I virtual FFAVDecoder::~FFAVDecoder(): delete success
06-06 19:36:57.816 3613 3613 I virtual MediaDecoder::~MediaDecoder(): delete success
06-06 19:36:57.816 3613 3613 I virtual FFAVDecoder::~FFAVDecoder(): delete success
06-06 19:36:57.817 3613 3613 I virtual FFSubtitleDecoder::~FFSubtitleDecoder(): delete success
06-06 19:36:57.817 3613 3613 I virtual FFResample::~FFResample(): delete success
06-06 19:36:57.817 3613 3613 I virtual AudioTrackOutput::~AudioTrackOutput(): delete success
06-06 19:36:57.817 3613 3613 D virtual GLVideoOutput::~GLVideoOutput(): delete success
06-06 19:36:57.817 3613 3613 I Player::~Player(): delete success
06-06 19:36:57.817 3613 3613 I void PlayerProxy::release(long): release success
06-06 19:36:57.818 365 3800 D omx_thread: : post stop run sem decode
06-06 19:36:57.818 365 3786 D omx_thread: : ++++++++wait stop-run sem done: decode
06-06 19:36:57.818 365 3786 D omx_thread: : ++++++++++suspend, submit
06-06 19:36:57.823 365 3799 D omx_thread: : post stop run sem submit
06-06 19:36:57.823 365 3786 D omx_thread: : ++++++++wait stop-run sem done: submit
06-06 19:36:57.823 365 3786 D omx_vdec_aw: : ** fillBufferDone owned by decoer i[0],pHeadBufInfo[0xf0b4da00],pPic[0xf0754018]
06-06 19:36:57.823 365 3786 D omx_vdec_aw: : ** fillBufferDone owned by decoer i[1],pHeadBufInfo[0xf0b4da50],pPic[0xf0754150]
06-06 19:36:57.823 365 3786 E cedarc : : CdcIonUnmap failed: Invalid argument
06-06 19:36:57.823 365 3786 E cedarc : 
06-06 19:36:57.823 365 3786 E cedarc : : CdcIonUnmap failed: Invalid argument
06-06 19:36:57.823 365 3786 E cedarc : 
06-06 19:36:57.823 365 3786 E cedarc : : CdcIonUnmap failed: Invalid argument
06-06 19:36:57.823 365 3786 E cedarc : 
06-06 19:36:57.824 365 3786 E cedarc : : CdcIonUnmap failed: Invalid argument
06-06 19:36:57.824 365 3786 E cedarc : 
06-06 19:36:57.824 365 3786 E cedarc : : CdcIonUnmap failed: Invalid argument
06-06 19:36:57.824 365 3786 E cedarc : 
06-06 19:36:57.824 365 3786 E cedarc : : CdcIonUnmap failed: Invalid argument
06-06 19:36:57.824 365 3786 E cedarc : 
06-06 19:36:57.824 365 3786 E cedarc : : CdcIonUnmap failed: Invalid argument
06-06 19:36:57.824 365 3786 E cedarc : 
06-06 19:36:57.824 365 3786 E cedarc : : CdcIonUnmap failed: Invalid argument
06-06 19:36:57.824 365 3786 E cedarc : 
06-06 19:36:57.824 365 3786 E cedarc : : CdcIonUnmap failed: Invalid argument
06-06 19:36:57.824 365 3786 E cedarc : 
06-06 19:36:57.824 365 3786 E cedarc : : CdcIonUnmap failed: Invalid argument
06-06 19:36:57.824 365 3786 E cedarc : 
06-06 19:36:57.824 365 3786 E cedarc : : CdcIonUnmap failed: Invalid argument
06-06 19:36:57.824 365 3786 E cedarc : 
06-06 19:36:57.824 365 3786 E cedarc : : CdcIonUnmap failed: Invalid argument
06-06 19:36:57.824 365 3786 E cedarc : 
06-06 19:36:57.824 365 3786 E cedarc : : CdcIonUnmap failed: Invalid argument
06-06 19:36:57.824 365 3786 E cedarc : 
06-06 19:36:57.824 365 3786 E cedarc : : CdcIonUnmap failed: Invalid argument
06-06 19:36:57.824 365 3786 E cedarc : 
06-06 19:36:57.825 365 3786 E cedarc : : CdcIonUnmap failed: Invalid argument
06-06 19:36:57.825 365 3786 E cedarc : 
06-06 19:36:57.825 365 3786 E cedarc : : CdcIonUnmap failed: Invalid argument
06-06 19:36:57.825 365 3786 E cedarc : 
06-06 19:36:57.825 365 3786 D omx_vdec_aw: <__anClose:3526>: decoder close
06-06 19:36:57.825 365 3786 I cedarc : : DestroyVideoDecoder, pDecoder=0xf081f000
06-06 19:36:57.834 365 3798 D cedarc : : exit sbm thread
06-06 19:36:57.834 3613 3613 I pool-8-thread-1: type=1400 audit(0.0:1176): avc: denied { search } for name="net" dev="sysfs" ino=10442 scontext=u:r:untrusted_app:s0:c36,c256,c512,c768 tcontext=u:object_r:sysfs_net:s0 tclass=dir permissive=1 app=com.dangbei.lerad.screensaver
06-06 19:36:57.834 3613 3613 I pool-8-thread-1: type=1400 audit(0.0:1177): avc: denied { read } for name="address" dev="sysfs" ino=16906 scontext=u:r:untrusted_app:s0:c36,c256,c512,c768 tcontext=u:object_r:sysfs_net:s0 tclass=file permissive=1 app=com.dangbei.lerad.screensaver
06-06 19:36:57.838 365 3786 D ionAlloc: : pid: 365, release g_context = 0xf0b38160
06-06 19:36:57.838 365 3786 D ionAlloc: : ion_alloc_close ok
06-06 19:36:57.834 3613 3613 I pool-8-thread-1: type=1400 audit(0.0:1178): avc: denied { open } for path="/sys/devices/virtual/net/dummy0/address" dev="sysfs" ino=16906 scontext=u:r:untrusted_app:s0:c36,c256,c512,c768 tcontext=u:object_r:sysfs_net:s0 tclass=file permissive=1 app=com.dangbei.lerad.screensaver
06-06 19:36:57.834 3613 3613 I pool-8-thread-1: type=1400 audit(0.0:1179): avc: denied { getattr } for path="/sys/devices/virtual/net/dummy0/address" dev="sysfs" ino=16906 scontext=u:r:untrusted_app:s0:c36,c256,c512,c768 tcontext=u:object_r:sysfs_net:s0 tclass=file permissive=1 app=com.dangbei.lerad.screensaver
06-06 19:36:57.839 365 3786 I cedarc : : not malloc locks
06-06 19:36:57.839 365 3786 D cedarc : : ve release ok
06-06 19:36:57.839 365 3786 D omx_vdec: : bEnabled[1],[1],bPopulated[1],[1]
06-06 19:36:57.839 365 3786 D omx_vdec: : Transit current state:OMX_StateExecuting --> target state:OMX_StateIdle --OK!
06-06 19:36:57.840 365 3786 D omx_vdec: : current state:OMX_StateIdle, target state:OMX_StateLoaded
06-06 19:36:57.841 365 423 D omx_vdec: : port:<<<<<<<: port:<<<<<<<: port:>>>>>>>out, pBufferHdr:0xf0b4deb0
06-06 19:36:57.847 365 423 D omx_vdec: : port:>>>>>>>out, pBufferHdr:0xf0b4de60
06-06 19:36:57.849 365 423 D omx_vdec: : port:>>>>>>>out, pBufferHdr:0xf0b4de10
06-06 19:36:57.849 365 423 D omx_vdec: : port:>>>>>>>out, pBufferHdr:0xf0b4ddc0
06-06 19:36:57.850 365 423 D omx_vdec: : port:>>>>>>>out, pBufferHdr:0xf0b4dd70
06-06 19:36:57.851 365 423 D omx_vdec: : port:>>>>>>>out, pBufferHdr:0xf0b4dd20
06-06 19:36:57.851 365 423 D omx_vdec: : port:>>>>>>>out, pBufferHdr:0xf0b4dcd0
06-06 19:36:57.852 365 423 D omx_vdec: : port:>>>>>>>out, pBufferHdr:0xf0b4dc80
06-06 19:36:57.852 365 423 D omx_vdec: : port:>>>>>>>out, pBufferHdr:0xf0b4dc30
06-06 19:36:57.852 365 423 D omx_vdec: : port:>>>>>>>out, pBufferHdr:0xf0b4dbe0
06-06 19:36:57.853 365 423 D omx_vdec: : port:>>>>>>>out, pBufferHdr:0xf0b4db90
06-06 19:36:57.853 365 423 D omx_vdec: : port:>>>>>>>out, pBufferHdr:0xf0b4db40
06-06 19:36:57.854 365 423 D omx_vdec: : port:>>>>>>>out, pBufferHdr:0xf0b4daf0
06-06 19:36:57.854 365 423 D omx_vdec: : port:>>>>>>>out, pBufferHdr:0xf0b4daa0
06-06 19:36:57.855 365 423 D omx_vdec: : port:>>>>>>>out, pBufferHdr:0xf0b4da50
06-06 19:36:57.855 365 423 D omx_vdec: : port:>>>>>>>out, pBufferHdr:0xf0b4da00
06-06 19:36:57.861 365 3786 D omx_vdec: : Transit current state:OMX_StateIdle --> target state:OMX_StateLoaded --OK!
06-06 19:36:57.862 365 423 D cedarc : : OMXCORE: aw_omx_component_deinit f0a6f000
06-06 19:36:57.862 365 423 D omx_vdec: <__AwOmxVdecComponentDeinit:1954>: Omx Vdec Component Deinit begin
06-06 19:36:57.862 365 3786 D omx_vdec: : ********quit************
06-06 19:36:57.862 365 3786 D omx_sem : : post sem:flushSem
06-06 19:36:57.862 365 3801 D omx_thread: : exit thread drain truely!!!
06-06 19:36:57.863 365 3800 D omx_thread: : exit thread decode truely!!!
06-06 19:36:57.863 365 3799 D omx_thread: : exit thread submit truely!!!
06-06 19:36:57.863 365 423 D omx_vdec: <__AwOmxVdecComponentDeinit:1960>: threads exit!
06-06 19:36:57.864 365 423 D omx_vdec: <__AwOmxVdecDestroy:2023>: ++++++++++++++++++++++omx end++++++++++++++++++
06-06 19:36:57.864 365 423 D cedarc : : Unloading the dynamic library for OMX.allwinner.video.decoder.hevc
06-06 19:36:57.864 3613 3781 D SurfaceUtils: disconnecting from surface 0xc6cd4008, reason disconnectFromSurface
06-06 19:36:58.173 475 519 W IorapForwardingService: No service published for: iorapd
06-06 19:36:58.413 3613 3613 D AdManager: notFetchAd
06-06 19:36:58.413 3613 3613 D AdManager: onComplete
06-06 19:36:58.999 2264 2341 D UtilLog : 日志批量上报 进行正常循环 !!!!!!本次有0次请求,共0条数据
06-06 19:36:59.176 475 519 W IorapForwardingService: No service published for: iorapd
06-06 19:36:59.415 3613 3613 I Player::Player(): create success
06-06 19:36:59.415 3613 3613 I virtual Player *IPlayerBuilder::build(): build success playType:0, demuxType:0 decodeType:0
06-06 19:36:59.415 3613 3613 I void Player::setBufferSize(int): setBufferSize success 300
06-06 19:36:59.415 3613 3613 D void PlayerProxy::setDynamicExchangeSurface(long, bool): Player setDynamicExchangeSurface:1
06-06 19:36:59.415 3613 3613 I void PlayerProxy::enableSmoothLoop(long, bool): enable smooth: 1
06-06 19:36:59.415 3613 3613 I void PlayerProxy::enableListSmoothLoop(long, bool): enable list smooth: 0
06-06 19:36:59.416 3613 3613 I void PlayerProxy::initWindow(long, void *): start init window
06-06 19:36:59.416 3613 3613 I void PlayerProxy::initWindow(long, void *): init window success
06-06 19:36:59.454 3613 3982 D LeradPlayer: open: file:///android_asset/video/city_1.mp4
06-06 19:36:59.454 3613 3982 D void Thread::stop(): Thread-Player start stop
06-06 19:36:59.454 3613 3982 D void Thread::stop(): Thread-Player stop success
06-06 19:36:59.454 3613 3982 I void Player::setState(PLAYER_STATE): state changed newState: 7 oldState: 0
06-06 19:36:59.455 3613 3982 D LeradPlayer: player newState: 7 oldState: 0
06-06 19:36:59.455 3613 3982 I void Player::close(): close success
06-06 19:36:59.455 3613 3982 I void Player::setState(PLAYER_STATE): state changed newState: 1 oldState: 7
06-06 19:36:59.455 3613 3982 D LeradPlayer: player newState: 1 oldState: 7
06-06 19:36:59.455 3613 3982 D virtual bool FFDemuxer::open(const char *): asset path: video/city_1.mp4
06-06 19:36:59.456 3613 3982 W asset : unexpected whence 65536
06-06 19:36:59.461 3613 3982 W asset : unexpected whence 65536
06-06 19:36:59.461 3613 3982 I virtual bool FFDemuxer::open(const char *): open success
06-06 19:36:59.461 3613 3982 D virtual bool FFDemuxer::open(const char *): use avformat_find_stream_info
06-06 19:36:59.463 3613 3982 W asset : unexpected whence 65536
06-06 19:36:59.463 3613 3982 W asset : unexpected whence 65536
06-06 19:36:59.463 3613 3982 W asset : unexpected whence 65536
06-06 19:36:59.464 3613 3982 E virtual bool FFDemuxer::open(const char *): has valid video size: 1 1 0
06-06 19:36:59.464 3613 3982 I void FFDemuxer::selectDefaultTrack(): audioStreamIndex: -1 audioTrackCount: 0 videoStreamIndex: 0 videoTrackCount: 1 subtitleStreamIndex: -1 subtitleTrackCount: 0
06-06 19:36:59.464 3613 3982 I virtual void IDemuxer::pause(bool): pause success 0
06-06 19:36:59.464 3613 3982 E void Player::open(const char *, int, int, int): audioDecoder open failed
06-06 19:36:59.464 3613 3982 I virtual StreamInfo FFDemuxer::getVideoStreamInfo(): video width: 1920 video height: 1080 video pixelFormat: 0 fps: 30
06-06 19:36:59.464 3613 3982 I bool DecoderBridge::initMediaCodec(const char *, int, int, int, uint8_t *, int, std::vector: load conf file /vendor/etc/cedarc.conf ok!
06-06 19:36:59.473 365 423 D cedarc : : OMXCORE: aw_omx_component_init f0a6f000
06-06 19:36:59.473 365 423 D omx_vdec: <__AwOmxVdecInit:1160>: ++++++++++++++++++++++omx begin++++++++++++++++++
06-06 19:36:59.473 365 423 D omx_vdec: <__AwOmxVdecInit:1161>: name = OMX.allwinner.video.decoder.hevc
06-06 19:36:59.473 365 423 I omx_vdec_aw: : OmxDecoderCreate.
06-06 19:36:59.473 365 423 D ionAlloc: <__GetIonMemOpsS:833>: *** get __GetIonMemOpsS ***
06-06 19:36:59.473 365 423 D cedarc : : nMessageSize = 20
06-06 19:36:59.474 365 423 D cedarc : : OMXCORE: aw_omx_component_set_callbacks f0a6f000, f01fa880 , f0a853c0
06-06 19:36:59.474 365 423 D omx_vdec: <__AwOmxVdecSetCallbacks:1937>: ===== vdec set callbacks
06-06 19:36:59.477 3613 3983 D SurfaceUtils: connecting to surface 0xf108b408, reason connectToSurface
06-06 19:36:59.477 3613 3983 I MediaCodec: [OMX.allwinner.video.decoder.hevc] setting surface generation to 3699715
06-06 19:36:59.477 3613 3983 D SurfaceUtils: disconnecting from surface 0xf108b408, reason connectToSurface(reconnect)
06-06 19:36:59.477 3613 3983 D SurfaceUtils: connecting to surface 0xf108b408, reason connectToSurface(reconnect)
06-06 19:36:59.478 365 423 W omx_vdec: <__AwOmxVdecSetParameter:1561>: Set Parameter called in valid state
06-06 19:36:59.478 365 423 W omx_vdec: <__AwOmxVdecGetExtensionIndex:1737>: GetExtensionIndex OMX.google.android.index.storeANWBufferInMetadata, err [0x80001001].
06-06 19:36:59.478 365 423 W omx_vdec_aw: <__anSetExtPara:3011>: Setparameter: unknown param 2131755011
06-06 19:36:59.478 365 423 W OMXNodeInstance: [0xf0a6f000:allwinner.decoder.hevc] component does not support metadata mode; using fallback
06-06 19:36:59.478 3613 3984 E ACodec : [OMX.allwinner.video.decoder.hevc] setPortMode on output to DynamicANWBuffer failed w/ err -1010
06-06 19:36:59.478 365 423 W omx_vdec_aw: <__anGetExtPara:2918>: get_parameter: unknown param 6f600011
06-06 19:36:59.478 365 423 E OMXNodeInstance: getParameter(0xf0a6f000:allwinner.decoder.hevc, ??(0x6f600011)) ERROR: UnsupportedIndex(0x8000101a)
06-06 19:36:59.479 365 423 W omx_vdec: <__AwOmxVdecGetExtensionIndex:1737>: GetExtensionIndex OMX.google.android.index.storeANWBufferInMetadata, err [0x80001001].
06-06 19:36:59.479 365 423 W omx_vdec_aw: <__anSetExtPara:3011>: Setparameter: unknown param 2131755011
06-06 19:36:59.479 365 423 W OMXNodeInstance: [0xf0a6f000:allwinner.decoder.hevc] component does not support metadata mode; using fallback
06-06 19:36:59.479 365 423 D omx_vdec: : port:<<<<<<<: port:>>>>>>>out,nBufferCountActual = 4, mBufferCntActual = 4
06-06 19:36:59.481 365 423 W omx_vdec: <__AwOmxVdecSetParameter:1532>: set_parameter, OMX_IndexParamPortDefinition, OutPortDef :change nBufferSize[38016] to [3110400] to suit frame width[1920] and height[1080]
06-06 19:36:59.481 365 423 W omx_vdec: <__AwOmxVdecGetExtensionIndex:1737>: GetExtensionIndex OMX.google.android.index.storeANWBufferInMetadata, err [0x80001001].
06-06 19:36:59.481 365 423 W omx_vdec: <__AwOmxVdecGetExtensionIndex:1737>: GetExtensionIndex OMX.google.android.index.configureVideoTunnelMode, err [0x80001001].
06-06 19:36:59.481 365 423 W omx_vdec: <__AwOmxVdecGetExtensionIndex:1737>: GetExtensionIndex OMX.google.android.index.useAndroidNativeBuffer, err [0x80001001].
06-06 19:36:59.481 365 423 D omx_vdec_aw: <__anSetExtConfig:3106>: set ColorAspects: R:2, P:1, M:1, T:3
06-06 19:36:59.482 365 423 W omx_vdec: <__AwOmxVdecGetExtensionIndex:1737>: GetExtensionIndex OMX.google.android.index.describeHDR10PlusInfo, err [0x80001001].
06-06 19:36:59.482 365 423 D omx_vdec_aw: <__anGetExtConfig:3069>: get_config: unknown param 1863319556
06-06 19:36:59.482 365 423 E OMXNodeInstance: getConfig(0xf0a6f000:allwinner.decoder.hevc, ConfigAndroidVendorExtension(0x6f100004)) ERROR: UnsupportedIndex(0x8000101a)
06-06 19:36:59.483 365 423 W omx_vdec: <__AwOmxVdecGetConfig:1635>: +++++ get display crop: top[0],left[0],width[1920],height[1080]
06-06 19:36:59.483 365 423 D omx_vdec_aw: <__anSetExtConfig:3106>: set ColorAspects: R:2, P:1, M:1, T:3
06-06 19:36:59.483 365 423 D omx_vdec_aw: <__anGetExtConfig:3045>: get ColorAspects: R:0, P:0, M:0, T:0
06-06 19:36:59.483 365 423 D omx_vdec_aw: <__anGetExtConfig:3045>: get ColorAspects: R:0, P:0, M:0, T:0
06-06 19:36:59.483 365 423 E OMXNodeInstance: getConfig(0xf0a6f000:allwinner.decoder.hevc, ??(0x7f100007)) ERROR: UnsupportedSetting(0x80001019)
06-06 19:36:59.484 3613 3984 W ColorUtils: expected specified color aspects (0:0:0:0)
06-06 19:36:59.484 365 3985 D omx_vdec: : current state:OMX_StateLoaded, target state:OMX_StateIdle
06-06 19:36:59.485 365 3985 D omx_vdec: : bEnabled[1],[1],bPopulated[0],[0]
06-06 19:36:59.488 365 423 D omx_vdec: : <<<<<<<: <<<<<<<: GetExtensionIndex OMX.google.android.index.AndroidNativeBufferConsumerUsage, err [0x80001001].
06-06 19:36:59.489 365 423 D omx_vdec_aw: <__anGetExtPara:2902>: ===== get usage: 400400
06-06 19:36:59.490 3613 3984 D SurfaceUtils: disconnecting from surface 0xf108b408, reason setNativeWindowSizeFormatAndUsage
06-06 19:36:59.490 3613 3984 D SurfaceUtils: connecting to surface 0xf108b408, reason setNativeWindowSizeFormatAndUsage
06-06 19:36:59.490 3613 3984 D SurfaceUtils: set up nativeWindow 0xf108b408 for 1920x1080, color 0x32315659, rotation 0, usage 0x402d00
06-06 19:36:59.490 365 423 D omx_vdec: : port:>>>>>>>out,nBufferCountActual = 9, mBufferCntActual = 4
06-06 19:36:59.490 365 423 D omx_vdec: : ****port, extbuf:5
06-06 19:36:59.490 365 423 D omx_vdec: : PORT:>>>>>>>out, x allocate 9 buffers.
06-06 19:36:59.491 253 253 I gralloc : alloc buffer:W:1920 H:1080 S:1920 PL[1920 1088] SZ:3133504 fmt:842094169 if:0 af:842094169 usg:400900 fg:00000004
06-06 19:36:59.492 365 423 D omx_vdec: : >>>>>>>out port add buffer: 0xf0b3cf00
06-06 19:36:59.492 253 253 I gralloc : alloc buffer:W:1920 H:1080 S:1920 PL[1920 1088] SZ:3133504 fmt:842094169 if:0 af:842094169 usg:400900 fg:00000004
06-06 19:36:59.493 365 423 D omx_vdec: : >>>>>>>out port add buffer: 0xf0a6e000
06-06 19:36:59.493 253 253 I gralloc : alloc buffer:W:1920 H:1080 S:1920 PL[1920 1088] SZ:3133504 fmt:842094169 if:0 af:842094169 usg:400900 fg:00000004
06-06 19:36:59.493 365 423 D omx_vdec: : >>>>>>>out port add buffer: 0xf0a6e100
06-06 19:36:59.494 253 253 I gralloc : alloc buffer:W:1920 H:1080 S:1920 PL[1920 1088] SZ:3133504 fmt:842094169 if:0 af:842094169 usg:400900 fg:00000004
06-06 19:36:59.494 365 423 D omx_vdec: : >>>>>>>out port add buffer: 0xf0a6e200
06-06 19:36:59.495 253 253 I gralloc : alloc buffer:W:1920 H:1080 S:1920 PL[1920 1088] SZ:3133504 fmt:842094169 if:0 af:842094169 usg:400900 fg:00000004
06-06 19:36:59.495 365 3985 D omx_vdec: : bEnabled[1],[1],bPopulated[1],[0]
06-06 19:36:59.495 365 423 D omx_vdec: : >>>>>>>out port add buffer: 0xf0a6e300
06-06 19:36:59.495 253 253 I gralloc : alloc buffer:W:1920 H:1080 S:1920 PL[1920 1088] SZ:3133504 fmt:842094169 if:0 af:842094169 usg:400900 fg:00000004
06-06 19:36:59.496 365 423 D omx_vdec: : >>>>>>>out port add buffer: 0xf0a6e400
06-06 19:36:59.496 253 253 I gralloc : alloc buffer:W:1920 H:1080 S:1920 PL[1920 1088] SZ:3133504 fmt:842094169 if:0 af:842094169 usg:400900 fg:00000004
06-06 19:36:59.497 365 423 D omx_vdec: : >>>>>>>out port add buffer: 0xf0a6e500
06-06 19:36:59.497 253 253 I gralloc : alloc buffer:W:1920 H:1080 S:1920 PL[1920 1088] SZ:3133504 fmt:842094169 if:0 af:842094169 usg:400900 fg:00000004
06-06 19:36:59.497 365 423 D omx_vdec: : >>>>>>>out port add buffer: 0xf0a6e600
06-06 19:36:59.498 253 253 I gralloc : alloc buffer:W:1920 H:1080 S:1920 PL[1920 1088] SZ:3133504 fmt:842094169 if:0 af:842094169 usg:400900 fg:00000004
06-06 19:36:59.498 365 423 D omx_vdec: : >>>>>>>out port add buffer: 0xf0a6e700
06-06 19:36:59.499 359 2183 W ResourceManagerService: Ignoring request to add new resource entry with value <= 0
06-06 19:36:59.501 3613 3982 I virtual bool MediaDecoder::open(DecodeParam): open success: video/hevc hevc_mp4toannexb
06-06 19:36:59.501 3613 3982 I virtual void IDecoder::pause(bool, bool): pause success: 0
06-06 19:36:59.502 3613 3982 I void Player::setState(PLAYER_STATE): state changed newState: 2 oldState: 1
06-06 19:36:59.502 3613 3982 D LeradPlayer: player newState: 2 oldState: 1
06-06 19:36:59.502 3613 3982 D LeradPlayer: openSuccess: 1002
06-06 19:36:59.505 365 3985 D omx_vdec: : bEnabled[1],[1],bPopulated[1],[1]
06-06 19:36:59.505 365 3985 D omx_vdec: : Transit current state:OMX_StateLoaded --> target state:OMX_StateIdle --OK!
06-06 19:36:59.506 365 3985 D omx_vdec: : current state:OMX_StateIdle, target state:OMX_StateExecuting
06-06 19:36:59.506 365 3985 D omx_vdec: : Transit current state:OMX_StateIdle --> target state:OMX_StateExecuting --OK!
06-06 19:36:59.514 3613 3613 E screen_saver2: mute player true
06-06 19:36:59.519 3613 3613 I void PlayerProxy::play(long): start play
06-06 19:36:59.519 3613 3613 D void Thread::start(): Thread-MediaDecoder start
06-06 19:36:59.519 3613 3613 D void Thread::start(): Thread-FFDemuxer start
06-06 19:36:59.520 3613 3613 D void Thread::start(): Thread-Player start
06-06 19:36:59.520 3613 3613 I void Player::play(): start success
06-06 19:36:59.520 3613 3992 I virtual void Player::run(): start
06-06 19:36:59.522 3613 3991 I virtual void IDemuxer::run(): start
06-06 19:36:59.522 3613 3989 I virtual void MediaDecoder::run(): start 2
06-06 19:36:59.524 3613 3993 I void MediaDecoder::render(): start 2
06-06 19:36:59.531 365 3985 D omx_vdec_aw: : ++++++++++++++++pCtx->mCodecSpecificDataLen[2447]
06-06 19:36:59.531 365 3985 D omx_vdec_aw: <__anPrepare:3155>: Prepare decoder begin!
06-06 19:36:59.532 365 3985 I cedarc : : Set log level to 4 from /vendor/etc/cedarc.conf
06-06 19:36:59.532 365 3985 W cedarc : : Reset log level to 3 from property of vendor.cedarc.debuglevel
06-06 19:36:59.532 365 3985 E cedarc : : now cedarc log level:4
06-06 19:36:59.532 365 3985 I cedarc : : CreateVideoDecoder p:0xf081f000
06-06 19:36:59.532 365 3985 D omx_vdec_aw: <__anPrepare:3223>: set nDisplayHoldingFrameBufferNum : 5, nDiBufferNum = 0
06-06 19:36:59.532 365 3985 D omx_vdec_aw: <__anPrepare:3230>: ****mExtraOutBufferNum:5
06-06 19:36:59.532 365 3985 D cedarc : :
06-06 19:36:59.532 365 3985 D cedarc : >>>>>>>>>>>>>>>>>>>>>>>>>>>>> Cedar Codec <<<<<<<<<<<<<<<<<<<<<<<<<<<<
06-06 19:36:59.532 365 3985 D cedarc : tag : CedarC-v1.3.0
06-06 19:36:59.532 365 3985 D cedarc : branch: stable_v1.3.0_common
06-06 19:36:59.532 365 3985 D cedarc : commit: 3b65bf7287aea23c2abfbc626c3f606e3b9def1c
06-06 19:36:59.532 365 3985 D cedarc : date : Fri Nov 13 10:19:03 2020 +0800
06-06 19:36:59.532 365 3985 D cedarc : author: jenkins8080
06-06 19:36:59.532 365 3985 D cedarc : patch :
06-06 19:36:59.532 365 3985 D cedarc : ----------------------------------------------------------------------
06-06 19:36:59.532 365 3985 D cedarc : : *** pVconfig->nVeFreq = 0
06-06 19:36:59.532 365 3985 D cedarc : : user not set veops, we get internal!
06-06 19:36:59.532 365 3985 D cedarc : : ve init
06-06 19:36:59.533 365 3985 W cedarc : : cannot open /dev/sunxi_soc_info, it maybe ok!
06-06 19:36:59.533 365 3985 I cedarc : : *** ic_version = 0x3301000012011,
06-06 19:36:59.533 365 3985 D cedarc : : *** nPhyOffset = 0x0
06-06 19:36:59.533 365 3985 D cedarc : : *** set ve freq to 300 Mhz ***
06-06 19:36:59.533 365 3985 D ionAlloc: : pid: 365, g_context = 0xf0b381c0
06-06 19:36:59.533 365 3985 D ionAlloc: : ion alloc open ok
06-06 19:36:59.533 365 3985 W cedarc : : warning: the nDeInterlaceHoldingFrameBufferNum is 0
06-06 19:36:59.533 365 3985 D cedarc : : nBufferSize=8388608, p->vconfig.nVbvBufferSize=0
06-06 19:36:59.533 365 3985 D cedarc : : *** pEngine->nIcVeVersion = 3301000012011, decIpVersion = 33010
06-06 19:36:59.533 365 3985 D cedarc : : **************eCtlAfcbMode = 1
06-06 19:36:59.533 365 3985 D cedarc : : bDisplayErrorFrameFlag = 1
06-06 19:36:59.534 365 3985 D cedarc : : pHevcDec->pConfig->bScaleDownEn = 0
06-06 19:36:59.534 365 3985 D cedarc : : get the nIcversion = 3301000012011, nDecIpVersion = 33010
06-06 19:36:59.534 365 3985 D cedarc : : *** specificData = 0xf0827400, len = 2447
06-06 19:36:59.534 365 3985 I cedarc : : h265 stream type: 8 bit. before = -1
06-06 19:36:59.534 365 3985 I cedarc : : h265 stream type: 8 bit. before = 0
06-06 19:36:59.534 365 3985 D cedarc : : the low latency is open
01-01 08:07:23.178 3985 3985 D : enable_cedar_hw_clk,516
01-01 08:07:23.178 3985 3985 W VE : VE real_freq=300000000
06-06 19:36:59.534 365 3985 D cedarc : : *********GetSbmInterface, nType=1
06-06 19:36:59.534 365 3985 D cedarc : : ******* sbm-type: Frame*******
06-06 19:36:59.534 365 3985 D cedarc : : ************pSbm->sbmInterface.bUseNewVeMemoryProgram=0
06-06 19:36:59.537 3613 3991 I virtual Data FFDemuxer::read(): read frame ret: End of file latestReceivedTime: 7433 getTotalTimeMillis: 7500 is exit: 0
06-06 19:36:59.537 3613 3991 I virtual Data FFDemuxer::read(): smooth loop
06-06 19:36:59.537 3613 3991 D virtual Data FFDemuxer::read(): seekTargetTime :0 seek_by_bytes: 0 protocolName: file isNetworkProtocol: 0
06-06 19:36:59.537 3613 3991 D virtual Data FFDemuxer::read(): seekTime :0
06-06 19:36:59.537 3613 3991 D virtual Data FFDemuxer::read(): avformat_seek_file ret: 0
06-06 19:36:59.538 365 3985 D cedarc : : nMessageSize = 20
06-06 19:36:59.539 365 3985 D omx_vdec: : ********start***********
06-06 19:36:59.539 365 3985 D omx_thread: : +++++ self->mThread: 3926012384
06-06 19:36:59.540 365 3985 D omx_thread: : thread submit start to run!
06-06 19:36:59.540 365 3985 D omx_thread: : +++++ self->mThread: 3924959712
06-06 19:36:59.540 365 3985 D omx_thread: : thread decode start to run!
06-06 19:36:59.541 365 3985 D omx_thread: : +++++ self->mThread: 3923907040
06-06 19:36:59.541 365 3985 D omx_thread: : thread drain start to run!
06-06 19:36:59.542 365 3994 D cedarc : : result: bStreamWithStartCode[1], with[1], whitout[0]
06-06 19:36:59.545 365 3996 D cedarc : : *** nExtraBufNum[8] = displayHoldNum[5] + rotateHoldNum[0] + smoothNum[3]
06-06 19:36:59.545 365 3996 D cedarc : : **(one output) nFbmNum[16] = maxDPBNum[6] + maxReoderNum[2] + extraNum[8]
06-06 19:36:59.545 365 3996 D cedarc : : h265 initial fbm number: 16, reference pictures: 6. reorder pictures: 2, real_w: 1920, real_h: 1080
06-06 19:36:59.545 365 3996 D cedarc : : **** VeSetAdjustDramSpeedFlag: 0
06-06 19:36:59.545 365 3996 D cedarc : : **** VeSetEnableAfbcFlag: 0
06-06 19:36:59.545 365 3996 D cedarc : : *************** pHevcDec->bEnableAfbcFlag = 0
06-06 19:36:59.545 365 3996 D cedarc : : b10BitStreamFlag = 0, 0
06-06 19:36:59.545 365 3996 D fbm.c : : FbmCreate, total fbm number: 16, decoder needed: 8, nWidth=1920, nHeight=1080 nAlignStride = 32
06-06 19:36:59.545 365 3996 D fbm.c : : *** calcute nLower2BitBufOffset = 0(0.00), stride = 0
06-06 19:36:59.545 365 3996 D fbm.c : : *** calcute nLower2BitBufOffset = 0(0.00), stride = 0
06-06 19:36:59.545 365 3996 D fbm.c : : *** calcute nLower2BitBufOffset = 0(0.00), stride = 0
06-06 19:36:59.545 365 3996 D fbm.c : : *** calcute nLower2BitBufOffset = 0(0.00), stride = 0
06-06 19:36:59.545 365 3996 D fbm.c : : *** calcute nLower2BitBufOffset = 0(0.00), stride = 0
06-06 19:36:59.545 365 3996 D fbm.c : : *** calcute nLower2BitBufOffset = 0(0.00), stride = 0
06-06 19:36:59.545 365 3996 D fbm.c : : *** calcute nLower2BitBufOffset = 0(0.00), stride = 0
06-06 19:36:59.545 365 3996 D fbm.c : : *** calcute nLower2BitBufOffset = 0(0.00), stride = 0
06-06 19:36:59.545 365 3996 D fbm.c : : *** calcute nLower2BitBufOffset = 0(0.00), stride = 0
06-06 19:36:59.545 365 3996 D fbm.c : : *** calcute nLower2BitBufOffset = 0(0.00), stride = 0
06-06 19:36:59.546 365 3996 D fbm.c : : *** calcute nLower2BitBufOffset = 0(0.00), stride = 0
06-06 19:36:59.546 365 3996 D fbm.c : : *** calcute nLower2BitBufOffset = 0(0.00), stride = 0
06-06 19:36:59.546 365 3996 D fbm.c : : *** calcute nLower2BitBufOffset = 0(0.00), stride = 0
06-06 19:36:59.546 365 3996 D fbm.c : : *** calcute nLower2BitBufOffset = 0(0.00), stride = 0
06-06 19:36:59.546 365 3996 D fbm.c : : *** calcute nLower2BitBufOffset = 0(0.00), stride = 0
06-06 19:36:59.546 365 3996 D fbm.c : : *** calcute nLower2BitBufOffset = 0(0.00), stride = 0
06-06 19:36:59.546 365 3996 D fbm.c : : *** finish fbmCreateBuffer
06-06 19:36:59.546 365 3997 D omx_vdec_aw: : video buffer info: nWidth[1920],nHeight[1088],nBufferCount[16],ePixelFormat[4]
06-06 19:36:59.546 365 3997 D omx_vdec_aw: : video buffer info: nAlignValue[32],bProgressiveFlag[1],bIsSoftDecoderFlag[0]
06-06 19:36:59.546 365 3997 D omx_vdec_aw: : **** nExtendFlag = 0
06-06 19:36:59.546 365 3997 D omx_vdec_aw: : *** bBufferNumMatchFlag = 0
06-06 19:36:59.546 365 3997 D omx_vdec_aw: : ************** port setting change ************
06-06 19:36:59.546 365 3997 D omx_vdec_aw: : **** buffer num: 9, 16; w&h: 1920, 1080, 1920, 1088
06-06 19:36:59.546 365 3997 D omx_vdec: : *******AW_OMX_CB_PORT_CHANGE
06-06 19:36:59.547 365 423 W omx_vdec: <__AwOmxVdecGetConfig:1635>: +++++ get display crop: top[0],left[0],width[1920],height[1080]
06-06 19:36:59.548 365 365 D omx_vdec_aw: <__anGetExtConfig:3045>: get ColorAspects: R:0, P:0, M:0, T:0
06-06 19:36:59.548 365 365 D omx_vdec_aw: <__anGetExtConfig:3045>: get ColorAspects: R:0, P:0, M:0, T:0
06-06 19:36:59.548 365 365 E OMXNodeInstance: getConfig(0xf0a6f000:allwinner.decoder.hevc, ??(0x7f100007)) ERROR: UnsupportedSetting(0x80001019)
06-06 19:36:59.548 3613 3984 W ColorUtils: expected specified color aspects (0:0:0:0)
06-06 19:36:59.548 365 3985 D omx_thread: : ++++++++++suspend, drain
06-06 19:36:59.548 365 3997 D omx_thread: : post stop run sem drain
06-06 19:36:59.548 365 3985 D omx_thread: : ++++++++wait stop-run sem done: drain
06-06 19:36:59.548 365 365 D omx_vdec: : port:>>>>>>>out, pBufferHdr:0xf0a6f880
06-06 19:36:59.548 365 3985 D omx_vdec: : ****stop port****, portIdx:1
06-06 19:36:59.549 365 365 D omx_vdec: : port:>>>>>>>out, pBufferHdr:0xf0a6f830
06-06 19:36:59.550 365 365 D omx_vdec: : port:>>>>>>>out, pBufferHdr:0xf0a6f7e0
06-06 19:36:59.550 365 365 D omx_vdec: : port:>>>>>>>out, pBufferHdr:0xf0a6f790
06-06 19:36:59.550 365 365 D omx_vdec: : port:>>>>>>>out, pBufferHdr:0xf0a6f740
06-06 19:36:59.551 365 365 D omx_vdec: : port:>>>>>>>out, pBufferHdr:0xf0a6f600
06-06 19:36:59.551 365 365 D omx_vdec: : port:>>>>>>>out, pBufferHdr:0xf0a6f650
06-06 19:36:59.552 365 365 D omx_vdec: : port:>>>>>>>out, pBufferHdr:0xf0a6f6a0
06-06 19:36:59.552 365 365 D omx_vdec: : port:>>>>>>>out, pBufferHdr:0xf0a6f6f0
06-06 19:36:59.553 3613 3991 I virtual Data FFDemuxer::read(): read frame ret: End of file latestReceivedTime: 14933 getTotalTimeMillis: 7500 is exit: 0
06-06 19:36:59.553 3613 3991 I virtual Data FFDemuxer::read(): smooth loop
06-06 19:36:59.553 3613 3991 D virtual Data FFDemuxer::read(): seekTargetTime :0 seek_by_bytes: 0 protocolName: file isNetworkProtocol: 0
06-06 19:36:59.553 3613 3991 D virtual Data FFDemuxer::read(): seekTime :0
06-06 19:36:59.553 3613 3991 D virtual Data FFDemuxer::read(): avformat_seek_file ret: 0
06-06 19:36:59.560 365 3985 D omx_vdec: : restart port command. portIdx:1,m_state:OMX_StateExecuting
06-06 19:36:59.561 365 423 W omx_vdec: <__AwOmxVdecGetExtensionIndex:1737>: GetExtensionIndex OMX.google.android.index.AndroidNativeBufferConsumerUsage, err [0x80001001].
06-06 19:36:59.561 365 423 D omx_vdec_aw: <__anGetExtPara:2902>: ===== get usage: 400400
06-06 19:36:59.561 3613 3984 D SurfaceUtils: disconnecting from surface 0xf108b408, reason setNativeWindowSizeFormatAndUsage
06-06 19:36:59.561 3613 3991 I virtual Data FFDemuxer::read(): read frame ret: End of file latestReceivedTime: 22433 getTotalTimeMillis: 7500 is exit: 0
06-06 19:36:59.561 3613 3991 I virtual Data FFDemuxer::read(): smooth loop
06-06 19:36:59.561 3613 3991 D virtual Data FFDemuxer::read(): seekTargetTime :0 seek_by_bytes: 0 protocolName: file isNetworkProtocol: 0
06-06 19:36:59.561 3613 3991 D virtual Data FFDemuxer::read(): seekTime :0
06-06 19:36:59.561 3613 3991 D virtual Data FFDemuxer::read(): avformat_seek_file ret: 0
06-06 19:36:59.563 3613 3984 D SurfaceUtils: connecting to surface 0xf108b408, reason setNativeWindowSizeFormatAndUsage
06-06 19:36:59.563 3613 3984 D SurfaceUtils: set up nativeWindow 0xf108b408 for 1920x1088, color 0x32315659, rotation 0, usage 0x402d00
06-06 19:36:59.563 365 423 D omx_vdec: : port:>>>>>>>out,nBufferCountActual = 16, mBufferCntActual = 9
06-06 19:36:59.563 365 423 D omx_vdec: : ****port, extbuf:5
06-06 19:36:59.564 365 423 D omx_vdec: : PORT:>>>>>>>out, x allocate 16 buffers.
06-06 19:36:59.567 253 253 I gralloc : alloc buffer:W:1920 H:1088 S:1920 PL[1920 1088] SZ:3133504 fmt:842094169 if:0 af:842094169 usg:400900 fg:00000004
06-06 19:36:59.569 365 423 D omx_vdec: : >>>>>>>out port add buffer: 0xf0a6e100
06-06 19:36:59.573 253 253 I gralloc : alloc buffer:W:1920 H:1088 S:1920 PL[1920 1088] SZ:3133504 fmt:842094169 if:0 af:842094169 usg:400900 fg:00000004
06-06 19:36:59.575 365 423 D omx_vdec: : >>>>>>>out port add buffer: 0xf0a6e200
06-06 19:36:59.577 253 253 I gralloc : alloc buffer:W:1920 H:1088 S:1920 PL[1920 1088] SZ:3133504 fmt:842094169 if:0 af:842094169 usg:400900 fg:00000004
06-06 19:36:59.579 365 423 D omx_vdec: : >>>>>>>out port add buffer: 0xf0a6e300
06-06 19:36:59.582 253 253 I gralloc : alloc buffer:W:1920 H:1088 S:1920 PL[1920 1088] SZ:3133504 fmt:842094169 if:0 af:842094169 usg:400900 fg:00000004
06-06 19:36:59.582 3613 3991 I virtual Data FFDemuxer::read(): read frame ret: End of file latestReceivedTime: 29933 getTotalTimeMillis: 7500 is exit: 0
06-06 19:36:59.582 3613 3991 I virtual Data FFDemuxer::read(): smooth loop
06-06 19:36:59.582 3613 3991 D virtual Data FFDemuxer::read(): seekTargetTime :0 seek_by_bytes: 0 protocolName: file isNetworkProtocol: 0
06-06 19:36:59.582 3613 3991 D virtual Data FFDemuxer::read(): seekTime :0
06-06 19:36:59.582 3613 3991 D virtual Data FFDemuxer::read(): avformat_seek_file ret: 0
06-06 19:36:59.584 365 423 D omx_vdec: : >>>>>>>out port add buffer: 0xf0a6e400
06-06 19:36:59.587 253 253 I gralloc : alloc buffer:W:1920 H:1088 S:1920 PL[1920 1088] SZ:3133504 fmt:842094169 if:0 af:842094169 usg:400900 fg:00000004
06-06 19:36:59.589 365 423 D omx_vdec: : >>>>>>>out port add buffer: 0xf0a6e500
06-06 19:36:59.593 253 253 I gralloc : alloc buffer:W:1920 H:1088 S:1920 PL[1920 1088] SZ:3133504 fmt:842094169 if:0 af:842094169 usg:400900 fg:00000004
06-06 19:36:59.594 3613 3991 I virtual Data FFDemuxer::read(): read frame ret: End of file latestReceivedTime: 37433 getTotalTimeMillis: 7500 is exit: 0
06-06 19:36:59.594 3613 3991 I virtual Data FFDemuxer::read(): smooth loop
06-06 19:36:59.595 3613 3991 D virtual Data FFDemuxer::read(): seekTargetTime :0 seek_by_bytes: 0 protocolName: file isNetworkProtocol: 0
06-06 19:36:59.595 3613 3991 D virtual Data FFDemuxer::read(): seekTime :0
06-06 19:36:59.595 3613 3991 D virtual Data FFDemuxer::read(): avformat_seek_file ret: 0
06-06 19:36:59.595 365 423 D omx_vdec: : >>>>>>>out port add buffer: 0xf0a6e600
06-06 19:36:59.599 253 253 I gralloc : alloc buffer:W:1920 H:1088 S:1920 PL[1920 1088] SZ:3133504 fmt:842094169 if:0 af:842094169 usg:400900 fg:00000004
06-06 19:36:59.602 365 423 D omx_vdec: : >>>>>>>out port add buffer: 0xf0a6e700
06-06 19:36:59.606 253 253 I gralloc : alloc buffer:W:1920 H:1088 S:1920 PL[1920 1088] SZ:3133504 fmt:842094169 if:0 af:842094169 usg:400900 fg:00000004
06-06 19:36:59.606 3613 3991 I virtual Data FFDemuxer::read(): read frame ret: End of file latestReceivedTime: 44933 getTotalTimeMillis: 7500 is exit: 0
06-06 19:36:59.606 3613 3991 I virtual Data FFDemuxer::read(): smooth loop
06-06 19:36:59.606 3613 3991 D virtual Data FFDemuxer::read(): seekTargetTime :0 seek_by_bytes: 0 protocolName: file isNetworkProtocol: 0
06-06 19:36:59.606 3613 3991 D virtual Data FFDemuxer::read(): seekTime :0
06-06 19:36:59.606 3613 3991 D virtual Data FFDemuxer::read(): avformat_seek_file ret: 0
06-06 19:36:59.609 365 423 D omx_vdec: : >>>>>>>out port add buffer: 0xf0a6e800
06-06 19:36:59.613 253 253 I gralloc : alloc buffer:W:1920 H:1088 S:1920 PL[1920 1088] SZ:3133504 fmt:842094169 if:0 af:842094169 usg:400900 fg:00000004
06-06 19:36:59.615 365 423 D omx_vdec: : >>>>>>>out port add buffer: 0xf0a6e900
06-06 19:36:59.617 253 253 I gralloc : alloc buffer:W:1920 H:1088 S:1920 PL[1920 1088] SZ:3133504 fmt:842094169 if:0 af:842094169 usg:400900 fg:00000004
06-06 19:36:59.619 365 423 D omx_vdec: : >>>>>>>out port add buffer: 0xf0a6ea00
06-06 19:36:59.620 3613 3991 I virtual Data FFDemuxer::read(): read frame ret: End of file latestReceivedTime: 52433 getTotalTimeMillis: 7500 is exit: 0
06-06 19:36:59.620 3613 3991 I virtual Data FFDemuxer::read(): smooth loop
06-06 19:36:59.620 3613 3991 D virtual Data FFDemuxer::read(): seekTargetTime :0 seek_by_bytes: 0 protocolName: file isNetworkProtocol: 0
06-06 19:36:59.620 3613 3991 D virtual Data FFDemuxer::read(): seekTime :0
06-06 19:36:59.620 3613 3991 D virtual Data FFDemuxer::read(): avformat_seek_file ret: 0
06-06 19:36:59.623 253 253 I gralloc : alloc buffer:W:1920 H:1088 S:1920 PL[1920 1088] SZ:3133504 fmt:842094169 if:0 af:842094169 usg:400900 fg:00000004
06-06 19:36:59.625 365 423 D omx_vdec: : >>>>>>>out port add buffer: 0xf0a6eb00
06-06 19:36:59.628 253 253 I gralloc : alloc buffer:W:1920 H:1088 S:1920 PL[1920 1088] SZ:3133504 fmt:842094169 if:0 af:842094169 usg:400900 fg:00000004
06-06 19:36:59.630 365 423 D omx_vdec: : >>>>>>>out port add buffer: 0xf0a6ec00
06-06 19:36:59.633 3613 3991 I virtual Data FFDemuxer::read(): read frame ret: End of file latestReceivedTime: 59933 getTotalTimeMillis: 7500 is exit: 0
06-06 19:36:59.633 3613 3991 I virtual Data FFDemuxer::read(): smooth loop
06-06 19:36:59.633 3613 3991 D virtual Data FFDemuxer::read(): seekTargetTime :0 seek_by_bytes: 0 protocolName: file isNetworkProtocol: 0
06-06 19:36:59.633 3613 3991 D virtual Data FFDemuxer::read(): seekTime :0
06-06 19:36:59.633 3613 3991 D virtual Data FFDemuxer::read(): avformat_seek_file ret: 0
06-06 19:36:59.633 253 253 I gralloc : alloc buffer:W:1920 H:1088 S:1920 PL[1920 1088] SZ:3133504 fmt:842094169 if:0 af:842094169 usg:400900 fg:00000004
06-06 19:36:59.635 365 423 D omx_vdec: : >>>>>>>out port add buffer: 0xf0a6ed00
06-06 19:36:59.639 253 253 I gralloc : alloc buffer:W:1920 H:1088 S:1920 PL[1920 1088] SZ:3133504 fmt:842094169 if:0 af:842094169 usg:400900 fg:00000004
06-06 19:36:59.641 365 423 D omx_vdec: : >>>>>>>out port add buffer: 0xf0a6ee00
06-06 19:36:59.642 253 253 I gralloc : alloc buffer:W:1920 H:1088 S:1920 PL[1920 1088] SZ:3133504 fmt:842094169 if:0 af:842094169 usg:400900 fg:00000004
06-06 19:36:59.644 3613 3991 I virtual Data FFDemuxer::read(): read frame ret: End of file latestReceivedTime: 67433 getTotalTimeMillis: 7500 is exit: 0
06-06 19:36:59.644 3613 3991 I virtual Data FFDemuxer::read(): smooth loop
06-06 19:36:59.644 3613 3991 D virtual Data FFDemuxer::read(): seekTargetTime :0 seek_by_bytes: 0 protocolName: file isNetworkProtocol: 0
06-06 19:36:59.644 3613 3991 D virtual Data FFDemuxer::read(): seekTime :0
06-06 19:36:59.644 3613 3991 D virtual Data FFDemuxer::read(): avformat_seek_file ret: 0
06-06 19:36:59.644 365 423 D omx_vdec: : >>>>>>>out port add buffer: 0xf0a6ef00
06-06 19:36:59.646 253 253 I gralloc : alloc buffer:W:1920 H:1088 S:1920 PL[1920 1088] SZ:3133504 fmt:842094169 if:0 af:842094169 usg:400900 fg:00000004
06-06 19:36:59.648 365 423 D omx_vdec: : >>>>>>>out port add buffer: 0xf07ff000
06-06 19:36:59.652 365 3985 D omx_thread: : ++++++++++resume, drain
06-06 19:36:59.655 365 3997 D omx_vdec_aw: : *** call SetVideoFbmBufAddress: pVideoPicture(0xf0754018), bufFd: 21
06-06 19:36:59.657 3613 3991 I virtual Data FFDemuxer::read(): read frame ret: End of file latestReceivedTime: 74933 getTotalTimeMillis: 7500 is exit: 0
06-06 19:36:59.657 3613 3991 I virtual Data FFDemuxer::read(): smooth loop
06-06 19:36:59.657 3613 3991 D virtual Data FFDemuxer::read(): seekTargetTime :0 seek_by_bytes: 0 protocolName: file isNetworkProtocol: 0
06-06 19:36:59.657 3613 3991 D virtual Data FFDemuxer::read(): seekTime :0
06-06 19:36:59.657 3613 3991 D virtual Data FFDemuxer::read(): avformat_seek_file ret: 0
06-06 19:36:59.659 365 3997 D omx_vdec_aw: : *** call SetVideoFbmBufAddress: pVideoPicture(0xf0754150), bufFd: 23
06-06 19:36:59.662 365 3997 D omx_vdec_aw: : *** call SetVideoFbmBufAddress: pVideoPicture(0xf0754288), bufFd: 45
06-06 19:36:59.665 365 3997 D omx_vdec_aw: : *** call SetVideoFbmBufAddress: pVideoPicture(0xf07543c0), bufFd: 47
06-06 19:36:59.666 365 3997 D omx_vdec_aw: : *** call SetVideoFbmBufAddress: pVideoPicture(0xf07544f8), bufFd: 49
06-06 19:36:59.666 365 3997 D omx_vdec_aw: : *** call SetVideoFbmBufAddress: pVideoPicture(0xf0754630), bufFd: 51
06-06 19:36:59.667 365 3997 D omx_vdec_aw: : *** call SetVideoFbmBufAddress: pVideoPicture(0xf0754768), bufFd: 53
06-06 19:36:59.668 365 423 W omx_vdec: <__AwOmxVdecGetConfig:1635>: +++++ get display crop: top[0],left[0],width[1920],height[1080]
06-06 19:36:59.668 365 423 D omx_vdec_aw: <__anGetExtConfig:3045>: get ColorAspects: R:2, P:1, M:1, T:66
06-06 19:36:59.669 365 423 D omx_vdec_aw: <__anGetExtConfig:3045>: get ColorAspects: R:2, P:1, M:1, T:66
06-06 19:36:59.669 365 423 E OMXNodeInstance: getConfig(0xf0a6f000:allwinner.decoder.hevc, ??(0x7f100007)) ERROR: UnsupportedSetting(0x80001019)
06-06 19:36:59.670 365 3997 D omx_vdec_aw: : *** call SetVideoFbmBufAddress: pVideoPicture(0xf07548a0), bufFd: 55
06-06 19:36:59.673 365 3997 D omx_vdec_aw: : *** call SetVideoFbmBufAddress: pVideoPicture(0xf07549d8), bufFd: 57
06-06 19:36:59.676 3613 3991 I virtual Data FFDemuxer::read(): read frame ret: End of file latestReceivedTime: 82433 getTotalTimeMillis: 7500 is exit: 0
06-06 19:36:59.676 365 3997 D omx_vdec_aw: : *** call SetVideoFbmBufAddress: pVideoPicture(0xf0754b10), bufFd: 59
06-06 19:36:59.676 3613 3991 I virtual Data FFDemuxer::read(): smooth loop
06-06 19:36:59.676 3613 3991 D virtual Data FFDemuxer::read(): seekTargetTime :0 seek_by_bytes: 0 protocolName: file isNetworkProtocol: 0
06-06 19:36:59.676 3613 3991 D virtual Data FFDemuxer::read(): seekTime :0
06-06 19:36:59.676 3613 3991 D virtual Data FFDemuxer::read(): avformat_seek_file ret: 0
06-06 19:36:59.677 365 3997 D omx_vdec_aw: : *** call SetVideoFbmBufAddress: pVideoPicture(0xf0754c48), bufFd: 61
06-06 19:36:59.679 3613 3992 I void Player::setState(PLAYER_STATE): state changed newState: 3 oldState: 2
06-06 19:36:59.682 365 3997 D omx_vdec_aw: : *** call SetVideoFbmBufAddress: pVideoPicture(0xf0754d80), bufFd: 63
06-06 19:36:59.684 3613 3992 D LeradPlayer: player newState: 3 oldState: 2
06-06 19:36:59.688 3613 3991 I virtual Data FFDemuxer::read(): read frame ret: End of file latestReceivedTime: 89933 getTotalTimeMillis: 7500 is exit: 0
06-06 19:36:59.688 3613 3991 I virtual Data FFDemuxer::read(): smooth loop
06-06 19:36:59.688 3613 3991 D virtual Data FFDemuxer::read(): seekTargetTime :0 seek_by_bytes: 0 protocolName: file isNetworkProtocol: 0
06-06 19:36:59.688 3613 3991 D virtual Data FFDemuxer::read(): seekTime :0
06-06 19:36:59.688 3613 3991 D virtual Data FFDemuxer::read(): avformat_seek_file ret: 0
06-06 19:36:59.702 3613 3991 I virtual Data FFDemuxer::read(): read frame ret: End of file latestReceivedTime: 97433 getTotalTimeMillis: 7500 is exit: 0
06-06 19:36:59.703 3613 3991 I virtual Data FFDemuxer::read(): smooth loop
06-06 19:36:59.703 3613 3991 D virtual Data FFDemuxer::read(): seekTargetTime :0 seek_by_bytes: 0 protocolName: file isNetworkProtocol: 0
06-06 19:36:59.703 3613 3991 D virtual Data FFDemuxer::read(): seekTime :0
06-06 19:36:59.703 3613 3991 D virtual Data FFDemuxer::read(): avformat_seek_file ret: 0
06-06 19:36:59.715 3613 3991 I virtual Data FFDemuxer::read(): read frame ret: End of file latestReceivedTime: 104933 getTotalTimeMillis: 7500 is exit: 0
06-06 19:36:59.716 3613 3991 I virtual Data FFDemuxer::read(): smooth loop
06-06 19:36:59.716 3613 3991 D virtual Data FFDemuxer::read(): seekTargetTime :0 seek_by_bytes: 0 protocolName: file isNetworkProtocol: 0
06-06 19:36:59.716 3613 3991 D virtual Data FFDemuxer::read(): seekTime :0
06-06 19:36:59.716 3613 3991 D virtual Data FFDemuxer::read(): avformat_seek_file ret: 0
06-06 19:36:59.726 3613 3623 I rad.screensave: Background concurrent copying GC freed 8726(1453KB) AllocSpace objects, 16(2600KB) LOS objects, 49% free, 4001KB/8002KB, paused 279us total 200.921ms
06-06 19:36:59.731 365 3997 D omx_vdec_aw: : *** call SetVideoFbmBufAddress: pVideoPicture(0xf0754eb8), bufFd: 65
06-06 19:36:59.732 3613 3991 I virtual Data FFDemuxer::read(): read frame ret: End of file latestReceivedTime: 112433 getTotalTimeMillis: 7500 is exit: 0
06-06 19:36:59.732 3613 3991 I virtual Data FFDemuxer::read(): smooth loop
06-06 19:36:59.733 3613 3991 D virtual Data FFDemuxer::read(): seekTargetTime :0 seek_by_bytes: 0 protocolName: file isNetworkProtocol: 0
06-06 19:36:59.733 3613 3991 D virtual Data FFDemuxer::read(): seekTime :0
06-06 19:36:59.733 3613 3991 D virtual Data FFDemuxer::read(): avformat_seek_file ret: 0
06-06 19:36:59.736 657 657 E WifiHAL : wifi_get_link_stats: requestResponse Error:-5
06-06 19:36:59.741 475 607 E WifiVendorHal: getWifiLinkLayerStats_1_5_Internal(l.1191) failed {.code = ERROR_INVALID_ARGS, .description = }
06-06 19:36:59.745 365 3997 D omx_vdec_aw: : *** call SetVideoFbmBufAddress: pVideoPicture(0xf0754ff0), bufFd: 67
06-06 19:36:59.754 3613 3991 I virtual Data FFDemuxer::read(): read frame ret: End of file latestReceivedTime: 119933 getTotalTimeMillis: 7500 is exit: 0
06-06 19:36:59.754 3613 3991 I virtual Data FFDemuxer::read(): smooth loop
06-06 19:36:59.754 3613 3991 D virtual Data FFDemuxer::read(): seekTargetTime :0 seek_by_bytes: 0 protocolName: file isNetworkProtocol: 0
06-06 19:36:59.754 3613 3991 D virtual Data FFDemuxer::read(): seekTime :0
06-06 19:36:59.754 3613 3991 D virtual Data FFDemuxer::read(): avformat_seek_file ret: 0
06-06 19:36:59.761 365 3997 D omx_vdec_aw: : *** call SetVideoFbmBufAddress: pVideoPicture(0xf0755128), bufFd: 69
06-06 19:36:59.771 3613 3991 I virtual Data FFDemuxer::read(): read frame ret: End of file latestReceivedTime: 127433 getTotalTimeMillis: 7500 is exit: 0
06-06 19:36:59.773 3613 3991 I virtual Data FFDemuxer::read(): smooth loop
06-06 19:36:59.773 3613 3991 D virtual Data FFDemuxer::read(): seekTargetTime :0 seek_by_bytes: 0 protocolName: file isNetworkProtocol: 0
06-06 19:36:59.773 3613 3991 D virtual Data FFDemuxer::read(): seekTime :0
06-06 19:36:59.773 3613 3991 D virtual Data FFDemuxer::read(): avformat_seek_file ret: 0
06-06 19:36:59.775 365 3997 D omx_vdec_aw: : *** call SetVideoFbmBufAddress: pVideoPicture(0xf0755260), bufFd: 71
06-06 19:36:59.807 3613 3991 I virtual Data FFDemuxer::read(): read frame ret: End of file latestReceivedTime: 134933 getTotalTimeMillis: 7500 is exit: 0
06-06 19:36:59.807 3613 3991 I virtual Data FFDemuxer::read(): smooth loop
06-06 19:36:59.807 3613 3991 D virtual Data FFDemuxer::read(): seekTargetTime :0 seek_by_bytes: 0 protocolName: file isNetworkProtocol: 0
06-06 19:36:59.807 3613 3991 D virtual Data FFDemuxer::read(): seekTime :0
06-06 19:36:59.807 3613 3991 D virtual Data FFDemuxer::read(): avformat_seek_file ret: 0
