01-01 08:06:20.859 381 381 I : DVI mode selected: packets not configured
01-01 08:06:20.859 381 381 I : Error: set vsif failed
01-01 08:06:20.859 381 381 I : DVI mode selected: packets not configured
01-01 08:06:20.859 381 381 I : Error: set vsif failed
01-01 08:06:20.912 381 381 I : DVI mode selected: packets not configured
01-01 08:06:20.912 381 381 I : Error: set vsif failed
01-01 08:06:20.912 381 381 I : DVI mode selected: packets not configured
01-01 08:06:20.912 381 381 I : Error: set vsif failed
01-01 08:06:20.947 381 381 I : DVI mode selected: packets not configured
01-01 08:06:20.947 381 381 I : Error: set vsif failed
01-01 08:06:20.947 381 381 I : DVI mode selected: packets not configured
01-01 08:06:20.947 381 381 I : Error: set vsif failed
01-01 08:06:20.980 381 381 I : DVI mode selected: packets not configured
01-01 08:06:20.980 381 381 I : Error: set vsif failed
01-01 08:06:20.980 381 381 I : DVI mode selected: packets not configured
01-01 08:06:20.980 381 381 I : Error: set vsif failed
06-06 19:35:57.517 3613 3623 I rad.screensave: Background concurrent copying GC freed 2242(3080KB) AllocSpace objects, 33(1152KB) LOS objects, 49% free, 4081KB/8161KB, paused 150us total 158.137ms
06-06 19:35:57.967 365 3801 D omx_vdec_aw: : video pts(60.000)
06-06 19:35:57.985 475 519 W IorapForwardingService: No service published for: iorapd
06-06 19:35:58.967 365 3801 D omx_vdec_aw: : video pts(61.000)
06-06 19:35:58.988 475 519 W IorapForwardingService: No service published for: iorapd
06-06 19:35:59.020 2264 2341 D UtilLog : 日志批量上报 进行正常循环 !!!!!!本次有0次请求,共0条数据
06-06 19:35:59.258 657 657 E WifiHAL : wifi_get_link_stats: requestResponse Error:-5
06-06 19:35:59.270 475 607 E WifiVendorHal: getWifiLinkLayerStats_1_5_Internal(l.1191) failed {.code = ERROR_INVALID_ARGS, .description = }
06-06 19:35:59.980 365 3801 D omx_vdec_aw: : video pts(62.000)
06-06 19:35:59.989 475 519 W IorapForwardingService: No service published for: iorapd
06-06 19:36:00.021 1047 1360 E ccc : cccccc sendCycleCheckBroadcast
06-06 19:36:00.022 1047 1360 W ContextImpl: Calling a method in the system process without a qualified user: android.app.ContextImpl.sendBroadcast:1173 android.content.ContextWrapper.sendBroadcast:479 com.dangbei.etna.setting.core.SettingHelper.sendCycleToProjector:250 com.dangbei.etna.setting.core.SettingHelper.sendCycleCheckBroadcast:219 com.dangbei.etna.setting.core.SettingHelper.startLoop$lambda-0:177
06-06 19:36:00.028 1047 1360 W ContextImpl: Calling a method in the system process without a qualified user: android.app.ContextImpl.sendBroadcast:1173 android.content.ContextWrapper.sendBroadcast:479 com.dangbei.etna.setting.core.SettingHelper.sendCycleToVoice:235 com.dangbei.etna.setting.core.SettingHelper.sendCycleCheckBroadcast:220 com.dangbei.etna.setting.core.SettingHelper.startLoop$lambda-0:177
06-06 19:36:00.040 475 1344 E ActivityManager: Sending non-protected broadcast com.dangbei.etna.setting.action_cycle_check_broadcast from system 1047:com.dangbei.lerad.etna.haqu/1000 pkg com.dangbei.lerad.etna.haqu
06-06 19:36:00.040 475 1344 E ActivityManager: java.lang.Throwable
06-06 19:36:00.040 475 1344 E ActivityManager: at com.android.server.am.ActivityManagerService.checkBroadcastFromSystem(ActivityManagerService.java:12816)
06-06 19:36:00.040 475 1344 E ActivityManager: at com.android.server.am.ActivityManagerService.broadcastIntentLocked(ActivityManagerService.java:13513)
06-06 19:36:00.040 475 1344 E ActivityManager: at com.android.server.am.ActivityManagerService.broadcastIntentLocked(ActivityManagerService.java:12833)
06-06 19:36:00.040 475 1344 E ActivityManager: at com.android.server.am.ActivityManagerService.broadcastIntentWithFeature(ActivityManagerService.java:13670)
06-06 19:36:00.040 475 1344 E ActivityManager: at android.app.IActivityManager$Stub.onTransact(IActivityManager.java:2326)
06-06 19:36:00.040 475 1344 E ActivityManager: at com.android.server.am.ActivityManagerService.onTransact(ActivityManagerService.java:2509)
06-06 19:36:00.040 475 1344 E ActivityManager: at android.os.Binder.execTransactInternal(Binder.java:1179)
06-06 19:36:00.040 475 1344 E ActivityManager: at android.os.Binder.execTransact(Binder.java:1143)
06-06 19:36:00.047 475 538 I DropBoxManagerService: add tag=system_server_wtf isTagEnabled=true flags=0x2
06-06 19:36:00.082 1359 1359 D RockyVoice: RestartReceiver onReceive
06-06 19:36:00.514 1047 1329 E dangbei111: cccccc 开始扫描
06-06 19:36:00.514 1047 1329 D BluetoothAdapter: isLeEnabled(): ON
06-06 19:36:00.966 365 3801 D omx_vdec_aw: : video pts(63.000)
06-06 19:36:00.990 475 519 W IorapForwardingService: No service published for: iorapd
06-06 19:36:01.971 365 3801 D omx_vdec_aw: : video pts(64.000)
06-06 19:36:01.992 475 519 W IorapForwardingService: No service published for: iorapd
01-01 08:06:25.859 381 381 W hdr10p_Configure: 292 callbacks suppressed
01-01 08:06:25.859 381 381 I : DVI mode selected: packets not configured
01-01 08:06:25.859 381 381 W set_vsif_config: 292 callbacks suppressed
01-01 08:06:25.859 381 381 I : Error: set vsif failed
01-01 08:06:25.859 381 381 I : DVI mode selected: packets not configured
01-01 08:06:25.859 381 381 I : Error: set vsif failed
06-06 19:36:02.250 365 3799 I cedarc : : stream buffer 0 ring back.
01-01 08:06:25.895 381 381 I : DVI mode selected: packets not configured
01-01 08:06:25.895 381 381 I : Error: set vsif failed
01-01 08:06:25.896 381 381 I : DVI mode selected: packets not configured
01-01 08:06:25.896 381 381 I : Error: set vsif failed
01-01 08:06:25.925 381 381 I : DVI mode selected: packets not configured
01-01 08:06:25.925 381 381 I : Error: set vsif failed
01-01 08:06:25.925 381 381 I : DVI mode selected: packets not configured
01-01 08:06:25.925 381 381 I : Error: set vsif failed
06-06 19:36:02.291 657 657 E WifiHAL : wifi_get_link_stats: requestResponse Error:-5
06-06 19:36:02.292 475 607 E WifiVendorHal: getWifiLinkLayerStats_1_5_Internal(l.1191) failed {.code = ERROR_INVALID_ARGS, .description = }
01-01 08:06:25.959 381 381 I : DVI mode selected: packets not configured
01-01 08:06:25.959 381 381 I : Error: set vsif failed
01-01 08:06:25.959 381 381 I : DVI mode selected: packets not configured
01-01 08:06:25.959 381 381 I : Error: set vsif failed
01-01 08:06:25.993 381 381 I : DVI mode selected: packets not configured
01-01 08:06:25.993 381 381 I : Error: set vsif failed
01-01 08:06:25.993 381 381 I : DVI mode selected: packets not configured
01-01 08:06:25.993 381 381 I : Error: set vsif failed
06-06 19:36:02.967 365 3801 D omx_vdec_aw: : video pts(65.000)
06-06 19:36:02.995 475 519 W IorapForwardingService: No service published for: iorapd
06-06 19:36:03.685 3613 3623 I rad.screensave: Background concurrent copying GC freed 2306(3271KB) AllocSpace objects, 55(960KB) LOS objects, 49% free, 3953KB/7906KB, paused 138us total 152.571ms
06-06 19:36:03.907 3613 3795 I virtual Data FFDemuxer::read(): read frame ret: End of file latestReceivedTime: 247433 getTotalTimeMillis: 7500 is exit: 0
06-06 19:36:03.908 3613 3795 I virtual Data FFDemuxer::read(): smooth loop
06-06 19:36:03.908 3613 3795 D virtual Data FFDemuxer::read(): seekTargetTime :0 seek_by_bytes: 0 protocolName: file isNetworkProtocol: 0
06-06 19:36:03.908 3613 3795 D virtual Data FFDemuxer::read(): seekTime :0
06-06 19:36:03.908 3613 3795 D virtual Data FFDemuxer::read(): avformat_seek_file ret: 0
06-06 19:36:03.970 365 3801 D omx_vdec_aw: : video pts(66.000)
06-06 19:36:03.997 475 519 W IorapForwardingService: No service published for: iorapd
06-06 19:36:04.952 1142 1142 D aaa : LedStatusService onStartCommand begin
06-06 19:36:04.955 1142 3917 D aaa : topPkg is -------------- :com.dangbei.leard.leradlauncher
06-06 19:36:04.971 1200 1200 D bbb : onStartCommand begin !!!!!!! data分区剩余 24969MB
06-06 19:36:04.975 365 3801 D omx_vdec_aw: : video pts(67.000)
06-06 19:36:05.003 475 519 W IorapForwardingService: No service published for: iorapd
06-06 19:36:05.316 657 657 E WifiHAL : wifi_get_link_stats: requestResponse Error:-5
06-06 19:36:05.317 475 607 E WifiVendorHal: getWifiLinkLayerStats_1_5_Internal(l.1191) failed {.code = ERROR_INVALID_ARGS, .description = }
06-06 19:36:05.972 365 3801 D omx_vdec_aw: : video pts(68.000)
06-06 19:36:06.007 475 519 W IorapForwardingService: No service published for: iorapd
06-06 19:36:06.692 3613 3655 I wa : pv stat is disabled
06-06 19:36:07.000 365 3801 D omx_vdec_aw: : video pts(69.000)
06-06 19:36:07.013 475 519 W IorapForwardingService: No service published for: iorapd
01-01 08:06:30.891 381 381 W hdr10p_Configure: 292 callbacks suppressed
01-01 08:06:30.891 381 381 I : DVI mode selected: packets not configured
01-01 08:06:30.891 381 381 W set_vsif_config: 292 callbacks suppressed
01-01 08:06:30.891 381 381 I : Error: set vsif failed
01-01 08:06:30.891 381 381 I : DVI mode selected: packets not configured
01-01 08:06:30.891 381 381 I : Error: set vsif failed
01-01 08:06:30.927 381 381 I : DVI mode selected: packets not configured
01-01 08:06:30.927 381 381 I : Error: set vsif failed
01-01 08:06:30.927 381 381 I : DVI mode selected: packets not configured
01-01 08:06:30.927 381 381 I : Error: set vsif failed
01-01 08:06:30.958 381 381 I : DVI mode selected: packets not configured
01-01 08:06:30.958 381 381 I : Error: set vsif failed
01-01 08:06:30.958 381 381 I : DVI mode selected: packets not configured
01-01 08:06:30.958 381 381 I : Error: set vsif failed
01-01 08:06:30.991 381 381 I : DVI mode selected: packets not configured
01-01 08:06:30.991 381 381 I : Error: set vsif failed
01-01 08:06:30.991 381 381 I : DVI mode selected: packets not configured
01-01 08:06:30.991 381 381 I : Error: set vsif failed
01-01 08:06:31.025 381 381 I : DVI mode selected: packets not configured
01-01 08:06:31.025 381 381 I : Error: set vsif failed
01-01 08:06:31.025 381 381 I : DVI mode selected: packets not configured
01-01 08:06:31.025 381 381 I : Error: set vsif failed
06-06 19:36:07.963 365 3801 D omx_vdec_aw: : video pts(70.000)
06-06 19:36:08.016 475 519 W IorapForwardingService: No service published for: iorapd
06-06 19:36:08.335 657 657 E WifiHAL : wifi_get_link_stats: requestResponse Error:-5
06-06 19:36:08.337 475 607 E WifiVendorHal: getWifiLinkLayerStats_1_5_Internal(l.1191) failed {.code = ERROR_INVALID_ARGS, .description = }
06-06 19:36:08.517 263 277 D hdmi-cec: receive invalid cec message!
06-06 19:36:08.517 263 277 D hdmi-cec: receive poll message [04], skip!
06-06 19:36:08.717 3613 3623 I rad.screensave: Background concurrent copying GC freed 2135(3321KB) AllocSpace objects, 40(688KB) LOS objects, 49% free, 4039KB/8079KB, paused 207us total 146.058ms
06-06 19:36:08.964 365 3801 D omx_vdec_aw: : video pts(71.000)
06-06 19:36:09.018 475 519 W IorapForwardingService: No service published for: iorapd
06-06 19:36:09.020 2264 2341 D UtilLog : 日志批量上报 进行正常循环 !!!!!!本次有0次请求,共0条数据
06-06 19:36:09.608 2942 2951 I gbei.screencas: Background concurrent copying GC freed 54306(6144KB) AllocSpace objects, 0(0B) LOS objects, 49% free, 6065KB/11MB, paused 402us total 202.898ms
06-06 19:36:09.999 365 3801 D omx_vdec_aw: : video pts(72.000)
06-06 19:36:10.020 475 519 W IorapForwardingService: No service published for: iorapd
06-06 19:36:10.999 365 3801 D omx_vdec_aw: : video pts(73.000)
06-06 19:36:11.022 475 519 W IorapForwardingService: No service published for: iorapd
06-06 19:36:11.356 657 657 E WifiHAL : wifi_get_link_stats: requestResponse Error:-5
06-06 19:36:11.358 475 607 E WifiVendorHal: getWifiLinkLayerStats_1_5_Internal(l.1191) failed {.code = ERROR_INVALID_ARGS, .description = }
06-06 19:36:11.383 3613 3795 I virtual Data FFDemuxer::read(): read frame ret: End of file latestReceivedTime: 254933 getTotalTimeMillis: 7500 is exit: 0
06-06 19:36:11.383 3613 3795 I virtual Data FFDemuxer::read(): smooth loop
06-06 19:36:11.383 3613 3795 D virtual Data FFDemuxer::read(): seekTargetTime :0 seek_by_bytes: 0 protocolName: file isNetworkProtocol: 0
06-06 19:36:11.383 3613 3795 D virtual Data FFDemuxer::read(): seekTime :0
06-06 19:36:11.383 3613 3795 D virtual Data FFDemuxer::read(): avformat_seek_file ret: 0
06-06 19:36:11.967 365 3801 D omx_vdec_aw: : video pts(74.000)
06-06 19:36:12.023 475 519 W IorapForwardingService: No service published for: iorapd
01-01 08:06:35.925 381 381 W hdr10p_Configure: 292 callbacks suppressed
01-01 08:06:35.925 381 381 I : DVI mode selected: packets not configured
01-01 08:06:35.925 381 381 W set_vsif_config: 292 callbacks suppressed
01-01 08:06:35.925 381 381 I : Error: set vsif failed
01-01 08:06:35.925 381 381 I : DVI mode selected: packets not configured
01-01 08:06:35.925 381 381 I : Error: set vsif failed
01-01 08:06:35.960 381 381 I : DVI mode selected: packets not configured
01-01 08:06:35.960 381 381 I : Error: set vsif failed
01-01 08:06:35.960 381 381 I : DVI mode selected: packets not configured
01-01 08:06:35.960 381 381 I : Error: set vsif failed
01-01 08:06:35.993 381 381 I : DVI mode selected: packets not configured
01-01 08:06:35.993 381 381 I : Error: set vsif failed
01-01 08:06:35.993 381 381 I : DVI mode selected: packets not configured
01-01 08:06:35.993 381 381 I : Error: set vsif failed
01-01 08:06:36.025 381 381 I : DVI mode selected: packets not configured
01-01 08:06:36.025 381 381 I : Error: set vsif failed
01-01 08:06:36.025 381 381 I : DVI mode selected: packets not configured
01-01 08:06:36.025 381 381 I : Error: set vsif failed
01-01 08:06:36.058 381 381 I : DVI mode selected: packets not configured
01-01 08:06:36.058 381 381 I : Error: set vsif failed
01-01 08:06:36.058 381 381 I : DVI mode selected: packets not configured
01-01 08:06:36.058 381 381 I : Error: set vsif failed
06-06 19:36:12.970 365 3801 D omx_vdec_aw: : video pts(75.000)
06-06 19:36:13.035 475 519 W IorapForwardingService: No service published for: iorapd
06-06 19:36:13.043 1142 1142 D aaa : LedStatusService onStartCommand begin
06-06 19:36:13.057 1142 3929 D aaa : topPkg is -------------- :com.dangbei.leard.leradlauncher
06-06 19:36:13.070 1200 1200 D bbb : onStartCommand begin !!!!!!! data分区剩余 24969MB
06-06 19:36:13.182 3613 3623 I rad.screensave: Background concurrent copying GC freed 838(1225KB) AllocSpace objects, 50(2984KB) LOS objects, 49% free, 3938KB/7875KB, paused 229us total 209.491ms
06-06 19:36:13.965 365 3801 D omx_vdec_aw: : video pts(76.000)
06-06 19:36:14.042 475 519 W IorapForwardingService: No service published for: iorapd
06-06 19:36:14.376 657 657 E WifiHAL : wifi_get_link_stats: requestResponse Error:-5
06-06 19:36:14.382 475 607 E WifiVendorHal: getWifiLinkLayerStats_1_5_Internal(l.1191) failed {.code = ERROR_INVALID_ARGS, .description = }
06-06 19:36:14.982 365 3801 D omx_vdec_aw: : video pts(77.000)
06-06 19:36:15.045 475 519 W IorapForwardingService: No service published for: iorapd
06-06 19:36:15.876 3114 3188 D nStackXCoAP: IsInSameNetwork:[276] :IsInSameNetwork exec
06-06 19:36:15.876 3114 3188 I nStackXDFinder: GetLocalInterfaceDetail:[461] :GetLocalInterfaceDetail in
06-06 19:36:15.876 3114 3188 E nStackXCoAP: IsInSameNetwork:[281] :IsInSameNetwork: not priority process
06-06 19:36:15.876 3114 3188 D nStackXCoAP: ParseServiceDiscover:[330] :new device join
06-06 19:36:15.876 3114 3188 I nStackXDFinder: NotifyDeviceListChanged:[540] :notify callback: device list changed callback is null
06-06 19:36:15.876 3114 3188 E nStackXDFinder: GetLocalIp:[401] :GetLocalIp exec
06-06 19:36:15.965 365 3801 D omx_vdec_aw: : video pts(78.000)
06-06 19:36:15.988 3114 3188 D nStackXCoAP: CoapMessageHandler:[133] :2.01
06-06 19:36:16.047 475 519 W IorapForwardingService: No service published for: iorapd
06-06 19:36:16.087 2264 2338 I TDLog : [APP] New data found, Submitting...
06-06 19:36:16.137 2264 2338 I TDLog : [APP] Failed to submit data!
06-06 19:36:16.188 3114 3188 D nStackXCoAP: IsInSameNetwork:[276] :IsInSameNetwork exec
06-06 19:36:16.188 3114 3188 I nStackXDFinder: GetLocalInterfaceDetail:[461] :GetLocalInterfaceDetail in
06-06 19:36:16.188 3114 3188 E nStackXCoAP: IsInSameNetwork:[281] :IsInSameNetwork: not priority process
06-06 19:36:16.188 3114 3188 D nStackXCoAP: ParseServiceDiscover:[330] :new device join
06-06 19:36:16.188 3114 3188 E nStackXDFinder: GetLocalIp:[401] :GetLocalIp exec
06-06 19:36:16.250 3114 3188 D nStackXCoAP: CoapMessageHandler:[133] :2.01
06-06 19:36:16.920 3114 3188 D nStackXCoAP: IsInSameNetwork:[276] :IsInSameNetwork exec
06-06 19:36:16.920 3114 3188 I nStackXDFinder: GetLocalInterfaceDetail:[461] :GetLocalInterfaceDetail in
06-06 19:36:16.920 3114 3188 E nStackXCoAP: IsInSameNetwork:[281] :IsInSameNetwork: not priority process
06-06 19:36:16.920 3114 3188 D nStackXCoAP: ParseServiceDiscover:[330] :new device join
06-06 19:36:16.920 3114 3188 E nStackXDFinder: GetLocalIp:[401] :GetLocalIp exec
06-06 19:36:16.957 3114 3188 D nStackXCoAP: CoapMessageHandler:[133] :2.01
06-06 19:36:16.969 365 3801 D omx_vdec_aw: : video pts(79.000)
06-06 19:36:17.049 475 519 W IorapForwardingService: No service published for: iorapd
01-01 08:06:40.961 381 381 W hdr10p_Configure: 292 callbacks suppressed
01-01 08:06:40.961 381 381 I : DVI mode selected: packets not configured
01-01 08:06:40.961 381 381 W set_vsif_config: 292 callbacks suppressed
01-01 08:06:40.961 381 381 I : Error: set vsif failed
01-01 08:06:40.962 381 381 I : DVI mode selected: packets not configured
01-01 08:06:40.962 381 381 I : Error: set vsif failed
01-01 08:06:40.993 381 381 I : DVI mode selected: packets not configured
01-01 08:06:40.993 381 381 I : Error: set vsif failed
01-01 08:06:40.993 381 381 I : DVI mode selected: packets not configured
01-01 08:06:40.993 381 381 I : Error: set vsif failed
01-01 08:06:41.026 381 381 I : DVI mode selected: packets not configured
01-01 08:06:41.026 381 381 I : Error: set vsif failed
01-01 08:06:41.026 381 381 I : DVI mode selected: packets not configured
01-01 08:06:41.026 381 381 I : Error: set vsif failed
06-06 19:36:17.397 657 657 E WifiHAL : wifi_get_link_stats: requestResponse Error:-5
06-06 19:36:17.399 475 607 E WifiVendorHal: getWifiLinkLayerStats_1_5_Internal(l.1191) failed {.code = ERROR_INVALID_ARGS, .description = }
01-01 08:06:41.079 381 381 I : DVI mode selected: packets not configured
01-01 08:06:41.079 381 381 I : Error: set vsif failed
01-01 08:06:41.080 381 381 I : DVI mode selected: packets not configured
01-01 08:06:41.080 381 381 I : Error: set vsif failed
06-06 19:36:17.442 3114 3188 D nStackXCoAP: IsInSameNetwork:[276] :IsInSameNetwork exec
06-06 19:36:17.443 3114 3188 I nStackXDFinder: GetLocalInterfaceDetail:[461] :GetLocalInterfaceDetail in
06-06 19:36:17.443 3114 3188 E nStackXCoAP: IsInSameNetwork:[281] :IsInSameNetwork: not priority process
06-06 19:36:17.443 3114 3188 D nStackXCoAP: ParseServiceDiscover:[330] :new device join
06-06 19:36:17.443 3114 3188 E nStackXDFinder: GetLocalIp:[401] :GetLocalIp exec
01-01 08:06:41.094 381 381 I : DVI mode selected: packets not configured
01-01 08:06:41.094 381 381 I : Error: set vsif failed
01-01 08:06:41.094 381 381 I : DVI mode selected: packets not configured
01-01 08:06:41.094 381 381 I : Error: set vsif failed
06-06 19:36:17.511 3114 3188 D nStackXCoAP: CoapMessageHandler:[133] :2.01
06-06 19:36:17.929 3114 3188 D nStackXCoAP: IsInSameNetwork:[276] :IsInSameNetwork exec
06-06 19:36:17.929 3114 3188 I nStackXDFinder: GetLocalInterfaceDetail:[461] :GetLocalInterfaceDetail in
06-06 19:36:17.929 3114 3188 E nStackXCoAP: IsInSameNetwork:[281] :IsInSameNetwork: not priority process
06-06 19:36:17.929 3114 3188 D nStackXCoAP: ParseServiceDiscover:[330] :new device join
06-06 19:36:17.930 3114 3188 E nStackXDFinder: GetLocalIp:[401] :GetLocalIp exec
06-06 19:36:17.945 3114 3188 D nStackXCoAP: CoapMessageHandler:[133] :2.01
06-06 19:36:17.971 365 3801 D omx_vdec_aw: : video pts(80.000)
06-06 19:36:18.051 475 519 W IorapForwardingService: No service published for: iorapd
06-06 19:36:18.482 3114 3188 D nStackXCoAP: IsInSameNetwork:[276] :IsInSameNetwork exec
06-06 19:36:18.482 3114 3188 I nStackXDFinder: GetLocalInterfaceDetail:[461] :GetLocalInterfaceDetail in
06-06 19:36:18.482 3114 3188 E nStackXCoAP: IsInSameNetwork:[281] :IsInSameNetwork: not priority process
06-06 19:36:18.482 3114 3188 D nStackXCoAP: ParseServiceDiscover:[330] :new device join
06-06 19:36:18.483 3114 3188 E nStackXDFinder: GetLocalIp:[401] :GetLocalIp exec
06-06 19:36:18.510 3114 3188 D nStackXCoAP: CoapMessageHandler:[133] :2.01
06-06 19:36:18.722 3613 3623 I rad.screensave: Background concurrent copying GC freed 2073(2736KB) AllocSpace objects, 70(1208KB) LOS objects, 49% free, 3953KB/7907KB, paused 307us total 159.321ms
06-06 19:36:18.884 3613 3795 I virtual Data FFDemuxer::read(): read frame ret: End of file latestReceivedTime: 262433 getTotalTimeMillis: 7500 is exit: 0
06-06 19:36:18.884 3613 3795 I virtual Data FFDemuxer::read(): smooth loop
06-06 19:36:18.884 3613 3795 D virtual Data FFDemuxer::read(): seekTargetTime :0 seek_by_bytes: 0 protocolName: file isNetworkProtocol: 0
06-06 19:36:18.884 3613 3795 D virtual Data FFDemuxer::read(): seekTime :0
06-06 19:36:18.884 3613 3795 D virtual Data FFDemuxer::read(): avformat_seek_file ret: 0
06-06 19:36:18.952 3114 3188 D nStackXCoAP: IsInSameNetwork:[276] :IsInSameNetwork exec
06-06 19:36:18.952 3114 3188 I nStackXDFinder: GetLocalInterfaceDetail:[461] :GetLocalInterfaceDetail in
06-06 19:36:18.952 3114 3188 E nStackXCoAP: IsInSameNetwork:[281] :IsInSameNetwork: not priority process
06-06 19:36:18.952 3114 3188 D nStackXCoAP: ParseServiceDiscover:[330] :new device join
06-06 19:36:18.953 3114 3188 E nStackXDFinder: GetLocalIp:[401] :GetLocalIp exec
06-06 19:36:18.972 365 3801 D omx_vdec_aw: : video pts(81.000)
06-06 19:36:18.976 3114 3188 D nStackXCoAP: CoapMessageHandler:[133] :2.01
06-06 19:36:19.019 2264 2341 D UtilLog : 日志批量上报 进行正常循环 !!!!!!本次有0次请求,共0条数据
06-06 19:36:19.054 475 519 W IorapForwardingService: No service published for: iorapd
06-06 19:36:19.575 3114 3188 D nStackXCoAP: IsInSameNetwork:[276] :IsInSameNetwork exec
06-06 19:36:19.575 3114 3188 I nStackXDFinder: GetLocalInterfaceDetail:[461] :GetLocalInterfaceDetail in
06-06 19:36:19.575 3114 3188 E nStackXCoAP: IsInSameNetwork:[281] :IsInSameNetwork: not priority process
06-06 19:36:19.575 3114 3188 D nStackXCoAP: ParseServiceDiscover:[330] :new device join
06-06 19:36:19.575 3114 3188 E nStackXDFinder: GetLocalIp:[401] :GetLocalIp exec
06-06 19:36:19.746 3114 3188 D nStackXCoAP: CoapMessageHandler:[133] :2.01
06-06 19:36:19.966 365 3801 D omx_vdec_aw: : video pts(82.000)
06-06 19:36:20.057 475 519 W IorapForwardingService: No service published for: iorapd
06-06 19:36:20.075 3114 3188 D nStackXCoAP: IsInSameNetwork:[276] :IsInSameNetwork exec
06-06 19:36:20.075 3114 3188 I nStackXDFinder: GetLocalInterfaceDetail:[461] :GetLocalInterfaceDetail in
06-06 19:36:20.075 3114 3188 E nStackXCoAP: IsInSameNetwork:[281] :IsInSameNetwork: not priority process
06-06 19:36:20.076 3114 3188 D nStackXCoAP: ParseServiceDiscover:[330] :new device join
06-06 19:36:20.076 3114 3188 E nStackXDFinder: GetLocalIp:[401] :GetLocalIp exec
06-06 19:36:20.093 3114 3188 D nStackXCoAP: CoapMessageHandler:[133] :2.01
06-06 19:36:20.417 657 657 E WifiHAL : wifi_get_link_stats: requestResponse Error:-5
06-06 19:36:20.419 475 607 E WifiVendorHal: getWifiLinkLayerStats_1_5_Internal(l.1191) failed {.code = ERROR_INVALID_ARGS, .description = }
06-06 19:36:20.615 3114 3188 D nStackXCoAP: IsInSameNetwork:[276] :IsInSameNetwork exec
06-06 19:36:20.615 3114 3188 I nStackXDFinder: GetLocalInterfaceDetail:[461] :GetLocalInterfaceDetail in
06-06 19:36:20.615 3114 3188 E nStackXCoAP: IsInSameNetwork:[281] :IsInSameNetwork: not priority process
06-06 19:36:20.615 3114 3188 D nStackXCoAP: ParseServiceDiscover:[330] :new device join
06-06 19:36:20.615 3114 3188 E nStackXDFinder: GetLocalIp:[401] :GetLocalIp exec
06-06 19:36:20.971 365 3801 D omx_vdec_aw: : video pts(83.000)
06-06 19:36:21.059 475 519 W IorapForwardingService: No service published for: iorapd
06-06 19:36:21.071 1142 1142 D aaa : LedStatusService onStartCommand begin
06-06 19:36:21.075 1142 3940 D aaa : topPkg is -------------- :com.dangbei.leard.leradlauncher
06-06 19:36:21.090 1200 1200 D bbb : onStartCommand begin !!!!!!! data分区剩余 24969MB
06-06 19:36:22.000 365 3801 D omx_vdec_aw: : video pts(84.000)
06-06 19:36:22.062 475 519 W IorapForwardingService: No service published for: iorapd
01-01 08:06:45.993 381 381 W hdr10p_Configure: 292 callbacks suppressed
01-01 08:06:45.993 381 381 I : DVI mode selected: packets not configured
01-01 08:06:45.993 381 381 W set_vsif_config: 292 callbacks suppressed
01-01 08:06:45.993 381 381 I : Error: set vsif failed
01-01 08:06:45.993 381 381 I : DVI mode selected: packets not configured
01-01 08:06:45.993 381 381 I : Error: set vsif failed
01-01 08:06:46.027 381 381 I : DVI mode selected: packets not configured
01-01 08:06:46.027 381 381 I : Error: set vsif failed
01-01 08:06:46.027 381 381 I : DVI mode selected: packets not configured
01-01 08:06:46.027 381 381 I : Error: set vsif failed
01-01 08:06:46.061 381 381 I : DVI mode selected: packets not configured
01-01 08:06:46.061 381 381 I : Error: set vsif failed
01-01 08:06:46.061 381 381 I : DVI mode selected: packets not configured
01-01 08:06:46.061 381 381 I : Error: set vsif failed
01-01 08:06:46.093 381 381 I : DVI mode selected: packets not configured
01-01 08:06:46.093 381 381 I : Error: set vsif failed
01-01 08:06:46.093 381 381 I : DVI mode selected: packets not configured
01-01 08:06:46.093 381 381 I : Error: set vsif failed
01-01 08:06:46.128 381 381 I : DVI mode selected: packets not configured
01-01 08:06:46.128 381 381 I : Error: set vsif failed
01-01 08:06:46.128 381 381 I : DVI mode selected: packets not configured
01-01 08:06:46.128 381 381 I : Error: set vsif failed
06-06 19:36:22.965 365 3801 D omx_vdec_aw: : video pts(85.000)
06-06 19:36:23.066 475 519 W IorapForwardingService: No service published for: iorapd
06-06 19:36:23.438 657 657 E WifiHAL : wifi_get_link_stats: requestResponse Error:-5
06-06 19:36:23.442 475 607 E WifiVendorHal: getWifiLinkLayerStats_1_5_Internal(l.1191) failed {.code = ERROR_INVALID_ARGS, .description = }
06-06 19:36:23.546 263 277 D hdmi-cec: receive invalid cec message!
06-06 19:36:23.546 263 277 D hdmi-cec: receive poll message [04], skip!
06-06 19:36:23.605 3613 3623 I rad.screensave: Background concurrent copying GC freed 2000(3188KB) AllocSpace objects, 43(768KB) LOS objects, 49% free, 4064KB/8128KB, paused 124us total 179.182ms
06-06 19:36:23.965 365 3801 D omx_vdec_aw: : video pts(86.000)
06-06 19:36:24.068 475 519 W IorapForwardingService: No service published for: iorapd
06-06 19:36:25.001 365 3801 D omx_vdec_aw: : video pts(87.000)
06-06 19:36:25.074 475 519 W IorapForwardingService: No service published for: iorapd
06-06 19:36:25.998 365 3801 D omx_vdec_aw: : video pts(88.000)
06-06 19:36:26.077 475 519 W IorapForwardingService: No service published for: iorapd
06-06 19:36:26.124 475 1017 W ZramWriteback: Writeback device is not set
06-06 19:36:26.125 475 1017 D ZramWriteback: wait to flush
06-06 19:36:26.390 3613 3795 I virtual Data FFDemuxer::read(): read frame ret: End of file latestReceivedTime: 269933 getTotalTimeMillis: 7500 is exit: 0
06-06 19:36:26.390 3613 3795 I virtual Data FFDemuxer::read(): smooth loop
06-06 19:36:26.390 3613 3795 D virtual Data FFDemuxer::read(): seekTargetTime :0 seek_by_bytes: 0 protocolName: file isNetworkProtocol: 0
06-06 19:36:26.390 3613 3795 D virtual Data FFDemuxer::read(): seekTime :0
06-06 19:36:26.390 3613 3795 D virtual Data FFDemuxer::read(): avformat_seek_file ret: 0
06-06 19:36:26.466 657 657 E WifiHAL : wifi_get_link_stats: requestResponse Error:-5
06-06 19:36:26.470 475 607 E WifiVendorHal: getWifiLinkLayerStats_1_5_Internal(l.1191) failed {.code = ERROR_INVALID_ARGS, .description = }
06-06 19:36:26.966 365 3801 D omx_vdec_aw: : video pts(89.000)
06-06 19:36:27.081 475 519 W IorapForwardingService: No service published for: iorapd
01-01 08:06:51.046 381 381 W hdr10p_Configure: 292 callbacks suppressed
01-01 08:06:51.046 381 381 I : DVI mode selected: packets not configured
01-01 08:06:51.046 381 381 W set_vsif_config: 292 callbacks suppressed
01-01 08:06:51.046 381 381 I : Error: set vsif failed
01-01 08:06:51.046 381 381 I : DVI mode selected: packets not configured
01-01 08:06:51.046 381 381 I : Error: set vsif failed
01-01 08:06:51.059 381 381 I : DVI mode selected: packets not configured
01-01 08:06:51.059 381 381 I : Error: set vsif failed
01-01 08:06:51.059 381 381 I : DVI mode selected: packets not configured
01-01 08:06:51.059 381 381 I : Error: set vsif failed
01-01 08:06:51.092 381 381 I : DVI mode selected: packets not configured
01-01 08:06:51.092 381 381 I : Error: set vsif failed
01-01 08:06:51.093 381 381 I : DVI mode selected: packets not configured
01-01 08:06:51.093 381 381 I : Error: set vsif failed
01-01 08:06:51.125 381 381 I : DVI mode selected: packets not configured
01-01 08:06:51.125 381 381 I : Error: set vsif failed
01-01 08:06:51.126 381 381 I : DVI mode selected: packets not configured
01-01 08:06:51.126 381 381 I : Error: set vsif failed
01-01 08:06:51.159 381 381 I : DVI mode selected: packets not configured
01-01 08:06:51.159 381 381 I : Error: set vsif failed
01-01 08:06:51.159 381 381 I : DVI mode selected: packets not configured
01-01 08:06:51.159 381 381 I : Error: set vsif failed
06-06 19:36:27.967 365 3801 D omx_vdec_aw: : video pts(90.000)
06-06 19:36:28.082 475 519 W IorapForwardingService: No service published for: iorapd
06-06 19:36:28.139 3613 3623 I rad.screensave: Background concurrent copying GC freed 986(1496KB) AllocSpace objects, 43(2716KB) LOS objects, 49% free, 3954KB/7908KB, paused 289us total 171.588ms
06-06 19:36:28.970 365 3801 D omx_vdec_aw: : video pts(91.000)
06-06 19:36:29.019 2264 2341 D UtilLog : 日志批量上报 进行正常循环 !!!!!!本次有0次请求,共0条数据
06-06 19:36:29.086 475 519 W IorapForwardingService: No service published for: iorapd
06-06 19:36:29.120 1200 1200 D bbb : onStartCommand begin !!!!!!! data分区剩余 24969MB
06-06 19:36:29.122 1142 1142 D aaa : LedStatusService onStartCommand begin
06-06 19:36:29.127 1142 3949 D aaa : topPkg is -------------- :com.dangbei.leard.leradlauncher
06-06 19:36:29.486 657 657 E WifiHAL : wifi_get_link_stats: requestResponse Error:-5
06-06 19:36:29.488 475 607 E WifiVendorHal: getWifiLinkLayerStats_1_5_Internal(l.1191) failed {.code = ERROR_INVALID_ARGS, .description = }
06-06 19:36:29.734 475 492 I system_server: Background young concurrent copying GC freed 233776(11MB) AllocSpace objects, 162(3272KB) LOS objects, 56% free, 11MB/26MB, paused 681us total 239.842ms
06-06 19:36:29.761 475 494 W System : A resource failed to call release.
06-06 19:36:29.980 365 3801 D omx_vdec_aw: : video pts(92.000)
06-06 19:36:30.088 475 519 W IorapForwardingService: No service published for: iorapd
06-06 19:36:30.967 365 3801 D omx_vdec_aw: : video pts(93.000)
06-06 19:36:31.090 475 519 W IorapForwardingService: No service published for: iorapd
06-06 19:36:31.968 365 3801 D omx_vdec_aw: : video pts(94.000)
06-06 19:36:32.093 475 519 W IorapForwardingService: No service published for: iorapd
01-01 08:06:56.059 381 381 W hdr10p_Configure: 292 callbacks suppressed
01-01 08:06:56.059 381 381 I : DVI mode selected: packets not configured
01-01 08:06:56.059 381 381 W set_vsif_config: 292 callbacks suppressed
01-01 08:06:56.059 381 381 I : Error: set vsif failed
01-01 08:06:56.060 381 381 I : DVI mode selected: packets not configured
01-01 08:06:56.060 381 381 I : Error: set vsif failed
01-01 08:06:56.092 381 381 I : DVI mode selected: packets not configured
01-01 08:06:56.092 381 381 I : Error: set vsif failed
01-01 08:06:56.092 381 381 I : DVI mode selected: packets not configured
01-01 08:06:56.092 381 381 I : Error: set vsif failed
01-01 08:06:56.146 381 381 I : DVI mode selected: packets not configured
01-01 08:06:56.146 381 381 I : Error: set vsif failed
01-01 08:06:56.146 381 381 I : DVI mode selected: packets not configured
01-01 08:06:56.146 381 381 I : Error: set vsif failed
06-06 19:36:32.507 657 657 E WifiHAL : wifi_get_link_stats: requestResponse Error:-5
06-06 19:36:32.512 475 607 E WifiVendorHal: getWifiLinkLayerStats_1_5_Internal(l.1191) failed {.code = ERROR_INVALID_ARGS, .description = }
01-01 08:06:56.180 381 381 I : DVI mode selected: packets not configured
01-01 08:06:56.180 381 381 I : Error: set vsif failed
01-01 08:06:56.181 381 381 I : DVI mode selected: packets not configured
01-01 08:06:56.181 381 381 I : Error: set vsif failed
01-01 08:06:56.209 381 381 I : DVI mode selected: packets not configured
01-01 08:06:56.209 381 381 I : Error: set vsif failed
01-01 08:06:56.210 381 381 I : DVI mode selected: packets not configured
01-01 08:06:56.210 381 381 I : Error: set vsif failed
06-06 19:36:32.967 365 3801 D omx_vdec_aw: : video pts(95.000)
06-06 19:36:33.097 475 519 W IorapForwardingService: No service published for: iorapd
06-06 19:36:33.894 3613 3795 I virtual Data FFDemuxer::read(): read frame ret: End of file latestReceivedTime: 277433 getTotalTimeMillis: 7500 is exit: 0
06-06 19:36:33.895 3613 3795 I virtual Data FFDemuxer::read(): smooth loop
06-06 19:36:33.895 3613 3795 D virtual Data FFDemuxer::read(): seekTargetTime :0 seek_by_bytes: 0 protocolName: file isNetworkProtocol: 0
06-06 19:36:33.895 3613 3795 D virtual Data FFDemuxer::read(): seekTime :0
06-06 19:36:33.895 3613 3795 D virtual Data FFDemuxer::read(): avformat_seek_file ret: 0
06-06 19:36:33.968 365 3801 D omx_vdec_aw: : video pts(96.000)
06-06 19:36:34.101 475 519 W IorapForwardingService: No service published for: iorapd
06-06 19:36:34.191 3613 3623 I rad.screensave: Background concurrent copying GC freed 2351(3230KB) AllocSpace objects, 44(792KB) LOS objects, 49% free, 3921KB/7842KB, paused 320us total 148.863ms
06-06 19:36:34.974 365 3801 D omx_vdec_aw: : video pts(97.000)
06-06 19:36:35.105 475 519 W IorapForwardingService: No service published for: iorapd
06-06 19:36:35.548 657 657 E WifiHAL : wifi_get_link_stats: requestResponse Error:-5
06-06 19:36:35.550 475 607 E WifiVendorHal: getWifiLinkLayerStats_1_5_Internal(l.1191) failed {.code = ERROR_INVALID_ARGS, .description = }
06-06 19:36:35.970 365 3801 D omx_vdec_aw: : video pts(98.000)
06-06 19:36:36.108 475 519 W IorapForwardingService: No service published for: iorapd
06-06 19:36:36.997 365 3801 D omx_vdec_aw: : video pts(99.000)
06-06 19:36:37.110 475 519 W IorapForwardingService: No service published for: iorapd
06-06 19:36:37.156 1142 1142 D aaa : LedStatusService onStartCommand begin
06-06 19:36:37.159 1142 3958 D aaa : topPkg is -------------- :com.dangbei.leard.leradlauncher
06-06 19:36:37.171 1200 1200 D bbb : onStartCommand begin !!!!!!! data分区剩余 24969MB
01-01 08:07:01.092 381 381 W hdr10p_Configure: 292 callbacks suppressed
01-01 08:07:01.092 381 381 I : DVI mode selected: packets not configured
01-01 08:07:01.092 381 381 W set_vsif_config: 292 callbacks suppressed
01-01 08:07:01.092 381 381 I : Error: set vsif failed
01-01 08:07:01.093 381 381 I : DVI mode selected: packets not configured
01-01 08:07:01.093 381 381 I : Error: set vsif failed
01-01 08:07:01.145 381 381 I : DVI mode selected: packets not configured
01-01 08:07:01.145 381 381 I : Error: set vsif failed
01-01 08:07:01.145 381 381 I : DVI mode selected: packets not configured
01-01 08:07:01.145 381 381 I : Error: set vsif failed
01-01 08:07:01.178 381 381 I : DVI mode selected: packets not configured
01-01 08:07:01.178 381 381 I : Error: set vsif failed
01-01 08:07:01.178 381 381 I : DVI mode selected: packets not configured
01-01 08:07:01.178 381 381 I : Error: set vsif failed
01-01 08:07:01.193 381 381 I : DVI mode selected: packets not configured
01-01 08:07:01.193 381 381 I : Error: set vsif failed
01-01 08:07:01.193 381 381 I : DVI mode selected: packets not configured
01-01 08:07:01.194 381 381 I : Error: set vsif failed
01-01 08:07:01.226 381 381 I : DVI mode selected: packets not configured
01-01 08:07:01.226 381 381 I : Error: set vsif failed
01-01 08:07:01.226 381 381 I : DVI mode selected: packets not configured
01-01 08:07:01.226 381 381 I : Error: set vsif failed
06-06 19:36:37.962 365 3801 D omx_vdec_aw: : video pts(100.000)
06-06 19:36:38.114 475 519 W IorapForwardingService: No service published for: iorapd
06-06 19:36:38.356 3613 3623 I rad.screensave: Background concurrent copying GC freed 1964(3106KB) AllocSpace objects, 39(856KB) LOS objects, 49% free, 3994KB/7988KB, paused 274us total 174.332ms
06-06 19:36:38.568 657 657 E WifiHAL : wifi_get_link_stats: requestResponse Error:-5
06-06 19:36:38.572 475 607 E WifiVendorHal: getWifiLinkLayerStats_1_5_Internal(l.1191) failed {.code = ERROR_INVALID_ARGS, .description = }
06-06 19:36:38.573 263 277 D hdmi-cec: receive invalid cec message!
06-06 19:36:38.574 263 277 D hdmi-cec: receive poll message [04], skip!
06-06 19:36:38.654 2942 2951 I gbei.screencas: Background concurrent copying GC freed 66799(6093KB) AllocSpace objects, 0(0B) LOS objects, 49% free, 6061KB/11MB, paused 332us total 208.838ms
06-06 19:36:38.966 365 3801 D omx_vdec_aw: : video pts(101.000)
06-06 19:36:39.019 2264 2341 D UtilLog : 日志批量上报 进行正常循环 !!!!!!本次有0次请求,共0条数据
06-06 19:36:39.117 475 519 W IorapForwardingService: No service published for: iorapd
06-06 19:36:39.999 365 3801 D omx_vdec_aw: : video pts(102.000)
06-06 19:36:40.119 475 519 W IorapForwardingService: No service published for: iorapd
06-06 19:36:41.001 365 3801 D omx_vdec_aw: : video pts(103.000)
06-06 19:36:41.121 475 519 W IorapForwardingService: No service published for: iorapd
06-06 19:36:41.406 3613 3795 I virtual Data FFDemuxer::read(): read frame ret: End of file latestReceivedTime: 284933 getTotalTimeMillis: 7500 is exit: 0
06-06 19:36:41.406 3613 3795 I virtual Data FFDemuxer::read(): smooth loop
06-06 19:36:41.406 3613 3795 D virtual Data FFDemuxer::read(): seekTargetTime :0 seek_by_bytes: 0 protocolName: file isNetworkProtocol: 0
06-06 19:36:41.406 3613 3795 D virtual Data FFDemuxer::read(): seekTime :0
06-06 19:36:41.406 3613 3795 D virtual Data FFDemuxer::read(): avformat_seek_file ret: 0
06-06 19:36:41.590 657 657 E WifiHAL : wifi_get_link_stats: requestResponse Error:-5
06-06 19:36:41.592 475 607 E WifiVendorHal: getWifiLinkLayerStats_1_5_Internal(l.1191) failed {.code = ERROR_INVALID_ARGS, .description = }
06-06 19:36:41.964 365 3801 D omx_vdec_aw: : video pts(104.000)
06-06 19:36:42.126 475 519 W IorapForwardingService: No service published for: iorapd
01-01 08:07:06.148 381 381 W hdr10p_Configure: 292 callbacks suppressed
01-01 08:07:06.148 381 381 I : DVI mode selected: packets not configured
01-01 08:07:06.148 381 381 W set_vsif_config: 292 callbacks suppressed
01-01 08:07:06.148 381 381 I : Error: set vsif failed
01-01 08:07:06.148 381 381 I : DVI mode selected: packets not configured
01-01 08:07:06.148 381 381 I : Error: set vsif failed
01-01 08:07:06.180 381 381 I : DVI mode selected: packets not configured
01-01 08:07:06.180 381 381 I : Error: set vsif failed
01-01 08:07:06.180 381 381 I : DVI mode selected: packets not configured
01-01 08:07:06.180 381 381 I : Error: set vsif failed
01-01 08:07:06.193 381 381 I : DVI mode selected: packets not configured
01-01 08:07:06.193 381 381 I : Error: set vsif failed
01-01 08:07:06.193 381 381 I : DVI mode selected: packets not configured
01-01 08:07:06.193 381 381 I : Error: set vsif failed
01-01 08:07:06.227 381 381 I : DVI mode selected: packets not configured
01-01 08:07:06.227 381 381 I : Error: set vsif failed
01-01 08:07:06.227 381 381 I : DVI mode selected: packets not configured
01-01 08:07:06.227 381 381 I : Error: set vsif failed
01-01 08:07:06.261 381 381 I : DVI mode selected: packets not configured
01-01 08:07:06.261 381 381 I : Error: set vsif failed
01-01 08:07:06.261 381 381 I : DVI mode selected: packets not configured
01-01 08:07:06.261 381 381 I : Error: set vsif failed
06-06 19:36:42.972 365 3801 D omx_vdec_aw: : video pts(105.000)
06-06 19:36:43.129 475 519 W IorapForwardingService: No service published for: iorapd
06-06 19:36:43.380 3613 3623 I rad.screensave: Background concurrent copying GC freed 1087(1521KB) AllocSpace objects, 35(2568KB) LOS objects, 49% free, 4001KB/8003KB, paused 597us total 162.542ms
06-06 19:36:43.967 365 3801 D omx_vdec_aw: : video pts(106.000)
06-06 19:36:44.130 475 519 W IorapForwardingService: No service published for: iorapd
06-06 19:36:44.615 657 657 E WifiHAL : wifi_get_link_stats: requestResponse Error:-5
06-06 19:36:44.618 475 607 E WifiVendorHal: getWifiLinkLayerStats_1_5_Internal(l.1191) failed {.code = ERROR_INVALID_ARGS, .description = }
06-06 19:36:44.982 365 3801 D omx_vdec_aw: : video pts(107.000)
06-06 19:36:45.134 475 519 W IorapForwardingService: No service published for: iorapd
06-06 19:36:45.223 1142 1142 D aaa : LedStatusService onStartCommand begin
06-06 19:36:45.225 1142 3967 D aaa : topPkg is -------------- :com.dangbei.leard.leradlauncher
06-06 19:36:45.238 1200 1200 D bbb : onStartCommand begin !!!!!!! data分区剩余 24969MB
06-06 19:36:45.969 365 3801 D omx_vdec_aw: : video pts(108.000)
06-06 19:36:46.139 475 519 W IorapForwardingService: No service published for: iorapd
06-06 19:36:46.967 365 3801 D omx_vdec_aw: : video pts(109.000)
06-06 19:36:47.143 475 519 W IorapForwardingService: No service published for: iorapd
01-01 08:07:11.162 381 381 W hdr10p_Configure: 292 callbacks suppressed
01-01 08:07:11.162 381 381 I : DVI mode selected: packets not configured
01-01 08:07:11.162 381 381 W set_vsif_config: 292 callbacks suppressed
01-01 08:07:11.162 381 381 I : Error: set vsif failed
01-01 08:07:11.162 381 381 I : DVI mode selected: packets not configured
01-01 08:07:11.162 381 381 I : Error: set vsif failed
01-01 08:07:11.209 381 381 I : DVI mode selected: packets not configured
01-01 08:07:11.209 381 381 I : Error: set vsif failed
01-01 08:07:11.209 381 381 I : DVI mode selected: packets not configured
01-01 08:07:11.209 381 381 I : Error: set vsif failed
01-01 08:07:11.226 381 381 I : DVI mode selected: packets not configured
01-01 08:07:11.226 381 381 I : Error: set vsif failed
01-01 08:07:11.226 381 381 I : DVI mode selected: packets not configured
01-01 08:07:11.226 381 381 I : Error: set vsif failed
01-01 08:07:11.259 381 381 I : DVI mode selected: packets not configured
01-01 08:07:11.259 381 381 I : Error: set vsif failed
01-01 08:07:11.259 381 381 I : DVI mode selected: packets not configured
01-01 08:07:11.259 381 381 I : Error: set vsif failed
06-06 19:36:47.637 657 657 E WifiHAL : wifi_get_link_stats: requestResponse Error:-5
06-06 19:36:47.641 475 607 E WifiVendorHal: getWifiLinkLayerStats_1_5_Internal(l.1191) failed {.code = ERROR_INVALID_ARGS, .description = }
01-01 08:07:11.312 381 381 I : DVI mode selected: packets not configured
01-01 08:07:11.312 381 381 I : Error: set vsif failed
01-01 08:07:11.312 381 381 I : DVI mode selected: packets not configured
01-01 08:07:11.312 381 381 I : Error: set vsif failed
06-06 19:36:47.963 365 3801 D omx_vdec_aw: : video pts(110.000)
06-06 19:36:48.146 475 519 W IorapForwardingService: No service published for: iorapd
06-06 19:36:48.880 3613 3795 I virtual Data FFDemuxer::read(): read frame ret: End of file latestReceivedTime: 292433 getTotalTimeMillis: 7500 is exit: 0
06-06 19:36:48.880 3613 3795 I virtual Data FFDemuxer::read(): smooth loop
06-06 19:36:48.880 3613 3795 D virtual Data FFDemuxer::read(): seekTargetTime :0 seek_by_bytes: 0 protocolName: file isNetworkProtocol: 0
06-06 19:36:48.880 3613 3795 D virtual Data FFDemuxer::read(): seekTime :0
06-06 19:36:48.880 3613 3795 D virtual Data FFDemuxer::read(): avformat_seek_file ret: 0
06-06 19:36:48.969 365 3801 D omx_vdec_aw: : video pts(111.000)
06-06 19:36:49.019 2264 2341 D UtilLog : 日志批量上报 进行正常循环 !!!!!!本次有0次请求,共0条数据
06-06 19:36:49.149 475 519 W IorapForwardingService: No service published for: iorapd
06-06 19:36:49.408 3613 3623 I rad.screensave: Background concurrent copying GC freed 2385(3218KB) AllocSpace objects, 50(896KB) LOS objects, 49% free, 4022KB/8045KB, paused 123us total 183.907ms
06-06 19:36:49.969 365 3801 D omx_vdec_aw: : video pts(112.000)
06-06 19:36:50.151 475 519 W IorapForwardingService: No service published for: iorapd
06-06 19:36:50.669 657 657 E WifiHAL : wifi_get_link_stats: requestResponse Error:-5
06-06 19:36:50.673 475 607 E WifiVendorHal: getWifiLinkLayerStats_1_5_Internal(l.1191) failed {.code = ERROR_INVALID_ARGS, .description = }
06-06 19:36:50.971 365 3801 D omx_vdec_aw: : video pts(113.000)
06-06 19:36:51.153 475 519 W IorapForwardingService: No service published for: iorapd
06-06 19:36:52.000 365 3801 D omx_vdec_aw: : video pts(114.000)
06-06 19:36:52.154 475 519 W IorapForwardingService: No service published for: iorapd
01-01 08:07:16.180 381 381 W hdr10p_Configure: 290 callbacks suppressed
01-01 08:07:16.180 381 381 I : DVI mode selected: packets not configured
01-01 08:07:16.180 381 381 W set_vsif_config: 290 callbacks suppressed
01-01 08:07:16.180 381 381 I : Error: set vsif failed
01-01 08:07:16.181 381 381 I : DVI mode selected: packets not configured
01-01 08:07:16.181 381 381 I : Error: set vsif failed
01-01 08:07:16.214 381 381 I : DVI mode selected: packets not configured
01-01 08:07:16.214 381 381 I : Error: set vsif failed
01-01 08:07:16.215 381 381 I : DVI mode selected: packets not configured
01-01 08:07:16.215 381 381 I : Error: set vsif failed
01-01 08:07:16.243 381 381 I : DVI mode selected: packets not configured
01-01 08:07:16.243 381 381 I : Error: set vsif failed
01-01 08:07:16.243 381 381 I : DVI mode selected: packets not configured
01-01 08:07:16.243 381 381 I : Error: set vsif failed
01-01 08:07:16.260 381 381 I : DVI mode selected: packets not configured
01-01 08:07:16.260 381 381 I : Error: set vsif failed
01-01 08:07:16.260 381 381 I : DVI mode selected: packets not configured
01-01 08:07:16.260 381 381 I : Error: set vsif failed
01-01 08:07:16.293 381 381 I : DVI mode selected: packets not configured
01-01 08:07:16.293 381 381 I : Error: set vsif failed
01-01 08:07:16.293 381 381 I : DVI mode selected: packets not configured
01-01 08:07:16.293 381 381 I : Error: set vsif failed
06-06 19:36:52.965 365 3801 D omx_vdec_aw: : video pts(115.000)
06-06 19:36:53.157 475 519 W IorapForwardingService: No service published for: iorapd
06-06 19:36:53.256 1200 1200 D bbb : onStartCommand begin !!!!!!! data分区剩余 24969MB
06-06 19:36:53.275 1142 1142 D aaa : LedStatusService onStartCommand begin
06-06 19:36:53.286 1142 3976 D aaa : topPkg is -------------- :com.dangbei.leard.leradlauncher
06-06 19:36:53.601 263 277 D hdmi-cec: receive invalid cec message!
06-06 19:36:53.601 263 277 D hdmi-cec: receive poll message [04], skip!
06-06 19:36:53.695 657 657 E WifiHAL : wifi_get_link_stats: requestResponse Error:-5
06-06 19:36:53.698 475 607 E WifiVendorHal: getWifiLinkLayerStats_1_5_Internal(l.1191) failed {.code = ERROR_INVALID_ARGS, .description = }
06-06 19:36:53.950 3613 3623 I rad.screensave: Background concurrent copying GC freed 1958(2904KB) AllocSpace objects, 70(1232KB) LOS objects, 49% free, 3991KB/7982KB, paused 122us total 136.293ms
06-06 19:36:53.963 365 3801 D omx_vdec_aw: : video pts(116.000)
06-06 19:36:54.160 475 519 W IorapForwardingService: No service published for: iorapd
06-06 19:36:54.999 365 3801 D omx_vdec_aw: : video pts(117.000)
06-06 19:36:55.163 475 519 W IorapForwardingService: No service published for: iorapd
06-06 19:36:55.997 365 3801 D omx_vdec_aw: : video pts(118.000)
06-06 19:36:56.127 475 1017 W ZramWriteback: Writeback device is not set
06-06 19:36:56.128 475 1017 D ZramWriteback: wait to flush
06-06 19:36:56.166 475 519 W IorapForwardingService: No service published for: iorapd
06-06 19:36:56.383 3613 3795 I virtual Data FFDemuxer::read(): read frame ret: End of file latestReceivedTime: 299933 getTotalTimeMillis: 7500 is exit: 0
06-06 19:36:56.383 3613 3795 I virtual Data FFDemuxer::read(): smooth loop
06-06 19:36:56.383 3613 3795 D virtual Data FFDemuxer::read(): seekTargetTime :0 seek_by_bytes: 0 protocolName: file isNetworkProtocol: 0
06-06 19:36:56.383 3613 3795 D virtual Data FFDemuxer::read(): seekTime :0
06-06 19:36:56.383 3613 3795 D virtual Data FFDemuxer::read(): avformat_seek_file ret: 0
06-06 19:36:56.714 657 657 E WifiHAL : wifi_get_link_stats: requestResponse Error:-5
06-06 19:36:56.716 475 607 E WifiVendorHal: getWifiLinkLayerStats_1_5_Internal(l.1191) failed {.code = ERROR_INVALID_ARGS, .description = }
06-06 19:36:56.964 365 3801 D omx_vdec_aw: : video pts(119.000)
06-06 19:36:57.171 475 519 W IorapForwardingService: No service published for: iorapd
01-01 08:07:21.192 381 381 W hdr10p_Configure: 292 callbacks suppressed
01-01 08:07:21.192 381 381 I : DVI mode selected: packets not configured
01-01 08:07:21.192 381 381 W set_vsif_config: 292 callbacks suppressed
01-01 08:07:21.192 381 381 I : Error: set vsif failed
01-01 08:07:21.192 381 381 I : DVI mode selected: packets not configured
01-01 08:07:21.192 381 381 I : Error: set vsif failed
01-01 08:07:21.227 381 381 I : DVI mode selected: packets not configured
01-01 08:07:21.227 381 381 I : Error: set vsif failed
01-01 08:07:21.227 381 381 I : DVI mode selected: packets not configured
01-01 08:07:21.227 381 381 I : Error: set vsif failed
01-01 08:07:21.258 381 381 I : DVI mode selected: packets not configured
01-01 08:07:21.258 381 381 I : Error: set vsif failed
01-01 08:07:21.258 381 381 I : DVI mode selected: packets not configured
01-01 08:07:21.258 381 381 I : Error: set vsif failed
01-01 08:07:21.292 381 381 I : DVI mode selected: packets not configured
01-01 08:07:21.292 381 381 I : Error: set vsif failed
01-01 08:07:21.293 381 381 I : DVI mode selected: packets not configured
01-01 08:07:21.293 381 381 I : Error: set vsif failed
01-01 08:07:21.328 381 381 I : DVI mode selected: packets not configured
01-01 08:07:21.328 381 381 I : Error: set vsif failed
01-01 08:07:21.328 381 381 I : DVI mode selected: packets not configured
