01-01 08:02:20.642 381 381 I : DVI mode selected: packets not configured
01-01 08:02:20.642 381 381 I : Error: set vsif failed
01-01 08:02:20.659 381 381 I : DVI mode selected: packets not configured
01-01 08:02:20.659 381 381 I : Error: set vsif failed
01-01 08:02:20.675 381 381 I : DVI mode selected: packets not configured
01-01 08:02:20.675 381 381 I : Error: set vsif failed
01-01 08:02:20.693 381 381 I : DVI mode selected: packets not configured
01-01 08:02:20.693 381 381 I : Error: set vsif failed
01-01 08:02:20.709 381 381 I : DVI mode selected: packets not configured
01-01 08:02:20.709 381 381 I : Error: set vsif failed
01-01 08:02:20.726 381 381 I : DVI mode selected: packets not configured
01-01 08:02:20.726 381 381 I : Error: set vsif failed
01-01 08:02:20.742 381 381 I : DVI mode selected: packets not configured
01-01 08:02:20.742 381 381 I : Error: set vsif failed
01-01 08:02:20.759 381 381 I : DVI mode selected: packets not configured
01-01 08:02:20.759 381 381 I : Error: set vsif failed
06-06 19:31:57.374 475 519 W IorapForwardingService: No service published for: iorapd
06-06 19:31:57.756 657 657 E WifiHAL : wifi_get_link_stats: requestResponse Error:-5
06-06 19:31:57.759 475 607 E WifiVendorHal: getWifiLinkLayerStats_1_5_Internal(l.1191) failed {.code = ERROR_INVALID_ARGS, .description = }
06-06 19:31:58.376 475 519 W IorapForwardingService: No service published for: iorapd
06-06 19:31:58.995 2264 2341 D UtilLog : 日志批量上报 进行正常循环 !!!!!!本次有0次请求,共0条数据
06-06 19:31:59.378 475 519 W IorapForwardingService: No service published for: iorapd
06-06 19:32:00.380 475 519 W IorapForwardingService: No service published for: iorapd
06-06 19:32:00.775 657 657 E WifiHAL : wifi_get_link_stats: requestResponse Error:-5
06-06 19:32:00.776 475 607 E WifiVendorHal: getWifiLinkLayerStats_1_5_Internal(l.1191) failed {.code = ERROR_INVALID_ARGS, .description = }
06-06 19:32:00.846 1100 1100 E hq : LookupControler:::显示寻找遥控器3 topActivity=com.dangbei.launcher.home.LauncherActivity@4e9640a
06-06 19:32:00.846 1100 1100 E LookupControler: showWindow: isWindowShow=false
06-06 19:32:00.960 1100 1427 D ExifInterface: No image meets the size requirements of a thumbnail image.
06-06 19:32:00.970 475 521 D CompatibilityChangeReporter: Compat change id reported: 158002302; UID 1000; state: ENABLED
06-06 19:32:00.989 253 253 I gralloc : alloc buffer:W:1920 H:1080 S:1920 PL[1920 1080] SZ:8294400 fmt:1 if:0 af:1 usg:20000b00 fg:00000004
06-06 19:32:00.992 253 253 I gralloc : alloc buffer:W:1920 H:1080 S:1920 PL[1920 1080] SZ:8294400 fmt:1 if:0 af:1 usg:20000b00 fg:00000004
06-06 19:32:00.999 253 253 I gralloc : alloc buffer:W:1920 H:1080 S:1920 PL[1920 1080] SZ:8294400 fmt:1 if:0 af:1 usg:20000b00 fg:00000004
06-06 19:32:01.037 2099 2099 I DefaultIMS: onStartInput attribute=android.view.inputmethod.EditorInfo@6ea16e1 restarting=false inputType: 0
06-06 19:32:01.076 1100 1427 D ExifInterface: No image meets the size requirements of a thumbnail image.
06-06 19:32:01.382 475 519 W IorapForwardingService: No service published for: iorapd
06-06 19:32:02.383 475 519 W IorapForwardingService: No service published for: iorapd
01-01 08:02:26.593 381 381 W hdr10p_Configure: 76 callbacks suppressed
01-01 08:02:26.593 381 381 I : DVI mode selected: packets not configured
01-01 08:02:26.593 381 381 W set_vsif_config: 76 callbacks suppressed
01-01 08:02:26.593 381 381 I : Error: set vsif failed
01-01 08:02:26.593 381 381 I : DVI mode selected: packets not configured
01-01 08:02:26.593 381 381 I : Error: set vsif failed
01-01 08:02:26.620 381 381 I : DVI mode selected: packets not configured
01-01 08:02:26.620 381 381 I : Error: set vsif failed
01-01 08:02:26.620 381 381 I : DVI mode selected: packets not configured
01-01 08:02:26.620 381 381 I : Error: set vsif failed
01-01 08:02:26.636 381 381 I : DVI mode selected: packets not configured
01-01 08:02:26.636 381 381 I : Error: set vsif failed
01-01 08:02:26.636 381 381 I : DVI mode selected: packets not configured
01-01 08:02:26.636 381 381 I : Error: set vsif failed
01-01 08:02:26.653 381 381 I : DVI mode selected: packets not configured
01-01 08:02:26.653 381 381 I : Error: set vsif failed
01-01 08:02:26.653 381 381 I : DVI mode selected: packets not configured
01-01 08:02:26.653 381 381 I : Error: set vsif failed
01-01 08:02:26.671 381 381 I : DVI mode selected: packets not configured
01-01 08:02:26.671 381 381 I : Error: set vsif failed
01-01 08:02:26.671 381 381 I : DVI mode selected: packets not configured
01-01 08:02:26.671 381 381 I : Error: set vsif failed
06-06 19:32:03.385 475 519 W IorapForwardingService: No service published for: iorapd
06-06 19:32:03.603 1142 1142 D aaa : LedStatusService onStartCommand begin
06-06 19:32:03.605 1142 3334 D aaa : topPkg is -------------- :com.dangbei.leard.leradlauncher
06-06 19:32:03.609 1142 3334 D aaa : WiFi is connect
06-06 19:32:03.616 1200 1200 D bbb : onStartCommand begin !!!!!!! data分区剩余 24969MB
06-06 19:32:03.788 657 657 E WifiHAL : wifi_get_link_stats: requestResponse Error:-5
06-06 19:32:03.789 475 607 E WifiVendorHal: getWifiLinkLayerStats_1_5_Internal(l.1191) failed {.code = ERROR_INVALID_ARGS, .description = }
06-06 19:32:04.387 475 519 W IorapForwardingService: No service published for: iorapd
06-06 19:32:05.020 2942 2951 I gbei.screencas: Background concurrent copying GC freed 61796(6885KB) AllocSpace objects, 23(604KB) LOS objects, 49% free, 6000KB/11MB, paused 129us total 121.125ms
06-06 19:32:05.389 475 519 W IorapForwardingService: No service published for: iorapd
06-06 19:32:06.391 475 519 W IorapForwardingService: No service published for: iorapd
06-06 19:32:06.800 657 657 E WifiHAL : wifi_get_link_stats: requestResponse Error:-5
06-06 19:32:06.801 475 607 E WifiVendorHal: getWifiLinkLayerStats_1_5_Internal(l.1191) failed {.code = ERROR_INVALID_ARGS, .description = }
06-06 19:32:07.393 475 519 W IorapForwardingService: No service published for: iorapd
06-06 19:32:08.395 475 519 W IorapForwardingService: No service published for: iorapd
06-06 19:32:08.571 263 277 D hdmi-cec: receive invalid cec message!
06-06 19:32:08.571 263 277 D hdmi-cec: receive poll message [04], skip!
01-01 08:02:32.602 381 381 W hdr10p_Configure: 142 callbacks suppressed
01-01 08:02:32.602 381 381 I : DVI mode selected: packets not configured
01-01 08:02:32.602 381 381 W set_vsif_config: 142 callbacks suppressed
01-01 08:02:32.602 381 381 I : Error: set vsif failed
01-01 08:02:32.602 381 381 I : DVI mode selected: packets not configured
01-01 08:02:32.602 381 381 I : Error: set vsif failed
01-01 08:02:32.627 381 381 I : DVI mode selected: packets not configured
01-01 08:02:32.627 381 381 I : Error: set vsif failed
01-01 08:02:32.627 381 381 I : DVI mode selected: packets not configured
01-01 08:02:32.627 381 381 I : Error: set vsif failed
01-01 08:02:32.644 381 381 I : DVI mode selected: packets not configured
01-01 08:02:32.644 381 381 I : Error: set vsif failed
01-01 08:02:32.644 381 381 I : DVI mode selected: packets not configured
01-01 08:02:32.645 381 381 I : Error: set vsif failed
01-01 08:02:32.663 381 381 I : DVI mode selected: packets not configured
01-01 08:02:32.663 381 381 I : Error: set vsif failed
01-01 08:02:32.664 381 381 I : DVI mode selected: packets not configured
01-01 08:02:32.664 381 381 I : Error: set vsif failed
06-06 19:32:09.020 2264 2341 D UtilLog : 日志批量上报 进行正常循环 !!!!!!本次有0次请求,共0条数据
01-01 08:02:32.680 381 381 I : DVI mode selected: packets not configured
01-01 08:02:32.680 381 381 I : Error: set vsif failed
01-01 08:02:32.680 381 381 I : DVI mode selected: packets not configured
01-01 08:02:32.680 381 381 I : Error: set vsif failed
06-06 19:32:09.398 475 519 W IorapForwardingService: No service published for: iorapd
06-06 19:32:09.812 657 657 E WifiHAL : wifi_get_link_stats: requestResponse Error:-5
06-06 19:32:09.814 475 607 E WifiVendorHal: getWifiLinkLayerStats_1_5_Internal(l.1191) failed {.code = ERROR_INVALID_ARGS, .description = }
06-06 19:32:10.399 475 519 W IorapForwardingService: No service published for: iorapd
06-06 19:32:10.918 242 1878 W resolv : SSL_connect write error 0, mark 0xf0064: Try again
06-06 19:32:10.918 242 1878 W resolv : TLS Handshake failed
06-06 19:32:10.919 242 1878 W resolv : query failed
06-06 19:32:10.919 242 1878 W resolv : validateDnsTlsServer returned 0 for 202.96.134.133
06-06 19:32:10.919 242 1878 W resolv : Validation failed
06-06 19:32:10.962 242 1877 W resolv : SSL_connect write error 0, mark 0xf0064: Try again
06-06 19:32:10.963 242 1877 W resolv : TLS Handshake failed
06-06 19:32:10.963 242 1877 W resolv : query failed
06-06 19:32:10.963 242 1877 W resolv : validateDnsTlsServer returned 0 for 202.96.128.166
06-06 19:32:10.963 242 1877 W resolv : Validation failed
06-06 19:32:11.401 475 519 W IorapForwardingService: No service published for: iorapd
06-06 19:32:11.639 1142 1142 D aaa : LedStatusService onStartCommand begin
06-06 19:32:11.641 1142 3345 D aaa : topPkg is -------------- :com.dangbei.leard.leradlauncher
06-06 19:32:11.645 1142 3345 D aaa : WiFi is connect
06-06 19:32:11.646 1200 1200 D bbb : onStartCommand begin !!!!!!! data分区剩余 24969MB
06-06 19:32:12.402 475 519 W IorapForwardingService: No service published for: iorapd
06-06 19:32:12.450 2264 2338 I TDLog : [APP] New data found, Submitting...
06-06 19:32:12.496 2264 2338 I TDLog : [APP] Failed to submit data!
06-06 19:32:12.559 475 810 D WifiNl80211Manager: Scan result ready event
06-06 19:32:12.559 475 810 D WifiNative: Scan result ready event
06-06 19:32:12.584 657 657 E WifiHAL : wifi_get_link_stats: requestResponse Error:-5
06-06 19:32:12.586 475 607 E WifiVendorHal: getWifiLinkLayerStats_1_5_Internal(l.1191) failed {.code = ERROR_INVALID_ARGS, .description = }
06-06 19:32:12.824 657 657 E WifiHAL : wifi_get_link_stats: requestResponse Error:-5
06-06 19:32:12.826 475 607 E WifiVendorHal: getWifiLinkLayerStats_1_5_Internal(l.1191) failed {.code = ERROR_INVALID_ARGS, .description = }
06-06 19:32:13.405 475 519 W IorapForwardingService: No service published for: iorapd
06-06 19:32:13.774 2942 2942 I efs-base: type=1400 audit(0.0:1120): avc: denied { create } for name="wa_gzip_1_1_2942_2729_1749209533774" scontext=u:r:platform_app:s0:c512,c768 tcontext=u:object_r:app_data_file:s0:c512,c768 tclass=file permissive=1 app=com.dangbei.screencast
06-06 19:32:14.407 475 519 W IorapForwardingService: No service published for: iorapd
01-01 08:02:38.629 381 381 W hdr10p_Configure: 138 callbacks suppressed
01-01 08:02:38.629 381 381 I : DVI mode selected: packets not configured
01-01 08:02:38.629 381 381 W set_vsif_config: 138 callbacks suppressed
01-01 08:02:38.629 381 381 I : Error: set vsif failed
01-01 08:02:38.629 381 381 I : DVI mode selected: packets not configured
01-01 08:02:38.629 381 381 I : Error: set vsif failed
01-01 08:02:38.651 381 381 I : DVI mode selected: packets not configured
01-01 08:02:38.651 381 381 I : Error: set vsif failed
01-01 08:02:38.651 381 381 I : DVI mode selected: packets not configured
01-01 08:02:38.651 381 381 I : Error: set vsif failed
01-01 08:02:38.668 381 381 I : DVI mode selected: packets not configured
01-01 08:02:38.668 381 381 I : Error: set vsif failed
01-01 08:02:38.668 381 381 I : DVI mode selected: packets not configured
01-01 08:02:38.668 381 381 I : Error: set vsif failed
01-01 08:02:38.684 381 381 I : DVI mode selected: packets not configured
01-01 08:02:38.684 381 381 I : Error: set vsif failed
01-01 08:02:38.684 381 381 I : DVI mode selected: packets not configured
01-01 08:02:38.684 381 381 I : Error: set vsif failed
01-01 08:02:38.693 381 381 I : DVI mode selected: packets not configured
01-01 08:02:38.693 381 381 I : Error: set vsif failed
01-01 08:02:38.693 381 381 I : DVI mode selected: packets not configured
01-01 08:02:38.693 381 381 I : Error: set vsif failed
06-06 19:32:15.155 2942 3023 I efs.base: wa upload succ, HttpResponse {succ=true, code=200, data='暂不支持该服务', extra={req_url=https://errlog.umeng.com/api/crashsdk/logcollect}}
06-06 19:32:15.411 475 519 W IorapForwardingService: No service published for: iorapd
06-06 19:32:15.844 657 657 E WifiHAL : wifi_get_link_stats: requestResponse Error:-5
06-06 19:32:15.847 475 607 E WifiVendorHal: getWifiLinkLayerStats_1_5_Internal(l.1191) failed {.code = ERROR_INVALID_ARGS, .description = }
06-06 19:32:16.414 475 519 W IorapForwardingService: No service published for: iorapd
06-06 19:32:17.415 475 519 W IorapForwardingService: No service published for: iorapd
06-06 19:32:18.418 475 519 W IorapForwardingService: No service published for: iorapd
06-06 19:32:18.866 657 657 E WifiHAL : wifi_get_link_stats: requestResponse Error:-5
06-06 19:32:18.869 475 607 E WifiVendorHal: getWifiLinkLayerStats_1_5_Internal(l.1191) failed {.code = ERROR_INVALID_ARGS, .description = }
06-06 19:32:19.010 2264 2341 D UtilLog : 日志批量上报 进行正常循环 !!!!!!本次有0次请求,共0条数据
06-06 19:32:19.420 475 519 W IorapForwardingService: No service published for: iorapd
06-06 19:32:19.712 1142 1142 D aaa : LedStatusService onStartCommand begin
06-06 19:32:19.713 1142 3361 D aaa : topPkg is -------------- :com.dangbei.leard.leradlauncher
06-06 19:32:19.716 1200 1200 D bbb : onStartCommand begin !!!!!!! data分区剩余 24969MB
06-06 19:32:19.719 1142 3361 D aaa : WiFi is connect
06-06 19:32:20.422 475 519 W IorapForwardingService: No service published for: iorapd
01-01 08:02:44.635 381 381 W hdr10p_Configure: 138 callbacks suppressed
01-01 08:02:44.635 381 381 I : DVI mode selected: packets not configured
01-01 08:02:44.635 381 381 W set_vsif_config: 138 callbacks suppressed
01-01 08:02:44.635 381 381 I : Error: set vsif failed
01-01 08:02:44.635 381 381 I : DVI mode selected: packets not configured
01-01 08:02:44.635 381 381 I : Error: set vsif failed
01-01 08:02:44.661 381 381 I : DVI mode selected: packets not configured
01-01 08:02:44.661 381 381 I : Error: set vsif failed
01-01 08:02:44.661 381 381 I : DVI mode selected: packets not configured
01-01 08:02:44.661 381 381 I : Error: set vsif failed
01-01 08:02:44.678 381 381 I : DVI mode selected: packets not configured
01-01 08:02:44.678 381 381 I : Error: set vsif failed
01-01 08:02:44.678 381 381 I : DVI mode selected: packets not configured
01-01 08:02:44.678 381 381 I : Error: set vsif failed
01-01 08:02:44.693 381 381 I : DVI mode selected: packets not configured
01-01 08:02:44.693 381 381 I : Error: set vsif failed
01-01 08:02:44.693 381 381 I : DVI mode selected: packets not configured
01-01 08:02:44.693 381 381 I : Error: set vsif failed
01-01 08:02:44.709 381 381 I : DVI mode selected: packets not configured
01-01 08:02:44.709 381 381 I : Error: set vsif failed
01-01 08:02:44.709 381 381 I : DVI mode selected: packets not configured
01-01 08:02:44.709 381 381 I : Error: set vsif failed
06-06 19:32:21.425 475 519 W IorapForwardingService: No service published for: iorapd
06-06 19:32:21.886 657 657 E WifiHAL : wifi_get_link_stats: requestResponse Error:-5
06-06 19:32:21.889 475 607 E WifiVendorHal: getWifiLinkLayerStats_1_5_Internal(l.1191) failed {.code = ERROR_INVALID_ARGS, .description = }
06-06 19:32:22.427 475 519 W IorapForwardingService: No service published for: iorapd
06-06 19:32:23.429 475 519 W IorapForwardingService: No service published for: iorapd
06-06 19:32:23.596 263 277 D hdmi-cec: receive invalid cec message!
06-06 19:32:23.596 263 277 D hdmi-cec: receive poll message [04], skip!
06-06 19:32:24.432 475 519 W IorapForwardingService: No service published for: iorapd
06-06 19:32:24.907 657 657 E WifiHAL : wifi_get_link_stats: requestResponse Error:-5
06-06 19:32:24.909 475 607 E WifiVendorHal: getWifiLinkLayerStats_1_5_Internal(l.1191) failed {.code = ERROR_INVALID_ARGS, .description = }
06-06 19:32:25.434 475 519 W IorapForwardingService: No service published for: iorapd
06-06 19:32:26.108 475 1017 W ZramWriteback: Writeback device is not set
06-06 19:32:26.108 475 1017 D ZramWriteback: wait to flush
06-06 19:32:26.436 475 519 W IorapForwardingService: No service published for: iorapd
06-06 19:32:26.465 2942 3011 I efs.base: wa upload succ, HttpResponse {succ=true, code=200, data='暂不支持该服务', extra={req_url=https://errlog.umeng.com/api/crashsdk/logcollect}}
01-01 08:02:50.651 381 381 W hdr10p_Configure: 136 callbacks suppressed
01-01 08:02:50.651 381 381 I : DVI mode selected: packets not configured
01-01 08:02:50.651 381 381 W set_vsif_config: 136 callbacks suppressed
01-01 08:02:50.651 381 381 I : Error: set vsif failed
01-01 08:02:50.651 381 381 I : DVI mode selected: packets not configured
01-01 08:02:50.651 381 381 I : Error: set vsif failed
01-01 08:02:50.678 381 381 I : DVI mode selected: packets not configured
01-01 08:02:50.678 381 381 I : Error: set vsif failed
01-01 08:02:50.678 381 381 I : DVI mode selected: packets not configured
01-01 08:02:50.678 381 381 I : Error: set vsif failed
01-01 08:02:50.693 381 381 I : DVI mode selected: packets not configured
01-01 08:02:50.693 381 381 I : Error: set vsif failed
01-01 08:02:50.693 381 381 I : DVI mode selected: packets not configured
01-01 08:02:50.693 381 381 I : Error: set vsif failed
01-01 08:02:50.710 381 381 I : DVI mode selected: packets not configured
01-01 08:02:50.710 381 381 I : Error: set vsif failed
01-01 08:02:50.710 381 381 I : DVI mode selected: packets not configured
01-01 08:02:50.710 381 381 I : Error: set vsif failed
01-01 08:02:50.726 381 381 I : DVI mode selected: packets not configured
01-01 08:02:50.726 381 381 I : Error: set vsif failed
01-01 08:02:50.726 381 381 I : DVI mode selected: packets not configured
01-01 08:02:50.726 381 381 I : Error: set vsif failed
06-06 19:32:27.438 475 519 W IorapForwardingService: No service published for: iorapd
06-06 19:32:27.757 1200 1200 D bbb : onStartCommand begin !!!!!!! data分区剩余 24969MB
06-06 19:32:27.760 1142 1142 D aaa : LedStatusService onStartCommand begin
06-06 19:32:27.763 1142 3375 D aaa : topPkg is -------------- :com.dangbei.leard.leradlauncher
06-06 19:32:27.766 1142 3375 D aaa : WiFi is connect
06-06 19:32:27.925 657 657 E WifiHAL : wifi_get_link_stats: requestResponse Error:-5
06-06 19:32:27.928 475 607 E WifiVendorHal: getWifiLinkLayerStats_1_5_Internal(l.1191) failed {.code = ERROR_INVALID_ARGS, .description = }
06-06 19:32:28.441 475 519 W IorapForwardingService: No service published for: iorapd
06-06 19:32:29.000 2264 2341 D UtilLog : 日志批量上报 进行正常循环 !!!!!!本次有0次请求,共0条数据
06-06 19:32:29.444 475 519 W IorapForwardingService: No service published for: iorapd
06-06 19:32:30.446 475 519 W IorapForwardingService: No service published for: iorapd
06-06 19:32:30.946 657 657 E WifiHAL : wifi_get_link_stats: requestResponse Error:-5
06-06 19:32:30.948 475 607 E WifiVendorHal: getWifiLinkLayerStats_1_5_Internal(l.1191) failed {.code = ERROR_INVALID_ARGS, .description = }
06-06 19:32:31.449 475 519 W IorapForwardingService: No service published for: iorapd
06-06 19:32:32.451 475 519 W IorapForwardingService: No service published for: iorapd
01-01 08:02:56.650 381 381 W hdr10p_Configure: 136 callbacks suppressed
01-01 08:02:56.650 381 381 I : DVI mode selected: packets not configured
01-01 08:02:56.650 381 381 W set_vsif_config: 136 callbacks suppressed
01-01 08:02:56.650 381 381 I : Error: set vsif failed
01-01 08:02:56.650 381 381 I : DVI mode selected: packets not configured
01-01 08:02:56.650 381 381 I : Error: set vsif failed
01-01 08:02:56.677 381 381 I : DVI mode selected: packets not configured
01-01 08:02:56.677 381 381 I : Error: set vsif failed
01-01 08:02:56.678 381 381 I : DVI mode selected: packets not configured
01-01 08:02:56.678 381 381 I : Error: set vsif failed
01-01 08:02:56.693 381 381 I : DVI mode selected: packets not configured
01-01 08:02:56.693 381 381 I : Error: set vsif failed
01-01 08:02:56.693 381 381 I : DVI mode selected: packets not configured
01-01 08:02:56.693 381 381 I : Error: set vsif failed
01-01 08:02:56.711 381 381 I : DVI mode selected: packets not configured
01-01 08:02:56.711 381 381 I : Error: set vsif failed
01-01 08:02:56.711 381 381 I : DVI mode selected: packets not configured
01-01 08:02:56.711 381 381 I : Error: set vsif failed
01-01 08:02:56.727 381 381 I : DVI mode selected: packets not configured
01-01 08:02:56.727 381 381 I : Error: set vsif failed
01-01 08:02:56.728 381 381 I : DVI mode selected: packets not configured
01-01 08:02:56.728 381 381 I : Error: set vsif failed
06-06 19:32:33.453 475 519 W IorapForwardingService: No service published for: iorapd
06-06 19:32:33.523 2942 2951 I gbei.screencas: Background concurrent copying GC freed 68240(5674KB) AllocSpace objects, 0(0B) LOS objects, 49% free, 6221KB/12MB, paused 319us total 158.643ms
06-06 19:32:33.966 657 657 E WifiHAL : wifi_get_link_stats: requestResponse Error:-5
06-06 19:32:33.968 475 607 E WifiVendorHal: getWifiLinkLayerStats_1_5_Internal(l.1191) failed {.code = ERROR_INVALID_ARGS, .description = }
06-06 19:32:34.456 475 519 W IorapForwardingService: No service published for: iorapd
06-06 19:32:35.459 475 519 W IorapForwardingService: No service published for: iorapd
06-06 19:32:35.768 1200 1200 D bbb : onStartCommand begin !!!!!!! data分区剩余 24969MB
06-06 19:32:35.769 1142 1142 D aaa : LedStatusService onStartCommand begin
06-06 19:32:35.770 1142 3386 D aaa : topPkg is -------------- :com.dangbei.leard.leradlauncher
06-06 19:32:35.777 1142 3386 D aaa : WiFi is connect
06-06 19:32:36.464 475 519 W IorapForwardingService: No service published for: iorapd
06-06 19:32:36.985 657 657 E WifiHAL : wifi_get_link_stats: requestResponse Error:-5
06-06 19:32:36.988 475 607 E WifiVendorHal: getWifiLinkLayerStats_1_5_Internal(l.1191) failed {.code = ERROR_INVALID_ARGS, .description = }
06-06 19:32:37.467 475 519 W IorapForwardingService: No service published for: iorapd
06-06 19:32:38.469 475 519 W IorapForwardingService: No service published for: iorapd
06-06 19:32:38.624 263 277 D hdmi-cec: receive invalid cec message!
06-06 19:32:38.624 263 277 D hdmi-cec: receive poll message [04], skip!
06-06 19:32:39.020 2264 2341 D UtilLog : 日志批量上报 进行正常循环 !!!!!!本次有0次请求,共0条数据
01-01 08:03:02.665 381 381 W hdr10p_Configure: 136 callbacks suppressed
01-01 08:03:02.665 381 381 I : DVI mode selected: packets not configured
01-01 08:03:02.665 381 381 W set_vsif_config: 136 callbacks suppressed
01-01 08:03:02.665 381 381 I : Error: set vsif failed
01-01 08:03:02.665 381 381 I : DVI mode selected: packets not configured
01-01 08:03:02.665 381 381 I : Error: set vsif failed
01-01 08:03:02.695 381 381 I : DVI mode selected: packets not configured
01-01 08:03:02.695 381 381 I : Error: set vsif failed
01-01 08:03:02.695 381 381 I : DVI mode selected: packets not configured
01-01 08:03:02.695 381 381 I : Error: set vsif failed
01-01 08:03:02.709 381 381 I : DVI mode selected: packets not configured
01-01 08:03:02.709 381 381 I : Error: set vsif failed
01-01 08:03:02.709 381 381 I : DVI mode selected: packets not configured
01-01 08:03:02.709 381 381 I : Error: set vsif failed
01-01 08:03:02.730 381 381 I : DVI mode selected: packets not configured
01-01 08:03:02.730 381 381 I : Error: set vsif failed
01-01 08:03:02.730 381 381 I : DVI mode selected: packets not configured
01-01 08:03:02.730 381 381 I : Error: set vsif failed
01-01 08:03:02.744 381 381 I : DVI mode selected: packets not configured
01-01 08:03:02.744 381 381 I : Error: set vsif failed
01-01 08:03:02.744 381 381 I : DVI mode selected: packets not configured
01-01 08:03:02.744 381 381 I : Error: set vsif failed
06-06 19:32:39.472 475 519 W IorapForwardingService: No service published for: iorapd
06-06 19:32:40.004 657 657 E WifiHAL : wifi_get_link_stats: requestResponse Error:-5
06-06 19:32:40.007 475 607 E WifiVendorHal: getWifiLinkLayerStats_1_5_Internal(l.1191) failed {.code = ERROR_INVALID_ARGS, .description = }
06-06 19:32:40.474 475 519 W IorapForwardingService: No service published for: iorapd
06-06 19:32:41.476 475 519 W IorapForwardingService: No service published for: iorapd
06-06 19:32:42.476 475 519 W IorapForwardingService: No service published for: iorapd
06-06 19:32:43.025 657 657 E WifiHAL : wifi_get_link_stats: requestResponse Error:-5
06-06 19:32:43.027 475 607 E WifiVendorHal: getWifiLinkLayerStats_1_5_Internal(l.1191) failed {.code = ERROR_INVALID_ARGS, .description = }
06-06 19:32:43.479 475 519 W IorapForwardingService: No service published for: iorapd
06-06 19:32:43.815 1200 1200 D bbb : onStartCommand begin !!!!!!! data分区剩余 24969MB
06-06 19:32:43.822 1142 1142 D aaa : LedStatusService onStartCommand begin
06-06 19:32:43.825 1142 3398 D aaa : topPkg is -------------- :com.dangbei.leard.leradlauncher
06-06 19:32:43.828 1142 3398 D aaa : WiFi is connect
06-06 19:32:44.482 475 519 W IorapForwardingService: No service published for: iorapd
01-01 08:03:08.671 381 381 W hdr10p_Configure: 138 callbacks suppressed
01-01 08:03:08.671 381 381 I : DVI mode selected: packets not configured
01-01 08:03:08.671 381 381 W set_vsif_config: 138 callbacks suppressed
01-01 08:03:08.671 381 381 I : Error: set vsif failed
01-01 08:03:08.671 381 381 I : DVI mode selected: packets not configured
01-01 08:03:08.671 381 381 I : Error: set vsif failed
01-01 08:03:08.693 381 381 I : DVI mode selected: packets not configured
01-01 08:03:08.693 381 381 I : Error: set vsif failed
01-01 08:03:08.693 381 381 I : DVI mode selected: packets not configured
01-01 08:03:08.693 381 381 I : Error: set vsif failed
01-01 08:03:08.714 381 381 I : DVI mode selected: packets not configured
01-01 08:03:08.714 381 381 I : Error: set vsif failed
01-01 08:03:08.714 381 381 I : DVI mode selected: packets not configured
01-01 08:03:08.714 381 381 I : Error: set vsif failed
01-01 08:03:08.731 381 381 I : DVI mode selected: packets not configured
01-01 08:03:08.731 381 381 I : Error: set vsif failed
01-01 08:03:08.731 381 381 I : DVI mode selected: packets not configured
01-01 08:03:08.731 381 381 I : Error: set vsif failed
01-01 08:03:08.742 381 381 I : DVI mode selected: packets not configured
01-01 08:03:08.742 381 381 I : Error: set vsif failed
01-01 08:03:08.742 381 381 I : DVI mode selected: packets not configured
01-01 08:03:08.742 381 381 I : Error: set vsif failed
06-06 19:32:45.483 475 519 W IorapForwardingService: No service published for: iorapd
06-06 19:32:46.044 657 657 E WifiHAL : wifi_get_link_stats: requestResponse Error:-5
06-06 19:32:46.047 475 607 E WifiVendorHal: getWifiLinkLayerStats_1_5_Internal(l.1191) failed {.code = ERROR_INVALID_ARGS, .description = }
06-06 19:32:46.485 475 519 W IorapForwardingService: No service published for: iorapd
06-06 19:32:47.488 475 519 W IorapForwardingService: No service published for: iorapd
06-06 19:32:48.490 475 519 W IorapForwardingService: No service published for: iorapd
06-06 19:32:49.020 2264 2341 D UtilLog : 日志批量上报 进行正常循环 !!!!!!本次有0次请求,共0条数据
06-06 19:32:49.063 657 657 E WifiHAL : wifi_get_link_stats: requestResponse Error:-5
06-06 19:32:49.065 475 607 E WifiVendorHal: getWifiLinkLayerStats_1_5_Internal(l.1191) failed {.code = ERROR_INVALID_ARGS, .description = }
06-06 19:32:49.492 475 519 W IorapForwardingService: No service published for: iorapd
06-06 19:32:50.495 475 519 W IorapForwardingService: No service published for: iorapd
01-01 08:03:14.677 381 381 W hdr10p_Configure: 136 callbacks suppressed
01-01 08:03:14.677 381 381 I : DVI mode selected: packets not configured
01-01 08:03:14.677 381 381 W set_vsif_config: 136 callbacks suppressed
01-01 08:03:14.677 381 381 I : Error: set vsif failed
01-01 08:03:14.677 381 381 I : DVI mode selected: packets not configured
01-01 08:03:14.677 381 381 I : Error: set vsif failed
01-01 08:03:14.710 381 381 I : DVI mode selected: packets not configured
01-01 08:03:14.710 381 381 I : Error: set vsif failed
01-01 08:03:14.711 381 381 I : DVI mode selected: packets not configured
01-01 08:03:14.711 381 381 I : Error: set vsif failed
01-01 08:03:14.727 381 381 I : DVI mode selected: packets not configured
01-01 08:03:14.727 381 381 I : Error: set vsif failed
01-01 08:03:14.727 381 381 I : DVI mode selected: packets not configured
01-01 08:03:14.727 381 381 I : Error: set vsif failed
01-01 08:03:14.750 381 381 I : DVI mode selected: packets not configured
01-01 08:03:14.750 381 381 I : Error: set vsif failed
01-01 08:03:14.750 381 381 I : DVI mode selected: packets not configured
01-01 08:03:14.750 381 381 I : Error: set vsif failed
01-01 08:03:14.771 381 381 I : DVI mode selected: packets not configured
01-01 08:03:14.771 381 381 I : Error: set vsif failed
01-01 08:03:14.771 381 381 I : DVI mode selected: packets not configured
01-01 08:03:14.771 381 381 I : Error: set vsif failed
06-06 19:32:51.498 475 519 W IorapForwardingService: No service published for: iorapd
06-06 19:32:51.857 1200 1200 D bbb : onStartCommand begin !!!!!!! data分区剩余 24969MB
06-06 19:32:51.859 1142 1142 D aaa : LedStatusService onStartCommand begin
06-06 19:32:51.861 1142 3410 D aaa : topPkg is -------------- :com.dangbei.leard.leradlauncher
06-06 19:32:51.865 1142 3410 D aaa : WiFi is connect
06-06 19:32:52.081 657 657 E WifiHAL : wifi_get_link_stats: requestResponse Error:-5
06-06 19:32:52.083 475 607 E WifiVendorHal: getWifiLinkLayerStats_1_5_Internal(l.1191) failed {.code = ERROR_INVALID_ARGS, .description = }
06-06 19:32:52.500 475 519 W IorapForwardingService: No service published for: iorapd
06-06 19:32:53.502 475 519 W IorapForwardingService: No service published for: iorapd
06-06 19:32:53.653 263 277 D hdmi-cec: receive invalid cec message!
06-06 19:32:53.653 263 277 D hdmi-cec: receive poll message [04], skip!
06-06 19:32:54.504 475 519 W IorapForwardingService: No service published for: iorapd
06-06 19:32:55.093 657 657 E WifiHAL : wifi_get_link_stats: requestResponse Error:-5
06-06 19:32:55.095 475 607 E WifiVendorHal: getWifiLinkLayerStats_1_5_Internal(l.1191) failed {.code = ERROR_INVALID_ARGS, .description = }
06-06 19:32:55.506 475 519 W IorapForwardingService: No service published for: iorapd
06-06 19:32:56.109 475 1017 W ZramWriteback: Writeback device is not set
06-06 19:32:56.109 475 1017 D ZramWriteback: wait to flush
06-06 19:32:56.509 475 519 W IorapForwardingService: No service published for: iorapd
01-01 08:03:20.696 381 381 W hdr10p_Configure: 136 callbacks suppressed
01-01 08:03:20.696 381 381 I : DVI mode selected: packets not configured
01-01 08:03:20.696 381 381 W set_vsif_config: 136 callbacks suppressed
01-01 08:03:20.696 381 381 I : Error: set vsif failed
01-01 08:03:20.696 381 381 I : DVI mode selected: packets not configured
01-01 08:03:20.696 381 381 I : Error: set vsif failed
01-01 08:03:20.718 381 381 I : DVI mode selected: packets not configured
01-01 08:03:20.718 381 381 I : Error: set vsif failed
01-01 08:03:20.718 381 381 I : DVI mode selected: packets not configured
01-01 08:03:20.718 381 381 I : Error: set vsif failed
01-01 08:03:20.737 381 381 I : DVI mode selected: packets not configured
01-01 08:03:20.737 381 381 I : Error: set vsif failed
01-01 08:03:20.737 381 381 I : DVI mode selected: packets not configured
01-01 08:03:20.737 381 381 I : Error: set vsif failed
01-01 08:03:20.754 381 381 I : DVI mode selected: packets not configured
01-01 08:03:20.754 381 381 I : Error: set vsif failed
01-01 08:03:20.754 381 381 I : DVI mode selected: packets not configured
01-01 08:03:20.754 381 381 I : Error: set vsif failed
01-01 08:03:20.759 381 381 I : DVI mode selected: packets not configured
01-01 08:03:20.759 381 381 I : Error: set vsif failed
01-01 08:03:20.760 381 381 I : DVI mode selected: packets not configured
01-01 08:03:20.760 381 381 I : Error: set vsif failed
06-06 19:32:57.512 475 519 W IorapForwardingService: No service published for: iorapd
06-06 19:32:58.110 657 657 E WifiHAL : wifi_get_link_stats: requestResponse Error:-5
06-06 19:32:58.112 475 607 E WifiVendorHal: getWifiLinkLayerStats_1_5_Internal(l.1191) failed {.code = ERROR_INVALID_ARGS, .description = }
06-06 19:32:58.515 475 519 W IorapForwardingService: No service published for: iorapd
06-06 19:32:59.017 2264 2341 D UtilLog : 日志批量上报 进行正常循环 !!!!!!本次有0次请求,共0条数据
06-06 19:32:59.517 475 519 W IorapForwardingService: No service published for: iorapd
06-06 19:32:59.904 1142 1142 D aaa : LedStatusService onStartCommand begin
06-06 19:32:59.908 1200 1200 D bbb : onStartCommand begin !!!!!!! data分区剩余 24969MB
06-06 19:32:59.908 1142 3422 D aaa : topPkg is -------------- :com.dangbei.leard.leradlauncher
06-06 19:32:59.915 1047 1340 E ccc : cccccc sendCycleCheckBroadcast
06-06 19:32:59.916 1047 1340 W ContextImpl: Calling a method in the system process without a qualified user: android.app.ContextImpl.sendBroadcast:1173 android.content.ContextWrapper.sendBroadcast:479 com.dangbei.etna.setting.core.SettingHelper.sendCycleToProjector:250 com.dangbei.etna.setting.core.SettingHelper.sendCycleCheckBroadcast:219 com.dangbei.etna.setting.core.SettingHelper.startLoop$lambda-0:177
06-06 19:32:59.919 1142 3422 D aaa : WiFi is connect
06-06 19:32:59.920 1047 1340 W ContextImpl: Calling a method in the system process without a qualified user: android.app.ContextImpl.sendBroadcast:1173 android.content.ContextWrapper.sendBroadcast:479 com.dangbei.etna.setting.core.SettingHelper.sendCycleToVoice:235 com.dangbei.etna.setting.core.SettingHelper.sendCycleCheckBroadcast:220 com.dangbei.etna.setting.core.SettingHelper.startLoop$lambda-0:177
06-06 19:32:59.925 475 498 E ActivityManager: Sending non-protected broadcast com.dangbei.etna.setting.action_cycle_check_broadcast from system 1047:com.dangbei.lerad.etna.haqu/1000 pkg com.dangbei.lerad.etna.haqu
06-06 19:32:59.925 475 498 E ActivityManager: java.lang.Throwable
06-06 19:32:59.925 475 498 E ActivityManager: at com.android.server.am.ActivityManagerService.checkBroadcastFromSystem(ActivityManagerService.java:12816)
06-06 19:32:59.925 475 498 E ActivityManager: at com.android.server.am.ActivityManagerService.broadcastIntentLocked(ActivityManagerService.java:13513)
06-06 19:32:59.925 475 498 E ActivityManager: at com.android.server.am.ActivityManagerService.broadcastIntentLocked(ActivityManagerService.java:12833)
06-06 19:32:59.925 475 498 E ActivityManager: at com.android.server.am.ActivityManagerService.broadcastIntentWithFeature(ActivityManagerService.java:13670)
06-06 19:32:59.925 475 498 E ActivityManager: at android.app.IActivityManager$Stub.onTransact(IActivityManager.java:2326)
06-06 19:32:59.925 475 498 E ActivityManager: at com.android.server.am.ActivityManagerService.onTransact(ActivityManagerService.java:2509)
06-06 19:32:59.925 475 498 E ActivityManager: at android.os.Binder.execTransactInternal(Binder.java:1179)
06-06 19:32:59.925 475 498 E ActivityManager: at android.os.Binder.execTransact(Binder.java:1143)
06-06 19:32:59.928 475 538 I DropBoxManagerService: add tag=system_server_wtf isTagEnabled=true flags=0x2
06-06 19:32:59.944 1359 1359 D RockyVoice: RestartReceiver onReceive
06-06 19:33:00.511 1047 1329 E dangbei111: cccccc 开始扫描
06-06 19:33:00.513 1047 1329 D BluetoothAdapter: isLeEnabled(): ON
06-06 19:33:00.518 475 519 W IorapForwardingService: No service published for: iorapd
06-06 19:33:01.125 657 657 E WifiHAL : wifi_get_link_stats: requestResponse Error:-5
06-06 19:33:01.127 475 607 E WifiVendorHal: getWifiLinkLayerStats_1_5_Internal(l.1191) failed {.code = ERROR_INVALID_ARGS, .description = }
06-06 19:33:01.522 475 519 W IorapForwardingService: No service published for: iorapd
06-06 19:33:02.419 2942 2951 I gbei.screencas: Background concurrent copying GC freed 57993(6148KB) AllocSpace objects, 8(160KB) LOS objects, 49% free, 6148KB/12MB, paused 216us total 159.881ms
06-06 19:33:02.524 475 519 W IorapForwardingService: No service published for: iorapd
01-01 08:03:26.703 381 381 W hdr10p_Configure: 138 callbacks suppressed
01-01 08:03:26.703 381 381 I : DVI mode selected: packets not configured
01-01 08:03:26.703 381 381 W set_vsif_config: 138 callbacks suppressed
01-01 08:03:26.703 381 381 I : Error: set vsif failed
01-01 08:03:26.703 381 381 I : DVI mode selected: packets not configured
01-01 08:03:26.703 381 381 I : Error: set vsif failed
01-01 08:03:26.728 381 381 I : DVI mode selected: packets not configured
01-01 08:03:26.728 381 381 I : Error: set vsif failed
01-01 08:03:26.728 381 381 I : DVI mode selected: packets not configured
01-01 08:03:26.728 381 381 I : Error: set vsif failed
01-01 08:03:26.743 381 381 I : DVI mode selected: packets not configured
01-01 08:03:26.743 381 381 I : Error: set vsif failed
01-01 08:03:26.743 381 381 I : DVI mode selected: packets not configured
01-01 08:03:26.743 381 381 I : Error: set vsif failed
01-01 08:03:26.760 381 381 I : DVI mode selected: packets not configured
01-01 08:03:26.760 381 381 I : Error: set vsif failed
01-01 08:03:26.760 381 381 I : DVI mode selected: packets not configured
01-01 08:03:26.760 381 381 I : Error: set vsif failed
01-01 08:03:26.775 381 381 I : DVI mode selected: packets not configured
01-01 08:03:26.776 381 381 I : Error: set vsif failed
01-01 08:03:26.776 381 381 I : DVI mode selected: packets not configured
01-01 08:03:26.776 381 381 I : Error: set vsif failed
06-06 19:33:03.526 475 519 W IorapForwardingService: No service published for: iorapd
06-06 19:33:04.142 657 657 E WifiHAL : wifi_get_link_stats: requestResponse Error:-5
06-06 19:33:04.144 475 607 E WifiVendorHal: getWifiLinkLayerStats_1_5_Internal(l.1191) failed {.code = ERROR_INVALID_ARGS, .description = }
06-06 19:33:04.529 475 519 W IorapForwardingService: No service published for: iorapd
06-06 19:33:05.531 475 519 W IorapForwardingService: No service published for: iorapd
06-06 19:33:05.562 1100 1100 I pool-78-thread-: type=1400 audit(0.0:1121): avc: denied { read } for name="address" dev="sysfs" ino=25879 scontext=u:r:system_app:s0 tcontext=u:object_r:sysfs:s0 tclass=file permissive=1
06-06 19:33:05.562 1100 1100 I pool-78-thread-: type=1400 audit(0.0:1122): avc: denied { open } for path="/sys/devices/platform/unisoc_wifi/net/wlan1/address" dev="sysfs" ino=25879 scontext=u:r:system_app:s0 tcontext=u:object_r:sysfs:s0 tclass=file permissive=1
06-06 19:33:05.562 1100 1100 I pool-78-thread-: type=1400 audit(0.0:1123): avc: denied { getattr } for path="/sys/devices/platform/unisoc_wifi/net/wlan1/address" dev="sysfs" ino=25879 scontext=u:r:system_app:s0 tcontext=u:object_r:sysfs:s0 tclass=file permissive=1
06-06 19:33:05.570 1100 3432 I dangbei ad sdk: ad manager report data::cache data size=0
06-06 19:33:06.169 1100 3433 D dangbei ad sdk: HttpUtils.....::response={"msg":"no available advert","code":200}
06-06 19:33:06.534 475 519 W IorapForwardingService: No service published for: iorapd
06-06 19:33:07.159 657 657 E WifiHAL : wifi_get_link_stats: requestResponse Error:-5
06-06 19:33:07.162 475 607 E WifiVendorHal: getWifiLinkLayerStats_1_5_Internal(l.1191) failed {.code = ERROR_INVALID_ARGS, .description = }
06-06 19:33:07.536 475 519 W IorapForwardingService: No service published for: iorapd
06-06 19:33:07.941 1200 1200 D bbb : onStartCommand begin !!!!!!! data分区剩余 24969MB
06-06 19:33:07.942 1142 1142 D aaa : LedStatusService onStartCommand begin
06-06 19:33:07.943 1142 3450 D aaa : topPkg is -------------- :com.dangbei.leard.leradlauncher
06-06 19:33:07.947 1142 3450 D aaa : WiFi is connect
06-06 19:33:08.538 475 519 W IorapForwardingService: No service published for: iorapd
06-06 19:33:08.682 263 277 D hdmi-cec: receive invalid cec message!
06-06 19:33:08.682 263 277 D hdmi-cec: receive poll message [04], skip!
06-06 19:33:09.019 2264 2341 D UtilLog : 日志批量上报 进行正常循环 !!!!!!本次有0次请求,共0条数据
01-01 08:03:32.703 381 381 W hdr10p_Configure: 140 callbacks suppressed
01-01 08:03:32.703 381 381 I : DVI mode selected: packets not configured
01-01 08:03:32.703 381 381 W set_vsif_config: 140 callbacks suppressed
01-01 08:03:32.703 381 381 I : Error: set vsif failed
01-01 08:03:32.703 381 381 I : DVI mode selected: packets not configured
01-01 08:03:32.703 381 381 I : Error: set vsif failed
01-01 08:03:32.729 381 381 I : DVI mode selected: packets not configured
01-01 08:03:32.729 381 381 I : Error: set vsif failed
01-01 08:03:32.729 381 381 I : DVI mode selected: packets not configured
01-01 08:03:32.729 381 381 I : Error: set vsif failed
01-01 08:03:32.746 381 381 I : DVI mode selected: packets not configured
01-01 08:03:32.746 381 381 I : Error: set vsif failed
01-01 08:03:32.746 381 381 I : DVI mode selected: packets not configured
01-01 08:03:32.746 381 381 I : Error: set vsif failed
01-01 08:03:32.764 381 381 I : DVI mode selected: packets not configured
01-01 08:03:32.764 381 381 I : Error: set vsif failed
01-01 08:03:32.764 381 381 I : DVI mode selected: packets not configured
01-01 08:03:32.764 381 381 I : Error: set vsif failed
01-01 08:03:32.781 381 381 I : DVI mode selected: packets not configured
01-01 08:03:32.781 381 381 I : Error: set vsif failed
01-01 08:03:32.781 381 381 I : DVI mode selected: packets not configured
01-01 08:03:32.781 381 381 I : Error: set vsif failed
06-06 19:33:09.539 475 519 W IorapForwardingService: No service published for: iorapd
06-06 19:33:10.174 657 657 E WifiHAL : wifi_get_link_stats: requestResponse Error:-5
06-06 19:33:10.175 475 607 E WifiVendorHal: getWifiLinkLayerStats_1_5_Internal(l.1191) failed {.code = ERROR_INVALID_ARGS, .description = }
06-06 19:33:10.542 475 519 W IorapForwardingService: No service published for: iorapd
06-06 19:33:11.543 475 519 W IorapForwardingService: No service published for: iorapd
06-06 19:33:12.547 475 519 W IorapForwardingService: No service published for: iorapd
06-06 19:33:13.185 657 657 E WifiHAL : wifi_get_link_stats: requestResponse Error:-5
06-06 19:33:13.186 475 607 E WifiVendorHal: getWifiLinkLayerStats_1_5_Internal(l.1191) failed {.code = ERROR_INVALID_ARGS, .description = }
06-06 19:33:13.550 475 519 W IorapForwardingService: No service published for: iorapd
06-06 19:33:14.348 2942 2951 I gbei.screencas: Background concurrent copying GC freed 51840(6178KB) AllocSpace objects, 4(80KB) LOS objects, 49% free, 6040KB/11MB, paused 122us total 115.539ms
06-06 19:33:14.551 475 519 W IorapForwardingService: No service published for: iorapd
01-01 08:03:38.703 381 381 W hdr10p_Configure: 140 callbacks suppressed
01-01 08:03:38.703 381 381 I : DVI mode selected: packets not configured
01-01 08:03:38.703 381 381 W set_vsif_config: 140 callbacks suppressed
01-01 08:03:38.703 381 381 I : Error: set vsif failed
01-01 08:03:38.703 381 381 I : DVI mode selected: packets not configured
01-01 08:03:38.703 381 381 I : Error: set vsif failed
01-01 08:03:38.728 381 381 I : DVI mode selected: packets not configured
01-01 08:03:38.728 381 381 I : Error: set vsif failed
01-01 08:03:38.728 381 381 I : DVI mode selected: packets not configured
01-01 08:03:38.728 381 381 I : Error: set vsif failed
01-01 08:03:38.745 381 381 I : DVI mode selected: packets not configured
01-01 08:03:38.745 381 381 I : Error: set vsif failed
01-01 08:03:38.745 381 381 I : DVI mode selected: packets not configured
01-01 08:03:38.745 381 381 I : Error: set vsif failed
01-01 08:03:38.762 381 381 I : DVI mode selected: packets not configured
01-01 08:03:38.762 381 381 I : Error: set vsif failed
01-01 08:03:38.762 381 381 I : DVI mode selected: packets not configured
01-01 08:03:38.762 381 381 I : Error: set vsif failed
01-01 08:03:38.781 381 381 I : DVI mode selected: packets not configured
01-01 08:03:38.781 381 381 I : Error: set vsif failed
01-01 08:03:38.781 381 381 I : DVI mode selected: packets not configured
01-01 08:03:38.781 381 381 I : Error: set vsif failed
06-06 19:33:15.553 475 519 W IorapForwardingService: No service published for: iorapd
06-06 19:33:15.972 1142 1142 D aaa : LedStatusService onStartCommand begin
06-06 19:33:15.972 1200 1200 D bbb : onStartCommand begin !!!!!!! data分区剩余 24969MB
06-06 19:33:15.973 1142 3462 D aaa : topPkg is -------------- :com.dangbei.leard.leradlauncher
06-06 19:33:15.976 1142 3462 D aaa : WiFi is connect
06-06 19:33:16.196 657 657 E WifiHAL : wifi_get_link_stats: requestResponse Error:-5
06-06 19:33:16.197 475 607 E WifiVendorHal: getWifiLinkLayerStats_1_5_Internal(l.1191) failed {.code = ERROR_INVALID_ARGS, .description = }
06-06 19:33:16.555 475 519 W IorapForwardingService: No service published for: iorapd
06-06 19:33:17.557 475 519 W IorapForwardingService: No service published for: iorapd
06-06 19:33:18.559 475 519 W IorapForwardingService: No service published for: iorapd
06-06 19:33:18.991 2264 2341 D UtilLog : 日志批量上报 进行正常循环 !!!!!!本次有0次请求,共0条数据
06-06 19:33:19.208 657 657 E WifiHAL : wifi_get_link_stats: requestResponse Error:-5
06-06 19:33:19.209 475 607 E WifiVendorHal: getWifiLinkLayerStats_1_5_Internal(l.1191) failed {.code = ERROR_INVALID_ARGS, .description = }
06-06 19:33:19.561 475 519 W IorapForwardingService: No service published for: iorapd
06-06 19:33:20.563 475 519 W IorapForwardingService: No service published for: iorapd
01-01 08:03:44.719 381 381 W hdr10p_Configure: 138 callbacks suppressed
01-01 08:03:44.719 381 381 I : DVI mode selected: packets not configured
01-01 08:03:44.719 381 381 W set_vsif_config: 138 callbacks suppressed
01-01 08:03:44.719 381 381 I : Error: set vsif failed
01-01 08:03:44.719 381 381 I : DVI mode selected: packets not configured
01-01 08:03:44.719 381 381 I : Error: set vsif failed
01-01 08:03:44.743 381 381 I : DVI mode selected: packets not configured
01-01 08:03:44.743 381 381 I : Error: set vsif failed
01-01 08:03:44.743 381 381 I : DVI mode selected: packets not configured
01-01 08:03:44.743 381 381 I : Error: set vsif failed
01-01 08:03:44.760 381 381 I : DVI mode selected: packets not configured
01-01 08:03:44.760 381 381 I : Error: set vsif failed
01-01 08:03:44.760 381 381 I : DVI mode selected: packets not configured
01-01 08:03:44.760 381 381 I : Error: set vsif failed
01-01 08:03:44.779 381 381 I : DVI mode selected: packets not configured
01-01 08:03:44.779 381 381 I : Error: set vsif failed
01-01 08:03:44.779 381 381 I : DVI mode selected: packets not configured
01-01 08:03:44.779 381 381 I : Error: set vsif failed
01-01 08:03:44.796 381 381 I : DVI mode selected: packets not configured
01-01 08:03:44.796 381 381 I : Error: set vsif failed
01-01 08:03:44.796 381 381 I : DVI mode selected: packets not configured
01-01 08:03:44.796 381 381 I : Error: set vsif failed
06-06 19:33:21.439 2264 2338 I TDLog : [APP] New data found, Submitting...
06-06 19:33:21.473 2264 2338 I TDLog : [APP] Failed to submit data!
06-06 19:33:21.566 475 519 W IorapForwardingService: No service published for: iorapd
06-06 19:33:22.220 657 657 E WifiHAL : wifi_get_link_stats: requestResponse Error:-5
06-06 19:33:22.221 475 607 E WifiVendorHal: getWifiLinkLayerStats_1_5_Internal(l.1191) failed {.code = ERROR_INVALID_ARGS, .description = }
06-06 19:33:22.568 475 519 W IorapForwardingService: No service published for: iorapd
06-06 19:33:23.206 263 277 D hdmi-cec: receive invalid cec message!
06-06 19:33:23.206 263 277 D hdmi-cec: receive poll message [04], skip!
06-06 19:33:23.571 475 519 W IorapForwardingService: No service published for: iorapd
06-06 19:33:24.047 1200 1200 D bbb : onStartCommand begin !!!!!!! data分区剩余 24969MB
06-06 19:33:24.055 1142 1142 D aaa : LedStatusService onStartCommand begin
06-06 19:33:24.060 1142 3476 D aaa : topPkg is -------------- :com.dangbei.leard.leradlauncher
06-06 19:33:24.065 1142 3476 D aaa : WiFi is connect
06-06 19:33:24.574 475 519 W IorapForwardingService: No service published for: iorapd
06-06 19:33:25.236 657 657 E WifiHAL : wifi_get_link_stats: requestResponse Error:-5
06-06 19:33:25.238 475 607 E WifiVendorHal: getWifiLinkLayerStats_1_5_Internal(l.1191) failed {.code = ERROR_INVALID_ARGS, .description = }
06-06 19:33:25.576 475 519 W IorapForwardingService: No service published for: iorapd
06-06 19:33:26.111 475 1017 W ZramWriteback: Writeback device is not set
06-06 19:33:26.111 475 1017 D ZramWriteback: wait to flush
06-06 19:33:26.578 475 519 W IorapForwardingService: No service published for: iorapd
01-01 08:03:50.738 381 381 W hdr10p_Configure: 136 callbacks suppressed
01-01 08:03:50.738 381 381 I : DVI mode selected: packets not configured
01-01 08:03:50.738 381 381 W set_vsif_config: 136 callbacks suppressed
01-01 08:03:50.738 381 381 I : Error: set vsif failed
01-01 08:03:50.738 381 381 I : DVI mode selected: packets not configured
01-01 08:03:50.738 381 381 I : Error: set vsif failed
01-01 08:03:50.760 381 381 I : DVI mode selected: packets not configured
01-01 08:03:50.760 381 381 I : Error: set vsif failed
01-01 08:03:50.761 381 381 I : DVI mode selected: packets not configured
01-01 08:03:50.761 381 381 I : Error: set vsif failed
01-01 08:03:50.778 381 381 I : DVI mode selected: packets not configured
01-01 08:03:50.778 381 381 I : Error: set vsif failed
01-01 08:03:50.778 381 381 I : DVI mode selected: packets not configured
01-01 08:03:50.778 381 381 I : Error: set vsif failed
01-01 08:03:50.793 381 381 I : DVI mode selected: packets not configured
01-01 08:03:50.793 381 381 I : Error: set vsif failed
01-01 08:03:50.793 381 381 I : DVI mode selected: packets not configured
01-01 08:03:50.793 381 381 I : Error: set vsif failed
01-01 08:03:50.809 381 381 I : DVI mode selected: packets not configured
01-01 08:03:50.809 381 381 I : Error: set vsif failed
01-01 08:03:50.809 381 381 I : DVI mode selected: packets not configured
01-01 08:03:50.809 381 381 I : Error: set vsif failed
06-06 19:33:27.582 475 519 W IorapForwardingService: No service published for: iorapd
06-06 19:33:28.256 657 657 E WifiHAL : wifi_get_link_stats: requestResponse Error:-5
06-06 19:33:28.258 475 607 E WifiVendorHal: getWifiLinkLayerStats_1_5_Internal(l.1191) failed {.code = ERROR_INVALID_ARGS, .description = }
06-06 19:33:28.585 475 519 W IorapForwardingService: No service published for: iorapd
06-06 19:33:28.996 2264 2341 D UtilLog : 日志批量上报 进行正常循环 !!!!!!本次有0次请求,共0条数据
06-06 19:33:29.587 475 519 W IorapForwardingService: No service published for: iorapd
06-06 19:33:30.590 475 519 W IorapForwardingService: No service published for: iorapd
