06-06 19:31:06.475 475 607 E WifiVendorHal: getWifiLinkLayerStats_1_5_Internal(l.1191) failed {.code = ERROR_INVALID_ARGS, .description = }
06-06 19:31:06.658 1257 1673 I efs.base: wa upload succ, HttpResponse {succ=true, code=200, data='暂不支持该服务', extra={req_url=https://errlog.umeng.com/api/crashsdk/logcollect}}
06-06 19:31:07.250 475 519 W IorapForwardingService: No service published for: iorapd
06-06 19:31:07.311 1142 1142 D aaa : LedStatusService onStartCommand begin
06-06 19:31:07.314 1142 2805 D aaa : topPkg is -------------- :com.dangbei.leard.leradlauncher
06-06 19:31:07.316 1200 1200 D bbb : onStartCommand begin !!!!!!! data分区剩余 24969MB
06-06 19:31:07.318 1142 2805 D aaa : WiFi is connect
06-06 19:31:08.133 475 538 W ActivityManager: Stopping service due to app idle: u0a57 -1m0s165ms com.android.tv/.dvr.recorder.DvrRecordingService
06-06 19:31:08.141 475 1350 I ActivityManager: Killing 1612:com.android.managedprovisioning/u0a14 (adj 985): empty #17
06-06 19:31:08.173 243 243 I Zygote : Process 1612 exited due to signal 9 (Killed)
06-06 19:31:08.179 475 1350 I ActivityManager: Killing 1591:com.android.dynsystem:dynsystem/1000 (adj 985): empty #17
06-06 19:31:08.187 475 540 I libprocessgroup: Successfully killed process cgroup uid 10014 pid 1612 in 43ms
06-06 19:31:08.188 475 540 I libprocessgroup: Successfully killed process cgroup uid 1000 pid 1591 in 0ms
06-06 19:31:08.213 243 243 I Zygote : Process 1591 exited due to signal 9 (Killed)
06-06 19:31:08.252 475 519 W IorapForwardingService: No service published for: iorapd
06-06 19:31:08.471 263 277 D hdmi-cec: receive invalid cec message!
06-06 19:31:08.472 263 277 D hdmi-cec: receive poll message [04], skip!
06-06 19:31:08.782 1257 1257 I ModuleDataForwa: type=1400 audit(0.0:1053): avc: denied { lock } for path="/data/user/0/com.dangbei.screencast/files/TD__Env_Synchronous_Lock__" dev="mmcblk0p25" ino=2665 scontext=u:r:platform_app:s0:c512,c768 tcontext=u:object_r:app_data_file:s0:c512,c768 tclass=file permissive=1 app=com.dangbei.screencast
01-01 08:01:32.526 381 381 W hdr10p_Configure: 64 callbacks suppressed
01-01 08:01:32.526 381 381 I : DVI mode selected: packets not configured
01-01 08:01:32.526 381 381 W set_vsif_config: 64 callbacks suppressed
01-01 08:01:32.526 381 381 I : Error: set vsif failed
01-01 08:01:32.548 381 381 I : DVI mode selected: packets not configured
01-01 08:01:32.548 381 381 I : Error: set vsif failed
01-01 08:01:32.566 381 381 I : DVI mode selected: packets not configured
01-01 08:01:32.566 381 381 I : Error: set vsif failed
01-01 08:01:32.580 381 381 I : DVI mode selected: packets not configured
01-01 08:01:32.580 381 381 I : Error: set vsif failed
01-01 08:01:32.592 381 381 I : DVI mode selected: packets not configured
01-01 08:01:32.592 381 381 I : Error: set vsif failed
01-01 08:01:32.620 381 381 I : DVI mode selected: packets not configured
01-01 08:01:32.620 381 381 I : Error: set vsif failed
01-01 08:01:32.636 381 381 I : DVI mode selected: packets not configured
01-01 08:01:32.636 381 381 I : Error: set vsif failed
01-01 08:01:32.651 381 381 I : DVI mode selected: packets not configured
01-01 08:01:32.651 381 381 I : Error: set vsif failed
01-01 08:01:32.659 381 381 I : DVI mode selected: packets not configured
01-01 08:01:32.659 381 381 I : Error: set vsif failed
06-06 19:31:09.019 2264 2341 D UtilLog : 日志批量上报 进行正常循环 !!!!!!本次有0次请求,共0条数据
01-01 08:01:32.674 381 381 I : DVI mode selected: packets not configured
01-01 08:01:32.674 381 381 I : Error: set vsif failed
06-06 19:31:09.254 475 519 W IorapForwardingService: No service published for: iorapd
06-06 19:31:09.487 657 657 E WifiHAL : wifi_get_link_stats: requestResponse Error:-5
06-06 19:31:09.489 475 607 E WifiVendorHal: getWifiLinkLayerStats_1_5_Internal(l.1191) failed {.code = ERROR_INVALID_ARGS, .description = }
06-06 19:31:10.078 1257 1257 I gbei.screencast: type=1400 audit(0.0:1054): avc: denied { rename } for name="screencast.xml" dev="mmcblk0p25" ino=55115 scontext=u:r:platform_app:s0:c512,c768 tcontext=u:object_r:app_data_file:s0:c512,c768 tclass=file permissive=1 app=com.dangbei.screencast
06-06 19:31:10.082 1257 1257 I gbei.screencast: type=1400 audit(0.0:1055): avc: denied { setattr } for name="screencast.xml" dev="mmcblk0p25" ino=55143 scontext=u:r:platform_app:s0:c512,c768 tcontext=u:object_r:app_data_file:s0:c512,c768 tclass=file permissive=1 app=com.dangbei.screencast
06-06 19:31:10.195 475 1350 I ActivityManager: Background started FGS: Allowed [callingPackage: com.dangbei.screencast; callingUid: 10020; uidState: FGS ; intent: Intent { cmp=com.dangbei.screencast/.startup.GuardService }; code:PROC_STATE_FGS; tempAllowListReason:; targetSdkVersion:28; callerTargetSdkVersion:28; startForegroundCount:0; bindFromPackage:null]
06-06 19:31:10.198 475 1350 D CompatibilityChangeReporter: Compat change id reported: 135634846; UID 10020; state: DISABLED
06-06 19:31:10.199 475 539 D CompatibilityChangeReporter: Compat change id reported: 143937733; UID 10020; state: DISABLED
06-06 19:31:10.217 1257 2654 W System.err: java.net.SocketException: Socket closed
06-06 19:31:10.218 475 617 D NsdService: unregister service
06-06 19:31:10.218 475 617 D NsdService: mdnssd [stop-register, 4]
06-06 19:31:10.219 242 291 W netd : dnssd_clientstub DNSServiceProcessResult called with NULL DNSServiceRef
06-06 19:31:10.222 475 617 D NsdService: unregister service
06-06 19:31:10.222 475 617 D NsdService: mdnssd [stop-register, 3]
06-06 19:31:10.223 242 291 W netd : dnssd_clientstub DNSServiceProcessResult called with NULL DNSServiceRef
06-06 19:31:10.223 1257 2654 W System.err: at java.net.PlainSocketImpl.socketAccept(PlainSocketImpl.java:213)
06-06 19:31:10.224 1257 2654 W System.err: at java.net.AbstractPlainSocketImpl.accept(AbstractPlainSocketImpl.java:451)
06-06 19:31:10.224 1257 2654 W System.err: at java.net.ServerSocket.implAccept(ServerSocket.java:547)
06-06 19:31:10.224 1257 2654 W System.err: at java.net.ServerSocket.accept(ServerSocket.java:515)
06-06 19:31:10.224 1257 2654 W System.err: at b.f.f.t.f.run(Unknown Source:40)
06-06 19:31:10.224 1257 2654 W System.err: at java.lang.Thread.run(Thread.java:920)
06-06 19:31:10.227 475 617 D NsdService: unregister service
06-06 19:31:10.228 475 617 D NsdService: mdnssd [stop-register, 5]
06-06 19:31:10.229 242 291 W netd : dnssd_clientstub DNSServiceProcessResult called with NULL DNSServiceRef
06-06 19:31:10.230 243 243 D Zygote : Forked child process 2821
06-06 19:31:10.232 475 539 I ActivityManager: app.processName = com.dangbei.screencast:bg_guard
06-06 19:31:10.233 475 539 I ActivityManager: Start proc 2821:com.dangbei.screencast:bg_guard/u0a20 for service {com.dangbei.screencast/com.dangbei.screencast.startup.GuardService}
06-06 19:31:10.237 1257 2817 W UpnpServiceImpl: >>> Shutting down UPnP service...
06-06 19:31:10.241 2821 2821 I Zygote : seccomp disabled by setenforce 0
06-06 19:31:10.246 1257 1257 I shutdown-name: type=1400 audit(0.0:1056): avc: denied { read } for name="address" dev="sysfs" ino=25791 scontext=u:r:platform_app:s0:c512,c768 tcontext=u:object_r:sysfs:s0 tclass=file permissive=1 app=com.dangbei.screencast
06-06 19:31:10.246 1257 1257 I shutdown-name: type=1400 audit(0.0:1057): avc: denied { open } for path="/sys/devices/platform/unisoc_wifi/net/wlan0/address" dev="sysfs" ino=25791 scontext=u:r:platform_app:s0:c512,c768 tcontext=u:object_r:sysfs:s0 tclass=file permissive=1 app=com.dangbei.screencast
06-06 19:31:10.246 1257 1257 I shutdown-name: type=1400 audit(0.0:1058): avc: denied { getattr } for path="/sys/devices/platform/unisoc_wifi/net/wlan0/address" dev="sysfs" ino=25791 scontext=u:r:platform_app:s0:c512,c768 tcontext=u:object_r:sysfs:s0 tclass=file permissive=1 app=com.dangbei.screencast
06-06 19:31:10.256 475 519 W IorapForwardingService: No service published for: iorapd
06-06 19:31:10.262 1257 2662 W AbstractChannel: Can't invoke task later as EventLoop rejected it
06-06 19:31:10.262 1257 2662 W AbstractChannel: java.util.concurrent.RejectedExecutionException: event executor terminated
06-06 19:31:10.262 1257 2662 W AbstractChannel: at io.netty.util.concurrent.SingleThreadEventExecutor.reject(Unknown Source:4)
06-06 19:31:10.262 1257 2662 W AbstractChannel: at io.netty.util.concurrent.SingleThreadEventExecutor.offerTask(Unknown Source:6)
06-06 19:31:10.262 1257 2662 W AbstractChannel: at io.netty.util.concurrent.SingleThreadEventExecutor.addTask(Unknown Source:5)
06-06 19:31:10.262 1257 2662 W AbstractChannel: at io.netty.util.concurrent.SingleThreadEventExecutor.execute(Unknown Source:4)
06-06 19:31:10.262 1257 2662 W AbstractChannel: at io.netty.util.concurrent.SingleThreadEventExecutor.execute(Unknown Source:18)
06-06 19:31:10.262 1257 2662 W AbstractChannel: at io.netty.channel.AbstractChannel$AbstractUnsafe.invokeLater(Unknown Source:6)
06-06 19:31:10.262 1257 2662 W AbstractChannel: at io.netty.channel.AbstractChannel$AbstractUnsafe.deregister(Unknown Source:24)
06-06 19:31:10.262 1257 2662 W AbstractChannel: at io.netty.channel.AbstractChannel$AbstractUnsafe.fireChannelInactiveAndDeregister(Unknown Source:17)
06-06 19:31:10.262 1257 2662 W AbstractChannel: at io.netty.channel.AbstractChannel$AbstractUnsafe.close(Unknown Source:112)
06-06 19:31:10.262 1257 2662 W AbstractChannel: at io.netty.channel.AbstractChannel$AbstractUnsafe.close(Unknown Source:12)
06-06 19:31:10.262 1257 2662 W AbstractChannel: at io.netty.channel.nio.NioEventLoop.closeAll(Unknown Source:86)
06-06 19:31:10.262 1257 2662 W AbstractChannel: at io.netty.channel.nio.NioEventLoop.run(Unknown Source:202)
06-06 19:31:10.262 1257 2662 W AbstractChannel: at io.netty.util.concurrent.SingleThreadEventExecutor$4.run(Unknown Source:41)
06-06 19:31:10.262 1257 2662 W AbstractChannel: at io.netty.util.internal.ThreadExecutorMap$2.run(Unknown Source:8)
06-06 19:31:10.262 1257 2662 W AbstractChannel: at io.netty.util.concurrent.FastThreadLocalRunnable.run(Unknown Source:2)
06-06 19:31:10.262 1257 2662 W AbstractChannel: at java.lang.Thread.run(Thread.java:920)
06-06 19:31:10.266 396 407 I adbd : jdwp connection from 2821
06-06 19:31:10.277 1257 2397 E raop : httpd_stop running 1 joined 0
06-06 19:31:10.277 1257 2397 E raop : httpd_stop connection->socket_fd=0
06-06 19:31:10.277 1257 2397 E raop : httpd_stop connection->socket_fd=0
06-06 19:31:10.277 1257 2397 E raop : httpd_stop connection->socket_fd=0
06-06 19:31:10.277 1257 2397 E raop : httpd_stop connection->socket_fd=0
06-06 19:31:10.277 1257 2397 E raop : httpd_stop connection->socket_fd=0
06-06 19:31:10.277 1257 2397 E raop : httpd_stop connection->socket_fd=0
06-06 19:31:10.278 1257 2397 E raop : httpd_stop connection->socket_fd=0
06-06 19:31:10.278 1257 2397 E raop : httpd_stop connection->socket_fd=0
06-06 19:31:10.278 1257 2397 E raop : httpd_stop connection->socket_fd=0
06-06 19:31:10.278 1257 2397 E raop : httpd_stop connection->socket_fd=0
06-06 19:31:10.294 2821 2821 D CompatibilityChangeReporter: Compat change id reported: 171979766; UID 10020; state: DISABLED
06-06 19:31:10.303 2821 2821 D ApplicationLoaders: Returning zygote-cached class loader: /system/framework/android.test.base.jar
06-06 19:31:10.303 2821 2821 D ApplicationLoaders: Returning zygote-cached class loader: /system/framework/android.hidl.manager-V1.0-java.jar
06-06 19:31:10.303 2821 2821 D ApplicationLoaders: Returning zygote-cached class loader: /system/framework/android.hidl.base-V1.0-java.jar
06-06 19:31:10.327 2821 2821 V GraphicsEnvironment: ANGLE Developer option for 'com.dangbei.screencast' set to: 'default'
06-06 19:31:10.328 2821 2821 V GraphicsEnvironment: Neither updatable production driver nor prerelease driver is supported.
06-06 19:31:10.329 2821 2821 D NetworkSecurityConfig: Using Network Security Config from resource network_security_config debugBuild: false
06-06 19:31:10.331 2821 2821 D NetworkSecurityConfig: Using Network Security Config from resource network_security_config debugBuild: false
06-06 19:31:10.334 2821 2821 I MultiDex: VM with version 2.1.0 has multidex support
06-06 19:31:10.334 2821 2821 I MultiDex: Installing application
06-06 19:31:10.334 2821 2821 I MultiDex: VM has multidex support, MultiDex support library is disabled.
06-06 19:31:10.404 475 492 I system_server: Background young concurrent copying GC freed 243740(11MB) AllocSpace objects, 116(3104KB) LOS objects, 57% free, 11MB/26MB, paused 382us total 203.504ms
06-06 19:31:10.435 2821 2875 I crashsdk: version unique build id: 6230cced
06-06 19:31:10.438 2821 2821 I Thread-3: type=1400 audit(0.0:1059): avc: denied { read } for name="version" dev="proc" ino=4026532049 scontext=u:r:platform_app:s0:c512,c768 tcontext=u:object_r:proc_version:s0 tclass=file permissive=1 app=com.dangbei.screencast
06-06 19:31:10.438 2821 2821 I Thread-3: type=1400 audit(0.0:1060): avc: denied { open } for path="/proc/version" dev="proc" ino=4026532049 scontext=u:r:platform_app:s0:c512,c768 tcontext=u:object_r:proc_version:s0 tclass=file permissive=1 app=com.dangbei.screencast
06-06 19:31:10.438 2821 2821 I Thread-3: type=1400 audit(0.0:1061): avc: denied { getattr } for path="/proc/version" dev="proc" ino=4026532049 scontext=u:r:platform_app:s0:c512,c768 tcontext=u:object_r:proc_version:s0 tclass=file permissive=1 app=com.dangbei.screencast
06-06 19:31:10.443 2821 2876 D crashsdk: Native log stat thread 2876 setup, waiting
06-06 19:31:10.446 2821 2853 I crashsdk: begin hack android.os.Process
06-06 19:31:10.446 2821 2853 I crashsdk: end hack android.os.Process
06-06 19:31:10.473 2821 2853 I Matrix.AnrTracer: anrTrace, final mAnrBeatTime:400, mAnrBeatRate:400
06-06 19:31:10.474 2821 2821 I TDLog : setReportUncaughtExceptions: true
06-06 19:31:10.474 263 263 I EventThread: type=1400 audit(0.0:1062): avc: denied { search } for name="extcon" dev="sysfs" ino=18109 scontext=u:r:hal_tv_cec_default:s0 tcontext=u:object_r:sysfs_extcon:s0 tclass=dir permissive=1
06-06 19:31:10.477 2821 2821 E Application: onCreate:Version:v2.8.3/20830/883432e
06-06 19:31:10.478 2821 2853 E LaunchManager: Non main process !
06-06 19:31:10.479 2821 2853 W System.err: java.lang.NullPointerException: Attempt to invoke virtual method 'boolean com.efs.sdk.launch.LaunchConfigManager.enableTracer()' on a null object reference
06-06 19:31:10.479 2821 2853 W System.err: at com.umeng.umcrash.UMCrash.init(Unknown Source:403)
06-06 19:31:10.479 2821 2853 W System.err: at java.lang.reflect.Method.invoke(Native Method)
06-06 19:31:10.479 2821 2853 W System.err: at com.umeng.commonsdk.UMConfigure.init(Unknown Source:811)
06-06 19:31:10.480 2821 2853 W System.err: at b.f.f.b.a(:4)
06-06 19:31:10.480 2821 2853 W System.err: at h.o.a.run(Unknown Source:2)
06-06 19:31:10.482 2821 2880 W efs.send_log: tryFileLock start!
06-06 19:31:10.497 2821 2880 I efs.config: --->>> 删除旧的配置文件 false
06-06 19:31:10.498 2821 2898 I efs.base: lt=event`ev_ct=efs_core`ev_ac=pvuv`tm=2025-06-06 19:31:48`dn=771f93e8-8eaa-49df-8b16-e1b19b668479`ps=com.dangbei.screencast:bg_guard`um_os=android`stime=1749209470202`pid=2821`fr=android`pkg=com.dangbei.screencast`vcode=20830`dsp_w=1920`uid=771f93e8-8eaa-49df-8b16-e1b19b668479`rom=12`wid=771f93e8-8eaa-49df-8b16-e1b19b668479`um_app_carrier=`um_access=wifi`um_app_channel=os`um_crash_sdk_version=1.4.0`ctime=1749209470`model=dbbox-a2`lang=zh`net=wifi`brand=dangbei`dsp_h=1080`um_network_type=0`ver=v2.8.3`build_model=DBBOX-A2`w_tm=1749209470`appid=5fc60c21094d637f3130af19`um_umid_header=ai4e7fa82b434271882c971661bb5632b7`sdk=31`tzone=Asia/Shanghai`sdk_ver=1.3.6.umeng
01-01 08:01:34.163 2880 2880 W audit : audit_lost=564 audit_rate_limit=5 audit_backlog_limit=64
01-01 08:01:34.163 2880 2880 E audit : rate limit exceeded
06-06 19:31:10.528 2821 2880 I efs.config: current config version (-1) is older than another (1735614866)
06-06 19:31:10.528 475 1350 W ServiceManager: Permission failure: android.permission.HIGH_SAMPLING_RATE_SENSORS from uid=10020 pid=2821
06-06 19:31:10.528 2821 2880 I efs.config: load config from storage and notify observer
06-06 19:31:10.533 475 1350 W ActivityManager: Foreground service started from background can not have location/camera/microphone access: service com.dangbei.screencast/.startup.GuardService
06-06 19:31:10.534 2821 2854 I TDLog : TalkingData SDK init...
06-06 19:31:10.534 2821 2854 I TDLog : SDK_VERSION is: Android+TD+V5.0.7 gp Type:Native Build_Num:2141
06-06 19:31:10.534 2821 2854 I TDLog : App ID is: B9D7815EC975466AB1332111FCE62DF5
06-06 19:31:10.534 2821 2854 I TDLog : App Channel is: os
06-06 19:31:10.534 2821 2854 I TDLog : App Custom is:
06-06 19:31:10.534 2821 2854 I TDLog : SDK_OVC is: TDOVC+a3bb7754719798526508b6caad480dd7+SaaS
06-06 19:31:10.536 2821 2821 E GuardService: onStartCommand:
06-06 19:31:10.536 2821 2821 E GuardService: onStartCommand: cmd:1
06-06 19:31:10.536 2821 2821 E GuardService: result:2
06-06 19:31:10.568 2821 2821 I crashsdk: Catcher mask: 5000, 20480
06-06 19:31:10.570 2821 2821 I crashsdk: Catcher thread 2828
06-06 19:31:10.571 2821 2821 D crashsdk: Register ANR handler ...
06-06 19:31:10.573 2821 2898 W efs.info.manager: network change: wifi
06-06 19:31:10.598 1257 2817 W Router : disable lock:org.fourthline.cling.android.AndroidRouter@4582feb_java.util.concurrent.locks.ReentrantReadWriteLock$WriteLock@2e83148[Unlocked]
06-06 19:31:10.598 1257 2817 I Router : WiFi multicast lock released
06-06 19:31:10.599 475 749 I WifiService: releaseMulticastLock uid=10020
06-06 19:31:10.600 1257 2817 I Router : WiFi lock released
06-06 19:31:10.601 475 749 I WifiService: releaseWifiLock uid=10020
01-01 08:01:34.244 768 768 E sprdwl : sprdwl_rx_rsp_process ctx_id 0 recv rsp[WIFI_CMD_TX_DATA] status[SPRDWL_CMD_STATUS_ERROR]
06-06 19:31:10.627 1257 2817 I JettyServletContainer: No more connectors, stopping Jetty server
06-06 19:31:10.627 1257 2817 I JettyServletContainer: Stopping Jetty server...
06-06 19:31:10.628 1257 2674 E JettyServletContainer: error:java.net.SocketException: Socket closed
06-06 19:31:10.629 1257 2817 W System.err: 2025-06-06 19:31:10.628:INFO:lcaf.p:Graceful shutdown l.c.a.g.d{/upnp,null}
06-06 19:31:10.629 1257 2674 W System.err: java.net.SocketException: Socket closed
06-06 19:31:10.629 1257 2674 W System.err: at java.net.PlainSocketImpl.socketAccept(PlainSocketImpl.java:213)
06-06 19:31:10.629 1257 2674 W System.err: at java.net.AbstractPlainSocketImpl.accept(AbstractPlainSocketImpl.java:451)
06-06 19:31:10.629 1257 2674 W System.err: at java.net.ServerSocket.implAccept(ServerSocket.java:547)
06-06 19:31:10.629 1257 2674 W System.err: at java.net.ServerSocket.accept(ServerSocket.java:515)
06-06 19:31:10.629 1257 2674 W System.err: at l.c.a.f.w.a.accept(Unknown Source:2)
06-06 19:31:10.629 1257 2674 W System.err: at org.fourthline.cling.transport.impl.jetty.JettyServletContainer$2.accept(Unknown Source:1)
06-06 19:31:10.629 1257 2674 W System.err: at l.c.a.f.a$a.run(Unknown Source:113)
06-06 19:31:10.629 1257 2674 W System.err: at java.util.concurrent.ThreadPoolExecutor.runWorker(ThreadPoolExecutor.java:1167)
06-06 19:31:10.629 1257 2674 W System.err: at java.util.concurrent.ThreadPoolExecutor$Worker.run(ThreadPoolExecutor.java:641)
06-06 19:31:10.629 1257 2674 W System.err: at java.lang.Thread.run(Thread.java:920)
06-06 19:31:10.743 666 666 V TvNotificationHandler: Notification not added because it isn't relevant for tv
06-06 19:31:11.013 475 1350 W TelephonyPermissions: reportAccessDeniedToReadIdentifiers:com.dangbei.screencast:getSerial:-1
06-06 19:31:11.029 1257 2397 E raop : httpd_stop running 0 joined 1
06-06 19:31:11.044 2821 2926 V NFC : this device does not have NFC support
06-06 19:31:11.258 475 519 W IorapForwardingService: No service published for: iorapd
06-06 19:31:11.630 1257 2817 W System.err: 2025-06-06 19:31:11.630:INFO:lcafx.c:stopped l.c.a.g.d{/upnp,null}
06-06 19:31:11.632 1257 2817 W Router : disable unlock:org.fourthline.cling.android.AndroidRouter@4582feb
06-06 19:31:11.634 1257 2817 W UpnpServiceImpl: <<< UPnP service shutdown completed
01-01 08:01:35.275 768 768 E sprdwl : sprdwl_rx_rsp_process ctx_id 0 recv rsp[WIFI_CMD_TX_DATA] status[SPRDWL_CMD_STATUS_ERROR]
06-06 19:31:12.215 1257 1257 I crashsdk: android_os_Process_sendSignal. PID: 1257 SIG: 9
06-06 19:31:12.215 1257 1257 I crashsdk: onKillProcess. SIG: 9
06-06 19:31:12.219 1257 1257 I crashsdk: Kill PID: 1257 (com.dangbei.screencast) by pid: 1257 (com.dangbei.screencast) tid: 1257 (main)
06-06 19:31:12.219 1257 1257 I crashsdk: SIG: 9, fg: false, exiting: false, main process: true, time: 20250606193112
06-06 19:31:12.219 1257 1257 I crashsdk: State in disk: 'b'
06-06 19:31:12.219 1257 1257 I crashsdk: at android.os.Process.sendSignal(Native Method)
06-06 19:31:12.219 1257 1257 I crashsdk: at android.os.Process.killProcess(Process.java:1153)
06-06 19:31:12.219 1257 1257 I crashsdk: at com.dangbei.screencast.startup.JumpService$i.run(:2)
06-06 19:31:12.219 1257 1257 I crashsdk: at android.os.Handler.handleCallback(Handler.java:938)
06-06 19:31:12.219 1257 1257 I crashsdk: at android.os.Handler.dispatchMessage(Handler.java:99)
06-06 19:31:12.219 1257 1257 I crashsdk: at android.os.Looper.loopOnce(Looper.java:201)
06-06 19:31:12.219 1257 1257 I crashsdk: at android.os.Looper.loop(Looper.java:288)
06-06 19:31:12.219 1257 1257 I crashsdk: at android.app.ActivityThread.main(ActivityThread.java:7854)
06-06 19:31:12.219 1257 1257 I crashsdk: at java.lang.reflect.Method.invoke(Native Method)
06-06 19:31:12.219 1257 1257 I crashsdk: at com.android.internal.os.RuntimeInit$MethodAndArgsCaller.run(RuntimeInit.java:548)
06-06 19:31:12.219 1257 1257 I crashsdk: at com.android.internal.os.ZygoteInit.main(ZygoteInit.java:1182)
06-06 19:31:12.219 1257 1257 I Process : Sending signal. PID: 1257 SIG: 9
06-06 19:31:12.264 475 519 W IorapForwardingService: No service published for: iorapd
06-06 19:31:12.286 2552 2606 W efs.send_log: tryFileLock sendlock sucess! processname: com.huawei.connection
06-06 19:31:12.289 475 1350 I ActivityManager: Process com.dangbei.screencast (pid 1257) has died: prcp FGS
01-01 08:01:35.935 1 1 I init : Untracked pid 1631 exited with status 0
06-06 19:31:12.291 475 540 I libprocessgroup: Successfully killed process cgroup uid 10020 pid 1257 in 0ms
06-06 19:31:12.292 243 243 I Zygote : Process 1257 exited due to signal 9 (Killed)
06-06 19:31:12.294 475 617 D NsdService: Client disconnected
06-06 19:31:12.300 2552 2552 D NearFieldManagerService: onDestroy, enter.
06-06 19:31:12.300 2552 2552 I NearFieldManagerService: killCurrentProcess.
06-06 19:31:12.300 2552 2552 I crashsdk: android_os_Process_sendSignal. PID: 2552 SIG: 9
06-06 19:31:12.300 2552 2552 I crashsdk: onKillProcess. SIG: 9
06-06 19:31:12.301 475 1350 W ActivityManager: Scheduling restart of crashed service com.dangbei.screencast/.huaweicast.service.HuaweiCastService in 1000ms for start-requested
06-06 19:31:12.301 475 1350 W ActivityManager: Scheduling restart of crashed service com.dangbei.screencast/.startup.StartupService in 11000ms for start-requested
06-06 19:31:12.308 2552 2552 I crashsdk: Kill PID: 2552 (com.huawei.connection) by pid: 2552 (com.huawei.connection) tid: 2552 (main)
06-06 19:31:12.308 2552 2552 I crashsdk: SIG: 9, fg: false, exiting: false, main process: false, time: 20250606193112
06-06 19:31:12.308 2552 2552 I crashsdk: State in disk: 'b'
06-06 19:31:12.308 2552 2552 I crashsdk: at android.os.Process.sendSignal(Native Method)
06-06 19:31:12.308 2552 2552 I crashsdk: at android.os.Process.killProcess(Process.java:1153)
06-06 19:31:12.308 2552 2552 I crashsdk: at com.huawei.connection.service.NearFieldManagerService.c(Unknown Source:11)
06-06 19:31:12.308 2552 2552 I crashsdk: at com.huawei.connection.service.NearFieldManagerService.onDestroy(Unknown Source:10)
06-06 19:31:12.308 2552 2552 I crashsdk: at android.app.ActivityThread.handleStopService(ActivityThread.java:4669)
06-06 19:31:12.308 2552 2552 I crashsdk: at android.app.ActivityThread.access$2100(ActivityThread.java:247)
06-06 19:31:12.308 2552 2552 I crashsdk: at android.app.ActivityThread$H.handleMessage(ActivityThread.java:2096)
06-06 19:31:12.308 2552 2552 I crashsdk: at android.os.Handler.dispatchMessage(Handler.java:106)
06-06 19:31:12.308 2552 2552 I crashsdk: at android.os.Looper.loopOnce(Looper.java:201)
06-06 19:31:12.308 2552 2552 I crashsdk: at android.os.Looper.loop(Looper.java:288)
06-06 19:31:12.308 2552 2552 I crashsdk: at android.app.ActivityThread.main(ActivityThread.java:7854)
06-06 19:31:12.308 2552 2552 I crashsdk: at java.lang.reflect.Method.invoke(Native Method)
06-06 19:31:12.308 2552 2552 I crashsdk: at com.android.internal.os.RuntimeInit$MethodAndArgsCaller.run(RuntimeInit.java:548)
06-06 19:31:12.308 2552 2552 I crashsdk: at com.android.internal.os.ZygoteInit.main(ZygoteInit.java:1182)
06-06 19:31:12.306 2552 2552 I awei.connection: type=1400 audit(0.0:1065): avc: denied { search } for name="com.dangbei.screencast" dev="mmcblk0p25" ino=890 scontext=u:r:platform_app:s0:c512,c768 tcontext=u:object_r:app_data_file:s0:c512,c768 tclass=dir permissive=1 app=com.dangbei.screencast
06-06 19:31:12.306 2552 2552 I awei.connection: type=1400 audit(0.0:1066): avc: denied { write } for name="tags" dev="mmcblk0p25" ino=2064 scontext=u:r:platform_app:s0:c512,c768 tcontext=u:object_r:app_data_file:s0:c512,c768 tclass=dir permissive=1 app=com.dangbei.screencast
06-06 19:31:12.306 2552 2552 I awei.connection: type=1400 audit(0.0:1067): avc: denied { add_name } for name="NOITCENNOC0IEWAUH0MOC.kill" scontext=u:r:platform_app:s0:c512,c768 tcontext=u:object_r:app_data_file:s0:c512,c768 tclass=dir permissive=1 app=com.dangbei.screencast
06-06 19:31:12.309 2552 2552 I Process : Sending signal. PID: 2552 SIG: 9
01-01 08:01:35.963 1 1 I init : Untracked pid 2615 exited with status 0
06-06 19:31:12.369 2821 2892 W efs.send_log: tryFileLock sendlock sucess! processname: com.dangbei.screencast:bg_guard
06-06 19:31:12.371 475 810 I ActivityManager: Process com.huawei.connection (pid 2552) has died: fg SVC
06-06 19:31:12.372 475 540 I libprocessgroup: Successfully killed process cgroup uid 10020 pid 2552 in 0ms
06-06 19:31:12.373 243 243 I Zygote : Process 2552 exited due to signal 9 (Killed)
06-06 19:31:12.379 2821 2841 I encast:bg_guar: Background young concurrent copying GC freed 66386(4565KB) AllocSpace objects, 25(500KB) LOS objects, 85% free, 4077KB/27MB, paused 376us total 127.970ms
06-06 19:31:12.505 657 657 E WifiHAL : wifi_get_link_stats: requestResponse Error:-5
06-06 19:31:12.507 475 607 E WifiVendorHal: getWifiLinkLayerStats_1_5_Internal(l.1191) failed {.code = ERROR_INVALID_ARGS, .description = }
01-01 08:01:36.294 768 768 E sprdwl : sprdwl_rx_rsp_process ctx_id 0 recv rsp[WIFI_CMD_TX_DATA] status[SPRDWL_CMD_STATUS_ERROR]
01-01 08:01:36.315 768 768 E sprdwl : sprdwl_rx_rsp_process ctx_id 0 recv rsp[WIFI_CMD_TX_DATA] status[SPRDWL_CMD_STATUS_ERROR]
06-06 19:31:13.267 475 519 W IorapForwardingService: No service published for: iorapd
06-06 19:31:13.303 475 538 D CompatibilityChangeReporter: Compat change id reported: 135634846; UID 10020; state: DISABLED
06-06 19:31:13.304 475 539 D CompatibilityChangeReporter: Compat change id reported: 143937733; UID 10020; state: DISABLED
06-06 19:31:13.317 243 243 D Zygote : Forked child process 2942
06-06 19:31:13.320 475 539 I ActivityManager: app.processName = com.dangbei.screencast
06-06 19:31:13.320 475 539 I ActivityManager: Start proc 2942:com.dangbei.screencast/u0a20 for service {com.dangbei.screencast/com.dangbei.screencast.huaweicast.service.HuaweiCastService}
06-06 19:31:13.325 2942 2942 I Zygote : seccomp disabled by setenforce 0
06-06 19:31:13.339 396 407 I adbd : jdwp connection from 2942
06-06 19:31:13.357 2942 2942 D CompatibilityChangeReporter: Compat change id reported: 171979766; UID 10020; state: DISABLED
06-06 19:31:13.367 2942 2942 D ApplicationLoaders: Returning zygote-cached class loader: /system/framework/android.test.base.jar
06-06 19:31:13.367 2942 2942 D ApplicationLoaders: Returning zygote-cached class loader: /system/framework/android.hidl.manager-V1.0-java.jar
06-06 19:31:13.367 2942 2942 D ApplicationLoaders: Returning zygote-cached class loader: /system/framework/android.hidl.base-V1.0-java.jar
06-06 19:31:13.370 2942 2942 I gbei.screencast: type=1400 audit(0.0:1068): avc: denied { getattr } for path="/data/user/0/com.dangbei.screencast" dev="mmcblk0p25" ino=890 scontext=u:r:platform_app:s0:c512,c768 tcontext=u:object_r:app_data_file:s0:c512,c768 tclass=dir permissive=1 app=com.dangbei.screencast
06-06 19:31:13.389 2942 2942 V GraphicsEnvironment: ANGLE Developer option for 'com.dangbei.screencast' set to: 'default'
06-06 19:31:13.389 2942 2942 V GraphicsEnvironment: Neither updatable production driver nor prerelease driver is supported.
06-06 19:31:13.390 2942 2942 D NetworkSecurityConfig: Using Network Security Config from resource network_security_config debugBuild: false
06-06 19:31:13.392 2942 2942 D NetworkSecurityConfig: Using Network Security Config from resource network_security_config debugBuild: false
06-06 19:31:13.395 2942 2942 I MultiDex: VM with version 2.1.0 has multidex support
06-06 19:31:13.395 2942 2942 I MultiDex: Installing application
06-06 19:31:13.395 2942 2942 I MultiDex: VM has multidex support, MultiDex support library is disabled.
06-06 19:31:13.398 2942 2942 E PartsInfoProvider: onCreate:
06-06 19:31:13.401 2942 2942 E ServiceUtils: start main service
06-06 19:31:13.404 2942 2942 E ServiceUtils: start main service
06-06 19:31:13.416 2942 2942 D AndroidAutoSize: designWidthInDp = 1920, designHeightInDp = 1080, screenWidth = 1920, screenHeight = 1080
06-06 19:31:13.416 2942 2942 D AndroidAutoSize: initDensity = 1.5, initScaledDensity = 1.5
06-06 19:31:13.434 2942 2942 I SharedPreferenc: type=1400 audit(0.0:1069): avc: denied { open } for path="/data/user/0/com.dangbei.screencast/shared_prefs/DEVICE_ID.xml" dev="mmcblk0p25" ino=2387 scontext=u:r:platform_app:s0:c512,c768 tcontext=u:object_r:app_data_file:s0:c512,c768 tclass=file permissive=1 app=com.dangbei.screencast
06-06 19:31:13.438 2821 2821 I CrashSDKNormalH: type=1400 audit(0.0:1070): avc: denied { lock } for path="/data/user/0/com.dangbei.screencast/crashsdk/tags/cr.wa" dev="mmcblk0p25" ino=2170 scontext=u:r:platform_app:s0:c512,c768 tcontext=u:object_r:app_data_file:s0:c512,c768 tclass=file permissive=1 app=com.dangbei.screencast
06-06 19:31:13.490 2942 2942 I gbei.screencast: type=1400 audit(0.0:1071): avc: denied { search } for name="net" dev="sysfs" ino=10442 scontext=u:r:platform_app:s0:c512,c768 tcontext=u:object_r:sysfs_net:s0 tclass=dir permissive=1 app=com.dangbei.screencast
06-06 19:31:13.490 2942 2942 I gbei.screencast: type=1400 audit(0.0:1072): avc: denied { read } for name="address" dev="sysfs" ino=16906 scontext=u:r:platform_app:s0:c512,c768 tcontext=u:object_r:sysfs_net:s0 tclass=file permissive=1 app=com.dangbei.screencast
06-06 19:31:13.490 2942 2942 I gbei.screencast: type=1400 audit(0.0:1073): avc: denied { open } for path="/sys/devices/virtual/net/dummy0/address" dev="sysfs" ino=16906 scontext=u:r:platform_app:s0:c512,c768 tcontext=u:object_r:sysfs_net:s0 tclass=file permissive=1 app=com.dangbei.screencast
06-06 19:31:13.490 2942 2942 I gbei.screencast: type=1400 audit(0.0:1074): avc: denied { getattr } for path="/sys/devices/virtual/net/dummy0/address" dev="sysfs" ino=16906 scontext=u:r:platform_app:s0:c512,c768 tcontext=u:object_r:sysfs_net:s0 tclass=file permissive=1 app=com.dangbei.screencast
06-06 19:31:13.542 2942 2982 I crashsdk: version unique build id: 6230cced
01-01 08:01:37.184 2966 2966 W audit : audit_lost=566 audit_rate_limit=5 audit_backlog_limit=64
01-01 08:01:37.184 2966 2966 E audit : rate limit exceeded
06-06 19:31:13.555 2942 2984 D crashsdk: Native log stat thread 2984 setup, waiting
06-06 19:31:13.558 2942 2966 I crashsdk: begin hack android.os.Process
06-06 19:31:13.558 2942 2966 I crashsdk: end hack android.os.Process
06-06 19:31:13.562 666 666 V TvNotificationHandler: Notification not added because it isn't relevant for tv
06-06 19:31:13.568 666 666 V TvNotificationHandler: Notification not added because it isn't relevant for tv
06-06 19:31:13.568 2942 2942 I TDLog : setReportUncaughtExceptions: true
06-06 19:31:13.570 2942 2942 E Application: onCreate:Version:v2.8.3/20830/883432e
06-06 19:31:13.629 2942 2942 E HuaweiCastService: onCreate called().
06-06 19:31:13.636 2942 2966 I Matrix.AnrTracer: anrTrace, final mAnrBeatTime:400, mAnrBeatRate:400
06-06 19:31:13.638 2942 2942 E PlayerClient: registerCallback com.dangbei.screencast.huaweicast.service.HuaweiCastService$a@8b2577f
06-06 19:31:13.638 2942 2942 D PlayerClient: registerCallback true
06-06 19:31:13.638 2942 2942 D PlayerClient: init.
06-06 19:31:13.639 2942 2942 W KIT_FWK_a: KitFwk is not installed, pls do not use related interfaces.
06-06 19:31:13.640 2942 2942 W KIT_FWK_a: KitFwk is not installed, pls do not use related interfaces.
06-06 19:31:13.640 2942 2942 E PlayerClient: bind player service by aar.
06-06 19:31:13.646 2942 2966 D LaunchConfigManager: check in allready
06-06 19:31:13.659 2942 2992 W efs.send_log: tryFileLock start!
06-06 19:31:13.660 2942 2942 D PlayerClient: bind player sink service true
06-06 19:31:13.660 2942 3002 I LaunchTrace: begin sendLaunchCache
06-06 19:31:13.663 2942 2967 I TDLog : TalkingData SDK init...
06-06 19:31:13.663 2942 2967 I TDLog : SDK_VERSION is: Android+TD+V5.0.7 gp Type:Native Build_Num:2141
06-06 19:31:13.663 2942 2967 I TDLog : App ID is: B9D7815EC975466AB1332111FCE62DF5
06-06 19:31:13.663 2942 2967 I TDLog : App Channel is: os
06-06 19:31:13.663 2942 2967 I TDLog : App Custom is:
06-06 19:31:13.663 2942 2967 I TDLog : SDK_OVC is: TDOVC+a3bb7754719798526508b6caad480dd7+SaaS
06-06 19:31:13.669 475 1342 W ActivityManager: Foreground service started from background can not have location/camera/microphone access: service com.dangbei.screencast/.huaweicast.service.HuaweiCastService
06-06 19:31:13.671 2942 2942 E HuaweiCastService: startForeground!
06-06 19:31:13.678 2942 2992 I efs.config: --->>> 删除旧的配置文件 false
06-06 19:31:13.686 475 810 W ActivityManager: Foreground service started from background can not have location/camera/microphone access: service com.dangbei.screencast/.startup.StartupService
06-06 19:31:13.709 2942 3011 I efs.base: lt=event`ev_ct=efs_core`ev_ac=pvuv`tm=2025-06-06 19:31:67`dn=771f93e8-8eaa-49df-8b16-e1b19b668479`ps=com.dangbei.screencast`um_os=android`stime=1749209473308`pid=2942`fr=android`pkg=com.dangbei.screencast`vcode=20830`dsp_w=1920`uid=771f93e8-8eaa-49df-8b16-e1b19b668479`rom=12`wid=771f93e8-8eaa-49df-8b16-e1b19b668479`um_app_carrier=`um_access=wifi`um_app_channel=os`um_crash_sdk_version=1.4.0`ctime=1749209473`model=dbbox-a2`lang=zh`net=wifi`brand=dangbei`dsp_h=1080`um_network_type=0`ver=v2.8.3`build_model=DBBOX-A2`w_tm=1749209473`appid=5fc60c21094d637f3130af19`um_umid_header=ai4e7fa82b434271882c971661bb5632b7`sdk=31`tzone=Asia/Shanghai`sdk_ver=1.3.6.umeng
06-06 19:31:13.715 2942 2992 I efs.config: current config version (-1) is older than another (1735614866)
06-06 19:31:13.715 2942 2992 I efs.config: load config from storage and notify observer
06-06 19:31:13.740 2942 2942 E raop : *********************AirplayBroadcastServer+++++++++
06-06 19:31:13.747 475 617 D NsdService: New client listening to asynchronous messages
06-06 19:31:13.747 475 617 D NsdService: New client, channel: com.android.internal.util.AsyncChannel@523d84f messenger: android.os.Messenger@8455bdc
06-06 19:31:13.748 2942 2942 D CompatibilityChangeReporter: Compat change id reported: 191844585; UID 10020; state: DISABLED
06-06 19:31:13.784 2942 2942 E H264FrameQueue: H264FrameQueue: mFullQueueCount:200
06-06 19:31:13.796 1100 1226 D wenhc : getScreenInfo uri = content://com.dangbei.screencast.parts.info/screen_cast
06-06 19:31:13.860 2942 2942 E StartupService: onConnected:
06-06 19:31:13.869 2942 3003 I MobclickAgent: module init:azioc
06-06 19:31:13.877 666 666 V TvNotificationHandler: Notification not added because it isn't relevant for tv
06-06 19:31:13.895 666 666 V TvNotificationHandler: Notification not added because it isn't relevant for tv
06-06 19:31:13.958 475 810 W TelephonyPermissions: reportAccessDeniedToReadIdentifiers:com.dangbei.screencast:getSerial:-1
06-06 19:31:14.048 2942 2942 I crashsdk: Catcher mask: 5000, 20480
06-06 19:31:14.049 2942 2942 I crashsdk: Catcher thread 2947
06-06 19:31:14.050 2942 2942 D crashsdk: Register ANR handler ...
06-06 19:31:14.060 2942 2942 D HiSight-SinkService: onCreate.
06-06 19:31:14.064 2942 2942 D HiSight-ConnectionManager: start ConnectionManager
06-06 19:31:14.069 2942 2942 D HiSight-SinkService: onBind.
06-06 19:31:14.072 2942 3011 W efs.info.manager: network change: wifi
06-06 19:31:14.079 2942 2942 E HuaweiCastService: onStartCommand in 0
06-06 19:31:14.088 2942 2942 D PlayerClient: service connected.
06-06 19:31:14.088 2942 2942 D HiSight-SinkService: ITaskBinder registerCallback: true
06-06 19:31:14.088 2942 2942 D HiSight-HiSightManager: ITaskBinder registerCallback.
06-06 19:31:14.089 2942 2942 D HiSight-CallbackManager: addNewCallback. com.dangbei.screencast.huaweicast.service.HuaweiCastService$a@8b2577f
06-06 19:31:14.089 2942 2942 E HuaweiCastService: eventId: 4001
06-06 19:31:14.091 2942 2942 E HuaweiCastService: mPlayerClient is null.
06-06 19:31:14.092 2942 2942 D HiSight-HiSightManager: check capability vbr range not setting, using default value
06-06 19:31:14.092 2942 2942 E HuaweiCastService: mPlayerClient is null.
06-06 19:31:14.092 2942 2942 D HiSight-SinkService: setAuthMode
06-06 19:31:14.092 2942 2942 W HiSight-ConnectionManager: mSinkId is empty
06-06 19:31:14.095 475 810 I WifiService: acquireMulticastLock uid=10020
06-06 19:31:14.097 475 1342 I WifiService: acquireMulticastLock uid=10020
06-06 19:31:14.190 475 498 W TelephonyPermissions: reportAccessDeniedToReadIdentifiers:com.dangbei.screencast:getSerial:-1
06-06 19:31:14.214 2942 3067 V NFC : this device does not have NFC support
06-06 19:31:14.268 475 519 W IorapForwardingService: No service published for: iorapd
01-01 08:01:38.516 381 381 W hdr10p_Configure: 64 callbacks suppressed
01-01 08:01:38.516 381 381 I : DVI mode selected: packets not configured
01-01 08:01:38.516 381 381 W set_vsif_config: 64 callbacks suppressed
01-01 08:01:38.516 381 381 I : Error: set vsif failed
01-01 08:01:38.542 381 381 I : DVI mode selected: packets not configured
01-01 08:01:38.542 381 381 I : Error: set vsif failed
01-01 08:01:38.558 381 381 I : DVI mode selected: packets not configured
01-01 08:01:38.558 381 381 I : Error: set vsif failed
01-01 08:01:38.575 381 381 I : DVI mode selected: packets not configured
01-01 08:01:38.575 381 381 I : Error: set vsif failed
01-01 08:01:38.591 381 381 I : DVI mode selected: packets not configured
01-01 08:01:38.591 381 381 I : Error: set vsif failed
01-01 08:01:38.608 381 381 I : DVI mode selected: packets not configured
01-01 08:01:38.608 381 381 I : Error: set vsif failed
01-01 08:01:38.625 381 381 I : DVI mode selected: packets not configured
01-01 08:01:38.625 381 381 I : Error: set vsif failed
01-01 08:01:38.641 381 381 I : DVI mode selected: packets not configured
01-01 08:01:38.641 381 381 I : Error: set vsif failed
01-01 08:01:38.658 381 381 I : DVI mode selected: packets not configured
01-01 08:01:38.658 381 381 I : Error: set vsif failed
01-01 08:01:38.675 381 381 I : DVI mode selected: packets not configured
01-01 08:01:38.675 381 381 I : Error: set vsif failed
06-06 19:31:15.270 475 519 W IorapForwardingService: No service published for: iorapd
06-06 19:31:15.294 3091 3091 I Thread-2: type=1400 audit(0.0:1090): avc: denied { execute } for name="am" dev="dm-1" ino=1160 scontext=u:r:system_app:s0 tcontext=u:object_r:vendor_file:s0 tclass=file permissive=1
06-06 19:31:15.294 3091 3091 I Thread-2: type=1400 audit(0.0:1091): avc: denied { read open } for path="/vendor/xbin/am" dev="dm-1" ino=1160 scontext=u:r:system_app:s0 tcontext=u:object_r:vendor_file:s0 tclass=file permissive=1
06-06 19:31:15.298 3091 3091 I Thread-2: type=1400 audit(0.0:1092): avc: denied { execute_no_trans } for path="/vendor/xbin/am" dev="dm-1" ino=1160 scontext=u:r:system_app:s0 tcontext=u:object_r:vendor_file:s0 tclass=file permissive=1
06-06 19:31:15.373 1200 1200 D bbb : onStartCommand begin !!!!!!! data分区剩余 24969MB
06-06 19:31:15.377 1142 1142 D aaa : LedStatusService onStartCommand begin
06-06 19:31:15.383 1142 3099 D aaa : topPkg is -------------- :com.dangbei.leard.leradlauncher
06-06 19:31:15.391 1142 3099 D aaa : WiFi is connect
06-06 19:31:15.435 2942 2951 I gbei.screencas: Background young concurrent copying GC freed 126407(8252KB) AllocSpace objects, 53(1380KB) LOS objects, 84% free, 4418KB/28MB, paused 269us total 103.434ms
06-06 19:31:15.521 657 657 E WifiHAL : wifi_get_link_stats: requestResponse Error:-5
06-06 19:31:15.523 475 607 E WifiVendorHal: getWifiLinkLayerStats_1_5_Internal(l.1191) failed {.code = ERROR_INVALID_ARGS, .description = }
06-06 19:31:15.523 2821 2880 I efs.config: No update is required, less than 8h since the last update
01-01 08:01:39.316 768 768 E sprdwl : sprdwl_rx_rsp_process ctx_id 0 recv rsp[WIFI_CMD_TX_DATA] status[SPRDWL_CMD_STATUS_ERROR]
01-01 08:01:39.363 768 768 E sprdwl : sprdwl_rx_rsp_process ctx_id 0 recv rsp[WIFI_CMD_TX_DATA] status[SPRDWL_CMD_STATUS_ERROR]
01-01 08:01:39.382 768 768 E sprdwl : sprdwl_rx_rsp_process ctx_id 0 recv rsp[WIFI_CMD_TX_DATA] status[SPRDWL_CMD_STATUS_ERROR]
06-06 19:31:15.982 263 263 I EventThread: type=1400 audit(0.0:1093): avc: denied { search } for name="extcon" dev="sysfs" ino=18109 scontext=u:r:hal_tv_cec_default:s0 tcontext=u:object_r:sysfs_extcon:s0 tclass=dir permissive=1
06-06 19:31:16.273 475 519 W IorapForwardingService: No service published for: iorapd
06-06 19:31:17.275 475 519 W IorapForwardingService: No service published for: iorapd
06-06 19:31:17.543 2821 2821 E GuardService: startMainRunnable:
06-06 19:31:18.277 475 519 W IorapForwardingService: No service published for: iorapd
06-06 19:31:18.534 657 657 E WifiHAL : wifi_get_link_stats: requestResponse Error:-5
06-06 19:31:18.535 475 607 E WifiVendorHal: getWifiLinkLayerStats_1_5_Internal(l.1191) failed {.code = ERROR_INVALID_ARGS, .description = }
06-06 19:31:18.767 475 498 I WifiService: releaseMulticastLock uid=10020
06-06 19:31:18.769 475 498 I WifiService: releaseMulticastLock uid=10020
06-06 19:31:18.780 2942 2942 D HiSight-SinkService: setDiscoverable true
06-06 19:31:18.781 1100 1226 D wenhc : getScreenInfo uri = content://com.dangbei.screencast.parts.info/screen_cast
06-06 19:31:18.781 2942 2942 D NearFieldManager: init.
06-06 19:31:18.782 2942 2942 D NearFieldManager: try check dmsdp
06-06 19:31:18.793 2942 2942 D NearFieldManager: package not exist
06-06 19:31:18.798 475 498 D CompatibilityChangeReporter: Compat change id reported: 135634846; UID 10020; state: DISABLED
06-06 19:31:18.798 475 539 D CompatibilityChangeReporter: Compat change id reported: 143937733; UID 10020; state: DISABLED
06-06 19:31:18.799 2942 2942 D NearFieldManager: bind nearfield service true
06-06 19:31:18.809 2942 2942 D NearFieldManager: registerCallback true
06-06 19:31:18.809 2942 2942 D HiSight-Discovery: set deviceInfo type:46
06-06 19:31:18.809 2942 2942 D HiSight-Discovery: startAdvertise 1
06-06 19:31:18.815 243 243 D Zygote : Forked child process 3114
06-06 19:31:18.816 475 539 I ActivityManager: app.processName = com.huawei.connection
06-06 19:31:18.816 475 539 I ActivityManager: Start proc 3114:com.huawei.connection/u0a20 for service {com.dangbei.screencast/com.huawei.connection.service.NearFieldManagerService}
06-06 19:31:18.826 3114 3114 I Zygote : seccomp disabled by setenforce 0
06-06 19:31:18.826 1992 1992 I rainbow_flow: type=1400 audit(0.0:1094): avc: denied { ioctl } for path="/dev/spidev1.0" dev="tmpfs" ino=5830 ioctlcmd=0x6b00 scontext=u:r:init:s0 tcontext=u:object_r:device:s0 tclass=chr_file permissive=1
06-06 19:31:18.840 396 407 I adbd : jdwp connection from 3114
06-06 19:31:18.861 3114 3114 D CompatibilityChangeReporter: Compat change id reported: 171979766; UID 10020; state: DISABLED
06-06 19:31:18.870 3114 3114 D ApplicationLoaders: Returning zygote-cached class loader: /system/framework/android.test.base.jar
06-06 19:31:18.870 3114 3114 D ApplicationLoaders: Returning zygote-cached class loader: /system/framework/android.hidl.manager-V1.0-java.jar
06-06 19:31:18.870 3114 3114 D ApplicationLoaders: Returning zygote-cached class loader: /system/framework/android.hidl.base-V1.0-java.jar
06-06 19:31:18.891 3114 3114 V GraphicsEnvironment: ANGLE Developer option for 'com.dangbei.screencast' set to: 'default'
06-06 19:31:18.891 3114 3114 V GraphicsEnvironment: Neither updatable production driver nor prerelease driver is supported.
06-06 19:31:18.892 3114 3114 D NetworkSecurityConfig: Using Network Security Config from resource network_security_config debugBuild: false
06-06 19:31:18.894 3114 3114 D NetworkSecurityConfig: Using Network Security Config from resource network_security_config debugBuild: false
06-06 19:31:18.897 3114 3114 I MultiDex: VM with version 2.1.0 has multidex support
06-06 19:31:18.897 3114 3114 I MultiDex: Installing application
06-06 19:31:18.897 3114 3114 I MultiDex: VM has multidex support, MultiDex support library is disabled.
06-06 19:31:18.992 3114 3151 I crashsdk: version unique build id: 6230cced
06-06 19:31:18.990 3114 3114 I awei.connection: type=1400 audit(0.0:1095): avc: denied { read } for name="address" dev="sysfs" ino=25879 scontext=u:r:platform_app:s0:c512,c768 tcontext=u:object_r:sysfs:s0 tclass=file permissive=1 app=com.dangbei.screencast
06-06 19:31:18.990 3114 3114 I awei.connection: type=1400 audit(0.0:1096): avc: denied { open } for path="/sys/devices/platform/unisoc_wifi/net/wlan1/address" dev="sysfs" ino=25879 scontext=u:r:platform_app:s0:c512,c768 tcontext=u:object_r:sysfs:s0 tclass=file permissive=1 app=com.dangbei.screencast
06-06 19:31:18.990 3114 3114 I awei.connection: type=1400 audit(0.0:1097): avc: denied { getattr } for path="/sys/devices/platform/unisoc_wifi/net/wlan1/address" dev="sysfs" ino=25879 scontext=u:r:platform_app:s0:c512,c768 tcontext=u:object_r:sysfs:s0 tclass=file permissive=1 app=com.dangbei.screencast
01-01 08:01:42.641 3135 3135 W audit : audit_lost=581 audit_rate_limit=5 audit_backlog_limit=64
06-06 19:31:18.994 3114 3114 I Thread-3: type=1400 audit(0.0:1098): avc: denied { read } for name="version" dev="proc" ino=4026532049 scontext=u:r:platform_app:s0:c512,c768 tcontext=u:object_r:proc_version:s0 tclass=file permissive=1 app=com.dangbei.screencast
06-06 19:31:18.994 3114 3114 I Thread-3: type=1400 audit(0.0:1099): avc: denied { open } for path="/proc/version" dev="proc" ino=4026532049 scontext=u:r:platform_app:s0:c512,c768 tcontext=u:object_r:proc_version:s0 tclass=file permissive=1 app=com.dangbei.screencast
01-01 08:01:42.641 3135 3135 E audit : rate limit exceeded
06-06 19:31:19.003 3114 3152 D crashsdk: Native log stat thread 3152 setup, waiting
06-06 19:31:19.006 3114 3135 I crashsdk: begin hack android.os.Process
06-06 19:31:19.007 3114 3135 I crashsdk: end hack android.os.Process
06-06 19:31:19.019 2264 2341 D UtilLog : 日志批量上报 进行正常循环 !!!!!!本次有0次请求,共0条数据
06-06 19:31:19.028 3114 3156 W efs.send_log: tryFileLock start!
06-06 19:31:19.030 3114 3135 I Matrix.AnrTracer: anrTrace, final mAnrBeatTime:400, mAnrBeatRate:400
06-06 19:31:19.032 3114 3114 I TDLog : setReportUncaughtExceptions: true
06-06 19:31:19.034 3114 3114 E Application: onCreate:Version:v2.8.3/20830/883432e
06-06 19:31:19.036 3114 3156 I efs.config: --->>> 删除旧的配置文件 false
06-06 19:31:19.040 3114 3135 E LaunchManager: Non main process !
06-06 19:31:19.040 3114 3135 W System.err: java.lang.NullPointerException: Attempt to invoke virtual method 'boolean com.efs.sdk.launch.LaunchConfigManager.enableTracer()' on a null object reference
06-06 19:31:19.041 3114 3135 W System.err: at com.umeng.umcrash.UMCrash.init(Unknown Source:403)
06-06 19:31:19.041 3114 3135 W System.err: at java.lang.reflect.Method.invoke(Native Method)
06-06 19:31:19.041 3114 3135 W System.err: at com.umeng.commonsdk.UMConfigure.init(Unknown Source:811)
06-06 19:31:19.041 3114 3135 W System.err: at b.f.f.b.a(:4)
06-06 19:31:19.041 3114 3135 W System.err: at h.o.a.run(Unknown Source:2)
06-06 19:31:19.046 3114 3166 I efs.base: lt=event`ev_ct=efs_core`ev_ac=pvuv`tm=2025-06-06 19:31:03`dn=771f93e8-8eaa-49df-8b16-e1b19b668479`ps=com.huawei.connection`um_os=android`stime=1749209478785`pid=3114`fr=android`pkg=com.dangbei.screencast`vcode=20830`dsp_w=1920`uid=771f93e8-8eaa-49df-8b16-e1b19b668479`rom=12`wid=771f93e8-8eaa-49df-8b16-e1b19b668479`um_app_carrier=`um_access=wifi`um_app_channel=os`um_crash_sdk_version=1.4.0`ctime=1749209479`model=dbbox-a2`lang=zh`net=wifi`brand=dangbei`dsp_h=1080`um_network_type=0`ver=v2.8.3`build_model=DBBOX-A2`w_tm=1749209479`appid=5fc60c21094d637f3130af19`um_umid_header=ai4e7fa82b434271882c971661bb5632b7`sdk=31`tzone=Asia/Shanghai`sdk_ver=1.3.6.umeng
06-06 19:31:19.049 3114 3156 I efs.config: current config version (-1) is older than another (1735614866)
06-06 19:31:19.049 3114 3156 I efs.config: load config from storage and notify observer
06-06 19:31:19.061 1100 1226 D wenhc : getScreenInfo uri = content://com.dangbei.screencast.parts.info/screen_cast
06-06 19:31:19.061 2942 2942 D HiSight-SinkService: setDiscoverable true
06-06 19:31:19.062 2942 2942 D HiSight-Discovery: set deviceInfo type:46
06-06 19:31:19.062 2942 2942 D HiSight-Discovery: startAdvertise 1
06-06 19:31:19.095 2942 2942 D HiSight-SinkService: setDiscoverable true
06-06 19:31:19.095 2942 2942 D HiSight-Discovery: set deviceInfo type:46
06-06 19:31:19.095 2942 2942 D HiSight-Discovery: startAdvertise 1
06-06 19:31:19.095 2942 2942 E HuaweiCastService: onStartCommand in 0
06-06 19:31:19.096 1100 1226 D wenhc : getScreenInfo uri = content://com.dangbei.screencast.parts.info/screen_cast
06-06 19:31:19.105 3114 3114 D NearFieldManagerService: NearFieldManagerService.
