05-28 16:04:54.831 1189 1425 D XHttpObservable: handleRequest: start https://tyapi.qun7.com/v1/voice/getsoundshowmsg ,,, isCache = false
05-28 16:04:54.832 243 243 D Zygote : Forked child process 1961
05-28 16:04:54.834 467 527 I ActivityManager: app.processName = com.android.tv.common
05-28 16:04:54.834 467 527 I ActivityManager: Start proc 1961:com.android.tv.common/u0a57 for content provider {com.android.tv/com.android.tv.common.CommonPreferenceProvider}
05-28 16:04:54.834 1189 1189 D RockyNetMessageUtil: initMediaControlPage pageEntity = PageEntity{list=[ContentEntity{packageName='com.dangbei.leard.leradlauncher', activityName='FilmDetailActivity'}, ContentEntity{packageName='com.dangbei.leard.leradlauncher', activityName='FullScreenDetailActivity'}, ContentEntity{packageName='com.dangbei.leard.leradlauncher', activityName='TencentSportActivity'}, ContentEntity{packageName='com.dangbei.leradVideoPlugins', activityName='FilmDetailActivity'}, ContentEntity{packageName='com.dangbei.leradVideoPlugins', activityName='FullScreenDetailActivity'}, ContentEntity{packageName='com.dangbei.leradVideoPlugins', activityName='TencentSportActivity'}, ContentEntity{packageName='com.dangbei.leradVideoPlugins', activityName='ShortPlayActivity'}, ContentEntity{packageName='com.dangbei.hqmedia', activityName='FilmDetailActivity'}, ContentEntity{packageName='com.dangbei.hqmedia', activityName='FullScreenDetailActivity'}, ContentEntity{packageName='com.dangbei.leradVideoPlugins', activityName='MangoMediaActivity'}, ContentEntity{packageName='com.dangbei.leradVideoPlugins', activityName='VcinemaActivity'}]} isRequestPageControlSuccess = false
05-28 16:04:54.838 1189 1396 D XHttpObservable: handleRequest: start https://tyapi.qun7.com/v1/voice/getResponseControlPage ,,, isCache = false
05-28 16:04:54.840 1961 1961 I Zygote : seccomp disabled by setenforce 0
05-28 16:04:54.856 1969 1969 I led_switch.sh: type=1400 audit(0.0:619): avc: denied { execute_no_trans } for path="/vendor/bin/toolbox" dev="dm-1" ino=229 scontext=u:r:init:s0 tcontext=u:object_r:vendor_toolbox_exec:s0 tclass=file permissive=1
05-28 16:04:54.883 381 400 I adbd : jdwp connection from 1961
05-28 16:04:54.928 467 491 I ActivityManager: Background started FGS: Allowed [callingPackage: com.android.tv; callingUid: 10057; uidState: RCVR; intent: Intent { cmp=com.android.tv/.dvr.recorder.DvrRecordingService (has extras) }; code:BACKGROUND_ACTIVITY_PERMISSION; tempAllowListReason:; targetSdkVersion:29; callerTargetSdkVersion:29; startForegroundCount:0; bindFromPackage:null]
05-28 16:04:54.938 1961 1961 D CompatibilityChangeReporter: Compat change id reported: 171979766; UID 10057; state: DISABLED
05-28 16:04:54.958 1961 1961 D ApplicationLoaders: Returning zygote-cached class loader: /system/framework/android.test.base.jar
05-28 16:04:54.963 467 526 I ActivityManager: Deferring FGS notification in legacy app com.android.tv/u0a57 : Notification(channel=dvr_notification_channel shortcut=null contentView=null vibrate=null sound=null defaults=0x0 flags=0x40 color=0x00000000 vis=PRIVATE)
05-28 16:04:54.968 1961 1961 D nativeloader: classloader namespace configured for unbundled product apk. library_path=/product/priv-app/LiveTv/lib/arm:/product/lib:/system/product/lib
05-28 16:04:54.982 1961 1961 V GraphicsEnvironment: ANGLE Developer option for 'com.android.tv' set to: 'default'
05-28 16:04:54.982 1961 1961 V GraphicsEnvironment: Neither updatable production driver nor prerelease driver is supported.
05-28 16:04:54.983 1961 1961 D NetworkSecurityConfig: No Network Security Config specified, using platform default
05-28 16:04:54.984 1961 1961 D NetworkSecurityConfig: No Network Security Config specified, using platform default
05-28 16:04:54.988 467 568 D CompatibilityChangeReporter: Compat change id reported: 168419799; UID 1000; state: DISABLED
05-28 16:04:54.995 804 804 W ContextImpl: Calling a method in the system process without a qualified user: android.app.ContextImpl.startService:1816 android.content.ContextWrapper.startService:774 android.content.ContextWrapper.startService:774 com.android.tv.settings.help.BootBroadcastReceiver.onReceive:18 android.app.ActivityThread.handleReceiver:4308
05-28 16:04:54.997 467 568 W ActivityManager: Unable to start service Intent { cmp=com.android.tv.settings/.app_lock.MainService } U=0: not found
05-28 16:04:54.997 804 804 V BootBroadcastReceiver: autorun
05-28 16:04:55.000 1961 1961 W UnsafeUtil: platform method missing - proto runtime falling back to safer methods: java.lang.NoSuchMethodException: sun.misc.Unsafe.copyMemory [class java.lang.Object, long, class java.lang.Object, long, long]
05-28 16:04:55.002 467 568 I ActivityManager: com.dangbei.zhushou.os is exempt from freezer
05-28 16:04:55.002 467 568 D CompatibilityChangeReporter: Compat change id reported: 135634846; UID 1000; state: DISABLED
05-28 16:04:55.008 467 515 W IorapForwardingService: No service published for: iorapd
05-28 16:04:55.022 243 243 D Zygote : Forked child process 1995
05-28 16:04:55.023 467 527 I ActivityManager: app.processName = com.dangbei.zhushou.os
05-28 16:04:55.023 467 527 I ActivityManager: Start proc 1995:com.dangbei.zhushou.os/1000 for broadcast {com.dangbei.zhushou.os/com.dangbei.projector.assistant.receiver.BootReceiver}
05-28 16:04:55.030 1995 1995 I Zygote : seccomp disabled by setenforce 0
05-28 16:04:55.048 381 400 I adbd : jdwp connection from 1995
05-28 16:04:55.070 1995 1995 D CompatibilityChangeReporter: Compat change id reported: 171979766; UID 1000; state: DISABLED
05-28 16:04:55.079 1995 1995 D ApplicationLoaders: Returning zygote-cached class loader: /system/framework/android.test.base.jar
05-28 16:04:55.079 1995 1995 D ApplicationLoaders: Returning zygote-cached class loader: /system/framework/android.hidl.manager-V1.0-java.jar
05-28 16:04:55.079 1995 1995 D ApplicationLoaders: Returning zygote-cached class loader: /system/framework/android.hidl.base-V1.0-java.jar
05-28 16:04:55.086 1961 1961 I TvApplication: Starting TV app 1.24-asop
05-28 16:04:55.088 1961 1961 I TvApplication: Started TV app 1.24-asop
05-28 16:04:55.098 85 85 E sprdwl : sprdwl_tx_ba_mgmt, 1645, tx_addba failed, reason=2, lut_index=6, tid=6, map=1
05-28 16:04:55.177 1995 1995 V GraphicsEnvironment: ANGLE Developer option for 'com.dangbei.zhushou.os' set to: 'default'
05-28 16:04:55.178 1995 1995 V GraphicsEnvironment: Neither updatable production driver nor prerelease driver is supported.
05-28 16:04:55.180 1995 1995 D NetworkSecurityConfig: No Network Security Config specified, using platform default
05-28 16:04:55.180 1995 1995 D NetworkSecurityConfig: No Network Security Config specified, using platform default
05-28 16:04:55.184 1995 1995 I MultiDex: VM with version 2.1.0 has multidex support
05-28 16:04:55.184 1995 1995 I MultiDex: Installing application
05-28 16:04:55.184 1995 1995 I MultiDex: VM has multidex support, MultiDex support library is disabled.
05-28 16:04:55.252 1995 1995 I b : -----------> Auto switch user, userId: -3377459
05-28 16:04:55.252 1995 1995 I b : -----------> doSwitchUserInternal, userId: -3377459
05-28 16:04:55.254 1995 1995 D yl : com.wangjie.rapidorm.c.b.a-------------------the tables are {class com.dangbei.setting.provider.dal.db.model.UserPreference=com.dangbei.setting.provider.dal.db.model.b@8696bc5, class com.dangbei.setting.provider.dal.db.model.User=com.dangbei.setting.provider.dal.db.model.c@317191a}
05-28 16:04:55.277 467 611 D NsdService: Native daemon message SERVICE_REGISTERED: 606 2 "192.168.3.132"
05-28 16:04:55.279 1021 1021 D LanCommander: com.dangbei.andes.bean.RegistrationData@3705190----------------onServiceRegistered
05-28 16:04:55.300 1057 2060 D ProfileInstaller: Skipping profile installation for com.dangbei.leard.leradlauncher
05-28 16:04:55.308 415 415 I : DVI mode selected: packets not configured
05-28 16:04:55.308 415 415 I : Error: set vsif failed
05-28 16:04:55.314 1057 1774 I OpenGLRenderer: Davey! duration=9223372009642ms; Flags=0, FrameTimelineVsyncId=885, IntendedVsync=27209469906, Vsync=27209469906, InputEventId=0, HandleInputStart=27211835720, AnimationStart=27211840804, PerformTraversalsStart=27211843929, DrawStart=27215957637, FrameDeadline=27242803238, FrameInterval=27211827137, FrameStartTime=16666666, SyncQueued=27219883179, SyncStart=27222643762, IssueDrawCommandsStart=27224258679, SwapBuffers=27230091179, FrameCompleted=9223372036854775807, DequeueBufferDuration=44958, QueueBufferDuration=1413125, GpuCompleted=9223372036854775807, SwapBuffersCompleted=27232833220, DisplayPresentTime=0,
05-28 16:04:55.326 415 415 I : DVI mode selected: packets not configured
05-28 16:04:55.326 415 415 I : Error: set vsif failed
05-28 16:04:55.332 1057 1082 I OpenGLRenderer: Davey! duration=9223372009625ms; Flags=0, FrameTimelineVsyncId=887, IntendedVsync=27226101767, Vsync=27226101767, InputEventId=0, HandleInputStart=27226612179, AnimationStart=27226615512, PerformTraversalsStart=27226849970, DrawStart=27227558845, FrameDeadline=27259435099, FrameInterval=27226604304, FrameStartTime=16666666, SyncQueued=27230136970, SyncStart=27233115012, IssueDrawCommandsStart=27234893137, SwapBuffers=27242275137, FrameCompleted=9223372036854775807, DequeueBufferDuration=59541, QueueBufferDuration=3257041, GpuCompleted=9223372036854775807, SwapBuffersCompleted=27248388970, DisplayPresentTime=0,
05-28 16:04:55.344 415 415 I : DVI mode selected: packets not configured
05-28 16:04:55.344 415 415 I : Error: set vsif failed
05-28 16:04:55.350 1057 1550 I OpenGLRenderer: Davey! duration=9223372009607ms; Flags=0, FrameTimelineVsyncId=889, IntendedVsync=27243031363, Vsync=27243031363, InputEventId=0, HandleInputStart=27243411137, AnimationStart=27243415387, PerformTraversalsStart=27243419429, DrawStart=27244834929, FrameDeadline=27276364695, FrameInterval=27243400762, FrameStartTime=16666666, SyncQueued=27245566387, SyncStart=27249841720, IssueDrawCommandsStart=27251607012, SwapBuffers=27258463345, FrameCompleted=9223372036854775807, DequeueBufferDuration=113625, QueueBufferDuration=6148333, GpuCompleted=9223372036854775807, SwapBuffersCompleted=27266882637, DisplayPresentTime=0,
05-28 16:04:55.374 1021 1164 I okhttp.OkHttpClient: <-- 200 OK http://tyapi.qun7.com/v1/core/launcherota (726ms, unknown-length body)
05-28 16:04:55.378 1021 1162 I okhttp.OkHttpClient: <-- 200 OK http://tymsgapi.qun7.com/v1/core/rom (705ms, unknown-length body)
05-28 16:04:55.389 1021 1926 I okhttp.OkHttpClient: <-- 200 OK http://tymsgapi.qun7.com/v1/core/appupdate (679ms, unknown-length body)
05-28 16:04:55.397 1021 1021 E ccc : cccccc requestOtaInfo result BaseResponse{message='success', data=OtaUpdateBean{downloadId='3870', updateType=1, romVersionName='5.0.0.6', romCode=5555, current=0, romMd5v='03757fd8cd4770b7f0d9e52c70b1f7f5', romLength=695651378, romSize='663.4 MB', downUrl='http://dl.qun7.com/H5/H5/5.0.0.4-20250528/H5_618_20250528_ota.zip', reUrl='http://dl.v5tv.com/H5/H5/5.0.0.4-20250528/H5_618_20250528_ota.zip', reUrl2='http://dl.tymcdn.com/H5/H5/5.0.0.4-20250528/H5_618_20250528_ota.zip', tempUrl='null', remark='20250528_H5测试OTA通道', status=idle, progress=0.0, filterMac=[], localPath='null', popup=1, isPaused=false, cancelled=false, extraInfo='null'}, code=0}
05-28 16:04:55.400 1021 1021 E ccc : cccccc com.dangbei.haqusetting not connect
05-28 16:04:55.401 1021 1021 E ccc : cccccc updateHelper 通知更新
05-28 16:04:55.401 1021 1021 E ccc : cccccc OtaUpdateHelper 普通更新 1
05-28 16:04:55.411 1021 1021 W audit : audit_lost=180 audit_rate_limit=5 audit_backlog_limit=64
05-28 16:04:55.411 1021 1021 E audit : rate limit exceeded
05-28 16:04:55.424 1021 1021 E ccc : cccccc launcher ota response is BaseResponse{message='success', data=UpgradeInfoEntity{contentLength=0, versionName='', versionCode=0, remark='', list=[]}, code=0}
05-28 16:04:55.425 1021 1021 W System.err: java.lang.IndexOutOfBoundsException: Index: 0, Size: 0
05-28 16:04:55.429 1021 1021 W System.err: at java.util.ArrayList.get(ArrayList.java:437)
05-28 16:04:55.429 1021 1021 W System.err: at com.dangbei.etna.update.launcher.LauncherUpdateHelper$requestLauncherUpdateInfo$1$2.invoke(LauncherUpdateHelper.kt:198)
05-28 16:04:55.429 1021 1021 W System.err: at com.dangbei.etna.update.launcher.LauncherUpdateHelper$requestLauncherUpdateInfo$1$2.invoke(LauncherUpdateHelper.kt:189)
05-28 16:04:55.429 1021 1021 W System.err: at com.etna.haqu.support.ext.FlowExtKt$safeCollect$3.emit(FlowExt.kt:52)
05-28 16:04:55.429 1021 1021 W System.err: at kotlinx.coroutines.flow.FlowKt__ErrorsKt$catchImpl$2.emit(Errors.kt:158)
05-28 16:04:55.429 1021 1021 W System.err: at kotlinx.coroutines.flow.FlowKt__ChannelsKt.emitAllImpl$FlowKt__ChannelsKt(Channels.kt:62)
05-28 16:04:55.429 1021 1021 W System.err: at kotlinx.coroutines.flow.FlowKt__ChannelsKt.access$emitAllImpl$FlowKt__ChannelsKt(Channels.kt:1)
05-28 16:04:55.429 1021 1021 W System.err: at kotlinx.coroutines.flow.FlowKt__ChannelsKt$emitAllImpl$1.invokeSuspend(Unknown Source:14)
05-28 16:04:55.429 1021 1021 W System.err: at kotlin.coroutines.jvm.internal.BaseContinuationImpl.resumeWith(ContinuationImpl.kt:33)
05-28 16:04:55.429 1021 1021 W System.err: at kotlinx.coroutines.DispatchedTask.run(DispatchedTask.kt:106)
05-28 16:04:55.429 1021 1021 W System.err: at android.os.Handler.handleCallback(Handler.java:938)
05-28 16:04:55.429 1021 1021 W System.err: at android.os.Handler.dispatchMessage(Handler.java:99)
05-28 16:04:55.429 1021 1021 W System.err: at android.os.Looper.loopOnce(Looper.java:201)
05-28 16:04:55.429 1021 1021 W System.err: at android.os.Looper.loop(Looper.java:288)
05-28 16:04:55.429 1021 1021 W System.err: at android.app.ActivityThread.main(ActivityThread.java:7854)
05-28 16:04:55.429 1021 1021 W System.err: at java.lang.reflect.Method.invoke(Native Method)
05-28 16:04:55.429 1021 1021 W System.err: at com.android.internal.os.RuntimeInit$MethodAndArgsCaller.run(RuntimeInit.java:548)
05-28 16:04:55.429 1021 1021 W System.err: at com.android.internal.os.ZygoteInit.main(ZygoteInit.java:1182)
05-28 16:04:55.433 1021 1021 E ccc : cccccc com.dangbei.haqusetting not connect
05-28 16:04:55.433 1021 1021 E ccc : cccccc updateHelper 通知更新
05-28 16:04:55.433 1995 1995 D CompatibilityChangeReporter: Compat change id reported: 147600208; UID 1000; state: DISABLED
05-28 16:04:55.447 1021 1185 I okhttp.OkHttpClient: <-- 200 OK http://tymsgapi.qun7.com/v1/core/appupdate (709ms, unknown-length body)
05-28 16:04:55.448 1021 1927 I okhttp.OkHttpClient: <-- 200 OK http://tymsgapi.qun7.com/v1/core/rom (807ms, unknown-length body)
05-28 16:04:55.449 1057 1550 I OpenGLRenderer: Davey! duration=9223372009509ms; Flags=0, FrameTimelineVsyncId=897, IntendedVsync=27343897059, Vsync=27343897059, InputEventId=0, HandleInputStart=27344557804, AnimationStart=27344562929, PerformTraversalsStart=27344566095, DrawStart=27345646470, FrameDeadline=27360563725, FrameInterval=27344549345, FrameStartTime=16666666, SyncQueued=27346521429, SyncStart=27347658512, IssueDrawCommandsStart=27351280095, SwapBuffers=27362037512, FrameCompleted=9223372036854775807, DequeueBufferDuration=49292, QueueBufferDuration=1009750, GpuCompleted=9223372036854775807, SwapBuffersCompleted=27366279887, DisplayPresentTime=0,
05-28 16:04:55.450 1021 1161 I okhttp.OkHttpClient: <-- 200 OK http://tymsgapi.qun7.com/v1/core/logip (783ms, 81-byte body)
05-28 16:04:55.450 1021 1928 I okhttp.OkHttpClient: <-- 200 OK http://tyapi.qun7.com/v1/core/launcherota (806ms, unknown-length body)
05-28 16:04:55.465 1021 1161 I HttpUtil: success
05-28 16:04:55.470 1021 1021 E ccc : cccccc launcher ota response is BaseResponse{message='success', data=UpgradeInfoEntity{contentLength=0, versionName='', versionCode=0, remark='', list=[]}, code=0}
05-28 16:04:55.471 1021 1021 W System.err: java.lang.IndexOutOfBoundsException: Index: 0, Size: 0
05-28 16:04:55.471 1021 1021 W System.err: at java.util.ArrayList.get(ArrayList.java:437)
05-28 16:04:55.471 1021 1021 W System.err: at com.dangbei.etna.update.launcher.LauncherUpdateHelper$requestLauncherUpdateInfo$1$2.invoke(LauncherUpdateHelper.kt:198)
05-28 16:04:55.471 1021 1021 W System.err: at com.dangbei.etna.update.launcher.LauncherUpdateHelper$requestLauncherUpdateInfo$1$2.invoke(LauncherUpdateHelper.kt:189)
05-28 16:04:55.471 1021 1021 W System.err: at com.etna.haqu.support.ext.FlowExtKt$safeCollect$3.emit(FlowExt.kt:52)
05-28 16:04:55.471 1021 1021 W System.err: at kotlinx.coroutines.flow.FlowKt__ErrorsKt$catchImpl$2.emit(Errors.kt:158)
05-28 16:04:55.471 1021 1021 W System.err: at kotlinx.coroutines.flow.FlowKt__ChannelsKt.emitAllImpl$FlowKt__ChannelsKt(Channels.kt:62)
05-28 16:04:55.472 1021 1021 W System.err: at kotlinx.coroutines.flow.FlowKt__ChannelsKt.access$emitAllImpl$FlowKt__ChannelsKt(Channels.kt:1)
05-28 16:04:55.472 1021 1021 W System.err: at kotlinx.coroutines.flow.FlowKt__ChannelsKt$emitAllImpl$1.invokeSuspend(Unknown Source:14)
05-28 16:04:55.472 1021 1021 W System.err: at kotlin.coroutines.jvm.internal.BaseContinuationImpl.resumeWith(ContinuationImpl.kt:33)
05-28 16:04:55.472 1021 1021 W System.err: at kotlinx.coroutines.DispatchedTask.run(DispatchedTask.kt:106)
05-28 16:04:55.472 1021 1021 W System.err: at android.os.Handler.handleCallback(Handler.java:938)
05-28 16:04:55.472 1021 1021 W System.err: at android.os.Handler.dispatchMessage(Handler.java:99)
05-28 16:04:55.472 1021 1021 W System.err: at android.os.Looper.loopOnce(Looper.java:201)
05-28 16:04:55.472 1021 1021 W System.err: at android.os.Looper.loop(Looper.java:288)
05-28 16:04:55.472 1021 1021 W System.err: at android.app.ActivityThread.main(ActivityThread.java:7854)
05-28 16:04:55.472 1021 1021 W System.err: at java.lang.reflect.Method.invoke(Native Method)
05-28 16:04:55.472 1021 1021 W System.err: at com.android.internal.os.RuntimeInit$MethodAndArgsCaller.run(RuntimeInit.java:548)
05-28 16:04:55.472 1021 1021 W System.err: at com.android.internal.os.ZygoteInit.main(ZygoteInit.java:1182)
05-28 16:04:55.475 1775 1785 I id.providers.t: Background young concurrent copying GC freed 7741(483KB) AllocSpace objects, 4(144KB) LOS objects, 88% free, 3076KB/27MB, paused 736us total 153.373ms
05-28 16:04:55.476 1021 1021 E ccc : cccccc com.dangbei.haqusetting not connect
05-28 16:04:55.476 1021 1021 E ccc : cccccc updateHelper 通知更新
05-28 16:04:55.477 1021 1021 E ccc : cccccc requestOtaInfo result BaseResponse{message='success', data=OtaUpdateBean{downloadId='3870', updateType=1, romVersionName='5.0.0.6', romCode=5555, current=0, romMd5v='03757fd8cd4770b7f0d9e52c70b1f7f5', romLength=695651378, romSize='663.4 MB', downUrl='http://dl.qun7.com/H5/H5/5.0.0.4-20250528/H5_618_20250528_ota.zip', reUrl='http://dl.v5tv.com/H5/H5/5.0.0.4-20250528/H5_618_20250528_ota.zip', reUrl2='http://dl.tymcdn.com/H5/H5/5.0.0.4-20250528/H5_618_20250528_ota.zip', tempUrl='null', remark='20250528_H5测试OTA通道', status=idle, progress=0.0, filterMac=[], localPath='null', popup=1, isPaused=false, cancelled=false, extraInfo='null'}, code=0}
05-28 16:04:55.485 1021 1021 E ccc : cccccc com.dangbei.haqusetting not connect
05-28 16:04:55.485 1021 1021 E ccc : cccccc updateHelper 通知更新
05-28 16:04:55.485 1021 1021 E ccc : cccccc OtaUpdateHelper 普通更新 1
05-28 16:04:55.515 1057 1774 I OpenGLRenderer: Davey! duration=9223372009427ms; Flags=0, FrameTimelineVsyncId=903, IntendedVsync=27427234525, Vsync=27427234525, InputEventId=0, HandleInputStart=27428125470, AnimationStart=27428130179, PerformTraversalsStart=27428134429, DrawStart=27429326512, FrameDeadline=27460567857, FrameInterval=27428113637, FrameStartTime=16666666, SyncQueued=27429737012, SyncStart=27430079179, IssueDrawCommandsStart=27430951470, SwapBuffers=27437391929, FrameCompleted=9223372036854775807, DequeueBufferDuration=45875, QueueBufferDuration=1175333, GpuCompleted=9223372036854775807, SwapBuffersCompleted=27439466554, DisplayPresentTime=0,
05-28 16:04:55.557 1995 1995 I TDLog : setReportUncaughtExceptions: true
05-28 16:04:55.582 1057 1774 I OpenGLRenderer: Davey! duration=9223372009360ms; Flags=0, FrameTimelineVsyncId=906, IntendedVsync=27493888434, Vsync=27493888434, InputEventId=0, HandleInputStart=27497210304, AnimationStart=27497216137, PerformTraversalsStart=27497219595, DrawStart=27498341929, FrameDeadline=27527221766, FrameInterval=27497199345, FrameStartTime=16666666, SyncQueued=27498885429, SyncStart=27499196637, IssueDrawCommandsStart=27500285304, SwapBuffers=27506534637, FrameCompleted=9223372036854775807, DequeueBufferDuration=62583, QueueBufferDuration=1030333, GpuCompleted=9223372036854775807, SwapBuffersCompleted=27510109554, DisplayPresentTime=0,
05-28 16:04:55.586 467 1343 D CompatibilityChangeReporter: Compat change id reported: 135634846; UID 10054; state: DISABLED
05-28 16:04:55.586 467 1343 D CompatibilityChangeReporter: Compat change id reported: 177438394; UID 10054; state: DISABLED
05-28 16:04:55.586 467 1343 D CompatibilityChangeReporter: Compat change id reported: 135772972; UID 10054; state: DISABLED
05-28 16:04:55.586 467 1343 D CompatibilityChangeReporter: Compat change id reported: 135754954; UID 10054; state: ENABLED
05-28 16:04:55.588 467 527 D CompatibilityChangeReporter: Compat change id reported: 143937733; UID 10054; state: ENABLED
05-28 16:04:55.598 1995 2072 I TDLog : TalkingData App Analytics SDK init...
05-28 16:04:55.598 1995 2072 I TDLog : SDK_VERSION is: Android+TD+V4.0.22 gp Type:Native Build_Num:712
05-28 16:04:55.598 1995 2072 I TDLog : App ID is: 219DEBE67C3B47D799EED1190DEACA09
05-28 16:04:55.598 1995 2072 I TDLog : App Channel is: statisticSDK
05-28 16:04:55.598 1995 2072 I TDLog : SDK_OVC is: TDOVC+a004ba0d7e569531a3ac013fd19b4443+SaaS
05-28 16:04:55.612 243 243 D Zygote : Forked child process 2098
05-28 16:04:55.613 467 527 I ActivityManager: app.processName = com.softwinner.timerswitch
05-28 16:04:55.613 467 527 I ActivityManager: Start proc 2098:com.softwinner.timerswitch/u0a54 for broadcast {com.softwinner.timerswitch/com.softwinner.timerswitch.AlarmReceiver}
05-28 16:04:55.632 2098 2098 I Zygote : seccomp disabled by setenforce 0
05-28 16:04:55.643 1057 1077 I d.leradlaunche: Background young concurrent copying GC freed 126922(8542KB) AllocSpace objects, 21(1836KB) LOS objects, 53% free, 9131KB/19MB, paused 1.178ms total 152.594ms
05-28 16:04:55.663 381 400 I adbd : jdwp connection from 2098
05-28 16:04:55.680 1995 2063 I CameraManagerGlobal: Connecting to camera service
05-28 16:04:55.689 1995 2072 V NFC : this device does not have NFC support
05-28 16:04:55.699 467 568 D CompatibilityChangeReporter: Compat change id reported: 168419799; UID 10054; state: DISABLED
05-28 16:04:55.713 2098 2098 D CompatibilityChangeReporter: Compat change id reported: 171979766; UID 10054; state: ENABLED
05-28 16:04:55.820 2098 2098 I ner.timerswitch: type=1400 audit(0.0:632): avc: denied { search } for name="com.softwinner.timerswitch" dev="mmcblk0p25" ino=875 scontext=u:r:platform_app:s0:c512,c768 tcontext=u:object_r:app_data_file:s0:c512,c768 tclass=dir permissive=1 app=com.softwinner.timerswitch
05-28 16:04:55.820 1995 1995 I Thread-2: type=1400 audit(0.0:633): avc: denied { getattr } for path="/data/local/tmp" dev="mmcblk0p25" ino=85 scontext=u:r:system_app:s0 tcontext=u:object_r:shell_data_file:s0 tclass=dir permissive=1
05-28 16:04:55.832 1057 1774 I OpenGLRenderer: Davey! duration=9223372009110ms; Flags=0, FrameTimelineVsyncId=912, IntendedVsync=27743819433, Vsync=27743819433, InputEventId=0, HandleInputStart=27744464346, AnimationStart=27744468637, PerformTraversalsStart=27744471637, DrawStart=27745222054, FrameDeadline=27777152765, FrameInterval=27744454262, FrameStartTime=16666666, SyncQueued=27745828929, SyncStart=27746093096, IssueDrawCommandsStart=27747002304, SwapBuffers=27752836971, FrameCompleted=9223372036854775807, DequeueBufferDuration=51209, QueueBufferDuration=1448125, GpuCompleted=9223372036854775807, SwapBuffersCompleted=27757578179, DisplayPresentTime=0,
05-28 16:04:55.835 2098 2098 V GraphicsEnvironment: ANGLE Developer option for 'com.softwinner.timerswitch' set to: 'default'
05-28 16:04:55.835 2098 2098 V GraphicsEnvironment: Neither updatable production driver nor prerelease driver is supported.
05-28 16:04:55.839 2098 2098 D NetworkSecurityConfig: No Network Security Config specified, using platform default
05-28 16:04:55.840 2098 2098 D NetworkSecurityConfig: No Network Security Config specified, using platform default
05-28 16:04:55.836 1995 1995 I RxCachedThreadS: type=1400 audit(0.0:634): avc: denied { read } for name="u:object_r:serialno_prop:s0" dev="tmpfs" ino=2914 scontext=u:r:system_app:s0 tcontext=u:object_r:serialno_prop:s0 tclass=file permissive=1
05-28 16:04:55.836 1995 1995 I RxCachedThreadS: type=1400 audit(0.0:635): avc: denied { open } for path="/dev/__properties__/u:object_r:serialno_prop:s0" dev="tmpfs" ino=2914 scontext=u:r:system_app:s0 tcontext=u:object_r:serialno_prop:s0 tclass=file permissive=1
05-28 16:04:55.836 1995 1995 I RxCachedThreadS: type=1400 audit(0.0:636): avc: denied { getattr } for path="/dev/__properties__/u:object_r:serialno_prop:s0" dev="tmpfs" ino=2914 scontext=u:r:system_app:s0 tcontext=u:object_r:serialno_prop:s0 tclass=file permissive=1
05-28 16:04:55.858 2098 2098 D TAG_AlarmReceiver: receive broadcast, curTime : 2025-05-28 16:04:55
05-28 16:04:55.862 1995 2091 I UtilCommon: bluetoothMac=B4:2F:03:15:A3:36
05-28 16:04:55.862 2098 2098 D TAG_AlarmReceiver: ********receive system bootUp broadcast*********
05-28 16:04:55.867 1995 2091 D UtilLog : key=deviceid
05-28 16:04:55.868 1995 2091 D UtilLog : values=2a29a1009651753de55301e19d1ff223
05-28 16:04:55.868 1995 2091 D UtilLog : DesValues=tCuyrz2DhRbknQPdL0fwq/LiF6SRmYweDYZq2sUraZwPB58o5PWrCg==
05-28 16:04:55.868 1995 2091 D UtilLog :
05-28 16:04:55.868 1995 2091 D UtilLog : key=dev_uuid
05-28 16:04:55.868 1995 2091 D UtilLog : values=a44d64b0-a756-45a9-a4ab-05f0fa399011
05-28 16:04:55.868 1995 2091 D UtilLog : DesValues=Tg33WgX84FsHBR6Dhs37oC3fVtMXtbpaRHdaD+q+O6Q8d3qI6AlbxQ==
05-28 16:04:55.868 1995 2091 D UtilLog :
05-28 16:04:55.868 1995 2091 D UtilLog : key=channel
05-28 16:04:55.869 1995 2091 D UtilLog : values=DBOS_DBBOX-A2
05-28 16:04:55.869 1995 2091 D UtilLog : DesValues=U2rMDSNEX4hlxebfMfvE5w==
05-28 16:04:55.869 1995 2091 D UtilLog :
05-28 16:04:55.869 1995 2091 D UtilLog : key=packagelist
05-28 16:04:55.869 1995 2091 D UtilLog : values=com.dangbei.lerad.rocky;com.dangbei.leard.leradlauncher;com.dangbei.zhushou.os
05-28 16:04:55.869 1995 2091 D UtilLog : DesValues=byaAjpuYP7Md9ImftnY6oL+u5Tex4kQ5jeOCkuyRk9SkGPr4UI1BJNL8hrF+2ShyB2oVVKVfAi8PlHx6PKeqfviwQR31zZWikKW1prDgGkU=
05-28 16:04:55.869 1995 2091 D UtilLog :
05-28 16:04:55.869 1995 2091 D UtilLog : key=mac
05-28 16:04:55.885 1995 2091 D UtilLog : values=20:02:FE:19:C1:FD
05-28 16:04:55.885 1995 2091 D UtilLog : DesValues=nYMpcx8K3oP+WR57bGh/3iOHqoo5UJ7s
05-28 16:04:55.885 1995 2091 D UtilLog :
05-28 16:04:55.885 1995 2091 D UtilLog : key=wifimac
05-28 16:04:55.885 1995 2091 D UtilLog : values=B4:2F:03:16:18:C0
05-28 16:04:55.885 1995 2091 D UtilLog : DesValues=GtiP38bn9GKlqee/5AjrHwo2HIgJ4oF7
05-28 16:04:55.886 1995 2091 D UtilLog :
05-28 16:04:55.886 1995 2091 D UtilLog : key=uuid
05-28 16:04:55.890 1995 2091 D UtilLog : values=de1e8721-e325-4d3d-aab3-efff00c3f1db
05-28 16:04:55.890 1995 2091 D UtilLog : DesValues=HDfng34RskEp7gHlb+addUhvasPGEYG9AVT5gEc2Xcx6SewHb99HUg==
05-28 16:04:55.890 1995 2091 D UtilLog :
05-28 16:04:55.890 1995 2091 D UtilLog : key=appname
05-28 16:04:55.891 1995 2091 D UtilLog : values=电视管家
05-28 16:04:55.891 1995 2091 D UtilLog : DesValues=iqL5Rox+365YgqkQrzmGew==
05-28 16:04:55.891 1995 2091 D UtilLog :
05-28 16:04:55.891 1995 2091 D UtilLog : key=packagename
05-28 16:04:55.891 1995 2091 D UtilLog : values=com.dangbei.zhushou.os
05-28 16:04:55.891 1995 2091 D UtilLog : DesValues=byaAjpuYP7N/v7Z6kyOIN8JduvsEBDYD
05-28 16:04:55.891 1995 2091 D UtilLog :
05-28 16:04:55.891 1995 2091 D UtilLog : key=vname
05-28 16:04:55.892 1995 2091 D UtilLog : values=4.0.0.0.1
05-28 16:04:55.892 1995 2091 D UtilLog : DesValues=ZmbdbetpP3xQfy8gEtIzGg==
05-28 16:04:55.892 1995 2091 D UtilLog :
05-28 16:04:55.892 1995 2091 D UtilLog : key=vcode
05-28 16:04:55.892 1995 2091 D UtilLog : values=40001
05-28 16:04:55.892 1995 2091 D UtilLog : DesValues=xHelLudSdno=
05-28 16:04:55.892 1995 2091 D UtilLog :
05-28 16:04:55.892 1995 2091 D UtilLog : key=brand
05-28 16:04:55.892 1995 2091 D UtilLog : values=Dangbei
05-28 16:04:55.892 1995 2091 D UtilLog : DesValues=w3F/S11z4cQ=
05-28 16:04:55.892 1995 2091 D UtilLog :
05-28 16:04:55.892 1995 2091 D UtilLog : key=boxfactory
05-28 16:04:55.893 1995 2091 D UtilLog : values=Allwinner
05-28 16:04:55.893 1995 2091 D UtilLog : DesValues=Z82sBMOvjTwCcRqjeHOwaQ==
05-28 16:04:55.893 1995 2091 D UtilLog :
05-28 16:04:55.893 1995 2091 D UtilLog : key=rommodel
05-28 16:04:55.893 1995 2091 D UtilLog : values=DBBOX-A2
05-28 16:04:55.893 1995 2091 D UtilLog : DesValues=Cp0N6KH6T4JIJBzkJvj0FQ==
05-28 16:04:55.893 1995 2091 D UtilLog :
05-28 16:04:55.893 1995 2091 D UtilLog : key=cpuserial
05-28 16:04:55.893 1995 2091 D UtilLog : values=0000000000000000
05-28 16:04:55.893 1995 2091 D UtilLog : DesValues=nNQaqXf/biPbsaIvekQHd7yInvBfbZxz
05-28 16:04:55.894 1995 2091 D UtilLog :
05-28 16:04:55.894 1995 2091 D UtilLog : key=cpuimei
05-28 16:04:55.894 1995 2091 D UtilLog : values=armeabi-v7a
05-28 16:04:55.894 1995 2091 D UtilLog : DesValues=eB2sQ5wFJ4fV9rAgxgt0kQ==
05-28 16:04:55.894 1995 2091 D UtilLog :
05-28 16:04:55.894 1995 2091 D UtilLog : key=sn
05-28 16:04:55.894 1995 2091 D UtilLog : values=DZOH58251929088
05-28 16:04:55.894 1995 2091 D UtilLog : DesValues=DRq9pIo+PTznTckjOi2hMg==
05-28 16:04:55.894 1995 2091 D UtilLog :
05-28 16:04:55.894 1995 2091 D UtilLog : key=osversion
05-28 16:04:55.895 1995 2091 D UtilLog : values=12
05-28 16:04:55.895 1995 2091 D UtilLog : DesValues=z4Vde2HU9Lg=
05-28 16:04:55.895 1995 2091 D UtilLog :
05-28 16:04:55.895 1995 2091 D UtilLog : key=oscode
05-28 16:04:55.895 1995 2091 D UtilLog : values=31
05-28 16:04:55.895 1995 2091 D UtilLog : DesValues=uYf7cxwIekI=
05-28 16:04:55.895 1995 2091 D UtilLog :
05-28 16:04:55.895 1995 2091 D UtilLog : key=is_write
05-28 16:04:55.895 1995 2091 D UtilLog : values=0
05-28 16:04:55.895 1995 2091 D UtilLog : DesValues=fhgfj/J6fiI=
05-28 16:04:55.895 1995 2091 D UtilLog :
05-28 16:04:55.895 1995 2091 D UtilLog : key=romvername
05-28 16:04:55.896 1995 2091 D UtilLog : values=5.0.0.6
05-28 16:04:55.896 1995 2091 D UtilLog : DesValues=04f1RCr/In8=
05-28 16:04:55.896 1995 2091 D UtilLog :
05-28 16:04:55.896 1995 2091 D UtilLog : key=romvercode
05-28 16:04:55.896 1995 2091 D UtilLog : values=5006
05-28 16:04:55.896 1995 2091 D UtilLog : DesValues=vhuVUg+4g/g=
05-28 16:04:55.896 1995 2091 D UtilLog :
05-28 16:04:55.896 1995 2091 D UtilLog : key=bluetoothmac
05-28 16:04:55.896 1995 2091 D UtilLog : values=B4:2F:03:15:A3:36
05-28 16:04:55.896 1995 2091 D UtilLog : DesValues=GtiP38bn9GJ/YtwiMwRcSyDuRny5iZHd
05-28 16:04:55.911 1995 2091 D UtilLog :
05-28 16:04:55.911 1995 2091 D UtilLog : key=rommodelnumber
05-28 16:04:55.911 1995 2091 D UtilLog : values=H5232
05-28 16:04:55.912 1995 2091 D UtilLog : DesValues=FkBqlkWzuas=
05-28 16:04:55.912 1995 2091 D UtilLog :
05-28 16:04:55.912 1995 2091 D UtilLog : key=userid
05-28 16:04:55.922 467 732 I ActivityManager: Finished processing BOOT_COMPLETED for u0
05-28 16:04:55.921 1995 2091 D UtilLog : values=-1
05-28 16:04:55.924 1995 2091 D UtilLog : DesValues=U8kqhGxUlIA=
05-28 16:04:55.924 467 732 D CompatibilityChangeReporter: Compat change id reported: 135634846; UID 10022; state: DISABLED
05-28 16:04:55.924 1995 2091 D UtilLog :
05-28 16:04:55.924 1995 2091 D UtilLog : key=ip
05-28 16:04:55.925 467 527 D CompatibilityChangeReporter: Compat change id reported: 143937733; UID 10022; state: DISABLED
05-28 16:04:55.925 1995 2091 D UtilLog : values=
05-28 16:04:55.925 1995 2091 D UtilLog : DesValues=gKen3SyYFuE=
05-28 16:04:55.925 1995 2091 D UtilLog :
05-28 16:04:55.932 1057 1774 I OpenGLRenderer: Davey! duration=9223372009010ms; Flags=0, FrameTimelineVsyncId=915, IntendedVsync=27843808859, Vsync=27843808859, InputEventId=0, HandleInputStart=27844478429, AnimationStart=27844483054, PerformTraversalsStart=27844486471, DrawStart=27845392179, FrameDeadline=27877142191, FrameInterval=27844468346, FrameStartTime=16666666, SyncQueued=27845988679, SyncStart=27846268096, IssueDrawCommandsStart=27847135887, SwapBuffers=27854490304, FrameCompleted=9223372036854775807, DequeueBufferDuration=45166, QueueBufferDuration=1278583, GpuCompleted=9223372036854775807, SwapBuffersCompleted=27857205096, DisplayPresentTime=0,
05-28 16:04:55.953 243 243 D Zygote : Forked child process 2124
05-28 16:04:55.955 467 527 I ActivityManager: app.processName = com.dangbei.screencast
05-28 16:04:55.955 467 527 I ActivityManager: Start proc 2124:com.dangbei.screencast/u0a22 for broadcast {com.dangbei.screencast/com.dangbei.screencast.startup.BootReceiver}
05-28 16:04:55.963 2124 2124 I Zygote : seccomp disabled by setenforce 0
05-28 16:04:55.982 1057 1774 I OpenGLRenderer: Davey! duration=9223372008960ms; Flags=0, FrameTimelineVsyncId=918, IntendedVsync=27893827561, Vsync=27893827561, InputEventId=0, HandleInputStart=27894386429, AnimationStart=27894389929, PerformTraversalsStart=27894392971, DrawStart=27895074054, FrameDeadline=27927160893, FrameInterval=27894377512, FrameStartTime=16666666, SyncQueued=27895599137, SyncStart=27895878096, IssueDrawCommandsStart=27896788262, SwapBuffers=27902199012, FrameCompleted=9223372036854775807, DequeueBufferDuration=42917, QueueBufferDuration=1312083, GpuCompleted=9223372036854775807, SwapBuffersCompleted=27904369096, DisplayPresentTime=0,
05-28 16:04:56.003 381 400 I adbd : jdwp connection from 2124
05-28 16:04:56.011 467 515 W IorapForwardingService: No service published for: iorapd
05-28 16:04:56.018 1057 1332 D AppListModel: requestAppFilterList: success
05-28 16:04:56.018 1057 1332 D AppListModel: updateList
05-28 16:04:56.019 1057 1332 D AppListModel: updateList: resetAppList
05-28 16:04:56.025 467 600 D chongyuzhao: stop reconnect
05-28 16:04:56.026 467 732 D CompatibilityChangeReporter: Compat change id reported: 168419799; UID 10022; state: DISABLED
05-28 16:04:56.046 1057 1774 I OpenGLRenderer: Davey! duration=9223372008927ms; Flags=0, FrameTimelineVsyncId=921, IntendedVsync=27927187765, Vsync=27927187765, InputEventId=0, HandleInputStart=27928591721, AnimationStart=27928595637, PerformTraversalsStart=27928598512, DrawStart=27929056262, FrameDeadline=27960521097, FrameInterval=27928583637, FrameStartTime=16666666, SyncQueued=27929651971, SyncStart=27929966971, IssueDrawCommandsStart=27930841429, SwapBuffers=27937447137, FrameCompleted=9223372036854775807, DequeueBufferDuration=47542, QueueBufferDuration=1340292, GpuCompleted=9223372036854775807, SwapBuffersCompleted=27952680887, DisplayPresentTime=0,
05-28 16:04:56.054 2124 2124 D CompatibilityChangeReporter: Compat change id reported: 171979766; UID 10022; state: DISABLED
05-28 16:04:56.071 2124 2124 D ApplicationLoaders: Returning zygote-cached class loader: /system/framework/android.test.base.jar
05-28 16:04:56.072 2124 2124 D ApplicationLoaders: Returning zygote-cached class loader: /system/framework/android.hidl.manager-V1.0-java.jar
05-28 16:04:56.072 2124 2124 D ApplicationLoaders: Returning zygote-cached class loader: /system/framework/android.hidl.base-V1.0-java.jar
05-28 16:04:56.090 1057 1440 D AppManager: checkLocalAppsIsValid:
05-28 16:04:56.129 1995 2139 I System.out: true
05-28 16:04:56.133 1995 2065 I System.out: true
05-28 16:04:56.165 2124 2124 V GraphicsEnvironment: ANGLE Developer option for 'com.dangbei.screencast' set to: 'default'
05-28 16:04:56.165 2124 2124 V GraphicsEnvironment: Neither updatable production driver nor prerelease driver is supported.
05-28 16:04:56.171 2124 2124 D NetworkSecurityConfig: Using Network Security Config from resource network_security_config debugBuild: false
05-28 16:04:56.174 2124 2124 D NetworkSecurityConfig: Using Network Security Config from resource network_security_config debugBuild: false
05-28 16:04:56.220 2124 2124 I MultiDex: VM with version 2.1.0 has multidex support
05-28 16:04:56.220 2124 2124 I MultiDex: Installing application
05-28 16:04:56.220 2124 2124 I MultiDex: VM has multidex support, MultiDex support library is disabled.
05-28 16:04:56.227 1057 1405 E hq : WeatherRefresh:::请求网络地址后,更新的地理位置为:101280601
05-28 16:04:56.260 2124 2124 E PartsInfoProvider: onCreate:
05-28 16:04:56.265 1057 1774 I OpenGLRenderer: Davey! duration=9223372008691ms; Flags=0, FrameTimelineVsyncId=931, IntendedVsync=28160550013, Vsync=28160550013, InputEventId=0, HandleInputStart=28162056054, AnimationStart=28162061637, PerformTraversalsStart=28162065054, DrawStart=28167282679, FrameDeadline=28193883345, FrameInterval=28162047721, FrameStartTime=16666666, SyncQueued=28168478221, SyncStart=28170776929, IssueDrawCommandsStart=28171815762, SwapBuffers=28183122471, FrameCompleted=9223372036854775807, DequeueBufferDuration=49708, QueueBufferDuration=1503625, GpuCompleted=9223372036854775807, SwapBuffersCompleted=28186559929, DisplayPresentTime=0,
05-28 16:04:56.271 467 491 W ActivityManager: Background start not allowed: service Intent { act=com.dangbei.screencast.STARTUP pkg=com.dangbei.screencast } to com.dangbei.screencast/.startup.StartupService from pid=2124 uid=10022 pkg=com.dangbei.screencast startFg?=false
05-28 16:04:56.278 2124 2124 W System.err: android.app.BackgroundServiceStartNotAllowedException: Not allowed to start service Intent { act=com.dangbei.screencast.STARTUP pkg=com.dangbei.screencast }: app is in background uid UidRecord{d334dfc u0a22 RCVR idle change:idle|uncached procs:0 seq(0,0,0)}
05-28 16:04:56.279 2124 2124 W System.err: at android.app.ContextImpl.startServiceCommon(ContextImpl.java:1861)
05-28 16:04:56.279 2124 2124 W System.err: at android.app.ContextImpl.startService(ContextImpl.java:1817)
05-28 16:04:56.279 2124 2124 W System.err: at android.content.ContextWrapper.startService(ContextWrapper.java:774)
05-28 16:04:56.279 2124 2124 W System.err: at b.f.f.h.g.k.a(Unknown Source:20)
05-28 16:04:56.279 2124 2124 W System.err: at com.dangbei.screencast.provider.PartsInfoProvider.onCreate(:2)
05-28 16:04:56.279 2124 2124 W System.err: at android.content.ContentProvider.attachInfo(ContentProvider.java:2404)
05-28 16:04:56.279 2124 2124 W System.err: at android.content.ContentProvider.attachInfo(ContentProvider.java:2374)
05-28 16:04:56.279 2124 2124 W System.err: at android.app.ActivityThread.installProvider(ActivityThread.java:7437)
05-28 16:04:56.279 2124 2124 W System.err: at android.app.ActivityThread.installContentProviders(ActivityThread.java:6954)
05-28 16:04:56.279 2124 2124 W System.err: at android.app.ActivityThread.handleBindApplication(ActivityThread.java:6725)
05-28 16:04:56.279 2124 2124 W System.err: at android.app.ActivityThread.access$1500(ActivityThread.java:247)
05-28 16:04:56.279 2124 2124 W System.err: at android.app.ActivityThread$H.handleMessage(ActivityThread.java:2053)
05-28 16:04:56.279 2124 2124 W System.err: at android.os.Handler.dispatchMessage(Handler.java:106)
05-28 16:04:56.279 2124 2124 W System.err: at android.os.Looper.loopOnce(Looper.java:201)
05-28 16:04:56.279 2124 2124 W System.err: at android.os.Looper.loop(Looper.java:288)
05-28 16:04:56.279 2124 2124 W System.err: at android.app.ActivityThread.main(ActivityThread.java:7854)
05-28 16:04:56.279 2124 2124 W System.err: at java.lang.reflect.Method.invoke(Native Method)
05-28 16:04:56.279 2124 2124 W System.err: at com.android.internal.os.RuntimeInit$MethodAndArgsCaller.run(RuntimeInit.java:548)
05-28 16:04:56.279 2124 2124 W System.err: at com.android.internal.os.ZygoteInit.main(ZygoteInit.java:1182)
05-28 16:04:56.286 467 1343 W ActivityManager: Background start not allowed: service Intent { act=com.dangbei.screencast.STARTUP pkg=com.dangbei.screencast } to com.dangbei.screencast/.startup.StartupService from pid=2124 uid=10022 pkg=com.dangbei.screencast startFg?=false
05-28 16:04:56.287 2124 2124 W System.err: android.app.BackgroundServiceStartNotAllowedException: Not allowed to start service Intent { act=com.dangbei.screencast.STARTUP pkg=com.dangbei.screencast }: app is in background uid UidRecord{d334dfc u0a22 RCVR idle change:idle|uncached procs:0 seq(0,0,0)}
05-28 16:04:56.287 2124 2124 W System.err: at android.app.ContextImpl.startServiceCommon(ContextImpl.java:1861)
05-28 16:04:56.287 2124 2124 W System.err: at android.app.ContextImpl.startService(ContextImpl.java:1817)
05-28 16:04:56.287 2124 2124 W System.err: at android.content.ContextWrapper.startService(ContextWrapper.java:774)
05-28 16:04:56.287 2124 2124 W System.err: at b.f.f.h.g.k.a(Unknown Source:20)
05-28 16:04:56.287 2124 2124 W System.err: at com.dangbei.screencast.common.utils.remotepreferences.ScreenCastPreferenceProvider.onCreate(Unknown Source:11)
05-28 16:04:56.287 2124 2124 W System.err: at android.content.ContentProvider.attachInfo(ContentProvider.java:2404)
05-28 16:04:56.287 2124 2124 W System.err: at android.content.ContentProvider.attachInfo(ContentProvider.java:2374)
05-28 16:04:56.287 2124 2124 W System.err: at android.app.ActivityThread.installProvider(ActivityThread.java:7437)
05-28 16:04:56.287 2124 2124 W System.err: at android.app.ActivityThread.installContentProviders(ActivityThread.java:6954)
05-28 16:04:56.287 2124 2124 W System.err: at android.app.ActivityThread.handleBindApplication(ActivityThread.java:6725)
05-28 16:04:56.287 2124 2124 W System.err: at android.app.ActivityThread.access$1500(ActivityThread.java:247)
05-28 16:04:56.287 2124 2124 W System.err: at android.app.ActivityThread$H.handleMessage(ActivityThread.java:2053)
05-28 16:04:56.287 2124 2124 W System.err: at android.os.Handler.dispatchMessage(Handler.java:106)
05-28 16:04:56.287 2124 2124 W System.err: at android.os.Looper.loopOnce(Looper.java:201)
05-28 16:04:56.287 2124 2124 W System.err: at android.os.Looper.loop(Looper.java:288)
05-28 16:04:56.287 2124 2124 W System.err: at android.app.ActivityThread.main(ActivityThread.java:7854)
05-28 16:04:56.287 2124 2124 W System.err: at java.lang.reflect.Method.invoke(Native Method)
05-28 16:04:56.287 2124 2124 W System.err: at com.android.internal.os.RuntimeInit$MethodAndArgsCaller.run(RuntimeInit.java:548)
05-28 16:04:56.287 2124 2124 W System.err: at com.android.internal.os.ZygoteInit.main(ZygoteInit.java:1182)
05-28 16:04:56.333 1057 1155 E hq : ErrorCoroutineExceptionHandler:::runTry error:com.dangbei.leard.base.proider.error.EmptyApiException: 数据为空 from=requestMessageDialog from=requestMessageDialog
05-28 16:04:56.347 2124 2124 D AndroidAutoSize: designWidthInDp = 1920, designHeightInDp = 1080, screenWidth = 1920, screenHeight = 1080
05-28 16:04:56.347 2124 2124 D AndroidAutoSize: initDensity = 1.5, initScaledDensity = 1.5
05-28 16:04:56.381 1189 1425 D XHttpObservable: createNetWorkObservable subscribe: ShowMessageEntity{code=0, data=TipEntity{movieType=[我想看喜剧片, 动作片, 枪战片], movie=[庆余年, 误杀, 美丽人生, 爆笑虫子, 哪吒, 小猪佩奇, 胡歌的电视剧, 张艺谋导演的电影, 切换到1080P, 收藏], appController=[打开当贝市场, 下载哈趣影视, 爱奇艺, 卸载腾讯视频], weather=[今天的天气, 未来五天的天气, 杭州天气怎么样, 明天下不下雨], music=[我要听歌, 周杰伦的歌, 上一首, 下一首, 快进一分钟, 暂停], liveAppDownload='非常抱歉,根据监管部门政策管理要求,暂不提供相应服务。', subscreen=null, wakeUpVoiceResponse=[ProbabilityEntity{word='在呢', probability=30}, ProbabilityEntity{word='我在', probability=35}, ProbabilityEntity{word='你说', probability=15}, ProbabilityEntity{word='来啦', probability=20}], unrecognizedVoiceResponse=[ProbabilityEntity{word='可以再说一遍么', probability=45}, ProbabilityEntity{word='可以说的详细一点么', probability=30}, ProbabilityEntity{word='请问有什么可以帮您', probability=25}], notUnderstandVoiceResponse=[ProbabilityEntity{word='换个说法试试吧', probability=100}]}, message='success'} ,,, isDisposed = false
05-28 16:04:56.399 467 568 D CompatibilityChangeReporter: Compat change id reported: 149924527; UID 10022; state: ENABLED
05-28 16:04:56.399 1189 1396 D XHttpObservable: createNetWorkObservable subscribe: MediaControlEntity{code=0, data=PageEntity{list=[ContentEntity{packageName='com.dangbei.leard.leradlauncher', activityName='FilmDetailActivity'}, ContentEntity{packageName='com.dangbei.leard.leradlauncher', activityName='FullScreenDetailActivity'}, ContentEntity{packageName='com.dangbei.leard.leradlauncher', activityName='TencentSportActivity'}, ContentEntity{packageName='com.dangbei.leradVideoPlugins', activityName='FilmDetailActivity'}, ContentEntity{packageName='com.dangbei.leradVideoPlugins', activityName='FullScreenDetailActivity'}, ContentEntity{packageName='com.dangbei.leradVideoPlugins', activityName='TencentSportActivity'}, ContentEntity{packageName='com.dangbei.leradVideoPlugins', activityName='ShortPlayActivity'}, ContentEntity{packageName='com.dangbei.hqmedia', activityName='FilmDetailActivity'}, ContentEntity{packageName='com.dangbei.hqmedia', activityName='FullScreenDetailActivity'}, ContentEntity{packageName='com.dangbei.leradVideoPlugins', activityName='MangoMediaActivity'}, ContentEntity{packageName='com.dangbei.leradVideoPlugins', activityName='VcinemaActivity'}]}, message='success'} ,,, isDisposed = false
05-28 16:04:56.400 467 1343 D CompatibilityChangeReporter: Compat change id reported: 132649864; UID 10022; state: DISABLED
05-28 16:04:56.409 1057 1332 E hq : WeatherRefresh:::请求网络地址后,更新的地理位置为:101280601
05-28 16:04:56.436 2155 2155 W audit : audit_lost=468 audit_rate_limit=5 audit_backlog_limit=64
05-28 16:04:56.436 2155 2155 E audit : rate limit exceeded
05-28 16:04:56.436 1057 1440 D AppManager: checkLocalAppsIsValid: success
05-28 16:04:56.469 1057 1057 E SecondScreen: isShowSecondScreen()=0 getCurrentPageState()=com.monster.gamma.core.LoadService@ffdd9bb
05-28 16:04:56.471 1021 1021 E dangbei111: cccccc 检查遥控器是否连接: Dangbei E4:BB:D3:57:C0:7A
05-28 16:04:56.476 1021 1021 E dangbei111: cccccc 检查遥控器是否连接: 蓝牙的结果 Dangbei E4:BB:D3:57:C0:7A false
05-28 16:04:56.480 1021 1021 E dangbei111: cccccc input中没有遥控器 存在 先什么都不操作 返回false
05-28 16:04:56.483 1021 1021 E dangbei111: cccccc 开始扫描
05-28 16:04:56.483 1021 1021 D BluetoothAdapter: isLeEnabled(): ON
05-28 16:04:56.488 1021 1021 E dangbei111: cccccc scan 得到的设备和状态 Dangbei E4:BB:D3:57:C0:7A 12
05-28 16:04:56.491 1021 1021 E ccc : cccccc 取消pair Dangbei E4:BB:D3:57:C0:7A 12
05-28 16:04:56.492 1021 1021 I BluetoothDevice: removeBond() for device E4:BB:D3:57:C0:7A called by pid: 1021 tid: 1021
05-28 16:04:56.494 657 988 I bt_btif_config: system/bt/btif/src/btif_config.cc:137 btif_get_device_type: Device [e4:bb:d3:57:c0:7a] device type 2
05-28 16:04:56.494 657 941 I BluetoothBondStateMachine: Entering PendingCommandState State
05-28 16:04:56.495 657 988 I bt_btif_dm: system/bt/btif/src/btif_dm.cc:384 get_cod: get_cod remote_cod = 0x00001f00
05-28 16:04:56.495 657 988 E bt_btif : system/bt/main/bte_logmsg.cc:191 LogMsg: btif_hh_virtual_unplug: Error, device e4:bb:d3:57:c0:7a not opened, status = 1
05-28 16:04:56.495 657 988 I bt_stack: [INFO:btif_hh.cc(428)] btif_hh_remove_device: bda = e4:bb:d3:57:c0:7a
05-28 16:04:56.495 249 989 E bt_upio : upio_set : /proc/bluetooth/sleep/btwrite(-1) incorrent
05-28 16:04:56.495 657 988 W bt_stack: [WARNING:btif_hh.cc(443)] Oops, can't find device e4:bb:d3:57:c0:7a
05-28 16:04:56.495 657 988 I bt_btif_storage: system/bt/btif/src/btif_storage.cc:839 btif_storage_remove_bonded_device: Removing bonded device addr:e4:bb:d3:57:c0:7a
05-28 16:04:56.495 657 988 I bt_btif_storage: system/bt/btif/src/btif_storage.cc:1138 btif_storage_remove_ble_bonding_keys: Removing bonding keys for bd addr:e4:bb:d3:57:c0:7a
05-28 16:04:56.497 1021 1021 E dangbei111: cccccc 搜索到bond 什么都不处理 Dangbei E4:BB:D3:57:C0:7A
05-28 16:04:56.499 657 988 I bt_btif_config: system/bt/btif/src/btif_config.cc:137 btif_get_device_type: Device [e4:bb:d3:57:c0:7a] device type 2
05-28 16:04:56.499 657 988 I bt_btif_dm: system/bt/btif/src/btif_dm.cc:384 get_cod: get_cod remote_cod = 0x00001f00
05-28 16:04:56.499 657 988 I bt_btif_dm: system/bt/btif/src/btif_dm.cc:451 bond_state_changed: Bond state changed to state=0 [0:none, 1:bonding, 2:bonded], prev_state=0, sdp_attempts = 0
05-28 16:04:56.500 657 988 I bt_btif_config: system/bt/btif/src/btif_config.cc:137 btif_get_device_type: Device [e4:bb:d3:57:c0:7a] device type 2
05-28 16:04:56.500 657 988 I bt_bta_dm: system/bt/bta/dm/bta_dm_act.cc:656 bta_dm_remove_device: Last paired device removed, resetting IRK
05-28 16:04:56.500 657 988 I bt_stack: [INFO:gatt_api.cc(1231)] GATT_CancelConnect: gatt_if:0, address: e4:bb:d3:57:c0:7a, direct:0
05-28 16:04:56.501 657 988 I bt_bta_sys_main: system/bt/bta/sys/bta_sys_main.cc:99 bta_sys_event: Ignoring receipt of unregistered event id:HID Human interface device
05-28 16:04:56.501 657 988 E bt_stack: [ERROR:bta_gattc_utils.cc(441)] bta_gattc_mark_bg_conn unable to find the bg connection mask for bd_addr=e4:bb:d3:57:c0:7a
05-28 16:04:56.510 657 866 I BluetoothBondStateMachine: bondStateChangeCallback: Status: 0 Address: E4:BB:D3:57:C0:7A newState: 0
05-28 16:04:56.515 657 941 D AdapterProperties: Removing bonded device:E4:BB:D3:57:C0:7A
05-28 16:04:56.522 657 941 I BluetoothBondStateMachine: Bond State Change Intent:E4:BB:D3:57:C0:7A BOND_BONDED => BOND_NONE
05-28 16:04:56.523 657 941 W HeadsetClientService: getHeadsetClientService(): service is null
05-28 16:04:56.523 657 941 W PbapClientService: getPbapClientService(): service is null
