05-28 16:04:49.460 467 600 E WifiVendorHal: startPktFateMonitoring(l.2352) failed {.code = ERROR_NOT_SUPPORTED, .description = }
05-28 16:04:49.464 467 600 W WifiDiags: Failed to start packet fate monitoring
05-28 16:04:49.468 467 467 D AudioManagerPolicy: get AUDIO_MANAGE_POLICY is 2
05-28 16:04:49.469 467 467 D AudioManagerPolicy: Policy2 HDMI Plug Out/In Switch! Booting
05-28 16:04:49.472 651 651 E WifiHAL : wifi_get_driver_version: Error -5 happened.
05-28 16:04:49.472 651 651 E android.hardware.wifi@1.0-service-lazy: Failed to get driver version: INVALID_ARGS
05-28 16:04:49.476 467 467 D AudioManagerEx: AudioManagerEx
05-28 16:04:49.476 467 467 D AudioManagerPolicy: save audio is AUDIO_SPDIF,AUDIO_CODEC,AUDIO_HDMI
05-28 16:04:49.476 467 467 D AudioManagerPolicy: get AUDIO_MANAGE_POLICY is 2
05-28 16:04:49.476 467 467 D AudioManagerPolicy: POLICY_2 Remove USB Audio or No USB Audio Output Device Connected!
05-28 16:04:49.477 1189 1352 W bei.lerad.rock: Class com.iflytek.aiui.utils.l failed lock verification and will run slower.
05-28 16:04:49.481 467 467 D AudioManagerEx: state=audio_devices_out_active,dev=[AUDIO_SPDIF, AUDIO_CODEC, AUDIO_HDMI]
05-28 16:04:49.481 467 467 D AudioManagerEx: enablePassThrough = false
05-28 16:04:49.481 467 467 D AudioManagerEx: hdmiAvailable=true list=[AUDIO_SPDIF, AUDIO_CODEC, AUDIO_HDMI]
05-28 16:04:49.482 467 600 E WifiVendorHal: requestChipDebugInfo(l.2167) failed {.code = ERROR_INVALID_ARGS, .description = failed to get driver version}
05-28 16:04:49.482 467 600 I WifiVendorHal: Driver: null Firmware: null
05-28 16:04:49.483 467 467 D AudioManagerEx: audio=AUDIO_SPDIF,AUDIO_CODEC,AUDIO_HDMI
05-28 16:04:49.486 248 248 V audio_hw_primary: adev_set_parameters, mediasw.sft.rawdata=PCM
05-28 16:04:49.488 243 243 D Zygote : Forked child process 1375
05-28 16:04:49.489 467 527 W ActivityManager: Slow operation: 85ms so far, now at startProcess: returned from zygote!
05-28 16:04:49.489 248 313 V audio_hw_primary: adev_set_parameters, audio_devices_out_active=AUDIO_SPDIF,AUDIO_CODEC,AUDIO_HDMI
05-28 16:04:49.489 248 313 V audio_hw_primary: out AUDIO_PARAMETER_DEVICES_OUT_ACTIVE: AUDIO_SPDIF,AUDIO_CODEC,AUDIO_HDMI
05-28 16:04:49.490 651 651 E WifiHAL : wifi_get_driver_version: Error -5 happened.
05-28 16:04:49.490 651 651 E android.hardware.wifi@1.0-service-lazy: Failed to get driver version: INVALID_ARGS
05-28 16:04:49.492 248 313 V audio_hw_primary: set property vendor.audio.output.active: AUDIO_SPDIF,AUDIO_CODEC,AUDIO_HDMI ok
05-28 16:04:49.492 248 313 V audio_hw_primary: AUDIO_SPDIF output device will be active
05-28 16:04:49.492 248 313 V audio_hw_primary: AUDIO_CODEC output device will be active
05-28 16:04:49.492 248 313 V audio_hw_primary: AUDIO_HDMI output device will be active
05-28 16:04:49.496 1057 1243 W SQLiteLog: (28) double-quoted string literal: "1748419456028"
05-28 16:04:49.496 1057 1243 W SQLiteLog: (28) double-quoted string literal: "DAFA016A12057C4374EAC770FB8D80FA"
05-28 16:04:49.496 182 182 I hwservicemanager: getTransport: Cannot find entry android.hardware.configstore@1.0::ISurfaceFlingerConfigs/default in either framework or device VINTF manifest.
05-28 16:04:49.498 1375 1375 I Zygote : seccomp disabled by setenforce 0
05-28 16:04:49.504 1374 1374 I rgb_led_ctl: type=1400 audit(0.0:465): avc: denied { write } for name="spidev1.0" dev="tmpfs" ino=6196 scontext=u:r:init:s0 tcontext=u:object_r:device:s0 tclass=chr_file permissive=1
05-28 16:04:49.508 1374 1374 I rgb_led_ctl: type=1400 audit(0.0:466): avc: denied { open } for path="/dev/spidev1.0" dev="tmpfs" ino=6196 scontext=u:r:init:s0 tcontext=u:object_r:device:s0 tclass=chr_file permissive=1
05-28 16:04:49.518 381 400 I adbd : jdwp connection from 1375
05-28 16:04:49.519 467 600 E WifiVendorHal: requestChipDebugInfo(l.2167) failed {.code = ERROR_INVALID_ARGS, .description = failed to get driver version}
05-28 16:04:49.519 467 600 I WifiVendorHal: Driver: null Firmware: null
05-28 16:04:49.523 467 467 D AudioManagerEx: Update Settings.System.AUDIO_OUTPUT_CHANNEL, now save audio is AUDIO_SPDIF,AUDIO_CODEC,AUDIO_HDMI
05-28 16:04:49.527 651 651 E WifiHAL : wifi_get_ring_buffers_status: Ring buffer logging feature not supported 0
05-28 16:04:49.546 271 327 E HWComposer: getSupportedContentTypes: getSupportedContentTypes failed for display 0: Unsupported (8)
05-28 16:04:49.550 182 182 I hwservicemanager: getTransport: Cannot find entry android.hardware.graphics.mapper@4.0::IMapper/default in either framework or device VINTF manifest.
05-28 16:04:49.550 1057 1391 I Gralloc4: mapper 4.x is not supported
05-28 16:04:49.552 182 182 I hwservicemanager: getTransport: Cannot find entry android.hardware.graphics.mapper@3.0::IMapper/default in either framework or device VINTF manifest.
05-28 16:04:49.552 1057 1391 W Gralloc3: mapper 3.x is not supported
05-28 16:04:49.559 1057 1391 E gralloc : Arm Module v1.0
05-28 16:04:49.544 467 600 E WifiVendorHal: getRingBufferStatus(l.2244) failed {.code = ERROR_NOT_SUPPORTED, .description = }
05-28 16:04:49.563 467 600 W WifiDiags: no ring buffers found
05-28 16:04:49.569 182 182 I hwservicemanager: getTransport: Cannot find entry android.hardware.graphics.allocator@4.0::IAllocator/default in either framework or device VINTF manifest.
05-28 16:04:49.569 1057 1391 W Gralloc4: allocator 4.x is not supported
05-28 16:04:49.564 261 261 I EventThread: type=1400 audit(0.0:467): avc: denied { search } for name="extcon" dev="sysfs" ino=18109 scontext=u:r:hal_tv_cec_default:s0 tcontext=u:object_r:sysfs_extcon:s0 tclass=dir permissive=1
05-28 16:04:49.572 182 182 I hwservicemanager: getTransport: Cannot find entry android.hardware.graphics.allocator@3.0::IAllocator/default in either framework or device VINTF manifest.
05-28 16:04:49.573 1057 1391 W Gralloc3: allocator 3.x is not supported
05-28 16:04:49.581 254 254 I gralloc : alloc buffer:W:1920 H:1080 S:1920 PL[1920 1080] SZ:8294400 fmt:1 if:0 af:1 usg:20000b00 fg:00000004
05-28 16:04:49.581 1057 1391 E ion : ioctl c0044901 failed with code -1: Inappropriate ioctl for device
05-28 16:04:49.581 467 600 D WifiDiags: startLogging() iface list is {wlan0} after adding wlan0
05-28 16:04:49.592 254 254 I gralloc : alloc buffer:W:1920 H:1080 S:1920 PL[1920 1080] SZ:8294400 fmt:1 if:0 af:1 usg:20000b00 fg:00000004
05-28 16:04:49.596 467 492 D CompatibilityChangeReporter: Compat change id reported: 149924527; UID 10074; state: ENABLED
05-28 16:04:49.597 467 492 D CompatibilityChangeReporter: Compat change id reported: 132649864; UID 10074; state: DISABLED
05-28 16:04:49.604 254 254 I gralloc : alloc buffer:W:1920 H:1080 S:1920 PL[1920 1080] SZ:8294400 fmt:1 if:0 af:1 usg:20000b00 fg:00000004
05-28 16:04:49.611 467 527 W ActivityManager: Slow operation: 207ms so far, now at startProcess: done updating battery stats
05-28 16:04:49.611 467 527 W ActivityManager: Slow operation: 207ms so far, now at startProcess: building log message
05-28 16:04:49.611 467 527 I ActivityManager: app.processName = com.android.localtransport
05-28 16:04:49.612 467 527 I ActivityManager: Start proc 1375:com.android.localtransport/1000 for service {com.android.localtransport/com.android.localtransport.LocalTransportService}
05-28 16:04:49.612 467 527 W ActivityManager: Slow operation: 207ms so far, now at startProcess: starting to update pids map
05-28 16:04:49.622 467 527 W ActivityManager: Slow operation: 217ms so far, now at startProcess: done updating pids map
05-28 16:04:49.623 467 467 W Looper : Slow dispatch took 171ms main h=android.app.ActivityThread$H c=android.app.LoadedApk$ReceiverDispatcher$Args$$ExternalSyntheticLambda0@8183404 m=0
05-28 16:04:49.623 467 467 W Looper : Slow delivery took 225ms main h=com.android.server.job.controllers.QuotaController$QcHandler c=null m=5
05-28 16:04:49.632 467 486 I system_server: Background young concurrent copying GC freed 107634(5422KB) AllocSpace objects, 21(804KB) LOS objects, 21% free, 13MB/17MB, paused 39.531ms total 1.017s
05-28 16:04:49.639 670 670 D BluetoothHidHost: Proxy object connected
05-28 16:04:49.647 670 853 D LocalBluetoothProfileManager: Adding local HID_DEVICE profile
05-28 16:04:49.653 467 467 I ActivityManager: com.android.dynsystem is exempt from freezer
05-28 16:04:49.654 1270 1270 D music_MediaPlaybackSer: onCreate()
05-28 16:04:49.654 670 853 D BluetoothHidDevice: Binding service...
05-28 16:04:49.671 1270 1270 D music_MediaPlaybackSer: Create MusicProvider
05-28 16:04:49.673 1057 1057 E xxxxxxxxxxxxxxx: onReceive:mIsHDMIPlugged = false
05-28 16:04:49.675 1057 1057 E hq : USBReceiver:::USBReceiver onReceive: action=android.intent.action.MEDIA_MOUNTED
05-28 16:04:49.675 1057 1057 E hq : USBReceiver:::USBReceiver onReceive: action=android.intent.action.MEDIA_MOUNTED
05-28 16:04:49.687 1057 1091 I OpenGLRenderer: Davey! duration=9223372017760ms; Flags=1, FrameTimelineVsyncId=416, IntendedVsync=19093982954, Vsync=21260649534, InputEventId=0, HandleInputStart=21276862092, AnimationStart=21276866592, PerformTraversalsStart=21277516342, DrawStart=21481819593, FrameDeadline=19110649620, FrameInterval=21276681634, FrameStartTime=16666666, SyncQueued=21498683426, SyncStart=21498846176, IssueDrawCommandsStart=21504296676, SwapBuffers=21595511218, FrameCompleted=9223372036854775807, DequeueBufferDuration=12448416, QueueBufferDuration=3112083, GpuCompleted=9223372036854775807, SwapBuffersCompleted=21600416634, DisplayPresentTime=0,
05-28 16:04:49.689 1270 1270 D music_MediaPlaybackSer: Create MediaSession
05-28 16:04:49.690 1189 1189 D RockyNetMessageUtil: initMediaControlPage pageEntity = null isRequestPageControlSuccess = false
05-28 16:04:49.692 243 243 D Zygote : Forked child process 1397
05-28 16:04:49.696 1021 1050 E ccc : cccccc etnaService addListener com.dangbei.lerad.etna.aidl.IEtnaAidlListener$Stub$Proxy@420e1d0 com.dangbei.leard.leradlauncher
05-28 16:04:49.697 1057 1057 E hq : Etna:::etnaClient connectState=true
05-28 16:04:49.698 1057 1057 E getHdmiStatus: sourceInputStatus=null mEtnaAdapter=com.dangbei.launcher.etna.EtnaAdapter@9ffac
05-28 16:04:49.708 1397 1397 I Zygote : seccomp disabled by setenforce 0
05-28 16:04:49.713 467 517 E ActivityRecord: real home.....com.dangbei.leard.leradlauncher/com.dangbei.launcher.home.LauncherActivity
05-28 16:04:49.713 467 517 E +++ActivityRecord: pre led_switch = 5
05-28 16:04:49.712 1 1 I /system/bin/init: type=1107 audit(0.0:468): uid=0 auid=4294967295 ses=4294967295 subj=u:r:init:s0 msg='avc: denied { set } for property=vendor.led_switch pid=467 uid=1000 gid=1000 scontext=u:r:system_server:s0 tcontext=u:object_r:vendor_default_prop:s0 tclass=property_service permissive=1'
05-28 16:04:49.720 1401 1401 I init : type=1400 audit(0.0:469): avc: denied { execute } for name="led_switch.sh" dev="dm-1" ino=129 scontext=u:r:init:s0 tcontext=u:object_r:vendor_file:s0 tclass=file permissive=1
05-28 16:04:49.725 1057 1057 E hq : AdHelper:::启动延迟检查,支持广告的最长播放时间:25000 isLoadAd=false
05-28 16:04:49.726 467 467 W Looper : Slow dispatch took 103ms main h=android.app.ActivityThread$H c=android.app.LoadedApk$ReceiverDispatcher$Args$$ExternalSyntheticLambda0@bce711e m=0
05-28 16:04:49.730 1401 1401 W audit : audit_lost=53 audit_rate_limit=5 audit_backlog_limit=64
05-28 16:04:49.730 1401 1401 E audit : rate limit exceeded
05-28 16:04:49.738 670 853 D LocalBluetoothProfileManager: Adding local PAN profile
05-28 16:04:49.746 1057 1057 D OsInitLaunch: send cache: launchAd, playAd, start, null
05-28 16:04:49.747 381 400 I adbd : jdwp connection from 1397
05-28 16:04:49.748 467 517 W System.err: java.io.IOException: Cannot run program "su": error=2, No such file or directory
05-28 16:04:49.748 467 517 W System.err: at java.lang.ProcessBuilder.start(ProcessBuilder.java:1050)
05-28 16:04:49.749 467 517 W System.err: at java.lang.Runtime.exec(Runtime.java:694)
05-28 16:04:49.749 467 517 W System.err: at java.lang.Runtime.exec(Runtime.java:524)
05-28 16:04:49.749 467 517 W System.err: at java.lang.Runtime.exec(Runtime.java:421)
05-28 16:04:49.749 467 517 W System.err: at com.android.server.wm.ActivityRecord.executeCMD(ActivityRecord.java:5940)
05-28 16:04:49.749 467 517 W System.err: at com.android.server.wm.ActivityRecord.onWindowsDrawn(ActivityRecord.java:5992)
05-28 16:04:49.749 467 517 W System.err: at com.android.server.wm.ActivityRecord.updateReportedVisibilityLocked(ActivityRecord.java:6126)
05-28 16:04:49.749 467 517 W System.err: at com.android.server.wm.AppTransitionController.handleOpeningApps(AppTransitionController.java:757)
05-28 16:04:49.749 467 517 W System.err: at com.android.server.wm.AppTransitionController.handleAppTransitionReady(AppTransitionController.java:227)
05-28 16:04:49.749 467 517 W System.err: at com.android.server.wm.RootWindowContainer.checkAppTransitionReady(RootWindowContainer.java:1045)
05-28 16:04:49.749 467 517 W System.err: at com.android.server.wm.RootWindowContainer.performSurfacePlacementNoTrace(RootWindowContainer.java:884)
05-28 16:04:49.749 467 517 W System.err: at com.android.server.wm.RootWindowContainer.performSurfacePlacement(RootWindowContainer.java:820)
05-28 16:04:49.749 467 517 W System.err: at com.android.server.wm.WindowSurfacePlacer.performSurfacePlacementLoop(WindowSurfacePlacer.java:177)
05-28 16:04:49.749 467 517 W System.err: at com.android.server.wm.WindowSurfacePlacer.performSurfacePlacement(WindowSurfacePlacer.java:126)
05-28 16:04:49.749 467 517 W System.err: at com.android.server.wm.WindowSurfacePlacer.performSurfacePlacement(WindowSurfacePlacer.java:115)
05-28 16:04:49.749 467 517 W System.err: at com.android.server.wm.WindowSurfacePlacer$Traverser.run(WindowSurfacePlacer.java:57)
05-28 16:04:49.749 467 517 W System.err: at android.os.Handler.handleCallback(Handler.java:938)
05-28 16:04:49.749 467 517 W System.err: at android.os.Handler.dispatchMessage(Handler.java:99)
05-28 16:04:49.749 467 517 W System.err: at android.os.Looper.loopOnce(Looper.java:201)
05-28 16:04:49.749 467 517 W System.err: at android.os.Looper.loop(Looper.java:288)
05-28 16:04:49.749 467 517 W System.err: at android.os.HandlerThread.run(HandlerThread.java:67)
05-28 16:04:49.749 467 517 W System.err: at com.android.server.ServiceThread.run(ServiceThread.java:44)
05-28 16:04:49.749 467 517 W System.err: Caused by: java.io.IOException: error=2, No such file or directory
05-28 16:04:49.749 467 517 W System.err: at java.lang.UNIXProcess.forkAndExec(Native Method)
05-28 16:04:49.749 467 517 W System.err: at java.lang.UNIXProcess.(UNIXProcess.java:133)
05-28 16:04:49.749 467 517 W System.err: at java.lang.ProcessImpl.start(ProcessImpl.java:141)
05-28 16:04:49.749 467 517 W System.err: at java.lang.ProcessBuilder.start(ProcessBuilder.java:1029)
05-28 16:04:49.749 467 517 W System.err: ... 21 more
05-28 16:04:49.795 1189 1396 D XHttpObservable: handleRequest: start https://tyapi.qun7.com/v1/voice/getsoundshowmsg ,,, isCache = false
05-28 16:04:49.798 510 524 D BootAnimation: BootAnimationStopTiming start time: 21732ms
05-28 16:04:49.802 1189 1425 D XHttpObservable: handleRequest: start https://tyapi.qun7.com/v1/voice/getResponseControlPage ,,, isCache = false
05-28 16:04:49.825 467 517 W System.err: java.io.IOException: Cannot run program "su": error=2, No such file or directory
05-28 16:04:49.825 467 517 W System.err: at java.lang.ProcessBuilder.start(ProcessBuilder.java:1050)
05-28 16:04:49.825 467 517 W System.err: at java.lang.Runtime.exec(Runtime.java:694)
05-28 16:04:49.825 467 517 W System.err: at java.lang.Runtime.exec(Runtime.java:524)
05-28 16:04:49.826 467 517 W System.err: at java.lang.Runtime.exec(Runtime.java:421)
05-28 16:04:49.826 467 517 W System.err: at com.android.server.wm.ActivityRecord.executeCMD(ActivityRecord.java:5940)
05-28 16:04:49.826 467 517 W System.err: at com.android.server.wm.ActivityRecord.onWindowsDrawn(ActivityRecord.java:6001)
05-28 16:04:49.826 467 517 W System.err: at com.android.server.wm.ActivityRecord.updateReportedVisibilityLocked(ActivityRecord.java:6126)
05-28 16:04:49.826 467 517 W System.err: at com.android.server.wm.AppTransitionController.handleOpeningApps(AppTransitionController.java:757)
05-28 16:04:49.826 467 517 W System.err: at com.android.server.wm.AppTransitionController.handleAppTransitionReady(AppTransitionController.java:227)
05-28 16:04:49.826 467 517 W System.err: at com.android.server.wm.RootWindowContainer.checkAppTransitionReady(RootWindowContainer.java:1045)
05-28 16:04:49.826 467 517 W System.err: at com.android.server.wm.RootWindowContainer.performSurfacePlacementNoTrace(RootWindowContainer.java:884)
05-28 16:04:49.826 467 517 W System.err: at com.android.server.wm.RootWindowContainer.performSurfacePlacement(RootWindowContainer.java:820)
05-28 16:04:49.826 467 517 W System.err: at com.android.server.wm.WindowSurfacePlacer.performSurfacePlacementLoop(WindowSurfacePlacer.java:177)
05-28 16:04:49.826 467 517 W System.err: at com.android.server.wm.WindowSurfacePlacer.performSurfacePlacement(WindowSurfacePlacer.java:126)
05-28 16:04:49.826 467 517 W System.err: at com.android.server.wm.WindowSurfacePlacer.performSurfacePlacement(WindowSurfacePlacer.java:115)
05-28 16:04:49.826 467 517 W System.err: at com.android.server.wm.WindowSurfacePlacer$Traverser.run(WindowSurfacePlacer.java:57)
05-28 16:04:49.827 467 517 W System.err: at android.os.Handler.handleCallback(Handler.java:938)
05-28 16:04:49.827 467 517 W System.err: at android.os.Handler.dispatchMessage(Handler.java:99)
05-28 16:04:49.827 467 517 W System.err: at android.os.Looper.loopOnce(Looper.java:201)
05-28 16:04:49.827 467 517 W System.err: at android.os.Looper.loop(Looper.java:288)
05-28 16:04:49.827 467 517 W System.err: at android.os.HandlerThread.run(HandlerThread.java:67)
05-28 16:04:49.827 467 517 W System.err: at com.android.server.ServiceThread.run(ServiceThread.java:44)
05-28 16:04:49.827 467 517 W System.err: Caused by: java.io.IOException: error=2, No such file or directory
05-28 16:04:49.827 467 517 W System.err: at java.lang.UNIXProcess.forkAndExec(Native Method)
05-28 16:04:49.828 467 517 W System.err: at java.lang.UNIXProcess.(UNIXProcess.java:133)
05-28 16:04:49.828 467 517 W System.err: at java.lang.ProcessImpl.start(ProcessImpl.java:141)
05-28 16:04:49.828 467 517 W System.err: at java.lang.ProcessBuilder.start(ProcessBuilder.java:1029)
05-28 16:04:49.828 467 517 W System.err: ... 21 more
05-28 16:04:49.828 670 853 D BluetoothPan: Binding service...
05-28 16:04:49.829 467 517 I WindowManager: ******* TELLING SURFACE FLINGER WE ARE BOOTED!
05-28 16:04:49.829 271 327 I SurfaceFlinger: Boot is finished (14871 ms)
05-28 16:04:49.830 1057 1057 I dangbei ad sdk: ADSDK::play splash ad
05-28 16:04:49.838 180 180 I servicemanager: Found android.hardware.power.IPower/default in device VINTF manifest.
05-28 16:04:49.839 271 327 I PowerAdvisor: Loaded AIDL Power HAL service
05-28 16:04:49.839 260 260 I AW_PowerHAL: check: Mode 6 not Supported ,do nothing
05-28 16:04:49.840 260 260 I AW_PowerHAL: isBoostSupported: 1
05-28 16:04:49.857 1010 1307 I MediaProvider: Scanned internal due to REASON_MOUNTED, found 5 items in 653ms, 0 inserts 0 updates 0 deletes
05-28 16:04:49.865 1270 1270 D CompatibilityChangeReporter: Compat change id reported: 160794467; UID 10046; state: DISABLED
05-28 16:04:49.873 1270 1270 D music_MediaPlaybackSer: updatePlaybackState, playback state=0
05-28 16:04:49.875 467 1350 W ActivityManager: Slow operation: 175ms so far, now at attachApplicationLocked: immediately before bindApplication
05-28 16:04:49.893 467 1350 W ActivityManager: Slow operation: 176ms so far, now at attachApplicationLocked: immediately after bindApplication
05-28 16:04:49.901 467 1350 W ActivityManager: Slow operation: 201ms so far, now at attachApplicationLocked: after updateLruProcessLocked
05-28 16:04:49.903 467 1350 D CompatibilityChangeReporter: Compat change id reported: 181136395; UID 1000; state: DISABLED
05-28 16:04:49.921 467 1350 D CompatibilityChangeReporter: Compat change id reported: 174042936; UID 1000; state: DISABLED
05-28 16:04:49.942 467 467 W Looper : Drained
05-28 16:04:49.947 467 1350 W ActivityManager: Slow operation: 247ms so far, now at attachApplicationLocked: after mServices.attachApplicationLocked
05-28 16:04:49.952 1057 1332 D hq : NetWorkStateReceiver:::检查网络,并且持续更新 isConnect=false
05-28 16:04:49.957 467 527 W ActivityManager: Slow operation: 305ms so far, now at startProcess: done updating battery stats
05-28 16:04:49.957 467 527 W ActivityManager: Slow operation: 305ms so far, now at startProcess: building log message
05-28 16:04:49.957 467 527 I ActivityManager: app.processName = com.android.dynsystem
05-28 16:04:49.957 467 527 I ActivityManager: Start proc 1397:com.android.dynsystem/1000 for broadcast {com.android.dynsystem/com.android.dynsystem.BootCompletedReceiver}
05-28 16:04:49.957 467 527 W ActivityManager: Slow operation: 305ms so far, now at startProcess: starting to update pids map
05-28 16:04:49.957 467 527 W ActivityManager: Slow operation: 305ms so far, now at startProcess: done updating pids map
05-28 16:04:49.958 467 886 D BufferPoolAccessor2.0: bufferpool2 0xedf0d558 : 0(0 size) total buffers - 0(0 size) used buffers - 2/7 (recycle/alloc) - 5/68 (fetch/transfer)
05-28 16:04:49.958 467 886 D BufferPoolAccessor2.0: bufferpool2 0xedf0c3d8 : 0(0 size) total buffers - 0(0 size) used buffers - 2/7 (recycle/alloc) - 5/46 (fetch/transfer)
05-28 16:04:49.958 467 886 D BufferPoolAccessor2.0: bufferpool2 0xedf0c018 : 0(0 size) total buffers - 0(0 size) used buffers - 2/7 (recycle/alloc) - 8/76 (fetch/transfer)
05-28 16:04:49.958 467 886 D BufferPoolAccessor2.0: bufferpool2 0xef569ed8 : 0(0 size) total buffers - 0(0 size) used buffers - 1/7 (recycle/alloc) - 6/42 (fetch/transfer)
05-28 16:04:49.958 467 886 D BufferPoolAccessor2.0: evictor expired: 4, evicted: 4
05-28 16:04:49.963 670 670 D BluetoothHidDevice: Proxy object connected
05-28 16:04:49.966 365 796 D BufferPoolAccessor2.0: bufferpool2 0xf5b1e198 : 0(0 size) total buffers - 0(0 size) used buffers - 15/19 (recycle/alloc) - 4/18 (fetch/transfer)
05-28 16:04:49.966 365 796 D BufferPoolAccessor2.0: bufferpool2 0xf5b1ef58 : 0(0 size) total buffers - 0(0 size) used buffers - 19/21 (recycle/alloc) - 2/20 (fetch/transfer)
05-28 16:04:49.966 365 796 D BufferPoolAccessor2.0: bufferpool2 0xf5b1f1d8 : 0(0 size) total buffers - 0(0 size) used buffers - 30/32 (recycle/alloc) - 2/31 (fetch/transfer)
05-28 16:04:49.966 365 796 D BufferPoolAccessor2.0: bufferpool2 0xf5b1ea58 : 0(0 size) total buffers - 0(0 size) used buffers - 40/44 (recycle/alloc) - 4/43 (fetch/transfer)
05-28 16:04:49.966 365 796 D BufferPoolAccessor2.0: bufferpool2 0xf5b1ecd8 : 0(0 size) total buffers - 0(0 size) used buffers - 44/46 (recycle/alloc) - 2/45 (fetch/transfer)
05-28 16:04:49.966 365 796 D BufferPoolAccessor2.0: bufferpool2 0xf5b1e418 : 0(0 size) total buffers - 0(0 size) used buffers - 31/36 (recycle/alloc) - 6/35 (fetch/transfer)
05-28 16:04:49.966 365 796 D BufferPoolAccessor2.0: evictor expired: 6, evicted: 6
05-28 16:04:49.966 657 657 V MediaPlayerList: onActiveSessionsChanged: number of controllers: 0
05-28 16:04:49.971 1270 1270 D music_MusicApp: add mount callback: com.android.music.MediaPlaybackService@d9bbc6b
05-28 16:04:49.972 1375 1375 D CompatibilityChangeReporter: Compat change id reported: 171979766; UID 1000; state: ENABLED
05-28 16:04:49.973 1057 1332 E hq : ErrorCoroutineExceptionHandler:::runTry error:java.net.UnknownHostException: Unable to resolve host "ottdbui-tyapiqun7.yysh.mgtv.com": No address associated with hostname from=requestUserAgreement
05-28 16:04:49.973 1057 1332 E UserProtocolInterceptorImpl: isAgree: 20210615 20210615 true
05-28 16:04:49.981 467 1349 D CompatibilityChangeReporter: Compat change id reported: 168419799; UID 1000; state: DISABLED
05-28 16:04:49.984 1057 1057 I dangbei ad sdk: AdSplashView::show offline ad
05-28 16:04:49.988 1057 1332 E UserProtocolInterceptorImpl: version===>0
05-28 16:04:49.990 467 515 W IorapForwardingService: No service published for: iorapd
05-28 16:04:50.006 1057 1057 I Choreographer: Skipped 32 frames! The application may be doing too much work on its main thread.
05-28 16:04:50.019 651 651 E WifiHAL : wifi_get_link_stats: requestResponse Error:-5
05-28 16:04:50.022 467 600 E WifiVendorHal: getWifiLinkLayerStats_1_5_Internal(l.1191) failed {.code = ERROR_INVALID_ARGS, .description = }
05-28 16:04:50.024 670 670 D BluetoothPan: Proxy object connected
05-28 16:04:50.026 670 853 D LocalBluetoothProfileManager: Adding local PBAP profile
05-28 16:04:50.032 1397 1397 D CompatibilityChangeReporter: Compat change id reported: 171979766; UID 1000; state: ENABLED
05-28 16:04:50.036 1270 1270 D music_MediaPlaybackSer: OnGetRoot: clientPackageName=com.android.bluetooth; clientUid=1002 ; rootHints=null
05-28 16:04:50.042 657 657 I AvrcpBrowsedPlayerWrapper: onConnected: com.android.music is connected
05-28 16:04:50.043 657 657 D AvrcpBrowsablePlayerConnector: Browse player callback called: package=com.android.music : status=0
05-28 16:04:50.043 657 657 D AvrcpBrowsablePlayerConnector: Received a message: msg.what=1
05-28 16:04:50.044 657 657 I AvrcpBrowsablePlayerConnector: Checking root contents for com.android.music
05-28 16:04:50.056 1270 1270 D music_MediaPlaybackSer: onDestroy
05-28 16:04:50.056 1270 1270 D music_MusicApp: remove mount callback: com.android.music.MediaPlaybackService@d9bbc6b
05-28 16:04:50.057 1270 1270 D music_MediaPlaybackSer: handleStopRequest: mState=0 error=destroy
05-28 16:04:50.057 1270 1270 D music_MediaPlaybackSer: updatePlaybackState, playback state=1
05-28 16:04:50.057 1270 1270 D Playback: giveUpAudioFocus
05-28 16:04:50.057 1270 1270 D Playback: relaxResources. releaseMediaPlayer=true
05-28 16:04:50.070 1270 1270 D music_MediaPlaybackSer: updatePlaybackState, playback state=1
05-28 16:04:50.083 467 600 I WifiService: onDriverCountryCodeChanged CN
05-28 16:04:50.105 467 600 D WifiNetworkFactory: got request NetworkRequest [ REQUEST id=28, [ Capabilities: INTERNET&NOT_RESTRICTED&TRUSTED&NOT_VCN_MANAGED Uid: 1000 RequestorUid: 1000 RequestorPkg: com.dangbei.leard.leradlauncher] ]
05-28 16:04:50.106 467 600 D UntrustedWifiNetworkFactory: got request NetworkRequest [ REQUEST id=28, [ Capabilities: INTERNET&NOT_RESTRICTED&TRUSTED&NOT_VCN_MANAGED Uid: 1000 RequestorUid: 1000 RequestorPkg: com.dangbei.leard.leradlauncher] ]
05-28 16:04:50.106 804 897 D BufferPoolAccessor2.0: bufferpool2 0xef22dad8 : 0(0 size) total buffers - 0(0 size) used buffers - 2/7 (recycle/alloc) - 5/96 (fetch/transfer)
05-28 16:04:50.106 804 897 D BufferPoolAccessor2.0: evictor expired: 1, evicted: 1
05-28 16:04:50.106 467 600 D OemPaidWifiNetworkFactory: got request NetworkRequest [ REQUEST id=28, [ Capabilities: INTERNET&NOT_RESTRICTED&TRUSTED&NOT_VCN_MANAGED Uid: 1000 RequestorUid: 1000 RequestorPkg: com.dangbei.leard.leradlauncher] ]
05-28 16:04:50.129 1057 1057 E hq : USBReceiver:::USBReceiver onReceive: list=1
05-28 16:04:50.154 1397 1397 V GraphicsEnvironment: ANGLE Developer option for 'com.android.dynsystem' set to: 'default'
05-28 16:04:50.155 1397 1397 V GraphicsEnvironment: Neither updatable production driver nor prerelease driver is supported.
05-28 16:04:50.156 1397 1397 D NetworkSecurityConfig: No Network Security Config specified, using platform default
05-28 16:04:50.158 1397 1397 D NetworkSecurityConfig: No Network Security Config specified, using platform default
05-28 16:04:50.174 467 692 D CompatibilityChangeReporter: Compat change id reported: 168419799; UID 10046; state: DISABLED
05-28 16:04:50.180 651 651 E WifiHAL : wifi_get_link_stats: requestResponse Error:-5
05-28 16:04:50.182 1057 1091 I OpenGLRenderer: Davey! duration=9223372015460ms; Flags=0, FrameTimelineVsyncId=589, IntendedVsync=21393984423, Vsync=21927317735, InputEventId=0, HandleInputStart=21940804218, AnimationStart=21940807718, PerformTraversalsStart=21940810968, DrawStart=22015918301, FrameDeadline=21427317755, FrameInterval=21940675051, FrameStartTime=16666666, SyncQueued=22018045593, SyncStart=22018179718, IssueDrawCommandsStart=22018353051, SwapBuffers=22021557968, FrameCompleted=9223372036854775807, DequeueBufferDuration=90167, QueueBufferDuration=9766958, GpuCompleted=9223372036854775807, SwapBuffersCompleted=22034039801, DisplayPresentTime=0,
05-28 16:04:50.186 1270 1270 D music_MediaPlaybackSer: onCreate()
05-28 16:04:50.186 1270 1270 D music_MediaPlaybackSer: Create MusicProvider
05-28 16:04:50.187 1270 1270 D music_MediaPlaybackSer: Create MediaSession
05-28 16:04:50.200 1010 1307 W ModernMediaScanner: Failed to visit /oem/media: java.nio.file.NoSuchFileException: /oem/media
05-28 16:04:50.203 467 600 E WifiVendorHal: getWifiLinkLayerStats_1_5_Internal(l.1191) failed {.code = ERROR_INVALID_ARGS, .description = }
05-28 16:04:50.212 657 657 V MediaPlayerList: onActiveSessionsChanged: number of controllers: 0
05-28 16:04:50.213 657 657 V MediaPlayerList: onActiveSessionsChanged: number of controllers: 0
05-28 16:04:50.218 1057 1332 D View :
05-28 16:04:50.219 1057 1332 D View :
05-28 16:04:50.220 1057 1332 D View :
05-28 16:04:50.221 1057 1332 D View :
05-28 16:04:50.224 467 1343 I ActivityManager: com.android.dynsystem is exempt from freezer
05-28 16:04:50.225 467 1343 D CompatibilityChangeReporter: Compat change id reported: 135634846; UID 1000; state: DISABLED
05-28 16:04:50.225 1057 1332 D View :
05-28 16:04:50.226 1057 1332 D View :
05-28 16:04:50.238 467 799 W InputManager-JNI: Input channel object '4ed2f67 com.android.tv.settings/com.android.tv.settings.system.FallbackHome (client)' was disposed without first being removed with the input manager!
05-28 16:04:50.242 1057 1057 E hq : AdHelper:::notFetchAd: main
05-28 16:04:50.242 1057 1057 E hq : AdHelper:::onComplete:main
05-28 16:04:50.242 1057 1057 E hq : AdHelper:::adFinish: com.dangbei.launcher.home.callback.LauncherCallback$onAttach$1$1@5bac00e
05-28 16:04:50.251 1057 1057 E hq : LauncherCallback:::onDetach
05-28 16:04:50.251 243 243 D Zygote : Forked child process 1462
05-28 16:04:50.252 1057 1057 E hq : AdHelper:::handleFinishAd: true
05-28 16:04:50.254 1270 1270 D music_MediaPlaybackSer: updatePlaybackState, playback state=0
05-28 16:04:50.262 1462 1462 I Zygote : seccomp disabled by setenforce 0
05-28 16:04:50.263 467 527 I ActivityManager: app.processName = com.android.dynsystem:dynsystem
05-28 16:04:50.263 467 527 I ActivityManager: Start proc 1462:com.android.dynsystem:dynsystem/1000 for service {com.android.dynsystem/com.android.dynsystem.DynamicSystemInstallationService}
05-28 16:04:50.275 1057 1057 E DangXiaoBeiManager: setMessageList: false
05-28 16:04:50.276 1057 1057 E hq : 当小贝:::显示消息type=SIMPLE_TEXT ,data.isShowInCur=false ,delay=60000 ,message.mandatoryMessage=null , message=null
05-28 16:04:50.276 1057 1057 E hq : 当小贝:::当前显示了消息,不显示新消息
05-28 16:04:50.282 1270 1270 D music_MusicApp: add mount callback: com.android.music.MediaPlaybackService@4bdf386
05-28 16:04:50.285 467 513 W Looper : Slow dispatch took 440ms android.fg h=android.os.Handler c=com.android.server.wm.ActivityMetricsLogger$$ExternalSyntheticLambda1@ce865f3 m=0
05-28 16:04:50.286 467 513 I ActivityTaskManager: +++Displayed com.dangbei.leard.leradlauncher/com.dangbei.launcher.home.LauncherActivity: +3s461ms
05-28 16:04:50.287 1057 1332 D View :
05-28 16:04:50.287 1057 1057 D OsInitLaunch: send cache: launchAd, playAd, complete, null
05-28 16:04:50.289 381 400 I adbd : jdwp connection from 1462
05-28 16:04:50.297 467 513 W Looper : Slow delivery took 442ms android.fg h=android.os.Handler c=com.android.server.wm.ActivityMetricsLogger$$ExternalSyntheticLambda2@6481529 m=0
05-28 16:04:50.299 1057 1332 D View :
05-28 16:04:50.300 1057 1332 D View :
05-28 16:04:50.301 1057 1332 D View :
05-28 16:04:50.302 1057 1332 D View :
05-28 16:04:50.308 1057 1332 D View :
05-28 16:04:50.312 1 1 I init : Sending signal 9 to service 'idmap2d' (pid 346) process group...
05-28 16:04:50.309 1057 1332 D View :
05-28 16:04:50.311 467 491 W OverlayManager: service 'idmap' died
05-28 16:04:50.318 1 1 I libprocessgroup: Successfully killed process cgroup uid 1000 pid 346 in 6ms
05-28 16:04:50.317 1057 1332 D View :
05-28 16:04:50.323 1 1 I init : Control message: Processed ctl.stop for 'idmap2d' from pid: 467 (system_server)
05-28 16:04:50.324 1 1 I init : Service 'idmap2d' (pid 346) received signal 9
05-28 16:04:50.318 1057 1332 D View :
05-28 16:04:50.318 1057 1332 D View :
05-28 16:04:50.319 1057 1332 D View :
05-28 16:04:50.320 1057 1332 D View :
05-28 16:04:50.321 1057 1332 D View :
05-28 16:04:50.324 467 527 W ActivityManager: Slow operation: 101ms so far, now at startProcess: done updating pids map
05-28 16:04:50.326 1057 1243 W SQLiteLog: (28) double-quoted string literal: "1748419456028"
05-28 16:04:50.326 1057 1243 W SQLiteLog: (28) double-quoted string literal: "0"
05-28 16:04:50.326 1057 1243 W SQLiteLog: (28) double-quoted string literal: ""
05-28 16:04:50.326 1057 1243 W SQLiteLog: (28) double-quoted string literal: ""
05-28 16:04:50.326 1057 1243 W SQLiteLog: (28) double-quoted string literal: "DAFA016A12057C4374EAC770FB8D80FA"
05-28 16:04:50.329 1057 1332 D View :
05-28 16:04:50.331 1057 1332 D View :
05-28 16:04:50.332 1057 1332 D View :
05-28 16:04:50.332 1057 1332 D View :
05-28 16:04:50.333 1057 1332 D View :
05-28 16:04:50.337 1057 1332 D View :
05-28 16:04:50.337 467 1349 I ActivityManager: com.android.managedprovisioning is exempt from freezer
05-28 16:04:50.340 1057 1332 D View :
05-28 16:04:50.344 1057 1332 D View :
05-28 16:04:50.345 467 1349 D CompatibilityChangeReporter: Compat change id reported: 135634846; UID 10027; state: DISABLED
05-28 16:04:50.345 1057 1332 D View :
05-28 16:04:50.346 467 1349 D CompatibilityChangeReporter: Compat change id reported: 177438394; UID 10027; state: DISABLED
05-28 16:04:50.346 1057 1332 D View :
05-28 16:04:50.346 467 1349 D CompatibilityChangeReporter: Compat change id reported: 135772972; UID 10027; state: DISABLED
05-28 16:04:50.347 467 1349 D CompatibilityChangeReporter: Compat change id reported: 135754954; UID 10027; state: ENABLED
05-28 16:04:50.347 467 527 D CompatibilityChangeReporter: Compat change id reported: 143937733; UID 10027; state: ENABLED
05-28 16:04:50.348 1010 1307 I MediaProvider: Scanned internal due to REASON_MOUNTED, found 0 items in 129ms, 0 inserts 0 updates 0 deletes
05-28 16:04:50.363 670 853 D LocalBluetoothProfileManager: Current Profiles[]
05-28 16:04:50.369 1270 1270 D music_MediaPlaybackSer: OnGetRoot: clientPackageName=com.android.bluetooth; clientUid=1002 ; rootHints=null
05-28 16:04:50.370 1291 1291 I ContactsPerf: VoicemailContentProvider.onCreate start
05-28 16:04:50.370 657 657 I AvrcpBrowsedPlayerWrapper: onConnected: com.android.music is connected
05-28 16:04:50.370 657 657 I AvrcpBrowsedPlayerWrapper: getFolderItems: Connected to browsable player: com.android.music
05-28 16:04:50.373 1270 1270 D music_MediaPlaybackSer: OnLoadChildren: parentMediaId=__ROOT__
05-28 16:04:50.374 1270 1270 D MusicProvider: retrieveMediaAsync called
05-28 16:04:50.375 243 243 D Zygote : Forked child process 1486
05-28 16:04:50.394 136 136 I binder : undelivered transaction 24716, process died.
05-28 16:04:50.399 1 1 I init : Service 'bootanim' (pid 510) exited with status 0 oneshot service took 12.599000 seconds in background
05-28 16:04:50.399 1 1 I init : Sending signal 9 to service 'bootanim' (pid 510) process group...
05-28 16:04:50.400 1 1 I libprocessgroup: Successfully killed process cgroup uid 1003 pid 510 in 0ms
05-28 16:04:50.401 1 1 I init : processing action (init.svc.bootanim=stopped) from (/vendor/etc/init/hw/init.oranth.rc:29)
05-28 16:04:50.403 1 1 I init : starting service 'preinstall'...
05-28 16:04:50.386 1057 1332 D View :
05-28 16:04:50.387 670 853 D BluetoothMap: getConnectionState(E4:BB:D3:57:C0:7A)
05-28 16:04:50.387 467 527 W ActivityManager: Slow operation: 53ms so far, now at startProcess: returned from zygote!
05-28 16:04:50.392 657 1271 D BluetoothPbapService: getConnectionState: E4:BB:D3:57:C0:7A
05-28 16:04:50.395 1486 1486 I Zygote : seccomp disabled by setenforce 0
05-28 16:04:50.396 467 527 W ActivityManager: Slow operation: 62ms so far, now at startProcess: done updating battery stats
05-28 16:04:50.396 467 527 W ActivityManager: Slow operation: 62ms so far, now at startProcess: building log message
05-28 16:04:50.396 467 527 I ActivityManager: app.processName = com.android.managedprovisioning
05-28 16:04:50.396 467 527 I ActivityManager: Start proc 1486:com.android.managedprovisioning/u0a27 for broadcast {com.android.managedprovisioning/com.android.managedprovisioning.BootReminder}
05-28 16:04:50.396 467 527 W ActivityManager: Slow operation: 62ms so far, now at startProcess: starting to update pids map
05-28 16:04:50.402 670 853 D LocalBluetoothProfileManager: New Profiles[HID]
05-28 16:04:50.410 467 527 W ActivityManager: Slow operation: 75ms so far, now at startProcess: done updating pids map
05-28 16:04:50.410 1189 1189 W SoundPool: Use of stream types is deprecated for operations other than volume control
05-28 16:04:50.410 1189 1189 W SoundPool: See the documentation of SoundPool() for what to use instead with android.media.AudioAttributes to qualify your playback use case
05-28 16:04:50.412 1462 1462 D CompatibilityChangeReporter: Compat change id reported: 171979766; UID 1000; state: ENABLED
05-28 16:04:50.420 1057 1440 E hq : ErrorCoroutineExceptionHandler:::runTry error:java.net.UnknownHostException: Unable to resolve host "ottdbui-tyapiqun7.yysh.mgtv.com": No address associated with hostname from=requestMessageDialog
05-28 16:04:50.425 381 400 I adbd : jdwp connection from 1486
05-28 16:04:50.439 1057 1332 D View :
05-28 16:04:50.445 1057 1332 D View :
05-28 16:04:50.446 1057 1332 D View :
05-28 16:04:50.447 1057 1332 D View :
05-28 16:04:50.457 467 800 D CompatibilityChangeReporter: Compat change id reported: 168419799; UID 10027; state: DISABLED
05-28 16:04:50.462 1057 1332 D View :
05-28 16:04:50.465 1375 1375 V GraphicsEnvironment: ANGLE Developer option for 'com.android.localtransport' set to: 'default'
05-28 16:04:50.466 1375 1375 V GraphicsEnvironment: Neither updatable production driver nor prerelease driver is supported.
05-28 16:04:50.469 1375 1375 D NetworkSecurityConfig: No Network Security Config specified, using platform default
05-28 16:04:50.470 1375 1375 D NetworkSecurityConfig: No Network Security Config specified, using platform default
05-28 16:04:50.470 1021 1021 E dangbei111: cccccc 开始扫描
05-28 16:04:50.470 1021 1021 D BluetoothAdapter: isLeEnabled(): ON
05-28 16:04:50.476 1057 1332 D View :
05-28 16:04:50.477 1057 1332 D View :
05-28 16:04:50.480 1057 1332 D View :
05-28 16:04:50.489 1057 1332 D View :
05-28 16:04:50.490 1057 1332 D View :
05-28 16:04:50.491 1057 1332 D View :
05-28 16:04:50.502 467 513 W Looper : Drained
05-28 16:04:50.509 1486 1486 D CompatibilityChangeReporter: Compat change id reported: 171979766; UID 10027; state: ENABLED
05-28 16:04:50.510 1291 1291 I ContactsPerf: VoicemailContentProvider.onCreate finish
05-28 16:04:50.512 1507 1507 I cmd : type=1400 audit(0.0:494): avc: denied { call } for scontext=u:r:preinstall:s0 tcontext=u:r:system_server:s0 tclass=binder permissive=1
05-28 16:04:50.512 1507 1507 I cmd : type=1400 audit(0.0:495): avc: denied { transfer } for scontext=u:r:preinstall:s0 tcontext=u:r:system_server:s0 tclass=binder permissive=1
05-28 16:04:50.524 1057 1332 D View :
05-28 16:04:50.525 1057 1332 D View :
05-28 16:04:50.541 1057 1332 D View :
05-28 16:04:50.542 1057 1332 D View :
05-28 16:04:50.558 1057 1332 D View :
05-28 16:04:50.564 1057 1332 D View :
05-28 16:04:50.565 1057 1332 D View :
05-28 16:04:50.566 1057 1332 D View :
05-28 16:04:50.567 1057 1332 D View :
05-28 16:04:50.568 1057 1332 D View :
05-28 16:04:50.569 1057 1332 D View :
05-28 16:04:50.570 1057 1332 D View :
05-28 16:04:50.576 657 988 I bluetooth: system/bt/stack/gatt/gatt_api.cc:1019 GATT_Register: Allocated name:GattClient uuid:d2023679-9121-2ef3-0036-2576624a5730 gatt_if:5 eatt_support:0
05-28 16:04:50.581 1021 1050 D BluetoothLeScanner: onScannerRegistered() - status=0 scannerId=5 mScannerId=0
05-28 16:04:50.602 467 800 D CompatibilityChangeReporter: Compat change id reported: 149924527; UID 10046; state: ENABLED
05-28 16:04:50.606 1189 1189 D RockyReceiver: action: android.net.wifi.WIFI_STATE_CHANGED
05-28 16:04:50.611 467 1349 E ConnectivityService: Exception = android.content.pm.PackageManager$NameNotFoundException: android.net.cts
05-28 16:04:50.536 467 467 I Binder:467_D: type=1400 audit(0.0:496): avc: denied { call } for scontext=u:r:system_server:s0 tcontext=u:r:preinstall:s0 tclass=binder permissive=1
05-28 16:04:50.568 261 261 I EventThread: type=1400 audit(0.0:497): avc: denied { search } for name="extcon" dev="sysfs" ino=18109 scontext=u:r:hal_tv_cec_default:s0 tcontext=u:object_r:sysfs_extcon:s0 tclass=dir permissive=1
05-28 16:04:50.612 1486 1486 I gedprovisioning: type=1400 audit(0.0:498): avc: denied { getattr } for path="/data/data/com.android.managedprovisioning" dev="mmcblk0p25" ino=1065 scontext=u:r:platform_app:s0:c512,c768 tcontext=u:object_r:app_data_file:s0:c512,c768 tclass=dir permissive=1 app=com.android.managedprovisioning
05-28 16:04:50.616 1057 1081 I OpenGLRenderer: Davey! duration=9223372014344ms; Flags=0, FrameTimelineVsyncId=675, IntendedVsync=22510653545, Vsync=22510653545, InputEventId=0, HandleInputStart=22511131010, AnimationStart=22511134426, PerformTraversalsStart=22511137343, DrawStart=22514105051, FrameDeadline=22527320211, FrameInterval=22511122385, FrameStartTime=16666666, SyncQueued=22518579676, SyncStart=22518648551, IssueDrawCommandsStart=22519109301, SwapBuffers=22522302051, FrameCompleted=9223372036854775807, DequeueBufferDuration=49000, QueueBufferDuration=2527250, GpuCompleted=9223372036854775807, SwapBuffersCompleted=22526997510, DisplayPresentTime=0,
05-28 16:04:50.626 670 853 D CachedBluetoothDevice: updating profiles for Dangbei
05-28 16:04:50.627 467 800 D CompatibilityChangeReporter: Compat change id reported: 132649864; UID 10046; state: DISABLED
05-28 16:04:50.629 1462 1462 V GraphicsEnvironment: ANGLE Developer option for 'com.android.dynsystem' set to: 'default'
05-28 16:04:50.629 1462 1462 V GraphicsEnvironment: Neither updatable production driver nor prerelease driver is supported.
05-28 16:04:50.630 467 732 D CompatibilityChangeReporter: Compat change id reported: 182734110; UID 10046; state: DISABLED
05-28 16:04:50.638 670 853 V CachedBluetoothDevice: Class: 1f00
05-28 16:04:50.640 467 467 I TransportClient: LocalTransportService#0: Notifying [TransportManager.registerTransport()] transport = IBackupTransport
05-28 16:04:50.642 1462 1462 D NetworkSecurityConfig: No Network Security Config specified, using platform default
05-28 16:04:50.643 1462 1462 D NetworkSecurityConfig: No Network Security Config specified, using platform default
05-28 16:04:50.649 670 853 V CachedBluetoothDevice: UUID:
05-28 16:04:50.663 670 853 V CachedBluetoothDevice: 00001812-0000-1000-8000-00805f9b34fb
05-28 16:04:50.670 1462 1462 D DynamicSystemInstallationService: onStartCommand(): action=android.os.image.action.NOTIFY_IF_IN_USE
05-28 16:04:50.678 467 1349 I DynamicSystemService: isInstalled(): false
05-28 16:04:50.682 1057 1332 D View :
05-28 16:04:50.692 467 1349 D CountryDetector: The first listener is added
05-28 16:04:50.693 1291 1291 I ContactsDatabaseHelper: updateUseStrictPhoneNumberComparison: CN
05-28 16:04:50.700 1057 1457 I OpenGLRenderer: Davey! duration=9223372014310ms; Flags=0, FrameTimelineVsyncId=678, IntendedVsync=22543988461, Vsync=22560655127, InputEventId=0, HandleInputStart=22563871968, AnimationStart=22563875343, PerformTraversalsStart=22564107135, DrawStart=22564695176, FrameDeadline=22577321793, FrameInterval=22563860218, FrameStartTime=16666666, SyncQueued=22572067468, SyncStart=22572171385, IssueDrawCommandsStart=22572807510, SwapBuffers=22611288343, FrameCompleted=9223372036854775807, DequeueBufferDuration=55334, QueueBufferDuration=1278875, GpuCompleted=9223372036854775807, SwapBuffersCompleted=22616652968, DisplayPresentTime=0,
05-28 16:04:50.752 1430 1430 W audit : audit_lost=78 audit_rate_limit=5 audit_backlog_limit=64
05-28 16:04:50.753 1430 1430 E audit : rate limit exceeded
05-28 16:04:50.712 1057 1332 D View :
05-28 16:04:50.713 1057 1332 D View :
05-28 16:04:50.732 1057 1457 I OpenGLRenderer: Davey! duration=9223372014270ms; Flags=0, FrameTimelineVsyncId=680, IntendedVsync=22577321895, Vsync=22577321895, InputEventId=0, HandleInputStart=22593496718, AnimationStart=22593500718, PerformTraversalsStart=22593819510, DrawStart=22608242843, FrameDeadline=22610655227, FrameInterval=22593485093, FrameStartTime=16666666, SyncQueued=22609472718, SyncStart=22616761635, IssueDrawCommandsStart=22617268551, SwapBuffers=22643348051, FrameCompleted=9223372036854775807, DequeueBufferDuration=38500, QueueBufferDuration=3957042, GpuCompleted=9223372036854775807, SwapBuffersCompleted=22649670343, DisplayPresentTime=0,
05-28 16:04:50.740 1057 1332 D View :
05-28 16:04:50.741 1057 1332 D View :
05-28 16:04:50.742 1057 1332 D View :
05-28 16:04:50.743 1057 1332 D View :
05-28 16:04:50.744 1057 1332 D View :
05-28 16:04:50.745 1057 1332 D View :
05-28 16:04:50.745 1057 1332 D View :
05-28 16:04:50.750 467 1008 D BackupTransportManager: Transport com.android.localtransport/.LocalTransportService registered
05-28 16:04:50.750 467 1008 D BackupManagerService: [UserID:0] Transport com.android.localtransport/.LocalTransport registered 4497ms after first request (delay = 3000ms)
05-28 16:04:50.756 1057 1332 D View :
05-28 16:04:50.757 1057 1332 D View :
05-28 16:04:50.760 1057 1457 I OpenGLRenderer: Davey! duration=9223372014212ms; Flags=0, FrameTimelineVsyncId=682, IntendedVsync=22610655329, Vsync=22610655329, InputEventId=0, HandleInputStart=22617642426, AnimationStart=22617646176, PerformTraversalsStart=22617946093, DrawStart=22618097801, FrameDeadline=22643988661, FrameInterval=22617634551, FrameStartTime=16666666, SyncQueued=22618405801, SyncStart=22649786843, IssueDrawCommandsStart=22650406468, SwapBuffers=22653678301, FrameCompleted=9223372036854775807, DequeueBufferDuration=44250, QueueBufferDuration=10527541, GpuCompleted=9223372036854775807, SwapBuffersCompleted=22665646343, DisplayPresentTime=0,
05-28 16:04:50.766 1057 1332 D View :
05-28 16:04:50.767 1057 1332 D View :
05-28 16:04:50.772 1057 1332 D View :
05-28 16:04:50.773 1057 1457 I OpenGLRenderer: Davey! duration=9223372014215ms; Flags=0, FrameTimelineVsyncId=684, IntendedVsync=22627322046, Vsync=22643988712, InputEventId=0, HandleInputStart=22652647968, AnimationStart=22652650635, PerformTraversalsStart=22652944718, DrawStart=22653087051, FrameDeadline=22660655378, FrameInterval=22652640385, FrameStartTime=16666666, SyncQueued=22653378468, SyncStart=22665762343, IssueDrawCommandsStart=22667301093, SwapBuffers=22671524968, FrameCompleted=9223372036854775807, DequeueBufferDuration=55042, QueueBufferDuration=14554666, GpuCompleted=9223372036854775807, SwapBuffersCompleted=22687285885, DisplayPresentTime=0,
05-28 16:04:50.774 1486 1486 V GraphicsEnvironment: ANGLE Developer option for 'com.android.managedprovisioning' set to: 'default'
05-28 16:04:50.775 1486 1486 V GraphicsEnvironment: Neither updatable production driver nor prerelease driver is supported.
05-28 16:04:50.779 1486 1486 D NetworkSecurityConfig: No Network Security Config specified, using platform default
05-28 16:04:50.780 1486 1486 D NetworkSecurityConfig: No Network Security Config specified, using platform default
05-28 16:04:50.782 657 671 W UnsafeUtil: platform method missing - proto runtime falling back to safer methods: java.lang.NoSuchMethodException: sun.misc.Unsafe.copyMemory [class java.lang.Object, long, class java.lang.Object, long, long]
05-28 16:04:50.788 1057 1457 I OpenGLRenderer: Davey! duration=9223372014173ms; Flags=0, FrameTimelineVsyncId=687, IntendedVsync=22660656460, Vsync=22660656460, InputEventId=0, HandleInputStart=22666570760, AnimationStart=22666572760, PerformTraversalsStart=22666825843, DrawStart=22666953635, FrameDeadline=22693989792, FrameInterval=22666564260, FrameStartTime=16666666, SyncQueued=22667265468, SyncStart=22687417676, IssueDrawCommandsStart=22687864801, SwapBuffers=22698053218, FrameCompleted=9223372036854775807, DequeueBufferDuration=6605834, QueueBufferDuration=6785792, GpuCompleted=9223372036854775807, SwapBuffersCompleted=22706375385, DisplayPresentTime=0,
05-28 16:04:50.797 1057 1332 D View :
05-28 16:04:50.804 1057 1457 I OpenGLRenderer: Davey! duration=9223372014159ms; Flags=0, FrameTimelineVsyncId=689, IntendedVsync=22677325970, Vsync=22677325970, InputEventId=0, HandleInputStart=22688715426, AnimationStart=22688717718, PerformTraversalsStart=22689028426, DrawStart=22689172801, FrameDeadline=22710659302, FrameInterval=22688705676, FrameStartTime=16666666, SyncQueued=22689511176, SyncStart=22707188010, IssueDrawCommandsStart=22707646510, SwapBuffers=22712130968, FrameCompleted=9223372036854775807, DequeueBufferDuration=59791, QueueBufferDuration=10597958, GpuCompleted=9223372036854775807, SwapBuffersCompleted=22723794635, DisplayPresentTime=0,
05-28 16:04:50.805 1057 1332 D View :
05-28 16:04:50.807 1057 1332 D View :
05-28 16:04:50.809 1057 1332 D View :
05-28 16:04:50.810 1057 1332 D View :
05-28 16:04:50.810 1057 1332 D View :
