05-28 16:07:16.486 1057 1082 I OpenGLRenderer: Davey! duration=9223371868477ms; Flags=0, FrameTimelineVsyncId=7117, IntendedVsync=168377317651, Vsync=168377317651, InputEventId=0, HandleInputStart=168378052913, AnimationStart=168378060371, PerformTraversalsStart=168378326413, DrawStart=168379192371, FrameDeadline=168410650983, FrameInterval=168378042496, FrameStartTime=16666666, SyncQueued=168382770079, SyncStart=168383187371, IssueDrawCommandsStart=168384439038, SwapBuffers=168400095954, FrameCompleted=9223372036854775807, DequeueBufferDuration=58625, QueueBufferDuration=1762792, GpuCompleted=9223372036854775807, SwapBuffersCompleted=168403239829, DisplayPresentTime=0,
05-28 16:07:16.500 1057 1082 I OpenGLRenderer: Davey! duration=9223371868453ms; Flags=0, FrameTimelineVsyncId=7118, IntendedVsync=168393984317, Vsync=168393984317, InputEventId=0, HandleInputStart=168394587871, AnimationStart=168394594246, PerformTraversalsStart=168394862704, DrawStart=168395443246, FrameDeadline=168427317649, FrameInterval=168394577288, FrameStartTime=16666666, SyncQueued=168396681454, SyncStart=168403594871, IssueDrawCommandsStart=168405149579, SwapBuffers=168421796079, FrameCompleted=9223372036854775807, DequeueBufferDuration=63500, QueueBufferDuration=1564167, GpuCompleted=9223372036854775807, SwapBuffersCompleted=168424380996, DisplayPresentTime=0,
05-28 16:07:16.521 1057 1082 I OpenGLRenderer: Davey! duration=9223371868433ms; Flags=0, FrameTimelineVsyncId=7120, IntendedVsync=168411005726, Vsync=168411005726, InputEventId=0, HandleInputStart=168412564038, AnimationStart=168412570079, PerformTraversalsStart=168413655329, DrawStart=168413860288, FrameDeadline=168444339058, FrameInterval=168412550996, FrameStartTime=16666666, SyncQueued=168413950954, SyncStart=168424648871, IssueDrawCommandsStart=168425657621, SwapBuffers=168440363496, FrameCompleted=9223372036854775807, DequeueBufferDuration=38250, QueueBufferDuration=1322208, GpuCompleted=9223372036854775807, SwapBuffersCompleted=168442630913, DisplayPresentTime=0,
05-28 16:07:16.542 1057 1082 I OpenGLRenderer: Davey! duration=9223371868413ms; Flags=0, FrameTimelineVsyncId=7122, IntendedVsync=168427672392, Vsync=168427672392, InputEventId=0, HandleInputStart=168428494496, AnimationStart=168428498829, PerformTraversalsStart=168428807913, DrawStart=168428969371, FrameDeadline=168461005724, FrameInterval=168428483246, FrameStartTime=16666666, SyncQueued=168429051663, SyncStart=168443051746, IssueDrawCommandsStart=168445757121, SwapBuffers=168456736329, FrameCompleted=9223372036854775807, DequeueBufferDuration=317583, QueueBufferDuration=7872042, GpuCompleted=9223372036854775807, SwapBuffersCompleted=168465506913, DisplayPresentTime=0,
05-28 16:07:16.566 1057 1082 I OpenGLRenderer: Davey! duration=9223371868391ms; Flags=0, FrameTimelineVsyncId=7124, IntendedVsync=168444339058, Vsync=168444339058, InputEventId=0, HandleInputStart=168446140371, AnimationStart=168446142704, PerformTraversalsStart=168446948913, DrawStart=168447115246, FrameDeadline=168477672390, FrameInterval=168446129996, FrameStartTime=16666666, SyncQueued=168447216579, SyncStart=168465842246, IssueDrawCommandsStart=168466914079, SwapBuffers=168469119788, FrameCompleted=9223372036854775807, DequeueBufferDuration=42542, QueueBufferDuration=18499667, GpuCompleted=9223372036854775807, SwapBuffersCompleted=168488484079, DisplayPresentTime=0,
05-28 16:07:16.587 1057 1091 I OpenGLRenderer: Davey! duration=9223371868370ms; Flags=0, FrameTimelineVsyncId=7126, IntendedVsync=168461005724, Vsync=168461005724, InputEventId=0, HandleInputStart=168468095829, AnimationStart=168468098163, PerformTraversalsStart=168468374413, DrawStart=168468953288, FrameDeadline=168494339056, FrameInterval=168468084704, FrameStartTime=16666666, SyncQueued=168469622163, SyncStart=168493108621, IssueDrawCommandsStart=168494793746, SwapBuffers=168506319204, FrameCompleted=9223372036854775807, DequeueBufferDuration=69584, QueueBufferDuration=1185000, GpuCompleted=9223372036854775807, SwapBuffersCompleted=168508318913, DisplayPresentTime=0,
05-28 16:07:16.607 1057 1091 I OpenGLRenderer: Davey! duration=9223371868373ms; Flags=0, FrameTimelineVsyncId=7128, IntendedVsync=168477736068, Vsync=168494402734, InputEventId=0, HandleInputStart=168504645204, AnimationStart=168504647829, PerformTraversalsStart=168504972038, DrawStart=168505132579, FrameDeadline=168511069400, FrameInterval=168504634413, FrameStartTime=16666666, SyncQueued=168505215204, SyncStart=168508628579, IssueDrawCommandsStart=168509430121, SwapBuffers=168518527329, FrameCompleted=9223372036854775807, DequeueBufferDuration=29291, QueueBufferDuration=10027958, GpuCompleted=9223372036854775807, SwapBuffersCompleted=168530347621, DisplayPresentTime=0,
05-28 16:07:16.630 1057 1091 I OpenGLRenderer: Davey! duration=9223371868325ms; Flags=0, FrameTimelineVsyncId=7131, IntendedVsync=168511076166, Vsync=168511076166, InputEventId=0, HandleInputStart=168511679371, AnimationStart=168511683704, PerformTraversalsStart=168512090079, DrawStart=168512316871, FrameDeadline=168544409498, FrameInterval=168511669454, FrameStartTime=16666666, SyncQueued=168512467371, SyncStart=168531137121, IssueDrawCommandsStart=168532418996, SwapBuffers=168538284579, FrameCompleted=9223372036854775807, DequeueBufferDuration=58083, QueueBufferDuration=14215416, GpuCompleted=9223372036854775807, SwapBuffersCompleted=168553438538, DisplayPresentTime=0,
05-28 16:07:16.654 1057 1091 I OpenGLRenderer: Davey! duration=9223371868307ms; Flags=0, FrameTimelineVsyncId=7133, IntendedVsync=168527347439, Vsync=168527347439, InputEventId=0, HandleInputStart=168532849163, AnimationStart=168532851871, PerformTraversalsStart=168533326746, DrawStart=168533504079, FrameDeadline=168560680771, FrameInterval=168532838788, FrameStartTime=16666666, SyncQueued=168533587871, SyncStart=168553746163, IssueDrawCommandsStart=168554853913, SwapBuffers=168557305496, FrameCompleted=9223372036854775807, DequeueBufferDuration=46875, QueueBufferDuration=18273250, GpuCompleted=9223372036854775807, SwapBuffersCompleted=168576658913, DisplayPresentTime=0,
05-28 16:07:16.726 1114 1114 D aaa : LedStatusService onStartCommand begin
05-28 16:07:16.729 1114 3070 D aaa : topPkg is -------------- :com.dangbei.leard.leradlauncher
05-28 16:07:16.731 1158 1158 D bbb : onStartCommand begin !!!!!!! data分区剩余 24837MB
05-28 16:07:16.736 1114 3070 D aaa : WiFi is connect
05-28 16:07:16.787 1057 1091 I OpenGLRenderer: Davey! duration=9223371868193ms; Flags=0, FrameTimelineVsyncId=7148, IntendedVsync=168660461591, Vsync=168660461591, InputEventId=0, HandleInputStart=168667920829, AnimationStart=168667929288, PerformTraversalsStart=168668434038, DrawStart=168668595954, FrameDeadline=168693794923, FrameInterval=168662688579, FrameStartTime=16666666, SyncQueued=168668689038, SyncStart=168669146704, IssueDrawCommandsStart=168671107621, SwapBuffers=168673696038, FrameCompleted=9223372036854775807, DequeueBufferDuration=41875, QueueBufferDuration=1848458, GpuCompleted=9223372036854775807, SwapBuffersCompleted=168686855163, DisplayPresentTime=0,
05-28 16:07:16.804 1057 1091 I OpenGLRenderer: Davey! duration=9223371868168ms; Flags=0, FrameTimelineVsyncId=7150, IntendedVsync=168677129337, Vsync=168677129337, InputEventId=0, HandleInputStart=168677783621, AnimationStart=168677789746, PerformTraversalsStart=168678163496, DrawStart=168678312038, FrameDeadline=168710462669, FrameInterval=168677772204, FrameStartTime=16666666, SyncQueued=168678396871, SyncStart=168687207163, IssueDrawCommandsStart=168688209704, SwapBuffers=168698966163, FrameCompleted=9223372036854775807, DequeueBufferDuration=7036250, QueueBufferDuration=859042, GpuCompleted=9223372036854775807, SwapBuffersCompleted=168706796829, DisplayPresentTime=0,
05-28 16:07:17.003 1057 1082 I OpenGLRenderer: Davey! duration=9223371867978ms; Flags=0, FrameTimelineVsyncId=7171, IntendedVsync=168860597493, Vsync=168860597493, InputEventId=0, HandleInputStart=168873769788, AnimationStart=168873772038, PerformTraversalsStart=168874013163, DrawStart=168874136246, FrameDeadline=168893930825, FrameInterval=168873764413, FrameStartTime=16666666, SyncQueued=168874203246, SyncStart=168890347079, IssueDrawCommandsStart=168891188496, SwapBuffers=168906831788, FrameCompleted=9223372036854775807, DequeueBufferDuration=12890042, QueueBufferDuration=1775667, GpuCompleted=9223372036854775807, SwapBuffersCompleted=168918730955, DisplayPresentTime=0,
05-28 16:07:17.120 1057 1082 I OpenGLRenderer: Davey! duration=9223371867857ms; Flags=0, FrameTimelineVsyncId=7184, IntendedVsync=168977317385, Vsync=168993984051, InputEventId=0, HandleInputStart=169001666330, AnimationStart=169001668246, PerformTraversalsStart=169002460580, DrawStart=169002848246, FrameDeadline=169010650717, FrameInterval=169001657996, FrameStartTime=16666666, SyncQueued=169003097871, SyncStart=169023162371, IssueDrawCommandsStart=169024791830, SwapBuffers=169037969080, FrameCompleted=9223372036854775807, DequeueBufferDuration=3436417, QueueBufferDuration=889917, GpuCompleted=9223372036854775807, SwapBuffersCompleted=169039677205, DisplayPresentTime=0,
05-28 16:07:17.321 467 515 W IorapForwardingService: No service published for: iorapd
05-28 16:07:18.324 467 515 W IorapForwardingService: No service published for: iorapd
05-28 16:07:18.508 651 651 E WifiHAL : wifi_get_link_stats: requestResponse Error:-5
05-28 16:07:18.510 467 600 E WifiVendorHal: getWifiLinkLayerStats_1_5_Internal(l.1191) failed {.code = ERROR_INVALID_ARGS, .description = }
05-28 16:07:19.326 467 515 W IorapForwardingService: No service published for: iorapd
05-28 16:07:19.485 1057 1091 I OpenGLRenderer: Davey! duration=9223371865477ms; Flags=0, FrameTimelineVsyncId=7283, IntendedVsync=171377314278, Vsync=171377314278, InputEventId=0, HandleInputStart=171377921664, AnimationStart=171377926747, PerformTraversalsStart=171378127247, DrawStart=171378826914, FrameDeadline=171410647610, FrameInterval=171377913206, FrameStartTime=16666666, SyncQueued=171380188206, SyncStart=171380580206, IssueDrawCommandsStart=171381611914, SwapBuffers=171397502914, FrameCompleted=9223372036854775807, DequeueBufferDuration=48375, QueueBufferDuration=2038417, GpuCompleted=9223372036854775807, SwapBuffersCompleted=171401146789, DisplayPresentTime=0,
05-28 16:07:19.498 415 415 W hdr10p_Configure: 60 callbacks suppressed
05-28 16:07:19.498 415 415 I : DVI mode selected: packets not configured
05-28 16:07:19.498 415 415 W set_vsif_config: 60 callbacks suppressed
05-28 16:07:19.498 415 415 I : Error: set vsif failed
05-28 16:07:19.501 1057 1091 I OpenGLRenderer: Davey! duration=9223371865455ms; Flags=0, FrameTimelineVsyncId=7284, IntendedVsync=171393980944, Vsync=171393980944, InputEventId=0, HandleInputStart=171394479414, AnimationStart=171394484206, PerformTraversalsStart=171394747747, DrawStart=171395526664, FrameDeadline=171427314276, FrameInterval=171394469247, FrameStartTime=16666666, SyncQueued=171396282372, SyncStart=171401552247, IssueDrawCommandsStart=171403100706, SwapBuffers=171418146456, FrameCompleted=9223372036854775807, DequeueBufferDuration=76584, QueueBufferDuration=1020417, GpuCompleted=9223372036854775807, SwapBuffersCompleted=171420311747, DisplayPresentTime=0,
05-28 16:07:19.521 415 415 I : DVI mode selected: packets not configured
05-28 16:07:19.521 415 415 I : Error: set vsif failed
05-28 16:07:19.520 1057 1091 I OpenGLRenderer: Davey! duration=9223371865436ms; Flags=0, FrameTimelineVsyncId=7286, IntendedVsync=171411067727, Vsync=171411067727, InputEventId=0, HandleInputStart=171411860289, AnimationStart=171411866539, PerformTraversalsStart=171412581081, DrawStart=171413659914, FrameDeadline=171444401059, FrameInterval=171411847622, FrameStartTime=16666666, SyncQueued=171413768414, SyncStart=171420568247, IssueDrawCommandsStart=171421517789, SwapBuffers=171430317956, FrameCompleted=9223372036854775807, DequeueBufferDuration=30125, QueueBufferDuration=8423458, GpuCompleted=9223372036854775807, SwapBuffersCompleted=171439830331, DisplayPresentTime=0,
05-28 16:07:19.544 415 415 I : DVI mode selected: packets not configured
05-28 16:07:19.544 415 415 I : Error: set vsif failed
05-28 16:07:19.540 1057 1091 I OpenGLRenderer: Davey! duration=9223371865416ms; Flags=0, FrameTimelineVsyncId=7288, IntendedVsync=171427734393, Vsync=171427734393, InputEventId=0, HandleInputStart=171429161164, AnimationStart=171429167997, PerformTraversalsStart=171429607539, DrawStart=171429784831, FrameDeadline=171461067725, FrameInterval=171429149289, FrameStartTime=16666666, SyncQueued=171429875997, SyncStart=171440528414, IssueDrawCommandsStart=171442409164, SwapBuffers=171452751789, FrameCompleted=9223372036854775807, DequeueBufferDuration=71667, QueueBufferDuration=8945917, GpuCompleted=9223372036854775807, SwapBuffersCompleted=171462680914, DisplayPresentTime=0,
05-28 16:07:19.567 415 415 I : DVI mode selected: packets not configured
05-28 16:07:19.567 415 415 I : Error: set vsif failed
05-28 16:07:19.563 1057 1091 I OpenGLRenderer: Davey! duration=9223371865394ms; Flags=0, FrameTimelineVsyncId=7290, IntendedVsync=171444401059, Vsync=171444401059, InputEventId=0, HandleInputStart=171445804372, AnimationStart=171445812789, PerformTraversalsStart=171446513789, DrawStart=171446716206, FrameDeadline=171477734391, FrameInterval=171445788414, FrameStartTime=16666666, SyncQueued=171446833914, SyncStart=171462996372, IssueDrawCommandsStart=171464362872, SwapBuffers=171467717289, FrameCompleted=9223372036854775807, DequeueBufferDuration=71708, QueueBufferDuration=17093250, GpuCompleted=9223372036854775807, SwapBuffersCompleted=171486132831, DisplayPresentTime=0,
05-28 16:07:19.591 415 415 I : DVI mode selected: packets not configured
05-28 16:07:19.591 415 415 I : Error: set vsif failed
05-28 16:07:19.587 1057 1091 I OpenGLRenderer: Davey! duration=9223371865370ms; Flags=0, FrameTimelineVsyncId=7292, IntendedVsync=171461067725, Vsync=171461067725, InputEventId=0, HandleInputStart=171466300664, AnimationStart=171466305706, PerformTraversalsStart=171466672039, DrawStart=171467379664, FrameDeadline=171494401057, FrameInterval=171466289706, FrameStartTime=16666666, SyncQueued=171468282872, SyncStart=171491275747, IssueDrawCommandsStart=171492792956, SwapBuffers=171502076706, FrameCompleted=9223372036854775807, DequeueBufferDuration=67541, QueueBufferDuration=1237083, GpuCompleted=9223372036854775807, SwapBuffersCompleted=171504052581, DisplayPresentTime=0,
05-28 16:07:19.605 415 415 I : DVI mode selected: packets not configured
05-28 16:07:19.605 415 415 I : Error: set vsif failed
05-28 16:07:19.602 1057 1091 I OpenGLRenderer: Davey! duration=9223371865366ms; Flags=0, FrameTimelineVsyncId=7294, IntendedVsync=171477712577, Vsync=171477712577, InputEventId=0, HandleInputStart=171493217081, AnimationStart=171493221706, PerformTraversalsStart=171493634914, DrawStart=171493831581, FrameDeadline=171511045909, FrameInterval=171493207914, FrameStartTime=16666666, SyncQueued=171493928581, SyncStart=171504335247, IssueDrawCommandsStart=171505148956, SwapBuffers=171522809122, FrameCompleted=9223372036854775807, DequeueBufferDuration=28542, QueueBufferDuration=1432292, GpuCompleted=9223372036854775807, SwapBuffersCompleted=171525041706, DisplayPresentTime=0,
05-28 16:07:19.616 1057 1091 I OpenGLRenderer: Davey! duration=9223371865341ms; Flags=0, FrameTimelineVsyncId=7295, IntendedVsync=171494375408, Vsync=171494375408, InputEventId=0, HandleInputStart=171505463414, AnimationStart=171505466581, PerformTraversalsStart=171505739247, DrawStart=171506022872, FrameDeadline=171527708740, FrameInterval=171505457706, FrameStartTime=16666666, SyncQueued=171506104872, SyncStart=171525291039, IssueDrawCommandsStart=171526231581, SwapBuffers=171537465581, FrameCompleted=9223372036854775807, DequeueBufferDuration=24584, QueueBufferDuration=1507709, GpuCompleted=9223372036854775807, SwapBuffersCompleted=171539953831, DisplayPresentTime=0,
05-28 16:07:19.621 415 415 I : DVI mode selected: packets not configured
05-28 16:07:19.621 415 415 I : Error: set vsif failed
05-28 16:07:19.643 415 415 I : DVI mode selected: packets not configured
05-28 16:07:19.643 415 415 I : Error: set vsif failed
05-28 16:07:19.659 415 415 I : DVI mode selected: packets not configured
05-28 16:07:19.659 415 415 I : Error: set vsif failed
05-28 16:07:19.682 415 415 I : DVI mode selected: packets not configured
05-28 16:07:19.683 415 415 I : Error: set vsif failed
05-28 16:07:19.770 1057 1091 I OpenGLRenderer: Davey! duration=9223371865215ms; Flags=0, FrameTimelineVsyncId=7311, IntendedVsync=171627063566, Vsync=171643730232, InputEventId=0, HandleInputStart=171654872872, AnimationStart=171654878206, PerformTraversalsStart=171655358789, DrawStart=171655678747, FrameDeadline=171660396898, FrameInterval=171654861706, FrameStartTime=16666666, SyncQueued=171655783581, SyncStart=171667937289, IssueDrawCommandsStart=171669207497, SwapBuffers=171677596206, FrameCompleted=9223372036854775807, DequeueBufferDuration=5136625, QueueBufferDuration=1348458, GpuCompleted=9223372036854775807, SwapBuffersCompleted=171685993872, DisplayPresentTime=0,
05-28 16:07:19.988 1057 1550 I OpenGLRenderer: Davey! duration=9223371864973ms; Flags=0, FrameTimelineVsyncId=7340, IntendedVsync=171877315726, Vsync=171877315726, InputEventId=0, HandleInputStart=171877938789, AnimationStart=171877944706, PerformTraversalsStart=171878271998, DrawStart=171878416248, FrameDeadline=171910649058, FrameInterval=171877928456, FrameStartTime=16666666, SyncQueued=171878528081, SyncStart=171882342539, IssueDrawCommandsStart=171883347623, SwapBuffers=171894639123, FrameCompleted=9223372036854775807, DequeueBufferDuration=7849083, QueueBufferDuration=1533666, GpuCompleted=9223372036854775807, SwapBuffersCompleted=171902588248, DisplayPresentTime=0,
05-28 16:07:20.104 1057 1091 I OpenGLRenderer: Davey! duration=9223371864870ms; Flags=0, FrameTimelineVsyncId=7352, IntendedVsync=171977317063, Vsync=171977317063, InputEventId=0, HandleInputStart=171977958539, AnimationStart=171977964789, PerformTraversalsStart=171978949206, DrawStart=171979430664, FrameDeadline=172010650395, FrameInterval=171977947248, FrameStartTime=16666666, SyncQueued=171979757373, SyncStart=171986697206, IssueDrawCommandsStart=171988080498, SwapBuffers=172013677498, FrameCompleted=9223372036854775807, DequeueBufferDuration=7407541, QueueBufferDuration=2138709, GpuCompleted=9223372036854775807, SwapBuffersCompleted=172017240956, DisplayPresentTime=0,
05-28 16:07:20.328 467 515 W IorapForwardingService: No service published for: iorapd
05-28 16:07:21.331 467 515 W IorapForwardingService: No service published for: iorapd
05-28 16:07:21.523 651 651 E WifiHAL : wifi_get_link_stats: requestResponse Error:-5
05-28 16:07:21.525 467 600 E WifiVendorHal: getWifiLinkLayerStats_1_5_Internal(l.1191) failed {.code = ERROR_INVALID_ARGS, .description = }
05-28 16:07:22.332 467 515 W IorapForwardingService: No service published for: iorapd
05-28 16:07:22.486 1057 1550 I OpenGLRenderer: Davey! duration=9223371862476ms; Flags=0, FrameTimelineVsyncId=7449, IntendedVsync=174377349259, Vsync=174377349259, InputEventId=0, HandleInputStart=174379954832, AnimationStart=174379961457, PerformTraversalsStart=174380479707, DrawStart=174381369624, FrameDeadline=174410682591, FrameInterval=174379944415, FrameStartTime=16666666, SyncQueued=174384145207, SyncStart=174384655915, IssueDrawCommandsStart=174385963874, SwapBuffers=174399453207, FrameCompleted=9223372036854775807, DequeueBufferDuration=61125, QueueBufferDuration=2167417, GpuCompleted=9223372036854775807, SwapBuffersCompleted=174403723040, DisplayPresentTime=0,
05-28 16:07:22.500 1057 1550 I OpenGLRenderer: Davey! duration=9223371862453ms; Flags=0, FrameTimelineVsyncId=7450, IntendedVsync=174394016132, Vsync=174394016132, InputEventId=0, HandleInputStart=174394726957, AnimationStart=174394733165, PerformTraversalsStart=174395162082, DrawStart=174395772415, FrameDeadline=174427349464, FrameInterval=174394715749, FrameStartTime=16666666, SyncQueued=174396661540, SyncStart=174404228499, IssueDrawCommandsStart=174405886290, SwapBuffers=174420950707, FrameCompleted=9223372036854775807, DequeueBufferDuration=51917, QueueBufferDuration=1556375, GpuCompleted=9223372036854775807, SwapBuffersCompleted=174423502499, DisplayPresentTime=0,
05-28 16:07:22.520 1057 1550 I OpenGLRenderer: Davey! duration=9223371862432ms; Flags=0, FrameTimelineVsyncId=7452, IntendedVsync=174410683005, Vsync=174410683005, InputEventId=0, HandleInputStart=174411475457, AnimationStart=174411483457, PerformTraversalsStart=174411870874, DrawStart=174412184207, FrameDeadline=174444016337, FrameInterval=174411463957, FrameStartTime=16666666, SyncQueued=174412317540, SyncStart=174423941540, IssueDrawCommandsStart=174425291207, SwapBuffers=174434715665, FrameCompleted=9223372036854775807, DequeueBufferDuration=45958, QueueBufferDuration=5571875, GpuCompleted=9223372036854775807, SwapBuffersCompleted=174441228082, DisplayPresentTime=0,
05-28 16:07:22.541 1057 1550 I OpenGLRenderer: Davey! duration=9223371862414ms; Flags=0, FrameTimelineVsyncId=7454, IntendedVsync=174427353822, Vsync=174427353822, InputEventId=0, HandleInputStart=174428141540, AnimationStart=174428146999, PerformTraversalsStart=174428537707, DrawStart=174428718874, FrameDeadline=174460687154, FrameInterval=174428128665, FrameStartTime=16666666, SyncQueued=174428807165, SyncStart=174441743040, IssueDrawCommandsStart=174442821540, SwapBuffers=174454560249, FrameCompleted=9223372036854775807, DequeueBufferDuration=43834, QueueBufferDuration=8938834, GpuCompleted=9223372036854775807, SwapBuffersCompleted=174464635290, DisplayPresentTime=0,
05-28 16:07:22.565 1057 1550 I OpenGLRenderer: Davey! duration=9223371862391ms; Flags=0, FrameTimelineVsyncId=7456, IntendedVsync=174444020723, Vsync=174444020723, InputEventId=0, HandleInputStart=174445040540, AnimationStart=174445046332, PerformTraversalsStart=174445503457, DrawStart=174445768790, FrameDeadline=174477354055, FrameInterval=174445024999, FrameStartTime=16666666, SyncQueued=174445892582, SyncStart=174465016582, IssueDrawCommandsStart=174466073999, SwapBuffers=174468671874, FrameCompleted=9223372036854775807, DequeueBufferDuration=41542, QueueBufferDuration=17532000, GpuCompleted=9223372036854775807, SwapBuffersCompleted=174487584540, DisplayPresentTime=0,
05-28 16:07:22.587 1057 1550 I OpenGLRenderer: Davey! duration=9223371862371ms; Flags=0, FrameTimelineVsyncId=7458, IntendedVsync=174460658363, Vsync=174460658363, InputEventId=0, HandleInputStart=174467226082, AnimationStart=174467228624, PerformTraversalsStart=174467534832, DrawStart=174468341290, FrameDeadline=174493991695, FrameInterval=174467219290, FrameStartTime=16666666, SyncQueued=174469145332, SyncStart=174491467374, IssueDrawCommandsStart=174492670457, SwapBuffers=174503835374, FrameCompleted=9223372036854775807, DequeueBufferDuration=57500, QueueBufferDuration=2000417, GpuCompleted=9223372036854775807, SwapBuffersCompleted=174511118791, DisplayPresentTime=0,
05-28 16:07:22.611 1057 1550 I OpenGLRenderer: Davey! duration=9223371862359ms; Flags=0, FrameTimelineVsyncId=7460, IntendedVsync=174477322549, Vsync=174477322549, InputEventId=0, HandleInputStart=174493139332, AnimationStart=174493142165, PerformTraversalsStart=174493490915, DrawStart=174493649040, FrameDeadline=174510655881, FrameInterval=174493132624, FrameStartTime=16666666, SyncQueued=174493730999, SyncStart=174511491166, IssueDrawCommandsStart=174513460916, SwapBuffers=174523791374, FrameCompleted=9223372036854775807, DequeueBufferDuration=46959, QueueBufferDuration=8645625, GpuCompleted=9223372036854775807, SwapBuffersCompleted=174533503207, DisplayPresentTime=0,
05-28 16:07:22.634 1057 1550 I OpenGLRenderer: Davey! duration=9223371862342ms; Flags=0, FrameTimelineVsyncId=7461, IntendedVsync=174493989246, Vsync=174510655912, InputEventId=0, HandleInputStart=174514412041, AnimationStart=174514484499, PerformTraversalsStart=174515165291, DrawStart=174515380041, FrameDeadline=174527322578, FrameInterval=174514313374, FrameStartTime=16666666, SyncQueued=174515766541, SyncStart=174533893166, IssueDrawCommandsStart=174535054374, SwapBuffers=174541409457, FrameCompleted=9223372036854775807, DequeueBufferDuration=43958, QueueBufferDuration=13403750, GpuCompleted=9223372036854775807, SwapBuffersCompleted=174556602457, DisplayPresentTime=0,
05-28 16:07:22.657 1057 1091 I OpenGLRenderer: Davey! duration=9223371862306ms; Flags=0, FrameTimelineVsyncId=7465, IntendedVsync=174527324259, Vsync=174527324259, InputEventId=0, HandleInputStart=174535465582, AnimationStart=174535468541, PerformTraversalsStart=174535927791, DrawStart=174536194832, FrameDeadline=174560657591, FrameInterval=174535458457, FrameStartTime=16666666, SyncQueued=174536277874, SyncStart=174557138749, IssueDrawCommandsStart=174558200541, SwapBuffers=174560742457, FrameCompleted=9223372036854775807, DequeueBufferDuration=40875, QueueBufferDuration=17741458, GpuCompleted=9223372036854775807, SwapBuffersCompleted=174579821999, DisplayPresentTime=0,
05-28 16:07:22.687 1057 1550 I OpenGLRenderer: Davey! duration=9223371862286ms; Flags=0, FrameTimelineVsyncId=7468, IntendedVsync=174560655377, Vsync=174577322043, InputEventId=0, HandleInputStart=174581979249, AnimationStart=174581981957, PerformTraversalsStart=174582477582, DrawStart=174582670166, FrameDeadline=174593988709, FrameInterval=174581968332, FrameStartTime=16666666, SyncQueued=174582755291, SyncStart=174590419832, IssueDrawCommandsStart=174591913207, SwapBuffers=174595242957, FrameCompleted=9223372036854775807, DequeueBufferDuration=96292, QueueBufferDuration=1420209, GpuCompleted=9223372036854775807, SwapBuffersCompleted=174602285707, DisplayPresentTime=0,
05-28 16:07:23.004 1057 1550 I OpenGLRenderer: Davey! duration=9223371861958ms; Flags=0, FrameTimelineVsyncId=7504, IntendedVsync=174877319290, Vsync=174877319290, InputEventId=0, HandleInputStart=174879884457, AnimationStart=174879886916, PerformTraversalsStart=174880270041, DrawStart=174880428124, FrameDeadline=174910652622, FrameInterval=174879876166, FrameStartTime=16666666, SyncQueued=174880521041, SyncStart=174899752332, IssueDrawCommandsStart=174901025874, SwapBuffers=174918792749, FrameCompleted=9223372036854775807, DequeueBufferDuration=6816166, QueueBufferDuration=1369958, GpuCompleted=9223372036854775807, SwapBuffersCompleted=174921007249, DisplayPresentTime=0,
05-28 16:07:23.087 1057 1550 I OpenGLRenderer: Davey! duration=9223371861872ms; Flags=0, FrameTimelineVsyncId=7514, IntendedVsync=174960650092, Vsync=174960650092, InputEventId=0, HandleInputStart=174961266749, AnimationStart=174961268832, PerformTraversalsStart=174961564457, DrawStart=174961706124, FrameDeadline=174993983424, FrameInterval=174961258082, FrameStartTime=16666666, SyncQueued=174961786457, SyncStart=174983550541, IssueDrawCommandsStart=174985035332, SwapBuffers=175003107874, FrameCompleted=9223372036854775807, DequeueBufferDuration=7503958, QueueBufferDuration=1236542, GpuCompleted=9223372036854775807, SwapBuffersCompleted=175004975291, DisplayPresentTime=0,
05-28 16:07:23.103 1057 1550 I OpenGLRenderer: Davey! duration=9223371861859ms; Flags=0, FrameTimelineVsyncId=7516, IntendedVsync=174977315018, Vsync=174977315018, InputEventId=0, HandleInputStart=174985740582, AnimationStart=174985744374, PerformTraversalsStart=174986782582, DrawStart=174987278874, FrameDeadline=175010648350, FrameInterval=174985732291, FrameStartTime=16666666, SyncQueued=174987636707, SyncStart=175005235457, IssueDrawCommandsStart=175006581374, SwapBuffers=175023036041, FrameCompleted=9223372036854775807, DequeueBufferDuration=5062000, QueueBufferDuration=1455333, GpuCompleted=9223372036854775807, SwapBuffersCompleted=175025429291, DisplayPresentTime=0,
05-28 16:07:23.334 467 515 W IorapForwardingService: No service published for: iorapd
05-28 16:07:24.337 467 515 W IorapForwardingService: No service published for: iorapd
05-28 16:07:24.540 651 651 E WifiHAL : wifi_get_link_stats: requestResponse Error:-5
05-28 16:07:24.543 467 600 E WifiVendorHal: getWifiLinkLayerStats_1_5_Internal(l.1191) failed {.code = ERROR_INVALID_ARGS, .description = }
05-28 16:07:24.769 1158 1158 D bbb : onStartCommand begin !!!!!!! data分区剩余 24837MB
05-28 16:07:24.772 1114 1114 D aaa : LedStatusService onStartCommand begin
05-28 16:07:24.773 1114 3081 D aaa : topPkg is -------------- :com.dangbei.leard.leradlauncher
05-28 16:07:24.776 1114 3081 D aaa : WiFi is connect
05-28 16:07:24.839 261 279 D hdmi-cec: receive invalid cec message!
05-28 16:07:24.839 261 279 D hdmi-cec: receive poll message [04], skip!
05-28 16:07:25.339 467 515 W IorapForwardingService: No service published for: iorapd
05-28 16:07:25.485 1057 1082 I OpenGLRenderer: Davey! duration=9223371859459ms; Flags=0, FrameTimelineVsyncId=7601, IntendedVsync=177394891279, Vsync=177394891279, InputEventId=0, HandleInputStart=177395390709, AnimationStart=177395396209, PerformTraversalsStart=177395962667, DrawStart=177396779792, FrameDeadline=177428224611, FrameInterval=177395381625, FrameStartTime=16666666, SyncQueued=177398450542, SyncStart=177398824584, IssueDrawCommandsStart=177399974084, SwapBuffers=177409066959, FrameCompleted=9223372036854775807, DequeueBufferDuration=53917, QueueBufferDuration=1626250, GpuCompleted=9223372036854775807, SwapBuffersCompleted=177412071292, DisplayPresentTime=0,
05-28 16:07:25.506 415 415 W hdr10p_Configure: 59 callbacks suppressed
05-28 16:07:25.506 415 415 I : DVI mode selected: packets not configured
05-28 16:07:25.506 415 415 W set_vsif_config: 59 callbacks suppressed
05-28 16:07:25.506 415 415 I : Error: set vsif failed
05-28 16:07:25.518 1057 1550 I OpenGLRenderer: Davey! duration=9223371859442ms; Flags=0, FrameTimelineVsyncId=7603, IntendedVsync=177411564150, Vsync=177411564150, InputEventId=0, HandleInputStart=177412334417, AnimationStart=177412339834, PerformTraversalsStart=177413008125, DrawStart=177413690084, FrameDeadline=177444897482, FrameInterval=177412324125, FrameStartTime=16666666, SyncQueued=177414247459, SyncStart=177414553250, IssueDrawCommandsStart=177415611750, SwapBuffers=177432808334, FrameCompleted=9223372036854775807, DequeueBufferDuration=47458, QueueBufferDuration=2062416, GpuCompleted=9223372036854775807, SwapBuffersCompleted=177436097667, DisplayPresentTime=0,
05-28 16:07:25.532 415 415 I : DVI mode selected: packets not configured
05-28 16:07:25.532 415 415 I : Error: set vsif failed
05-28 16:07:25.534 1057 1550 I OpenGLRenderer: Davey! duration=9223371859421ms; Flags=0, FrameTimelineVsyncId=7604, IntendedVsync=177428237021, Vsync=177428237021, InputEventId=0, HandleInputStart=177429040542, AnimationStart=177429046584, PerformTraversalsStart=177430892959, DrawStart=177431119209, FrameDeadline=177461570353, FrameInterval=177429026834, FrameStartTime=16666666, SyncQueued=177431228875, SyncStart=177436407334, IssueDrawCommandsStart=177437330500, SwapBuffers=177449044000, FrameCompleted=9223372036854775807, DequeueBufferDuration=38584, QueueBufferDuration=1420000, GpuCompleted=9223372036854775807, SwapBuffersCompleted=177451300250, DisplayPresentTime=0,
05-28 16:07:25.554 1057 1550 I OpenGLRenderer: Davey! duration=9223371859404ms; Flags=0, FrameTimelineVsyncId=7606, IntendedVsync=177444909892, Vsync=177444909892, InputEventId=0, HandleInputStart=177445658542, AnimationStart=177445665250, PerformTraversalsStart=177446474959, DrawStart=177446641292, FrameDeadline=177478243224, FrameInterval=177445645959, FrameStartTime=16666666, SyncQueued=177446729125, SyncStart=177451998292, IssueDrawCommandsStart=177453327625, SwapBuffers=177462084917, FrameCompleted=9223372036854775807, DequeueBufferDuration=61458, QueueBufferDuration=10054459, GpuCompleted=9223372036854775807, SwapBuffersCompleted=177473857125, DisplayPresentTime=0,
05-28 16:07:25.558 415 415 I : DVI mode selected: packets not configured
05-28 16:07:25.558 415 415 I : Error: set vsif failed
05-28 16:07:25.578 415 415 I : DVI mode selected: packets not configured
05-28 16:07:25.578 415 415 I : Error: set vsif failed
05-28 16:07:25.574 1057 1550 I OpenGLRenderer: Davey! duration=9223371859381ms; Flags=0, FrameTimelineVsyncId=7608, IntendedVsync=177460645963, Vsync=177460645963, InputEventId=0, HandleInputStart=177462336167, AnimationStart=177462344542, PerformTraversalsStart=177463467584, DrawStart=177464144542, FrameDeadline=177493979295, FrameInterval=177462320625, FrameStartTime=16666666, SyncQueued=177464863375, SyncStart=177477949709, IssueDrawCommandsStart=177479159625, SwapBuffers=177492386375, FrameCompleted=9223372036854775807, DequeueBufferDuration=278625, QueueBufferDuration=3890792, GpuCompleted=9223372036854775807, SwapBuffersCompleted=177496902542, DisplayPresentTime=0,
05-28 16:07:25.602 415 415 I : DVI mode selected: packets not configured
05-28 16:07:25.602 415 415 I : Error: set vsif failed
05-28 16:07:25.599 1057 1082 I OpenGLRenderer: Davey! duration=9223371859363ms; Flags=0, FrameTimelineVsyncId=7610, IntendedVsync=177477307455, Vsync=177477307455, InputEventId=0, HandleInputStart=177479660250, AnimationStart=177479663042, PerformTraversalsStart=177483387417, DrawStart=177483602875, FrameDeadline=177510640787, FrameInterval=177479652334, FrameStartTime=16666666, SyncQueued=177483695834, SyncStart=177497217417, IssueDrawCommandsStart=177498319417, SwapBuffers=177508961792, FrameCompleted=9223372036854775807, DequeueBufferDuration=37250, QueueBufferDuration=11875833, GpuCompleted=9223372036854775807, SwapBuffersCompleted=177521974042, DisplayPresentTime=0,
05-28 16:07:25.602 1995 2086 D UtilLog : 日志批量上报 进行正常循环 !!!!!!本次有0次请求,共0条数据
05-28 16:07:25.620 1057 1082 I OpenGLRenderer: Davey! duration=9223371859338ms; Flags=0, FrameTimelineVsyncId=7612, IntendedVsync=177493972212, Vsync=177493972212, InputEventId=0, HandleInputStart=177498692209, AnimationStart=177498694417, PerformTraversalsStart=177499432875, DrawStart=177499673375, FrameDeadline=177527305544, FrameInterval=177498686542, FrameStartTime=16666666, SyncQueued=177499767667, SyncStart=177522559834, IssueDrawCommandsStart=177524929209, SwapBuffers=177537099375, FrameCompleted=9223372036854775807, DequeueBufferDuration=68333, QueueBufferDuration=6249333, GpuCompleted=9223372036854775807, SwapBuffersCompleted=177544700167, DisplayPresentTime=0,
05-28 16:07:25.625 415 415 I : DVI mode selected: packets not configured
05-28 16:07:25.625 415 415 I : Error: set vsif failed
05-28 16:07:25.644 1057 1082 I OpenGLRenderer: Davey! duration=9223371859325ms; Flags=0, FrameTimelineVsyncId=7614, IntendedVsync=177510643549, Vsync=177510643549, InputEventId=0, HandleInputStart=177525446459, AnimationStart=177525452292, PerformTraversalsStart=177526308959, DrawStart=177526496875, FrameDeadline=177543976881, FrameInterval=177525436209, FrameStartTime=16666666, SyncQueued=177526593834, SyncStart=177545211167, IssueDrawCommandsStart=177546670834, SwapBuffers=177550258459, FrameCompleted=9223372036854775807, DequeueBufferDuration=67834, QueueBufferDuration=15981125, GpuCompleted=9223372036854775807, SwapBuffersCompleted=177567189375, DisplayPresentTime=0,
05-28 16:07:25.648 415 415 I : DVI mode selected: packets not configured
05-28 16:07:25.648 415 415 I : Error: set vsif failed
05-28 16:07:25.671 415 415 I : DVI mode selected: packets not configured
05-28 16:07:25.671 415 415 I : Error: set vsif failed
05-28 16:07:25.691 415 415 I : DVI mode selected: packets not configured
05-28 16:07:25.691 415 415 I : Error: set vsif failed
05-28 16:07:25.705 415 415 I : DVI mode selected: packets not configured
05-28 16:07:25.705 415 415 I : Error: set vsif failed
05-28 16:07:25.804 1057 1550 I OpenGLRenderer: Davey! duration=9223371859172ms; Flags=0, FrameTimelineVsyncId=7630, IntendedVsync=177660620407, Vsync=177660620407, InputEventId=0, HandleInputStart=177664603875, AnimationStart=177664607667, PerformTraversalsStart=177665045334, DrawStart=177665227584, FrameDeadline=177693953739, FrameInterval=177664595500, FrameStartTime=16666666, SyncQueued=177665343500, SyncStart=177687366292, IssueDrawCommandsStart=177688324542, SwapBuffers=177698297375, FrameCompleted=9223372036854775807, DequeueBufferDuration=7044958, QueueBufferDuration=1328541, GpuCompleted=9223372036854775807, SwapBuffersCompleted=177702442542, DisplayPresentTime=0,
05-28 16:07:25.903 1057 1091 I OpenGLRenderer: Davey! duration=9223371859064ms; Flags=0, FrameTimelineVsyncId=7641, IntendedVsync=177760596857, Vsync=177760596857, InputEventId=0, HandleInputStart=177770855917, AnimationStart=177770860000, PerformTraversalsStart=177771112375, DrawStart=177771233875, FrameDeadline=177793930189, FrameInterval=177770849500, FrameStartTime=16666666, SyncQueued=177771300417, SyncStart=177801419209, IssueDrawCommandsStart=177802344167, SwapBuffers=177810284417, FrameCompleted=9223372036854775807, DequeueBufferDuration=5158542, QueueBufferDuration=1753875, GpuCompleted=9223372036854775807, SwapBuffersCompleted=177819487542, DisplayPresentTime=0,
05-28 16:07:25.987 1057 1550 I OpenGLRenderer: Davey! duration=9223371858974ms; Flags=0, FrameTimelineVsyncId=7652, IntendedVsync=177860649221, Vsync=177860649221, InputEventId=0, HandleInputStart=177864638750, AnimationStart=177864641542, PerformTraversalsStart=177864963125, DrawStart=177865105000, FrameDeadline=177893982553, FrameInterval=177864629917, FrameStartTime=16666666, SyncQueued=177865192334, SyncStart=177884320500, IssueDrawCommandsStart=177885158459, SwapBuffers=177894068750, FrameCompleted=9223372036854775807, DequeueBufferDuration=5786500, QueueBufferDuration=1527125, GpuCompleted=9223372036854775807, SwapBuffersCompleted=177902887834, DisplayPresentTime=0,
05-28 16:07:26.104 1057 1091 I OpenGLRenderer: Davey! duration=9223371858870ms; Flags=0, FrameTimelineVsyncId=7664, IntendedVsync=177960650448, Vsync=177960650448, InputEventId=0, HandleInputStart=177969155500, AnimationStart=177969159292, PerformTraversalsStart=177969471084, DrawStart=177969618334, FrameDeadline=177993983780, FrameInterval=177969146750, FrameStartTime=16666666, SyncQueued=177969699417, SyncStart=177992968542, IssueDrawCommandsStart=177993846917, SwapBuffers=178002159376, FrameCompleted=9223372036854775807, DequeueBufferDuration=5424542, QueueBufferDuration=1558958, GpuCompleted=9223372036854775807, SwapBuffersCompleted=178006714834, DisplayPresentTime=0,
05-28 16:07:26.136 1057 1082 I OpenGLRenderer: Davey! duration=9223371858830ms; Flags=0, FrameTimelineVsyncId=7670, IntendedVsync=178010651517, Vsync=178010651517, InputEventId=0, HandleInputStart=178011313126, AnimationStart=178011317084, PerformTraversalsStart=178012406042, DrawStart=178012970417, FrameDeadline=178043984849, FrameInterval=178011305209, FrameStartTime=16666666, SyncQueued=178013313001, SyncStart=178026704626, IssueDrawCommandsStart=178028240667, SwapBuffers=178053982501, FrameCompleted=9223372036854775807, DequeueBufferDuration=10145625, QueueBufferDuration=1476250, GpuCompleted=9223372036854775807, SwapBuffersCompleted=178056410792, DisplayPresentTime=0,
05-28 16:07:26.341 467 515 W IorapForwardingService: No service published for: iorapd
05-28 16:07:27.342 467 515 W IorapForwardingService: No service published for: iorapd
05-28 16:07:27.557 651 651 E WifiHAL : wifi_get_link_stats: requestResponse Error:-5
05-28 16:07:27.559 467 600 E WifiVendorHal: getWifiLinkLayerStats_1_5_Internal(l.1191) failed {.code = ERROR_INVALID_ARGS, .description = }
05-28 16:07:28.345 467 515 W IorapForwardingService: No service published for: iorapd
05-28 16:07:28.502 1057 1082 I OpenGLRenderer: Davey! duration=9223371856460ms; Flags=0, FrameTimelineVsyncId=7724, IntendedVsync=180393558542, Vsync=180393558542, InputEventId=0, HandleInputStart=180394157793, AnimationStart=180394163335, PerformTraversalsStart=180395015835, DrawStart=180396129460, FrameDeadline=180426891874, FrameInterval=180394148252, FrameStartTime=16666666, SyncQueued=180397974377, SyncStart=180398374877, IssueDrawCommandsStart=180399413502, SwapBuffers=180419069002, FrameCompleted=9223372036854775807, DequeueBufferDuration=52792, QueueBufferDuration=1684792, GpuCompleted=9223372036854775807, SwapBuffersCompleted=180422152002, DisplayPresentTime=0,
05-28 16:07:28.517 1057 1082 I OpenGLRenderer: Davey! duration=9223371856440ms; Flags=0, FrameTimelineVsyncId=7725, IntendedVsync=180410208314, Vsync=180410208314, InputEventId=0, HandleInputStart=180410908168, AnimationStart=180410914877, PerformTraversalsStart=180416976043, DrawStart=180417559335, FrameDeadline=180443541646, FrameInterval=180410897877, FrameStartTime=16666666, SyncQueued=180418203918, SyncStart=180422488043, IssueDrawCommandsStart=180423905877, SwapBuffers=180441059252, FrameCompleted=9223372036854775807, DequeueBufferDuration=110583, QueueBufferDuration=1622958, GpuCompleted=9223372036854775807, SwapBuffersCompleted=180443925002, DisplayPresentTime=0,
05-28 16:07:28.538 1057 1082 I OpenGLRenderer: Davey! duration=9223371856413ms; Flags=0, FrameTimelineVsyncId=7727, IntendedVsync=180426858086, Vsync=180426858086, InputEventId=0, HandleInputStart=180427751418, AnimationStart=180427758210, PerformTraversalsStart=180429212585, DrawStart=180429431585, FrameDeadline=180460191418, FrameInterval=180427738502, FrameStartTime=16666666, SyncQueued=180429529168, SyncStart=180444408252, IssueDrawCommandsStart=180446131127, SwapBuffers=180456635210, FrameCompleted=9223372036854775807, DequeueBufferDuration=61166, QueueBufferDuration=2741958, GpuCompleted=9223372036854775807, SwapBuffersCompleted=180460290377, DisplayPresentTime=0,
05-28 16:07:28.560 1057 1082 I OpenGLRenderer: Davey! duration=9223371856398ms; Flags=0, FrameTimelineVsyncId=7729, IntendedVsync=180443507858, Vsync=180443507858, InputEventId=0, HandleInputStart=180447069252, AnimationStart=180447073877, PerformTraversalsStart=180447910752, DrawStart=180448212502, FrameDeadline=180476841190, FrameInterval=180447059918, FrameStartTime=16666666, SyncQueued=180448295543, SyncStart=180461465835, IssueDrawCommandsStart=180462868835, SwapBuffers=180473703168, FrameCompleted=9223372036854775807, DequeueBufferDuration=49334, QueueBufferDuration=8854917, GpuCompleted=9223372036854775807, SwapBuffersCompleted=180483546127, DisplayPresentTime=0,
05-28 16:07:28.584 1057 1082 I OpenGLRenderer: Davey! duration=9223371856375ms; Flags=0, FrameTimelineVsyncId=7731, IntendedVsync=180460157630, Vsync=180460157630, InputEventId=0, HandleInputStart=180463372918, AnimationStart=180463375835, PerformTraversalsStart=180464174710, DrawStart=180464403127, FrameDeadline=180493490962, FrameInterval=180463365335, FrameStartTime=16666666, SyncQueued=180464510585, SyncStart=180483853627, IssueDrawCommandsStart=180484990460, SwapBuffers=180487134752, FrameCompleted=9223372036854775807, DequeueBufferDuration=39459, QueueBufferDuration=18812291, GpuCompleted=9223372036854775807, SwapBuffersCompleted=180506759918, DisplayPresentTime=0,
05-28 16:07:28.616 1057 1082 I OpenGLRenderer: Davey! duration=9223371856354ms; Flags=0, FrameTimelineVsyncId=7733, IntendedVsync=180477295737, Vsync=180477295737, InputEventId=0, HandleInputStart=180486107293, AnimationStart=180486109793, PerformTraversalsStart=180487079793, DrawStart=180487691918, FrameDeadline=180510629069, FrameInterval=180486097085, FrameStartTime=16666666, SyncQueued=180488359668, SyncStart=180510989543, IssueDrawCommandsStart=180512141377, SwapBuffers=180522770543, FrameCompleted=9223372036854775807, DequeueBufferDuration=55042, QueueBufferDuration=1322708, GpuCompleted=9223372036854775807, SwapBuffersCompleted=180530181293, DisplayPresentTime=0,
05-28 16:07:28.633 1057 1082 I OpenGLRenderer: Davey! duration=9223371856343ms; Flags=0, FrameTimelineVsyncId=7735, IntendedVsync=180493954538, Vsync=180510621204, InputEventId=0, HandleInputStart=180512554335, AnimationStart=180512557043, PerformTraversalsStart=180513238418, DrawStart=180513418585, FrameDeadline=180527287870, FrameInterval=180512543168, FrameStartTime=16666666, SyncQueued=180513506085, SyncStart=180530431168, IssueDrawCommandsStart=180531425085, SwapBuffers=180538082460, FrameCompleted=9223372036854775807, DequeueBufferDuration=28541, QueueBufferDuration=14342459, GpuCompleted=9223372036854775807, SwapBuffersCompleted=180553482210, DisplayPresentTime=0,
05-28 16:07:28.653 1057 1082 I OpenGLRenderer: Davey! duration=9223371856306ms; Flags=0, FrameTimelineVsyncId=7737, IntendedVsync=180527292062, Vsync=180527292062, InputEventId=0, HandleInputStart=180531791835, AnimationStart=180531794752, PerformTraversalsStart=180532447543, DrawStart=180532598585, FrameDeadline=180560625394, FrameInterval=180531785835, FrameStartTime=16666666, SyncQueued=180532674502, SyncStart=180553847127, IssueDrawCommandsStart=180555025210, SwapBuffers=180562641752, FrameCompleted=9223372036854775807, DequeueBufferDuration=45791, QueueBufferDuration=11448042, GpuCompleted=9223372036854775807, SwapBuffersCompleted=180576669960, DisplayPresentTime=0,
05-28 16:07:28.677 1057 1091 I OpenGLRenderer: Davey! duration=9223371856290ms; Flags=0, FrameTimelineVsyncId=7739, IntendedVsync=180543951104, Vsync=180543951104, InputEventId=0, HandleInputStart=180555398668, AnimationStart=180555401460, PerformTraversalsStart=180556241252, DrawStart=180556412918, FrameDeadline=180577284436, FrameInterval=180555391252, FrameStartTime=16666666, SyncQueued=180556495293, SyncStart=180577157585, IssueDrawCommandsStart=180578790377, SwapBuffers=180582304168, FrameCompleted=9223372036854775807, DequeueBufferDuration=63708, QueueBufferDuration=16208583, GpuCompleted=9223372036854775807, SwapBuffersCompleted=180599409585, DisplayPresentTime=0,
05-28 16:07:28.687 1057 1550 I OpenGLRenderer: Davey! duration=9223371856275ms; Flags=0, FrameTimelineVsyncId=7741, IntendedVsync=180560618900, Vsync=180577285566, InputEventId=0, HandleInputStart=180579366085, AnimationStart=180579370877, PerformTraversalsStart=180580954293, DrawStart=180581136918, FrameDeadline=180593952232, FrameInterval=180579348585, FrameStartTime=16666666, SyncQueued=180581235502, SyncStart=180599802502, IssueDrawCommandsStart=180601164585, SwapBuffers=180603839293, FrameCompleted=9223372036854775807, DequeueBufferDuration=59000, QueueBufferDuration=5037000, GpuCompleted=9223372036854775807, SwapBuffersCompleted=180610119002, DisplayPresentTime=0,
05-28 16:07:28.787 1057 1091 I OpenGLRenderer: Davey! duration=9223371856173ms; Flags=0, FrameTimelineVsyncId=7755, IntendedVsync=180677265203, Vsync=180677265203, InputEventId=0, HandleInputStart=180678155543, AnimationStart=180678162835, PerformTraversalsStart=180678817543, DrawStart=180678961377, FrameDeadline=180710598535, FrameInterval=180678144335, FrameStartTime=16666666, SyncQueued=180679043127, SyncStart=180682673793, IssueDrawCommandsStart=180683782127, SwapBuffers=180694627668, FrameCompleted=9223372036854775807, DequeueBufferDuration=7447875, QueueBufferDuration=1529291, GpuCompleted=9223372036854775807, SwapBuffersCompleted=180703159627, DisplayPresentTime=0,
05-28 16:07:28.937 1057 1091 I OpenGLRenderer: Davey! duration=9223371856045ms; Flags=0, FrameTimelineVsyncId=7769, IntendedVsync=180793914722, Vsync=180793914722, InputEventId=0, HandleInputStart=180794793377, AnimationStart=180794799669, PerformTraversalsStart=180795874294, DrawStart=180796107710, FrameDeadline=180827248054, FrameInterval=180794782627, FrameStartTime=16666666, SyncQueued=180796672919, SyncStart=180812215335, IssueDrawCommandsStart=180813548794, SwapBuffers=180838420169, FrameCompleted=9223372036854775807, DequeueBufferDuration=7487000, QueueBufferDuration=1584417, GpuCompleted=9223372036854775807, SwapBuffersCompleted=180840816377, DisplayPresentTime=0,
05-28 16:07:29.119 1057 1082 I OpenGLRenderer: Davey! duration=9223371855846ms; Flags=0, FrameTimelineVsyncId=7790, IntendedVsync=180993985881, Vsync=180993985881, InputEventId=0, HandleInputStart=181000392169, AnimationStart=181000397002, PerformTraversalsStart=181003699877, DrawStart=181004321960, FrameDeadline=181027319213, FrameInterval=181000383252, FrameStartTime=16666666, SyncQueued=181004680210, SyncStart=181018763252, IssueDrawCommandsStart=181020390460, SwapBuffers=181039273877, FrameCompleted=9223372036854775807, DequeueBufferDuration=3066125, QueueBufferDuration=1654500, GpuCompleted=9223372036854775807, SwapBuffersCompleted=181041803335, DisplayPresentTime=0,
05-28 16:07:29.347 467 515 W IorapForwardingService: No service published for: iorapd
05-28 16:07:30.349 467 515 W IorapForwardingService: No service published for: iorapd
05-28 16:07:30.573 651 651 E WifiHAL : wifi_get_link_stats: requestResponse Error:-5
05-28 16:07:30.576 467 600 E WifiVendorHal: getWifiLinkLayerStats_1_5_Internal(l.1191) failed {.code = ERROR_INVALID_ARGS, .description = }
05-28 16:07:31.351 467 515 W IorapForwardingService: No service published for: iorapd
05-28 16:07:31.514 415 415 W hdr10p_Configure: 57 callbacks suppressed
05-28 16:07:31.514 415 415 I : DVI mode selected: packets not configured
05-28 16:07:31.514 415 415 W set_vsif_config: 57 callbacks suppressed
05-28 16:07:31.514 415 415 I : Error: set vsif failed
05-28 16:07:31.517 1057 1082 I OpenGLRenderer: Davey! duration=9223371853441ms; Flags=0, FrameTimelineVsyncId=7820, IntendedVsync=183411091085, Vsync=183411091085, InputEventId=0, HandleInputStart=183411577920, AnimationStart=183411582295, PerformTraversalsStart=183412243128, DrawStart=183412702753, FrameDeadline=183444424417, FrameInterval=183411568836, FrameStartTime=16666666, SyncQueued=183413320920, SyncStart=183415243086, IssueDrawCommandsStart=183416925711, SwapBuffers=183430377003, FrameCompleted=9223372036854775807, DequeueBufferDuration=59417, QueueBufferDuration=1255667, GpuCompleted=9223372036854775807, SwapBuffersCompleted=183432643961, DisplayPresentTime=0,
05-28 16:07:31.535 415 415 I : DVI mode selected: packets not configured
05-28 16:07:31.535 415 415 I : Error: set vsif failed
