05-28 16:07:04.788 1057 1082 I OpenGLRenderer: Davey! duration=9223371880177ms; Flags=0, FrameTimelineVsyncId=6681, IntendedVsync=156660608799, Vsync=156660608799, InputEventId=0, HandleInputStart=156661875782, AnimationStart=156661878324, PerformTraversalsStart=156662192032, DrawStart=156662564574, FrameDeadline=156693942131, FrameInterval=156661869657, FrameStartTime=16666666, SyncQueued=156662664615, SyncStart=156679270907, IssueDrawCommandsStart=156680600240, SwapBuffers=156690267115, FrameCompleted=9223372036854775807, DequeueBufferDuration=7446125, QueueBufferDuration=1327042, GpuCompleted=9223372036854775807, SwapBuffersCompleted=156702046824, DisplayPresentTime=0,
05-28 16:07:04.887 1057 1082 I OpenGLRenderer: Davey! duration=9223371880078ms; Flags=0, FrameTimelineVsyncId=6692, IntendedVsync=156760599492, Vsync=156760599492, InputEventId=0, HandleInputStart=156766790324, AnimationStart=156766792490, PerformTraversalsStart=156767037699, DrawStart=156767152240, FrameDeadline=156793932824, FrameInterval=156766784990, FrameStartTime=16666666, SyncQueued=156767221907, SyncStart=156782620574, IssueDrawCommandsStart=156783797490, SwapBuffers=156802411949, FrameCompleted=9223372036854775807, DequeueBufferDuration=8121625, QueueBufferDuration=1055000, GpuCompleted=9223372036854775807, SwapBuffersCompleted=156804099407, DisplayPresentTime=0,
05-28 16:07:04.946 2682 2738 I efs.base: wa upload succ, HttpResponse {succ=true, code=200, data='暂不支持该服务', extra={req_url=https://errlog.umeng.com/api/crashsdk/logcollect}}
05-28 16:07:05.086 1057 1082 I OpenGLRenderer: Davey! duration=9223371879889ms; Flags=0, FrameTimelineVsyncId=6715, IntendedVsync=156960652178, Vsync=156960652178, InputEventId=0, HandleInputStart=156971032115, AnimationStart=156971037157, PerformTraversalsStart=156972101657, DrawStart=156972607907, FrameDeadline=156993985510, FrameInterval=156971023574, FrameStartTime=16666666, SyncQueued=156972877199, SyncStart=156977283407, IssueDrawCommandsStart=156978958074, SwapBuffers=156998327782, FrameCompleted=9223372036854775807, DequeueBufferDuration=8162084, QueueBufferDuration=1416917, GpuCompleted=9223372036854775807, SwapBuffersCompleted=157000566615, DisplayPresentTime=0,
05-28 16:07:05.296 467 515 W IorapForwardingService: No service published for: iorapd
05-28 16:07:05.599 1995 2086 D UtilLog : 日志批量上报 进行正常循环 !!!!!!本次有0次请求,共0条数据
05-28 16:07:06.299 467 515 W IorapForwardingService: No service published for: iorapd
05-28 16:07:06.449 651 651 E WifiHAL : wifi_get_link_stats: requestResponse Error:-5
05-28 16:07:06.452 467 600 E WifiVendorHal: getWifiLinkLayerStats_1_5_Internal(l.1191) failed {.code = ERROR_INVALID_ARGS, .description = }
05-28 16:07:06.607 467 732 D WifiNl80211Manager: Scan result ready event
05-28 16:07:06.607 467 732 D WifiNative: Scan result ready event
05-28 16:07:06.642 467 605 D WificondScannerImpl: Filtering out 1 scan results.
05-28 16:07:06.662 651 651 E WifiHAL : wifi_get_link_stats: requestResponse Error:-5
05-28 16:07:06.664 467 600 E WifiVendorHal: getWifiLinkLayerStats_1_5_Internal(l.1191) failed {.code = ERROR_INVALID_ARGS, .description = }
05-28 16:07:07.301 467 515 W IorapForwardingService: No service published for: iorapd
05-28 16:07:07.481 415 415 W hdr10p_Configure: 58 callbacks suppressed
05-28 16:07:07.481 415 415 I : DVI mode selected: packets not configured
05-28 16:07:07.481 415 415 W set_vsif_config: 58 callbacks suppressed
05-28 16:07:07.481 415 415 I : Error: set vsif failed
05-28 16:07:07.483 1057 1550 I OpenGLRenderer: Davey! duration=9223371877476ms; Flags=0, FrameTimelineVsyncId=6771, IntendedVsync=159378231965, Vsync=159378231965, InputEventId=0, HandleInputStart=159379321492, AnimationStart=159379326283, PerformTraversalsStart=159381562283, DrawStart=159382363992, FrameDeadline=159411565297, FrameInterval=159379225908, FrameStartTime=16666666, SyncQueued=159383582325, SyncStart=159383967367, IssueDrawCommandsStart=159385599700, SwapBuffers=159398379242, FrameCompleted=9223372036854775807, DequeueBufferDuration=62167, QueueBufferDuration=1315125, GpuCompleted=9223372036854775807, SwapBuffersCompleted=159400623825, DisplayPresentTime=0,
05-28 16:07:07.503 415 415 I : DVI mode selected: packets not configured
05-28 16:07:07.503 415 415 I : Error: set vsif failed
05-28 16:07:07.499 1057 1082 I OpenGLRenderer: Davey! duration=9223371877456ms; Flags=0, FrameTimelineVsyncId=6773, IntendedVsync=159394908762, Vsync=159394908762, InputEventId=0, HandleInputStart=159396196075, AnimationStart=159396200700, PerformTraversalsStart=159397838325, DrawStart=159397995992, FrameDeadline=159428242094, FrameInterval=159396185033, FrameStartTime=16666666, SyncQueued=159398070367, SyncStart=159401019700, IssueDrawCommandsStart=159402227408, SwapBuffers=159412598200, FrameCompleted=9223372036854775807, DequeueBufferDuration=61000, QueueBufferDuration=8706667, GpuCompleted=9223372036854775807, SwapBuffersCompleted=159422676325, DisplayPresentTime=0,
05-28 16:07:07.527 415 415 I : DVI mode selected: packets not configured
05-28 16:07:07.527 415 415 I : Error: set vsif failed
05-28 16:07:07.523 1057 1082 I OpenGLRenderer: Davey! duration=9223371877434ms; Flags=0, FrameTimelineVsyncId=6775, IntendedVsync=159411585559, Vsync=159411585559, InputEventId=0, HandleInputStart=159413135075, AnimationStart=159413138617, PerformTraversalsStart=159414356617, DrawStart=159414837575, FrameDeadline=159444918891, FrameInterval=159413123367, FrameStartTime=16666666, SyncQueued=159414932783, SyncStart=159423372992, IssueDrawCommandsStart=159424817867, SwapBuffers=159432878200, FrameCompleted=9223372036854775807, DequeueBufferDuration=93916, QueueBufferDuration=12180459, GpuCompleted=9223372036854775807, SwapBuffersCompleted=159445840700, DisplayPresentTime=0,
05-28 16:07:07.549 415 415 I : DVI mode selected: packets not configured
05-28 16:07:07.549 415 415 I : Error: set vsif failed
05-28 16:07:07.548 1057 1550 I OpenGLRenderer: Davey! duration=9223371877405ms; Flags=0, FrameTimelineVsyncId=6777, IntendedVsync=159427307931, Vsync=159427307931, InputEventId=0, HandleInputStart=159427900492, AnimationStart=159427903908, PerformTraversalsStart=159429049658, DrawStart=159429670117, FrameDeadline=159460641263, FrameInterval=159427889950, FrameStartTime=16666666, SyncQueued=159430382533, SyncStart=159452228825, IssueDrawCommandsStart=159453611742, SwapBuffers=159462432325, FrameCompleted=9223372036854775807, DequeueBufferDuration=63500, QueueBufferDuration=5444958, GpuCompleted=9223372036854775807, SwapBuffersCompleted=159468959158, DisplayPresentTime=0,
05-28 16:07:07.568 1057 1550 I OpenGLRenderer: Davey! duration=9223371877397ms; Flags=0, FrameTimelineVsyncId=6779, IntendedVsync=159443966433, Vsync=159443966433, InputEventId=0, HandleInputStart=159454141283, AnimationStart=159454145950, PerformTraversalsStart=159455970867, DrawStart=159456372617, FrameDeadline=159477299765, FrameInterval=159454131367, FrameStartTime=16666666, SyncQueued=159456538408, SyncStart=159469441658, IssueDrawCommandsStart=159470779825, SwapBuffers=159477328867, FrameCompleted=9223372036854775807, DequeueBufferDuration=53959, QueueBufferDuration=14188625, GpuCompleted=9223372036854775807, SwapBuffersCompleted=159493178325, DisplayPresentTime=0,
05-28 16:07:07.573 415 415 I : DVI mode selected: packets not configured
05-28 16:07:07.573 415 415 I : Error: set vsif failed
05-28 16:07:07.584 1057 1082 I OpenGLRenderer: Davey! duration=9223371877373ms; Flags=0, FrameTimelineVsyncId=6780, IntendedVsync=159460620028, Vsync=159460620028, InputEventId=0, HandleInputStart=159471346117, AnimationStart=159471350783, PerformTraversalsStart=159472491033, DrawStart=159473079533, FrameDeadline=159493953360, FrameInterval=159471337450, FrameStartTime=16666666, SyncQueued=159473203367, SyncStart=159493626783, IssueDrawCommandsStart=159495302533, SwapBuffers=159504314075, FrameCompleted=9223372036854775807, DequeueBufferDuration=79666, QueueBufferDuration=2510250, GpuCompleted=9223372036854775807, SwapBuffersCompleted=159508368117, DisplayPresentTime=0,
05-28 16:07:07.588 415 415 I : DVI mode selected: packets not configured
05-28 16:07:07.588 415 415 I : Error: set vsif failed
05-28 16:07:07.605 415 415 I : DVI mode selected: packets not configured
05-28 16:07:07.605 415 415 I : Error: set vsif failed
05-28 16:07:07.622 415 415 I : DVI mode selected: packets not configured
05-28 16:07:07.622 415 415 I : Error: set vsif failed
05-28 16:07:07.643 415 415 I : DVI mode selected: packets not configured
05-28 16:07:07.643 415 415 I : Error: set vsif failed
05-28 16:07:07.663 415 415 I : DVI mode selected: packets not configured
05-28 16:07:07.663 415 415 I : Error: set vsif failed
05-28 16:07:07.768 1057 1550 I OpenGLRenderer: Davey! duration=9223371877193ms; Flags=0, FrameTimelineVsyncId=6804, IntendedVsync=159660596879, Vsync=159660596879, InputEventId=0, HandleInputStart=159662248908, AnimationStart=159662255783, PerformTraversalsStart=159663707492, DrawStart=159663894408, FrameDeadline=159693930211, FrameInterval=159662235575, FrameStartTime=16666666, SyncQueued=159664069867, SyncStart=159664863117, IssueDrawCommandsStart=159666818700, SwapBuffers=159671453575, FrameCompleted=9223372036854775807, DequeueBufferDuration=2656708, QueueBufferDuration=1113709, GpuCompleted=9223372036854775807, SwapBuffersCompleted=159673339617, DisplayPresentTime=0,
05-28 16:07:08.020 1057 1091 I OpenGLRenderer: Davey! duration=9223371876944ms; Flags=0, FrameTimelineVsyncId=6829, IntendedVsync=159877318048, Vsync=159877318048, InputEventId=0, HandleInputStart=159877902700, AnimationStart=159877907325, PerformTraversalsStart=159878515034, DrawStart=159878656409, FrameDeadline=159910651380, FrameInterval=159877893534, FrameStartTime=16666666, SyncQueued=159878733325, SyncStart=159911394825, IssueDrawCommandsStart=159912838492, SwapBuffers=159935262492, FrameCompleted=9223372036854775807, DequeueBufferDuration=8271542, QueueBufferDuration=1438500, GpuCompleted=9223372036854775807, SwapBuffersCompleted=159937538700, DisplayPresentTime=0,
05-28 16:07:08.116 1057 1091 I OpenGLRenderer: Davey! duration=9223371876859ms; Flags=0, FrameTimelineVsyncId=6840, IntendedVsync=159977317540, Vsync=159977317540, InputEventId=0, HandleInputStart=159978046325, AnimationStart=159978050825, PerformTraversalsStart=159979579284, DrawStart=159980198742, FrameDeadline=160010650872, FrameInterval=159978036367, FrameStartTime=16666666, SyncQueued=159980872784, SyncStart=159998970825, IssueDrawCommandsStart=160000214450, SwapBuffers=160024372617, FrameCompleted=9223372036854775807, DequeueBufferDuration=7120541, QueueBufferDuration=3022166, GpuCompleted=9223372036854775807, SwapBuffersCompleted=160028977367, DisplayPresentTime=0,
05-28 16:07:08.302 467 515 W IorapForwardingService: No service published for: iorapd
05-28 16:07:08.672 1114 1114 D aaa : LedStatusService onStartCommand begin
05-28 16:07:08.673 1114 3052 D aaa : topPkg is -------------- :com.dangbei.leard.leradlauncher
05-28 16:07:08.676 1158 1158 D bbb : onStartCommand begin !!!!!!! data分区剩余 24837MB
05-28 16:07:08.679 1114 3052 D aaa : WiFi is connect
05-28 16:07:08.764 2682 2691 I gbei.screencas: Background concurrent copying GC freed 78101(6776KB) AllocSpace objects, 1(20KB) LOS objects, 49% free, 6248KB/12MB, paused 232us total 142.319ms
05-28 16:07:09.305 467 515 W IorapForwardingService: No service published for: iorapd
05-28 16:07:09.327 2815 2880 D nStackXCoAP: IsInSameNetwork:[276] :IsInSameNetwork exec
05-28 16:07:09.327 2815 2880 I nStackXDFinder: GetLocalInterfaceDetail:[461] :GetLocalInterfaceDetail in
05-28 16:07:09.328 2815 2880 E nStackXCoAP: IsInSameNetwork:[281] :IsInSameNetwork: not priority process
05-28 16:07:09.328 2815 2880 D nStackXCoAP: ParseServiceDiscover:[330] :new device join
05-28 16:07:09.328 2815 2880 I nStackXDFinder: NotifyDeviceListChanged:[540] :notify callback: device list changed callback is null
05-28 16:07:09.328 2815 2880 E nStackXDFinder: GetLocalIp:[401] :GetLocalIp exec
05-28 16:07:09.459 2815 2880 D nStackXCoAP: IsInSameNetwork:[276] :IsInSameNetwork exec
05-28 16:07:09.459 2815 2880 I nStackXDFinder: GetLocalInterfaceDetail:[461] :GetLocalInterfaceDetail in
05-28 16:07:09.459 2815 2880 E nStackXCoAP: IsInSameNetwork:[281] :IsInSameNetwork: not priority process
05-28 16:07:09.459 2815 2880 D nStackXCoAP: ParseServiceDiscover:[330] :new device join
05-28 16:07:09.459 2815 2880 E nStackXDFinder: GetLocalIp:[401] :GetLocalIp exec
05-28 16:07:09.467 651 651 E WifiHAL : wifi_get_link_stats: requestResponse Error:-5
05-28 16:07:09.468 467 600 E WifiVendorHal: getWifiLinkLayerStats_1_5_Internal(l.1191) failed {.code = ERROR_INVALID_ARGS, .description = }
05-28 16:07:09.516 2815 2880 D nStackXCoAP: IsInSameNetwork:[276] :IsInSameNetwork exec
05-28 16:07:09.516 2815 2880 I nStackXDFinder: GetLocalInterfaceDetail:[461] :GetLocalInterfaceDetail in
05-28 16:07:09.516 2815 2880 E nStackXCoAP: IsInSameNetwork:[281] :IsInSameNetwork: not priority process
05-28 16:07:09.516 2815 2880 D nStackXCoAP: ParseServiceDiscover:[330] :new device join
05-28 16:07:09.516 2815 2880 E nStackXDFinder: GetLocalIp:[401] :GetLocalIp exec
05-28 16:07:09.546 2815 2880 D nStackXCoAP: IsInSameNetwork:[276] :IsInSameNetwork exec
05-28 16:07:09.546 2815 2880 I nStackXDFinder: GetLocalInterfaceDetail:[461] :GetLocalInterfaceDetail in
05-28 16:07:09.546 2815 2880 E nStackXCoAP: IsInSameNetwork:[281] :IsInSameNetwork: not priority process
05-28 16:07:09.546 2815 2880 D nStackXCoAP: ParseServiceDiscover:[330] :new device join
05-28 16:07:09.546 2815 2880 E nStackXDFinder: GetLocalIp:[401] :GetLocalIp exec
05-28 16:07:09.812 261 279 D hdmi-cec: receive invalid cec message!
05-28 16:07:09.812 261 279 D hdmi-cec: receive poll message [04], skip!
05-28 16:07:09.825 2815 2880 D nStackXCoAP: IsInSameNetwork:[276] :IsInSameNetwork exec
05-28 16:07:09.825 2815 2880 I nStackXDFinder: GetLocalInterfaceDetail:[461] :GetLocalInterfaceDetail in
05-28 16:07:09.825 2815 2880 E nStackXCoAP: IsInSameNetwork:[281] :IsInSameNetwork: not priority process
05-28 16:07:09.825 2815 2880 D nStackXCoAP: ParseServiceDiscover:[330] :new device join
05-28 16:07:09.826 2815 2880 E nStackXDFinder: GetLocalIp:[401] :GetLocalIp exec
05-28 16:07:09.942 2815 2880 D nStackXCoAP: IsInSameNetwork:[276] :IsInSameNetwork exec
05-28 16:07:09.942 2815 2880 I nStackXDFinder: GetLocalInterfaceDetail:[461] :GetLocalInterfaceDetail in
05-28 16:07:09.942 2815 2880 E nStackXCoAP: IsInSameNetwork:[281] :IsInSameNetwork: not priority process
05-28 16:07:09.942 2815 2880 D nStackXCoAP: ParseServiceDiscover:[330] :new device join
05-28 16:07:09.942 2815 2880 E nStackXDFinder: GetLocalIp:[401] :GetLocalIp exec
05-28 16:07:09.985 2815 2880 D nStackXCoAP: CoapMessageHandler:[133] :2.01
05-28 16:07:10.012 2815 2880 D nStackXCoAP: CoapMessageHandler:[133] :2.01
05-28 16:07:10.012 2815 2880 D nStackXCoAP: CoapMessageHandler:[133] :2.01
05-28 16:07:10.025 2815 2880 D nStackXCoAP: IsInSameNetwork:[276] :IsInSameNetwork exec
05-28 16:07:10.025 2815 2880 I nStackXDFinder: GetLocalInterfaceDetail:[461] :GetLocalInterfaceDetail in
05-28 16:07:10.025 2815 2880 E nStackXCoAP: IsInSameNetwork:[281] :IsInSameNetwork: not priority process
05-28 16:07:10.025 2815 2880 D nStackXCoAP: ParseServiceDiscover:[330] :new device join
05-28 16:07:10.025 2815 2880 E nStackXDFinder: GetLocalIp:[401] :GetLocalIp exec
05-28 16:07:10.045 2815 2880 D nStackXCoAP: CoapMessageHandler:[133] :2.01
05-28 16:07:10.045 2815 2880 D nStackXCoAP: CoapMessageHandler:[133] :2.01
05-28 16:07:10.045 2815 2880 D nStackXCoAP: CoapMessageHandler:[133] :2.01
05-28 16:07:10.061 2815 2880 D nStackXCoAP: CoapMessageHandler:[133] :2.01
05-28 16:07:10.136 2815 2880 D nStackXCoAP: IsInSameNetwork:[276] :IsInSameNetwork exec
05-28 16:07:10.136 2815 2880 I nStackXDFinder: GetLocalInterfaceDetail:[461] :GetLocalInterfaceDetail in
05-28 16:07:10.136 2815 2880 E nStackXCoAP: IsInSameNetwork:[281] :IsInSameNetwork: not priority process
05-28 16:07:10.136 2815 2880 D nStackXCoAP: ParseServiceDiscover:[330] :new device join
05-28 16:07:10.136 2815 2880 E nStackXDFinder: GetLocalIp:[401] :GetLocalIp exec
05-28 16:07:10.307 467 515 W IorapForwardingService: No service published for: iorapd
05-28 16:07:10.311 2815 2880 D nStackXCoAP: IsInSameNetwork:[276] :IsInSameNetwork exec
05-28 16:07:10.311 2815 2880 I nStackXDFinder: GetLocalInterfaceDetail:[461] :GetLocalInterfaceDetail in
05-28 16:07:10.311 2815 2880 E nStackXCoAP: IsInSameNetwork:[281] :IsInSameNetwork: not priority process
05-28 16:07:10.311 2815 2880 D nStackXCoAP: ParseServiceDiscover:[330] :new device join
05-28 16:07:10.311 2815 2880 E nStackXDFinder: GetLocalIp:[401] :GetLocalIp exec
05-28 16:07:10.401 2815 2880 D nStackXCoAP: CoapMessageHandler:[133] :2.01
05-28 16:07:10.402 2815 2880 D nStackXCoAP: CoapMessageHandler:[133] :2.01
05-28 16:07:10.483 1057 1091 I OpenGLRenderer: Davey! duration=9223371874476ms; Flags=0, FrameTimelineVsyncId=6869, IntendedVsync=162377728965, Vsync=162377728965, InputEventId=0, HandleInputStart=162378846243, AnimationStart=162378851660, PerformTraversalsStart=162379740826, DrawStart=162381276535, FrameDeadline=162411062297, FrameInterval=162378835785, FrameStartTime=16666666, SyncQueued=162382359701, SyncStart=162382805285, IssueDrawCommandsStart=162384387493, SwapBuffers=162395722035, FrameCompleted=9223372036854775807, DequeueBufferDuration=56042, QueueBufferDuration=1104042, GpuCompleted=9223372036854775807, SwapBuffersCompleted=162398718160, DisplayPresentTime=0,
05-28 16:07:10.499 2815 2880 D nStackXCoAP: IsInSameNetwork:[276] :IsInSameNetwork exec
05-28 16:07:10.499 2815 2880 I nStackXDFinder: GetLocalInterfaceDetail:[461] :GetLocalInterfaceDetail in
05-28 16:07:10.499 2815 2880 E nStackXCoAP: IsInSameNetwork:[281] :IsInSameNetwork: not priority process
05-28 16:07:10.499 2815 2880 D nStackXCoAP: ParseServiceDiscover:[330] :new device join
05-28 16:07:10.499 2815 2880 E nStackXDFinder: GetLocalIp:[401] :GetLocalIp exec
05-28 16:07:10.501 1057 1091 I OpenGLRenderer: Davey! duration=9223371874458ms; Flags=0, FrameTimelineVsyncId=6871, IntendedVsync=162394394818, Vsync=162394394818, InputEventId=0, HandleInputStart=162395446701, AnimationStart=162395452910, PerformTraversalsStart=162396649535, DrawStart=162396917785, FrameDeadline=162427728150, FrameInterval=162395437493, FrameStartTime=16666666, SyncQueued=162396986785, SyncStart=162399015493, IssueDrawCommandsStart=162400363451, SwapBuffers=162410733076, FrameCompleted=9223372036854775807, DequeueBufferDuration=714167, QueueBufferDuration=8872167, GpuCompleted=9223372036854775807, SwapBuffersCompleted=162420676910, DisplayPresentTime=0,
05-28 16:07:10.521 1057 1091 I OpenGLRenderer: Davey! duration=9223371874435ms; Flags=0, FrameTimelineVsyncId=6873, IntendedVsync=162411060671, Vsync=162411060671, InputEventId=0, HandleInputStart=162411870201, AnimationStart=162411876368, PerformTraversalsStart=162412959660, DrawStart=162413107785, FrameDeadline=162444394003, FrameInterval=162411857493, FrameStartTime=16666666, SyncQueued=162413197493, SyncStart=162421218743, IssueDrawCommandsStart=162423773410, SwapBuffers=162435759201, FrameCompleted=9223372036854775807, DequeueBufferDuration=83625, QueueBufferDuration=7110708, GpuCompleted=9223372036854775807, SwapBuffersCompleted=162443667035, DisplayPresentTime=0,
05-28 16:07:10.544 1057 1091 I OpenGLRenderer: Davey! duration=9223371874414ms; Flags=0, FrameTimelineVsyncId=6875, IntendedVsync=162427285652, Vsync=162427285652, InputEventId=0, HandleInputStart=162428900618, AnimationStart=162428908451, PerformTraversalsStart=162429964410, DrawStart=162430793826, FrameDeadline=162460618984, FrameInterval=162428884910, FrameStartTime=16666666, SyncQueued=162430895993, SyncStart=162443987410, IssueDrawCommandsStart=162445588868, SwapBuffers=162450111035, FrameCompleted=9223372036854775807, DequeueBufferDuration=59375, QueueBufferDuration=16068959, GpuCompleted=9223372036854775807, SwapBuffersCompleted=162467331368, DisplayPresentTime=0,
05-28 16:07:10.568 2815 2880 D nStackXCoAP: IsInSameNetwork:[276] :IsInSameNetwork exec
05-28 16:07:10.568 2815 2880 I nStackXDFinder: GetLocalInterfaceDetail:[461] :GetLocalInterfaceDetail in
05-28 16:07:10.568 2815 2880 E nStackXCoAP: IsInSameNetwork:[281] :IsInSameNetwork: not priority process
05-28 16:07:10.569 2815 2880 D nStackXCoAP: ParseServiceDiscover:[330] :new device join
05-28 16:07:10.569 2815 2880 E nStackXDFinder: GetLocalIp:[401] :GetLocalIp exec
05-28 16:07:10.570 1057 1091 I OpenGLRenderer: Davey! duration=9223371874389ms; Flags=0, FrameTimelineVsyncId=6877, IntendedVsync=162443931515, Vsync=162443931515, InputEventId=0, HandleInputStart=162447061368, AnimationStart=162447066535, PerformTraversalsStart=162449221368, DrawStart=162450094868, FrameDeadline=162477264847, FrameInterval=162447049285, FrameStartTime=16666666, SyncQueued=162451006451, SyncStart=162472313951, IssueDrawCommandsStart=162473687035, SwapBuffers=162482480743, FrameCompleted=9223372036854775807, DequeueBufferDuration=69250, QueueBufferDuration=1138041, GpuCompleted=9223372036854775807, SwapBuffersCompleted=162484216701, DisplayPresentTime=0,
05-28 16:07:10.576 2815 2880 D nStackXCoAP: CoapMessageHandler:[133] :2.01
05-28 16:07:10.587 1057 1091 I OpenGLRenderer: Davey! duration=9223371874384ms; Flags=0, FrameTimelineVsyncId=6879, IntendedVsync=162460579724, Vsync=162460579724, InputEventId=0, HandleInputStart=162474171785, AnimationStart=162474176576, PerformTraversalsStart=162474982493, DrawStart=162475187410, FrameDeadline=162493913056, FrameInterval=162474163160, FrameStartTime=16666666, SyncQueued=162475287618, SyncStart=162484486160, IssueDrawCommandsStart=162485241868, SwapBuffers=162489625326, FrameCompleted=9223372036854775807, DequeueBufferDuration=25666, QueueBufferDuration=15851458, GpuCompleted=9223372036854775807, SwapBuffersCompleted=162506326285, DisplayPresentTime=0,
05-28 16:07:10.590 2815 2880 D nStackXCoAP: CoapMessageHandler:[133] :2.01
05-28 16:07:10.606 1057 1091 I OpenGLRenderer: Davey! duration=9223371874356ms; Flags=0, FrameTimelineVsyncId=6880, IntendedVsync=162477226172, Vsync=162477226172, InputEventId=0, HandleInputStart=162485512493, AnimationStart=162485514993, PerformTraversalsStart=162485972785, DrawStart=162486097326, FrameDeadline=162510559504, FrameInterval=162485506743, FrameStartTime=16666666, SyncQueued=162486156326, SyncStart=162506778368, IssueDrawCommandsStart=162508175660, SwapBuffers=162522566493, FrameCompleted=9223372036854775807, DequeueBufferDuration=125708, QueueBufferDuration=5499542, GpuCompleted=9223372036854775807, SwapBuffersCompleted=162529166285, DisplayPresentTime=0,
05-28 16:07:10.625 1057 1091 I OpenGLRenderer: Davey! duration=9223371874341ms; Flags=0, FrameTimelineVsyncId=6882, IntendedVsync=162493893620, Vsync=162493893620, InputEventId=0, HandleInputStart=162508866076, AnimationStart=162508869576, PerformTraversalsStart=162509703076, DrawStart=162509918410, FrameDeadline=162527226952, FrameInterval=162508858118, FrameStartTime=16666666, SyncQueued=162510007118, SyncStart=162529520326, IssueDrawCommandsStart=162530719576, SwapBuffers=162532901201, FrameCompleted=9223372036854775807, DequeueBufferDuration=40958, QueueBufferDuration=16880542, GpuCompleted=9223372036854775807, SwapBuffersCompleted=162550580535, DisplayPresentTime=0,
05-28 16:07:10.754 1057 1091 I OpenGLRenderer: Davey! duration=9223371874203ms; Flags=0, FrameTimelineVsyncId=6900, IntendedVsync=162643874201, Vsync=162643874201, InputEventId=0, HandleInputStart=162644470785, AnimationStart=162644476410, PerformTraversalsStart=162645081202, DrawStart=162645220118, FrameDeadline=162677207533, FrameInterval=162644461118, FrameStartTime=16666666, SyncQueued=162645300952, SyncStart=162653111743, IssueDrawCommandsStart=162653990743, SwapBuffers=162658032452, FrameCompleted=9223372036854775807, DequeueBufferDuration=2279750, QueueBufferDuration=973041, GpuCompleted=9223372036854775807, SwapBuffersCompleted=162659982077, DisplayPresentTime=0,
05-28 16:07:10.777 2815 2880 D nStackXCoAP: IsInSameNetwork:[276] :IsInSameNetwork exec
05-28 16:07:10.777 2815 2880 I nStackXDFinder: GetLocalInterfaceDetail:[461] :GetLocalInterfaceDetail in
05-28 16:07:10.777 2815 2880 E nStackXCoAP: IsInSameNetwork:[281] :IsInSameNetwork: not priority process
05-28 16:07:10.777 2815 2880 D nStackXCoAP: ParseServiceDiscover:[330] :new device join
05-28 16:07:10.777 2815 2880 E nStackXDFinder: GetLocalIp:[401] :GetLocalIp exec
05-28 16:07:10.886 2815 2880 D nStackXCoAP: IsInSameNetwork:[276] :IsInSameNetwork exec
05-28 16:07:10.886 2815 2880 I nStackXDFinder: GetLocalInterfaceDetail:[461] :GetLocalInterfaceDetail in
05-28 16:07:10.886 2815 2880 E nStackXCoAP: IsInSameNetwork:[281] :IsInSameNetwork: not priority process
05-28 16:07:10.886 2815 2880 D nStackXCoAP: ParseServiceDiscover:[330] :new device join
05-28 16:07:10.886 2815 2880 E nStackXDFinder: GetLocalIp:[401] :GetLocalIp exec
05-28 16:07:11.004 1057 1550 I OpenGLRenderer: Davey! duration=9223371873960ms; Flags=0, FrameTimelineVsyncId=6927, IntendedVsync=162877319195, Vsync=162877319195, InputEventId=0, HandleInputStart=162880917868, AnimationStart=162880920868, PerformTraversalsStart=162881543743, DrawStart=162881679618, FrameDeadline=162910652527, FrameInterval=162880911202, FrameStartTime=16666666, SyncQueued=162881757868, SyncStart=162899043327, IssueDrawCommandsStart=162900188577, SwapBuffers=162918411993, FrameCompleted=9223372036854775807, DequeueBufferDuration=7580750, QueueBufferDuration=1097042, GpuCompleted=9223372036854775807, SwapBuffersCompleted=162920160952, DisplayPresentTime=0,
05-28 16:07:11.088 1057 1091 I OpenGLRenderer: Davey! duration=9223371873877ms; Flags=0, FrameTimelineVsyncId=6937, IntendedVsync=162960654335, Vsync=162960654335, InputEventId=0, HandleInputStart=162961261660, AnimationStart=162961264410, PerformTraversalsStart=162961855952, DrawStart=162961995910, FrameDeadline=162993987667, FrameInterval=162961251618, FrameStartTime=16666666, SyncQueued=162962088202, SyncStart=162979039243, IssueDrawCommandsStart=162980371368, SwapBuffers=162990504452, FrameCompleted=9223372036854775807, DequeueBufferDuration=6897916, QueueBufferDuration=1856959, GpuCompleted=9223372036854775807, SwapBuffersCompleted=163002394993, DisplayPresentTime=0,
05-28 16:07:11.104 1057 1091 I OpenGLRenderer: Davey! duration=9223371873858ms; Flags=0, FrameTimelineVsyncId=6939, IntendedVsync=162977319496, Vsync=162977319496, InputEventId=0, HandleInputStart=162980841660, AnimationStart=162980844702, PerformTraversalsStart=162982682327, DrawStart=162983130285, FrameDeadline=163010652828, FrameInterval=162980835910, FrameStartTime=16666666, SyncQueued=162983566077, SyncStart=163002663952, IssueDrawCommandsStart=163003759243, SwapBuffers=163024321493, FrameCompleted=9223372036854775807, DequeueBufferDuration=8320916, QueueBufferDuration=1864125, GpuCompleted=9223372036854775807, SwapBuffersCompleted=163027483577, DisplayPresentTime=0,
05-28 16:07:11.127 2815 2880 D nStackXCoAP: IsInSameNetwork:[276] :IsInSameNetwork exec
05-28 16:07:11.127 2815 2880 I nStackXDFinder: GetLocalInterfaceDetail:[461] :GetLocalInterfaceDetail in
05-28 16:07:11.128 2815 2880 E nStackXCoAP: IsInSameNetwork:[281] :IsInSameNetwork: not priority process
05-28 16:07:11.128 2815 2880 D nStackXCoAP: ParseServiceDiscover:[330] :new device join
05-28 16:07:11.128 2815 2880 E nStackXDFinder: GetLocalIp:[401] :GetLocalIp exec
05-28 16:07:11.278 2815 2880 D nStackXCoAP: IsInSameNetwork:[276] :IsInSameNetwork exec
05-28 16:07:11.278 2815 2880 I nStackXDFinder: GetLocalInterfaceDetail:[461] :GetLocalInterfaceDetail in
05-28 16:07:11.278 2815 2880 E nStackXCoAP: IsInSameNetwork:[281] :IsInSameNetwork: not priority process
05-28 16:07:11.278 2815 2880 D nStackXCoAP: ParseServiceDiscover:[330] :new device join
05-28 16:07:11.278 2815 2880 E nStackXDFinder: GetLocalIp:[401] :GetLocalIp exec
05-28 16:07:11.308 467 515 W IorapForwardingService: No service published for: iorapd
05-28 16:07:11.484 2815 2880 D nStackXCoAP: IsInSameNetwork:[276] :IsInSameNetwork exec
05-28 16:07:11.484 2815 2880 I nStackXDFinder: GetLocalInterfaceDetail:[461] :GetLocalInterfaceDetail in
05-28 16:07:11.484 2815 2880 E nStackXCoAP: IsInSameNetwork:[281] :IsInSameNetwork: not priority process
05-28 16:07:11.484 2815 2880 D nStackXCoAP: ParseServiceDiscover:[330] :new device join
05-28 16:07:11.485 2815 2880 E nStackXDFinder: GetLocalIp:[401] :GetLocalIp exec
05-28 16:07:11.541 2815 2880 D nStackXCoAP: IsInSameNetwork:[276] :IsInSameNetwork exec
05-28 16:07:11.541 2815 2880 I nStackXDFinder: GetLocalInterfaceDetail:[461] :GetLocalInterfaceDetail in
05-28 16:07:11.541 2815 2880 E nStackXCoAP: IsInSameNetwork:[281] :IsInSameNetwork: not priority process
05-28 16:07:11.541 2815 2880 D nStackXCoAP: ParseServiceDiscover:[330] :new device join
05-28 16:07:11.541 2815 2880 E nStackXDFinder: GetLocalIp:[401] :GetLocalIp exec
05-28 16:07:11.584 2815 2880 D nStackXCoAP: IsInSameNetwork:[276] :IsInSameNetwork exec
05-28 16:07:11.584 2815 2880 I nStackXDFinder: GetLocalInterfaceDetail:[461] :GetLocalInterfaceDetail in
05-28 16:07:11.584 2815 2880 E nStackXCoAP: IsInSameNetwork:[281] :IsInSameNetwork: not priority process
05-28 16:07:11.584 2815 2880 D nStackXCoAP: ParseServiceDiscover:[330] :new device join
05-28 16:07:11.585 2815 2880 E nStackXDFinder: GetLocalIp:[401] :GetLocalIp exec
05-28 16:07:11.621 2815 2880 D nStackXCoAP: CoapMessageHandler:[133] :2.01
05-28 16:07:11.622 2815 2880 D nStackXCoAP: CoapMessageHandler:[133] :2.01
05-28 16:07:11.622 2815 2880 D nStackXCoAP: CoapMessageHandler:[133] :2.01
05-28 16:07:11.637 2815 2880 D nStackXCoAP: CoapMessageHandler:[133] :2.01
05-28 16:07:11.638 2815 2880 D nStackXCoAP: CoapMessageHandler:[133] :2.01
05-28 16:07:11.638 2815 2880 D nStackXCoAP: CoapMessageHandler:[133] :2.01
05-28 16:07:11.638 2815 2880 D nStackXCoAP: CoapMessageHandler:[133] :2.01
05-28 16:07:11.775 2815 2880 D nStackXCoAP: IsInSameNetwork:[276] :IsInSameNetwork exec
05-28 16:07:11.775 2815 2880 I nStackXDFinder: GetLocalInterfaceDetail:[461] :GetLocalInterfaceDetail in
05-28 16:07:11.775 2815 2880 E nStackXCoAP: IsInSameNetwork:[281] :IsInSameNetwork: not priority process
05-28 16:07:11.775 2815 2880 D nStackXCoAP: ParseServiceDiscover:[330] :new device join
05-28 16:07:11.775 2815 2880 E nStackXDFinder: GetLocalIp:[401] :GetLocalIp exec
05-28 16:07:11.850 2815 2880 D nStackXCoAP: CoapMessageHandler:[133] :2.01
05-28 16:07:11.879 2815 2880 D nStackXCoAP: IsInSameNetwork:[276] :IsInSameNetwork exec
05-28 16:07:11.879 2815 2880 I nStackXDFinder: GetLocalInterfaceDetail:[461] :GetLocalInterfaceDetail in
05-28 16:07:11.879 2815 2880 E nStackXCoAP: IsInSameNetwork:[281] :IsInSameNetwork: not priority process
05-28 16:07:11.879 2815 2880 D nStackXCoAP: ParseServiceDiscover:[330] :new device join
05-28 16:07:11.879 2815 2880 E nStackXDFinder: GetLocalIp:[401] :GetLocalIp exec
05-28 16:07:11.912 2815 2880 D nStackXCoAP: CoapMessageHandler:[133] :2.01
05-28 16:07:11.985 2815 2880 D nStackXCoAP: IsInSameNetwork:[276] :IsInSameNetwork exec
05-28 16:07:11.986 2815 2880 I nStackXDFinder: GetLocalInterfaceDetail:[461] :GetLocalInterfaceDetail in
05-28 16:07:11.986 2815 2880 E nStackXCoAP: IsInSameNetwork:[281] :IsInSameNetwork: not priority process
05-28 16:07:11.986 2815 2880 D nStackXCoAP: ParseServiceDiscover:[330] :new device join
05-28 16:07:11.986 2815 2880 E nStackXDFinder: GetLocalIp:[401] :GetLocalIp exec
05-28 16:07:12.028 2815 2880 D nStackXCoAP: CoapMessageHandler:[133] :2.01
05-28 16:07:12.174 2815 2880 D nStackXCoAP: IsInSameNetwork:[276] :IsInSameNetwork exec
05-28 16:07:12.174 2815 2880 I nStackXDFinder: GetLocalInterfaceDetail:[461] :GetLocalInterfaceDetail in
05-28 16:07:12.174 2815 2880 E nStackXCoAP: IsInSameNetwork:[281] :IsInSameNetwork: not priority process
05-28 16:07:12.174 2815 2880 D nStackXCoAP: ParseServiceDiscover:[330] :new device join
05-28 16:07:12.174 2815 2880 E nStackXDFinder: GetLocalIp:[401] :GetLocalIp exec
05-28 16:07:12.311 467 515 W IorapForwardingService: No service published for: iorapd
05-28 16:07:12.390 2815 2880 D nStackXCoAP: IsInSameNetwork:[276] :IsInSameNetwork exec
05-28 16:07:12.390 2815 2880 I nStackXDFinder: GetLocalInterfaceDetail:[461] :GetLocalInterfaceDetail in
05-28 16:07:12.390 2815 2880 E nStackXCoAP: IsInSameNetwork:[281] :IsInSameNetwork: not priority process
05-28 16:07:12.390 2815 2880 D nStackXCoAP: ParseServiceDiscover:[330] :new device join
05-28 16:07:12.390 2815 2880 E nStackXDFinder: GetLocalIp:[401] :GetLocalIp exec
05-28 16:07:12.395 2815 2880 D nStackXCoAP: CoapMessageHandler:[133] :2.01
05-28 16:07:12.482 651 651 E WifiHAL : wifi_get_link_stats: requestResponse Error:-5
05-28 16:07:12.484 467 600 E WifiVendorHal: getWifiLinkLayerStats_1_5_Internal(l.1191) failed {.code = ERROR_INVALID_ARGS, .description = }
05-28 16:07:12.498 2815 2880 D nStackXCoAP: IsInSameNetwork:[276] :IsInSameNetwork exec
05-28 16:07:12.498 2815 2880 I nStackXDFinder: GetLocalInterfaceDetail:[461] :GetLocalInterfaceDetail in
05-28 16:07:12.498 2815 2880 E nStackXCoAP: IsInSameNetwork:[281] :IsInSameNetwork: not priority process
05-28 16:07:12.498 2815 2880 D nStackXCoAP: ParseServiceDiscover:[330] :new device join
05-28 16:07:12.498 2815 2880 E nStackXDFinder: GetLocalIp:[401] :GetLocalIp exec
05-28 16:07:12.553 2815 2880 D nStackXCoAP: CoapMessageHandler:[133] :2.01
05-28 16:07:12.553 2815 2880 D nStackXCoAP: CoapMessageHandler:[133] :2.01
05-28 16:07:12.631 2815 2880 D nStackXCoAP: IsInSameNetwork:[276] :IsInSameNetwork exec
05-28 16:07:12.631 2815 2880 I nStackXDFinder: GetLocalInterfaceDetail:[461] :GetLocalInterfaceDetail in
05-28 16:07:12.631 2815 2880 E nStackXCoAP: IsInSameNetwork:[281] :IsInSameNetwork: not priority process
05-28 16:07:12.631 2815 2880 D nStackXCoAP: ParseServiceDiscover:[330] :new device join
05-28 16:07:12.632 2815 2880 E nStackXDFinder: GetLocalIp:[401] :GetLocalIp exec
05-28 16:07:12.735 2815 2880 D nStackXCoAP: IsInSameNetwork:[276] :IsInSameNetwork exec
05-28 16:07:12.736 2815 2880 I nStackXDFinder: GetLocalInterfaceDetail:[461] :GetLocalInterfaceDetail in
05-28 16:07:12.736 2815 2880 E nStackXCoAP: IsInSameNetwork:[281] :IsInSameNetwork: not priority process
05-28 16:07:12.736 2815 2880 D nStackXCoAP: ParseServiceDiscover:[330] :new device join
05-28 16:07:12.736 2815 2880 E nStackXDFinder: GetLocalIp:[401] :GetLocalIp exec
05-28 16:07:12.773 2815 2880 D nStackXCoAP: CoapMessageHandler:[133] :2.01
05-28 16:07:12.906 2815 2880 D nStackXCoAP: IsInSameNetwork:[276] :IsInSameNetwork exec
05-28 16:07:12.906 2815 2880 I nStackXDFinder: GetLocalInterfaceDetail:[461] :GetLocalInterfaceDetail in
05-28 16:07:12.906 2815 2880 E nStackXCoAP: IsInSameNetwork:[281] :IsInSameNetwork: not priority process
05-28 16:07:12.906 2815 2880 D nStackXCoAP: ParseServiceDiscover:[330] :new device join
05-28 16:07:12.906 2815 2880 E nStackXDFinder: GetLocalIp:[401] :GetLocalIp exec
05-28 16:07:12.950 2815 2880 D nStackXCoAP: CoapMessageHandler:[133] :2.01
05-28 16:07:12.950 2815 2880 D nStackXCoAP: CoapMessageHandler:[133] :2.01
05-28 16:07:12.994 2815 2880 D nStackXCoAP: IsInSameNetwork:[276] :IsInSameNetwork exec
05-28 16:07:12.994 2815 2880 I nStackXDFinder: GetLocalInterfaceDetail:[461] :GetLocalInterfaceDetail in
05-28 16:07:12.994 2815 2880 E nStackXCoAP: IsInSameNetwork:[281] :IsInSameNetwork: not priority process
05-28 16:07:12.994 2815 2880 D nStackXCoAP: ParseServiceDiscover:[330] :new device join
05-28 16:07:12.994 2815 2880 E nStackXDFinder: GetLocalIp:[401] :GetLocalIp exec
05-28 16:07:13.071 2815 2880 D nStackXCoAP: CoapMessageHandler:[133] :2.01
05-28 16:07:13.199 2815 2880 D nStackXCoAP: IsInSameNetwork:[276] :IsInSameNetwork exec
05-28 16:07:13.199 2815 2880 I nStackXDFinder: GetLocalInterfaceDetail:[461] :GetLocalInterfaceDetail in
05-28 16:07:13.199 2815 2880 E nStackXCoAP: IsInSameNetwork:[281] :IsInSameNetwork: not priority process
05-28 16:07:13.199 2815 2880 D nStackXCoAP: ParseServiceDiscover:[330] :new device join
05-28 16:07:13.200 2815 2880 E nStackXDFinder: GetLocalIp:[401] :GetLocalIp exec
05-28 16:07:13.313 467 515 W IorapForwardingService: No service published for: iorapd
05-28 16:07:13.444 2815 2880 D nStackXCoAP: IsInSameNetwork:[276] :IsInSameNetwork exec
05-28 16:07:13.444 2815 2880 I nStackXDFinder: GetLocalInterfaceDetail:[461] :GetLocalInterfaceDetail in
05-28 16:07:13.444 2815 2880 E nStackXCoAP: IsInSameNetwork:[281] :IsInSameNetwork: not priority process
05-28 16:07:13.444 2815 2880 D nStackXCoAP: ParseServiceDiscover:[330] :new device join
05-28 16:07:13.445 2815 2880 E nStackXDFinder: GetLocalIp:[401] :GetLocalIp exec
05-28 16:07:13.480 415 415 W hdr10p_Configure: 63 callbacks suppressed
05-28 16:07:13.480 415 415 I : DVI mode selected: packets not configured
05-28 16:07:13.480 415 415 W set_vsif_config: 63 callbacks suppressed
05-28 16:07:13.480 415 415 I : Error: set vsif failed
05-28 16:07:13.484 1057 1091 I OpenGLRenderer: Davey! duration=9223371871474ms; Flags=0, FrameTimelineVsyncId=6979, IntendedVsync=165377326024, Vsync=165377326024, InputEventId=0, HandleInputStart=165377961369, AnimationStart=165377965786, PerformTraversalsStart=165378238286, DrawStart=165378893619, FrameDeadline=165410659356, FrameInterval=165377952119, FrameStartTime=16666666, SyncQueued=165379480119, SyncStart=165382065494, IssueDrawCommandsStart=165383506578, SwapBuffers=165399401953, FrameCompleted=9223372036854775807, DequeueBufferDuration=86833, QueueBufferDuration=1075500, GpuCompleted=9223372036854775807, SwapBuffersCompleted=165401633619, DisplayPresentTime=0,
05-28 16:07:13.504 415 415 I : DVI mode selected: packets not configured
05-28 16:07:13.504 415 415 I : Error: set vsif failed
05-28 16:07:13.502 1057 1091 I OpenGLRenderer: Davey! duration=9223371871455ms; Flags=0, FrameTimelineVsyncId=6981, IntendedVsync=165393992690, Vsync=165393992690, InputEventId=0, HandleInputStart=165395095494, AnimationStart=165395102328, PerformTraversalsStart=165395687161, DrawStart=165396063453, FrameDeadline=165427326022, FrameInterval=165395082661, FrameStartTime=16666666, SyncQueued=165396149369, SyncStart=165401901494, IssueDrawCommandsStart=165403034578, SwapBuffers=165415502661, FrameCompleted=9223372036854775807, DequeueBufferDuration=40917, QueueBufferDuration=5129250, GpuCompleted=9223372036854775807, SwapBuffersCompleted=165421930203, DisplayPresentTime=0,
05-28 16:07:13.526 415 415 I : DVI mode selected: packets not configured
05-28 16:07:13.526 415 415 I : Error: set vsif failed
05-28 16:07:13.523 1057 1550 I OpenGLRenderer: Davey! duration=9223371871433ms; Flags=0, FrameTimelineVsyncId=6983, IntendedVsync=165411079080, Vsync=165411079080, InputEventId=0, HandleInputStart=165411827036, AnimationStart=165411833328, PerformTraversalsStart=165412288495, DrawStart=165412465328, FrameDeadline=165444412412, FrameInterval=165411814161, FrameStartTime=16666666, SyncQueued=165412564870, SyncStart=165422528995, IssueDrawCommandsStart=165423856536, SwapBuffers=165436219286, FrameCompleted=9223372036854775807, DequeueBufferDuration=68291, QueueBufferDuration=7976459, GpuCompleted=9223372036854775807, SwapBuffersCompleted=165445072745, DisplayPresentTime=0,
05-28 16:07:13.535 2815 2880 D nStackXCoAP: IsInSameNetwork:[276] :IsInSameNetwork exec
05-28 16:07:13.536 2815 2880 I nStackXDFinder: GetLocalInterfaceDetail:[461] :GetLocalInterfaceDetail in
05-28 16:07:13.536 2815 2880 E nStackXCoAP: IsInSameNetwork:[281] :IsInSameNetwork: not priority process
05-28 16:07:13.536 2815 2880 D nStackXCoAP: ParseServiceDiscover:[330] :new device join
05-28 16:07:13.536 2815 2880 E nStackXDFinder: GetLocalIp:[401] :GetLocalIp exec
05-28 16:07:13.549 415 415 I : DVI mode selected: packets not configured
05-28 16:07:13.549 415 415 I : Error: set vsif failed
05-28 16:07:13.549 1057 1550 I OpenGLRenderer: Davey! duration=9223371871407ms; Flags=0, FrameTimelineVsyncId=6985, IntendedVsync=165427745746, Vsync=165427745746, InputEventId=0, HandleInputStart=165428555203, AnimationStart=165428562620, PerformTraversalsStart=165428945370, DrawStart=165429747286, FrameDeadline=165461079078, FrameInterval=165428542328, FrameStartTime=16666666, SyncQueued=165431658411, SyncStart=165451458661, IssueDrawCommandsStart=165452974078, SwapBuffers=165462684786, FrameCompleted=9223372036854775807, DequeueBufferDuration=228041, QueueBufferDuration=4866291, GpuCompleted=9223372036854775807, SwapBuffersCompleted=165468681870, DisplayPresentTime=0,
05-28 16:07:13.574 415 415 I : DVI mode selected: packets not configured
05-28 16:07:13.574 415 415 I : Error: set vsif failed
05-28 16:07:13.571 1057 1091 I OpenGLRenderer: Davey! duration=9223371871396ms; Flags=0, FrameTimelineVsyncId=6987, IntendedVsync=165444412412, Vsync=165444412412, InputEventId=0, HandleInputStart=165453693370, AnimationStart=165453698245, PerformTraversalsStart=165455327328, DrawStart=165455687786, FrameDeadline=165477745744, FrameInterval=165453684245, FrameStartTime=16666666, SyncQueued=165455785411, SyncStart=165469196078, IssueDrawCommandsStart=165470673203, SwapBuffers=165484054786, FrameCompleted=9223372036854775807, DequeueBufferDuration=79250, QueueBufferDuration=7865542, GpuCompleted=9223372036854775807, SwapBuffersCompleted=165492612120, DisplayPresentTime=0,
05-28 16:07:13.592 1057 1550 I OpenGLRenderer: Davey! duration=9223371871372ms; Flags=0, FrameTimelineVsyncId=6988, IntendedVsync=165461079078, Vsync=165461079078, InputEventId=0, HandleInputStart=165471300703, AnimationStart=165471305703, PerformTraversalsStart=165471777161, DrawStart=165471972078, FrameDeadline=165494412410, FrameInterval=165471291203, FrameStartTime=16666666, SyncQueued=165472149661, SyncStart=165492880286, IssueDrawCommandsStart=165495114036, SwapBuffers=165507046411, FrameCompleted=9223372036854775807, DequeueBufferDuration=55875, QueueBufferDuration=7862375, GpuCompleted=9223372036854775807, SwapBuffersCompleted=165515897786, DisplayPresentTime=0,
05-28 16:07:13.596 415 415 I : DVI mode selected: packets not configured
05-28 16:07:13.596 415 415 I : Error: set vsif failed
05-28 16:07:13.619 415 415 I : DVI mode selected: packets not configured
05-28 16:07:13.619 415 415 I : Error: set vsif failed
05-28 16:07:13.615 1057 1091 I OpenGLRenderer: Davey! duration=9223371871357ms; Flags=0, FrameTimelineVsyncId=6990, IntendedVsync=165477702700, Vsync=165494369366, InputEventId=0, HandleInputStart=165495663120, AnimationStart=165495667911, PerformTraversalsStart=165496358078, DrawStart=165496581703, FrameDeadline=165511036032, FrameInterval=165495640953, FrameStartTime=16666666, SyncQueued=165496687786, SyncStart=165516492661, IssueDrawCommandsStart=165517881495, SwapBuffers=165521598703, FrameCompleted=9223372036854775807, DequeueBufferDuration=79917, QueueBufferDuration=16193958, GpuCompleted=9223372036854775807, SwapBuffersCompleted=165538939120, DisplayPresentTime=0,
05-28 16:07:13.631 2815 2880 D nStackXCoAP: IsInSameNetwork:[276] :IsInSameNetwork exec
05-28 16:07:13.631 2815 2880 I nStackXDFinder: GetLocalInterfaceDetail:[461] :GetLocalInterfaceDetail in
05-28 16:07:13.631 2815 2880 E nStackXCoAP: IsInSameNetwork:[281] :IsInSameNetwork: not priority process
05-28 16:07:13.631 2815 2880 D nStackXCoAP: ParseServiceDiscover:[330] :new device join
05-28 16:07:13.631 2815 2880 E nStackXDFinder: GetLocalIp:[401] :GetLocalIp exec
05-28 16:07:13.643 415 415 I : DVI mode selected: packets not configured
05-28 16:07:13.643 415 415 I : Error: set vsif failed
05-28 16:07:13.662 415 415 I : DVI mode selected: packets not configured
05-28 16:07:13.662 415 415 I : Error: set vsif failed
05-28 16:07:13.672 415 415 I : DVI mode selected: packets not configured
05-28 16:07:13.672 415 415 I : Error: set vsif failed
05-28 16:07:13.673 2815 2880 D nStackXCoAP: CoapMessageHandler:[133] :2.01
05-28 16:07:13.673 2815 2880 D nStackXCoAP: CoapMessageHandler:[133] :2.01
05-28 16:07:13.679 2815 2880 D nStackXCoAP: CoapMessageHandler:[133] :2.01
05-28 16:07:13.679 2815 2880 D nStackXCoAP: CoapMessageHandler:[133] :2.01
05-28 16:07:13.826 2815 2880 D nStackXCoAP: IsInSameNetwork:[276] :IsInSameNetwork exec
05-28 16:07:13.826 2815 2880 I nStackXDFinder: GetLocalInterfaceDetail:[461] :GetLocalInterfaceDetail in
05-28 16:07:13.826 2815 2880 E nStackXCoAP: IsInSameNetwork:[281] :IsInSameNetwork: not priority process
05-28 16:07:13.826 2815 2880 D nStackXCoAP: ParseServiceDiscover:[330] :new device join
05-28 16:07:13.826 2815 2880 E nStackXDFinder: GetLocalIp:[401] :GetLocalIp exec
05-28 16:07:13.904 1057 1082 I OpenGLRenderer: Davey! duration=9223371871061ms; Flags=0, FrameTimelineVsyncId=7025, IntendedVsync=165777139082, Vsync=165777139082, InputEventId=0, HandleInputStart=165780823161, AnimationStart=165780825703, PerformTraversalsStart=165781632995, DrawStart=165781765245, FrameDeadline=165810472414, FrameInterval=165780816120, FrameStartTime=16666666, SyncQueued=165781840370, SyncStart=165797828786, IssueDrawCommandsStart=165798856703, SwapBuffers=165818564828, FrameCompleted=9223372036854775807, DequeueBufferDuration=6285750, QueueBufferDuration=1127750, GpuCompleted=9223372036854775807, SwapBuffersCompleted=165820435578, DisplayPresentTime=0,
05-28 16:07:13.987 1057 1550 I OpenGLRenderer: Davey! duration=9223371870975ms; Flags=0, FrameTimelineVsyncId=7035, IntendedVsync=165860652024, Vsync=165860652024, InputEventId=0, HandleInputStart=165863817911, AnimationStart=165863819995, PerformTraversalsStart=165864461203, DrawStart=165864603286, FrameDeadline=165893985356, FrameInterval=165863811911, FrameStartTime=16666666, SyncQueued=165864679995, SyncStart=165882920536, IssueDrawCommandsStart=165884096036, SwapBuffers=165902391370, FrameCompleted=9223372036854775807, DequeueBufferDuration=7535375, QueueBufferDuration=1059916, GpuCompleted=9223372036854775807, SwapBuffersCompleted=165904115661, DisplayPresentTime=0,
05-28 16:07:14.023 2815 2880 D nStackXCoAP: IsInSameNetwork:[276] :IsInSameNetwork exec
05-28 16:07:14.023 2815 2880 I nStackXDFinder: GetLocalInterfaceDetail:[461] :GetLocalInterfaceDetail in
05-28 16:07:14.024 2815 2880 E nStackXCoAP: IsInSameNetwork:[281] :IsInSameNetwork: not priority process
05-28 16:07:14.024 2815 2880 D nStackXCoAP: ParseServiceDiscover:[330] :new device join
05-28 16:07:14.024 2815 2880 E nStackXDFinder: GetLocalIp:[401] :GetLocalIp exec
05-28 16:07:14.103 1057 1091 I OpenGLRenderer: Davey! duration=9223371870875ms; Flags=0, FrameTimelineVsyncId=7047, IntendedVsync=165960651967, Vsync=165960651967, InputEventId=0, HandleInputStart=165969064036, AnimationStart=165969066953, PerformTraversalsStart=165969936911, DrawStart=165970366495, FrameDeadline=165993985299, FrameInterval=165969058120, FrameStartTime=16666666, SyncQueued=165971225870, SyncStart=165989512036, IssueDrawCommandsStart=165990758995, SwapBuffers=166016376870, FrameCompleted=9223372036854775807, DequeueBufferDuration=5819250, QueueBufferDuration=2422042, GpuCompleted=9223372036854775807, SwapBuffersCompleted=166020614620, DisplayPresentTime=0,
05-28 16:07:14.127 2815 2880 D nStackXCoAP: IsInSameNetwork:[276] :IsInSameNetwork exec
05-28 16:07:14.127 2815 2880 I nStackXDFinder: GetLocalInterfaceDetail:[461] :GetLocalInterfaceDetail in
05-28 16:07:14.127 2815 2880 E nStackXCoAP: IsInSameNetwork:[281] :IsInSameNetwork: not priority process
05-28 16:07:14.127 2815 2880 D nStackXCoAP: ParseServiceDiscover:[330] :new device join
05-28 16:07:14.128 2815 2880 E nStackXDFinder: GetLocalIp:[401] :GetLocalIp exec
05-28 16:07:14.168 2815 2880 D nStackXCoAP: IsInSameNetwork:[276] :IsInSameNetwork exec
05-28 16:07:14.168 2815 2880 I nStackXDFinder: GetLocalInterfaceDetail:[461] :GetLocalInterfaceDetail in
05-28 16:07:14.168 2815 2880 E nStackXCoAP: IsInSameNetwork:[281] :IsInSameNetwork: not priority process
05-28 16:07:14.168 2815 2880 D nStackXCoAP: ParseServiceDiscover:[330] :new device join
05-28 16:07:14.168 2815 2880 E nStackXDFinder: GetLocalIp:[401] :GetLocalIp exec
05-28 16:07:14.207 2815 2880 D nStackXCoAP: CoapMessageHandler:[133] :2.01
05-28 16:07:14.207 2815 2880 D nStackXCoAP: CoapMessageHandler:[133] :2.01
05-28 16:07:14.315 467 515 W IorapForwardingService: No service published for: iorapd
05-28 16:07:14.360 2815 2880 D nStackXCoAP: CoapMessageHandler:[133] :2.01
05-28 16:07:14.520 2815 2880 D nStackXCoAP: CoapMessageHandler:[133] :2.01
05-28 16:07:15.290 467 979 W ZramWriteback: Writeback device is not set
05-28 16:07:15.290 467 979 D ZramWriteback: wait to flush
05-28 16:07:15.316 2682 2736 I efs.base: wa upload succ, HttpResponse {succ=true, code=200, data='暂不支持该服务', extra={req_url=https://errlog.umeng.com/api/crashsdk/logcollect}}
05-28 16:07:15.317 467 515 W IorapForwardingService: No service published for: iorapd
05-28 16:07:15.495 651 651 E WifiHAL : wifi_get_link_stats: requestResponse Error:-5
05-28 16:07:15.496 467 600 E WifiVendorHal: getWifiLinkLayerStats_1_5_Internal(l.1191) failed {.code = ERROR_INVALID_ARGS, .description = }
05-28 16:07:15.567 1995 2086 D UtilLog : 日志批量上报 进行正常循环 !!!!!!本次有0次请求,共0条数据
05-28 16:07:15.754 1995 2089 I TDLog : [APP] New data found, Submitting...
05-28 16:07:15.762 1995 2089 I TDLog : [APP] Failed to submit data!
05-28 16:07:16.319 467 515 W IorapForwardingService: No service published for: iorapd
