05-28 16:04:45.490 657 855 I bt_bte : system/bt/main/bte_logmsg.cc:248 load_levels_from_config: BTE_InitTraceLevels -- TRC_SMP : Level 2
05-28 16:04:45.490 657 855 I bt_bte : system/bt/main/bte_logmsg.cc:248 load_levels_from_config: BTE_InitTraceLevels -- TRC_HID_DEV : Level 2
05-28 16:04:45.490 657 855 I bt_bte : system/bt/main/bte_logmsg.cc:248 load_levels_from_config: BTE_InitTraceLevels -- TRC_BTAPP : Level 2
05-28 16:04:45.490 657 855 I bt_bte : system/bt/main/bte_logmsg.cc:248 load_levels_from_config: BTE_InitTraceLevels -- TRC_BTIF : Level 2
05-28 16:04:45.498 657 988 I bt_stack: [INFO:message_loop_thread.cc(224)] Run: message loop starting for thread bt_main_thread
05-28 16:04:45.499 657 855 I bt_core_module: system/bt/btcore/src/module.cc:85 module_start_up: module_start_up Starting module "controller_module"
05-28 16:04:45.524 248 313 V audio_hw_primary: adev_set_parameters, A2dpSuspended=false
05-28 16:04:45.532 343 343 E : recv_kernel_event address b4:2f:03:15:a3:36
05-28 16:04:45.535 182 182 I hwservicemanager: Notifying android.hardware.wifi@1.5::IWifi/default they have clients: 1
05-28 16:04:45.536 651 651 I HidlLazyUtils: Process has 1 (of 1 available) client(s) in use after notification android.hardware.wifi@1.5::IWifi/default has clients: 1
05-28 16:04:45.565 248 313 V audio_hw_primary: adev_set_parameters, BT_SCO=off
05-28 16:04:45.567 467 619 I AS.AudioDeviceInventory: removePreferredDevicesForStrategySync, strategy: 14
05-28 16:04:45.629 670 670 D Tonal : Tonal Palette - index: 4. Main color: ff1e447a
05-28 16:04:45.629 670 670 D Tonal : Colors: ff060d1a, ff0b162e, ff102343, ff17305c, ff1e447a, ff254a99, ff2d58b7, ff6180c3, ff6f8adc, ff889ce2, ffa5b0e9, ffced4f3, ffeaedfa
05-28 16:04:45.629 670 670 D Tonal : Gradients:
05-28 16:04:45.629 670 670 D Tonal : Normal GradientColors(ff1e447a, ff1e447a)
05-28 16:04:45.629 670 670 D Tonal : Dark GradientColors(ff17305c, ff17305c)
05-28 16:04:45.629 670 670 D Tonal : Extra dark: GradientColors(ff102343, ff102343)
05-28 16:04:45.629 670 670 D Tonal : Tonal Palette - index: 4. Main color: ff1e447a
05-28 16:04:45.629 670 670 D Tonal : Colors: ff060d1a, ff0b162e, ff102343, ff17305c, ff1e447a, ff254a99, ff2d58b7, ff6180c3, ff6f8adc, ff889ce2, ffa5b0e9, ffced4f3, ffeaedfa
05-28 16:04:45.632 670 670 D Tonal : Gradients:
05-28 16:04:45.632 670 670 D Tonal : Normal GradientColors(ff1e447a, ff1e447a)
05-28 16:04:45.632 670 670 D Tonal : Dark GradientColors(ff17305c, ff17305c)
05-28 16:04:45.632 670 670 D Tonal : Extra dark: GradientColors(ff102343, ff102343)
05-28 16:04:45.661 822 833 I id.ext.service: Background young concurrent copying GC freed 4858(323KB) AllocSpace objects, 0(0B) LOS objects, 89% free, 3008KB/26MB, paused 139us total 216.349ms
05-28 16:04:45.670 261 261 D hdmi-cec: reset logical address to broadcast
05-28 16:04:45.668 261 261 I EventThread: type=1400 audit(0.0:367): avc: denied { search } for name="extcon" dev="sysfs" ino=18109 scontext=u:r:hal_tv_cec_default:s0 tcontext=u:object_r:sysfs_extcon:s0 tclass=dir permissive=1
05-28 16:04:45.672 261 261 D hdmi-cec: reset logical address to broadcast
05-28 16:04:45.673 467 467 W Looper : Slow dispatch took 397ms main h=android.os.Handler c=com.android.server.hdmi.WorkSourceUidPreservingRunnable@2ce61c3 m=0
05-28 16:04:45.680 467 467 W Looper : Drained
05-28 16:04:45.707 163 163 I init (163): drop_caches: 3
05-28 16:04:45.700 163 163 I init : type=1400 audit(0.0:368): avc: denied { write } for name="dirty_expire_centisecs" dev="proc" ino=14858 scontext=u:r:vendor_init:s0 tcontext=u:object_r:proc_dirty:s0 tclass=file permissive=1
05-28 16:04:45.712 331 331 I xiriservice_All: type=1400 audit(0.0:369): avc: denied { read } for scontext=u:r:init:s0 tcontext=u:r:init:s0 tclass=netlink_kobject_uevent_socket permissive=1
05-28 16:04:45.718 311 315 D XM_HIDREAD: add@ add@/kernel/slab/:0000008
05-28 16:04:45.727 1 1 I zram0 : detected capacity change from 0 to 1541578752
05-28 16:04:45.724 323 323 I rainbow_flow: type=1400 audit(0.0:370): avc: denied { ioctl } for path="/dev/spidev1.0" dev="tmpfs" ino=6196 ioctlcmd=0x6b00 scontext=u:r:init:s0 tcontext=u:object_r:device:s0 tclass=chr_file permissive=1
05-28 16:04:45.782 1 1 I mkswap : Swapspace size: 1505444k, UUID=632d41ac-c43c-448a-a96d-aeffecfecc30
05-28 16:04:45.777 308 308 D XiriService: check file name: /data/data/com.android.cts.priv.ctsshim/lib
05-28 16:04:45.772 308 308 I xiriservice_All: type=1400 audit(0.0:371): avc: denied { search } for name="com.android.cts.priv.ctsshim" dev="mmcblk0p25" ino=569 scontext=u:r:init:s0 tcontext=u:object_r:privapp_data_file:s0:c512,c768 tclass=dir permissive=1
05-28 16:04:45.776 308 308 I xiriservice_All: type=1400 audit(0.0:372): avc: denied { read } for name="lib" dev="mmcblk0p25" ino=6451 scontext=u:r:init:s0 tcontext=u:object_r:privapp_data_file:s0:c512,c768 tclass=lnk_file permissive=1
05-28 16:04:45.780 308 308 D XiriService: check file name: /data/data/com.android.cts.priv.ctsshim/lib
05-28 16:04:45.780 308 308 D XiriService: check file name: /data/data/com.android.cts.priv.ctsshim/lib
05-28 16:04:45.781 308 308 D XiriService: check file name: /data/data/com.android.dynsystem/lib
05-28 16:04:45.776 308 308 I xiriservice_All: type=1400 audit(0.0:373): avc: denied { search } for name="com.android.dynsystem" dev="mmcblk0p25" ino=577 scontext=u:r:init:s0 tcontext=u:object_r:system_app_data_file:s0 tclass=dir permissive=1
05-28 16:04:45.780 308 308 I xiriservice_All: type=1400 audit(0.0:374): avc: denied { read } for name="lib" dev="mmcblk0p25" ino=6469 scontext=u:r:init:s0 tcontext=u:object_r:system_app_data_file:s0 tclass=lnk_file permissive=1
05-28 16:04:45.783 308 308 D XiriService: check file name: /data/data/com.android.dynsystem/lib
05-28 16:04:45.784 308 308 D XiriService: check file name: /data/data/com.dangbei.lerad.rocky/lib
05-28 16:04:45.786 308 308 D XiriService: check file name: /data/data/com.dangbei.lerad.rocky/lib
05-28 16:04:45.786 308 308 D XiriService: check file name: /data/data/com.android.tv.settings/lib
05-28 16:04:45.786 308 308 D XiriService: check file name: /data/data/com.android.tv.settings/lib
05-28 16:04:45.787 308 308 D XiriService: check file name: /data/data/com.android.tv.settings/lib
05-28 16:04:45.787 308 308 D XiriService: check file name: /data/data/com.oranth.factory/lib
05-28 16:04:45.788 308 308 D XiriService: check file name: /data/data/com.oranth.factory/lib
05-28 16:04:45.789 308 308 D XiriService: check file name: /data/data/com.dangbei.zhushou.os/lib
05-28 16:04:45.789 308 308 D XiriService: check file name: /data/data/com.dangbei.zhushou.os/lib
05-28 16:04:45.790 308 308 D XiriService: check file name: /data/data/com.sohu.inputmethod.sogou.tv/lib
05-28 16:04:45.788 308 308 I xiriservice_All: type=1400 audit(0.0:375): avc: denied { search } for name="com.sohu.inputmethod.sogou.tv" dev="mmcblk0p25" ino=1409 scontext=u:r:init:s0 tcontext=u:object_r:app_data_file:s0:c39,c256,c512,c768 tclass=dir permissive=1
05-28 16:04:45.788 308 308 I xiriservice_All: type=1400 audit(0.0:376): avc: denied { read } for name="lib" dev="mmcblk0p25" ino=6563 scontext=u:r:init:s0 tcontext=u:object_r:app_data_file:s0:c39,c256,c512,c768 tclass=lnk_file permissive=1
05-28 16:04:45.794 308 308 D XiriService: check file name: /data/data/com.sohu.inputmethod.sogou.tv/lib
05-28 16:04:45.794 308 308 D XiriService: check file name: /data/data/com.oranth.ledstatus/lib
05-28 16:04:45.796 308 308 D XiriService: check file name: /data/data/com.oranth.ledstatus/lib
05-28 16:04:45.796 308 308 D XiriService: check file name: /data/data/com.oranth.ledstatus/lib
05-28 16:04:45.799 308 308 D XiriService: check file name: /data/data/com.dangbei.lerad.videoposter/lib
05-28 16:04:45.804 1 1 I : Adding 1505444k swap on /dev/block/zram0. Priority:-2 extents:1 across:1505444k SS
05-28 16:04:45.800 308 308 I xiriservice_All: type=1400 audit(0.0:377): avc: denied { search } for name="com.dangbei.lerad.videoposter" dev="mmcblk0p25" ino=749 scontext=u:r:init:s0 tcontext=u:object_r:app_data_file:s0:c512,c768 tclass=dir permissive=1
05-28 16:04:45.804 308 308 I xiriservice_All: type=1400 audit(0.0:378): avc: denied { read } for name="lib" dev="mmcblk0p25" ino=6565 scontext=u:r:init:s0 tcontext=u:object_r:app_data_file:s0:c512,c768 tclass=lnk_file permissive=1
05-28 16:04:45.807 308 308 D XiriService: check file name: /data/data/com.dangbei.lerad.videoposter/lib
05-28 16:04:45.807 308 308 D XiriService: check file name: /data/data/com.android.networkstack/lib
05-28 16:04:45.804 308 308 I xiriservice_All: type=1400 audit(0.0:379): avc: denied { read } for name="lib" dev="mmcblk0p25" ino=6566 scontext=u:r:init:s0 tcontext=u:object_r:radio_data_file:s0 tclass=lnk_file permissive=1
05-28 16:04:45.808 308 308 D XiriService: check file name: /data/data/android/lib
05-28 16:04:45.808 308 308 D XiriService: check file name: /data/data/com.dangbei.screencast/lib
05-28 16:04:45.804 991 991 I init : type=1400 audit(0.0:380): avc: denied { entrypoint } for path="/system/bin/appsdisable" dev="dm-0" ino=892 scontext=u:r:shell:s0 tcontext=u:object_r:system_file:s0 tclass=file permissive=1
05-28 16:04:45.811 308 308 D XiriService: check file name: /data/data/com.dangbei.screencast/lib
05-28 16:04:45.811 308 308 D XiriService: check file name: /data/data/com.dangbei.leard.leradlauncher/lib
05-28 16:04:45.813 308 308 D XiriService: check file name: /data/data/com.android.providers.settings/lib
05-28 16:04:45.814 308 308 D XiriService: check file name: /data/data/com.android.printspooler/lib
05-28 16:04:45.812 308 308 I xiriservice_All: type=1400 audit(0.0:381): avc: denied { search } for name="com.android.printspooler" dev="mmcblk0p25" ino=937 scontext=u:r:init:s0 tcontext=u:object_r:app_data_file:s0:c53,c256,c512,c768 tclass=dir permissive=1
05-28 16:04:45.816 308 308 I xiriservice_All: type=1400 audit(0.0:382): avc: denied { read } for name="lib" dev="mmcblk0p25" ino=6571 scontext=u:r:init:s0 tcontext=u:object_r:app_data_file:s0:c53,c256,c512,c768 tclass=lnk_file permissive=1
05-28 16:04:45.825 308 308 D XiriService: check file name: /data/data/com.android.printspooler/lib
05-28 16:04:45.829 308 308 D XiriService: check file name: /data/data/com.android.webview/lib
05-28 16:04:45.832 308 308 I xiriservice_All: type=1400 audit(0.0:383): avc: denied { search } for name="com.android.webview" dev="mmcblk0p25" ino=953 scontext=u:r:init:s0 tcontext=u:object_r:app_data_file:s0:c60,c256,c512,c768 tclass=dir permissive=1
05-28 16:04:45.832 308 308 I xiriservice_All: type=1400 audit(0.0:384): avc: denied { read } for name="lib" dev="mmcblk0p25" ino=6572 scontext=u:r:init:s0 tcontext=u:object_r:app_data_file:s0:c60,c256,c512,c768 tclass=lnk_file permissive=1
05-28 16:04:45.837 308 308 D XiriService: check file name: /data/data/com.android.inputdevices/lib
05-28 16:04:45.838 308 308 D XiriService: check file name: /data/data/com.android.bips/lib
05-28 16:04:45.840 308 308 D XiriService: check file name: /data/data/com.oranth.inputmacsn/lib
05-28 16:04:45.841 308 308 D XiriService: check file name: /data/data/com.dangbei.hqmedia/lib
05-28 16:04:45.836 308 308 I xiriservice_All: type=1400 audit(0.0:385): avc: denied { search } for name="com.dangbei.hqmedia" dev="mmcblk0p25" ino=5001 scontext=u:r:init:s0 tcontext=u:object_r:app_data_file:s0:c76,c256,c512,c768 tclass=dir permissive=1
05-28 16:04:45.836 308 308 I xiriservice_All: type=1400 audit(0.0:386): avc: denied { read } for name="lib" dev="mmcblk0p25" ino=6576 scontext=u:r:init:s0 tcontext=u:object_r:app_data_file:s0:c76,c256,c512,c768 tclass=lnk_file permissive=1
05-28 16:04:45.851 308 308 D XiriService: check file name: /data/data/com.dangbei.hqmedia/lib
05-28 16:04:45.851 308 308 D XiriService: check file name: /data/data/com.android.keychain/lib
05-28 16:04:45.853 308 308 D XiriService: check file name: /data/data/android.ext.services/lib
05-28 16:04:45.856 308 308 D XiriService: check file name: /data/data/com.android.localtransport/lib
05-28 16:04:45.856 308 308 D XiriService: check file name: /data/data/com.android.packageinstaller/lib
05-28 16:04:45.859 308 308 D XiriService: check file name: /data/data/com.oranth.usbopenft/lib
05-28 16:04:45.860 308 308 D XiriService: check file name: /data/data/com.android.networkstack.tethering/lib
05-28 16:04:45.861 308 308 D XiriService: check file name: /data/data/com.dangbei.lerad.etna.haqu/lib
05-28 16:04:45.863 308 308 D XiriService: check file name: /data/data/com.oranth.powerwindow/lib
05-28 16:04:45.864 308 308 D XiriService: check file name: /data/data/com.oranth.powerwindow/lib
05-28 16:04:45.864 308 308 D XiriService: check file name: /data/data/com.android.networkstack.permissionconfig/lib
05-28 16:04:45.864 308 308 D XiriService: check file name: /data/data/com.dangbei.lerad.screensaver/lib
05-28 16:04:45.860 308 308 I xiriservice_All: type=1400 audit(0.0:387): avc: denied { search } for name="com.dangbei.lerad.screensaver" dev="mmcblk0p25" ino=1185 scontext=u:r:init:s0 tcontext=u:object_r:app_data_file:s0:c47,c256,c512,c768 tclass=dir permissive=1
05-28 16:04:45.860 308 308 I xiriservice_All: type=1400 audit(0.0:388): avc: denied { read } for name="lib" dev="mmcblk0p25" ino=6519 scontext=u:r:init:s0 tcontext=u:object_r:app_data_file:s0:c47,c256,c512,c768 tclass=lnk_file permissive=1
05-28 16:04:45.865 308 308 D XiriService: check file name: /data/data/com.dangbei.lerad.screensaver/lib
05-28 16:04:45.867 308 308 D XiriService: check file name: /data/data/com.android.wallpaperbackup/lib
05-28 16:04:45.869 308 308 D XiriService: check file name: /data/data/com.android.wallpaperbackup/lib
05-28 16:04:45.868 308 308 I xiriservice_All: type=1400 audit(0.0:389): avc: denied { search } for name="com.android.providers.media.module" dev="mmcblk0p25" ino=1259 scontext=u:r:init:s0 tcontext=u:object_r:privapp_data_file:s0:c74,c256,c512,c768 tclass=dir permissive=1
05-28 16:04:45.870 308 308 D XiriService: check file name: /data/data/com.android.providers.media.module/lib
05-28 16:04:45.868 308 308 I xiriservice_All: type=1400 audit(0.0:390): avc: denied { read } for name="lib" dev="mmcblk0p25" ino=6523 scontext=u:r:init:s0 tcontext=u:object_r:privapp_data_file:s0:c74,c256,c512,c768 tclass=lnk_file permissive=1
05-28 16:04:45.877 308 308 D XiriService: check file name: /data/data/com.android.providers.media.module/lib
05-28 16:04:45.877 308 308 D XiriService: check file name: /data/data/com.oranth.storage/lib
05-28 16:04:45.879 308 308 D XiriService: check file name: /data/data/com.oranth.storage/lib
05-28 16:04:45.891 992 992 I bootstat: Service started: /system/bin/bootstat --record_boot_complete --record_boot_reason --record_time_since_factory_reset -l
05-28 16:04:45.891 308 308 D XiriService: check file name: /data/data/com.android.location.fused/lib
05-28 16:04:45.892 308 308 D XiriService: check file name: /data/data/com.android.location.fused/lib
05-28 16:04:45.893 308 308 D XiriService: check file name: /data/data/com.dangbei.haqusetting/lib
05-28 16:04:45.894 992 992 E bootstat: Failed to read /data/misc/bootstat/post_decrypt_time_elapsed: No such file or directory
05-28 16:04:45.894 992 992 E bootstat: Failed to parse boot time record: /data/misc/bootstat/post_decrypt_time_elapsed
05-28 16:04:45.894 308 308 D XiriService: check file name: /data/data/com.dangbei.haqusetting/lib
05-28 16:04:45.895 308 308 D XiriService: check file name: /data/data/com.softwinner.miracastReceiver/lib
05-28 16:04:45.896 308 308 D XiriService: check file name: /data/data/com.softwinner.miracastReceiver/lib
05-28 16:04:45.897 308 308 D XiriService: check file name: /data/data/com.android.bluetooth/lib
05-28 16:04:45.896 308 308 I xiriservice_All: type=1400 audit(0.0:391): avc: denied { read } for name="lib" dev="mmcblk0p25" ino=6531 scontext=u:r:init:s0 tcontext=u:object_r:bluetooth_data_file:s0 tclass=lnk_file permissive=1
05-28 16:04:45.900 467 516 V PackageManager: reconcileAppsData finished 113 packages
05-28 16:04:45.900 467 516 I ActivityManager: User 0 state changed from RUNNING_LOCKED to RUNNING_UNLOCKING
05-28 16:04:45.900 308 308 D XiriService: check file name: /data/data/com.android.bluetooth/lib
05-28 16:04:45.901 308 308 D XiriService: check file name: /data/data/com.android.bluetooth/lib
05-28 16:04:45.902 467 516 D ActivityManager: Unlocking user 0 progress 20
05-28 16:04:45.908 467 486 I system_server: Background young concurrent copying GC freed 194010(5824KB) AllocSpace objects, 22(1344KB) LOS objects, 36% free, 11MB/17MB, paused 564us total 215.156ms
05-28 16:04:45.909 670 924 V WallpaperService: Setting wallpaper dimming: 0.05
05-28 16:04:45.912 467 488 W System : A resource failed to call release.
05-28 16:04:45.913 467 488 W System : A resource failed to call release.
05-28 16:04:45.916 992 992 W bootstat: LogBootEvents, atomInfo not defined for events:last_boot_time_utc,build_date,ro.boottime.init.cold_boot_wait,boot_reason,system_boot_reason,time_since_last_boot
05-28 16:04:45.930 467 516 D AW_CODE : rotation =0
05-28 16:04:45.938 369 369 I update_engine: [INFO:cleanup_previous_update_action.cc(112)] Executing task 6
05-28 16:04:45.941 369 369 I update_engine: [INFO:cleanup_previous_update_action.cc(189)] Boot completed, waiting on markBootSuccessful()
05-28 16:04:45.943 467 526 I SystemServerTimingAsync: ssm.UnlockingUser-0
05-28 16:04:45.943 467 526 I SystemServiceManager: Calling onUnlockingUser 0
05-28 16:04:45.943 467 516 D AW_CODE : rotation =0
05-28 16:04:45.945 467 516 D ColorDisplayService: setUp: currentUser=0
05-28 16:04:45.947 369 369 I update_engine: EnsureMetadataMounted does nothing in Android mode.
05-28 16:04:45.948 467 516 D ColorDisplayService: onNightDisplayAutoModeChanged: autoMode=0
05-28 16:04:45.949 467 516 I ColorDisplayService: Turning off night display
05-28 16:04:45.949 467 516 D ColorDisplayService: Setting bright color reduction level: 50
05-28 16:04:45.950 369 369 I update_engine: Read merge statistics file failed: No such file or directory
05-28 16:04:45.953 670 670 D SystemUIService: Starting Wifi now
05-28 16:04:45.955 369 369 I update_engine: [INFO:cleanup_previous_update_action.cc(261)] Waiting for any previous merge request to complete. This can take up to several minutes.
05-28 16:04:45.959 467 600 D WifiNetworkFactory: Registering NetworkFactory
05-28 16:04:45.960 467 608 D ConnectivityService: Got NetworkProvider Messenger for WifiNetworkFactory
05-28 16:04:45.960 467 600 D UntrustedWifiNetworkFactory: Registering NetworkFactory
05-28 16:04:45.960 467 608 D ConnectivityService: Got NetworkProvider Messenger for UntrustedWifiNetworkFactory
05-28 16:04:45.962 467 600 D OemPaidWifiNetworkFactory: Registering NetworkFactory
05-28 16:04:45.962 467 608 D ConnectivityService: Got NetworkProvider Messenger for OemPaidWifiNetworkFactory
05-28 16:04:45.962 369 369 E update_engine: Read state file failed: No such file or directory
05-28 16:04:45.966 369 369 E update_engine: Read state file failed: No such file or directory
05-28 16:04:45.969 369 369 I update_engine: CheckMergeState for snapshots returned: 0
05-28 16:04:45.975 467 515 W IorapForwardingService: No service published for: iorapd
05-28 16:04:45.982 369 369 I update_engine: ProcessUpdateState handling state: 0
05-28 16:04:45.988 670 670 I SharedPreferenc: type=1400 audit(0.0:392): avc: denied { search } for name="com.android.systemui" dev="mmcblk0p25" ino=486 scontext=u:r:platform_app:s0:c512,c768 tcontext=u:object_r:app_data_file:s0:c512,c768 tclass=dir permissive=1 app=com.softwinner.screenshot
05-28 16:04:45.991 369 369 I update_engine: [INFO:cleanup_previous_update_action.cc(287)] Can't find any snapshot to merge.
05-28 16:04:45.992 467 526 D BluetoothManagerService: User 0 unlocked
05-28 16:04:45.992 467 515 D BluetoothManagerService: MESSAGE_USER_UNLOCKED
05-28 16:04:45.995 467 526 D StorageManagerService: onUnlockUser 0
05-28 16:04:45.995 467 526 I StorageSessionController: On user unlock 0
05-28 16:04:45.995 467 526 I StorageSessionController: Initialialising...
05-28 16:04:45.996 369 369 E update_engine: Read state file failed: No such file or directory
05-28 16:04:45.997 189 189 I vold : onUserStarted: 0
05-28 16:04:45.999 311 315 D XM_HIDREAD: add@ add@/class/hci_reg
05-28 16:04:46.000 311 315 D XM_HIDREAD: add@ add@/module/sunxi_hci
05-28 16:04:46.000 467 491 V StorageManagerService: Found primary storage at VolumeInfo{emulated;0}:
05-28 16:04:46.000 467 491 V StorageManagerService: type=EMULATED diskId=null partGuid= mountFlags=0 mountUserId=0
05-28 16:04:46.000 467 491 V StorageManagerService: state=UNMOUNTED
05-28 16:04:46.000 467 491 V StorageManagerService: fsType=null fsUuid=null fsLabel=null
05-28 16:04:46.000 467 491 V StorageManagerService: path=null internalPath=null
05-28 16:04:46.001 369 369 I update_engine: [INFO:cleanup_previous_update_action.cc(130)] Stopping/suspending/completing CleanupPreviousUpdateAction
05-28 16:04:46.004 467 594 I StorageManagerService: Mounting volume VolumeInfo{emulated;0}:
05-28 16:04:46.004 467 594 I StorageManagerService: type=EMULATED diskId=null partGuid= mountFlags=PRIMARY|VISIBLE
05-28 16:04:46.004 467 594 I StorageManagerService: mountUserId=0 state=UNMOUNTED
05-28 16:04:46.004 467 594 I StorageManagerService: fsType=null fsUuid=null fsLabel=null
05-28 16:04:46.004 467 594 I StorageManagerService: path=null internalPath=null
05-28 16:04:46.004 467 513 I AdbDebuggingManager: Not connected to any wireless network. Not enabling adbwifi.
05-28 16:04:46.005 189 189 I vold : Mounting emulated fuse volume
05-28 16:04:46.005 467 513 W Looper : Slow dispatch took 766ms android.fg h=com.android.server.adb.AdbDebuggingManager$AdbDebuggingHandler c=null m=11
05-28 16:04:46.006 369 369 I update_engine: [INFO:cleanup_previous_update_action.cc(469)] Not reporting merge stats because state is None
05-28 16:04:46.012 369 369 I update_engine: [INFO:cleanup_previous_update_action.cc(130)] Stopping/suspending/completing CleanupPreviousUpdateAction
05-28 16:04:46.008 670 670 I SharedPreferenc: type=1400 audit(0.0:393): avc: denied { open } for path="/data/user_de/0/com.android.systemui/shared_prefs/com.android.systemui.xml" dev="mmcblk0p25" ino=6420 scontext=u:r:platform_app:s0:c512,c768 tcontext=u:object_r:app_data_file:s0:c512,c768 tclass=file permissive=1 app=com.softwinner.screenshot
05-28 16:04:46.015 369 369 I update_engine: [INFO:action_processor.cc(116)] ActionProcessor: finished last action CleanupPreviousUpdateAction with code ErrorCode::kSuccess
05-28 16:04:46.019 467 492 I WifiService: setWifiEnabled package=com.android.systemui uid=10067 enable=true
05-28 16:04:46.023 369 369 I update_engine: [INFO:update_attempter_android.cc(549)] Processing Done.
05-28 16:04:46.037 163 163 W sunxi-ehci: EHCI SUNXI driver
05-28 16:04:46.038 163 163 W : sunxi ehci0-controller don't init wakeup source
05-28 16:04:46.038 163 163 W [sunxi-ehci0]: probe, pdev->name: 5101000.ehci0-controller, sunxi_ehci: 0xffffffc008f81018, 0x:ffffffc0120fd000, irq_no:32
05-28 16:04:46.026 311 315 D XM_HIDREAD: add@ add@/devices/virtual/bdi/0:47
05-28 16:04:46.028 189 189 I vold : Bind mounting /data/media to /mnt/pass_through/0/emulated
05-28 16:04:46.031 467 594 I StorageSessionController: On volume mount VolumeInfo{emulated;0}:
05-28 16:04:46.031 467 594 I StorageSessionController: type=EMULATED diskId=null partGuid= mountFlags=PRIMARY|VISIBLE
05-28 16:04:46.031 467 594 I StorageSessionController: mountUserId=0 state=CHECKING
05-28 16:04:46.031 467 594 I StorageSessionController: fsType=null fsUuid=null fsLabel=null
05-28 16:04:46.031 467 594 I StorageSessionController: path=/storage/emulated internalPath=/data/media
05-28 16:04:46.033 311 315 D XM_HIDREAD: add@ add@/devices/virtual/devlink/regulator.8--5101000.ehci0-controller
05-28 16:04:46.034 467 594 I StorageSessionController: Creating connection for user: 0
05-28 16:04:46.035 369 369 I update_engine: [INFO:update_attempter_android.cc(701)] Terminating cleanup previous update.
05-28 16:04:46.035 467 594 I StorageSessionController: Creating and starting session with id: emulated;0
05-28 16:04:46.037 467 513 W Looper : Slow delivery took 767ms android.fg h=com.android.server.adb.AdbDebuggingManager$AdbDebuggingHandler c=null m=8
05-28 16:04:46.043 163 163 I sunxi-ehci 5101000.ehci0-controller: EHCI Host Controller
05-28 16:04:46.043 163 163 I sunxi-ehci 5101000.ehci0-controller: new USB bus registered, assigned bus number 1
05-28 16:04:46.043 163 163 I sunxi-ehci 5101000.ehci0-controller: irq 50, io mem 0x05101000
05-28 16:04:46.040 467 526 W TextServicesManagerService: no available spell checker services found
05-28 16:04:46.045 182 182 I hwservicemanager: getTransport: Cannot find entry android.hardware.graphics.mapper@4.0::IMapper/default in either framework or device VINTF manifest.
05-28 16:04:46.045 670 924 I Gralloc4: mapper 4.x is not supported
05-28 16:04:46.046 804 804 W ContextImpl: Calling a method in the system process without a qualified user: android.app.ContextImpl.startService:1816 android.content.ContextWrapper.startService:774 android.content.ContextWrapper.startService:774 com.android.tv.settings.users.UserSwitchListenerService$BootReceiver.onReceive:50 android.app.ActivityThread.handleReceiver:4308
05-28 16:04:46.047 467 523 I UsageStatsService: User[0] Rollover scheduled @ 2025-05-29 15:49:00(1748504940781)
05-28 16:04:46.047 467 467 W InputMethodUtils: Found no fallback locale. imis=[InputMethodInfo{com.sohu.inputmethod.sogou.tv/.SogouIME, settings: com.sohu.inputmethod.sogou.SogouIMESettingsLauncher}]
05-28 16:04:46.049 467 523 W AppHibernationService: Attempt to call setHibernatingForUser before states have been read from disk
05-28 16:04:46.049 467 523 W AppHibernationService: Attempt to call setHibernatingForUser before states have been read from disk
05-28 16:04:46.049 467 523 W AppHibernationService: Attempt to call setHibernatingForUser before states have been read from disk
05-28 16:04:46.050 467 523 W AppHibernationService: Attempt to call setHibernatingForUser before states have been read from disk
05-28 16:04:46.050 467 523 W AppHibernationService: Attempt to call setHibernatingForUser before states have been read from disk
05-28 16:04:46.050 467 523 W AppHibernationService: Attempt to call setHibernatingForUser before states have been read from disk
05-28 16:04:46.051 467 523 W AppHibernationService: Attempt to call setHibernatingForUser before states have been read from disk
05-28 16:04:46.051 467 523 W AppHibernationService: Attempt to call setHibernatingForUser before states have been read from disk
05-28 16:04:46.051 467 523 W AppHibernationService: Attempt to call setHibernatingForUser before states have been read from disk
05-28 16:04:46.051 467 523 W AppHibernationService: Attempt to call setHibernatingForUser before states have been read from disk
05-28 16:04:46.051 467 523 W AppHibernationService: Attempt to call setHibernatingForUser before states have been read from disk
05-28 16:04:46.051 467 523 W AppHibernationService: Attempt to call setHibernatingForUser before states have been read from disk
05-28 16:04:46.052 311 315 D XM_HIDREAD: add@ add@/devices/platform/soc@3000000/5101000.ehci0-controller/usb1
05-28 16:04:46.053 467 523 W AppHibernationService: Attempt to call setHibernatingForUser before states have been read from disk
05-28 16:04:46.054 467 523 W AppHibernationService: Attempt to call setHibernatingForUser before states have been read from disk
05-28 16:04:46.055 467 523 W AppHibernationService: Attempt to call setHibernatingForUser before states have been read from disk
05-28 16:04:46.055 467 523 W AppHibernationService: Attempt to call setHibernatingForUser before states have been read from disk
05-28 16:04:46.055 467 526 D WifiService: Handle user unlock 0
05-28 16:04:46.056 163 163 I sunxi-ehci 5101000.ehci0-controller: USB 2.0 started, EHCI 1.00
05-28 16:04:46.056 163 163 I usb1 : New USB device found, idVendor=1d6b, idProduct=0002, bcdDevice= 5.04
05-28 16:04:46.056 163 163 I usb1 : New USB device strings: Mfr=3, Product=2, SerialNumber=1
05-28 16:04:46.056 163 163 I usb1 : Product: EHCI Host Controller
05-28 16:04:46.056 163 163 I usb1 : Manufacturer: Linux 5.4.125+ ehci_hcd
05-28 16:04:46.056 163 163 I usb1 : SerialNumber: sunxi-ehci
05-28 16:04:46.056 467 526 I WallpaperManagerService: on-unlock-user-0
05-28 16:04:46.057 467 523 I UsageStatsService: User[0] Flushing usage stats to disk
05-28 16:04:46.058 467 467 W InputMethodUtils: No software keyboard is found. imis=[InputMethodInfo{com.sohu.inputmethod.sogou.tv/.SogouIME, settings: com.sohu.inputmethod.sogou.SogouIMESettingsLauncher}] systemLocale=zh_CN fallbackLocale=null
05-28 16:04:46.059 311 315 D XM_HIDREAD: add@ add@/devices/platform/soc@3000000/5101000.ehci0-controller/usb1/1-0:1.0
05-28 16:04:46.062 467 594 I StorageUserConnection: Binding to the ExternalStorageService for user 0
05-28 16:04:46.062 467 600 D WifiActiveModeWarden: Starting primary ClientModeManager in connect mode
05-28 16:04:46.065 163 163 I hub 1-0 : 1.0: USB hub found
05-28 16:04:46.066 163 163 I hub 1-0 : 1.0: 1 port detected
05-28 16:04:46.068 163 163 W : sunxi ehci1-controller don't init wakeup source
05-28 16:04:46.068 163 163 W [sunxi-ehci1]: probe, pdev->name: 5200000.ehci1-controller, sunxi_ehci: 0xffffffc008f816d8, 0x:ffffffc0121e7000, irq_no:34
05-28 16:04:46.065 311 315 D XM_HIDREAD: add@ add@/devices/virtual/devlink/regulator.8--5200000.ehci1-controller
05-28 16:04:46.068 467 513 D AdbService: setAdbEnabled(true), mIsAdbUsbEnabled=true, mIsAdbWifiEnabled=true, transportType=1
05-28 16:04:46.068 467 513 W Looper : Drained
05-28 16:04:46.072 163 163 I sunxi-ehci 5200000.ehci1-controller: EHCI Host Controller
05-28 16:04:46.072 163 163 I sunxi-ehci 5200000.ehci1-controller: new USB bus registered, assigned bus number 2
05-28 16:04:46.073 163 163 I sunxi-ehci 5200000.ehci1-controller: irq 52, io mem 0x05200000
05-28 16:04:46.069 467 600 D WifiController: DisabledState.exit()
05-28 16:04:46.069 467 600 D WifiController: EnabledState.enter()
05-28 16:04:46.070 467 600 D WifiClientModeManager[unknown]: entering IdleState
05-28 16:04:46.070 467 600 D WifiNetworkFactory: got request NetworkRequest [ REQUEST id=17, [ Capabilities: INTERNET&NOT_RESTRICTED&TRUSTED&NOT_VCN_MANAGED Uid: 1000 RequestorUid: 1000 RequestorPkg: android] ]
05-28 16:04:46.071 467 600 D WifiNetworkFactory: got request NetworkRequest [ REQUEST id=19, [ Capabilities: INTERNET&NOT_RESTRICTED&TRUSTED&NOT_VCN_MANAGED Uid: 1073 RequestorUid: 1073 RequestorPkg: com.android.networkstack] ]
05-28 16:04:46.071 467 600 D WifiNetworkFactory: got request NetworkRequest [ REQUEST id=1, [ Capabilities: INTERNET&NOT_RESTRICTED&TRUSTED&NOT_VPN&NOT_VCN_MANAGED RequestorUid: 1000 RequestorPkg: android] ]
05-28 16:04:46.071 467 600 D WifiNetworkFactory: got request NetworkRequest [ REQUEST id=10, [ Capabilities: INTERNET&NOT_RESTRICTED&TRUSTED&NOT_VCN_MANAGED Uid: 1000 RequestorUid: 1000 RequestorPkg: android] ]
05-28 16:04:46.072 467 600 D WifiNetworkFactory: got request NetworkRequest [ REQUEST id=3, [ Transports: WIFI Capabilities: INTERNET&NOT_RESTRICTED&TRUSTED&NOT_VPN&NOT_VCN_MANAGED RequestorUid: 1000 RequestorPkg: android] ]
05-28 16:04:46.072 467 600 D UntrustedWifiNetworkFactory: got request NetworkRequest [ REQUEST id=17, [ Capabilities: INTERNET&NOT_RESTRICTED&TRUSTED&NOT_VCN_MANAGED Uid: 1000 RequestorUid: 1000 RequestorPkg: android] ]
05-28 16:04:46.072 467 600 D UntrustedWifiNetworkFactory: got request NetworkRequest [ REQUEST id=19, [ Capabilities: INTERNET&NOT_RESTRICTED&TRUSTED&NOT_VCN_MANAGED Uid: 1073 RequestorUid: 1073 RequestorPkg: com.android.networkstack] ]
05-28 16:04:46.072 467 600 D UntrustedWifiNetworkFactory: got request NetworkRequest [ REQUEST id=1, [ Capabilities: INTERNET&NOT_RESTRICTED&TRUSTED&NOT_VPN&NOT_VCN_MANAGED RequestorUid: 1000 RequestorPkg: android] ]
05-28 16:04:46.072 467 600 D UntrustedWifiNetworkFactory: got request NetworkRequest [ REQUEST id=10, [ Capabilities: INTERNET&NOT_RESTRICTED&TRUSTED&NOT_VCN_MANAGED Uid: 1000 RequestorUid: 1000 RequestorPkg: android] ]
05-28 16:04:46.072 467 600 D UntrustedWifiNetworkFactory: got request NetworkRequest [ REQUEST id=3, [ Transports: WIFI Capabilities: INTERNET&NOT_RESTRICTED&TRUSTED&NOT_VPN&NOT_VCN_MANAGED RequestorUid: 1000 RequestorPkg: android] ]
05-28 16:04:46.072 467 600 D OemPaidWifiNetworkFactory: got request NetworkRequest [ REQUEST id=17, [ Capabilities: INTERNET&NOT_RESTRICTED&TRUSTED&NOT_VCN_MANAGED Uid: 1000 RequestorUid: 1000 RequestorPkg: android] ]
05-28 16:04:46.072 467 600 D OemPaidWifiNetworkFactory: got request NetworkRequest [ REQUEST id=19, [ Capabilities: INTERNET&NOT_RESTRICTED&TRUSTED&NOT_VCN_MANAGED Uid: 1073 RequestorUid: 1073 RequestorPkg: com.android.networkstack] ]
05-28 16:04:46.073 467 600 D OemPaidWifiNetworkFactory: got request NetworkRequest [ REQUEST id=1, [ Capabilities: INTERNET&NOT_RESTRICTED&TRUSTED&NOT_VPN&NOT_VCN_MANAGED RequestorUid: 1000 RequestorPkg: android] ]
05-28 16:04:46.073 467 600 D OemPaidWifiNetworkFactory: got request NetworkRequest [ REQUEST id=10, [ Capabilities: INTERNET&NOT_RESTRICTED&TRUSTED&NOT_VCN_MANAGED Uid: 1000 RequestorUid: 1000 RequestorPkg: android] ]
05-28 16:04:46.073 467 600 D OemPaidWifiNetworkFactory: got request NetworkRequest [ REQUEST id=3, [ Transports: WIFI Capabilities: INTERNET&NOT_RESTRICTED&TRUSTED&NOT_VPN&NOT_VCN_MANAGED RequestorUid: 1000 RequestorPkg: android] ]
05-28 16:04:46.074 182 182 I hwservicemanager: getTransport: Cannot find entry android.hardware.graphics.mapper@3.0::IMapper/default in either framework or device VINTF manifest.
05-28 16:04:46.079 467 600 D WakeupConfigStoreData: WifiWake user data has been read
05-28 16:04:46.081 670 924 W Gralloc3: mapper 3.x is not supported
05-28 16:04:46.083 467 600 D WifiConfigStore: Reading from user stores completed in 8 ms.
05-28 16:04:46.080 999 999 I runin.sh: type=1400 audit(0.0:394): avc: denied { dac_read_search } for capability=2 scontext=u:r:shell:s0 tcontext=u:r:shell:s0 tclass=capability permissive=1
05-28 16:04:46.088 163 163 I sunxi-ehci 5200000.ehci1-controller: USB 2.0 started, EHCI 1.00
05-28 16:04:46.088 163 163 E debugfs : Directory 'sunxi-ehci' with parent 'ehci' already present!
05-28 16:04:46.095 261 261 D hdmi-cec: cec physical address: 3.0.0.0
05-28 16:04:46.096 311 315 D XM_HIDREAD: add@ add@/devices/platform/soc@3000000/5200000.ehci1-controller/usb2
05-28 16:04:46.092 311 311 I xm_hidread: type=1400 audit(0.0:395): avc: denied { read } for scontext=u:r:init:s0 tcontext=u:r:init:s0 tclass=netlink_kobject_uevent_socket permissive=1
05-28 16:04:46.097 261 261 D hdmi-cec: cec physical address: 3.0.0.0
05-28 16:04:46.097 261 261 D hdmi-cec: cec physical address: 3.0.0.0
05-28 16:04:46.098 261 261 D hdmi-cec: addLogicalAddress (4)
05-28 16:04:46.101 163 163 I usb2 : New USB device found, idVendor=1d6b, idProduct=0002, bcdDevice= 5.04
05-28 16:04:46.101 163 163 I usb2 : New USB device strings: Mfr=3, Product=2, SerialNumber=1
05-28 16:04:46.101 163 163 I usb2 : Product: EHCI Host Controller
05-28 16:04:46.101 163 163 I usb2 : Manufacturer: Linux 5.4.125+ ehci_hcd
05-28 16:04:46.101 163 163 I usb2 : SerialNumber: sunxi-ehci
05-28 16:04:46.098 311 315 D XM_HIDREAD: add@ add@/devices/platform/soc@3000000/5200000.ehci1-controller/usb2/2-0:1.0
05-28 16:04:46.099 261 261 D hdmi-cec: cec physical address: 3.0.0.0
05-28 16:04:46.105 163 163 I hub 2-0 : 1.0: USB hub found
05-28 16:04:46.105 163 163 I hub 2-0 : 1.0: 1 port detected
05-28 16:04:46.103 467 526 W VoiceInteractionManager: no available voice recognition services found for user 0
05-28 16:04:46.105 311 315 D XM_HIDREAD: add@ add@/devices/virtual/devlink/regulator.8--5310000.ehci2-controller
05-28 16:04:46.105 467 631 I BackupManagerService: Starting service for user: 0
05-28 16:04:46.105 467 631 V BackupManagerService: [UserID:0] Starting with transport com.android.localtransport/.LocalTransport
05-28 16:04:46.106 467 975 I HibernationStateDiskStore: No hibernation file on disk for file /data/system_ce/0/hibernation/states
05-28 16:04:46.110 163 163 W : sunxi ehci2-controller don't init wakeup source
05-28 16:04:46.110 163 163 W [sunxi-ehci2]: probe, pdev->name: 5310000.ehci2-controller, sunxi_ehci: 0xffffffc008f81d98, 0x:ffffffc0121f3000, irq_no:36
05-28 16:04:46.112 163 163 I sunxi-ehci 5310000.ehci2-controller: EHCI Host Controller
05-28 16:04:46.112 163 163 I sunxi-ehci 5310000.ehci2-controller: new USB bus registered, assigned bus number 3
05-28 16:04:46.112 163 163 I sunxi-ehci 5310000.ehci2-controller: irq 54, io mem 0x05310000
05-28 16:04:46.107 467 526 D AutofillManagerServiceImpl: Reset component for user 0:
05-28 16:04:46.107 467 514 D AutofillUI: destroySaveUiUiThread(): already destroyed
05-28 16:04:46.107 467 526 D FieldClassificationStrategy: reset(): service is not bound. Do nothing.
05-28 16:04:46.108 467 526 W AppBindingService: [Default SMS app] u0 Target package not found
05-28 16:04:46.109 467 631 D BackupManagerService: [UserID:0] Started thread backup-0
05-28 16:04:46.113 467 526 I ActivityTaskManager: Loading recents for user 0 into memory.
05-28 16:04:46.124 163 163 I sunxi-ehci 5310000.ehci2-controller: USB 2.0 started, EHCI 1.00
05-28 16:04:46.124 163 163 E debugfs : Directory 'sunxi-ehci' with parent 'ehci' already present!
05-28 16:04:46.127 467 526 V PackageConfigPersister: loadPackages: empty list files from /data/system_ce/0/package_configs
05-28 16:04:46.128 467 523 W Searchables: No global search activity found
05-28 16:04:46.136 163 163 I usb3 : New USB device found, idVendor=1d6b, idProduct=0002, bcdDevice= 5.04
05-28 16:04:46.136 163 163 I usb3 : New USB device strings: Mfr=3, Product=2, SerialNumber=1
05-28 16:04:46.136 163 163 I usb3 : Product: EHCI Host Controller
05-28 16:04:46.136 163 163 I usb3 : Manufacturer: Linux 5.4.125+ ehci_hcd
05-28 16:04:46.136 163 163 I usb3 : SerialNumber: sunxi-ehci
05-28 16:04:46.130 467 594 D CompatibilityChangeReporter: Compat change id reported: 135634846; UID 10074; state: DISABLED
05-28 16:04:46.131 467 527 D CompatibilityChangeReporter: Compat change id reported: 143937733; UID 10074; state: ENABLED
05-28 16:04:46.128 670 670 I queued-work-loo: type=1400 audit(0.0:396): avc: denied { write } for name="shared_prefs" dev="mmcblk0p25" ino=1625 scontext=u:r:platform_app:s0:c512,c768 tcontext=u:object_r:app_data_file:s0:c512,c768 tclass=dir permissive=1 app=com.softwinner.screenshot
05-28 16:04:46.131 311 315 D XM_HIDREAD: add@ add@/devices/platform/soc@3000000/5310000.ehci2-controller/usb3
05-28 16:04:46.132 311 315 D XM_HIDREAD: add@ add@/devices/platform/soc@3000000/5310000.ehci2-controller/usb3/3-0:1.0
05-28 16:04:46.139 163 163 I hub 3-0 : 1.0: USB hub found
05-28 16:04:46.139 163 163 I hub 3-0 : 1.0: 1 port detected
05-28 16:04:46.139 467 594 I StorageUserConnection: Bound to the ExternalStorageService for user 0
05-28 16:04:46.140 311 315 D XM_HIDREAD: add@ add@/devices/virtual/devlink/regulator.8--5311000.ehci3-controller
05-28 16:04:46.136 670 670 I queued-work-loo: type=1400 audit(0.0:397): avc: denied { remove_name } for name="com.android.systemui.xml" dev="mmcblk0p25" ino=6420 scontext=u:r:platform_app:s0:c512,c768 tcontext=u:object_r:app_data_file:s0:c512,c768 tclass=dir permissive=1 app=com.softwinner.screenshot
05-28 16:04:46.136 670 670 I queued-work-loo: type=1400 audit(0.0:398): avc: denied { rename } for name="com.android.systemui.xml" dev="mmcblk0p25" ino=6420 scontext=u:r:platform_app:s0:c512,c768 tcontext=u:object_r:app_data_file:s0:c512,c768 tclass=file permissive=1 app=com.softwinner.screenshot
05-28 16:04:46.145 163 163 W : sunxi ehci3-controller don't init wakeup source
05-28 16:04:46.145 163 163 W [sunxi-ehci3]: probe, pdev->name: 5311000.ehci3-controller, sunxi_ehci: 0xffffffc008f82458, 0x:ffffffc012239000, irq_no:38
05-28 16:04:46.146 163 163 I sunxi-ehci 5311000.ehci3-controller: EHCI Host Controller
05-28 16:04:46.147 163 163 I sunxi-ehci 5311000.ehci3-controller: new USB bus registered, assigned bus number 4
05-28 16:04:46.147 163 163 I sunxi-ehci 5311000.ehci3-controller: irq 56, io mem 0x05311000
05-28 16:04:46.136 670 670 I queued-work-loo: type=1400 audit(0.0:399): avc: denied { add_name } for name="com.android.systemui.xml.bak" scontext=u:r:platform_app:s0:c512,c768 tcontext=u:object_r:app_data_file:s0:c512,c768 tclass=dir permissive=1 app=com.softwinner.screenshot
05-28 16:04:46.140 670 670 I queued-work-loo: type=1400 audit(0.0:400): avc: denied { create } for name="com.android.systemui.xml" scontext=u:r:platform_app:s0:c512,c768 tcontext=u:object_r:app_data_file:s0:c512,c768 tclass=file permissive=1 app=com.softwinner.screenshot
05-28 16:04:46.140 670 670 I queued-work-loo: type=1400 audit(0.0:401): avc: denied { open } for path="/data/user_de/0/com.android.systemui/shared_prefs/com.android.systemui.xml" dev="mmcblk0p25" ino=6602 scontext=u:r:platform_app:s0:c512,c768 tcontext=u:object_r:app_data_file:s0:c512,c768 tclass=file permissive=1 app=com.softwinner.screenshot
05-28 16:04:46.143 670 924 E gralloc : Arm Module v1.0
05-28 16:04:46.144 467 526 W ActivityManager: UserLifecycleEvent 5 received without an active userJourneySession.
05-28 16:04:46.144 467 526 W ActivityManager: UserLifecycleEvent 6 received without an active userJourneySession.
05-28 16:04:46.144 467 526 I ActivityManager: User 0 state changed from RUNNING_UNLOCKING to RUNNING_UNLOCKED
05-28 16:04:46.145 467 526 D SystemServerTiming: SystemUserUnlock took to complete: 853ms
05-28 16:04:46.145 467 631 I SELinux : SELinux: Loaded file_contexts
05-28 16:04:46.146 467 526 I ActivityManager: com.dangbei.lerad.etna.haqu is exempt from freezer
05-28 16:04:46.150 467 526 D CompatibilityChangeReporter: Compat change id reported: 135634846; UID 1000; state: DISABLED
05-28 16:04:46.148 670 670 I queued-work-loo: type=1400 audit(0.0:402): avc: denied { setattr } for name="com.android.systemui.xml" dev="mmcblk0p25" ino=6602 scontext=u:r:platform_app:s0:c512,c768 tcontext=u:object_r:app_data_file:s0:c512,c768 tclass=file permissive=1 app=com.softwinner.screenshot
05-28 16:04:46.158 931 931 W audit : audit_lost=1 audit_rate_limit=5 audit_backlog_limit=64
05-28 16:04:46.158 931 931 E audit : rate limit exceeded
05-28 16:04:46.160 163 163 I sunxi-ehci 5311000.ehci3-controller: USB 2.0 started, EHCI 1.00
05-28 16:04:46.163 163 163 E debugfs : Directory 'sunxi-ehci' with parent 'ehci' already present!
05-28 16:04:46.154 182 182 I hwservicemanager: getTransport: Cannot find entry android.hardware.graphics.allocator@4.0::IAllocator/default in either framework or device VINTF manifest.
05-28 16:04:46.155 670 924 W Gralloc4: allocator 4.x is not supported
05-28 16:04:46.155 182 182 I hwservicemanager: getTransport: Cannot find entry android.hardware.graphics.allocator@3.0::IAllocator/default in either framework or device VINTF manifest.
05-28 16:04:46.155 670 924 W Gralloc3: allocator 3.x is not supported
05-28 16:04:46.161 467 513 W AppWidgetServiceImpl: Failed to read state: java.io.FileNotFoundException: /data/system/users/0/appwidgets.xml: open failed: ENOENT (No such file or directory)
05-28 16:04:46.162 467 513 V AppWidgetServiceImpl: Upgrading widget database from 0 to 1
05-28 16:04:46.162 467 513 I AppWidgetServiceImpl: Processing of handleUserUnlocked u0 took 4 ms
05-28 16:04:46.162 254 254 I gralloc : alloc buffer:W:1920 H:1080 S:1920 PL[1920 1080] SZ:8294400 fmt:43 if:0 af:43 usg:20000b00 fg:00000004
05-28 16:04:46.162 467 526 I ActivityManager: Posting BOOT_COMPLETED user #0
05-28 16:04:46.163 670 924 E ion : ioctl c0044901 failed with code -1: Inappropriate ioctl for device
05-28 16:04:46.170 467 631 E BackupPasswordManager: Unable to read backup pw version
05-28 16:04:46.170 467 631 E BackupPasswordManager: Unable to read saved backup pw hash
05-28 16:04:46.171 311 315 D XM_HIDREAD: add@ add@/devices/platform/soc@3000000/5311000.ehci3-controller/usb4
05-28 16:04:46.172 467 523 I system_server: Using smaps_rollup for pss collection
05-28 16:04:46.173 311 315 D XM_HIDREAD: add@ add@/devices/platform/soc@3000000/5311000.ehci3-controller/usb4/4-0:1.0
05-28 16:04:46.176 163 163 I usb4 : New USB device found, idVendor=1d6b, idProduct=0002, bcdDevice= 5.04
05-28 16:04:46.176 163 163 I usb4 : New USB device strings: Mfr=3, Product=2, SerialNumber=1
05-28 16:04:46.176 163 163 I usb4 : Product: EHCI Host Controller
05-28 16:04:46.176 163 163 I usb4 : Manufacturer: Linux 5.4.125+ ehci_hcd
05-28 16:04:46.176 163 163 I usb4 : SerialNumber: sunxi-ehci
05-28 16:04:46.179 163 163 I hub 4-0 : 1.0: USB hub found
05-28 16:04:46.179 163 163 I hub 4-0 : 1.0: 1 port detected
05-28 16:04:46.174 467 526 D CompatibilityChangeReporter: Compat change id reported: 135634846; UID 10019; state: DISABLED
05-28 16:04:46.174 467 526 D CompatibilityChangeReporter: Compat change id reported: 177438394; UID 10019; state: DISABLED
05-28 16:04:46.176 467 526 D CompatibilityChangeReporter: Compat change id reported: 135772972; UID 10019; state: DISABLED
05-28 16:04:46.176 467 526 D CompatibilityChangeReporter: Compat change id reported: 135754954; UID 10019; state: ENABLED
05-28 16:04:46.177 243 243 D Zygote : Forked child process 1010
05-28 16:04:46.179 311 315 D XM_HIDREAD: add@ add@/bus/platform/drivers/sunxi-ehci
05-28 16:04:46.180 311 315 D XM_HIDREAD: add@ add@/module/ehci_sunxi
05-28 16:04:46.187 467 527 W ActivityManager: Slow operation: 57ms so far, now at startProcess: returned from zygote!
05-28 16:04:46.205 254 254 I gralloc : alloc buffer:W:1920 H:1080 S:1920 PL[1920 1080] SZ:8294400 fmt:43 if:0 af:43 usg:20000b00 fg:00000004
05-28 16:04:46.208 1010 1010 I Zygote : seccomp disabled by setenforce 0
05-28 16:04:46.209 657 657 D BluetoothOppFileProvider: Initialized
05-28 16:04:46.211 467 526 I SystemServerTimingAsync: ssm.UnlockedUser-0
05-28 16:04:46.211 467 526 I SystemServiceManager: Calling onUnlockedUser 0
05-28 16:04:46.212 467 527 W ActivityManager: Slow operation: 83ms so far, now at startProcess: done updating battery stats
05-28 16:04:46.212 467 527 I Watchdog: Interesting Java process com.android.providers.media.module started. Pid 1010
05-28 16:04:46.212 467 527 W ActivityManager: Slow operation: 83ms so far, now at startProcess: building log message
05-28 16:04:46.212 467 527 I ActivityManager: app.processName = com.android.providers.media.module
05-28 16:04:46.212 467 527 I ActivityManager: Start proc 1010:com.android.providers.media.module/u0a74 for service {com.android.providers.media.module/com.android.providers.media.fuse.ExternalStorageServiceImpl}
05-28 16:04:46.212 467 527 W ActivityManager: Slow operation: 83ms so far, now at startProcess: starting to update pids map
05-28 16:04:46.217 163 163 W sunxi-ohci: OHCI SUNXI driver
05-28 16:04:46.219 163 163 W : sunxi ohci0-controller don't init wakeup source
05-28 16:04:46.219 163 163 W [sunxi-ohci0]: probe, pdev->name: 5101400.ohci0-controller, sunxi_ohci: 0xffffffc008f81378
05-28 16:04:46.221 163 163 I sunxi-ohci 5101400.ohci0-controller: OHCI Host Controller
05-28 16:04:46.221 163 163 I sunxi-ohci 5101400.ohci0-controller: new USB bus registered, assigned bus number 5
05-28 16:04:46.222 163 163 I sunxi-ohci 5101400.ohci0-controller: irq 51, io mem 0x05101400
05-28 16:04:46.215 467 526 I LaunchParamsPersister: Didn't find launch param folder for user 0
05-28 16:04:46.216 311 315 D XM_HIDREAD: add@ add@/devices/virtual/devlink/regulator.8--5101400.ohci0-controller
05-28 16:04:46.216 467 527 W ActivityManager: Slow operation: 87ms so far, now at startProcess: done updating pids map
05-28 16:04:46.217 467 527 W ActivityManager: Slow operation: 72ms so far, now at startProcess: asking zygote to start proc
05-28 16:04:46.221 804 804 D FallbackHome: User unlocked and real home found; let's go!
05-28 16:04:46.221 467 526 W ActivityManager: UserLifecycleEvent 6 received without an active userJourneySession.
05-28 16:04:46.232 467 492 W StorageManagerService: Reporting emulated;0 unmounted due to system locked
05-28 16:04:46.242 467 600 D WifiConfigStore: Writing to stores completed in 84 ms.
05-28 16:04:46.247 467 732 I ActivityStarter: ---START u0 {act=android.intent.action.MAIN cat=[android.intent.category.HOME] flg=0x10000100 cmp=com.dangbei.leard.leradlauncher/com.dangbei.launcher.home.LauncherActivity (has extras)} from uid 0
05-28 16:04:46.247 651 651 D WifiHWInfo: Start to load wireless module hardware info table...
05-28 16:04:46.249 651 651 D WifiHWInfo: Entry [01], BUS: SDIO, ID: 0x024C8179, Name: rtl8189es.
05-28 16:04:46.249 651 651 D WifiHWInfo: Entry [02], BUS: SDIO, ID: 0x024CB723, Name: rtl8723bs_vq0.
05-28 16:04:46.249 651 651 D WifiHWInfo: Entry [03], BUS: SDIO, ID: 0x024CB703, Name: rtl8723cs.
05-28 16:04:46.249 651 651 D WifiHWInfo: Entry [04], BUS: SDIO, ID: 0x024CD723, Name: rtl8723ds.
05-28 16:04:46.249 651 651 D WifiHWInfo: Entry [05], BUS: SDIO, ID: 0x024CF179, Name: rtl8189fs.
05-28 16:04:46.249 651 651 D WifiHWInfo: Entry [06], BUS: SDIO, ID: 0x024CB822, Name: rtl88x2bs.
05-28 16:04:46.249 651 651 D WifiHWInfo: Entry [07], BUS: USB, ID: 0x0BDAD723, Name: rtl8723du.
05-28 16:04:46.249 651 651 D WifiHWInfo: Entry [08], BUS: USB, ID: 0x0BDA8179, Name: rtl8188etv.
05-28 16:04:46.249 651 651 D WifiHWInfo: Entry [09], BUS: USB, ID: 0x0BDA0179, Name: rtl8188eu.
05-28 16:04:46.249 651 651 D WifiHWInfo: Entry [10], BUS: USB, ID: 0x0BDA818B, Name: rtl8192eu.
05-28 16:04:46.249 651 651 D WifiHWInfo: Entry [11], BUS: USB, ID: 0x0BDAB720, Name: rtl8723bu.
05-28 16:04:46.249 651 651 D WifiHWInfo: Entry [12], BUS: USB, ID: 0x0BDAC82C, Name: rtl8822cu.
05-28 16:04:46.249 651 651 D WifiHWInfo: Entry [13], BUS: USB, ID: 0x0BDAF179, Name: rtl8188fu.
05-28 16:04:46.249 651 651 D WifiHWInfo: Entry [14], BUS: SDIO, ID: 0x02D0A9A6, Name: ap6212.
05-28 16:04:46.249 651 651 D WifiHWInfo: Entry [15], BUS: SDIO, ID: 0x02D04330, Name: ap6330.
05-28 16:04:46.249 651 651 D WifiHWInfo: Entry [16], BUS: SDIO, ID: 0x02D04356, Name: ap6356s.
