05-28 16:04:34.837 248 248 E LegacySupport: Could not get passthrough implementation for android.hardware.soundtrigger@2.2::ISoundTriggerHw/default.
05-28 16:04:34.838 243 243 D AndroidRuntime: >>>>>> START com.android.internal.os.ZygoteInit uid 0 <<<<<<
05-28 16:04:34.839 182 182 I hwservicemanager: getTransport: Cannot find entry android.hardware.soundtrigger@2.1::ISoundTriggerHw/default in either framework or device VINTF manifest.
05-28 16:04:34.839 248 248 E LegacySupport: Could not get passthrough implementation for android.hardware.soundtrigger@2.1::ISoundTriggerHw/default.
05-28 16:04:34.840 250 250 I ExtCamUtils@3.4: loadFromCfg: load external camera config succeed!
05-28 16:04:34.840 182 182 I hwservicemanager: getTransport: Cannot find entry android.hardware.soundtrigger@2.0::ISoundTriggerHw/default in either framework or device VINTF manifest.
05-28 16:04:34.840 250 250 I ExtCamUtils@3.4: loadFromCfg: no internal ignored device specified
05-28 16:04:34.841 248 248 E LegacySupport: Could not get passthrough implementation for android.hardware.soundtrigger@2.0::ISoundTriggerHw/default.
05-28 16:04:34.841 250 250 V CamPrvdr@2.4-external: Preferred HAL 3 minor version is 4
05-28 16:04:34.840 308 308 I xiriservice_All: type=1400 audit(0.0:211): avc: denied { search } for name="com.android.internal.systemui.navbar.gestural_wide_back" dev="mmcblk0p25" ino=628 scontext=u:r:init:s0 tcontext=u:object_r:app_data_file:s0:c1,c256,c512,c768 tclass=dir permissive=1
05-28 16:04:34.844 248 248 W audiohalservice: Could not register Soundtrigger API
05-28 16:04:34.840 308 308 I xiriservice_All: type=1400 audit(0.0:212): avc: denied { search } for name="com.sohu.inputmethod.sogou.tv" dev="mmcblk0p25" ino=1409 scontext=u:r:init:s0 tcontext=u:object_r:app_data_file:s0:c39,c256,c512,c768 tclass=dir permissive=1
05-28 16:04:34.840 316 316 I led_switch.sh: type=1400 audit(0.0:213): avc: denied { write } for name="tmp" dev="mmcblk0p25" ino=85 scontext=u:r:init:s0 tcontext=u:object_r:shell_data_file:s0 tclass=dir permissive=1 bug=b/77873135
05-28 16:04:34.845 182 182 I hwservicemanager: getTransport: Cannot find entry android.hardware.bluetooth.audio@2.1::IBluetoothAudioProvidersFactory/default in either framework or device VINTF manifest.
05-28 16:04:34.844 316 316 I led_switch.sh: type=1400 audit(0.0:214): avc: denied { add_name } for name="led_swith.txt" scontext=u:r:init:s0 tcontext=u:object_r:shell_data_file:s0 tclass=dir permissive=1 bug=b/77873135
05-28 16:04:34.844 316 316 I led_switch.sh: type=1400 audit(0.0:215): avc: denied { create } for name="led_swith.txt" scontext=u:r:init:s0 tcontext=u:object_r:shell_data_file:s0 tclass=file permissive=1 bug=b/77873135
05-28 16:04:34.844 308 308 I xiriservice_All: type=1400 audit(0.0:216): avc: denied { read } for name="lib" dev="mmcblk0p25" ino=6115 scontext=u:r:init:s0 tcontext=u:object_r:app_data_file:s0:c39,c256,c512,c768 tclass=lnk_file permissive=1
05-28 16:04:34.848 248 248 E LegacySupport: Could not get passthrough implementation for android.hardware.bluetooth.audio@2.1::IBluetoothAudioProvidersFactory/default.
05-28 16:04:34.844 308 308 I xiriservice_All: type=1400 audit(0.0:217): avc: denied { search } for name="com.android.htmlviewer" dev="mmcblk0p25" ino=700 scontext=u:r:init:s0 tcontext=u:object_r:app_data_file:s0:c33,c256,c512,c768 tclass=dir permissive=1
05-28 16:04:34.844 308 308 I xiriservice_All: type=1400 audit(0.0:218): avc: denied { search } for name="com.android.companiondevicemanager" dev="mmcblk0p25" ino=708 scontext=u:r:init:s0 tcontext=u:object_r:app_data_file:s0:c35,c256,c512,c768 tclass=dir permissive=1
05-28 16:04:34.844 308 308 I xiriservice_All: type=1400 audit(0.0:219): avc: denied { search } for name="com.android.internal.systemui.onehanded.gestural" dev="mmcblk0p25" ino=733 scontext=u:r:init:s0 tcontext=u:object_r:app_data_file:s0:c8,c256,c512,c768 tclass=dir permissive=1
05-28 16:04:34.849 182 182 I hwservicemanager: getTransport: Cannot find entry android.hardware.bluetooth.audio@2.0::IBluetoothAudioProvidersFactory/default in either framework or device VINTF manifest.
05-28 16:04:34.848 316 316 I led_switch.sh: type=1400 audit(0.0:220): avc: denied { write } for name="led_swith.txt" dev="mmcblk0p25" ino=220 scontext=u:r:init:s0 tcontext=u:object_r:shell_data_file:s0 tclass=file permissive=1 bug=b/77873135
05-28 16:04:34.848 316 316 I led_switch.sh: type=1400 audit(0.0:221): avc: denied { open } for path="/data/local/tmp/led_swith.txt" dev="mmcblk0p25" ino=220 scontext=u:r:init:s0 tcontext=u:object_r:shell_data_file:s0 tclass=file permissive=1 bug=b/77873135
05-28 16:04:34.852 248 248 E LegacySupport: Could not get passthrough implementation for android.hardware.bluetooth.audio@2.0::IBluetoothAudioProvidersFactory/default.
05-28 16:04:34.848 308 308 I xiriservice_All: type=1400 audit(0.0:222): avc: denied { search } for name="com.android.simappdialog" dev="mmcblk0p25" ino=773 scontext=u:r:init:s0 tcontext=u:object_r:app_data_file:s0:c50,c256,c512,c768 tclass=dir permissive=1
05-28 16:04:34.853 250 250 I HidlServiceManagement: Registered android.hardware.camera.provider@2.4::ICameraProvider/external/0
05-28 16:04:34.853 250 250 I HidlServiceManagement: Removing namespace from process name android.hardware.camera.provider@2.4-external-service to provider@2.4-external-service.
05-28 16:04:34.848 308 308 I xiriservice_All: type=1400 audit(0.0:223): avc: denied { read } for name="lib" dev="mmcblk0p25" ino=6118 scontext=u:r:init:s0 tcontext=u:object_r:radio_data_file:s0 tclass=lnk_file permissive=1
05-28 16:04:34.853 248 248 W audiohalservice: Could not register Bluetooth Audio API
05-28 16:04:34.848 321 321 I led_switch.sh: type=1400 audit(0.0:224): avc: denied { execute_no_trans } for path="/vendor/bin/toolbox" dev="dm-1" ino=229 scontext=u:r:init:s0 tcontext=u:object_r:vendor_toolbox_exec:s0 tclass=file permissive=1
05-28 16:04:34.855 182 182 I hwservicemanager: getTransport: Cannot find entry android.hardware.bluetooth.a2dp@1.0::IBluetoothAudioOffload/default in either framework or device VINTF manifest.
05-28 16:04:34.852 308 308 I xiriservice_All: type=1400 audit(0.0:225): avc: denied { search } for name="com.android.modulemetadata" dev="mmcblk0p25" ino=791 scontext=u:r:init:s0 tcontext=u:object_r:app_data_file:s0:c58,c256,c512,c768 tclass=dir permissive=1
05-28 16:04:34.852 308 308 I xiriservice_All: type=1400 audit(0.0:226): avc: denied { search } for name="com.google.android.apps.searchlite.overlay" dev="mmcblk0p25" ino=816 scontext=u:r:init:s0 tcontext=u:object_r:app_data_file:s0:c10,c256,c512,c768 tclass=dir permissive=1
05-28 16:04:34.852 308 308 I xiriservice_All: type=1400 audit(0.0:227): avc: denied { search } for name="com.android.internal.systemui.navbar.threebutton" dev="mmcblk0p25" ino=824 scontext=u:r:init:s0 tcontext=u:object_r:app_data_file:s0:c11,c256,c512,c768 tclass=dir permissive=1
05-28 16:04:34.852 308 308 I xiriservice_All: type=1400 audit(0.0:228): avc: denied { search } for name="com.google.android.networkstackconfig" dev="mmcblk0p25" ino=832 scontext=u:r:init:s0 tcontext=u:object_r:app_data_file:s0:c0,c256,c512,c768 tclass=dir permissive=1
05-28 16:04:34.856 248 248 E LegacySupport: Could not get passthrough implementation for android.hardware.bluetooth.a2dp@1.0::IBluetoothAudioOffload/default.
05-28 16:04:34.856 248 248 W audiohalservice: Could not register Bluetooth Audio Offload API
05-28 16:04:34.856 250 250 I LegacySupport: Registration complete for android.hardware.camera.provider@2.4::ICameraProvider/external/0.
05-28 16:04:34.859 250 318 I CamPrvdr@2.4-external: threadLoop start monitoring new V4L2 devices
05-28 16:04:34.856 308 308 I xiriservice_All: type=1400 audit(0.0:229): avc: denied { search } for name="com.android.internal.systemui.navbar.gestural_extra_wide_back" dev="mmcblk0p25" ino=909 scontext=u:r:init:s0 tcontext=u:object_r:app_data_file:s0:c2,c256,c512,c768 tclass=dir permissive=1
05-28 16:04:34.856 308 308 I xiriservice_All: type=1400 audit(0.0:230): avc: denied { search } for name="com.android.printspooler" dev="mmcblk0p25" ino=937 scontext=u:r:init:s0 tcontext=u:object_r:app_data_file:s0:c53,c256,c512,c768 tclass=dir permissive=1
05-28 16:04:34.856 308 308 I xiriservice_All: type=1400 audit(0.0:231): avc: denied { read } for name="lib" dev="mmcblk0p25" ino=6126 scontext=u:r:init:s0 tcontext=u:object_r:app_data_file:s0:c53,c256,c512,c768 tclass=lnk_file permissive=1
05-28 16:04:34.860 308 308 I xiriservice_All: type=1400 audit(0.0:232): avc: denied { search } for name="com.android.dreams.basic" dev="mmcblk0p25" ino=945 scontext=u:r:init:s0 tcontext=u:object_r:app_data_file:s0:c42,c256,c512,c768 tclass=dir permissive=1
05-28 16:04:34.860 308 308 I xiriservice_All: type=1400 audit(0.0:233): avc: denied { search } for name="com.android.webview" dev="mmcblk0p25" ino=953 scontext=u:r:init:s0 tcontext=u:object_r:app_data_file:s0:c60,c256,c512,c768 tclass=dir permissive=1
05-28 16:04:34.864 308 308 I xiriservice_All: type=1400 audit(0.0:234): avc: denied { read } for name="lib" dev="mmcblk0p25" ino=6129 scontext=u:r:init:s0 tcontext=u:object_r:app_data_file:s0:c60,c256,c512,c768 tclass=lnk_file permissive=1
05-28 16:04:34.884 308 308 I xiriservice_All: type=1400 audit(0.0:235): avc: denied { search } for name="com.android.printservice.recommendation" dev="mmcblk0p25" ino=1025 scontext=u:r:init:s0 tcontext=u:object_r:app_data_file:s0:c44,c256,c512,c768 tclass=dir permissive=1
05-28 16:04:34.884 308 308 I xiriservice_All: type=1400 audit(0.0:236): avc: denied { search } for name="com.google.android.networkstack.tetheringconfig" dev="mmcblk0p25" ino=1033 scontext=u:r:init:s0 tcontext=u:object_r:app_data_file:s0:c6,c256,c512,c768 tclass=dir permissive=1
05-28 16:04:34.891 243 243 I AndroidRuntime: Using default boot image
05-28 16:04:34.892 243 243 I AndroidRuntime: Leaving lock profiling enabled
05-28 16:04:34.888 308 308 I xiriservice_All: type=1400 audit(0.0:237): avc: denied { search } for name="com.android.theme.font.notoserifsource" dev="mmcblk0p25" ino=1057 scontext=u:r:init:s0 tcontext=u:object_r:app_data_file:s0:c4,c256,c512,c768 tclass=dir permissive=1
05-28 16:04:34.898 243 243 E cutils-trace: Error opening trace file: No such file or directory (2)
05-28 16:04:34.901 243 243 I zygote : option[0]=-Xzygote
05-28 16:04:34.901 243 243 I zygote : option[1]=-Xdeny-art-apex-data-files
05-28 16:04:34.901 243 243 I zygote : option[2]=exit
05-28 16:04:34.901 243 243 I zygote : option[3]=vfprintf
05-28 16:04:34.901 243 243 I zygote : option[4]=sensitiveThread
05-28 16:04:34.901 243 243 I zygote : option[5]=-verbose:gc
05-28 16:04:34.901 243 243 I zygote : option[6]=-XX:PerfettoHprof=true
05-28 16:04:34.901 243 243 I zygote : option[7]=-XX:PerfettoJavaHeapStackProf=true
05-28 16:04:34.901 243 243 I zygote : option[8]=-Xprimaryzygote
05-28 16:04:34.901 243 243 I zygote : option[9]=-Xms5m
05-28 16:04:34.901 243 243 I zygote : option[10]=-Xmx512m
05-28 16:04:34.901 243 243 I zygote : option[11]=-XX:HeapGrowthLimit=256m
05-28 16:04:34.901 243 243 I zygote : option[12]=-XX:HeapMinFree=512k
05-28 16:04:34.901 243 243 I zygote : option[13]=-XX:HeapMaxFree=8m
05-28 16:04:34.901 243 243 I zygote : option[14]=-XX:HeapTargetUtilization=0.75
05-28 16:04:34.901 243 243 I zygote : option[15]=-Xusejit:true
05-28 16:04:34.901 243 243 I zygote : option[16]=-Xjitsaveprofilinginfo
05-28 16:04:34.901 243 243 I zygote : option[17]=-XMadviseWillNeedVdexFileSize:104857600
05-28 16:04:34.901 243 243 I zygote : option[18]=-XMadviseWillNeedOdexFileSize:104857600
05-28 16:04:34.901 243 243 I zygote : option[19]=-XMadviseWillNeedArtFileSize:4294967295
05-28 16:04:34.901 243 243 I zygote : option[20]=-XjdwpOptions:suspend=n,server=y
05-28 16:04:34.901 243 243 I zygote : option[21]=-XjdwpProvider:default
05-28 16:04:34.902 243 243 I zygote : option[22]=-Xopaque-jni-ids:swapable
05-28 16:04:34.902 243 243 I zygote : option[23]=-Xcompiler-option
05-28 16:04:34.902 243 243 I zygote : option[24]=--instruction-set-variant=cortex-a7
05-28 16:04:34.902 243 243 I zygote : option[25]=-Xcompiler-option
05-28 16:04:34.902 243 243 I zygote : option[26]=--instruction-set-features=default
05-28 16:04:34.902 243 243 I zygote : option[27]=-Xcompiler-option
05-28 16:04:34.902 243 243 I zygote : option[28]=--generate-mini-debug-info
05-28 16:04:34.902 243 243 I zygote : option[29]=-Ximage-compiler-option
05-28 16:04:34.902 243 243 I zygote : option[30]=--runtime-arg
05-28 16:04:34.902 243 243 I zygote : option[31]=-Ximage-compiler-option
05-28 16:04:34.902 243 243 I zygote : option[32]=-Xms64m
05-28 16:04:34.902 243 243 I zygote : option[33]=-Ximage-compiler-option
05-28 16:04:34.902 243 243 I zygote : option[34]=--runtime-arg
05-28 16:04:34.902 243 243 I zygote : option[35]=-Ximage-compiler-option
05-28 16:04:34.902 243 243 I zygote : option[36]=-Xmx64m
05-28 16:04:34.902 243 243 I zygote : option[37]=-Ximage-compiler-option
05-28 16:04:34.902 243 243 I zygote : option[38]=--dirty-image-objects=/system/etc/dirty-image-objects
05-28 16:04:34.902 243 243 I zygote : option[39]=-Ximage-compiler-option
05-28 16:04:34.902 243 243 I zygote : option[40]=--instruction-set-variant=cortex-a7
05-28 16:04:34.902 243 243 I zygote : option[41]=-Ximage-compiler-option
05-28 16:04:34.902 243 243 I zygote : option[42]=--instruction-set-features=default
05-28 16:04:34.902 243 243 I zygote : option[43]=-Ximage-compiler-option
05-28 16:04:34.902 243 243 I zygote : option[44]=--generate-mini-debug-info
05-28 16:04:34.902 243 243 I zygote : option[45]=-Duser.locale=zh-CN
05-28 16:04:34.902 243 243 I zygote : option[46]=--cpu-abilist=armeabi-v7a,armeabi
05-28 16:04:34.902 243 243 I zygote : option[47]=-Xfingerprint:Dangbei/raven/raven:12/SP1A.211105.004/20250528.100909:user/release-keys
05-28 16:04:34.904 308 308 I xiriservice_All: type=1400 audit(0.0:238): avc: denied { search } for name="com.android.smspush" dev="mmcblk0p25" ino=1113 scontext=u:r:init:s0 tcontext=u:object_r:app_data_file:s0:c69,c256,c512,c768 tclass=dir permissive=1
05-28 16:04:34.904 308 308 I xiriservice_All: type=1400 audit(0.0:239): avc: denied { search } for name="com.tv.filemanager.os" dev="mmcblk0p25" ino=1129 scontext=u:r:init:s0 tcontext=u:object_r:app_data_file:s0:c51,c256,c512,c768 tclass=dir permissive=1
05-28 16:04:34.912 308 308 I xiriservice_All: type=1400 audit(0.0:240): avc: denied { search } for name="com.android.bookmarkprovider" dev="mmcblk0p25" ino=1156 scontext=u:r:init:s0 tcontext=u:object_r:app_data_file:s0:c36,c256,c512,c768 tclass=dir permissive=1
05-28 16:04:34.916 323 323 I rainbow_flow: type=1400 audit(0.0:241): avc: denied { write } for name="spidev1.0" dev="tmpfs" ino=6196 scontext=u:r:init:s0 tcontext=u:object_r:device:s0 tclass=chr_file permissive=1
05-28 16:04:34.920 323 323 I rainbow_flow: type=1400 audit(0.0:242): avc: denied { open } for path="/dev/spidev1.0" dev="tmpfs" ino=6196 scontext=u:r:init:s0 tcontext=u:object_r:device:s0 tclass=chr_file permissive=1
05-28 16:04:34.920 323 323 I rainbow_flow: type=1400 audit(0.0:243): avc: denied { ioctl } for path="/dev/spidev1.0" dev="tmpfs" ino=6196 ioctlcmd=0x6b01 scontext=u:r:init:s0 tcontext=u:object_r:device:s0 tclass=chr_file permissive=1
05-28 16:04:34.924 243 243 W zygote : ART APEX data files are untrusted.
05-28 16:04:34.924 243 243 W zygote : Could not reserve sentinel fault page
05-28 16:04:34.920 308 308 I xiriservice_All: type=1400 audit(0.0:244): avc: denied { search } for name="com.android.cts.ctsshim" dev="mmcblk0p25" ino=1175 scontext=u:r:init:s0 tcontext=u:object_r:app_data_file:s0:c41,c256,c512,c768 tclass=dir permissive=1
05-28 16:04:34.920 308 308 I xiriservice_All: type=1400 audit(0.0:245): avc: denied { search } for name="com.dangbei.lerad.screensaver" dev="mmcblk0p25" ino=1185 scontext=u:r:init:s0 tcontext=u:object_r:app_data_file:s0:c47,c256,c512,c768 tclass=dir permissive=1
05-28 16:04:34.924 308 308 I xiriservice_All: type=1400 audit(0.0:246): avc: denied { read } for name="lib" dev="mmcblk0p25" ino=6162 scontext=u:r:init:s0 tcontext=u:object_r:app_data_file:s0:c47,c256,c512,c768 tclass=lnk_file permissive=1
05-28 16:04:34.928 308 308 I xiriservice_All: type=1400 audit(0.0:247): avc: denied { search } for name="com.android.remoteprovisioner" dev="mmcblk0p25" ino=1193 scontext=u:r:init:s0 tcontext=u:object_r:app_data_file:s0:c64,c256,c512,c768 tclass=dir permissive=1
05-28 16:04:34.928 308 308 I xiriservice_All: type=1400 audit(0.0:248): avc: denied { search } for name="com.softwinner.theme.icon" dev="mmcblk0p25" ino=1201 scontext=u:r:init:s0 tcontext=u:object_r:app_data_file:s0:c7,c256,c512,c768 tclass=dir permissive=1
05-28 16:04:34.928 308 308 I xiriservice_All: type=1400 audit(0.0:249): avc: denied { search } for name="com.android.music" dev="mmcblk0p25" ino=1227 scontext=u:r:init:s0 tcontext=u:object_r:app_data_file:s0:c46,c256,c512,c768 tclass=dir permissive=1
05-28 16:04:34.932 271 271 E cutils-trace: Error opening trace file: No such file or directory (2)
05-28 16:04:34.934 182 182 I hwservicemanager: getTransport: Cannot find entry android.hardware.configstore@1.0::ISurfaceFlingerConfigs/default in either framework or device VINTF manifest.
05-28 16:04:34.932 308 308 I xiriservice_All: type=1400 audit(0.0:250): avc: denied { search } for name="com.android.providers.media.module" dev="mmcblk0p25" ino=1259 scontext=u:r:init:s0 tcontext=u:object_r:privapp_data_file:s0:c74,c256,c512,c768 tclass=dir permissive=1
05-28 16:04:34.932 308 308 I xiriservice_All: type=1400 audit(0.0:251): avc: denied { read } for name="lib" dev="mmcblk0p25" ino=6164 scontext=u:r:init:s0 tcontext=u:object_r:privapp_data_file:s0:c74,c256,c512,c768 tclass=lnk_file permissive=1
05-28 16:04:34.932 308 308 I xiriservice_All: type=1400 audit(0.0:252): avc: denied { search } for name="com.softwinner.theme.color" dev="mmcblk0p25" ino=1267 scontext=u:r:init:s0 tcontext=u:object_r:app_data_file:s0:c3,c256,c512,c768 tclass=dir permissive=1
05-28 16:04:34.932 308 308 I xiriservice_All: type=1400 audit(0.0:253): avc: denied { search } for name="com.android.hotspot2.osulogin" dev="mmcblk0p25" ino=1283 scontext=u:r:init:s0 tcontext=u:object_r:app_data_file:s0:c71,c256,c512,c768 tclass=dir permissive=1
05-28 16:04:34.932 308 308 I xiriservice_All: type=1400 audit(0.0:254): avc: denied { search } for name="com.android.internal.systemui.navbar.gestural" dev="mmcblk0p25" ino=1291 scontext=u:r:init:s0 tcontext=u:object_r:app_data_file:s0:c9,c256,c512,c768 tclass=dir permissive=1
05-28 16:04:34.936 308 308 I xiriservice_All: type=1400 audit(0.0:255): avc: denied { search } for name="com.android.bluetoothmidiservice" dev="mmcblk0p25" ino=1307 scontext=u:r:init:s0 tcontext=u:object_r:app_data_file:s0:c37,c256,c512,c768 tclass=dir permissive=1
05-28 16:04:34.958 1 1 W FAT-fs (mmcblk0p24): Volume was not properly unmounted. Some data may be corrupt. Please run fsck.
05-28 16:04:34.955 267 267 I FastMixerState: sMaxFastTracks = 8
05-28 16:04:34.940 308 308 I xiriservice_All: type=1400 audit(0.0:256): avc: denied { search } for name="com.android.traceur" dev="mmcblk0p25" ino=1332 scontext=u:r:init:s0 tcontext=u:object_r:app_data_file:s0:c19,c256,c512,c768 tclass=dir permissive=1
05-28 16:04:34.940 308 308 I xiriservice_All: type=1400 audit(0.0:257): avc: denied { read } for name="lib" dev="mmcblk0p25" ino=6169 scontext=u:r:init:s0 tcontext=u:object_r:bluetooth_data_file:s0 tclass=lnk_file permissive=1
05-28 16:04:34.944 308 308 I xiriservice_All: type=1400 audit(0.0:258): avc: denied { search } for name="com.android.captiveportallogin" dev="mmcblk0p25" ino=1356 scontext=u:r:init:s0 tcontext=u:object_r:app_data_file:s0:c45,c256,c512,c768 tclass=dir permissive=1
05-28 16:04:34.944 308 308 I xiriservice_All: type=1400 audit(0.0:259): avc: denied { search } for name="com.android.internal.systemui.navbar.gestural_narrow_back" dev="mmcblk0p25" ino=1364 scontext=u:r:init:s0 tcontext=u:object_r:app_data_file:s0:c5,c256,c512,c768 tclass=dir permissive=1
05-28 16:04:34.944 308 308 I xiriservice_All: type=1400 audit(0.0:260): avc: denied { search } for name="android.auto_generated_rro_vendor__" dev="mmcblk0p25" ino=1372 scontext=u:r:init:s0 tcontext=u:object_r:app_data_file:s0:c12,c256,c512,c768 tclass=dir permissive=1
05-28 16:04:34.944 308 308 I xiriservice_All: type=1400 audit(0.0:261): avc: denied { search } for name="com.dangbei.hqmedia" dev="mmcblk0p25" ino=5001 scontext=u:r:init:s0 tcontext=u:object_r:app_data_file:s0:c76,c256,c512,c768 tclass=dir permissive=1
05-28 16:04:34.948 308 308 I xiriservice_All: type=1400 audit(0.0:262): avc: denied { read } for name="lib" dev="mmcblk0p25" ino=6147 scontext=u:r:init:s0 tcontext=u:object_r:app_data_file:s0:c76,c256,c512,c768 tclass=lnk_file permissive=1
05-28 16:04:34.961 324 324 I bootstat: Service started: /system/bin/bootstat --set_system_boot_reason
05-28 16:04:34.962 271 271 I SurfaceFlinger: Using HWComposer service: default
05-28 16:04:34.962 271 271 I SurfaceFlinger: SurfaceFlinger is starting
05-28 16:04:34.963 182 182 I hwservicemanager: getTransport: Cannot find entry android.hardware.configstore@1.1::ISurfaceFlingerConfigs/default in either framework or device VINTF manifest.
05-28 16:04:34.956 323 323 I rainbow_flow: type=1400 audit(0.0:263): avc: denied { ioctl } for path="/dev/spidev1.0" dev="tmpfs" ino=6196 ioctlcmd=0x6b00 scontext=u:r:init:s0 tcontext=u:object_r:device:s0 tclass=chr_file permissive=1
05-28 16:04:34.965 271 271 I SurfaceFlinger: Disabling blur effects, they are not supported.
05-28 16:04:34.966 267 267 V MediaUtils: physMem: 2055442432
05-28 16:04:34.966 267 267 V MediaUtils: requested limit: 411088480
05-28 16:04:34.966 267 267 I libc : malloc_limit: Allocation limit enabled, max size 411088480 bytes
05-28 16:04:34.967 267 267 I audioserver: ServiceManager: 0xf70ef420
05-28 16:04:34.968 324 324 I bootstat: Canonical boot reason: shutdown,userrequested
05-28 16:04:34.968 324 324 I bootstat: Canonical boot reason: shutdown,userrequested
05-28 16:04:34.969 267 267 W BatteryNotifier: batterystats service unavailable!
05-28 16:04:34.969 267 267 E cutils-trace: Error opening trace file: No such file or directory (2)
05-28 16:04:34.976 271 271 I SurfaceFlinger: SurfaceFlinger's main thread ready to run. Initializing graphics H/W...
05-28 16:04:34.976 271 271 D RenderEngine: RenderEngine with GLES Backend
05-28 16:04:35.015 308 308 D XiriService: read SYSTEM APP lib
05-28 16:04:35.015 331 331 D DONGLE_SERVICE: ble_rc_service version is 2.0.26601
05-28 16:04:35.015 331 331 D DONGLE_SERVICE: init command center ...
05-28 16:04:35.016 331 331 D DONGLE_SERVICE: trying to scan for smart ctrl hidraw...
05-28 16:04:35.016 331 331 D DONGLE_SERVICE: command center, start working...
05-28 16:04:35.016 331 332 D DONGLE_SERVICE: >> start monitor uevent ...
05-28 16:04:35.012 331 331 I xiriservice_All: type=1400 audit(0.0:264): avc: denied { create } for scontext=u:r:init:s0 tcontext=u:r:init:s0 tclass=netlink_kobject_uevent_socket permissive=1
05-28 16:04:35.012 331 331 I xiriservice_All: type=1400 audit(0.0:265): avc: denied { setopt } for scontext=u:r:init:s0 tcontext=u:r:init:s0 tclass=netlink_kobject_uevent_socket permissive=1
05-28 16:04:35.012 331 331 I xiriservice_All: type=1400 audit(0.0:266): avc: denied { bind } for scontext=u:r:init:s0 tcontext=u:r:init:s0 tclass=netlink_kobject_uevent_socket permissive=1
05-28 16:04:35.012 331 331 I xiriservice_All: type=1400 audit(0.0:267): avc: denied { read } for scontext=u:r:init:s0 tcontext=u:r:init:s0 tclass=netlink_kobject_uevent_socket permissive=1
05-28 16:04:35.027 328 328 I perfetto: probes.cc:84 Starting /system/bin/traced_probes service
05-28 16:04:35.029 328 335 I perfetto: _activity_trigger.cc:71 mm_events ftrace instance not found. Triggering of traces on memory pressure will not be available on this device.
05-28 16:04:35.032 328 328 I perfetto: probes_producer.cc:129 Disconnected from tracing service
05-28 16:04:35.040 324 324 I bootstat: Last reboot reason read from /metadata/bootstat/persist.sys.boot.reason : shutdown,userrequested. Last reboot reason read from persist.sys.boot.reason : shutdown,userrequested
05-28 16:04:35.040 324 324 I bootstat: Normalized last reboot reason : shutdown,userrequested
05-28 16:04:35.056 308 308 I xiriservice_All: type=1400 audit(0.0:268): avc: denied { watch } for path="/data/data" dev="mmcblk0p25" ino=87 scontext=u:r:init:s0 tcontext=u:object_r:system_data_file:s0:c512,c768 tclass=dir permissive=1
05-28 16:04:35.083 336 336 W perfetto: service.cc:207 Started traced, listening on /dev/socket/traced_producer /dev/socket/traced_consumer
05-28 16:04:35.088 261 261 I EventThread: type=1400 audit(0.0:269): avc: denied { search } for name="extcon" dev="sysfs" ino=18109 scontext=u:r:hal_tv_cec_default:s0 tcontext=u:object_r:sysfs_extcon:s0 tclass=dir permissive=1
05-28 16:04:35.088 261 261 I EventThread: type=1400 audit(0.0:270): avc: denied { read } for name="u:object_r:default_prop:s0" dev="tmpfs" ino=2803 scontext=u:r:hal_tv_cec_default:s0 tcontext=u:object_r:default_prop:s0 tclass=file permissive=1
05-28 16:04:35.088 261 261 I EventThread: type=1400 audit(0.0:271): avc: denied { open } for path="/dev/__properties__/u:object_r:default_prop:s0" dev="tmpfs" ino=2803 scontext=u:r:hal_tv_cec_default:s0 tcontext=u:object_r:default_prop:s0 tclass=file permissive=1
05-28 16:04:35.088 261 261 I EventThread: type=1400 audit(0.0:272): avc: denied { getattr } for path="/dev/__properties__/u:object_r:default_prop:s0" dev="tmpfs" ino=2803 scontext=u:r:hal_tv_cec_default:s0 tcontext=u:object_r:default_prop:s0 tclass=file permissive=1
05-28 16:04:35.088 261 261 I EventThread: type=1400 audit(0.0:273): avc: denied { map } for path="/dev/__properties__/u:object_r:default_prop:s0" dev="tmpfs" ino=2803 scontext=u:r:hal_tv_cec_default:s0 tcontext=u:object_r:default_prop:s0 tclass=file permissive=1
05-28 16:04:35.109 267 267 I ServiceManager: Waiting for service 'media.metrics' on '/dev/binder'...
05-28 16:04:35.116 338 338 I preloaddata: type=1400 audit(0.0:274): avc: denied { write search } for name="tmp" dev="mmcblk0p25" ino=85 scontext=u:r:toolbox:s0 tcontext=u:object_r:shell_data_file:s0 tclass=dir permissive=1
05-28 16:04:35.116 338 338 I preloaddata: type=1400 audit(0.0:275): avc: denied { getattr } for path="/data/local/tmp" dev="mmcblk0p25" ino=85 scontext=u:r:toolbox:s0 tcontext=u:object_r:shell_data_file:s0 tclass=dir permissive=1
05-28 16:04:35.135 311 315 D XM_HIDREAD: add@ add@/devices/platform/uwe_bsp.0
05-28 16:04:35.141 163 163 I WCN : marlin_init entry!
05-28 16:04:35.139 311 315 D XM_HIDREAD: add@ add@/devices/platform/uwe_bsp.0/wakeup/wakeup8
05-28 16:04:35.144 163 163 I WCN : unisoc wcn driver version: W25.22.3, build time: May 28 2025 09:48:37 (UTC)
05-28 16:04:35.144 163 163 I WCN : wcn config keep power on
05-28 16:04:35.144 163 163 I WCN : wcn config bt wake host
05-28 16:04:35.145 163 163 I WCN : marlin_registsr_bt_wake bt_hostwake gpio=208 intnum=237
05-28 16:04:35.145 163 163 I sdiohal : sdiohal_parse_dt adma_tx:1, adma_rx:1, pwrseq:0, irq type:data, gpio_num:0, blksize:840
05-28 16:04:35.148 163 163 E sdiohal err: sdio, BITS =64, PageSize =4096, order=6, 3
05-28 16:04:35.151 311 315 D XM_HIDREAD: add@ add@/class/slog_wcn
05-28 16:04:35.151 311 315 D XM_HIDREAD: add@ add@/devices/virtual/slog_wcn/slog_wcn0
05-28 16:04:35.152 311 315 D XM_HIDREAD: add@ add@/devices/virtual/slog_wcn/slog_wcn1
05-28 16:04:35.152 311 315 D XM_HIDREAD: add@ add@/devices/virtual/misc/wcn_op
05-28 16:04:35.153 311 315 D XM_HIDREAD: add@ add@/bus/platform/drivers/uwe_bsp
05-28 16:04:35.153 311 315 D XM_HIDREAD: add@ add@/module/uwe5621_bsp_sdio
05-28 16:04:35.156 163 163 I sdiohal : sdiohal_init ok
05-28 16:04:35.159 163 163 I WCN : marlin_probe ok!
05-28 16:04:35.187 311 315 D XM_HIDREAD: add@ add@/devices/platform/mtty.0
05-28 16:04:35.188 311 315 D XM_HIDREAD: add@ add@/devices/virtual/tty/ttyBT0
05-28 16:04:35.188 163 163 E : uwe5621_bt_tty_init
05-28 16:04:35.194 163 163 E : mtty_probe unisoc soc, continue
05-28 16:04:35.194 163 163 I : mtty_probe init device addr: 0x0000000098ab9471
05-28 16:04:35.200 163 163 E : rfkill_bluetooth_init
05-28 16:04:35.198 311 315 D XM_HIDREAD: add@ add@/devices/platform/mtty.0/rfkill/rfkill1
05-28 16:04:35.205 163 163 E : rfkill_bluetooth_init end
05-28 16:04:35.210 163 163 E : marlin_sdio_init
05-28 16:04:35.208 311 315 D XM_HIDREAD: add@ add@/bus/platform/drivers/mtty
05-28 16:04:35.208 311 315 D XM_HIDREAD: add@ add@/module/sprdbt_tty
05-28 16:04:35.238 271 271 D libEGL : loaded /vendor/lib/egl/libGLES_mali.so
05-28 16:04:35.239 328 328 I perfetto: probes_producer.cc:112 Connected to the service
05-28 16:04:35.300 1 1 I init : type=1400 audit(0.0:276): avc: denied { read } for name="ext_csd" dev="debugfs" ino=5645 scontext=u:r:init:s0 tcontext=u:object_r:debugfs_mmc:s0 tclass=file permissive=1
05-28 16:04:35.300 1 1 I init : type=1400 audit(0.0:277): avc: denied { open } for path="/sys/kernel/debug/mmc0/mmc0:0001/ext_csd" dev="debugfs" ino=5645 scontext=u:r:init:s0 tcontext=u:object_r:debugfs_mmc:s0 tclass=file permissive=1
05-28 16:04:35.336 354 354 I storaged: type=1400 audit(0.0:278): avc: denied { read } for path="/sys/kernel/debug/mmc0/mmc0:0001/ext_csd" dev="debugfs" ino=5645 scontext=u:r:storaged:s0 tcontext=u:object_r:debugfs_mmc:s0 tclass=file permissive=1
05-28 16:04:35.380 323 323 I rainbow_flow: type=1400 audit(0.0:279): avc: denied { ioctl } for path="/dev/spidev1.0" dev="tmpfs" ino=6196 ioctlcmd=0x6b00 scontext=u:r:init:s0 tcontext=u:object_r:device:s0 tclass=chr_file permissive=1
05-28 16:04:35.461 358 358 I wificond: wificond is starting up...
05-28 16:04:35.469 358 358 E cutils-trace: Error opening trace file: No such file or directory (2)
05-28 16:04:35.471 348 348 I installd: installd firing up
05-28 16:04:35.483 358 358 I HidlServiceManagement: Registered android.system.wifi.keystore@1.0::IKeystore/default
05-28 16:04:35.529 361 361 D dom2reg : timezone change, new: Asia/Shanghai, pre:
05-28 16:04:35.529 361 361 D dom2reg : convert timezone to alpha2 country code: CN
05-28 16:04:35.530 361 361 D dom2reg : regulatory set to [CN] success(0)
05-28 16:04:35.543 362 362 D WifiHWInfo: Start to load wireless module hardware info table...
05-28 16:04:35.562 362 362 D WifiHWInfo: Entry [01], BUS: SDIO, ID: 0x024C8179, Name: rtl8189es.
05-28 16:04:35.562 362 362 D WifiHWInfo: Entry [02], BUS: SDIO, ID: 0x024CB723, Name: rtl8723bs_vq0.
05-28 16:04:35.562 362 362 D WifiHWInfo: Entry [03], BUS: SDIO, ID: 0x024CB703, Name: rtl8723cs.
05-28 16:04:35.562 362 362 D WifiHWInfo: Entry [04], BUS: SDIO, ID: 0x024CD723, Name: rtl8723ds.
05-28 16:04:35.562 362 362 D WifiHWInfo: Entry [05], BUS: SDIO, ID: 0x024CF179, Name: rtl8189fs.
05-28 16:04:35.562 362 362 D WifiHWInfo: Entry [06], BUS: SDIO, ID: 0x024CB822, Name: rtl88x2bs.
05-28 16:04:35.562 362 362 D WifiHWInfo: Entry [07], BUS: USB, ID: 0x0BDAD723, Name: rtl8723du.
05-28 16:04:35.562 362 362 D WifiHWInfo: Entry [08], BUS: USB, ID: 0x0BDA8179, Name: rtl8188etv.
05-28 16:04:35.562 362 362 D WifiHWInfo: Entry [09], BUS: USB, ID: 0x0BDA0179, Name: rtl8188eu.
05-28 16:04:35.562 362 362 D WifiHWInfo: Entry [10], BUS: USB, ID: 0x0BDA818B, Name: rtl8192eu.
05-28 16:04:35.562 362 362 D WifiHWInfo: Entry [11], BUS: USB, ID: 0x0BDAB720, Name: rtl8723bu.
05-28 16:04:35.562 362 362 D WifiHWInfo: Entry [12], BUS: USB, ID: 0x0BDAC82C, Name: rtl8822cu.
05-28 16:04:35.562 362 362 D WifiHWInfo: Entry [13], BUS: USB, ID: 0x0BDAF179, Name: rtl8188fu.
05-28 16:04:35.562 362 362 D WifiHWInfo: Entry [14], BUS: SDIO, ID: 0x02D0A9A6, Name: ap6212.
05-28 16:04:35.562 362 362 D WifiHWInfo: Entry [15], BUS: SDIO, ID: 0x02D04330, Name: ap6330.
05-28 16:04:35.562 362 362 D WifiHWInfo: Entry [16], BUS: SDIO, ID: 0x02D04356, Name: ap6356s.
05-28 16:04:35.562 362 362 D WifiHWInfo: Entry [17], BUS: SDIO, ID: 0x02D0A9BF, Name: ap6255.
05-28 16:04:35.562 362 362 D WifiHWInfo: Entry [18], BUS: SDIO, ID: 0x02D04334, Name: bcm43342.
05-28 16:04:35.562 362 362 D WifiHWInfo: Entry [19], BUS: SDIO, ID: 0x00202281, Name: xr819.
05-28 16:04:35.562 362 362 D WifiHWInfo: Entry [20], BUS: SDIO, ID: 0x0A9E2282, Name: xr829.
05-28 16:04:35.562 362 362 D WifiHWInfo: Entry [21], BUS: SDIO, ID: 0x0271050A, Name: qca6174a.
05-28 16:04:35.562 362 362 D WifiHWInfo: Entry [22], BUS: SDIO, ID: 0x30303030, Name: ssv6x5x.
05-28 16:04:35.562 362 362 D WifiHWInfo: Entry [23], BUS: SDIO, ID: 0x00000000, Name: uwe5621.
05-28 16:04:35.562 362 362 D WifiHWInfo: Entry [24], BUS: SDIO, ID: 0x54490145, Name: aic8800.
05-28 16:04:35.562 362 362 D WifiHWInfo: Entry [25], BUS: SDIO, ID: 0xC8A1C08D, Name: aic8800.
05-28 16:04:35.562 362 362 D WifiHWInfo: Entry [26], BUS: USB, ID: 0xA69C8800, Name: aic8800.
05-28 16:04:35.562 362 362 D WifiHWInfo: Entry [27], BUS: USB, ID: 0x007A8888, Name: atbm6023is.
05-28 16:04:35.562 362 362 D WifiHWInfo: Entry [28], BUS: SDIO, ID: 0x02E79086, Name: 9012p.
05-28 16:04:35.562 362 362 D WifiHWInfo: Entry [29], BUS: SDIO, ID: 0x007A6011, Name: atbm613x_wifi_sdio.
05-28 16:04:35.562 362 362 D WifiHWInfo: Entry [30], BUS: SDIO, ID: 0x024CC822, Name: 88x2cs.
05-28 16:04:35.562 362 362 D WifiHWInfo: Entry [31], BUS: SDIO, ID: 0x000018F0, Name: dummy.
05-28 16:04:35.563 362 362 D HWINFO : ********** Wireless information **********
05-28 16:04:35.563 362 362 D HWINFO : module vendor: sprd
05-28 16:04:35.563 362 362 D HWINFO : module name : uwe5621
05-28 16:04:35.563 362 362 D HWINFO : wifi hal name: libwifi-hal-sprd.so
05-28 16:04:35.563 362 362 D HWINFO : libbt-vendor : libbt-sprd.so
05-28 16:04:35.563 362 362 D HWINFO : is bt support: 1
05-28 16:04:35.563 362 362 D HWINFO : ******************************************
05-28 16:04:35.588 261 261 I EventThread: type=1400 audit(0.0:280): avc: denied { search } for name="extcon" dev="sysfs" ino=18109 scontext=u:r:hal_tv_cec_default:s0 tcontext=u:object_r:sysfs_extcon:s0 tclass=dir permissive=1
05-28 16:04:35.598 265 265 W HidlServiceManagement: Waited one second for vendor.display.config@1.0::IDisplayConfig/default
05-28 16:04:35.606 182 182 I hwservicemanager: Since vendor.display.config@1.0::IDisplayConfig/default is not registered, trying to start it as a lazy HAL.
05-28 16:04:35.614 265 265 I HidlServiceManagement: getService: Trying again for vendor.display.config@1.0::IDisplayConfig/default...
05-28 16:04:35.620 1 1 I init : type=1400 audit(0.0:281): avc: denied { add_name } for name="panic" scontext=u:r:init:s0 tcontext=u:object_r:sysfs:s0 tclass=dir permissive=1
05-28 16:04:35.642 182 372 W libc : Unable to set property "ctl.interface_start" to "vendor.display.config@1.0::IDisplayConfig/default": error code: 0x20
05-28 16:04:35.644 182 372 I hwservicemanager: Tried to start vendor.display.config@1.0::IDisplayConfig/default as a lazy service, but was unable to. Usually this happens when a service is not installed, but if the service is intended to be used as a lazy service, then it may be configured incorrectly.
05-28 16:04:35.644 311 311 I xm_hidread: type=1400 audit(0.0:282): avc: denied { read } for scontext=u:r:init:s0 tcontext=u:r:init:s0 tclass=netlink_kobject_uevent_socket permissive=1
05-28 16:04:35.653 163 163 I sunxi-rfkill soc@3000000: rfkill: set block: 1
05-28 16:04:35.653 163 163 I sunxi-rfkill soc@3000000: rfkill: bt power off success
05-28 16:04:35.668 367 367 I gatekeeperd: Starting gatekeeperd...
05-28 16:04:35.675 367 367 E cutils-trace: Error opening trace file: No such file or directory (2)
05-28 16:04:35.702 243 243 D zygote : Time zone APEX ICU file found: /apex/com.android.tzdata/etc/icu/icu_tzdata.dat
05-28 16:04:35.706 243 243 D zygote : I18n APEX ICU file found: /apex/com.android.i18n/etc/icu/icudt68l.dat
05-28 16:04:35.712 323 323 I rainbow_flow: type=1400 audit(0.0:283): avc: denied { ioctl } for path="/dev/spidev1.0" dev="tmpfs" ino=6196 ioctlcmd=0x6b00 scontext=u:r:init:s0 tcontext=u:object_r:device:s0 tclass=chr_file permissive=1
05-28 16:04:35.723 271 271 I RenderEngine: Realtime priority unsupported, degrading gracefully to high priority
05-28 16:04:35.727 370 370 E cutils-trace: Error opening trace file: No such file or directory (2)
05-28 16:04:35.782 182 182 I hwservicemanager: getTransport: Cannot find entry android.hardware.graphics.mapper@4.0::IMapper/default in either framework or device VINTF manifest.
05-28 16:04:35.787 370 370 I usbd : Usb HAL found.
05-28 16:04:35.787 370 370 I usbd : peristent prop is adb
05-28 16:04:35.799 263 263 I android.hardware.usb.gadget@1.1-service.aw: setCurrentUsbFunctions None
05-28 16:04:35.799 263 263 I android.hardware.usb.gadget@1.1-service.aw: Gadget cannot be pulled down
05-28 16:04:35.800 263 263 I android.hardware.usb.gadget@1.1-service.aw: mMonitor not running
05-28 16:04:35.800 263 263 I android.hardware.usb.gadget@1.1-service.aw: Returned from tearDown gadget
05-28 16:04:35.804 271 271 I Gralloc4: mapper 4.x is not supported
05-28 16:04:35.815 182 182 I hwservicemanager: getTransport: Cannot find entry android.hardware.graphics.mapper@3.0::IMapper/default in either framework or device VINTF manifest.
05-28 16:04:35.815 271 271 W Gralloc3: mapper 3.x is not supported
05-28 16:04:35.815 243 243 I zygote : Using memfd for future sealing
05-28 16:04:35.823 369 369 I update_engine: [INFO:main.cc(55)] A/B Update Engine starting
05-28 16:04:35.831 360 360 I android.hardware.media.omx@1.0-service: mediacodecservice starting
05-28 16:04:35.834 369 369 E cutils-trace: Error opening trace file: No such file or directory (2)
05-28 16:04:35.838 360 360 W android.hardware.media.omx@1.0-service: Could not read additional policy file '/vendor/etc/seccomp_policy/mediacodec.policy'
05-28 16:04:35.839 360 360 W android.hardware.media.omx@1.0-service: libminijail[360]: failed to get path of fd 4: No such file or directory
05-28 16:04:35.840 360 360 W android.hardware.media.omx@1.0-service: libminijail[360]: allowing syscall: clock_gettime
05-28 16:04:35.840 360 360 W android.hardware.media.omx@1.0-service: libminijail[360]: allowing syscall: connect
05-28 16:04:35.840 360 360 W android.hardware.media.omx@1.0-service: libminijail[360]: allowing syscall: fcntl64
05-28 16:04:35.840 360 360 W android.hardware.media.omx@1.0-service: libminijail[360]: allowing syscall: socket
05-28 16:04:35.840 360 360 W android.hardware.media.omx@1.0-service: libminijail[360]: allowing syscall: writev
05-28 16:04:35.841 360 360 W android.hardware.media.omx@1.0-service: libminijail[360]: compile_file: (59): syscall getrandom redefined here
05-28 16:04:35.841 360 360 W android.hardware.media.omx@1.0-service: libminijail[360]: compile_file: (15): previous definition here
05-28 16:04:35.846 360 360 W android.hardware.media.omx@1.0-service: libminijail[360]: compile_file: /system/etc/seccomp_policy/crash_dump.arm.policy(1): syscall read redefined here
05-28 16:04:35.847 360 360 W android.hardware.media.omx@1.0-service: libminijail[360]: compile_file: (9): previous definition here
05-28 16:04:35.847 360 360 W android.hardware.media.omx@1.0-service: libminijail[360]: compile_file: /system/etc/seccomp_policy/crash_dump.arm.policy(2): syscall write redefined here
05-28 16:04:35.847 360 360 W android.hardware.media.omx@1.0-service: libminijail[360]: compile_file: (5): previous definition here
05-28 16:04:35.847 360 360 W android.hardware.media.omx@1.0-service: libminijail[360]: compile_file: /system/etc/seccomp_policy/crash_dump.arm.policy(3): syscall exit redefined here
05-28 16:04:35.847 360 360 W android.hardware.media.omx@1.0-service: libminijail[360]: compile_file: (40): previous definition here
05-28 16:04:35.849 360 360 W android.hardware.media.omx@1.0-service: libminijail[360]: compile_file: /system/etc/seccomp_policy/crash_dump.arm.policy(4): syscall rt_sigreturn redefined here
05-28 16:04:35.849 360 360 W android.hardware.media.omx@1.0-service: libminijail[360]: compile_file: (45): previous definition here
05-28 16:04:35.850 360 360 W android.hardware.media.omx@1.0-service: libminijail[360]: compile_file: /system/etc/seccomp_policy/crash_dump.arm.policy(6): syscall exit_group redefined here
05-28 16:04:35.850 360 360 W android.hardware.media.omx@1.0-service: libminijail[360]: compile_file: (44): previous definition here
05-28 16:04:35.850 360 360 W android.hardware.media.omx@1.0-service: libminijail[360]: compile_file: /system/etc/seccomp_policy/crash_dump.arm.policy(7): syscall clock_gettime redefined here
05-28 16:04:35.850 360 360 W android.hardware.media.omx@1.0-service: libminijail[360]: compile_file: (7): previous definition here
05-28 16:04:35.850 360 360 W android.hardware.media.omx@1.0-service: libminijail[360]: compile_file: /system/etc/seccomp_policy/crash_dump.arm.policy(8): syscall gettimeofday redefined here
05-28 16:04:35.850 360 360 W android.hardware.media.omx@1.0-service: libminijail[360]: compile_file: (47): previous definition here
05-28 16:04:35.850 360 360 W android.hardware.media.omx@1.0-service: libminijail[360]: compile_file: /system/etc/seccomp_policy/crash_dump.arm.policy(9): syscall futex redefined here
05-28 16:04:35.850 360 360 W android.hardware.media.omx@1.0-service: libminijail[360]: compile_file: (3): previous definition here
05-28 16:04:35.850 360 360 W android.hardware.media.omx@1.0-service: libminijail[360]: compile_file: /system/etc/seccomp_policy/crash_dump.arm.policy(10): syscall getrandom redefined here
05-28 16:04:35.850 360 360 W android.hardware.media.omx@1.0-service: libminijail[360]: compile_file: (15): previous definition here
05-28 16:04:35.851 360 360 W android.hardware.media.omx@1.0-service: libminijail[360]: compile_file: /system/etc/seccomp_policy/crash_dump.arm.policy(13): syscall ppoll redefined here
05-28 16:04:35.851 360 360 W android.hardware.media.omx@1.0-service: libminijail[360]: compile_file: (13): previous definition here
05-28 16:04:35.851 360 360 W android.hardware.media.omx@1.0-service: libminijail[360]: compile_file: /system/etc/seccomp_policy/crash_dump.arm.policy(14): syscall pipe2 redefined here
05-28 16:04:35.851 360 360 W android.hardware.media.omx@1.0-service: libminijail[360]: compile_file: (46): previous definition here
05-28 16:04:35.851 360 360 W android.hardware.media.omx@1.0-service: libminijail[360]: compile_file: /system/etc/seccomp_policy/crash_dump.arm.policy(15): syscall openat redefined here
05-28 16:04:35.851 360 360 W android.hardware.media.omx@1.0-service: libminijail[360]: compile_file: (30): previous definition here
05-28 16:04:35.851 360 360 W android.hardware.media.omx@1.0-service: libminijail[360]: compile_file: /system/etc/seccomp_policy/crash_dump.arm.policy(16): syscall dup redefined here
05-28 16:04:35.851 360 360 W android.hardware.media.omx@1.0-service: libminijail[360]: compile_file: (12): previous definition here
05-28 16:04:35.851 360 360 W android.hardware.media.omx@1.0-service: libminijail[360]: compile_file: /system/etc/seccomp_policy/crash_dump.arm.policy(17): syscall close redefined here
05-28 16:04:35.851 360 360 W android.hardware.media.omx@1.0-service: libminijail[360]: compile_file: (10): previous definition here
05-28 16:04:35.852 360 360 W android.hardware.media.omx@1.0-service: libminijail[360]: compile_file: /system/etc/seccomp_policy/crash_dump.arm.policy(18): syscall lseek redefined here
05-28 16:04:35.852 360 360 W android.hardware.media.omx@1.0-service: libminijail[360]: compile_file: (50): previous definition here
05-28 16:04:35.852 360 360 W android.hardware.media.omx@1.0-service: libminijail[360]: compile_file: /system/etc/seccomp_policy/crash_dump.arm.policy(19): syscall getdents64 redefined here
05-28 16:04:35.852 360 360 W android.hardware.media.omx@1.0-service: libminijail[360]: compile_file: (58): previous definition here
05-28 16:04:35.852 369 369 I update_engine: [INFO:boot_control_android.cc(69)] Loaded boot control hidl hal.
05-28 16:04:35.852 360 360 W android.hardware.media.omx@1.0-service: libminijail[360]: compile_file: /system/etc/seccomp_policy/crash_dump.arm.policy(20): syscall faccessat redefined here
05-28 16:04:35.852 360 360 W android.hardware.media.omx@1.0-service: libminijail[360]: compile_file: (38): previous definition here
05-28 16:04:35.852 360 360 W android.hardware.media.omx@1.0-service: libminijail[360]: compile_file: /system/etc/seccomp_policy/crash_dump.arm.policy(25): syscall rt_sigprocmask redefined here
05-28 16:04:35.852 360 360 W android.hardware.media.omx@1.0-service: libminijail[360]: compile_file: (41): previous definition here
05-28 16:04:35.852 360 360 W android.hardware.media.omx@1.0-service: libminijail[360]: compile_file: /system/etc/seccomp_policy/crash_dump.arm.policy(28): syscall prctl redefined here
05-28 16:04:35.852 360 360 W android.hardware.media.omx@1.0-service: libminijail[360]: compile_file: (6): previous definition here
05-28 16:04:35.852 360 360 W android.hardware.media.omx@1.0-service: libminijail[360]: compile_file: /system/etc/seccomp_policy/crash_dump.arm.policy(29): syscall madvise redefined here
05-28 16:04:35.858 360 360 W android.hardware.media.omx@1.0-service: libminijail[360]: compile_file: (29): previous definition here
05-28 16:04:35.858 360 360 W android.hardware.media.omx@1.0-service: libminijail[360]: compile_file: /system/etc/seccomp_policy/crash_dump.arm.policy(30): syscall mprotect redefined here
05-28 16:04:35.858 360 360 W android.hardware.media.omx@1.0-service: libminijail[360]: compile_file: (28): previous definition here
05-28 16:04:35.859 360 360 W android.hardware.media.omx@1.0-service: libminijail[360]: compile_file: /system/etc/seccomp_policy/crash_dump.arm.policy(31): syscall munmap redefined here
05-28 16:04:35.859 360 360 W android.hardware.media.omx@1.0-service: libminijail[360]: compile_file: (27): previous definition here
05-28 16:04:35.859 360 360 W android.hardware.media.omx@1.0-service: libminijail[360]: compile_file: /system/etc/seccomp_policy/crash_dump.arm.policy(32): syscall getuid32 redefined here
05-28 16:04:35.859 360 360 W android.hardware.media.omx@1.0-service: libminijail[360]: compile_file: (34): previous definition here
05-28 16:04:35.859 360 360 W android.hardware.media.omx@1.0-service: libminijail[360]: compile_file: /system/etc/seccomp_policy/crash_dump.arm.policy(33): syscall fstat64 redefined here
05-28 16:04:35.859 360 360 W android.hardware.media.omx@1.0-service: libminijail[360]: compile_file: (35): previous definition here
05-28 16:04:35.859 360 360 W android.hardware.media.omx@1.0-service: libminijail[360]: compile_file: /system/etc/seccomp_policy/crash_dump.arm.policy(34): syscall mmap2 redefined here
05-28 16:04:35.859 360 360 W android.hardware.media.omx@1.0-service: libminijail[360]: compile_file: (14): previous definition here
05-28 16:04:35.863 360 360 W android.hardware.media.omx@1.0-service: libminijail[360]: logging seccomp filter failures
05-28 16:04:35.865 271 271 E gralloc : Arm Module v1.0
05-28 16:04:35.873 350 350 I main_extractorservice: enable media.extractor memory limits
05-28 16:04:35.877 360 360 I cedarc : : register h265 decoder success!
05-28 16:04:35.877 350 350 V MediaUtils: physMem: 2055442432
05-28 16:04:35.880 369 369 I update_engine: [INFO:daemon_state_android.cc(44)] Booted in dev mode.
05-28 16:04:35.882 350 350 V MediaUtils: requested limit: 411088480
05-28 16:04:35.882 350 350 I libc : malloc_limit: Allocation limit enabled, max size 411088480 bytes
05-28 16:04:35.886 360 360 E cedarc : : dlopen 'libawh265soft.so' fail: dlopen failed: library "libawh265soft.so" not found
05-28 16:04:35.887 360 360 I cedarc : : register h264 decoder success!
05-28 16:04:35.888 182 182 I hwservicemanager: getTransport: Cannot find entry android.hardware.graphics.allocator@4.0::IAllocator/default in either framework or device VINTF manifest.
05-28 16:04:35.890 271 271 W Gralloc4: allocator 4.x is not supported
05-28 16:04:35.893 182 182 I hwservicemanager: getTransport: Cannot find entry android.hardware.graphics.allocator@3.0::IAllocator/default in either framework or device VINTF manifest.
05-28 16:04:35.895 364 364 E cutils-trace: Error opening trace file: No such file or directory (2)
05-28 16:04:35.897 369 369 I update_engine: [INFO:update_attempter_android.cc(1082)] Scheduling CleanupPreviousUpdateAction.
05-28 16:04:35.899 360 360 I cedarc : : register mjpeg decoder success!
05-28 16:04:35.899 271 271 W Gralloc3: allocator 3.x is not supported
05-28 16:04:35.899 360 360 I cedarc : : register mjpegplus decoder success!
05-28 16:04:35.900 263 263 I android.hardware.usb.gadget@1.1-service.aw: setCurrentUsbFunctions Adb
05-28 16:04:35.901 263 263 I android.hardware.usb.gadget@1.1-service.aw: Service started
05-28 16:04:35.901 263 263 I android.hardware.usb.gadget@1.1-service.aw: enable usbradio debug functions
05-28 16:04:35.901 263 263 I android.hardware.usb.gadget@1.1-service.aw: Usb Gadget setcurrent functions called successfully
05-28 16:04:35.902 360 360 I cedarc : : register mpeg2 decoder success!
05-28 16:04:35.903 360 360 W cedarc : : Invalid plugin, CedarPluginVDInit not found, lib:libawmpeg4base.so.
05-28 16:04:35.903 350 350 W mediaextractor: Could not read additional policy file '/vendor/etc/seccomp_policy/mediaextractor.policy'
05-28 16:04:35.904 350 350 W mediaextractor: libminijail[350]: failed to get path of fd 4: No such file or directory
05-28 16:04:35.904 350 350 W mediaextractor: libminijail[350]: allowing syscall: clock_gettime
05-28 16:04:35.904 350 350 W mediaextractor: libminijail[350]: allowing syscall: connect
05-28 16:04:35.905 360 360 I cedarc : : register mpeg4Normal decoder success!
05-28 16:04:35.906 350 350 W mediaextractor: libminijail[350]: allowing syscall: fcntl64
05-28 16:04:35.906 350 350 W mediaextractor: libminijail[350]: allowing syscall: socket
05-28 16:04:35.906 350 350 W mediaextractor: libminijail[350]: allowing syscall: writev
05-28 16:04:35.908 369 369 I update_engine: [INFO:action_processor.cc(51)] ActionProcessor: starting CleanupPreviousUpdateAction
