05-28 16:04:48.285 1225 1225 D wpa_supplicant: wpa_driver_nl80211_set_key: ifindex=14 (wlan0) alg=0 addr=0x0 key_idx=0 set_tx=0 seq_len=0 key_len=0 key_flag=0x10
05-28 16:04:48.285 1225 1225 D wpa_supplicant: nl80211: DEL_KEY
05-28 16:04:48.285 1225 1225 D wpa_supplicant: broadcast key
05-28 16:04:48.287 467 513 I EthernetTracker: interfaceLinkStateChanged, iface: wlan0, up: true
05-28 16:04:48.288 467 513 W PppoeNetworkFactory: interfaceLinkStateChanged
05-28 16:04:48.288 467 513 D PppoeNetworkFactory: updateInterface: mIface: mPhyIface:eth0 iface:wlan0 link:up
05-28 16:04:48.288 467 513 D PppoeNetworkFactory: not tracker interface
05-28 16:04:48.288 467 513 I EthernetTracker: interfaceLinkStateChanged, iface: wlan0, up: true
05-28 16:04:48.288 467 513 W PppoeNetworkFactory: interfaceLinkStateChanged
05-28 16:04:48.288 467 513 D PppoeNetworkFactory: updateInterface: mIface: mPhyIface:eth0 iface:wlan0 link:up
05-28 16:04:48.288 467 513 D PppoeNetworkFactory: not tracker interface
05-28 16:04:48.289 670 670 D SystemUIService: running: com.android.systemui.globalactions.GlobalActionsComponent@3d53f7f
05-28 16:04:48.289 1010 1010 V MediaStore: Examining volume emulated;0 with name external_primary and state mounted
05-28 16:04:48.292 1225 1225 D wpa_supplicant: wpa_driver_nl80211_set_key: ifindex=14 (wlan0) alg=0 addr=0x0 key_idx=1 set_tx=0 seq_len=0 key_len=0 key_flag=0x10
05-28 16:04:48.292 1225 1225 D wpa_supplicant: nl80211: DEL_KEY
05-28 16:04:48.292 1225 1225 D wpa_supplicant: broadcast key
05-28 16:04:48.293 1225 1225 D wpa_supplicant: wpa_driver_nl80211_set_key: ifindex=14 (wlan0) alg=0 addr=0x0 key_idx=2 set_tx=0 seq_len=0 key_len=0 key_flag=0x10
05-28 16:04:48.293 1225 1225 D wpa_supplicant: nl80211: DEL_KEY
05-28 16:04:48.293 1225 1225 D wpa_supplicant: broadcast key
05-28 16:04:48.293 1225 1225 D wpa_supplicant: wpa_driver_nl80211_set_key: ifindex=14 (wlan0) alg=0 addr=0x0 key_idx=3 set_tx=0 seq_len=0 key_len=0 key_flag=0x10
05-28 16:04:48.293 1225 1225 D wpa_supplicant: nl80211: DEL_KEY
05-28 16:04:48.293 1225 1225 D wpa_supplicant: broadcast key
05-28 16:04:48.293 1225 1225 D wpa_supplicant: wpa_driver_nl80211_set_key: ifindex=14 (wlan0) alg=0 addr=0x0 key_idx=4 set_tx=0 seq_len=0 key_len=0 key_flag=0x10
05-28 16:04:48.294 1225 1225 D wpa_supplicant: nl80211: DEL_KEY
05-28 16:04:48.296 1225 1225 D wpa_supplicant: broadcast key
05-28 16:04:48.300 1225 1225 D wpa_supplicant: wpa_driver_nl80211_set_key: ifindex=14 (wlan0) alg=0 addr=0x0 key_idx=5 set_tx=0 seq_len=0 key_len=0 key_flag=0x10
05-28 16:04:48.301 1225 1225 D wpa_supplicant: nl80211: DEL_KEY
05-28 16:04:48.301 1225 1225 D wpa_supplicant: broadcast key
05-28 16:04:48.301 1225 1225 D wpa_supplicant: wlan0: RSN: flushing PMKID list in the driver
05-28 16:04:48.301 1225 1225 D wpa_supplicant: nl80211: Flush PMKIDs
05-28 16:04:48.304 1225 1225 D wpa_supplicant: wlan0: State: DISCONNECTED -> INACTIVE
05-28 16:04:48.304 1225 1225 D wpa_supplicant: Notifying state change event to hidl control: 2
05-28 16:04:48.307 670 670 D SystemUIBootTiming: SystemUIService: bootcomplete com.android.systemui.globalactions.GlobalActionsComponent took 44 ms
05-28 16:04:48.308 670 670 D SystemUIService: loading: com.android.systemui.usb.StorageNotification
05-28 16:04:48.309 670 670 D SystemUIService: running: com.android.systemui.usb.StorageNotification@5357038
05-28 16:04:48.317 1057 1057 E hq : LauncherCallback:::onViewCreate
05-28 16:04:48.317 1057 1057 E hq : LauncherCallback:::onAttach
05-28 16:04:48.319 670 670 D StorageNotification: Notifying about private volume: VolumeInfo{private}:
05-28 16:04:48.319 670 670 D StorageNotification: type=PRIVATE diskId=null partGuid=null mountFlags=0 mountUserId=-10000
05-28 16:04:48.319 670 670 D StorageNotification: state=MOUNTED
05-28 16:04:48.319 670 670 D StorageNotification: fsType=null fsUuid=null fsLabel=null
05-28 16:04:48.319 670 670 D StorageNotification: path=/data internalPath=null
05-28 16:04:48.322 670 670 D SystemUIBootTiming: SystemUIService: bootcomplete com.android.systemui.usb.StorageNotification took 14 ms
05-28 16:04:48.322 670 670 D SystemUIService: loading: com.android.systemui.power.PowerUI
05-28 16:04:48.323 670 670 D SystemUIService: running: com.android.systemui.power.PowerUI@f8d9f77
05-28 16:04:48.330 1225 1225 D wpa_supplicant: TDLS: TDLS operation not supported by driver
05-28 16:04:48.330 1225 1225 D wpa_supplicant: TDLS: Driver uses internal link setup
05-28 16:04:48.330 1225 1225 D wpa_supplicant: TDLS: Driver does not support TDLS channel switching
05-28 16:04:48.332 1225 1225 D wpa_supplicant: wlan0: WPS: UUID based on MAC address: 7f8bc6c4-f711-5c9d-b18e-69d5dabb2af9
05-28 16:04:48.333 1225 1225 D wpa_supplicant: EAPOL: SUPP_PAE entering state DISCONNECTED
05-28 16:04:48.333 1225 1225 D wpa_supplicant: EAPOL: Supplicant port status: Unauthorized
05-28 16:04:48.333 1225 1225 D wpa_supplicant: nl80211: Skip set_supp_port(unauthorized) while not associated
05-28 16:04:48.333 1225 1225 D wpa_supplicant: EAPOL: KEY_RX entering state NO_KEY_RECEIVE
05-28 16:04:48.333 1225 1225 D wpa_supplicant: EAPOL: SUPP_BE entering state INITIALIZE
05-28 16:04:48.333 1225 1225 D wpa_supplicant: EAP: EAP entering state DISABLED
05-28 16:04:48.334 1225 1225 D wpa_supplicant: Using existing control interface directory.
05-28 16:04:48.334 1225 1225 D wpa_supplicant: nl80211: Setting wowlan
05-28 16:04:48.337 1225 1225 D wpa_supplicant: MBO: Update non-preferred channels, non_pref_chan=N/A
05-28 16:04:48.338 1225 1225 D wpa_supplicant: Registering interface to hidl control: wlan0
05-28 16:04:48.339 1225 1225 D wpa_supplicant: wlan0: Added interface wlan0
05-28 16:04:48.339 1225 1225 D wpa_supplicant: wlan0: State: INACTIVE -> DISCONNECTED
05-28 16:04:48.339 1225 1225 D wpa_supplicant: nl80211: Set wlan0 operstate 0->0 (DORMANT)
05-28 16:04:48.339 1225 1225 D wpa_supplicant: netlink: Operstate: ifindex=14 linkmode=-1 (no change), operstate=5 (IF_OPER_DORMANT)
05-28 16:04:48.339 1225 1225 D wpa_supplicant: Notifying state change event to hidl control: 0
05-28 16:04:48.339 1225 1225 D wpa_supplicant: nl80211: Create interface iftype 10 (P2P_DEVICE)
05-28 16:04:48.340 1225 1225 D wpa_supplicant: nl80211: New P2P Device interface p2p-dev-wlan0 (0x3) created
05-28 16:04:48.340 1225 1225 D wpa_supplicant: Override interface parameter: ctrl_interface ('/data/vendor/wifi/wpa/sockets' -> '/data/vendor/wifi/wpa/sockets')
05-28 16:04:48.340 1225 1225 D wpa_supplicant: Initializing interface 'p2p-dev-wlan0' conf '/data/vendor/wifi/wpa/wpa_supplicant.conf' driver 'nl80211' ctrl_interface '/data/vendor/wifi/wpa/sockets' bridge 'N/A'
05-28 16:04:48.340 1225 1225 D wpa_supplicant: Configuration file '/data/vendor/wifi/wpa/wpa_supplicant.conf' -> '/data/vendor/wifi/wpa/wpa_supplicant.conf'
05-28 16:04:48.340 1225 1225 D wpa_supplicant: Reading configuration file '/data/vendor/wifi/wpa/wpa_supplicant.conf'
05-28 16:04:48.340 1225 1225 D wpa_supplicant: update_config=1
05-28 16:04:48.340 1225 1225 D wpa_supplicant: eapol_version=1
05-28 16:04:48.340 1225 1225 D wpa_supplicant: ap_scan=1
05-28 16:04:48.340 1225 1225 D wpa_supplicant: fast_reauth=1
05-28 16:04:48.340 1225 1225 D wpa_supplicant: pmf=1
05-28 16:04:48.340 1225 1225 D wpa_supplicant: p2p_add_cli_chan=1
05-28 16:04:48.340 1225 1225 D wpa_supplicant: oce=1
05-28 16:04:48.340 1225 1225 D wpa_supplicant: sae_pwe=2
05-28 16:04:48.341 1225 1225 D wpa_supplicant: nl80211: Supported cipher 00-0f-ac:1
05-28 16:04:48.341 1225 1225 D wpa_supplicant: nl80211: Supported cipher 00-0f-ac:5
05-28 16:04:48.341 1225 1225 D wpa_supplicant: nl80211: Supported cipher 00-0f-ac:2
05-28 16:04:48.341 1225 1225 D wpa_supplicant: nl80211: Supported cipher 00-0f-ac:4
05-28 16:04:48.341 1225 1225 D wpa_supplicant: nl80211: Supported cipher 00-14-72:1
05-28 16:04:48.341 1225 1225 D wpa_supplicant: nl80211: Supported cipher 00-0f-ac:6
05-28 16:04:48.341 1225 1225 D wpa_supplicant: nl80211: Supported cipher 00-0f-ac:255
05-28 16:04:48.341 1225 1225 D wpa_supplicant: nl80211: Supported vendor command: vendor_id=0x1374 subcmd=9
05-28 16:04:48.341 1225 1225 D wpa_supplicant: nl80211: Supported vendor command: vendor_id=0x1374 subcmd=12
05-28 16:04:48.341 1225 1225 D wpa_supplicant: nl80211: Supported vendor command: vendor_id=0x1374 subcmd=14
05-28 16:04:48.341 1225 1225 D wpa_supplicant: nl80211: Supported vendor command: vendor_id=0x1374 subcmd=15
05-28 16:04:48.341 1225 1225 D wpa_supplicant: nl80211: Supported vendor command: vendor_id=0x1374 subcmd=16
05-28 16:04:48.341 1225 1225 D wpa_supplicant: nl80211: Supported vendor command: vendor_id=0x1374 subcmd=20
05-28 16:04:48.341 1225 1225 D wpa_supplicant: nl80211: Supported vendor command: vendor_id=0x1a11 subcmd=6
05-28 16:04:48.341 1225 1225 D wpa_supplicant: nl80211: Supported vendor command: vendor_id=0x1374 subcmd=21
05-28 16:04:48.341 1225 1225 D wpa_supplicant: nl80211: Supported vendor command: vendor_id=0x1374 subcmd=22
05-28 16:04:48.342 1225 1225 D wpa_supplicant: nl80211: Supported vendor command: vendor_id=0x1374 subcmd=23
05-28 16:04:48.342 1225 1225 D wpa_supplicant: nl80211: Supported vendor command: vendor_id=0x1374 subcmd=24
05-28 16:04:48.342 1225 1225 D wpa_supplicant: nl80211: Supported vendor command: vendor_id=0x1374 subcmd=29
05-28 16:04:48.342 1225 1225 D wpa_supplicant: nl80211: Supported vendor command: vendor_id=0x1374 subcmd=30
05-28 16:04:48.342 1225 1225 D wpa_supplicant: nl80211: Supported vendor command: vendor_id=0x1374 subcmd=32
05-28 16:04:48.342 1225 1225 D wpa_supplicant: nl80211: Supported vendor command: vendor_id=0x1374 subcmd=33
05-28 16:04:48.342 1225 1225 D wpa_supplicant: nl80211: Supported vendor command: vendor_id=0x1374 subcmd=38
05-28 16:04:48.342 1225 1225 D wpa_supplicant: nl80211: Supported vendor command: vendor_id=0x1374 subcmd=39
05-28 16:04:48.342 1225 1225 D wpa_supplicant: nl80211: Supported vendor command: vendor_id=0x1374 subcmd=42
05-28 16:04:48.342 1225 1225 D wpa_supplicant: nl80211: Supported vendor command: vendor_id=0x1374 subcmd=55
05-28 16:04:48.342 1225 1225 D wpa_supplicant: nl80211: Supported vendor command: vendor_id=0x1374 subcmd=61
05-28 16:04:48.342 1225 1225 D wpa_supplicant: nl80211: Supported vendor command: vendor_id=0x1374 subcmd=62
05-28 16:04:48.342 1225 1225 D wpa_supplicant: nl80211: Supported vendor command: vendor_id=0x1374 subcmd=63
05-28 16:04:48.342 1225 1225 D wpa_supplicant: nl80211: Supported vendor command: vendor_id=0x1374 subcmd=64
05-28 16:04:48.342 1225 1225 D wpa_supplicant: nl80211: Supported vendor command: vendor_id=0x1374 subcmd=65
05-28 16:04:48.342 1225 1225 D wpa_supplicant: nl80211: Supported vendor command: vendor_id=0x1374 subcmd=66
05-28 16:04:48.342 1225 1225 D wpa_supplicant: nl80211: Supported vendor command: vendor_id=0x1374 subcmd=69
05-28 16:04:48.342 1225 1225 D wpa_supplicant: nl80211: Supported vendor command: vendor_id=0x1374 subcmd=70
05-28 16:04:48.342 1225 1225 D wpa_supplicant: nl80211: Supported vendor command: vendor_id=0x1374 subcmd=71
05-28 16:04:48.342 1225 1225 D wpa_supplicant: nl80211: Supported vendor command: vendor_id=0x1374 subcmd=76
05-28 16:04:48.342 1225 1225 D wpa_supplicant: nl80211: Supported vendor command: vendor_id=0x1374 subcmd=77
05-28 16:04:48.342 1225 1225 D wpa_supplicant: nl80211: Supported vendor command: vendor_id=0x1374 subcmd=79
05-28 16:04:48.342 1225 1225 D wpa_supplicant: nl80211: Supported vendor command: vendor_id=0x1374 subcmd=80
05-28 16:04:48.342 1225 1225 D wpa_supplicant: nl80211: Supported vendor command: vendor_id=0x1374 subcmd=82
05-28 16:04:48.342 1225 1225 D wpa_supplicant: nl80211: Supported vendor command: vendor_id=0x1374 subcmd=85
05-28 16:04:48.342 1225 1225 D wpa_supplicant: nl80211: Supported vendor command: vendor_id=0x1374 subcmd=146
05-28 16:04:48.342 1225 1225 D wpa_supplicant: nl80211: Supported vendor command: vendor_id=0x1374 subcmd=12
05-28 16:04:48.342 1225 1225 D wpa_supplicant: nl80211: Supported vendor command: vendor_id=0x1374 subcmd=128
05-28 16:04:48.342 1225 1225 D wpa_supplicant: nl80211: Supported vendor command: vendor_id=0x1374 subcmd=129
05-28 16:04:48.342 1225 1225 D wpa_supplicant: nl80211: Supported vendor command: vendor_id=0x1374 subcmd=130
05-28 16:04:48.342 1225 1225 D wpa_supplicant: nl80211: Supported vendor command: vendor_id=0x1374 subcmd=133
05-28 16:04:48.342 1225 1225 D wpa_supplicant: nl80211: Supported vendor command: vendor_id=0x1374 subcmd=176
05-28 16:04:48.342 1225 1225 D wpa_supplicant: nl80211: Supported vendor event: vendor_id=0x1374 subcmd=80
05-28 16:04:48.342 1225 1225 D wpa_supplicant: nl80211: Supported vendor event: vendor_id=0x1374 subcmd=1
05-28 16:04:48.342 1225 1225 D wpa_supplicant: nl80211: Supported vendor event: vendor_id=0x1374 subcmd=1
05-28 16:04:48.342 1225 1225 D wpa_supplicant: nl80211: Supported vendor event: vendor_id=0x1374 subcmd=1
05-28 16:04:48.342 1225 1225 D wpa_supplicant: nl80211: Supported vendor event: vendor_id=0x1374 subcmd=1
05-28 16:04:48.342 1225 1225 D wpa_supplicant: nl80211: Supported vendor event: vendor_id=0x1374 subcmd=1
05-28 16:04:48.342 1225 1225 D wpa_supplicant: nl80211: Supported vendor event: vendor_id=0x1374 subcmd=20
05-28 16:04:48.342 1225 1225 D wpa_supplicant: nl80211: Supported vendor event: vendor_id=0x1374 subcmd=21
05-28 16:04:48.342 1225 1225 D wpa_supplicant: nl80211: Supported vendor event: vendor_id=0x1374 subcmd=23
05-28 16:04:48.342 1225 1225 D wpa_supplicant: nl80211: Supported vendor event: vendor_id=0x1374 subcmd=24
05-28 16:04:48.342 1225 1225 D wpa_supplicant: nl80211: Supported vendor event: vendor_id=0x1374 subcmd=25
05-28 16:04:48.342 1225 1225 D wpa_supplicant: nl80211: Supported vendor event: vendor_id=0x1374 subcmd=26
05-28 16:04:48.342 1225 1225 D wpa_supplicant: nl80211: Supported vendor event: vendor_id=0x1374 subcmd=27
05-28 16:04:48.342 1225 1225 D wpa_supplicant: nl80211: Supported vendor event: vendor_id=0x1374 subcmd=28
05-28 16:04:48.342 1225 1225 D wpa_supplicant: nl80211: Supported vendor event: vendor_id=0x1374 subcmd=41
05-28 16:04:48.342 1225 1225 D wpa_supplicant: nl80211: Supported vendor event: vendor_id=0x1374 subcmd=29
05-28 16:04:48.342 1225 1225 D wpa_supplicant: nl80211: Supported vendor event: vendor_id=0x1374 subcmd=30
05-28 16:04:48.342 1225 1225 D wpa_supplicant: nl80211: Supported vendor event: vendor_id=0x1374 subcmd=31
05-28 16:04:48.342 1225 1225 D wpa_supplicant: nl80211: Supported vendor event: vendor_id=0x1374 subcmd=32
05-28 16:04:48.342 1225 1225 D wpa_supplicant: nl80211: Supported vendor event: vendor_id=0x1374 subcmd=33
05-28 16:04:48.342 1225 1225 D wpa_supplicant: nl80211: Supported vendor event: vendor_id=0x0 subcmd=0
05-28 16:04:48.342 1225 1225 D wpa_supplicant: nl80211: Supported vendor event: vendor_id=0x0 subcmd=0
05-28 16:04:48.342 1225 1225 D wpa_supplicant: nl80211: Supported vendor event: vendor_id=0x0 subcmd=0
05-28 16:04:48.342 1225 1225 D wpa_supplicant: nl80211: Supported vendor event: vendor_id=0x0 subcmd=0
05-28 16:04:48.342 1225 1225 D wpa_supplicant: nl80211: Supported vendor event: vendor_id=0x0 subcmd=0
05-28 16:04:48.342 1225 1225 D wpa_supplicant: nl80211: Supported vendor event: vendor_id=0x0 subcmd=0
05-28 16:04:48.342 1225 1225 D wpa_supplicant: nl80211: Supported vendor event: vendor_id=0x0 subcmd=0
05-28 16:04:48.342 1225 1225 D wpa_supplicant: nl80211: Supported vendor event: vendor_id=0x0 subcmd=0
05-28 16:04:48.342 1225 1225 D wpa_supplicant: nl80211: Supported vendor event: vendor_id=0x0 subcmd=0
05-28 16:04:48.342 1225 1225 D wpa_supplicant: nl80211: Supported vendor event: vendor_id=0x0 subcmd=0
05-28 16:04:48.342 1225 1225 D wpa_supplicant: nl80211: Supported vendor event: vendor_id=0x0 subcmd=0
05-28 16:04:48.342 1225 1225 D wpa_supplicant: nl80211: Supported vendor event: vendor_id=0x0 subcmd=0
05-28 16:04:48.342 1225 1225 D wpa_supplicant: nl80211: Supported vendor event: vendor_id=0x1374 subcmd=5120
05-28 16:04:48.342 1225 1225 D wpa_supplicant: nl80211: Supported vendor event: vendor_id=0x0 subcmd=0
05-28 16:04:48.342 1225 1225 D wpa_supplicant: nl80211: Supported vendor event: vendor_id=0x0 subcmd=0
05-28 16:04:48.342 1225 1225 D wpa_supplicant: nl80211: Supported vendor event: vendor_id=0x0 subcmd=0
05-28 16:04:48.342 1225 1225 D wpa_supplicant: nl80211: Supported vendor event: vendor_id=0x0 subcmd=0
05-28 16:04:48.342 1225 1225 D wpa_supplicant: nl80211: Supported vendor event: vendor_id=0x0 subcmd=0
05-28 16:04:48.342 1225 1225 D wpa_supplicant: nl80211: Supported vendor event: vendor_id=0x0 subcmd=0
05-28 16:04:48.342 1225 1225 D wpa_supplicant: nl80211: Supported vendor event: vendor_id=0x0 subcmd=0
05-28 16:04:48.342 1225 1225 D wpa_supplicant: nl80211: Supported vendor event: vendor_id=0x0 subcmd=0
05-28 16:04:48.342 1225 1225 D wpa_supplicant: nl80211: Supported vendor event: vendor_id=0x0 subcmd=0
05-28 16:04:48.342 1225 1225 D wpa_supplicant: nl80211: Supported vendor event: vendor_id=0x0 subcmd=0
05-28 16:04:48.342 1225 1225 D wpa_supplicant: nl80211: Supported vendor event: vendor_id=0x0 subcmd=0
05-28 16:04:48.342 1225 1225 D wpa_supplicant: nl80211: Supported vendor event: vendor_id=0x0 subcmd=0
05-28 16:04:48.342 1225 1225 D wpa_supplicant: nl80211: Supported vendor event: vendor_id=0x0 subcmd=0
05-28 16:04:48.342 1225 1225 D wpa_supplicant: nl80211: Supported vendor event: vendor_id=0x0 subcmd=0
05-28 16:04:48.342 1225 1225 D wpa_supplicant: nl80211: Supported vendor event: vendor_id=0x0 subcmd=0
05-28 16:04:48.342 1225 1225 D wpa_supplicant: nl80211: Supported vendor event: vendor_id=0x0 subcmd=0
05-28 16:04:48.342 1225 1225 D wpa_supplicant: nl80211: Supported vendor event: vendor_id=0x0 subcmd=0
05-28 16:04:48.342 1225 1225 D wpa_supplicant: nl80211: Supported vendor event: vendor_id=0x0 subcmd=0
05-28 16:04:48.342 1225 1225 D wpa_supplicant: nl80211: Supported vendor event: vendor_id=0x0 subcmd=0
05-28 16:04:48.342 1225 1225 D wpa_supplicant: nl80211: Supported vendor event: vendor_id=0x0 subcmd=0
05-28 16:04:48.342 1225 1225 D wpa_supplicant: nl80211: Supported vendor event: vendor_id=0x0 subcmd=0
05-28 16:04:48.342 1225 1225 D wpa_supplicant: nl80211: Supported vendor event: vendor_id=0x0 subcmd=0
05-28 16:04:48.343 1225 1225 D wpa_supplicant: nl80211: Supported vendor event: vendor_id=0x0 subcmd=0
05-28 16:04:48.343 1225 1225 D wpa_supplicant: nl80211: Supported vendor event: vendor_id=0x0 subcmd=0
05-28 16:04:48.343 1225 1225 D wpa_supplicant: nl80211: Supported vendor event: vendor_id=0x0 subcmd=0
05-28 16:04:48.343 1225 1225 D wpa_supplicant: nl80211: Supported vendor event: vendor_id=0x0 subcmd=0
05-28 16:04:48.343 1225 1225 D wpa_supplicant: nl80211: Supported vendor event: vendor_id=0x0 subcmd=0
05-28 16:04:48.343 1225 1225 D wpa_supplicant: nl80211: Supported vendor event: vendor_id=0x0 subcmd=0
05-28 16:04:48.343 1225 1225 D wpa_supplicant: nl80211: Supported vendor event: vendor_id=0x0 subcmd=0
05-28 16:04:48.343 1225 1225 D wpa_supplicant: nl80211: Supported vendor event: vendor_id=0x0 subcmd=0
05-28 16:04:48.343 1225 1225 D wpa_supplicant: nl80211: Supported vendor event: vendor_id=0x0 subcmd=0
05-28 16:04:48.343 1225 1225 D wpa_supplicant: nl80211: Supported vendor event: vendor_id=0x1374 subcmd=131
05-28 16:04:48.343 1225 1225 D wpa_supplicant: nl80211: Supported vendor event: vendor_id=0x1374 subcmd=132
05-28 16:04:48.343 1225 1225 D wpa_supplicant: nl80211: Supported vendor event: vendor_id=0x0 subcmd=0
05-28 16:04:48.343 1225 1225 D wpa_supplicant: nl80211: Supported vendor event: vendor_id=0x0 subcmd=0
05-28 16:04:48.343 1225 1225 D wpa_supplicant: nl80211: Supported vendor event: vendor_id=0x0 subcmd=0
05-28 16:04:48.343 1225 1225 D wpa_supplicant: nl80211: Supported vendor event: vendor_id=0x0 subcmd=0
05-28 16:04:48.343 1225 1225 D wpa_supplicant: nl80211: Supported vendor event: vendor_id=0x0 subcmd=0
05-28 16:04:48.343 1225 1225 D wpa_supplicant: nl80211: Supported vendor event: vendor_id=0x0 subcmd=0
05-28 16:04:48.343 1225 1225 D wpa_supplicant: nl80211: Supported vendor event: vendor_id=0x1374 subcmd=72
05-28 16:04:48.343 1225 1225 D wpa_supplicant: nl80211: Use separate P2P group interface (driver advertised support)
05-28 16:04:48.343 1225 1225 D wpa_supplicant: nl80211: Enable multi-channel concurrent (driver advertised support)
05-28 16:04:48.343 1225 1225 D wpa_supplicant: nl80211: use P2P_DEVICE support
05-28 16:04:48.343 1225 1225 D wpa_supplicant: nl80211: key_mgmt=0xd0f enc=0x10f auth=0x7 flags=0x100100007a007ac0 rrm_flags=0x0 probe_resp_offloads=0x0 max_stations=10 max_remain_on_chan=5000 max_scan_ssids=12
05-28 16:04:48.352 1225 1225 D wpa_supplicant: nl80211: interface p2p-dev-wlan0 in phy phy0
05-28 16:04:48.353 1225 1225 D wpa_supplicant: nl80211: Set mode ifindex 0 iftype 10 (P2P_DEVICE)
05-28 16:04:48.353 1225 1225 D wpa_supplicant: nl80211: Failed to set interface 0 to mode 10: -22 (Invalid argument)
05-28 16:04:48.357 1225 1225 D wpa_supplicant: nl80211: Subscribe to mgmt frames with non-AP handle 0xf1793848
05-28 16:04:48.357 1225 1225 D wpa_supplicant: nl80211: Register frame type=0xb0 (WLAN_FC_STYPE_AUTH) nl_handle=0xf1793848 match=0300 multicast=0
05-28 16:04:48.358 1225 1225 D wpa_supplicant: nl80211: Register frame command failed (type=176): ret=-22 (Invalid argument)
05-28 16:04:48.358 1225 1225 D wpa_supplicant: nl80211: Register frame match - hexdump(len=2): 03 00
05-28 16:04:48.358 1225 1225 D wpa_supplicant: nl80211: Register frame type=0xd0 (WLAN_FC_STYPE_ACTION) nl_handle=0xf1793848 match=0104 multicast=0
05-28 16:04:48.358 1225 1225 D wpa_supplicant: nl80211: Register frame type=0xd0 (WLAN_FC_STYPE_ACTION) nl_handle=0xf1793848 match=040a multicast=0
05-28 16:04:48.358 1225 1225 D wpa_supplicant: nl80211: Register frame type=0xd0 (WLAN_FC_STYPE_ACTION) nl_handle=0xf1793848 match=040b multicast=0
05-28 16:04:48.359 1225 1225 D wpa_supplicant: nl80211: Register frame type=0xd0 (WLAN_FC_STYPE_ACTION) nl_handle=0xf1793848 match=040c multicast=0
05-28 16:04:48.359 1225 1225 D wpa_supplicant: nl80211: Register frame type=0xd0 (WLAN_FC_STYPE_ACTION) nl_handle=0xf1793848 match=040d multicast=0
05-28 16:04:48.359 1225 1225 D wpa_supplicant: nl80211: Register frame type=0xd0 (WLAN_FC_STYPE_ACTION) nl_handle=0xf1793848 match=090a multicast=0
05-28 16:04:48.359 1225 1225 D wpa_supplicant: nl80211: Register frame type=0xd0 (WLAN_FC_STYPE_ACTION) nl_handle=0xf1793848 match=090b multicast=0
05-28 16:04:48.359 1225 1225 D wpa_supplicant: nl80211: Register frame type=0xd0 (WLAN_FC_STYPE_ACTION) nl_handle=0xf1793848 match=090c multicast=0
05-28 16:04:48.359 1225 1225 D wpa_supplicant: nl80211: Register frame type=0xd0 (WLAN_FC_STYPE_ACTION) nl_handle=0xf1793848 match=090d multicast=0
05-28 16:04:48.359 1225 1225 D wpa_supplicant: nl80211: Register frame type=0xd0 (WLAN_FC_STYPE_ACTION) nl_handle=0xf1793848 match=0409506f9a09 multicast=0
05-28 16:04:48.359 1225 1225 D wpa_supplicant: nl80211: Register frame type=0xd0 (WLAN_FC_STYPE_ACTION) nl_handle=0xf1793848 match=7f506f9a09 multicast=0
05-28 16:04:48.359 1225 1225 D wpa_supplicant: nl80211: Register frame type=0xd0 (WLAN_FC_STYPE_ACTION) nl_handle=0xf1793848 match=0409506f9a1a multicast=0
05-28 16:04:48.359 1225 1225 D wpa_supplicant: nl80211: Register frame type=0xd0 (WLAN_FC_STYPE_ACTION) nl_handle=0xf1793848 match=0801 multicast=0
05-28 16:04:48.360 1225 1225 D wpa_supplicant: nl80211: Register frame type=0xd0 (WLAN_FC_STYPE_ACTION) nl_handle=0xf1793848 match=06 multicast=0
05-28 16:04:48.360 1225 1225 D wpa_supplicant: nl80211: Register frame type=0xd0 (WLAN_FC_STYPE_ACTION) nl_handle=0xf1793848 match=0a07 multicast=0
05-28 16:04:48.360 1225 1225 D wpa_supplicant: nl80211: Register frame type=0xd0 (WLAN_FC_STYPE_ACTION) nl_handle=0xf1793848 match=0a11 multicast=0
05-28 16:04:48.360 1225 1225 D wpa_supplicant: nl80211: Register frame type=0xd0 (WLAN_FC_STYPE_ACTION) nl_handle=0xf1793848 match=0a0b multicast=0
05-28 16:04:48.360 1225 1225 D wpa_supplicant: nl80211: Register frame type=0xd0 (WLAN_FC_STYPE_ACTION) nl_handle=0xf1793848 match=0a1a multicast=0
05-28 16:04:48.360 1225 1225 D wpa_supplicant: nl80211: Register frame type=0xd0 (WLAN_FC_STYPE_ACTION) nl_handle=0xf1793848 match=1101 multicast=0
05-28 16:04:48.360 1225 1225 D wpa_supplicant: nl80211: Register frame type=0xd0 (WLAN_FC_STYPE_ACTION) nl_handle=0xf1793848 match=1102 multicast=0
05-28 16:04:48.360 1225 1225 D wpa_supplicant: nl80211: Register frame type=0xd0 (WLAN_FC_STYPE_ACTION) nl_handle=0xf1793848 match=0505 multicast=0
05-28 16:04:48.360 1225 1225 D wpa_supplicant: nl80211: Register frame type=0xd0 (WLAN_FC_STYPE_ACTION) nl_handle=0xf1793848 match=0500 multicast=0
05-28 16:04:48.361 1225 1225 D wpa_supplicant: nl80211: Register frame type=0xd0 (WLAN_FC_STYPE_ACTION) nl_handle=0xf1793848 match=1305 multicast=0
05-28 16:04:48.361 1225 1225 I wpa_supplicant: rfkill: Cannot get wiphy information
05-28 16:04:48.361 1225 1225 D wpa_supplicant: nl80211: RFKILL status not available
05-28 16:04:48.366 1225 1225 D wpa_supplicant: nl80211: Start P2P Device p2p-dev-wlan0 (0x3): Success
05-28 16:04:48.368 1225 1225 D wpa_supplicant: Add interface p2p-dev-wlan0 to existing radio phy0
05-28 16:04:48.365 467 467 W Looper : Slow dispatch took 289ms main h=android.os.Handler c=com.android.server.hdmi.WorkSourceUidPreservingRunnable@26eb446 m=0
05-28 16:04:48.370 467 467 W Looper : Slow delivery took 268ms main h=android.os.Handler c=com.android.server.statusbar.StatusBarManagerService$$ExternalSyntheticLambda1@8d1ced2 m=0
05-28 16:04:48.371 1225 1225 D wpa_supplicant: nl80211: No channel number found for frequency 5920 MHz
05-28 16:04:48.373 1225 1225 D wpa_supplicant: nl80211: No channel number found for frequency 5940 MHz
05-28 16:04:48.374 1225 1225 D wpa_supplicant: nl80211: Regulatory information - country=CN (DFS-FCC)
05-28 16:04:48.374 1225 1225 D wpa_supplicant: nl80211: 2400-2483 @ 40 MHz 20 mBm
05-28 16:04:48.374 1225 1225 D wpa_supplicant: nl80211: 5150-5350 @ 80 MHz 20 mBm (DFS)
05-28 16:04:48.374 1225 1225 D wpa_supplicant: nl80211: 5725-5850 @ 80 MHz 33 mBm
05-28 16:04:48.374 1225 1225 D wpa_supplicant: nl80211: 57240-59400 @ 2160 MHz 28 mBm
05-28 16:04:48.374 1225 1225 D wpa_supplicant: nl80211: 59400-63720 @ 2160 MHz 44 mBm
05-28 16:04:48.374 1225 1225 D wpa_supplicant: nl80211: 63720-65880 @ 2160 MHz 28 mBm
05-28 16:04:48.374 1225 1225 D wpa_supplicant: nl80211: Added 802.11b mode based on 802.11g information
05-28 16:04:48.374 1225 1225 D wpa_supplicant: nl80211: Mode IEEE 802.11g: 2412 2417 2422 2427 2432 2437 2442 2447 2452 2457 2462 2467 2472 2484[DISABLED]
05-28 16:04:48.374 1225 1225 D wpa_supplicant: nl80211: Mode IEEE 802.11a: 5170[DISABLED] 5180 5200 5220 5240 5260[RADAR] 5280[RADAR] 5300[RADAR] 5320[RADAR] 5500[DISABLED][RADAR] 5520[DISABLED][RADAR] 5540[DISABLED][RADAR] 5560[DISABLED][RADAR] 5580[DISABLED][RADAR]
05-28 16:04:48.375 1225 1225 D wpa_supplicant: nl80211: Mode IEEE 802.11b: 2412 2417 2422 2427 2432 2437 2442 2447 2452 2457 2462 2467 2472 2484[DISABLED]
05-28 16:04:48.375 1225 1225 D wpa_supplicant: p2p-dev-wlan0: Own MAC address: b6:2f:03:16:18:c0
05-28 16:04:48.375 1225 1225 D wpa_supplicant: p2p-dev-wlan0: RSN: flushing PMKID list in the driver
05-28 16:04:48.375 1225 1225 D wpa_supplicant: nl80211: Flush PMKIDs
05-28 16:04:48.375 1225 1225 D wpa_supplicant: p2p-dev-wlan0: State: DISCONNECTED -> INACTIVE
05-28 16:04:48.375 1225 1225 D wpa_supplicant: p2p-dev-wlan0: WPS: UUID from the first interface: 7f8bc6c4-f711-5c9d-b18e-69d5dabb2af9
05-28 16:04:48.375 1225 1225 D wpa_supplicant: EAPOL: SUPP_PAE entering state DISCONNECTED
05-28 16:04:48.376 1225 1225 D wpa_supplicant: EAPOL: Supplicant port status: Unauthorized
05-28 16:04:48.376 1225 1225 D wpa_supplicant: nl80211: Skip set_supp_port(unauthorized) while not associated
05-28 16:04:48.376 1225 1225 D wpa_supplicant: EAPOL: KEY_RX entering state NO_KEY_RECEIVE
05-28 16:04:48.376 1225 1225 D wpa_supplicant: EAPOL: SUPP_BE entering state INITIALIZE
05-28 16:04:48.376 1225 1225 D wpa_supplicant: EAP: EAP entering state DISABLED
05-28 16:04:48.376 1225 1225 D wpa_supplicant: Using existing control interface directory.
05-28 16:04:48.376 1057 1057 E hq : LauncherCallback:::inspect
05-28 16:04:48.380 1225 1225 D wpa_supplicant: P2P: Add operating class 81
05-28 16:04:48.380 1225 1225 D wpa_supplicant: P2P: Channels - hexdump(len=13): 01 02 03 04 05 06 07 08 09 0a 0b 0c 0d
05-28 16:04:48.381 1225 1225 D wpa_supplicant: P2P: Add operating class 115
05-28 16:04:48.381 1225 1225 D wpa_supplicant: P2P: Channels - hexdump(len=4): 24 28 2c 30
05-28 16:04:48.381 1225 1225 D wpa_supplicant: P2P: Add operating class 116
05-28 16:04:48.381 1225 1225 D wpa_supplicant: P2P: Channels - hexdump(len=2): 24 2c
05-28 16:04:48.381 1225 1225 D wpa_supplicant: P2P: Add operating class 117
05-28 16:04:48.381 1225 1225 D wpa_supplicant: P2P: Channels - hexdump(len=2): 28 30
05-28 16:04:48.384 1225 1225 D wpa_supplicant: P2P: Add operating class 124
05-28 16:04:48.384 1225 1225 D wpa_supplicant: P2P: Channels - hexdump(len=4): 95 99 9d a1
05-28 16:04:48.384 1225 1225 D wpa_supplicant: P2P: Add operating class 125
05-28 16:04:48.384 1225 1225 D wpa_supplicant: P2P: Channels - hexdump(len=5): 95 99 9d a1 a5
05-28 16:04:48.384 1225 1225 D wpa_supplicant: P2P: Add operating class 126
05-28 16:04:48.384 1225 1225 D wpa_supplicant: P2P: Channels - hexdump(len=2): 95 9d
05-28 16:04:48.384 1225 1225 D wpa_supplicant: P2P: Add operating class 127
05-28 16:04:48.384 1225 1225 D wpa_supplicant: P2P: Channels - hexdump(len=2): 99 a1
05-28 16:04:48.384 1225 1225 D wpa_supplicant: P2P: Add operating class 128
05-28 16:04:48.384 1225 1225 D wpa_supplicant: P2P: Channels - hexdump(len=8): 24 28 2c 30 95 99 9d a1
05-28 16:04:48.384 1225 1225 D wpa_supplicant: P2P: Add operating class 130
05-28 16:04:48.384 1225 1225 D wpa_supplicant: P2P: Channels - hexdump(len=9): 24 28 2c 30 95 99 9d a1 a5
05-28 16:04:48.385 1225 1225 D wpa_supplicant: P2P: Own listen channel: 81:1
05-28 16:04:48.385 1057 1057 E hq : AdHelper:::后台配置是否展现广告: true
05-28 16:04:48.385 1225 1225 D wpa_supplicant: P2P: Random operating channel: 81:1
05-28 16:04:48.385 1225 1225 D wpa_supplicant: P2P: initialized
05-28 16:04:48.385 1225 1225 D wpa_supplicant: P2P: channels: 81:1,2,3,4,5,6,7,8,9,10,11,12,13 115:36,40,44,48 116:36,44 117:40,48 124:149,153,157,161 125:149,153,157,161,165 126:149,157 127:153,161 128:36,40,44,48,149,153,157,161 130:36,40,44,48,149,153,157,161,165
05-28 16:04:48.386 1225 1225 D wpa_supplicant: P2P: cli_channels:
05-28 16:04:48.386 1225 1225 D wpa_supplicant: MBO: Update non-preferred channels, non_pref_chan=N/A
05-28 16:04:48.386 1225 1225 D wpa_supplicant: Registering interface to hidl control: p2p-dev-wlan0
05-28 16:04:48.386 1225 1225 D wpa_supplicant: p2p-dev-wlan0: Added interface p2p-dev-wlan0
05-28 16:04:48.386 1225 1225 D wpa_supplicant: p2p-dev-wlan0: State: INACTIVE -> DISCONNECTED
05-28 16:04:48.386 1225 1225 D wpa_supplicant: nl80211: Set p2p-dev-wlan0 operstate 0->0 (DORMANT)
05-28 16:04:48.386 1225 1225 D wpa_supplicant: netlink: Operstate: ifindex=0 linkmode=-1 (no change), operstate=5 (IF_OPER_DORMANT)
05-28 16:04:48.386 1225 1225 D wpa_supplicant: p2p-dev-wlan0: Determining shared radio frequencies (max len 2)
05-28 16:04:48.386 1225 1225 D wpa_supplicant: p2p-dev-wlan0: Shared frequencies (len=0): completed iteration
05-28 16:04:48.386 1225 1225 D wpa_supplicant: P2P: Add operating class 81
05-28 16:04:48.386 1225 1225 D wpa_supplicant: P2P: Channels - hexdump(len=13): 01 02 03 04 05 06 07 08 09 0a 0b 0c 0d
05-28 16:04:48.387 1225 1225 D wpa_supplicant: P2P: Add operating class 115
05-28 16:04:48.387 1225 1225 D wpa_supplicant: P2P: Channels - hexdump(len=4): 24 28 2c 30
05-28 16:04:48.387 1225 1225 D wpa_supplicant: P2P: Add operating class 116
05-28 16:04:48.387 1225 1225 D wpa_supplicant: P2P: Channels - hexdump(len=2): 24 2c
05-28 16:04:48.387 1225 1225 D wpa_supplicant: P2P: Add operating class 117
05-28 16:04:48.387 1225 1225 D wpa_supplicant: P2P: Channels - hexdump(len=2): 28 30
05-28 16:04:48.387 1225 1225 D wpa_supplicant: P2P: Add operating class 124
05-28 16:04:48.387 1225 1225 D wpa_supplicant: P2P: Channels - hexdump(len=4): 95 99 9d a1
05-28 16:04:48.387 1225 1225 D wpa_supplicant: P2P: Add operating class 125
05-28 16:04:48.387 1225 1225 D wpa_supplicant: P2P: Channels - hexdump(len=5): 95 99 9d a1 a5
05-28 16:04:48.390 1225 1225 D wpa_supplicant: P2P: Add operating class 126
05-28 16:04:48.390 1225 1225 D wpa_supplicant: P2P: Channels - hexdump(len=2): 95 9d
05-28 16:04:48.390 1225 1225 D wpa_supplicant: P2P: Add operating class 127
05-28 16:04:48.390 1225 1225 D wpa_supplicant: P2P: Channels - hexdump(len=2): 99 a1
05-28 16:04:48.390 1225 1225 D wpa_supplicant: P2P: Add operating class 128
05-28 16:04:48.391 1225 1225 D wpa_supplicant: P2P: Channels - hexdump(len=8): 24 28 2c 30 95 99 9d a1
05-28 16:04:48.391 1225 1225 D wpa_supplicant: P2P: Add operating class 130
05-28 16:04:48.391 1225 1225 D wpa_supplicant: P2P: Channels - hexdump(len=9): 24 28 2c 30 95 99 9d a1 a5
05-28 16:04:48.391 1225 1225 D wpa_supplicant: P2P: Update channel list
05-28 16:04:48.391 1225 1225 D wpa_supplicant: P2P: channels: 81:1,2,3,4,5,6,7,8,9,10,11,12,13 115:36,40,44,48 116:36,44 117:40,48 124:149,153,157,161 125:149,153,157,161,165 126:149,157 127:153,161 128:36,40,44,48,149,153,157,161 130:36,40,44,48,149,153,157,161,165
05-28 16:04:48.391 1225 1225 D wpa_supplicant: P2P: cli_channels:
05-28 16:04:48.392 1225 1225 D wpa_supplicant: RTM_NEWLINK: ifi_index=14 ifname=wlan0 operstate=5 linkmode=0 ifi_family=0 ifi_flags=0x11003 ([UP][LOWER_UP])
05-28 16:04:48.392 1225 1225 D wpa_supplicant: RTM_NEWLINK: ifi_index=14 ifname=wlan0 operstate=5 linkmode=1 ifi_family=0 ifi_flags=0x11003 ([UP][LOWER_UP])
05-28 16:04:48.398 1057 1057 D OsInitLaunch: send cache: launchHome, launchMainActivity, null, 1
05-28 16:04:48.398 467 467 W Looper : Drained
05-28 16:04:48.396 670 670 I SharedPreferenc: type=1400 audit(0.0:429): avc: denied { open } for path="/data/user_de/0/com.android.systemui/shared_prefs/powerui_prefs.xml" dev="mmcblk0p25" ino=6219 scontext=u:r:platform_app:s0:c512,c768 tcontext=u:object_r:app_data_file:s0:c512,c768 tclass=file permissive=1 app=com.softwinner.screenshot
05-28 16:04:48.410 670 670 D SystemUIBootTiming: SystemUIService: bootcomplete com.android.systemui.power.PowerUI took 88 ms
05-28 16:04:48.410 670 670 D SystemUIService: loading: com.android.systemui.media.RingtonePlayer
05-28 16:04:48.411 670 670 D SystemUIService: running: com.android.systemui.media.RingtonePlayer@919bf7c
05-28 16:04:48.414 670 670 D SystemUIBootTiming: SystemUIService: bootcomplete com.android.systemui.media.RingtonePlayer took 4 ms
05-28 16:04:48.421 467 732 D BluetoothManagerService: enable(com.dangbei.lerad.etna.haqu): mBluetooth =android.bluetooth.IBluetooth$Stub$Proxy@e4ca248 mBinding = false mState = TURNING_ON
05-28 16:04:48.422 467 515 D BluetoothManagerService: MESSAGE_ENABLE(0): mBluetooth = android.bluetooth.IBluetooth$Stub$Proxy@e4ca248
05-28 16:04:48.422 670 670 D SystemUIService: loading: com.android.systemui.keyboard.KeyboardUI
05-28 16:04:48.423 670 670 D SystemUIService: running: com.android.systemui.keyboard.KeyboardUI@114385a
05-28 16:04:48.424 467 600 D SupplicantStaIfaceHal: Newer HAL is found, skip V1_3 remaining init flow.
05-28 16:04:48.424 467 600 D SupplicantStaIfaceHal: Newer HAL is found, skip V1_2 remaining init flow.
05-28 16:04:48.424 467 600 D SupplicantStaIfaceHal: Newer HAL is found, skip V1_1 remaining init flow.
05-28 16:04:48.424 467 600 D SupplicantStaIfaceHal: Newer HAL is found, skip V1_0 remaining init flow.
05-28 16:04:48.424 467 732 D BluetoothManagerService: enable returning
05-28 16:04:48.427 657 657 D BtOppService: setBluetoothOppService(): set to: com.android.bluetooth.opp.BluetoothOppService@a92a339
05-28 16:04:48.433 657 657 I BluetoothPbapService: setCurrentUser(0)
05-28 16:04:48.441 657 657 I BluetoothPbapService: setUserUnlocked(0)
05-28 16:04:48.441 657 657 I BluetoothPbapService: setUserUnlocked(0)
05-28 16:04:48.451 415 415 W hdr10p_Configure: 125 callbacks suppressed
05-28 16:04:48.451 415 415 I : DVI mode selected: packets not configured
05-28 16:04:48.451 415 415 W set_vsif_config: 125 callbacks suppressed
05-28 16:04:48.451 415 415 I : Error: set vsif failed
05-28 16:04:48.451 657 657 D BluetoothPbapService: setBluetoothPbapService(): set to: com.android.bluetooth.pbap.BluetoothPbapService@f66f3c4
05-28 16:04:48.452 657 657 D AvrcpVolumeManager: onAudioDevicesAdded: Not expecting device changed
05-28 16:04:48.465 670 670 D SystemUIBootTiming: SystemUIService: bootcomplete com.android.systemui.keyboard.KeyboardUI took 46 ms
05-28 16:04:48.465 670 670 D SystemUIService: loading: com.android.systemui.shortcut.ShortcutKeyDispatcher
05-28 16:04:48.469 467 568 D CompatibilityChangeReporter: Compat change id reported: 135634846; UID 10046; state: DISABLED
05-28 16:04:48.469 467 568 D CompatibilityChangeReporter: Compat change id reported: 177438394; UID 10046; state: DISABLED
05-28 16:04:48.470 651 651 E WifiHAL : wifi_get_logger_supported_feature_set: Error -5 happened.
05-28 16:04:48.475 651 651 I ieee80211 phy0: sprdwl_vendor_get_support_feature
05-28 16:04:48.470 467 568 D CompatibilityChangeReporter: Compat change id reported: 135772972; UID 10046; state: DISABLED
05-28 16:04:48.470 467 568 D CompatibilityChangeReporter: Compat change id reported: 135754954; UID 10046; state: DISABLED
05-28 16:04:48.471 467 527 D CompatibilityChangeReporter: Compat change id reported: 143937733; UID 10046; state: DISABLED
05-28 16:04:48.475 657 657 D AdapterProperties: onBluetoothReady, state=TURNING_ON, ScanMode=20
05-28 16:04:48.484 415 415 I : DVI mode selected: packets not configured
05-28 16:04:48.484 415 415 I : Error: set vsif failed
05-28 16:04:48.478 670 670 D SystemUIService: running: com.android.systemui.shortcut.ShortcutKeyDispatcher@e639a8b
05-28 16:04:48.481 657 1265 D ObexServerSockets: create(rfcomm = -2, l2capPsm = -2)
05-28 16:04:48.482 657 866 D AdapterProperties: Scan Mode:21
05-28 16:04:48.482 657 866 D AdapterProperties: Discoverable Timeout:120
05-28 16:04:48.483 657 657 D BluetoothAdapterService: updateUuids() - Updating UUIDs for bonded devices
05-28 16:04:48.485 651 651 E WifiHAL : wifi_get_logger_supported_feature_set: Error -5 happened.
05-28 16:04:48.491 651 651 I ieee80211 phy0: sprdwl_vendor_get_support_feature
05-28 16:04:48.487 657 657 I BluetoothAdapterService: initProfileServices: Initializing all bluetooth profile services
05-28 16:04:48.488 657 657 I BluetoothA2dpSinkServiceJni: classInitNative: succeeds
05-28 16:04:48.488 657 657 W HeadsetClientService: getHeadsetClientService(): service is null
05-28 16:04:48.489 657 657 W MapClientService: getMapClientService(): service is null
05-28 16:04:48.491 657 657 W PbapClientService: getPbapClientService(): service is null
05-28 16:04:48.492 657 657 W HearingAidService: getHearingAidService(): service is NULL
05-28 16:04:48.497 1225 1225 D wpa_supplicant: Driver capability mask: 0xd
05-28 16:04:48.498 467 600 I WifiNative: Successfully switched to connectivity mode on iface=Iface:{Name=wlan0,Id=0,Type=STA_CONNECTIVITY}
05-28 16:04:48.499 657 657 W SapService: getSapService(): service is null
05-28 16:04:48.500 243 243 D Zygote : Forked child process 1270
05-28 16:04:48.500 657 1265 I bt_btif_sock_rfcomm: system/bt/btif/src/btif_sock_rfc.cc:303 btsock_rfc_listen: Adding listening socket service_name: (null) - channel: -2
05-28 16:04:48.501 657 988 I bt_stack: [INFO:port_api.cc(234)] RFCOMM_CreateConnection: bd_addr=ff:ff:ff:ff:ff:ff, scn=4, is_server=1, mtu=990, uuid=000000, dlci=8, signal_state=0x0b, p_port=0xc304ad94
05-28 16:04:48.501 467 600 D WifiClientModeManager[wlan0]: entering ConnectModeState, starting ClientModeImpl
05-28 16:04:48.502 467 527 I ActivityManager: app.processName = com.android.music
05-28 16:04:48.502 467 527 I ActivityManager: Start proc 1270:com.android.music/u0a46 for service {com.android.music/com.android.music.MediaPlaybackService}
05-28 16:04:48.502 657 850 I AdapterState: ON : entered
05-28 16:04:48.502 657 850 D AdapterProperties: Setting state to ON
05-28 16:04:48.500 670 670 I queued-work-loo: type=1400 audit(0.0:430): avc: denied { write } for name="shared_prefs" dev="mmcblk0p25" ino=1625 scontext=u:r:platform_app:s0:c512,c768 tcontext=u:object_r:app_data_file:s0:c512,c768 tclass=dir permissive=1 app=com.softwinner.screenshot
05-28 16:04:48.500 670 670 I queued-work-loo: type=1400 audit(0.0:431): avc: denied { remove_name } for name="powerui_prefs.xml" dev="mmcblk0p25" ino=6219 scontext=u:r:platform_app:s0:c512,c768 tcontext=u:object_r:app_data_file:s0:c512,c768 tclass=dir permissive=1 app=com.softwinner.screenshot
05-28 16:04:48.500 670 670 I queued-work-loo: type=1400 audit(0.0:432): avc: denied { rename } for name="powerui_prefs.xml" dev="mmcblk0p25" ino=6219 scontext=u:r:platform_app:s0:c512,c768 tcontext=u:object_r:app_data_file:s0:c512,c768 tclass=file permissive=1 app=com.softwinner.screenshot
05-28 16:04:48.500 670 670 I queued-work-loo: type=1400 audit(0.0:433): avc: denied { add_name } for name="powerui_prefs.xml.bak" scontext=u:r:platform_app:s0:c512,c768 tcontext=u:object_r:app_data_file:s0:c512,c768 tclass=dir permissive=1 app=com.softwinner.screenshot
05-28 16:04:48.503 657 850 D BluetoothAdapterService: updateAdapterState() - Broadcasting state ON to 1 receivers.
05-28 16:04:48.506 657 866 D AdapterProperties: mLocalIOCapability set to 1
05-28 16:04:48.506 657 866 D AdapterProperties: mLocalIOCapabilityBLE set to 4
05-28 16:04:48.507 657 657 D CompatibilityChangeReporter: Compat change id reported: 150939131; UID 1002; state: ENABLED
05-28 16:04:48.509 467 515 D BluetoothManagerService: MESSAGE_BLUETOOTH_STATE_CHANGE: TURNING_ON > ON
05-28 16:04:48.510 467 515 D BluetoothManagerService: Broadcasting onBluetoothStateChange(true) to 4 receivers.
05-28 16:04:48.510 467 515 D BluetoothHeadset: onBluetoothStateChange: up=true
05-28 16:04:48.510 467 515 D BluetoothManagerService: Creating new ProfileServiceConnections object for profile: 1
05-28 16:04:48.511 1270 1270 I Zygote : seccomp disabled by setenforce 0
05-28 16:04:48.513 670 670 D SystemUIBootTiming: SystemUIService: bootcomplete com.android.systemui.shortcut.ShortcutKeyDispatcher took 47 ms
05-28 16:04:48.513 670 670 D SystemUIService: loading: com.android.systemui.VendorServices
05-28 16:04:48.513 670 670 D SystemUIService: running: com.android.systemui.VendorServices@ecd8026
05-28 16:04:48.513 670 670 D SystemUIBootTiming: SystemUIService: bootcomplete com.android.systemui.VendorServices took 0 ms
05-28 16:04:48.513 670 670 D SystemUIService: loading: com.android.systemui.SliceBroadcastRelayHandler
05-28 16:04:48.513 670 670 D SystemUIService: running: com.android.systemui.SliceBroadcastRelayHandler@def5467
05-28 16:04:48.515 670 670 D SystemUIBootTiming: SystemUIService: bootcomplete com.android.systemui.SliceBroadcastRelayHandler took 1 ms
05-28 16:04:48.515 670 670 D SystemUIService: loading: com.android.systemui.statusbar.notification.InstantAppNotifier
05-28 16:04:48.517 670 670 D SystemUIService: running: com.android.systemui.statusbar.notification.InstantAppNotifier@a92d003
05-28 16:04:48.521 467 515 D BluetoothManagerService: Sending BLE State Change: TURNING_ON > ON
05-28 16:04:48.521 467 515 D BluetoothManagerService: Sending State Change: TURNING_ON > ON
05-28 16:04:48.534 415 415 I : DVI mode selected: packets not configured
05-28 16:04:48.534 415 415 I : Error: set vsif failed
05-28 16:04:48.541 1057 1154 I d.leradlaunche: Waiting for a blocking GC ClassLinker
05-28 16:04:48.542 657 1265 I bluetooth: system/bt/btif/src/btif_sock_l2cap.cc:316 btsock_l2cap_alloc_l: Allocated l2cap socket structure socket_id:1
05-28 16:04:48.543 657 988 I bt_l2cap: system/bt/stack/l2cap/l2c_api.cc:134 L2CA_Register: L2CAP Registered service classic PSM: 0x1001
05-28 16:04:48.543 657 988 I bluetooth: system/bt/btif/src/btif_sock_l2cap.cc:341 send_app_psm_or_chan_l: Sending l2cap socket socket_id:1 channel:4097
05-28 16:04:48.556 467 600 D WifiScoreReport: setShouldReduceNetworkScore=false mNetworkAgent is null? true
05-28 16:04:48.557 467 600 V WifiClientModeManager[wlan0]: ClientModeManager started in role: Role: ROLE_CLIENT_PRIMARY, RequestorWs: WorkSource{10067 com.android.systemui}, ModeListener: com.android.server.wifi.ActiveModeWarden$ClientListener@14bc819
05-28 16:04:48.560 467 600 D WifiScanRequestProxy: Sending scan available broadcast: true
05-28 16:04:48.567 415 415 I : DVI mode selected: packets not configured
05-28 16:04:48.567 415 415 I : Error: set vsif failed
05-28 16:04:48.563 467 605 I WifiScanningService: Received a request to enable scanning, UID = 1000
05-28 16:04:48.565 467 600 I WifiScanRequestProxy: Scanning is enabled
05-28 16:04:48.565 467 600 I WifiScanRequestProxy: Scanning for hidden networks is enabled
05-28 16:04:48.568 381 400 I adbd : jdwp connection from 1270
05-28 16:04:48.571 670 670 D SystemUIBootTiming: SystemUIService: bootcomplete com.android.systemui.statusbar.notification.InstantAppNotifier took 56 ms
05-28 16:04:48.571 670 670 D SystemUIService: loading: com.android.systemui.toast.ToastUI
05-28 16:04:48.572 670 670 D SystemUIService: running: com.android.systemui.toast.ToastUI@9ffac
05-28 16:04:48.573 670 670 D SystemUIBootTiming: SystemUIService: bootcomplete com.android.systemui.toast.ToastUI took 2 ms
05-28 16:04:48.573 670 670 D SystemUIService: loading: com.android.systemui.wmshell.WMShell
05-28 16:04:48.573 670 670 D SystemUIService: running: com.android.systemui.wmshell.WMShell@b307475
05-28 16:04:48.573 467 1205 D CompatibilityChangeReporter: Compat change id reported: 182734110; UID 10074; state: DISABLED
05-28 16:04:48.578 670 853 D LocalBluetoothProfileManager: Adding local A2DP profile
05-28 16:04:48.581 467 600 E WifiVendorHal: setMultiStaUseCase(l.3286) failed {.code = ERROR_NOT_SUPPORTED, .description = }
05-28 16:04:48.583 467 600 E WifiVendorHal: setMultiStaPrimaryConnection(l.3252) failed {.code = ERROR_NOT_SUPPORTED, .description = }
05-28 16:04:48.611 467 605 I WifiScanningService: Created a new impl for wlan0
05-28 16:04:48.617 415 415 I : DVI mode selected: packets not configured
05-28 16:04:48.617 415 415 I : Error: set vsif failed
05-28 16:04:48.625 467 515 D BluetoothHeadset: Proxy object connected
05-28 16:04:48.633 467 619 I AS.BtHelper: setBtScoActiveDevice: (null) -> (null)
05-28 16:04:48.650 415 415 I : DVI mode selected: packets not configured
05-28 16:04:48.650 415 415 I : Error: set vsif failed
05-28 16:04:48.645 657 871 D BluetoothActiveDeviceManager: handleMessage(MESSAGE_ADAPTER_ACTION_STATE_CHANGED): newState=12
05-28 16:04:48.647 467 732 D CompatibilityChangeReporter: Compat change id reported: 135634846; UID 10014; state: DISABLED
05-28 16:04:48.647 467 732 D CompatibilityChangeReporter: Compat change id reported: 177438394; UID 10014; state: DISABLED
05-28 16:04:48.647 467 732 D CompatibilityChangeReporter: Compat change id reported: 135772972; UID 10014; state: DISABLED
05-28 16:04:48.647 467 732 D CompatibilityChangeReporter: Compat change id reported: 135754954; UID 10014; state: ENABLED
05-28 16:04:48.648 467 527 D CompatibilityChangeReporter: Compat change id reported: 143937733; UID 10014; state: ENABLED
05-28 16:04:48.649 467 600 D WifiCountryCode: evaluateAllCmmStateAndApplyIfAllReady: {ConcreteClientModeManager{id=17997 iface=wlan0 role=ROLE_CLIENT_PRIMARY}=true}
05-28 16:04:48.652 467 605 E WifiBackgroundScanStateMachine: invalid max buckets in scan capabilities 0
05-28 16:04:48.657 467 600 D WifiCountryCode: Reading country code from telephony
05-28 16:04:48.662 657 657 I BluetoothPhonePolicy: Received ACTION_UUID for device E4:BB:D3:57:C0:7A
05-28 16:04:48.662 657 657 I BluetoothPhonePolicy: index=0uuid=00001812-0000-1000-8000-00805f9b34fb
05-28 16:04:48.662 467 600 D WifiCountryCode: Set telephony country code to:
05-28 16:04:48.662 657 657 I BluetoothPhonePolicy: processInitProfilePriorities() - device E4:BB:D3:57:C0:7A
05-28 16:04:48.662 657 657 W HearingAidService: getHearingAidService(): service is NULL
05-28 16:04:48.663 657 657 V BluetoothDatabase: getProfileConnectionPolicy: E4:BB:D3:57:C0:7A, profile=4, connectionPolicy = 100
05-28 16:04:48.663 467 600 D WifiCountryCode: updateCountryCode to CN
05-28 16:04:48.663 657 657 D BluetoothAdapterService: isQuetModeEnabled() - Enabled = false
05-28 16:04:48.663 657 657 I BluetoothPhonePolicy: autoConnect: Initiate auto connection on BT on...
05-28 16:04:48.663 657 657 D BluetoothDatabase: getMostRecentlyConnectedA2dpDevice: Invalid address for device LocalStorage
05-28 16:04:48.663 657 657 E BluetoothPhonePolicy: autoConnect: most recently active a2dp device is null
05-28 16:04:48.663 657 657 D BtOppService: start Socket Listeners
05-28 16:04:48.664 657 657 D BtOppService: stopListeners: mServerSocket is null
05-28 16:04:48.664 657 657 D ObexServerSockets: create(rfcomm = -2, l2capPsm = -2)
05-28 16:04:48.664 1225 1225 D WifiHWInfo: Start to load wireless module hardware info table...
05-28 16:04:48.664 1225 1225 D WifiHWInfo: Entry [01], BUS: SDIO, ID: 0x024C8179, Name: rtl8189es.
05-28 16:04:48.664 1225 1225 D WifiHWInfo: Entry [02], BUS: SDIO, ID: 0x024CB723, Name: rtl8723bs_vq0.
05-28 16:04:48.664 1225 1225 D WifiHWInfo: Entry [03], BUS: SDIO, ID: 0x024CB703, Name: rtl8723cs.
05-28 16:04:48.664 1225 1225 D WifiHWInfo: Entry [04], BUS: SDIO, ID: 0x024CD723, Name: rtl8723ds.
05-28 16:04:48.664 1225 1225 D WifiHWInfo: Entry [05], BUS: SDIO, ID: 0x024CF179, Name: rtl8189fs.
05-28 16:04:48.664 1225 1225 D WifiHWInfo: Entry [06], BUS: SDIO, ID: 0x024CB822, Name: rtl88x2bs.
05-28 16:04:48.664 1225 1225 D WifiHWInfo: Entry [07], BUS: USB, ID: 0x0BDAD723, Name: rtl8723du.
05-28 16:04:48.664 1225 1225 D WifiHWInfo: Entry [08], BUS: USB, ID: 0x0BDA8179, Name: rtl8188etv.
