05-28 16:04:38.068 467 520 I SystemConfig: Reading permissions from /vendor/etc/permissions/android.hardware.wifi.passpoint.xml
05-28 16:04:38.070 467 520 I SystemConfig: Reading permissions from /vendor/etc/permissions/android.software.backup.xml
05-28 16:04:38.073 467 520 I SystemConfig: Reading permissions from /vendor/etc/permissions/android.software.vulkan.deqp.level.xml
05-28 16:04:38.074 467 467 I SystemServerTiming: StartInstaller
05-28 16:04:38.074 467 467 I SystemServiceManager: Starting com.android.server.pm.Installer
05-28 16:04:38.075 467 520 I SystemConfig: Reading permissions from /vendor/etc/permissions/android.software.ipsec_tunnels.xml
05-28 16:04:38.079 348 368 D installd: Found quota mount /dev/block/by-name/userdata at /data
05-28 16:04:38.079 348 368 D installd: Found quota mount /dev/block/by-name/userdata at /data/user/0
05-28 16:04:38.082 467 467 I SystemServerTiming: DeviceIdentifiersPolicyService
05-28 16:04:38.082 467 467 I SystemServiceManager: Starting com.android.server.os.DeviceIdentifiersPolicyService
05-28 16:04:38.084 467 520 I SystemConfig: Reading permissions from /vendor/etc/permissions/android.hardware.keystore.app_attest_key.xml
05-28 16:04:38.085 467 467 I SystemServerTiming: UriGrantsManagerService
05-28 16:04:38.085 467 467 I SystemServiceManager: Starting com.android.server.uri.UriGrantsManagerService$Lifecycle
05-28 16:04:38.089 467 467 I SystemServerTiming: StartPowerStatsService
05-28 16:04:38.090 467 467 I SystemServiceManager: Starting com.android.server.powerstats.PowerStatsService
05-28 16:04:38.092 467 500 I Zygote : Preloading shared libraries...
05-28 16:04:38.092 467 520 I SystemConfig: Reading permissions from /vendor/etc/permissions/android.hardware.vulkan.compute.xml
05-28 16:04:38.095 467 520 I SystemConfig: Reading permissions from /vendor/etc/permissions/android.software.pppoe.xml
05-28 16:04:38.097 180 180 E servicemanager: Could not find android.hardware.power.stats.IPowerStats/default in the VINTF manifest.
05-28 16:04:38.099 467 520 I SystemConfig: Reading permissions from /vendor/etc/permissions/android.hardware.camera.flash-autofocus.xml
05-28 16:04:38.101 182 182 I hwservicemanager: getTransport: Cannot find entry android.hardware.power.stats@1.0::IPowerStats/default in either framework or device VINTF manifest.
05-28 16:04:38.103 467 467 E PowerStatsService: Unable to get power.stats HAL service.
05-28 16:04:38.103 467 467 E PowerStatsService: nativeInit failed to connect to power.stats HAL
05-28 16:04:38.103 467 520 I SystemConfig: Reading permissions from /vendor/etc/permissions/android.hardware.bluetooth_le.xml
05-28 16:04:38.104 467 467 I SystemServerTiming: StartIStatsService
05-28 16:04:38.105 510 510 D BootAnimation: BootAnimationPreloadTiming start time: 10038ms
05-28 16:04:38.106 182 182 I hwservicemanager: getTransport: Cannot find entry android.frameworks.stats@1.0::IStats/default in either framework or device VINTF manifest.
05-28 16:04:38.106 467 467 E HidlServiceManagement: Service android.frameworks.stats@1.0::IStats/default must be in VINTF manifest in order to register/get.
05-28 16:04:38.106 467 467 W system_server: Cannot register HIDL android.frameworks.stats@1.0::IStats: -2147483648
05-28 16:04:38.107 180 180 I servicemanager: Found android.frameworks.stats.IStats/default in framework VINTF manifest.
05-28 16:04:38.108 467 520 I SystemConfig: Reading permissions from /vendor/etc/permissions/android.hardware.hardware_keystore.xml
05-28 16:04:38.108 467 467 I SystemServerTiming: MemtrackProxyService
05-28 16:04:38.109 182 182 I hwservicemanager: getTransport: Cannot find entry android.hardware.memtrack@1.0::IMemtrack/default in either framework or device VINTF manifest.
05-28 16:04:38.110 180 180 E servicemanager: Could not find android.hardware.memtrack.IMemtrack/default in the VINTF manifest.
05-28 16:04:38.110 467 467 I Stability: Interface set with vintf stability wire protocol version 1 downgraded to system stability wire protocol version 1 stability
05-28 16:04:38.111 467 467 I SystemServerTiming: StartActivityManager
05-28 16:04:38.111 467 467 I SystemServiceManager: Starting com.android.server.wm.ActivityTaskManagerService$Lifecycle
05-28 16:04:38.112 467 520 I SystemConfig: Reading permissions from /vendor/etc/permissions/android.hardware.ethernet.xml
05-28 16:04:38.119 467 520 I SystemConfig: Reading permissions from /vendor/etc/permissions/android.hardware.bluetooth.xml
05-28 16:04:38.121 467 520 I SystemConfig: Reading permissions from /vendor/etc/permissions/android.hardware.vulkan.version.xml
05-28 16:04:38.121 467 467 I SystemServiceManager: Starting com.android.server.am.ActivityManagerService$Lifecycle
05-28 16:04:38.122 467 520 I SystemConfig: Reading permissions from /vendor/etc/permissions/android.hardware.touchscreen.multitouch.xml
05-28 16:04:38.124 467 520 I SystemConfig: Reading permissions from /vendor/etc/permissions/id.hardware.camera.xml
05-28 16:04:38.129 467 520 I SystemConfig: Reading permissions from /product/etc/sysconfig/preinstalled-packages-platform-handheld-product.xml
05-28 16:04:38.131 467 520 I SystemConfig: Reading permissions from /product/etc/sysconfig/preinstalled-packages-platform-overlays.xml
05-28 16:04:38.131 510 510 E BootAnimation: no audio.wav could be found!
05-28 16:04:38.131 510 510 D BootAnimation: BootAnimationPreloadStopTiming start time: 10065ms
05-28 16:04:38.133 271 327 E HWComposer: getSupportedContentTypes: getSupportedContentTypes failed for display 0: Unsupported (8)
05-28 16:04:38.135 510 524 E cutils-trace: Error opening trace file: No such file or directory (2)
05-28 16:04:38.139 467 520 I SystemConfig: Reading permissions from /product/etc/permissions/com.android.settings.intelligence.xml
05-28 16:04:38.140 467 467 I ActivityManager: Memory class: 256
05-28 16:04:38.142 467 520 I SystemConfig: Reading permissions from /product/etc/permissions/com.android.tv.xml
05-28 16:04:38.144 467 520 W SystemConfig: No directory /system_ext/etc/sysconfig, skipping
05-28 16:04:38.146 467 520 I SystemConfig: Reading permissions from /system_ext/etc/permissions/provision-permissions.xml
05-28 16:04:38.148 467 520 I SystemConfig: Reading permissions from /system_ext/etc/permissions/com.android.storagemanager.xml
05-28 16:04:38.150 467 526 I Binder : Setting heavy hitter watcher config: false, 0, 0.0
05-28 16:04:38.151 467 520 I SystemConfig: Reading permissions from /system_ext/etc/permissions/com.android.systemui.xml
05-28 16:04:38.153 467 520 I SystemConfig: Reading permissions from /system_ext/etc/permissions/com.android.carrierconfig.xml
05-28 16:04:38.155 467 520 I SystemConfig: Reading permissions from /system_ext/etc/permissions/privapp-settingssetup.xml
05-28 16:04:38.157 510 524 D libEGL : loaded /vendor/lib/egl/libGLES_mali.so
05-28 16:04:38.159 467 520 I SystemConfig: Reading permissions from /system_ext/etc/permissions/com.android.tv.settings.xml
05-28 16:04:38.161 467 520 I SystemConfig: Reading permissions from /system_ext/etc/permissions/com.android.provision.xml
05-28 16:04:38.163 467 520 I SystemConfig: Reading permissions from /system_ext/etc/permissions/com.softwinner.screenshot.xml
05-28 16:04:38.168 467 520 I SystemConfig: Reading permissions from /apex/com.android.ipsec/etc/permissions/android.net.ipsec.ike.xml
05-28 16:04:38.178 467 520 W SystemConfig: Failed to read public libraries file /vendor/etc/public.libraries.txt
05-28 16:04:38.178 467 520 W SystemConfig: java.io.FileNotFoundException: /vendor/etc/public.libraries.txt: open failed: ENOENT (No such file or directory)
05-28 16:04:38.178 467 520 W SystemConfig: at libcore.io.IoBridge.open(IoBridge.java:575)
05-28 16:04:38.178 467 520 W SystemConfig: at java.io.FileInputStream.(FileInputStream.java:160)
05-28 16:04:38.178 467 520 W SystemConfig: at java.io.FileReader.(FileReader.java:72)
05-28 16:04:38.178 467 520 W SystemConfig: at com.android.server.SystemConfig.readPublicLibrariesListFile(SystemConfig.java:1601)
05-28 16:04:38.178 467 520 W SystemConfig: at com.android.server.SystemConfig.readPublicNativeLibrariesList(SystemConfig.java:1583)
05-28 16:04:38.178 467 520 W SystemConfig: at com.android.server.SystemConfig.(SystemConfig.java:484)
05-28 16:04:38.178 467 520 W SystemConfig: at com.android.server.SystemConfig.getInstance(SystemConfig.java:272)
05-28 16:04:38.178 467 520 W SystemConfig: at com.android.server.SystemServer$$ExternalSyntheticLambda7.run(Unknown Source:0)
05-28 16:04:38.178 467 520 W SystemConfig: at com.android.server.SystemServerInitThreadPool.lambda$submitTask$0$SystemServerInitThreadPool(SystemServerInitThreadPool.java:105)
05-28 16:04:38.178 467 520 W SystemConfig: at com.android.server.SystemServerInitThreadPool$$ExternalSyntheticLambda0.run(Unknown Source:6)
05-28 16:04:38.178 467 520 W SystemConfig: at java.util.concurrent.Executors$RunnableAdapter.call(Executors.java:462)
05-28 16:04:38.178 467 520 W SystemConfig: at java.util.concurrent.FutureTask.run(FutureTask.java:266)
05-28 16:04:38.178 467 520 W SystemConfig: at java.util.concurrent.ThreadPoolExecutor.runWorker(ThreadPoolExecutor.java:1167)
05-28 16:04:38.178 467 520 W SystemConfig: at java.util.concurrent.ThreadPoolExecutor$Worker.run(ThreadPoolExecutor.java:641)
05-28 16:04:38.178 467 520 W SystemConfig: at com.android.internal.util.ConcurrentUtils$1$1.run(ConcurrentUtils.java:65)
05-28 16:04:38.178 467 520 W SystemConfig: Caused by: android.system.ErrnoException: open failed: ENOENT (No such file or directory)
05-28 16:04:38.178 467 520 W SystemConfig: at libcore.io.Linux.open(Native Method)
05-28 16:04:38.178 467 520 W SystemConfig: at libcore.io.ForwardingOs.open(ForwardingOs.java:567)
05-28 16:04:38.178 467 520 W SystemConfig: at libcore.io.BlockGuardOs.open(BlockGuardOs.java:273)
05-28 16:04:38.178 467 520 W SystemConfig: at libcore.io.IoBridge.open(IoBridge.java:561)
05-28 16:04:38.178 467 520 W SystemConfig: ... 14 more
05-28 16:04:38.179 467 520 D SystemServerInitThreadPool: Finished executing ReadingSystemConfig
05-28 16:04:38.220 467 467 D BatteryStatsImpl: Reading daily items from /data/system/batterystats-daily.xml
05-28 16:04:38.238 182 182 I hwservicemanager: getTransport: Cannot find entry android.hardware.power.stats@1.0::IPowerStats/default in either framework or device VINTF manifest.
05-28 16:04:38.238 467 533 E BatteryStatsService: Unable to load Power.Stats.HAL. Setting rail availability to false
05-28 16:04:38.240 467 533 E BluetoothAdapter: Bluetooth binder is null
05-28 16:04:38.236 510 510 I BootAnimation: type=1400 audit(0.0:305): avc: denied { search } for name="data" dev="mmcblk0p25" ino=87 scontext=u:r:bootanim:s0 tcontext=u:object_r:system_data_file:s0:c512,c768 tclass=dir permissive=1
05-28 16:04:38.244 467 499 W Zygote : Class not found for preloading: android.view.SurfaceView$2
05-28 16:04:38.244 182 182 I hwservicemanager: getTransport: Cannot find entry android.hardware.configstore@1.0::ISurfaceFlingerConfigs/default in either framework or device VINTF manifest.
05-28 16:04:38.244 467 533 I KernelCpuUidFreqTimeReader: mPerClusterTimesAvailable=false
05-28 16:04:38.248 467 533 W KernelCpuUidFreqTimeBpfMapReader: Failed to start tracking
05-28 16:04:38.249 467 533 W KernelCpuProcStringReader: File not found. It's normal if not implemented: /proc/uid_time_in_state
05-28 16:04:38.250 467 533 W KernelCpuUidActiveTimeBpfMapReader: Failed to start tracking
05-28 16:04:38.252 467 533 W KernelCpuProcStringReader: File not found. It's normal if not implemented: /proc/uid_concurrent_active_time
05-28 16:04:38.253 467 533 W KernelCpuUidClusterTimeBpfMapReader: Failed to start tracking
05-28 16:04:38.254 467 533 W KernelCpuProcStringReader: File not found. It's normal if not implemented: /proc/uid_concurrent_policy_time
05-28 16:04:38.254 467 533 E KernelCpuSpeedReader: Failed to read cpu-freq: /sys/devices/system/cpu/cpu0/cpufreq/stats/time_in_state: open failed: ENOENT (No such file or directory)
05-28 16:04:38.254 467 533 E system_server: Cannot read thread CPU times for PID 467
05-28 16:04:38.252 203 203 I Binder:203_2: type=1400 audit(0.0:306): avc: denied { read } for name="event_count" dev="sysfs" ino=22115 scontext=u:r:system_suspend:s0 tcontext=u:object_r:sysfs:s0 tclass=file permissive=1
05-28 16:04:38.252 203 203 I Binder:203_2: type=1400 audit(0.0:307): avc: denied { open } for path="/sys/devices/platform/soc@3000000/7040000.s_cir/wakeup/wakeup4/event_count" dev="sysfs" ino=22115 scontext=u:r:system_suspend:s0 tcontext=u:object_r:sysfs:s0 tclass=file permissive=1
05-28 16:04:38.252 203 203 I Binder:203_2: type=1400 audit(0.0:308): avc: denied { getattr } for path="/sys/devices/platform/soc@3000000/7040000.s_cir/wakeup/wakeup4/event_count" dev="sysfs" ino=22115 scontext=u:r:system_suspend:s0 tcontext=u:object_r:sysfs:s0 tclass=file permissive=1
05-28 16:04:38.266 467 533 W KernelMemoryBandwidthStats: No kernel memory bandwidth stats available
05-28 16:04:38.283 510 524 D BootAnimation: BootAnimationShownTiming start time: 10217ms
05-28 16:04:38.345 182 182 I hwservicemanager: getTransport: Cannot find entry android.hardware.graphics.mapper@4.0::IMapper/default in either framework or device VINTF manifest.
05-28 16:04:38.346 510 524 I Gralloc4: mapper 4.x is not supported
05-28 16:04:38.346 182 182 I hwservicemanager: getTransport: Cannot find entry android.hardware.graphics.mapper@3.0::IMapper/default in either framework or device VINTF manifest.
05-28 16:04:38.346 510 524 W Gralloc3: mapper 3.x is not supported
05-28 16:04:38.352 510 524 E gralloc : Arm Module v1.0
05-28 16:04:38.354 182 182 I hwservicemanager: getTransport: Cannot find entry android.hardware.graphics.allocator@4.0::IAllocator/default in either framework or device VINTF manifest.
05-28 16:04:38.354 510 524 W Gralloc4: allocator 4.x is not supported
05-28 16:04:38.354 182 182 I hwservicemanager: getTransport: Cannot find entry android.hardware.graphics.allocator@3.0::IAllocator/default in either framework or device VINTF manifest.
05-28 16:04:38.354 510 524 W Gralloc3: allocator 3.x is not supported
05-28 16:04:38.359 254 254 I gralloc : alloc buffer:W:1920 H:1080 S:1920 PL[1920 1080] SZ:8294400 fmt:43 if:0 af:43 usg:20000b00 fg:00000004
05-28 16:04:38.359 510 524 E ion : ioctl c0044901 failed with code -1: Inappropriate ioctl for device
05-28 16:04:38.395 271 271 I SurfaceFlinger: Enter boot animation
05-28 16:04:38.397 257 257 E ion : ioctl c0044901 failed with code -1: Inappropriate ioctl for device
05-28 16:04:38.397 257 257 W sunxihwc: computeLayerMemoryFootprint: Unknown pixelformat(-1)
05-28 16:04:38.415 415 415 I : DVI mode selected: packets not configured
05-28 16:04:38.415 415 415 I : Error: set vsif failed
05-28 16:04:38.454 254 254 I gralloc : alloc buffer:W:1920 H:1080 S:1920 PL[1920 1080] SZ:8294400 fmt:43 if:0 af:43 usg:20000b00 fg:00000004
05-28 16:04:38.478 415 415 I : DVI mode selected: packets not configured
05-28 16:04:38.478 415 415 I : Error: set vsif failed
05-28 16:04:38.499 467 499 I Zygote : ...preloaded 7337 classes in 1041ms.
05-28 16:04:38.500 467 498 I Zygote : Called ZygoteHooks.endPreload()
05-28 16:04:38.501 467 498 I Zygote : Installed AndroidKeyStoreProvider in 1ms.
05-28 16:04:38.507 467 467 I IntentFirewall: Read new rules (A:0 B:0 S:0)
05-28 16:04:38.524 467 498 I Zygote : Warmed up JCA providers in 23ms.
05-28 16:04:38.524 467 498 D Zygote : Zygote:ThreadPreadloadClass took 1067ms.
05-28 16:04:38.526 467 467 E libprocessgroup: Failed to open /dev/memcg/apps: Permission denied
05-28 16:04:38.531 467 467 D AppOps : AppOpsService published
05-28 16:04:38.533 467 467 I SystemServerTiming: StartDataLoaderManagerService
05-28 16:04:38.534 467 467 I SystemServiceManager: Starting com.android.server.pm.DataLoaderManagerService
05-28 16:04:38.538 467 467 I SystemServerTiming: StartIncrementalService
05-28 16:04:38.542 415 415 I : DVI mode selected: packets not configured
05-28 16:04:38.542 415 415 I : Error: set vsif failed
05-28 16:04:38.541 467 467 I incfs-mounts: [incfs] Loaded incremental-fs mount info: 0 instances, 0 mount points
05-28 16:04:38.543 467 467 I SystemServerTiming: StartPowerManager
05-28 16:04:38.543 467 467 I SystemServiceManager: Starting com.android.server.power.PowerManagerService
05-28 16:04:38.557 180 180 I servicemanager: Found android.hardware.power.IPower/default in device VINTF manifest.
05-28 16:04:38.563 182 182 I hw-BpHwBinder: onLastStrongRef automatically unlinking death recipients
05-28 16:04:38.568 260 260 I AW_PowerHAL: Power setMode: INTERACTIVE to: 1
05-28 16:04:38.568 260 260 I AW_PowerHAL: not completed yet, ignore mode request other
05-28 16:04:38.569 260 260 I AW_PowerHAL: check: Mode 0 not Supported ,do nothing
05-28 16:04:38.572 467 467 I SystemServerTiming: StartThermalManager
05-28 16:04:38.573 467 467 I SystemServiceManager: Starting com.android.server.power.ThermalManagerService
05-28 16:04:38.575 467 467 I SystemServerTiming: StartHintManager
05-28 16:04:38.575 467 467 I SystemServiceManager: Starting com.android.server.power.hint.HintManagerService
05-28 16:04:38.577 467 467 E PowerHalController: getHintSessionPreferredRate failed: Status(-129, EX_TRANSACTION_FAILED): 'UNKNOWN_TRANSACTION: '
05-28 16:04:38.579 467 467 I SystemServerTiming: InitPowerManagement
05-28 16:04:38.582 467 467 I SystemServerTiming: StartRecoverySystemService
05-28 16:04:38.582 467 467 I SystemServiceManager: Starting com.android.server.recoverysystem.RecoverySystemService$Lifecycle
05-28 16:04:38.588 467 467 I PackageWatchdog: Syncing state, reason: added new observer
05-28 16:04:38.589 467 467 I PackageWatchdog: Not pruning observers, elapsed time: 0ms
05-28 16:04:38.589 467 523 I PackageWatchdog: Saving observer state to file
05-28 16:04:38.595 467 467 I PackageWatchdog: Cancelling state sync, nothing to sync
05-28 16:04:38.601 467 467 I SystemServerTiming: StartLightsService
05-28 16:04:38.608 415 415 I : DVI mode selected: packets not configured
05-28 16:04:38.608 415 415 I : Error: set vsif failed
05-28 16:04:38.601 467 467 I SystemServiceManager: Starting com.android.server.lights.LightsService
05-28 16:04:38.605 180 180 I servicemanager: Found android.hardware.light.ILights/default in device VINTF manifest.
05-28 16:04:38.606 259 259 I android.hardware.lights-service: Lights reporting supported lights size=1
05-28 16:04:38.608 467 467 I SystemServerTiming: StartSidekickService
05-28 16:04:38.608 467 467 I SystemServerTiming: StartDisplayManager
05-28 16:04:38.609 467 467 I SystemServiceManager: Starting com.android.server.display.DisplayManagerService
05-28 16:04:38.625 467 467 I SystemServerTiming: WaitForDisplay
05-28 16:04:38.627 271 326 E HWComposer: getSupportedContentTypes: getSupportedContentTypes failed for display 0: Unsupported (8)
05-28 16:04:38.628 467 467 I SystemServiceManager: Starting phase 100
05-28 16:04:38.628 467 467 I SystemServerTiming: OnBootPhase_100
05-28 16:04:38.643 467 516 I DisplayDeviceRepository: Display device added: DisplayDeviceInfo{"内置屏幕": uniqueId="local:0", 1920 x 1080, modeId 1, defaultModeId 1, supportedModes [{id=1, width=1920, height=1080, fps=60.000004, alternativeRefreshRates=[]}], colorMode 0, supportedColorModes [0], hdrCapabilities HdrCapabilities{mSupportedHdrTypes=[2, 3], mMaxLuminance=500.0, mMaxAverageLuminance=500.0, mMinLuminance=0.0}, allmSupported false, gameContentTypeSupported false, density 240, 0.16 x 0.16 dpi, appVsyncOff 1000000, presDeadline 16666666, touch INTERNAL, rotation 0, type INTERNAL, address {port=0}, deviceProductInfo null, state UNKNOWN, frameRateOverride , brightnessMinimum 0.0, brightnessMaximum 1.0, brightnessDefault 0.39763778, FLAG_DEFAULT_DISPLAY, FLAG_ROTATES_WITH_CONTENT, FLAG_SECURE, FLAG_SUPPORTS_PROTECTED_BUFFERS}
05-28 16:04:38.647 467 516 I LogicalDisplayMapper: Applying layout: [{addr: {port=0}, dispId: 0(ON)}], Previous layout: null
05-28 16:04:38.653 467 516 I LogicalDisplayMapper: Adding new display: 0: DisplayInfo{"内置屏幕", displayId 0", displayGroupId -1, FLAG_SECURE, FLAG_SUPPORTS_PROTECTED_BUFFERS, FLAG_TRUSTED, real 1920 x 1080, largest app 1920 x 1080, smallest app 1920 x 1080, appVsyncOff 1000000, presDeadline 16666666, mode 1, defaultMode 1, modes [{id=1, width=1920, height=1080, fps=60.000004, alternativeRefreshRates=[]}], hdrCapabilities HdrCapabilities{mSupportedHdrTypes=[2, 3], mMaxLuminance=500.0, mMaxAverageLuminance=500.0, mMinLuminance=0.0}, userDisabledHdrTypes [], minimalPostProcessingSupported false, rotation 0, state UNKNOWN, type INTERNAL, uniqueId "local:0", app 1920 x 1080, density 240 (0.16 x 0.16) dpi, layerStack 0, colorMode 0, supportedColorModes [0], address {port=0}, deviceProductInfo null, removeMode 0, refreshRateOverride 0.0, brightnessMinimum 0.0, brightnessMaximum 1.0, brightnessDefault 0.39763778}
05-28 16:04:38.658 415 415 I : DVI mode selected: packets not configured
05-28 16:04:38.658 415 415 I : Error: set vsif failed
05-28 16:04:38.654 467 516 I LogicalDisplayMapper: Setting new display group 0 for display 0, from previous group: null
05-28 16:04:38.656 467 467 I SystemServerTiming: StartDomainVerificationService
05-28 16:04:38.677 467 467 I SystemServerTiming: StartPackageManagerService
05-28 16:04:38.677 467 467 I Watchdog: Pausing HandlerChecker: main thread for reason: packagemanagermain. Pause count: 1
05-28 16:04:38.686 467 467 I PackageManagerTiming: create package manager
05-28 16:04:38.700 467 467 E PackageManager: /oem/delete.txt not exist
05-28 16:04:38.700 467 467 I PackageManagerTiming: createSubComponents
05-28 16:04:38.708 415 415 I : DVI mode selected: packets not configured
05-28 16:04:38.708 415 415 I : Error: set vsif failed
05-28 16:04:38.742 467 467 I PackageManagerTiming: addSharedUsers
05-28 16:04:38.745 467 467 I PackageManagerTiming: get system config
05-28 16:04:38.749 467 467 D PackageManager: Directories scanned as system partitions: [/system:0, /vendor:524288, /odm:4194304, /oem:262144, /product:1048576, /system/system_ext:2097152, /apex/com.android.wifi:8388608, /apex/com.android.vndk.v31:8388608, /apex/com.android.tzdata:8388608, /apex/com.android.tethering:8388608, /apex/com.android.sdkext:8388608, /apex/com.android.scheduling:8388608, /apex/com.android.runtime:8388608, /apex/com.android.resolv:8388608, /apex/com.android.permission:8388608, /apex/com.android.os.statsd:8388608, /apex/com.android.neuralnetworks:8388608, /apex/com.android.mediaprovider:8388608, /apex/com.android.media.swcodec:8388608, /apex/com.android.media:8388608, /apex/com.android.ipsec:8388608, /apex/com.android.i18n:8388608, /apex/com.android.extservices:8388608, /apex/com.android.conscrypt:8388608, /apex/com.android.art:8388608, /apex/com.android.appsearch:8388608, /apex/com.android.adbd:8388608]
05-28 16:04:38.754 467 467 D SELinuxMMAC: Using policy file /system/etc/selinux/plat_mac_permissions.xml
05-28 16:04:38.757 467 467 D SELinuxMMAC: Using policy file /system_ext/etc/selinux/system_ext_mac_permissions.xml
05-28 16:04:38.759 467 467 D SELinuxMMAC: Using policy file /vendor/etc/selinux/vendor_mac_permissions.xml
05-28 16:04:38.760 467 467 I PackageManagerTiming: loadFallbacks
05-28 16:04:38.766 467 467 D FallbackCategoryProvider: Found 1 fallback categories
05-28 16:04:38.766 467 467 I PackageManagerTiming: read user settings
05-28 16:04:38.774 415 415 I : DVI mode selected: packets not configured
05-28 16:04:38.774 415 415 I : Error: set vsif failed
05-28 16:04:38.824 415 415 I : DVI mode selected: packets not configured
05-28 16:04:38.824 415 415 I : Error: set vsif failed
05-28 16:04:38.874 415 415 I : DVI mode selected: packets not configured
05-28 16:04:38.874 415 415 I : Error: set vsif failed
05-28 16:04:38.900 467 512 D SystemServerInitThreadPool: Finished executing loadPreinstalledSystemFontMap
05-28 16:04:38.925 415 415 I : DVI mode selected: packets not configured
05-28 16:04:38.925 415 415 I : Error: set vsif failed
05-28 16:04:38.989 467 467 W android.permission.PermissionManager: Missing ActivityManager; assuming 1000 holds android.permission.SET_PREFERRED_APPLICATIONS
05-28 16:04:38.990 467 467 W android.permission.PermissionManager: Missing ActivityManager; assuming 1000 holds android.permission.SET_PREFERRED_APPLICATIONS
05-28 16:04:38.990 467 467 W android.permission.PermissionManager: Missing ActivityManager; assuming 1000 holds android.permission.SET_PREFERRED_APPLICATIONS
05-28 16:04:38.990 467 467 W android.permission.PermissionManager: Missing ActivityManager; assuming 1000 holds android.permission.SET_PREFERRED_APPLICATIONS
05-28 16:04:38.990 467 467 W android.permission.PermissionManager: Missing ActivityManager; assuming 1000 holds android.permission.SET_PREFERRED_APPLICATIONS
05-28 16:04:38.991 467 467 W android.permission.PermissionManager: Missing ActivityManager; assuming 1000 holds android.permission.SET_PREFERRED_APPLICATIONS
05-28 16:04:38.991 467 467 W android.permission.PermissionManager: Missing ActivityManager; assuming 1000 holds android.permission.SET_PREFERRED_APPLICATIONS
05-28 16:04:38.991 467 467 W android.permission.PermissionManager: Missing ActivityManager; assuming 1000 holds android.permission.SET_PREFERRED_APPLICATIONS
05-28 16:04:38.991 467 467 W android.permission.PermissionManager: Missing ActivityManager; assuming 1000 holds android.permission.SET_PREFERRED_APPLICATIONS
05-28 16:04:38.992 467 467 W android.permission.PermissionManager: Missing ActivityManager; assuming 1000 holds android.permission.SET_PREFERRED_APPLICATIONS
05-28 16:04:38.992 467 467 W android.permission.PermissionManager: Missing ActivityManager; assuming 1000 holds android.permission.SET_PREFERRED_APPLICATIONS
05-28 16:04:38.992 467 467 W android.permission.PermissionManager: Missing ActivityManager; assuming 1000 holds android.permission.SET_PREFERRED_APPLICATIONS
05-28 16:04:38.992 467 467 W android.permission.PermissionManager: Missing ActivityManager; assuming 1000 holds android.permission.SET_PREFERRED_APPLICATIONS
05-28 16:04:38.993 467 467 W android.permission.PermissionManager: Missing ActivityManager; assuming 1000 holds android.permission.SET_PREFERRED_APPLICATIONS
05-28 16:04:38.993 467 467 W android.permission.PermissionManager: Missing ActivityManager; assuming 1000 holds android.permission.SET_PREFERRED_APPLICATIONS
05-28 16:04:38.993 467 467 W android.permission.PermissionManager: Missing ActivityManager; assuming 1000 holds android.permission.SET_PREFERRED_APPLICATIONS
05-28 16:04:38.993 467 467 W android.permission.PermissionManager: Missing ActivityManager; assuming 1000 holds android.permission.SET_PREFERRED_APPLICATIONS
05-28 16:04:38.994 467 467 W android.permission.PermissionManager: Missing ActivityManager; assuming 1000 holds android.permission.SET_PREFERRED_APPLICATIONS
05-28 16:04:38.994 467 467 W android.permission.PermissionManager: Missing ActivityManager; assuming 1000 holds android.permission.SET_PREFERRED_APPLICATIONS
05-28 16:04:38.994 467 467 W android.permission.PermissionManager: Missing ActivityManager; assuming 1000 holds android.permission.SET_PREFERRED_APPLICATIONS
05-28 16:04:38.994 467 467 W android.permission.PermissionManager: Missing ActivityManager; assuming 1000 holds android.permission.SET_PREFERRED_APPLICATIONS
05-28 16:04:38.994 467 467 W android.permission.PermissionManager: Missing ActivityManager; assuming 1000 holds android.permission.SET_PREFERRED_APPLICATIONS
05-28 16:04:38.995 467 467 W android.permission.PermissionManager: Missing ActivityManager; assuming 1000 holds android.permission.SET_PREFERRED_APPLICATIONS
05-28 16:04:38.995 467 467 W android.permission.PermissionManager: Missing ActivityManager; assuming 1000 holds android.permission.SET_PREFERRED_APPLICATIONS
05-28 16:04:38.995 467 467 W android.permission.PermissionManager: Missing ActivityManager; assuming 1000 holds android.permission.SET_PREFERRED_APPLICATIONS
05-28 16:04:38.995 467 467 W android.permission.PermissionManager: Missing ActivityManager; assuming 1000 holds android.permission.SET_PREFERRED_APPLICATIONS
05-28 16:04:38.996 467 467 W android.permission.PermissionManager: Missing ActivityManager; assuming 1000 holds android.permission.SET_PREFERRED_APPLICATIONS
05-28 16:04:38.996 467 467 W android.permission.PermissionManager: Missing ActivityManager; assuming 1000 holds android.permission.SET_PREFERRED_APPLICATIONS
05-28 16:04:38.996 467 467 W android.permission.PermissionManager: Missing ActivityManager; assuming 1000 holds android.permission.SET_PREFERRED_APPLICATIONS
05-28 16:04:38.996 467 467 W android.permission.PermissionManager: Missing ActivityManager; assuming 1000 holds android.permission.SET_PREFERRED_APPLICATIONS
05-28 16:04:38.996 467 467 W android.permission.PermissionManager: Missing ActivityManager; assuming 1000 holds android.permission.SET_PREFERRED_APPLICATIONS
05-28 16:04:38.997 467 467 W android.permission.PermissionManager: Missing ActivityManager; assuming 1000 holds android.permission.SET_PREFERRED_APPLICATIONS
05-28 16:04:38.997 467 467 W android.permission.PermissionManager: Missing ActivityManager; assuming 1000 holds android.permission.SET_PREFERRED_APPLICATIONS
05-28 16:04:38.997 467 467 W android.permission.PermissionManager: Missing ActivityManager; assuming 1000 holds android.permission.SET_PREFERRED_APPLICATIONS
05-28 16:04:38.997 467 467 W android.permission.PermissionManager: Missing ActivityManager; assuming 1000 holds android.permission.SET_PREFERRED_APPLICATIONS
05-28 16:04:38.998 467 467 W android.permission.PermissionManager: Missing ActivityManager; assuming 1000 holds android.permission.SET_PREFERRED_APPLICATIONS
05-28 16:04:38.998 467 467 W android.permission.PermissionManager: Missing ActivityManager; assuming 1000 holds android.permission.SET_PREFERRED_APPLICATIONS
05-28 16:04:38.998 467 467 W android.permission.PermissionManager: Missing ActivityManager; assuming 1000 holds android.permission.SET_PREFERRED_APPLICATIONS
05-28 16:04:38.998 467 467 W android.permission.PermissionManager: Missing ActivityManager; assuming 1000 holds android.permission.SET_PREFERRED_APPLICATIONS
05-28 16:04:38.999 467 467 W android.permission.PermissionManager: Missing ActivityManager; assuming 1000 holds android.permission.SET_PREFERRED_APPLICATIONS
05-28 16:04:38.999 467 467 W android.permission.PermissionManager: Missing ActivityManager; assuming 1000 holds android.permission.SET_PREFERRED_APPLICATIONS
05-28 16:04:38.999 467 467 W android.permission.PermissionManager: Missing ActivityManager; assuming 1000 holds android.permission.SET_PREFERRED_APPLICATIONS
05-28 16:04:38.999 467 467 W android.permission.PermissionManager: Missing ActivityManager; assuming 1000 holds android.permission.SET_PREFERRED_APPLICATIONS
05-28 16:04:39.000 467 467 W android.permission.PermissionManager: Missing ActivityManager; assuming 1000 holds android.permission.SET_PREFERRED_APPLICATIONS
05-28 16:04:39.000 467 467 W android.permission.PermissionManager: Missing ActivityManager; assuming 1000 holds android.permission.SET_PREFERRED_APPLICATIONS
05-28 16:04:39.000 467 467 W android.permission.PermissionManager: Missing ActivityManager; assuming 1000 holds android.permission.SET_PREFERRED_APPLICATIONS
05-28 16:04:39.000 467 467 W android.permission.PermissionManager: Missing ActivityManager; assuming 1000 holds android.permission.SET_PREFERRED_APPLICATIONS
05-28 16:04:39.000 467 467 W android.permission.PermissionManager: Missing ActivityManager; assuming 1000 holds android.permission.SET_PREFERRED_APPLICATIONS
05-28 16:04:39.001 467 467 W android.permission.PermissionManager: Missing ActivityManager; assuming 1000 holds android.permission.SET_PREFERRED_APPLICATIONS
05-28 16:04:39.001 467 467 W android.permission.PermissionManager: Missing ActivityManager; assuming 1000 holds android.permission.SET_PREFERRED_APPLICATIONS
05-28 16:04:39.001 467 467 W android.permission.PermissionManager: Missing ActivityManager; assuming 1000 holds android.permission.SET_PREFERRED_APPLICATIONS
05-28 16:04:39.001 467 467 W android.permission.PermissionManager: Missing ActivityManager; assuming 1000 holds android.permission.SET_PREFERRED_APPLICATIONS
05-28 16:04:39.002 467 467 W android.permission.PermissionManager: Missing ActivityManager; assuming 1000 holds android.permission.SET_PREFERRED_APPLICATIONS
05-28 16:04:39.002 467 467 W android.permission.PermissionManager: Missing ActivityManager; assuming 1000 holds android.permission.SET_PREFERRED_APPLICATIONS
05-28 16:04:39.002 467 467 W android.permission.PermissionManager: Missing ActivityManager; assuming 1000 holds android.permission.SET_PREFERRED_APPLICATIONS
05-28 16:04:39.002 467 467 W android.permission.PermissionManager: Missing ActivityManager; assuming 1000 holds android.permission.SET_PREFERRED_APPLICATIONS
05-28 16:04:39.003 467 467 W android.permission.PermissionManager: Missing ActivityManager; assuming 1000 holds android.permission.SET_PREFERRED_APPLICATIONS
05-28 16:04:39.003 467 467 W android.permission.PermissionManager: Missing ActivityManager; assuming 1000 holds android.permission.SET_PREFERRED_APPLICATIONS
05-28 16:04:39.003 467 467 W android.permission.PermissionManager: Missing ActivityManager; assuming 1000 holds android.permission.SET_PREFERRED_APPLICATIONS
05-28 16:04:39.003 467 467 W android.permission.PermissionManager: Missing ActivityManager; assuming 1000 holds android.permission.SET_PREFERRED_APPLICATIONS
05-28 16:04:39.003 467 467 W android.permission.PermissionManager: Missing ActivityManager; assuming 1000 holds android.permission.SET_PREFERRED_APPLICATIONS
05-28 16:04:39.004 467 467 W android.permission.PermissionManager: Missing ActivityManager; assuming 1000 holds android.permission.SET_PREFERRED_APPLICATIONS
05-28 16:04:39.004 467 467 W android.permission.PermissionManager: Missing ActivityManager; assuming 1000 holds android.permission.SET_PREFERRED_APPLICATIONS
05-28 16:04:39.004 467 467 W android.permission.PermissionManager: Missing ActivityManager; assuming 1000 holds android.permission.SET_PREFERRED_APPLICATIONS
05-28 16:04:39.004 467 467 W android.permission.PermissionManager: Missing ActivityManager; assuming 1000 holds android.permission.SET_PREFERRED_APPLICATIONS
05-28 16:04:39.005 467 467 W android.permission.PermissionManager: Missing ActivityManager; assuming 1000 holds android.permission.SET_PREFERRED_APPLICATIONS
05-28 16:04:39.005 467 467 W android.permission.PermissionManager: Missing ActivityManager; assuming 1000 holds android.permission.SET_PREFERRED_APPLICATIONS
05-28 16:04:39.005 467 467 W android.permission.PermissionManager: Missing ActivityManager; assuming 1000 holds android.permission.SET_PREFERRED_APPLICATIONS
05-28 16:04:39.005 467 467 W android.permission.PermissionManager: Missing ActivityManager; assuming 1000 holds android.permission.SET_PREFERRED_APPLICATIONS
05-28 16:04:39.005 467 467 W android.permission.PermissionManager: Missing ActivityManager; assuming 1000 holds android.permission.SET_PREFERRED_APPLICATIONS
05-28 16:04:39.006 467 467 W android.permission.PermissionManager: Missing ActivityManager; assuming 1000 holds android.permission.SET_PREFERRED_APPLICATIONS
05-28 16:04:39.006 467 467 W android.permission.PermissionManager: Missing ActivityManager; assuming 1000 holds android.permission.SET_PREFERRED_APPLICATIONS
05-28 16:04:39.006 467 467 W android.permission.PermissionManager: Missing ActivityManager; assuming 1000 holds android.permission.SET_PREFERRED_APPLICATIONS
05-28 16:04:39.007 467 467 W android.permission.PermissionManager: Missing ActivityManager; assuming 1000 holds android.permission.SET_PREFERRED_APPLICATIONS
05-28 16:04:39.007 467 467 W android.permission.PermissionManager: Missing ActivityManager; assuming 1000 holds android.permission.SET_PREFERRED_APPLICATIONS
05-28 16:04:39.007 467 467 W android.permission.PermissionManager: Missing ActivityManager; assuming 1000 holds android.permission.SET_PREFERRED_APPLICATIONS
05-28 16:04:39.007 467 467 W android.permission.PermissionManager: Missing ActivityManager; assuming 1000 holds android.permission.SET_PREFERRED_APPLICATIONS
05-28 16:04:39.007 467 467 W android.permission.PermissionManager: Missing ActivityManager; assuming 1000 holds android.permission.SET_PREFERRED_APPLICATIONS
05-28 16:04:39.008 467 467 W android.permission.PermissionManager: Missing ActivityManager; assuming 1000 holds android.permission.SET_PREFERRED_APPLICATIONS
05-28 16:04:39.008 467 467 W android.permission.PermissionManager: Missing ActivityManager; assuming 1000 holds android.permission.SET_PREFERRED_APPLICATIONS
05-28 16:04:39.008 467 467 W android.permission.PermissionManager: Missing ActivityManager; assuming 1000 holds android.permission.SET_PREFERRED_APPLICATIONS
05-28 16:04:39.008 467 467 W android.permission.PermissionManager: Missing ActivityManager; assuming 1000 holds android.permission.SET_PREFERRED_APPLICATIONS
05-28 16:04:39.009 467 467 W android.permission.PermissionManager: Missing ActivityManager; assuming 1000 holds android.permission.SET_PREFERRED_APPLICATIONS
05-28 16:04:39.009 467 467 W android.permission.PermissionManager: Missing ActivityManager; assuming 1000 holds android.permission.SET_PREFERRED_APPLICATIONS
05-28 16:04:39.009 467 467 W android.permission.PermissionManager: Missing ActivityManager; assuming 1000 holds android.permission.SET_PREFERRED_APPLICATIONS
05-28 16:04:39.009 467 467 W android.permission.PermissionManager: Missing ActivityManager; assuming 1000 holds android.permission.SET_PREFERRED_APPLICATIONS
05-28 16:04:39.009 467 467 W android.permission.PermissionManager: Missing ActivityManager; assuming 1000 holds android.permission.SET_PREFERRED_APPLICATIONS
05-28 16:04:39.010 467 467 W android.permission.PermissionManager: Missing ActivityManager; assuming 1000 holds android.permission.SET_PREFERRED_APPLICATIONS
05-28 16:04:39.010 467 467 W android.permission.PermissionManager: Missing ActivityManager; assuming 1000 holds android.permission.SET_PREFERRED_APPLICATIONS
05-28 16:04:39.010 467 467 W android.permission.PermissionManager: Missing ActivityManager; assuming 1000 holds android.permission.SET_PREFERRED_APPLICATIONS
05-28 16:04:39.010 467 467 W android.permission.PermissionManager: Missing ActivityManager; assuming 1000 holds android.permission.SET_PREFERRED_APPLICATIONS
05-28 16:04:39.011 467 467 W android.permission.PermissionManager: Missing ActivityManager; assuming 1000 holds android.permission.SET_PREFERRED_APPLICATIONS
05-28 16:04:39.011 467 467 W android.permission.PermissionManager: Missing ActivityManager; assuming 1000 holds android.permission.SET_PREFERRED_APPLICATIONS
05-28 16:04:39.011 467 467 W android.permission.PermissionManager: Missing ActivityManager; assuming 1000 holds android.permission.SET_PREFERRED_APPLICATIONS
05-28 16:04:39.011 467 467 W android.permission.PermissionManager: Missing ActivityManager; assuming 1000 holds android.permission.SET_PREFERRED_APPLICATIONS
05-28 16:04:39.011 467 467 W android.permission.PermissionManager: Missing ActivityManager; assuming 1000 holds android.permission.SET_PREFERRED_APPLICATIONS
05-28 16:04:39.012 467 467 W android.permission.PermissionManager: Missing ActivityManager; assuming 1000 holds android.permission.SET_PREFERRED_APPLICATIONS
05-28 16:04:39.012 467 467 W android.permission.PermissionManager: Missing ActivityManager; assuming 1000 holds android.permission.SET_PREFERRED_APPLICATIONS
05-28 16:04:39.012 467 467 W android.permission.PermissionManager: Missing ActivityManager; assuming 1000 holds android.permission.SET_PREFERRED_APPLICATIONS
05-28 16:04:39.012 467 467 W android.permission.PermissionManager: Missing ActivityManager; assuming 1000 holds android.permission.SET_PREFERRED_APPLICATIONS
05-28 16:04:39.013 467 467 W android.permission.PermissionManager: Missing ActivityManager; assuming 1000 holds android.permission.SET_PREFERRED_APPLICATIONS
05-28 16:04:39.013 467 467 W android.permission.PermissionManager: Missing ActivityManager; assuming 1000 holds android.permission.SET_PREFERRED_APPLICATIONS
05-28 16:04:39.014 467 467 W android.permission.PermissionManager: Missing ActivityManager; assuming 1000 holds android.permission.SET_PREFERRED_APPLICATIONS
05-28 16:04:39.015 467 467 W android.permission.PermissionManager: Missing ActivityManager; assuming 1000 holds android.permission.SET_PREFERRED_APPLICATIONS
05-28 16:04:39.017 467 467 W android.permission.PermissionManager: Missing ActivityManager; assuming 1000 holds android.permission.SET_PREFERRED_APPLICATIONS
05-28 16:04:39.019 467 467 W android.permission.PermissionManager: Missing ActivityManager; assuming 1000 holds android.permission.SET_PREFERRED_APPLICATIONS
05-28 16:04:39.020 467 467 W android.permission.PermissionManager: Missing ActivityManager; assuming 1000 holds android.permission.SET_PREFERRED_APPLICATIONS
05-28 16:04:39.022 467 467 W android.permission.PermissionManager: Missing ActivityManager; assuming 1000 holds android.permission.SET_PREFERRED_APPLICATIONS
05-28 16:04:39.023 467 467 W android.permission.PermissionManager: Missing ActivityManager; assuming 1000 holds android.permission.SET_PREFERRED_APPLICATIONS
05-28 16:04:39.025 467 467 W android.permission.PermissionManager: Missing ActivityManager; assuming 1000 holds android.permission.SET_PREFERRED_APPLICATIONS
05-28 16:04:39.026 467 467 W android.permission.PermissionManager: Missing ActivityManager; assuming 1000 holds android.permission.SET_PREFERRED_APPLICATIONS
05-28 16:04:39.026 467 467 W android.permission.PermissionManager: Missing ActivityManager; assuming 1000 holds android.permission.SET_PREFERRED_APPLICATIONS
05-28 16:04:39.026 467 467 W android.permission.PermissionManager: Missing ActivityManager; assuming 1000 holds android.permission.SET_PREFERRED_APPLICATIONS
05-28 16:04:39.052 467 467 W PackageSettings: Missing permission state for package: com.android.cts.priv.ctsshim
05-28 16:04:39.052 467 467 W PackageSettings: Missing permission state for package: com.android.internal.systemui.navbar.gestural_wide_back
05-28 16:04:39.053 467 467 W PackageSettings: Missing permission state for package: com.softwinner.awlogsettings
05-28 16:04:39.053 467 467 W PackageSettings: Missing permission state for package: com.android.htmlviewer
05-28 16:04:39.053 467 467 W PackageSettings: Missing permission state for package: com.android.internal.systemui.onehanded.gestural
05-28 16:04:39.053 467 467 W PackageSettings: Missing permission state for package: com.android.simappdialog
05-28 16:04:39.053 467 467 W PackageSettings: Missing permission state for package: com.android.connectivity.resources
05-28 16:04:39.053 467 467 W PackageSettings: Missing permission state for package: com.android.modulemetadata
05-28 16:04:39.053 467 467 W PackageSettings: Missing permission state for package: com.google.android.apps.searchlite.overlay
05-28 16:04:39.053 467 467 W PackageSettings: Missing permission state for package: com.android.internal.systemui.navbar.threebutton
05-28 16:04:39.053 467 467 W PackageSettings: Missing permission state for package: com.google.android.networkstackconfig
05-28 16:04:39.054 467 467 W PackageSettings: Missing permission state for package: com.android.internal.systemui.navbar.gestural_extra_wide_back
05-28 16:04:39.054 467 467 W PackageSettings: Missing permission state for package: com.android.dreams.basic
05-28 16:04:39.054 467 467 W PackageSettings: Missing permission state for package: android.ext.shared
05-28 16:04:39.054 467 467 W PackageSettings: Missing permission state for package: com.google.android.networkstack.tetheringconfig
05-28 16:04:39.054 467 467 W PackageSettings: Missing permission state for package: com.android.wifi.resources
05-28 16:04:39.054 467 467 W PackageSettings: Missing permission state for package: com.android.theme.font.notoserifsource
05-28 16:04:39.055 467 467 W PackageSettings: Missing permission state for package: com.allwinnertech.packageoverride
05-28 16:04:39.055 467 467 W PackageSettings: Missing permission state for package: com.android.bookmarkprovider
05-28 16:04:39.055 467 467 W PackageSettings: Missing permission state for package: com.android.cts.ctsshim
05-28 16:04:39.055 467 467 W PackageSettings: Missing permission state for package: com.softwinner.theme.icon
05-28 16:04:39.055 467 467 W PackageSettings: Missing permission state for package: com.softwinner.theme.color
05-28 16:04:39.055 467 467 W PackageSettings: Missing permission state for package: com.android.internal.systemui.navbar.gestural
05-28 16:04:39.056 467 467 W PackageSettings: Missing permission state for package: com.android.internal.systemui.navbar.gestural_narrow_back
05-28 16:04:39.056 467 467 W PackageSettings: Missing permission state for package: android.auto_generated_rro_vendor__
05-28 16:04:39.057 467 467 W PackageSettings: Missing permission state for shared user: android.uid.log
05-28 16:04:39.057 467 467 W PackageSettings: Missing permission state for shared user: android.uid.nfc
05-28 16:04:39.057 467 467 W PackageSettings: Missing permission state for shared user: android.uid.uwb
05-28 16:04:39.065 467 467 D PackageManager: Keeping known cache e4c16908b0e0e642cbd78ac9e39cf21c9bdc31f3
05-28 16:04:39.068 467 467 D PackageManager: No files in app dir /system/system_ext/overlay
05-28 16:04:39.075 467 467 I PackageBackwardCompatibility: Loaded android.content.pm.AndroidTestBaseUpdater
05-28 16:04:39.079 467 467 D CompatibilityChangeReporter: Compat change id reported: 143539591; UID -1; state: ENABLED
05-28 16:04:39.101 467 467 D PackageManager: No files in app dir /oem/overlay
05-28 16:04:39.101 467 467 D PackageManager: No files in app dir /odm/overlay
05-28 16:04:39.109 467 467 W PackageManager: Failed to parse /system/framework/oat: Missing base APK in /system/framework/oat/arm
05-28 16:04:39.109 467 467 W PackageManager: Failed to parse /system/framework/arm: Missing base APK in /system/framework/arm
05-28 16:04:39.169 467 559 D PackageParsing: homlet: force set orientation: 0
05-28 16:04:39.170 467 559 D CompatibilityChangeReporter: Compat change id reported: 150232615; UID -1; state: ENABLED
05-28 16:04:39.183 467 467 W PackageManager: Failed to parse /system/priv-app/SettingsAssist: /system/priv-app/SettingsAssist/SettingsAssist.apk (at Binary XML file line #34): com.softwinner.settingsassist.Recovery: Targeting S+ (version 31 and above) requires that an explicit value for android:exported be defined when intent filters are present
05-28 16:04:39.213 467 467 W PackageManager: Provider ComponentInfo{com.dangbei.leard.leradlauncher/androidx.core.content.FileProvider} already defined; ignoring
05-28 16:04:39.225 467 467 D CompatibilityChangeReporter: Compat change id reported: 143539591; UID -1; state: DISABLED
05-28 16:04:39.225 467 467 D CompatibilityChangeReporter: Compat change id reported: 168782947; UID -1; state: DISABLED
05-28 16:04:39.236 467 467 D CompatibilityChangeReporter: Compat change id reported: 168782947; UID -1; state: ENABLED
05-28 16:04:39.268 241 241 W ServiceManager: Service statscompanion didn't start. Returning NULL
05-28 16:04:39.271 241 241 I statsd : Statsd starts to listen to socket.
05-28 16:04:39.441 467 486 I system_server: Background young concurrent copying GC freed 187326(9936KB) AllocSpace objects, 111(2744KB) LOS objects, 78% free, 6691KB/30MB, paused 845us total 267.090ms
05-28 16:04:39.479 467 467 D PackageManager: No files in app dir /vendor/priv-app
05-28 16:04:39.479 467 467 D PackageManager: No files in app dir /vendor/app
05-28 16:04:39.479 467 467 D PackageManager: No files in app dir /odm/priv-app
05-28 16:04:39.479 467 467 D PackageManager: No files in app dir /odm/app
05-28 16:04:39.480 467 467 D PackageManager: No files in app dir /oem/priv-app
05-28 16:04:39.480 467 467 D PackageManager: No files in app dir /oem/app
05-28 16:04:39.569 467 467 D PackageManager: No files in app dir /apex/com.android.vndk.v31/priv-app
05-28 16:04:39.570 467 467 D PackageManager: No files in app dir /apex/com.android.vndk.v31/app
05-28 16:04:39.570 467 467 D PackageManager: No files in app dir /apex/com.android.tzdata/priv-app
05-28 16:04:39.570 467 467 D PackageManager: No files in app dir /apex/com.android.tzdata/app
05-28 16:04:39.580 467 467 D PackageManager: No files in app dir /apex/com.android.tethering/app
05-28 16:04:39.582 467 467 D PackageManager: No files in app dir /apex/com.android.sdkext/priv-app
05-28 16:04:39.582 467 467 D PackageManager: No files in app dir /apex/com.android.sdkext/app
05-28 16:04:39.582 467 467 D PackageManager: No files in app dir /apex/com.android.scheduling/priv-app
05-28 16:04:39.582 467 467 D PackageManager: No files in app dir /apex/com.android.scheduling/app
05-28 16:04:39.582 467 467 D PackageManager: No files in app dir /apex/com.android.runtime/priv-app
05-28 16:04:39.582 467 467 D PackageManager: No files in app dir /apex/com.android.runtime/app
05-28 16:04:39.583 467 467 D PackageManager: No files in app dir /apex/com.android.resolv/priv-app
05-28 16:04:39.583 467 467 D PackageManager: No files in app dir /apex/com.android.resolv/app
05-28 16:04:39.593 467 467 D PackageManager: No files in app dir /apex/com.android.permission/app
05-28 16:04:39.593 467 467 D PackageManager: No files in app dir /apex/com.android.os.statsd/priv-app
05-28 16:04:39.593 467 467 D PackageManager: No files in app dir /apex/com.android.os.statsd/app
05-28 16:04:39.593 467 467 D PackageManager: No files in app dir /apex/com.android.neuralnetworks/priv-app
05-28 16:04:39.593 467 467 D PackageManager: No files in app dir /apex/com.android.neuralnetworks/app
05-28 16:04:39.599 467 467 D PackageManager: No files in app dir /apex/com.android.mediaprovider/app
05-28 16:04:39.599 467 467 D PackageManager: No files in app dir /apex/com.android.media.swcodec/priv-app
05-28 16:04:39.599 467 467 D PackageManager: No files in app dir /apex/com.android.media.swcodec/app
05-28 16:04:39.600 467 467 D PackageManager: No files in app dir /apex/com.android.media/priv-app
