05-28 16:04:41.773 467 467 W system_server: ClassLoaderContext parent mismatch. (PCL[] | PCL[];PCL[/system/framework/com.android.location.provider.jar*3633238673:/system/framework/services.jar*324275400:/system/framework/services.jar!classes2.dex*606410504:/system/framework/ethernet-service.jar*655162001:/system/framework/pppoe-service.jar*2082030846:/apex/com.android.appsearch/javalib/service-appsearch.jar*4100577803:/apex/com.android.media/javalib/service-media-s.jar*3881732923:/apex/com.android.permission/javalib/service-permission.jar*62506796])
05-28 16:04:41.777 243 243 D libEGL : loaded /vendor/lib/egl/libGLES_mali.so
05-28 16:04:41.778 467 467 I system_server: Waiting for a blocking GC ClassLinker
05-28 16:04:41.881 243 243 I Zygote : Preloading shared libraries...
05-28 16:04:41.890 243 243 I Zygote : Called ZygoteHooks.endPreload()
05-28 16:04:41.891 243 243 I Zygote : Installed AndroidKeyStoreProvider in 1ms.
05-28 16:04:41.908 243 243 I Zygote : Warmed up JCA providers in 17ms.
05-28 16:04:41.908 243 243 D Zygote : end preload
05-28 16:04:41.909 467 520 D SystemServerInitThreadPool: Finished executing SecondaryZygotePreload
05-28 16:04:41.923 467 486 I system_server: Background young concurrent copying GC freed 88355(4964KB) AllocSpace objects, 18(532KB) LOS objects, 41% free, 7819KB/12MB, paused 434us total 157.551ms
05-28 16:04:41.926 467 467 I system_server: WaitForGcToComplete blocked ClassLinker on Background for 147.261ms
05-28 16:04:41.929 369 369 I update_engine: [INFO:cleanup_previous_update_action.cc(112)] Executing task 4
05-28 16:04:41.931 369 369 I update_engine: [INFO:cleanup_previous_update_action.cc(124)] CleanupPreviousUpdateAction scheduled task ID 5 for WaitBootCompleted
05-28 16:04:41.934 467 467 D DisplayOutputManager: ro.build.characteristics=homlet
05-28 16:04:41.936 180 180 E SELinux : avc: denied { find } for pid=467 uid=1000 name=vendor.display.output.IDisplayOutputManager/default scontext=u:r:system_server:s0 tcontext=u:object_r:hal_awdisplayoutput_service:s0 tclass=service_manager permissive=1
05-28 16:04:41.936 180 180 I servicemanager: Found vendor.display.output.IDisplayOutputManager/default in device VINTF manifest.
05-28 16:04:41.938 467 467 D HomletDisplayOutputManager: get IDisplayOutputManager service success
05-28 16:04:41.938 467 467 D AudioManagerEx: AudioManagerEx
05-28 16:04:41.938 467 467 D AudioDeviceManagerObserver: AudioDeviceManagerObserver construct
05-28 16:04:41.939 467 467 I SystemServerTiming: StartMidiManager
05-28 16:04:41.939 467 467 I SystemServiceManager: Starting com.android.server.midi.MidiService$Lifecycle
05-28 16:04:41.940 467 467 I SystemServerTiming: StartAdbService
05-28 16:04:41.940 467 467 I SystemServiceManager: Starting com.android.server.adb.AdbService$Lifecycle
05-28 16:04:41.943 467 467 I SystemServerTiming: StartUsbService
05-28 16:04:41.944 467 467 I SystemServiceManager: Starting com.android.server.usb.UsbService$Lifecycle
05-28 16:04:41.944 467 467 I SystemServerTiming: StartSerialService
05-28 16:04:41.944 467 572 I SystemServerTimingAsync: InitThreadPoolExec:UsbService$Lifecycle#onStart
05-28 16:04:41.944 467 572 D SystemServerInitThreadPool: Started executing UsbService$Lifecycle#onStart
05-28 16:04:41.948 467 467 I SystemServerTiming: StartHardwarePropertiesManagerService
05-28 16:04:41.950 182 182 I hwservicemanager: getTransport: Cannot find entry android.hardware.thermal@1.0::IThermal/default in either framework or device VINTF manifest.
05-28 16:04:41.950 467 572 E UsbDeviceManager: failed to write to /sys/class/android_usb/android0/f_rndis/ethaddr
05-28 16:04:41.950 467 467 E HardwarePropertiesManagerService-JNI: Unable to get Thermal service.
05-28 16:04:41.951 467 467 I SystemServerTiming: StartTwilightService
05-28 16:04:41.951 467 467 I SystemServiceManager: Starting com.android.server.twilight.TwilightService
05-28 16:04:41.952 467 467 I SystemServerTiming: StartColorDisplay
05-28 16:04:41.952 467 467 I SystemServiceManager: Starting com.android.server.display.color.ColorDisplayService
05-28 16:04:41.954 467 467 I SystemServerTiming: StartJobScheduler
05-28 16:04:41.954 467 572 I android_os_HwBinder: HwBinder: Starting thread pool for getting: android.hardware.usb.gadget@1.0::IUsbGadget/default
05-28 16:04:41.955 467 467 I SystemServiceManager: Starting com.android.server.job.JobSchedulerService
05-28 16:04:41.956 467 515 W IorapForwardingService: No service published for: iorapd
05-28 16:04:41.961 572 572 I : read descriptors
05-28 16:04:41.961 572 572 I : read strings
05-28 16:04:41.962 572 572 I : read descriptors
05-28 16:04:41.962 572 572 I : read strings
05-28 16:04:41.960 467 467 D JobStore: Start tag: job-info
05-28 16:04:41.960 467 572 W StorageManagerService: No primary storage defined yet; hacking together a stub
05-28 16:04:41.961 467 572 I android_os_HwBinder: HwBinder: Starting thread pool for getting: android.hidl.manager@1.0::IServiceManager/default
05-28 16:04:41.962 467 550 I UsbDeviceManager: Usb gadget hal service started android.hardware.usb.gadget@1.0::IUsbGadget default
05-28 16:04:41.963 467 513 I android_os_HwBinder: HwBinder: Starting thread pool for getting: android.hardware.usb.gadget@1.0::IUsbGadget/default
05-28 16:04:41.964 467 467 I JobStore: Read 5 jobs
05-28 16:04:41.965 467 572 I android_os_HwBinder: HwBinder: Starting thread pool for getting: android.hardware.usb.gadget@1.0::IUsbGadget/default
05-28 16:04:41.966 467 513 E UsbDeviceManager: prcessing MSG_GET_CURRENT_USB_FUNCTIONS
05-28 16:04:41.966 467 513 E UsbDeviceManager: updating mCurrentFunctions
05-28 16:04:41.966 467 513 E UsbDeviceManager: mCurrentFunctions:0applied:1
05-28 16:04:41.968 467 608 D ConnectivityService: NetReassign [no changes]
05-28 16:04:41.969 467 572 I android_os_HwBinder: HwBinder: Starting thread pool for getting: android.hidl.manager@1.0::IServiceManager/default
05-28 16:04:41.971 467 627 I UsbPortManager: Usb hal service started android.hardware.usb@1.0::IUsb default
05-28 16:04:41.971 467 467 V HistoricalRegistry: Interaction before persistence initialized
05-28 16:04:41.971 467 467 V HistoricalRegistry: Interaction before persistence initialized
05-28 16:04:41.972 467 572 I android_os_HwBinder: HwBinder: Starting thread pool for getting: android.hardware.usb@1.0::IUsb/default
05-28 16:04:41.972 467 467 I SystemServerTiming: StartSoundTrigger
05-28 16:04:41.972 467 467 I SystemServiceManager: Starting com.android.server.soundtrigger.SoundTriggerService
05-28 16:04:41.972 263 263 I android.hardware.usb@1.0-service: registering callback
05-28 16:04:41.973 263 629 E android.hardware.usb@1.0-service: creating thread
05-28 16:04:41.973 263 263 E android.hardware.usb@1.0-service: Failed to open /sys/class/typec
05-28 16:04:41.974 467 467 I SystemServerTiming: StartTrustManager
05-28 16:04:41.974 467 467 I SystemServiceManager: Starting com.android.server.trust.TrustManagerService
05-28 16:04:41.974 467 572 I UsbPortManager: USB HAL version: 10
05-28 16:04:41.976 467 467 I SystemServerTiming: StartBackupManager
05-28 16:04:41.976 467 467 I SystemServiceManager: Starting com.android.server.backup.BackupManagerService$Lifecycle
05-28 16:04:41.976 467 572 D SystemServerInitThreadPool: Finished executing UsbService$Lifecycle#onStart
05-28 16:04:41.979 467 467 I SystemServerTiming: StartAppWidgetService
05-28 16:04:41.979 467 467 I SystemServiceManager: Starting com.android.server.appwidget.AppWidgetService
05-28 16:04:41.981 467 467 I SystemServerTiming: StartVoiceRecognitionManager
05-28 16:04:41.981 467 467 I SystemServiceManager: Starting com.android.server.voiceinteraction.VoiceInteractionManagerService
05-28 16:04:41.990 467 467 I SystemServerTiming: StartAppHibernationService
05-28 16:04:41.990 467 467 I SystemServiceManager: Starting com.android.server.apphibernation.AppHibernationService
05-28 16:04:41.992 467 467 I SystemServerTiming: StartGestureLauncher
05-28 16:04:41.992 467 467 I SystemServiceManager: Starting com.android.server.GestureLauncherService
05-28 16:04:41.992 467 467 I SystemServerTiming: StartSensorNotification
05-28 16:04:41.992 467 467 I SystemServiceManager: Starting com.android.server.SensorNotificationService
05-28 16:04:41.992 467 467 I SystemServerTiming: StartDiskStatsService
05-28 16:04:41.995 467 467 I SystemServerTiming: RuntimeService
05-28 16:04:41.996 467 467 I SystemServerTiming: StartNetworkTimeUpdateService
05-28 16:04:41.998 467 467 I SystemServerTiming: CertBlacklister
05-28 16:04:41.999 467 467 I SystemServerTiming: StartEmergencyAffordanceService
05-28 16:04:41.999 467 467 I SystemServiceManager: Starting com.android.server.emergency.EmergencyAffordanceService
05-28 16:04:42.000 467 467 I SystemServerTiming: StartDreamManager
05-28 16:04:42.000 467 512 I SystemServerTimingAsync: InitThreadPoolExec:startBlobStoreManagerService
05-28 16:04:42.000 467 467 I SystemServiceManager: Starting com.android.server.dreams.DreamManagerService
05-28 16:04:42.000 467 512 D SystemServerInitThreadPool: Started executing startBlobStoreManagerService
05-28 16:04:42.000 467 512 I SystemServerTimingAsync: startBlobStoreManagerService
05-28 16:04:42.001 467 512 I SystemServiceManager: Starting com.android.server.blob.BlobStoreManagerService
05-28 16:04:42.002 467 467 I SystemServerTiming: AddGraphicsStatsService
05-28 16:04:42.005 467 512 D SystemServerInitThreadPool: Finished executing startBlobStoreManagerService
05-28 16:04:42.005 467 467 I SystemServerTiming: StartRestrictionManager
05-28 16:04:42.005 467 467 I SystemServiceManager: Starting com.android.server.restrictions.RestrictionsManagerService
05-28 16:04:42.006 467 467 I SystemServerTiming: StartMediaSessionService
05-28 16:04:42.006 467 467 I SystemServiceManager: Starting com.android.server.media.MediaSessionService
05-28 16:04:42.009 467 467 I SystemServerTiming: StartHdmiControlService
05-28 16:04:42.009 467 467 I SystemServiceManager: Starting com.android.server.hdmi.HdmiControlService
05-28 16:04:42.017 182 182 I hwservicemanager: getTransport: Cannot find entry android.hardware.tv.cec@1.1::IHdmiCec/default in either framework or device VINTF manifest.
05-28 16:04:42.017 467 467 E HDMI : [1]:Couldn't connect to cec@1.1java.util.NoSuchElementException
05-28 16:04:42.017 467 467 W HDMI : [1]:Couldn't get tv.cec service.
05-28 16:04:42.017 467 467 W HDMI : [1]:Unable to use cec@1.1
05-28 16:04:42.018 467 467 I android_os_HwBinder: HwBinder: Starting thread pool for getting: android.hardware.tv.cec@1.0::IHdmiCec/default
05-28 16:04:42.020 467 467 I HdmiControlService: Device does not support MHL-control.
05-28 16:04:42.021 261 261 D hdmi-cec: setOption, flag=0x0005, value=0x007a686f
05-28 16:04:42.025 261 261 D hdmi-cec: reset logical address to broadcast
05-28 16:04:42.025 261 261 D hdmi-cec: reset logical address to broadcast
05-28 16:04:42.036 467 467 I SystemServerTiming: StartTvInputManager
05-28 16:04:42.036 467 467 I SystemServiceManager: Starting com.android.server.tv.TvInputManagerService
05-28 16:04:42.039 182 182 I hwservicemanager: getTransport: Cannot find entry android.hardware.tv.input@1.0::ITvInput/default in either framework or device VINTF manifest.
05-28 16:04:42.039 467 467 E TvInputHal: Couldn't get tv.input service.
05-28 16:04:42.042 467 467 I SystemServerTiming: StartMediaResourceMonitor
05-28 16:04:42.042 467 467 I SystemServiceManager: Starting com.android.server.media.MediaResourceMonitorService
05-28 16:04:42.043 467 467 I SystemServerTiming: StartTvRemoteService
05-28 16:04:42.043 467 467 I SystemServiceManager: Starting com.android.server.tv.TvRemoteService
05-28 16:04:42.044 467 467 I SystemServerTiming: StartMediaRouterService
05-28 16:04:42.044 467 467 V HistoricalRegistry: Interaction before persistence initialized
05-28 16:04:42.045 467 467 I SystemServerTiming: StartBiometricService
05-28 16:04:42.045 467 467 I SystemServiceManager: Starting com.android.server.biometrics.BiometricService
05-28 16:04:42.050 467 467 I SystemServerTiming: StartAuthService
05-28 16:04:42.050 467 467 I SystemServiceManager: Starting com.android.server.biometrics.AuthService
05-28 16:04:42.052 467 467 I SystemServerTiming: StartBackgroundDexOptService
05-28 16:04:42.052 467 467 W BackgroundDexOptService: SysProp pm.dexopt.downgrade_after_inactive_days not set
05-28 16:04:42.053 467 467 I SystemServerTiming: StartDynamicCodeLoggingService
05-28 16:04:42.054 467 467 I SystemServerTiming: StartPruneInstantAppsJobService
05-28 16:04:42.054 467 467 I SystemServerTiming: StartShortcutServiceLifecycle
05-28 16:04:42.054 467 467 I SystemServiceManager: Starting com.android.server.pm.ShortcutService$Lifecycle
05-28 16:04:42.056 467 467 V HistoricalRegistry: Interaction before persistence initialized
05-28 16:04:42.057 467 467 I SystemServerTiming: StartLauncherAppsService
05-28 16:04:42.057 467 467 I SystemServiceManager: Starting com.android.server.pm.LauncherAppsService
05-28 16:04:42.059 467 467 I SystemServerTiming: StartCrossProfileAppsService
05-28 16:04:42.059 467 467 I SystemServiceManager: Starting com.android.server.pm.CrossProfileAppsService
05-28 16:04:42.060 467 467 I SystemServerTiming: StartPeopleService
05-28 16:04:42.060 467 467 I SystemServiceManager: Starting com.android.server.people.PeopleService
05-28 16:04:42.060 467 467 I SystemServerTiming: StartMediaMetricsManager
05-28 16:04:42.060 467 467 I SystemServiceManager: Starting com.android.server.media.metrics.MediaMetricsManagerService
05-28 16:04:42.064 467 467 I SystemServerTiming: StartMediaProjectionManager
05-28 16:04:42.064 467 467 I SystemServiceManager: Starting com.android.server.media.projection.MediaProjectionManagerService
05-28 16:04:42.066 467 467 V MediaRouter: Selecting route: RouteInfo{ name=手机, description=null, status=null, category=RouteCategory{ name=系统 types=ROUTE_TYPE_LIVE_AUDIO ROUTE_TYPE_LIVE_VIDEO groupable=false }, supportedTypes=ROUTE_TYPE_LIVE_AUDIO ROUTE_TYPE_LIVE_VIDEO , presentationDisplay=null }
05-28 16:04:42.066 467 467 I MediaRouter: Skip setBluetoothA2dpOn(): types=8388615, isPlaybackActive()=false, BT route=null
05-28 16:04:42.067 467 467 I SystemServerTiming: StartSliceManagerService
05-28 16:04:42.067 467 467 I SystemServiceManager: Starting com.android.server.slice.SliceManagerService$Lifecycle
05-28 16:04:42.070 467 467 I SystemServerTiming: StartStatsCompanion
05-28 16:04:42.077 467 467 I SystemServiceManager: Starting com.android.server.stats.StatsCompanion$Lifecycle
05-28 16:04:42.083 467 467 I SystemServerTiming: StartRebootReadinessManagerService
05-28 16:04:42.092 467 467 I SystemServiceManager: Starting com.android.server.scheduling.RebootReadinessManagerService$Lifecycle
05-28 16:04:42.097 467 467 I TetheringManager: registerTetheringEventCallback:android
05-28 16:04:42.097 467 467 I TetheringManager: registerTetheringEventCallback caller:android
05-28 16:04:42.098 467 467 I SystemServerTiming: StartStatsPullAtomService
05-28 16:04:42.099 467 467 I SystemServiceManager: Starting com.android.server.stats.pull.StatsPullAtomService
05-28 16:04:42.099 467 467 I SystemServerTiming: StartIncidentCompanionService
05-28 16:04:42.099 467 467 I SystemServiceManager: Starting com.android.server.incident.IncidentCompanionService
05-28 16:04:42.099 467 467 I SystemServerTiming: StartMmsService
05-28 16:04:42.100 467 467 I SystemServiceManager: Starting com.android.server.MmsServiceBroker
05-28 16:04:42.100 467 467 I SystemServerTiming: StartAutoFillService
05-28 16:04:42.100 467 467 I SystemServiceManager: Starting com.android.server.autofill.AutofillManagerService
05-28 16:04:42.102 467 467 D AutofillManagerService: setLogLevelFromSettings(): level=2, debug=true, verbose=false
05-28 16:04:42.102 467 467 D AutofillManagerService: setMaxPartitionsFromSettings(): 10
05-28 16:04:42.102 467 467 D AutofillManagerService: setMaxVisibleDatasetsFromSettings(): 0
05-28 16:04:42.103 467 514 D AutofillUI: destroySaveUiUiThread(): already destroyed
05-28 16:04:42.103 467 467 D AutofillManagerServiceImpl: Reset component for user 0:
05-28 16:04:42.105 241 246 I ServiceManager: Waiting for service 'statscompanion' on '/dev/binder' successful after waiting 1413ms
05-28 16:04:42.106 467 467 D SystemServer: TranslationService not defined by OEM
05-28 16:04:42.106 467 467 I SystemServerTiming: StartClipboardService
05-28 16:04:42.106 467 467 I SystemServiceManager: Starting com.android.server.clipboard.ClipboardService
05-28 16:04:42.109 467 467 I SystemServerTiming: AppServiceManager
05-28 16:04:42.109 467 467 I SystemServiceManager: Starting com.android.server.appbinding.AppBindingService$Lifecycle
05-28 16:04:42.110 467 467 I SystemServerTiming: startTracingServiceProxy
05-28 16:04:42.110 467 467 I SystemServiceManager: Starting com.android.server.tracing.TracingServiceProxy
05-28 16:04:42.113 467 467 I SystemServerTiming: startOranthService
05-28 16:04:42.114 467 467 I SystemServiceManager: Starting com.android.server.oranth.OranthManagerService$Lifecycle
05-28 16:04:42.114 467 467 I OranthManagerService: -------------- OranthManagerService --------------
05-28 16:04:42.115 180 180 E SELinux : avc: denied { add } for pid=467 uid=1000 name=oranth_manager scontext=u:r:system_server:s0 tcontext=u:object_r:default_android_service:s0 tclass=service_manager permissive=1
05-28 16:04:42.115 467 467 I SystemServerTiming: MakeLockSettingsServiceReady
05-28 16:04:42.122 182 182 I hwservicemanager: getTransport: Cannot find entry android.hardware.weaver@1.0::IWeaver/default in either framework or device VINTF manifest.
05-28 16:04:42.122 467 467 I SyntheticPasswordManager: Device does not support weaver
05-28 16:04:42.123 182 182 I hwservicemanager: getTransport: Cannot find entry android.hardware.authsecret@1.0::IAuthSecret/default in either framework or device VINTF manifest.
05-28 16:04:42.123 467 467 I LockSettingsService: Device doesn't implement AuthSecret HAL
05-28 16:04:42.124 467 467 I SystemServerTiming: StartBootPhaseLockSettingsReady
05-28 16:04:42.124 467 467 I SystemServiceManager: Starting phase 480
05-28 16:04:42.124 467 467 I SystemServerTiming: OnBootPhase_480
05-28 16:04:42.125 467 467 D SoundTriggerService: onBootPhase: 480 : false
05-28 16:04:42.127 467 467 I SystemServerTiming: StartBootPhaseSystemServicesReady
05-28 16:04:42.127 467 467 I SystemServiceManager: Starting phase 500
05-28 16:04:42.127 467 467 I SystemServerTiming: OnBootPhase_500
05-28 16:04:42.127 467 467 E StatsPullAtomCallbackImpl: Failed to start PowerStatsService statsd pullers
05-28 16:04:42.131 467 467 D ConnectivityService: requestNetwork for uid/pid:1000/467 activeRequest: null callbackRequest: 9 [NetworkRequest [ REQUEST id=10, [ Capabilities: INTERNET&NOT_RESTRICTED&TRUSTED&NOT_VCN_MANAGED Uid: 1000 RequestorUid: 1000 RequestorPkg: android] ]] callback flags: 0 priority: 2147483647
05-28 16:04:42.131 467 467 E BatteryStatsService: Could not register PowerStatsInternal
05-28 16:04:42.131 467 608 D ConnectivityService: NetReassign [no changes]
05-28 16:04:42.133 467 467 V HintManagerService: Initializing HintManager service...
05-28 16:04:42.134 467 467 V HistoricalRegistry: Interaction before persistence initialized
05-28 16:04:42.136 467 467 D AppStandbyController: Setting app idle enabled state
05-28 16:04:42.138 467 467 V HistoricalRegistry: Interaction before persistence initialized
05-28 16:04:42.144 467 467 V VibratorManagerService: Initializing VibratorManager service...
05-28 16:04:42.144 467 467 V HistoricalRegistry: Interaction before persistence initialized
05-28 16:04:42.145 467 467 V VibratorManagerService: VibratorManager service initialized
05-28 16:04:42.150 467 608 D ConnectivityService: NetReassign [no changes]
05-28 16:04:42.154 467 467 I ActivityTaskManager: Config changes=200 {1.0 ?mcc?mnc [zh_CN] ldltr sw720dp w1280dp h696dp 240dpi xlrg long land television -touch qwerty/v/v dpad/v winConfig={ mBounds=Rect(0, 0 - 1920, 1080) mAppBounds=Rect(0, 0 - 1920, 1080) mMaxBounds=Rect(0, 0 - 1920, 1080) mWindowingMode=fullscreen mDisplayWindowingMode=fullscreen mActivityType=undefined mAlwaysOnTop=undefined mRotation=ROTATION_0} s.4 ?fontWeightAdjustment}
05-28 16:04:42.156 467 467 I WindowManager: Override config changes=200 {1.0 ?mcc?mnc [zh_CN] ldltr sw720dp w1280dp h696dp 240dpi xlrg long land television -touch qwerty/v/v dpad/v winConfig={ mBounds=Rect(0, 0 - 1920, 1080) mAppBounds=Rect(0, 0 - 1920, 1080) mMaxBounds=Rect(0, 0 - 1920, 1080) mWindowingMode=fullscreen mDisplayWindowingMode=fullscreen mActivityType=undefined mAlwaysOnTop=undefined mRotation=ROTATION_0} s.4 ?fontWeightAdjustment} for displayId=0
05-28 16:04:42.158 467 467 D TestHarnessModeService: Setting up test harness mode
05-28 16:04:42.158 467 467 D TestHarnessModeService: Getting PersistentDataBlockManagerInternal from LocalServices
05-28 16:04:42.172 467 467 V HistoricalRegistry: Interaction before persistence initialized
05-28 16:04:42.174 467 467 W NetworkPolicy: setRestrictBackgroundUL: already false
05-28 16:04:42.175 467 467 I WifiScanningService: Starting wifiscanner
05-28 16:04:42.172 323 323 I rainbow_flow: type=1400 audit(0.0:336): avc: denied { ioctl } for path="/dev/spidev1.0" dev="tmpfs" ino=6196 ioctlcmd=0x6b00 scontext=u:r:init:s0 tcontext=u:object_r:device:s0 tclass=chr_file permissive=1
05-28 16:04:42.178 467 467 I EthernetServiceImpl: Starting Ethernet service
05-28 16:04:42.180 467 467 D EthernetTracker: Interface match regexp set to 'eth\d'
05-28 16:04:42.183 467 467 D Ethernet: Registering NetworkFactory
05-28 16:04:42.184 467 608 D ConnectivityService: Got NetworkProvider Messenger for Ethernet
05-28 16:04:42.184 467 467 E IpConfigStore: Error opening configuration file: java.io.FileNotFoundException: /data/misc/ethernet/ipconfig.txt: open failed: ENOENT (No such file or directory)
05-28 16:04:42.185 467 467 I PppoeServiceImpl: Starting PPPOE service
05-28 16:04:42.187 467 644 I EthernetTracker: maybeTrackInterface: eth0
05-28 16:04:42.189 467 600 W WifiXmlUtil: Ignoring unknown value name found: CarrierMerged
05-28 16:04:42.190 467 600 W WifiXmlUtil: Ignoring unknown value name found: CaptivePortalNeverDetected
05-28 16:04:42.188 331 331 I xiriservice_All: type=1400 audit(0.0:337): avc: denied { read } for scontext=u:r:init:s0 tcontext=u:r:init:s0 tclass=netlink_kobject_uevent_socket permissive=1
05-28 16:04:42.191 311 315 D XM_HIDREAD: add@ add@/devices/platform/soc@3000000/5030000.eth/mdio_bus/5030000.eth-0
05-28 16:04:42.192 311 315 D XM_HIDREAD: add@ add@/devices/platform/soc@3000000/5030000.eth/mdio_bus/5030000.eth-0/5030000.eth-0:00
05-28 16:04:42.193 467 600 W WifiXmlUtil: Ignoring unknown value name found: CarrierMerged
05-28 16:04:42.193 467 600 W WifiXmlUtil: Ignoring unknown value name found: CaptivePortalNeverDetected
05-28 16:04:42.195 467 600 W WifiXmlUtil: Ignoring unknown value name found: CarrierMerged
05-28 16:04:42.195 467 600 W WifiXmlUtil: Ignoring unknown value name found: CaptivePortalNeverDetected
05-28 16:04:42.199 311 315 D XM_HIDREAD: add@ add@/devices/platform/soc@3000000/5030000.eth/mdio_bus/5030000.eth-0/5030000.eth-0:10
05-28 16:04:42.208 467 467 D PPPOE : Registering NetworkFactory
05-28 16:04:42.208 467 600 D WifiConfigStore: Reading from all stores completed in 31 ms.
05-28 16:04:42.208 467 608 D ConnectivityService: Got NetworkProvider Messenger for PPPOE
05-28 16:04:42.209 467 467 W PppoeServiceImpl: pppoe interface file not exist!
05-28 16:04:42.210 467 645 D PPPOE : got request NetworkRequest [ REQUEST id=1, [ Capabilities: INTERNET&NOT_RESTRICTED&TRUSTED&NOT_VPN&NOT_VCN_MANAGED RequestorUid: 1000 RequestorPkg: android] ]
05-28 16:04:42.210 467 645 D PppoeNetworkFactory: onRequestNetwork
05-28 16:04:42.210 467 645 D PPPOE : got request NetworkRequest [ REQUEST id=10, [ Capabilities: INTERNET&NOT_RESTRICTED&TRUSTED&NOT_VCN_MANAGED Uid: 1000 RequestorUid: 1000 RequestorPkg: android] ]
05-28 16:04:42.210 467 645 D PPPOE : got request NetworkRequest [ REQUEST id=5, [ Transports: PPPOE Capabilities: INTERNET&NOT_RESTRICTED&TRUSTED&NOT_VPN&NOT_VCN_MANAGED RequestorUid: 1000 RequestorPkg: android] ]
05-28 16:04:42.211 467 600 E WifiConfigManager: Cannot find network with networkId -1 or configKey "2"WPA_PSK or upgradable security type check
05-28 16:04:42.212 467 600 E WifiConfigManager: Cannot find network with networkId -1 or configKey "5G"WPA_PSK or upgradable security type check
05-28 16:04:42.213 467 600 E WifiConfigManager: Cannot find network with networkId -1 or configKey "DZNB"WPA_PSK or upgradable security type check
05-28 16:04:42.214 467 467 V HistoricalRegistry: Interaction before persistence initialized
05-28 16:04:42.222 467 600 I WifiInjector: enableVerboseLogging(0): false
05-28 16:04:42.222 467 600 E SupplicantStaIfaceHal: Can't call setDebugParams, ISupplicant is null
05-28 16:04:42.222 467 600 E HostapdHal: Can't call setDebugParams, IHostapd is null
05-28 16:04:42.223 467 600 I WifiService: WifiService starting up with Wi-Fi disabled
05-28 16:04:42.225 467 467 V HistoricalRegistry: Interaction before persistence initialized
05-28 16:04:42.226 467 467 D SoundTriggerService: onBootPhase: 500 : false
05-28 16:04:42.230 467 600 D WifiController: isAirplaneModeOn = false, isWifiEnabled = false, isScanningAvailable = false, isLocationModeActive = true
05-28 16:04:42.231 467 600 E WifiActiveModeWarden: Something is wrong, no client mode toggles enabled
05-28 16:04:42.233 467 600 I android_os_HwBinder: HwBinder: Starting thread pool for getting: android.hidl.manager@1.2::IServiceManager/default
05-28 16:04:42.236 182 182 I hwservicemanager: Since android.hardware.wifi@1.0::IWifi/default is not registered, trying to start it as a lazy HAL.
05-28 16:04:42.237 182 182 I hwservicemanager: Since android.hardware.wifi@1.0::IWifi/default is not registered, trying to start it as a lazy HAL.
05-28 16:04:42.237 467 600 I HidlServiceManagement: getService: Trying again for android.hardware.wifi@1.0::IWifi/default...
05-28 16:04:42.238 467 467 I SystemServerTiming: MakeWindowManagerServiceReady
05-28 16:04:42.244 1 1 I init : starting service 'vendor.wifi_hal_legacy'...
05-28 16:04:42.251 1 1 I init : Control message: Processed ctl.interface_start for 'android.hardware.wifi@1.0::IWifi/default' from pid: 182 (/system/bin/hwservicemanager)
05-28 16:04:42.251 1 1 I init : Control message: Processed ctl.interface_start for 'android.hardware.wifi@1.0::IWifi/default' from pid: 182 (/system/bin/hwservicemanager)
05-28 16:04:42.247 182 182 I hwservicemanager: getTransport: Cannot find entry android.hardware.configstore@1.1::ISurfaceFlingerConfigs/default in either framework or device VINTF manifest.
05-28 16:04:42.248 467 523 E KernelCpuThreadReader: Failed to initialize KernelCpuThreadReader
05-28 16:04:42.248 467 523 E KernelCpuThreadReader: java.nio.file.NoSuchFileException: /proc/self/time_in_state
05-28 16:04:42.248 467 523 E KernelCpuThreadReader: at sun.nio.fs.UnixFileSystemProvider.newByteChannel(UnixFileSystemProvider.java:214)
05-28 16:04:42.248 467 523 E KernelCpuThreadReader: at java.nio.file.Files.newByteChannel(Files.java:361)
05-28 16:04:42.248 467 523 E KernelCpuThreadReader: at java.nio.file.Files.newByteChannel(Files.java:407)
05-28 16:04:42.248 467 523 E KernelCpuThreadReader: at java.nio.file.Files.readAllBytes(Files.java:3152)
05-28 16:04:42.248 467 523 E KernelCpuThreadReader: at com.android.internal.os.ProcTimeInStateReader.initializeTimeInStateFormat(ProcTimeInStateReader.java:159)
05-28 16:04:42.248 467 523 E KernelCpuThreadReader: at com.android.internal.os.ProcTimeInStateReader.(ProcTimeInStateReader.java:106)
05-28 16:04:42.248 467 523 E KernelCpuThreadReader: at com.android.internal.os.KernelCpuThreadReader.(KernelCpuThreadReader.java:138)
05-28 16:04:42.248 467 523 E KernelCpuThreadReader: at com.android.internal.os.KernelCpuThreadReader.create(KernelCpuThreadReader.java:151)
05-28 16:04:42.248 467 523 E KernelCpuThreadReader: at com.android.internal.os.KernelCpuThreadReaderSettingsObserver.(KernelCpuThreadReaderSettingsObserver.java:95)
05-28 16:04:42.248 467 523 E KernelCpuThreadReader: at com.android.internal.os.KernelCpuThreadReaderSettingsObserver.getSettingsModifiedReader(KernelCpuThreadReaderSettingsObserver.java:80)
05-28 16:04:42.248 467 523 E KernelCpuThreadReader: at com.android.server.stats.pull.StatsPullAtomService.initializePullersState(StatsPullAtomService.java:798)
05-28 16:04:42.248 467 523 E KernelCpuThreadReader: at com.android.server.stats.pull.StatsPullAtomService.lambda$onBootPhase$0$StatsPullAtomService(StatsPullAtomService.java:757)
05-28 16:04:42.248 467 523 E KernelCpuThreadReader: at com.android.server.stats.pull.StatsPullAtomService$$ExternalSyntheticLambda14.run(Unknown Source:2)
05-28 16:04:42.248 467 523 E KernelCpuThreadReader: at android.os.Handler.handleCallback(Handler.java:938)
05-28 16:04:42.248 467 523 E KernelCpuThreadReader: at android.os.Handler.dispatchMessage(Handler.java:99)
05-28 16:04:42.248 467 523 E KernelCpuThreadReader: at android.os.Looper.loopOnce(Looper.java:201)
05-28 16:04:42.248 467 523 E KernelCpuThreadReader: at android.os.Looper.loop(Looper.java:288)
05-28 16:04:42.248 467 523 E KernelCpuThreadReader: at android.os.HandlerThread.run(HandlerThread.java:67)
05-28 16:04:42.249 182 182 I hwservicemanager: getTransport: Cannot find entry android.hardware.configstore@1.1::ISurfaceFlingerConfigs/default in either framework or device VINTF manifest.
05-28 16:04:42.250 467 523 I android_os_HwBinder: HwBinder: Starting thread pool for getting: android.hardware.health@2.0::IHealth/default
05-28 16:04:42.251 182 182 I hwservicemanager: getTransport: Cannot find entry android.hardware.configstore@1.1::ISurfaceFlingerConfigs/default in either framework or device VINTF manifest.
05-28 16:04:42.253 467 523 I android_os_HwBinder: HwBinder: Starting thread pool for getting: android.hidl.manager@1.0::IServiceManager/default
05-28 16:04:42.253 467 467 I SystemServerTiming: MakePowerManagerServiceReady
05-28 16:04:42.254 467 523 I HealthServiceWrapper: health: HealthServiceWrapper listening to instance default
05-28 16:04:42.254 467 467 I AttentionDetector: readValuesFromDeviceConfig():
05-28 16:04:42.254 467 467 I AttentionDetector: mMaximumExtensionMillis=900000
05-28 16:04:42.254 467 467 I AttentionDetector: mPreDimCheckDurationMillis=2000
05-28 16:04:42.254 467 467 I AttentionDetector: mRequestedPostDimTimeoutMillis=0
05-28 16:04:42.256 467 652 I android_os_HwBinder: HwBinder: Starting thread pool for getting: android.hardware.health@2.0::IHealth/default
05-28 16:04:42.256 467 523 D StatsPullAtomService: Registering pullers with statsd
05-28 16:04:42.261 467 608 D ConnectivityService: NetReassign [no changes]
05-28 16:04:42.261 467 523 I StatsPullAtomService: register thermal listener successfully
05-28 16:04:42.265 467 467 E DisplayPowerController[0]: failed to set up display white-balance: java.lang.IllegalStateException: cannot find light sensor
05-28 16:04:42.267 260 260 I AW_PowerHAL: isBoostSupported: 0
05-28 16:04:42.270 260 260 I AW_PowerHAL: Power setMode: DISPLAY_INACTIVE to: 0
05-28 16:04:42.270 260 260 I AW_PowerHAL: not completed yet, ignore mode request other
05-28 16:04:42.271 271 271 D SurfaceFlinger: Setting power mode 2 on display 0
05-28 16:04:42.271 467 516 I DisplayDeviceRepository: Display device changed state: "内置屏幕", ON
05-28 16:04:42.272 259 259 I android.hardware.lights-service: Lights setting state for id=0 to color ffffffff
05-28 16:04:42.273 467 516 I InputManager-JNI: Viewport [0] to add: local:0, isActive: true
05-28 16:04:42.275 467 533 W KernelCpuProcStringReader: File not found. It's normal if not implemented: /proc/uid_time_in_state
05-28 16:04:42.275 467 589 I InputReader: Reconfiguring input devices, changes=DISPLAY_INFO |
05-28 16:04:42.275 467 533 W KernelCpuProcStringReader: File not found. It's normal if not implemented: /proc/uid_concurrent_active_time
05-28 16:04:42.275 467 533 W KernelCpuProcStringReader: File not found. It's normal if not implemented: /proc/uid_concurrent_policy_time
05-28 16:04:42.276 467 533 E KernelCpuSpeedReader: Failed to read cpu-freq: /sys/devices/system/cpu/cpu0/cpufreq/stats/time_in_state: open failed: ENOENT (No such file or directory)
05-28 16:04:42.276 467 533 E system_server: Cannot read thread CPU times for PID 467
05-28 16:04:42.277 467 467 I FaceDownDetector: readValuesFromDeviceConfig():
05-28 16:04:42.277 467 467 I FaceDownDetector: mAccelerationThreshold=0.2
05-28 16:04:42.277 467 467 I FaceDownDetector: mZAccelerationThreshold=-9.5
05-28 16:04:42.277 467 467 I FaceDownDetector: mTimeThreshold=PT1S
05-28 16:04:42.277 467 467 I FaceDownDetector: mIsEnabled=false
05-28 16:04:42.283 467 549 W KeyguardServiceDelegate: onScreenTurningOn(): no keyguard service!
05-28 16:04:42.286 467 549 V DisplayPowerController[0]: Brightness [0.39763778] reason changing to: 'override', previous reason: '0'.
05-28 16:04:42.286 467 467 I SystemServerTiming: StartPermissionPolicyService
05-28 16:04:42.287 467 467 I SystemServiceManager: Starting com.android.server.policy.PermissionPolicyService
05-28 16:04:42.287 259 259 I android.hardware.lights-service: Lights setting state for id=0 to color ff6a6a6a
05-28 16:04:42.290 467 467 I SystemServerTiming: MakePackageManagerServiceReady
05-28 16:04:42.300 467 467 V UserDataPreparer: Found /data/user_de/0 with serial number 0
05-28 16:04:42.300 467 467 V UserDataPreparer: Found /data/user/0 with serial number 0
05-28 16:04:42.300 467 467 V UserDataPreparer: Found /data/system_de/0 with serial number 0
05-28 16:04:42.301 467 467 W UserDataPreparer: Invalid user directory /data/system_de/usagestats
05-28 16:04:42.301 467 467 V UserDataPreparer: Found /data/system_ce/0 with serial number 0
05-28 16:04:42.301 467 467 V UserDataPreparer: Found /data/misc_ce/0 with serial number 0
05-28 16:04:42.303 467 467 I PackageManager: Permission ownership changed. Updating all permissions.
05-28 16:04:42.326 651 651 I android.hardware.wifi@1.0-service-lazy: Wifi Hal is booting up...
05-28 16:04:42.327 651 651 I HidlLazyUtils: Registering HAL: android.hardware.wifi@1.5::IWifi with name: default
05-28 16:04:42.327 651 651 E cutils-trace: Error opening trace file: No such file or directory (2)
05-28 16:04:42.330 651 651 I HidlServiceManagement: Registered android.hardware.wifi@1.5::IWifi/default
05-28 16:04:42.330 467 630 D HalDevMgr: IWifi registration notification: fqName=android.hardware.wifi@1.0::IWifi, name=default, preexisting=false
05-28 16:04:42.330 651 651 I HidlServiceManagement: Removing namespace from process name android.hardware.wifi@1.0-service-lazy to wifi@1.0-service-lazy.
05-28 16:04:42.331 182 182 I hw-BpHwBinder: onLastStrongRef automatically unlinking death recipients
05-28 16:04:42.331 467 600 I android_os_HwBinder: HwBinder: Starting thread pool for getting: android.hardware.wifi@1.0::IWifi/default
05-28 16:04:42.333 467 600 D WifiNl80211Manager: tearing down interfaces in wificond
05-28 16:04:42.350 467 600 D WifiAdaptConnObserver: Adaptive connectivity status initialized to: true
05-28 16:04:42.351 467 600 D WifiController: DisabledState.enter()
05-28 16:04:42.352 467 555 E DefaultPermGrantPolicy: Package not found: org.xbmc.kodi
05-28 16:04:42.352 467 555 W DefaultPermGrantPolicy: No such package:org.xbmc.kodi
05-28 16:04:42.352 467 555 E DefaultPermGrantPolicy: Package not found: cm.aptoidetv.pt
05-28 16:04:42.352 467 555 W DefaultPermGrantPolicy: No such package:cm.aptoidetv.pt
05-28 16:04:42.352 467 555 E DefaultPermGrantPolicy: Package not found: com.softwinner.TvdFileManager
05-28 16:04:42.352 467 555 W DefaultPermGrantPolicy: No such package:com.softwinner.TvdFileManager
05-28 16:04:42.352 467 555 E DefaultPermGrantPolicy: Package not found: com.softwinner.TvdVideo
05-28 16:04:42.352 467 555 W DefaultPermGrantPolicy: No such package:com.softwinner.TvdVideo
05-28 16:04:42.352 467 555 E DefaultPermGrantPolicy: Package not found: com.android.chrome
05-28 16:04:42.352 467 555 W DefaultPermGrantPolicy: No such package:com.android.chrome
05-28 16:04:42.353 467 555 E DefaultPermGrantPolicy: Package not found: com.android.vending
05-28 16:04:42.353 467 555 W DefaultPermGrantPolicy: No such package:com.android.vending
05-28 16:04:42.353 467 555 E DefaultPermGrantPolicy: Package not found: com.google.android.tts
05-28 16:04:42.353 467 555 W DefaultPermGrantPolicy: No such package:com.google.android.tts
05-28 16:04:42.353 467 555 E DefaultPermGrantPolicy: Package not found: com.google.android.youtube.tv
05-28 16:04:42.353 467 555 W DefaultPermGrantPolicy: No such package:com.google.android.youtube.tv
05-28 16:04:42.353 467 555 E DefaultPermGrantPolicy: Package not found: com.google.android.katniss
05-28 16:04:42.353 467 555 W DefaultPermGrantPolicy: No such package:com.google.android.katniss
05-28 16:04:42.353 467 555 E DefaultPermGrantPolicy: Package not found: com.google.android.gms
05-28 16:04:42.353 467 555 W DefaultPermGrantPolicy: No such package:com.google.android.gms
05-28 16:04:42.356 467 467 I SystemServerTiming: MakeDisplayManagerServiceReady
05-28 16:04:42.358 467 516 E DisplayModeDirector: Asked about unknown display, returning empty display mode specs!(id=0)
05-28 16:04:42.358 467 516 E DisplayModeDirector: Asked about unknown display, returning empty display mode specs!(id=0)
05-28 16:04:42.360 467 467 I SystemServerTiming: StartDeviceSpecificServices
05-28 16:04:42.360 467 467 I SystemServerTiming: GameManagerService
05-28 16:04:42.360 467 467 I SystemServiceManager: Starting com.android.server.app.GameManagerService$Lifecycle
05-28 16:04:42.366 467 467 I SystemServerTiming: StartBootPhaseDeviceSpecificServicesReady
05-28 16:04:42.366 467 467 I SystemServiceManager: Starting phase 520
05-28 16:04:42.366 467 467 I SystemServerTiming: OnBootPhase_520
05-28 16:04:42.366 467 467 D SoundTriggerService: onBootPhase: 520 : false
05-28 16:04:42.367 467 467 I SystemServerTiming: AppSearchManagerService
05-28 16:04:42.373 467 467 I SystemServiceManager: Starting com.android.server.appsearch.AppSearchManagerService
05-28 16:04:42.376 467 467 I SystemServerTiming: StartMediaCommunicationService
05-28 16:04:42.377 467 467 I SystemServiceManager: Starting com.android.server.media.MediaCommunicationService
05-28 16:04:42.379 467 467 I SystemServerTiming: PhaseActivityManagerReady
05-28 16:04:42.379 467 467 I SystemServerTiming: controllersReady
05-28 16:04:42.383 467 563 I SystemServerTimingAsync: InitThreadPoolExec:Update app-ops uidState in case package com.dangbei.hqmedia changed
05-28 16:04:42.383 467 563 D SystemServerInitThreadPool: Started executing Update app-ops uidState in case package com.dangbei.hqmedia changed
05-28 16:04:42.384 467 520 I SystemServerTimingAsync: InitThreadPoolExec:Update app-ops uidState in case package com.android.providers.media.module changed
05-28 16:04:42.384 467 520 D SystemServerInitThreadPool: Started executing Update app-ops uidState in case package com.android.providers.media.module changed
05-28 16:04:42.384 467 563 D SystemServerInitThreadPool: Finished executing Update app-ops uidState in case package com.dangbei.hqmedia changed
05-28 16:04:42.384 467 563 I SystemServerTimingAsync: InitThreadPoolExec:Update app-ops uidState in case package com.android.systemui changed
05-28 16:04:42.384 467 563 D SystemServerInitThreadPool: Started executing Update app-ops uidState in case package com.android.systemui changed
05-28 16:04:42.384 467 563 D SystemServerInitThreadPool: Finished executing Update app-ops uidState in case package com.android.systemui changed
05-28 16:04:42.384 467 563 I SystemServerTimingAsync: InitThreadPoolExec:Update app-ops uidState in case package com.android.tv changed
05-28 16:04:42.384 467 563 D SystemServerInitThreadPool: Started executing Update app-ops uidState in case package com.android.tv changed
05-28 16:04:42.384 467 563 D SystemServerInitThreadPool: Finished executing Update app-ops uidState in case package com.android.tv changed
05-28 16:04:42.384 467 563 I SystemServerTimingAsync: InitThreadPoolExec:Update app-ops uidState in case package com.dangbei.lerad.screensaver changed
05-28 16:04:42.384 467 563 D SystemServerInitThreadPool: Started executing Update app-ops uidState in case package com.dangbei.lerad.screensaver changed
05-28 16:04:42.384 467 563 D SystemServerInitThreadPool: Finished executing Update app-ops uidState in case package com.dangbei.lerad.screensaver changed
05-28 16:04:42.384 467 563 I SystemServerTimingAsync: InitThreadPoolExec:Update app-ops uidState in case package com.android.music changed
05-28 16:04:42.384 467 563 D SystemServerInitThreadPool: Started executing Update app-ops uidState in case package com.android.music changed
05-28 16:04:42.384 467 563 D SystemServerInitThreadPool: Finished executing Update app-ops uidState in case package com.android.music changed
05-28 16:04:42.384 467 572 I SystemServerTimingAsync: InitThreadPoolExec:Update app-ops uidState in case package com.sohu.inputmethod.sogou.tv changed
05-28 16:04:42.384 467 572 D SystemServerInitThreadPool: Started executing Update app-ops uidState in case package com.sohu.inputmethod.sogou.tv changed
05-28 16:04:42.384 467 572 D SystemServerInitThreadPool: Finished executing Update app-ops uidState in case package com.sohu.inputmethod.sogou.tv changed
05-28 16:04:42.384 467 572 I SystemServerTimingAsync: InitThreadPoolExec:Update app-ops uidState in case package com.dangbei.screencast changed
05-28 16:04:42.384 467 572 D SystemServerInitThreadPool: Started executing Update app-ops uidState in case package com.dangbei.screencast changed
05-28 16:04:42.384 467 572 D SystemServerInitThreadPool: Finished executing Update app-ops uidState in case package com.dangbei.screencast changed
05-28 16:04:42.385 467 572 I SystemServerTimingAsync: InitThreadPoolExec:Update app-ops uidState in case package com.android.providers.contacts changed
05-28 16:04:42.385 467 572 D SystemServerInitThreadPool: Started executing Update app-ops uidState in case package com.android.providers.contacts changed
05-28 16:04:42.385 467 572 D SystemServerInitThreadPool: Finished executing Update app-ops uidState in case package com.android.providers.contacts changed
05-28 16:04:42.385 467 572 I SystemServerTimingAsync: InitThreadPoolExec:Update app-ops uidState in case package com.android.providers.downloads changed
05-28 16:04:42.385 467 572 D SystemServerInitThreadPool: Started executing Update app-ops uidState in case package com.android.providers.downloads changed
05-28 16:04:42.385 467 572 D SystemServerInitThreadPool: Finished executing Update app-ops uidState in case package com.android.providers.downloads changed
05-28 16:04:42.385 467 572 I SystemServerTimingAsync: InitThreadPoolExec:Update app-ops uidState in case package com.android.bluetooth changed
05-28 16:04:42.385 467 572 D SystemServerInitThreadPool: Started executing Update app-ops uidState in case package com.android.bluetooth changed
05-28 16:04:42.385 467 572 D SystemServerInitThreadPool: Finished executing Update app-ops uidState in case package com.android.bluetooth changed
05-28 16:04:42.385 467 572 I SystemServerTimingAsync: InitThreadPoolExec:Update app-ops uidState in case package com.oranth.factory changed
05-28 16:04:42.385 467 572 D SystemServerInitThreadPool: Started executing Update app-ops uidState in case package com.oranth.factory changed
05-28 16:04:42.385 467 572 D SystemServerInitThreadPool: Finished executing Update app-ops uidState in case package com.oranth.factory changed
05-28 16:04:42.385 467 572 I SystemServerTimingAsync: InitThreadPoolExec:Update app-ops uidState in case package com.dangbei.zhushou.os changed
05-28 16:04:42.385 467 572 D SystemServerInitThreadPool: Started executing Update app-ops uidState in case package com.dangbei.zhushou.os changed
05-28 16:04:42.385 467 572 D SystemServerInitThreadPool: Finished executing Update app-ops uidState in case package com.dangbei.zhushou.os changed
05-28 16:04:42.385 467 572 I SystemServerTimingAsync: InitThreadPoolExec:Update app-ops uidState in case package com.oranth.ledstatus changed
05-28 16:04:42.385 467 572 D SystemServerInitThreadPool: Started executing Update app-ops uidState in case package com.oranth.ledstatus changed
05-28 16:04:42.385 467 572 D SystemServerInitThreadPool: Finished executing Update app-ops uidState in case package com.oranth.ledstatus changed
05-28 16:04:42.385 467 572 I SystemServerTimingAsync: InitThreadPoolExec:Update app-ops uidState in case package android changed
05-28 16:04:42.385 467 572 D SystemServerInitThreadPool: Started executing Update app-ops uidState in case package android changed
05-28 16:04:42.385 467 572 D SystemServerInitThreadPool: Finished executing Update app-ops uidState in case package android changed
05-28 16:04:42.385 467 572 I SystemServerTimingAsync: InitThreadPoolExec:Update app-ops uidState in case package com.android.inputdevices changed
05-28 16:04:42.385 467 572 D SystemServerInitThreadPool: Started executing Update app-ops uidState in case package com.android.inputdevices changed
05-28 16:04:42.385 467 572 D SystemServerInitThreadPool: Finished executing Update app-ops uidState in case package com.android.inputdevices changed
05-28 16:04:42.385 467 572 I SystemServerTimingAsync: InitThreadPoolExec:Update app-ops uidState in case package com.android.localtransport changed
05-28 16:04:42.385 467 572 D SystemServerInitThreadPool: Started executing Update app-ops uidState in case package com.android.localtransport changed
05-28 16:04:42.385 467 572 D SystemServerInitThreadPool: Finished executing Update app-ops uidState in case package com.android.localtransport changed
05-28 16:04:42.385 467 572 I SystemServerTimingAsync: InitThreadPoolExec:Update app-ops uidState in case package com.oranth.usbopenft changed
05-28 16:04:42.385 467 572 D SystemServerInitThreadPool: Started executing Update app-ops uidState in case package com.oranth.usbopenft changed
05-28 16:04:42.386 467 572 D SystemServerInitThreadPool: Finished executing Update app-ops uidState in case package com.oranth.usbopenft changed
05-28 16:04:42.386 467 572 I SystemServerTimingAsync: InitThreadPoolExec:Update app-ops uidState in case package com.dangbei.lerad.etna.haqu changed
05-28 16:04:42.386 467 572 D SystemServerInitThreadPool: Started executing Update app-ops uidState in case package com.dangbei.lerad.etna.haqu changed
05-28 16:04:42.386 467 572 D SystemServerInitThreadPool: Finished executing Update app-ops uidState in case package com.dangbei.lerad.etna.haqu changed
05-28 16:04:42.386 467 572 I SystemServerTimingAsync: InitThreadPoolExec:Update app-ops uidState in case package com.oranth.powerwindow changed
05-28 16:04:42.386 467 572 D SystemServerInitThreadPool: Started executing Update app-ops uidState in case package com.oranth.powerwindow changed
05-28 16:04:42.386 467 572 D SystemServerInitThreadPool: Finished executing Update app-ops uidState in case package com.oranth.powerwindow changed
05-28 16:04:42.386 467 572 I SystemServerTimingAsync: InitThreadPoolExec:Update app-ops uidState in case package com.oranth.storage changed
05-28 16:04:42.386 467 572 D SystemServerInitThreadPool: Started executing Update app-ops uidState in case package com.oranth.storage changed
05-28 16:04:42.386 467 572 D SystemServerInitThreadPool: Finished executing Update app-ops uidState in case package com.oranth.storage changed
05-28 16:04:42.386 467 572 I SystemServerTimingAsync: InitThreadPoolExec:Update app-ops uidState in case package com.android.location.fused changed
05-28 16:04:42.386 467 572 D SystemServerInitThreadPool: Started executing Update app-ops uidState in case package com.android.location.fused changed
05-28 16:04:42.386 467 572 D SystemServerInitThreadPool: Finished executing Update app-ops uidState in case package com.android.location.fused changed
05-28 16:04:42.386 467 572 I SystemServerTimingAsync: InitThreadPoolExec:Update app-ops uidState in case package com.dangbei.haqusetting changed
05-28 16:04:42.386 467 572 D SystemServerInitThreadPool: Started executing Update app-ops uidState in case package com.dangbei.haqusetting changed
05-28 16:04:42.386 467 572 D SystemServerInitThreadPool: Finished executing Update app-ops uidState in case package com.dangbei.haqusetting changed
05-28 16:04:42.386 467 512 I SystemServerTimingAsync: InitThreadPoolExec:Update app-ops uidState in case package com.dangbei.hqguide changed
05-28 16:04:42.386 467 563 I SystemServerTimingAsync: InitThreadPoolExec:Update app-ops uidState in case package com.android.providers.calendar changed
05-28 16:04:42.386 467 512 D SystemServerInitThreadPool: Started executing Update app-ops uidState in case package com.dangbei.hqguide changed
05-28 16:04:42.386 467 563 D SystemServerInitThreadPool: Started executing Update app-ops uidState in case package com.android.providers.calendar changed
05-28 16:04:42.386 467 520 D SystemServerInitThreadPool: Finished executing Update app-ops uidState in case package com.android.providers.media.module changed
05-28 16:04:42.386 467 512 D SystemServerInitThreadPool: Finished executing Update app-ops uidState in case package com.dangbei.hqguide changed
05-28 16:04:42.386 467 563 D SystemServerInitThreadPool: Finished executing Update app-ops uidState in case package com.android.providers.calendar changed
05-28 16:04:42.387 467 467 I SystemServerTiming: killProcesses
05-28 16:04:42.387 467 467 I ActivityManager: System now ready
05-28 16:04:42.387 467 467 I SystemServerTiming: updateTopComponentForFactoryTest
05-28 16:04:42.387 467 467 I SystemServerTiming: registerActivityLaunchObserver
05-28 16:04:42.388 467 467 I SystemServerTiming: watchDeviceProvisioning
05-28 16:04:42.395 467 467 I SystemServerTiming: retrieveSettings
