05-28 16:05:21.647 651 651 E WifiHAL : wifi_get_link_stats: requestResponse Error:-5
05-28 16:05:21.648 467 600 E WifiVendorHal: getWifiLinkLayerStats_1_5_Internal(l.1191) failed {.code = ERROR_INVALID_ARGS, .description = }
05-28 16:05:22.071 467 515 W IorapForwardingService: No service published for: iorapd
05-28 16:05:22.302 1057 1774 I OpenGLRenderer: Davey! duration=9223371982660ms; Flags=0, FrameTimelineVsyncId=1971, IntendedVsync=54194289051, Vsync=54194289051, InputEventId=0, HandleInputStart=54194902775, AnimationStart=54194908358, PerformTraversalsStart=54195482191, DrawStart=54196277733, FrameDeadline=54227622383, FrameInterval=54194893733, FrameStartTime=16666666, SyncQueued=54197672316, SyncStart=54198065733, IssueDrawCommandsStart=54199102733, SwapBuffers=54217715566, FrameCompleted=9223372036854775807, DequeueBufferDuration=50333, QueueBufferDuration=1832000, GpuCompleted=9223372036854775807, SwapBuffersCompleted=54220893733, DisplayPresentTime=0,
05-28 16:05:22.317 1057 1774 I OpenGLRenderer: Davey! duration=9223371982639ms; Flags=0, FrameTimelineVsyncId=1972, IntendedVsync=54210953346, Vsync=54210953346, InputEventId=0, HandleInputStart=54211723108, AnimationStart=54211729483, PerformTraversalsStart=54212571733, DrawStart=54213118816, FrameDeadline=54244286678, FrameInterval=54211712983, FrameStartTime=16666666, SyncQueued=54217118691, SyncStart=54221271483, IssueDrawCommandsStart=54222738733, SwapBuffers=54238391525, FrameCompleted=9223372036854775807, DequeueBufferDuration=47542, QueueBufferDuration=1542833, GpuCompleted=9223372036854775807, SwapBuffersCompleted=54240939108, DisplayPresentTime=0,
05-28 16:05:22.333 1057 1774 I OpenGLRenderer: Davey! duration=9223371982619ms; Flags=0, FrameTimelineVsyncId=1974, IntendedVsync=54227617641, Vsync=54227617641, InputEventId=0, HandleInputStart=54230614983, AnimationStart=54230619525, PerformTraversalsStart=54233467775, DrawStart=54233671733, FrameDeadline=54260950973, FrameInterval=54230603191, FrameStartTime=16666666, SyncQueued=54233767691, SyncStart=54241165150, IssueDrawCommandsStart=54241937233, SwapBuffers=54247842566, FrameCompleted=9223372036854775807, DequeueBufferDuration=26084, QueueBufferDuration=5559416, GpuCompleted=9223372036854775807, SwapBuffersCompleted=54254989358, DisplayPresentTime=0,
05-28 16:05:22.350 1057 1774 I OpenGLRenderer: Davey! duration=9223371982605ms; Flags=0, FrameTimelineVsyncId=1976, IntendedVsync=54244281936, Vsync=54244281936, InputEventId=0, HandleInputStart=54244888483, AnimationStart=54244959441, PerformTraversalsStart=54250053441, DrawStart=54250295483, FrameDeadline=54277615268, FrameInterval=54244877066, FrameStartTime=16666666, SyncQueued=54250390066, SyncStart=54255655275, IssueDrawCommandsStart=54257227025, SwapBuffers=54266231442, FrameCompleted=9223372036854775807, DequeueBufferDuration=74667, QueueBufferDuration=6221792, GpuCompleted=9223372036854775807, SwapBuffersCompleted=54273846192, DisplayPresentTime=0,
05-28 16:05:22.372 1057 1082 I OpenGLRenderer: Davey! duration=9223371982583ms; Flags=0, FrameTimelineVsyncId=1978, IntendedVsync=54260632702, Vsync=54260632702, InputEventId=0, HandleInputStart=54261560775, AnimationStart=54261565733, PerformTraversalsStart=54262612942, DrawStart=54263219942, FrameDeadline=54293966034, FrameInterval=54261550192, FrameStartTime=16666666, SyncQueued=54263676442, SyncStart=54274352608, IssueDrawCommandsStart=54275655317, SwapBuffers=54282946358, FrameCompleted=9223372036854775807, DequeueBufferDuration=45541, QueueBufferDuration=9206917, GpuCompleted=9223372036854775807, SwapBuffersCompleted=54292842900, DisplayPresentTime=0,
05-28 16:05:22.398 1057 1082 I OpenGLRenderer: Davey! duration=9223371982558ms; Flags=0, FrameTimelineVsyncId=1980, IntendedVsync=54277291054, Vsync=54277291054, InputEventId=0, HandleInputStart=54278467150, AnimationStart=54278475150, PerformTraversalsStart=54280300192, DrawStart=54280929775, FrameDeadline=54310624386, FrameInterval=54278454442, FrameStartTime=16666666, SyncQueued=54281609025, SyncStart=54300099317, IssueDrawCommandsStart=54301324025, SwapBuffers=54312848275, FrameCompleted=9223372036854775807, DequeueBufferDuration=59125, QueueBufferDuration=2132416, GpuCompleted=9223372036854775807, SwapBuffersCompleted=54316377192, DisplayPresentTime=0,
05-28 16:05:22.414 1057 1550 I OpenGLRenderer: Davey! duration=9223371982546ms; Flags=0, FrameTimelineVsyncId=1982, IntendedVsync=54293955583, Vsync=54293955583, InputEventId=0, HandleInputStart=54301681317, AnimationStart=54301685858, PerformTraversalsStart=54302365400, DrawStart=54302527192, FrameDeadline=54327288915, FrameInterval=54301674442, FrameStartTime=16666666, SyncQueued=54302601442, SyncStart=54316806817, IssueDrawCommandsStart=54318034400, SwapBuffers=54325647567, FrameCompleted=9223372036854775807, DequeueBufferDuration=46250, QueueBufferDuration=4235083, GpuCompleted=9223372036854775807, SwapBuffersCompleted=54330617900, DisplayPresentTime=0,
05-28 16:05:22.431 1057 1550 I OpenGLRenderer: Davey! duration=9223371982532ms; Flags=0, FrameTimelineVsyncId=1983, IntendedVsync=54310639284, Vsync=54310639284, InputEventId=0, HandleInputStart=54318410983, AnimationStart=54318415442, PerformTraversalsStart=54319164358, DrawStart=54319378858, FrameDeadline=54343972616, FrameInterval=54318402608, FrameStartTime=16666666, SyncQueued=54319480192, SyncStart=54330931567, IssueDrawCommandsStart=54332664358, SwapBuffers=54343627942, FrameCompleted=9223372036854775807, DequeueBufferDuration=42750, QueueBufferDuration=4567292, GpuCompleted=9223372036854775807, SwapBuffersCompleted=54349687567, DisplayPresentTime=0,
05-28 16:05:22.932 1057 1550 I OpenGLRenderer: Davey! duration=9223371982021ms; Flags=0, FrameTimelineVsyncId=2043, IntendedVsync=54810649955, Vsync=54810649955, InputEventId=0, HandleInputStart=54811219567, AnimationStart=54811224858, PerformTraversalsStart=54812509900, DrawStart=54812978025, FrameDeadline=54843983287, FrameInterval=54811209358, FrameStartTime=16666666, SyncQueued=54813300983, SyncStart=54835712733, IssueDrawCommandsStart=54837338608, SwapBuffers=54845602608, FrameCompleted=9223372036854775807, DequeueBufferDuration=38792, QueueBufferDuration=2499917, GpuCompleted=9223372036854775807, SwapBuffersCompleted=54849591775, DisplayPresentTime=0,
05-28 16:05:23.073 467 515 W IorapForwardingService: No service published for: iorapd
05-28 16:05:23.149 1021 1021 E dangbei111: cccccc 开始扫描
05-28 16:05:23.149 1021 1021 D BluetoothAdapter: isLeEnabled(): ON
05-28 16:05:23.153 467 574 I ActivityManager: Killing 1462:com.android.dynsystem:dynsystem/1000 (adj 985): empty #17
05-28 16:05:23.155 467 574 I ActivityManager: Killing 1486:com.android.managedprovisioning/u0a27 (adj 995): empty #18
05-28 16:05:23.155 657 988 I bluetooth: system/bt/stack/gatt/gatt_api.cc:1019 GATT_Register: Allocated name:GattClient uuid:4f0b117a-2a97-0f7d-ba79-98dee2d12520 gatt_if:5 eatt_support:0
05-28 16:05:23.156 467 574 I ActivityManager: Killing 1397:com.android.dynsystem/1000 (adj 995): empty #19
05-28 16:05:23.158 467 574 I ActivityManager: Killing 1291:android.process.acore/u0a14 (adj 999): empty #20
05-28 16:05:23.164 1021 1885 D BluetoothLeScanner: onScannerRegistered() - status=0 scannerId=5 mScannerId=0
05-28 16:05:23.178 249 989 E bt_upio : upio_set : /proc/bluetooth/sleep/btwrite(-1) incorrent
05-28 16:05:23.199 467 528 I libprocessgroup: Successfully killed process cgroup uid 1000 pid 1462 in 44ms
05-28 16:05:23.231 243 243 I Zygote : Process 1486 exited due to signal 9 (Killed)
05-28 16:05:23.244 467 1349 D CountryDetector: No listener is left
05-28 16:05:23.247 243 243 I Zygote : Process 1291 exited due to signal 9 (Killed)
05-28 16:05:23.249 35 35 I binder : undelivered transaction 43170, process died.
05-28 16:05:23.257 243 243 I Zygote : Process 1397 exited due to signal 9 (Killed)
05-28 16:05:23.259 243 243 I Zygote : Process 1462 exited due to signal 9 (Killed)
05-28 16:05:23.287 467 528 I libprocessgroup: Successfully killed process cgroup uid 10027 pid 1486 in 0ms
05-28 16:05:23.287 467 528 I libprocessgroup: Successfully killed process cgroup uid 1000 pid 1397 in 0ms
05-28 16:05:23.287 467 528 I libprocessgroup: Successfully killed process cgroup uid 10014 pid 1291 in 0ms
05-28 16:05:23.517 343 343 E : Send upper Vendor Specific event.
05-28 16:05:23.732 2124 2124 I cling--ap-5: type=1400 audit(0.0:1011): avc: denied { read } for name="address" dev="sysfs" ino=27449 scontext=u:r:platform_app:s0:c512,c768 tcontext=u:object_r:sysfs:s0 tclass=file permissive=1 app=com.dangbei.screencast
05-28 16:05:23.732 2124 2124 I cling--ap-5: type=1400 audit(0.0:1012): avc: denied { open } for path="/sys/devices/platform/unisoc_wifi/net/wlan1/address" dev="sysfs" ino=27449 scontext=u:r:platform_app:s0:c512,c768 tcontext=u:object_r:sysfs:s0 tclass=file permissive=1 app=com.dangbei.screencast
05-28 16:05:23.732 2124 2124 I cling--ap-5: type=1400 audit(0.0:1013): avc: denied { getattr } for path="/sys/devices/platform/unisoc_wifi/net/wlan1/address" dev="sysfs" ino=27449 scontext=u:r:platform_app:s0:c512,c768 tcontext=u:object_r:sysfs:s0 tclass=file permissive=1 app=com.dangbei.screencast
05-28 16:05:23.872 651 651 E WifiHAL : wifi_get_link_stats: requestResponse Error:-5
05-28 16:05:23.875 467 600 E WifiVendorHal: getWifiLinkLayerStats_1_5_Internal(l.1191) failed {.code = ERROR_INVALID_ARGS, .description = }
05-28 16:05:24.075 467 515 W IorapForwardingService: No service published for: iorapd
05-28 16:05:24.108 1114 1114 D aaa : LedStatusService onStartCommand begin
05-28 16:05:24.109 1114 2520 D aaa : topPkg is -------------- :com.dangbei.leard.leradlauncher
05-28 16:05:24.112 1114 2520 D aaa : WiFi is connect
05-28 16:05:24.113 1158 1158 D bbb : onStartCommand begin !!!!!!! data分区剩余 24837MB
05-28 16:05:24.513 467 733 D SntpClient: request time failed: java.net.SocketTimeoutException: Poll timed out
05-28 16:05:24.631 261 279 D hdmi-cec: receive invalid cec message!
05-28 16:05:24.632 261 279 D hdmi-cec: receive poll message [04], skip!
05-28 16:05:24.854 1815 1911 E ServerInterface: Server timed out
05-28 16:05:24.854 1815 1911 E ServerInterface: java.net.SocketTimeoutException: failed to connect to remoteprovisioning.googleapis.com/172.217.14.234 (port 443) from /192.168.3.132 (port 38434) after 4999ms
05-28 16:05:24.854 1815 1911 E ServerInterface: at libcore.io.IoBridge.connectErrno(IoBridge.java:236)
05-28 16:05:24.854 1815 1911 E ServerInterface: at libcore.io.IoBridge.connect(IoBridge.java:180)
05-28 16:05:24.854 1815 1911 E ServerInterface: at java.net.PlainSocketImpl.socketConnect(PlainSocketImpl.java:142)
05-28 16:05:24.854 1815 1911 E ServerInterface: at java.net.AbstractPlainSocketImpl.doConnect(AbstractPlainSocketImpl.java:390)
05-28 16:05:24.854 1815 1911 E ServerInterface: at java.net.AbstractPlainSocketImpl.connectToAddress(AbstractPlainSocketImpl.java:230)
05-28 16:05:24.854 1815 1911 E ServerInterface: at java.net.AbstractPlainSocketImpl.connect(AbstractPlainSocketImpl.java:212)
05-28 16:05:24.854 1815 1911 E ServerInterface: at java.net.SocksSocketImpl.connect(SocksSocketImpl.java:436)
05-28 16:05:24.854 1815 1911 E ServerInterface: at java.net.Socket.connect(Socket.java:621)
05-28 16:05:24.854 1815 1911 E ServerInterface: at com.android.okhttp.internal.Platform.connectSocket(Platform.java:182)
05-28 16:05:24.854 1815 1911 E ServerInterface: at com.android.okhttp.internal.io.RealConnection.connectSocket(RealConnection.java:145)
05-28 16:05:24.854 1815 1911 E ServerInterface: at com.android.okhttp.internal.io.RealConnection.connect(RealConnection.java:116)
05-28 16:05:24.854 1815 1911 E ServerInterface: at com.android.okhttp.internal.http.StreamAllocation.findConnection(StreamAllocation.java:186)
05-28 16:05:24.854 1815 1911 E ServerInterface: at com.android.okhttp.internal.http.StreamAllocation.findHealthyConnection(StreamAllocation.java:128)
05-28 16:05:24.854 1815 1911 E ServerInterface: at com.android.okhttp.internal.http.StreamAllocation.newStream(StreamAllocation.java:97)
05-28 16:05:24.854 1815 1911 E ServerInterface: at com.android.okhttp.internal.http.HttpEngine.connect(HttpEngine.java:289)
05-28 16:05:24.854 1815 1911 E ServerInterface: at com.android.okhttp.internal.http.HttpEngine.sendRequest(HttpEngine.java:232)
05-28 16:05:24.854 1815 1911 E ServerInterface: at com.android.okhttp.internal.huc.HttpURLConnectionImpl.execute(HttpURLConnectionImpl.java:465)
05-28 16:05:24.854 1815 1911 E ServerInterface: at com.android.okhttp.internal.huc.HttpURLConnectionImpl.connect(HttpURLConnectionImpl.java:131)
05-28 16:05:24.854 1815 1911 E ServerInterface: at com.android.okhttp.internal.huc.HttpURLConnectionImpl.getOutputStream(HttpURLConnectionImpl.java:262)
05-28 16:05:24.854 1815 1911 E ServerInterface: at com.android.okhttp.internal.huc.DelegatingHttpsURLConnection.getOutputStream(DelegatingHttpsURLConnection.java:219)
05-28 16:05:24.854 1815 1911 E ServerInterface: at com.android.okhttp.internal.huc.HttpsURLConnectionImpl.getOutputStream(HttpsURLConnectionImpl.java:30)
05-28 16:05:24.854 1815 1911 E ServerInterface: at com.android.remoteprovisioner.ServerInterface.fetchGeek(ServerInterface.java:120)
05-28 16:05:24.854 1815 1911 E ServerInterface: at com.android.remoteprovisioner.PeriodicProvisioner$ProvisionerThread.run(PeriodicProvisioner.java:135)
05-28 16:05:24.854 1815 1911 E RemoteProvisioningService: Failed to get a response from the server.
05-28 16:05:25.077 467 515 W IorapForwardingService: No service published for: iorapd
05-28 16:05:25.285 1057 1774 I OpenGLRenderer: Davey! duration=9223371979660ms; Flags=0, FrameTimelineVsyncId=2071, IntendedVsync=57194207089, Vsync=57194207089, InputEventId=0, HandleInputStart=57194746276, AnimationStart=57194751276, PerformTraversalsStart=57195319776, DrawStart=57196113360, FrameDeadline=57227540421, FrameInterval=57194737026, FrameStartTime=16666666, SyncQueued=57197519610, SyncStart=57197973693, IssueDrawCommandsStart=57199123151, SwapBuffers=57205374401, FrameCompleted=9223372036854775807, DequeueBufferDuration=58959, QueueBufferDuration=2685542, GpuCompleted=9223372036854775807, SwapBuffersCompleted=57209333485, DisplayPresentTime=0,
05-28 16:05:25.298 415 415 W hdr10p_Configure: 65 callbacks suppressed
05-28 16:05:25.298 415 415 I : DVI mode selected: packets not configured
05-28 16:05:25.298 415 415 W set_vsif_config: 65 callbacks suppressed
05-28 16:05:25.298 415 415 I : Error: set vsif failed
05-28 16:05:25.317 1057 1774 I OpenGLRenderer: Davey! duration=9223371979643ms; Flags=0, FrameTimelineVsyncId=2073, IntendedVsync=57210864571, Vsync=57210864571, InputEventId=0, HandleInputStart=57211645651, AnimationStart=57211651610, PerformTraversalsStart=57212689610, DrawStart=57213380401, FrameDeadline=57244197903, FrameInterval=57211632151, FrameStartTime=16666666, SyncQueued=57217233443, SyncStart=57217596568, IssueDrawCommandsStart=57218759193, SwapBuffers=57231976401, FrameCompleted=9223372036854775807, DequeueBufferDuration=39292, QueueBufferDuration=1864750, GpuCompleted=9223372036854775807, SwapBuffersCompleted=57242848068, DisplayPresentTime=0,
05-28 16:05:25.332 415 415 I : DVI mode selected: packets not configured
05-28 16:05:25.332 415 415 I : Error: set vsif failed
05-28 16:05:25.331 1057 1774 I OpenGLRenderer: Davey! duration=9223371979613ms; Flags=0, FrameTimelineVsyncId=2074, IntendedVsync=57227522053, Vsync=57227522053, InputEventId=0, HandleInputStart=57228566068, AnimationStart=57228572193, PerformTraversalsStart=57229283693, DrawStart=57229444568, FrameDeadline=57260855385, FrameInterval=57228555193, FrameStartTime=16666666, SyncQueued=57229524110, SyncStart=57243239193, IssueDrawCommandsStart=57244258818, SwapBuffers=57254226276, FrameCompleted=9223372036854775807, DequeueBufferDuration=39916, QueueBufferDuration=2039667, GpuCompleted=9223372036854775807, SwapBuffersCompleted=57257180401, DisplayPresentTime=0,
05-28 16:05:25.350 1057 1774 I OpenGLRenderer: Davey! duration=9223371979604ms; Flags=0, FrameTimelineVsyncId=2076, IntendedVsync=57244179535, Vsync=57244179535, InputEventId=0, HandleInputStart=57246103818, AnimationStart=57246107943, PerformTraversalsStart=57251436985, DrawStart=57251597776, FrameDeadline=57277512867, FrameInterval=57246092276, FrameStartTime=16666666, SyncQueued=57251684943, SyncStart=57257588235, IssueDrawCommandsStart=57258829943, SwapBuffers=57265209818, FrameCompleted=9223372036854775807, DequeueBufferDuration=44375, QueueBufferDuration=8318125, GpuCompleted=9223372036854775807, SwapBuffersCompleted=57274521485, DisplayPresentTime=0,
05-28 16:05:25.354 415 415 I : DVI mode selected: packets not configured
05-28 16:05:25.354 415 415 I : Error: set vsif failed
05-28 16:05:25.358 467 733 D SntpClient: round trip: 840ms, clock offset: -784ms
05-28 16:05:25.371 415 415 I : DVI mode selected: packets not configured
05-28 16:05:25.371 415 415 I : Error: set vsif failed
05-28 16:05:25.370 1057 1774 I OpenGLRenderer: Davey! duration=9223371979581ms; Flags=0, FrameTimelineVsyncId=2078, IntendedVsync=57260600352, Vsync=57260600352, InputEventId=0, HandleInputStart=57262489651, AnimationStart=57262957985, PerformTraversalsStart=57265909401, DrawStart=57266398901, FrameDeadline=57293933684, FrameInterval=57262480193, FrameStartTime=16666666, SyncQueued=57266883276, SyncStart=57279838943, IssueDrawCommandsStart=57281297360, SwapBuffers=57290440235, FrameCompleted=9223372036854775807, DequeueBufferDuration=39375, QueueBufferDuration=7037459, GpuCompleted=9223372036854775807, SwapBuffersCompleted=57298309110, DisplayPresentTime=0,
05-28 16:05:25.391 415 415 I : DVI mode selected: packets not configured
05-28 16:05:25.391 415 415 I : Error: set vsif failed
05-28 16:05:25.387 1057 1774 I OpenGLRenderer: Davey! duration=9223371979562ms; Flags=0, FrameTimelineVsyncId=2080, IntendedVsync=57277247324, Vsync=57277247324, InputEventId=0, HandleInputStart=57281900026, AnimationStart=57281902776, PerformTraversalsStart=57283214026, DrawStart=57283340360, FrameDeadline=57310580656, FrameInterval=57281889110, FrameStartTime=16666666, SyncQueued=57283414901, SyncStart=57298617693, IssueDrawCommandsStart=57299858026, SwapBuffers=57306999443, FrameCompleted=9223372036854775807, DequeueBufferDuration=62834, QueueBufferDuration=6722459, GpuCompleted=9223372036854775807, SwapBuffersCompleted=57314495860, DisplayPresentTime=0,
05-28 16:05:25.410 415 415 I : DVI mode selected: packets not configured
05-28 16:05:25.410 415 415 I : Error: set vsif failed
05-28 16:05:25.406 1057 1774 I OpenGLRenderer: Davey! duration=9223371979549ms; Flags=0, FrameTimelineVsyncId=2082, IntendedVsync=57293917062, Vsync=57293917062, InputEventId=0, HandleInputStart=57302096901, AnimationStart=57302098776, PerformTraversalsStart=57302791443, DrawStart=57302971610, FrameDeadline=57327250394, FrameInterval=57302091110, FrameStartTime=16666666, SyncQueued=57303076693, SyncStart=57314908276, IssueDrawCommandsStart=57315987776, SwapBuffers=57321582026, FrameCompleted=9223372036854775807, DequeueBufferDuration=42792, QueueBufferDuration=10988500, GpuCompleted=9223372036854775807, SwapBuffersCompleted=57333566068, DisplayPresentTime=0,
05-28 16:05:25.423 415 415 I : DVI mode selected: packets not configured
05-28 16:05:25.423 415 415 I : Error: set vsif failed
05-28 16:05:25.419 1057 1774 I OpenGLRenderer: Davey! duration=9223371979527ms; Flags=0, FrameTimelineVsyncId=2084, IntendedVsync=57310591301, Vsync=57310591301, InputEventId=0, HandleInputStart=57316454360, AnimationStart=57316456860, PerformTraversalsStart=57317110318, DrawStart=57317265818, FrameDeadline=57343924633, FrameInterval=57316448485, FrameStartTime=16666666, SyncQueued=57317342443, SyncStart=57334139860, IssueDrawCommandsStart=57335480276, SwapBuffers=57338364276, FrameCompleted=9223372036854775807, DequeueBufferDuration=56833, QueueBufferDuration=7761083, GpuCompleted=9223372036854775807, SwapBuffersCompleted=57347497776, DisplayPresentTime=0,
05-28 16:05:25.436 415 415 I : DVI mode selected: packets not configured
05-28 16:05:25.436 415 415 I : Error: set vsif failed
05-28 16:05:25.461 415 415 I : DVI mode selected: packets not configured
05-28 16:05:25.461 415 415 I : Error: set vsif failed
05-28 16:05:25.477 415 415 I : DVI mode selected: packets not configured
05-28 16:05:25.477 415 415 I : Error: set vsif failed
05-28 16:05:25.602 1995 2086 D UtilLog : 日志批量上报 进行正常循环 !!!!!!本次有0次请求,共0条数据
05-28 16:05:25.933 1057 1550 I OpenGLRenderer: Davey! duration=9223371979029ms; Flags=0, FrameTimelineVsyncId=2143, IntendedVsync=57810658654, Vsync=57810658654, InputEventId=0, HandleInputStart=57811341735, AnimationStart=57811348152, PerformTraversalsStart=57812956235, DrawStart=57813499902, FrameDeadline=57843991986, FrameInterval=57811322735, FrameStartTime=16666666, SyncQueued=57813856402, SyncStart=57828811652, IssueDrawCommandsStart=57830265152, SwapBuffers=57842825235, FrameCompleted=9223372036854775807, DequeueBufferDuration=2512167, QueueBufferDuration=1744459, GpuCompleted=9223372036854775807, SwapBuffersCompleted=57851386068, DisplayPresentTime=0,
05-28 16:05:26.039 343 343 E : Send upper Vendor Specific event.
05-28 16:05:26.079 467 515 W IorapForwardingService: No service published for: iorapd
05-28 16:05:26.892 651 651 E WifiHAL : wifi_get_link_stats: requestResponse Error:-5
05-28 16:05:26.894 467 600 E WifiVendorHal: getWifiLinkLayerStats_1_5_Internal(l.1191) failed {.code = ERROR_INVALID_ARGS, .description = }
05-28 16:05:27.082 467 515 W IorapForwardingService: No service published for: iorapd
05-28 16:05:27.676 2349 2416 D nStackXCoAP: IsInSameNetwork:[276] :IsInSameNetwork exec
05-28 16:05:27.676 2349 2416 I nStackXDFinder: GetLocalInterfaceDetail:[461] :GetLocalInterfaceDetail in
05-28 16:05:27.676 2349 2416 E nStackXCoAP: IsInSameNetwork:[281] :IsInSameNetwork: not priority process
05-28 16:05:27.676 2349 2416 D nStackXCoAP: ParseServiceDiscover:[330] :new device join
05-28 16:05:27.677 2349 2416 I nStackXDFinder: NotifyDeviceListChanged:[540] :notify callback: device list changed callback is null
05-28 16:05:27.677 2349 2416 E nStackXDFinder: GetLocalIp:[401] :GetLocalIp exec
05-28 16:05:28.044 2349 2416 D nStackXCoAP: IsInSameNetwork:[276] :IsInSameNetwork exec
05-28 16:05:28.045 2349 2416 I nStackXDFinder: GetLocalInterfaceDetail:[461] :GetLocalInterfaceDetail in
05-28 16:05:28.045 2349 2416 E nStackXCoAP: IsInSameNetwork:[281] :IsInSameNetwork: not priority process
05-28 16:05:28.045 2349 2416 D nStackXCoAP: ParseServiceDiscover:[330] :new device join
05-28 16:05:28.045 2349 2416 E nStackXDFinder: GetLocalIp:[401] :GetLocalIp exec
05-28 16:05:28.066 2349 2416 D nStackXCoAP: IsInSameNetwork:[276] :IsInSameNetwork exec
05-28 16:05:28.067 2349 2416 I nStackXDFinder: GetLocalInterfaceDetail:[461] :GetLocalInterfaceDetail in
05-28 16:05:28.067 2349 2416 E nStackXCoAP: IsInSameNetwork:[281] :IsInSameNetwork: not priority process
05-28 16:05:28.067 2349 2416 D nStackXCoAP: ParseServiceDiscover:[330] :new device join
05-28 16:05:28.067 2349 2416 E nStackXDFinder: GetLocalIp:[401] :GetLocalIp exec
05-28 16:05:28.084 467 515 W IorapForwardingService: No service published for: iorapd
05-28 16:05:28.116 2349 2416 D nStackXCoAP: CoapMessageHandler:[133] :2.01
05-28 16:05:28.116 2349 2416 D nStackXCoAP: CoapMessageHandler:[133] :2.01
05-28 16:05:28.127 2349 2416 D nStackXCoAP: CoapMessageHandler:[133] :2.01
05-28 16:05:28.135 2349 2416 D nStackXCoAP: IsInSameNetwork:[276] :IsInSameNetwork exec
05-28 16:05:28.135 2349 2416 I nStackXDFinder: GetLocalInterfaceDetail:[461] :GetLocalInterfaceDetail in
05-28 16:05:28.135 2349 2416 E nStackXCoAP: IsInSameNetwork:[281] :IsInSameNetwork: not priority process
05-28 16:05:28.135 2349 2416 D nStackXCoAP: ParseServiceDiscover:[330] :new device join
05-28 16:05:28.135 2349 2416 E nStackXDFinder: GetLocalIp:[401] :GetLocalIp exec
05-28 16:05:28.146 2349 2416 D nStackXCoAP: IsInSameNetwork:[276] :IsInSameNetwork exec
05-28 16:05:28.146 2349 2416 I nStackXDFinder: GetLocalInterfaceDetail:[461] :GetLocalInterfaceDetail in
05-28 16:05:28.147 2349 2416 E nStackXCoAP: IsInSameNetwork:[281] :IsInSameNetwork: not priority process
05-28 16:05:28.147 2349 2416 D nStackXCoAP: ParseServiceDiscover:[330] :new device join
05-28 16:05:28.147 2349 2416 E nStackXDFinder: GetLocalIp:[401] :GetLocalIp exec
05-28 16:05:28.155 2349 2416 D nStackXCoAP: IsInSameNetwork:[276] :IsInSameNetwork exec
05-28 16:05:28.155 2349 2416 I nStackXDFinder: GetLocalInterfaceDetail:[461] :GetLocalInterfaceDetail in
05-28 16:05:28.155 2349 2416 E nStackXCoAP: IsInSameNetwork:[281] :IsInSameNetwork: not priority process
05-28 16:05:28.155 2349 2416 D nStackXCoAP: ParseServiceDiscover:[330] :new device join
05-28 16:05:28.155 2349 2416 E nStackXDFinder: GetLocalIp:[401] :GetLocalIp exec
05-28 16:05:28.183 2349 2416 D nStackXCoAP: CoapMessageHandler:[133] :2.01
05-28 16:05:28.183 2349 2416 D nStackXCoAP: CoapMessageHandler:[133] :2.01
05-28 16:05:28.221 2349 2416 D nStackXCoAP: CoapMessageHandler:[133] :2.01
05-28 16:05:28.334 1057 1082 I OpenGLRenderer: Davey! duration=9223371976625ms; Flags=0, FrameTimelineVsyncId=2182, IntendedVsync=60227317682, Vsync=60227317682, InputEventId=0, HandleInputStart=60227877694, AnimationStart=60227883944, PerformTraversalsStart=60228204903, DrawStart=60228841028, FrameDeadline=60260651014, FrameInterval=60227866569, FrameStartTime=16666666, SyncQueued=60229524194, SyncStart=60231361694, IssueDrawCommandsStart=60233001153, SwapBuffers=60243768611, FrameCompleted=9223372036854775807, DequeueBufferDuration=50583, QueueBufferDuration=1663709, GpuCompleted=9223372036854775807, SwapBuffersCompleted=60246378111, DisplayPresentTime=0,
05-28 16:05:28.348 1057 1550 I OpenGLRenderer: Davey! duration=9223371976609ms; Flags=0, FrameTimelineVsyncId=2184, IntendedVsync=60244400715, Vsync=60244400715, InputEventId=0, HandleInputStart=60245172736, AnimationStart=60245176861, PerformTraversalsStart=60245684944, DrawStart=60245939194, FrameDeadline=60277734047, FrameInterval=60245162194, FrameStartTime=16666666, SyncQueued=60246087069, SyncStart=60246785778, IssueDrawCommandsStart=60249544111, SwapBuffers=60261049236, FrameCompleted=9223372036854775807, DequeueBufferDuration=3387000, QueueBufferDuration=1951625, GpuCompleted=9223372036854775807, SwapBuffersCompleted=60265823153, DisplayPresentTime=0,
05-28 16:05:28.365 1057 1550 I OpenGLRenderer: Davey! duration=9223371976587ms; Flags=0, FrameTimelineVsyncId=2186, IntendedVsync=60261067381, Vsync=60261067381, InputEventId=0, HandleInputStart=60261891236, AnimationStart=60261896819, PerformTraversalsStart=60262187486, DrawStart=60262308319, FrameDeadline=60294400713, FrameInterval=60261881569, FrameStartTime=16666666, SyncQueued=60262382694, SyncStart=60268840653, IssueDrawCommandsStart=60270391111, SwapBuffers=60277838361, FrameCompleted=9223372036854775807, DequeueBufferDuration=60125, QueueBufferDuration=4318375, GpuCompleted=9223372036854775807, SwapBuffersCompleted=60283933569, DisplayPresentTime=0,
05-28 16:05:28.383 1057 1082 I OpenGLRenderer: Davey! duration=9223371976566ms; Flags=0, FrameTimelineVsyncId=2188, IntendedVsync=60277734047, Vsync=60277734047, InputEventId=0, HandleInputStart=60278331903, AnimationStart=60278336278, PerformTraversalsStart=60278596486, DrawStart=60279492569, FrameDeadline=60311067379, FrameInterval=60278321444, FrameStartTime=16666666, SyncQueued=60280536569, SyncStart=60290595528, IssueDrawCommandsStart=60292973861, SwapBuffers=60304224653, FrameCompleted=9223372036854775807, DequeueBufferDuration=114166, QueueBufferDuration=1374625, GpuCompleted=9223372036854775807, SwapBuffersCompleted=60306410778, DisplayPresentTime=0,
05-28 16:05:28.400 1057 1774 I OpenGLRenderer: Davey! duration=9223371976549ms; Flags=0, FrameTimelineVsyncId=2190, IntendedVsync=60294400713, Vsync=60294400713, InputEventId=0, HandleInputStart=60295017278, AnimationStart=60295023278, PerformTraversalsStart=60295503903, DrawStart=60295685944, FrameDeadline=60327734045, FrameInterval=60295006319, FrameStartTime=16666666, SyncQueued=60295771361, SyncStart=60306693236, IssueDrawCommandsStart=60309031986, SwapBuffers=60320999069, FrameCompleted=9223372036854775807, DequeueBufferDuration=67083, QueueBufferDuration=1728375, GpuCompleted=9223372036854775807, SwapBuffersCompleted=60323425736, DisplayPresentTime=0,
05-28 16:05:28.416 1057 1774 I OpenGLRenderer: Davey! duration=9223371976532ms; Flags=0, FrameTimelineVsyncId=2192, IntendedVsync=60311039729, Vsync=60311039729, InputEventId=0, HandleInputStart=60311910319, AnimationStart=60311918278, PerformTraversalsStart=60312558361, DrawStart=60312726986, FrameDeadline=60344373061, FrameInterval=60311895528, FrameStartTime=16666666, SyncQueued=60312808778, SyncStart=60323794653, IssueDrawCommandsStart=60324937861, SwapBuffers=60333783153, FrameCompleted=9223372036854775807, DequeueBufferDuration=38250, QueueBufferDuration=7560042, GpuCompleted=9223372036854775807, SwapBuffersCompleted=60342129569, DisplayPresentTime=0,
05-28 16:05:28.434 1057 1774 I OpenGLRenderer: Davey! duration=9223371976514ms; Flags=0, FrameTimelineVsyncId=2194, IntendedVsync=60327393327, Vsync=60327393327, InputEventId=0, HandleInputStart=60329012903, AnimationStart=60329019361, PerformTraversalsStart=60329393069, DrawStart=60329574403, FrameDeadline=60360726659, FrameInterval=60329000319, FrameStartTime=16666666, SyncQueued=60329660361, SyncStart=60342391153, IssueDrawCommandsStart=60343616569, SwapBuffers=60346661819, FrameCompleted=9223372036854775807, DequeueBufferDuration=68791, QueueBufferDuration=13617833, GpuCompleted=9223372036854775807, SwapBuffersCompleted=60361228861, DisplayPresentTime=0,
05-28 16:05:28.885 1057 1550 I OpenGLRenderer: Davey! duration=9223371976073ms; Flags=0, FrameTimelineVsyncId=2248, IntendedVsync=60777316785, Vsync=60777316785, InputEventId=0, HandleInputStart=60778017486, AnimationStart=60778023820, PerformTraversalsStart=60778684320, DrawStart=60778828653, FrameDeadline=60810650117, FrameInterval=60778006820, FrameStartTime=16666666, SyncQueued=60778913028, SyncStart=60782556486, IssueDrawCommandsStart=60783443028, SwapBuffers=60788337778, FrameCompleted=9223372036854775807, DequeueBufferDuration=3045625, QueueBufferDuration=735334, GpuCompleted=9223372036854775807, SwapBuffersCompleted=60789626903, DisplayPresentTime=0,
05-28 16:05:28.915 1057 1774 I OpenGLRenderer: Davey! duration=9223371976037ms; Flags=0, FrameTimelineVsyncId=2252, IntendedVsync=60810650242, Vsync=60810650242, InputEventId=0, HandleInputStart=60811397320, AnimationStart=60811403986, PerformTraversalsStart=60812811070, DrawStart=60813483028, FrameDeadline=60843983574, FrameInterval=60811383903, FrameStartTime=16666666, SyncQueued=60815383361, SyncStart=60821838736, IssueDrawCommandsStart=60822690486, SwapBuffers=60827306320, FrameCompleted=9223372036854775807, DequeueBufferDuration=23500, QueueBufferDuration=2293292, GpuCompleted=9223372036854775807, SwapBuffersCompleted=60831312236, DisplayPresentTime=0,
05-28 16:05:28.975 2349 2416 D nStackXCoAP: IsInSameNetwork:[276] :IsInSameNetwork exec
05-28 16:05:28.976 2349 2416 I nStackXDFinder: GetLocalInterfaceDetail:[461] :GetLocalInterfaceDetail in
05-28 16:05:28.976 2349 2416 E nStackXCoAP: IsInSameNetwork:[281] :IsInSameNetwork: not priority process
05-28 16:05:28.976 2349 2416 D nStackXCoAP: ParseServiceDiscover:[330] :new device join
05-28 16:05:28.976 2349 2416 E nStackXDFinder: GetLocalIp:[401] :GetLocalIp exec
05-28 16:05:28.979 2349 2416 D nStackXCoAP: IsInSameNetwork:[276] :IsInSameNetwork exec
05-28 16:05:28.979 2349 2416 I nStackXDFinder: GetLocalInterfaceDetail:[461] :GetLocalInterfaceDetail in
05-28 16:05:28.979 2349 2416 E nStackXCoAP: IsInSameNetwork:[281] :IsInSameNetwork: not priority process
05-28 16:05:28.979 2349 2416 D nStackXCoAP: ParseServiceDiscover:[330] :new device join
05-28 16:05:28.980 2349 2416 E nStackXDFinder: GetLocalIp:[401] :GetLocalIp exec
05-28 16:05:29.086 467 515 W IorapForwardingService: No service published for: iorapd
05-28 16:05:29.097 2349 2416 D nStackXCoAP: IsInSameNetwork:[276] :IsInSameNetwork exec
05-28 16:05:29.097 2349 2416 I nStackXDFinder: GetLocalInterfaceDetail:[461] :GetLocalInterfaceDetail in
05-28 16:05:29.097 2349 2416 E nStackXCoAP: IsInSameNetwork:[281] :IsInSameNetwork: not priority process
05-28 16:05:29.097 2349 2416 D nStackXCoAP: ParseServiceDiscover:[330] :new device join
05-28 16:05:29.097 2349 2416 E nStackXDFinder: GetLocalIp:[401] :GetLocalIp exec
05-28 16:05:29.100 2349 2416 D nStackXCoAP: IsInSameNetwork:[276] :IsInSameNetwork exec
05-28 16:05:29.100 2349 2416 I nStackXDFinder: GetLocalInterfaceDetail:[461] :GetLocalInterfaceDetail in
05-28 16:05:29.100 2349 2416 E nStackXCoAP: IsInSameNetwork:[281] :IsInSameNetwork: not priority process
05-28 16:05:29.100 2349 2416 D nStackXCoAP: ParseServiceDiscover:[330] :new device join
05-28 16:05:29.100 2349 2416 E nStackXDFinder: GetLocalIp:[401] :GetLocalIp exec
05-28 16:05:29.161 2349 2416 D nStackXCoAP: IsInSameNetwork:[276] :IsInSameNetwork exec
05-28 16:05:29.161 2349 2416 I nStackXDFinder: GetLocalInterfaceDetail:[461] :GetLocalInterfaceDetail in
05-28 16:05:29.161 2349 2416 E nStackXCoAP: IsInSameNetwork:[281] :IsInSameNetwork: not priority process
05-28 16:05:29.161 2349 2416 D nStackXCoAP: ParseServiceDiscover:[330] :new device join
05-28 16:05:29.161 2349 2416 E nStackXDFinder: GetLocalIp:[401] :GetLocalIp exec
05-28 16:05:29.195 2349 2416 D nStackXCoAP: IsInSameNetwork:[276] :IsInSameNetwork exec
05-28 16:05:29.195 2349 2416 I nStackXDFinder: GetLocalInterfaceDetail:[461] :GetLocalInterfaceDetail in
05-28 16:05:29.196 2349 2416 E nStackXCoAP: IsInSameNetwork:[281] :IsInSameNetwork: not priority process
05-28 16:05:29.196 2349 2416 D nStackXCoAP: ParseServiceDiscover:[330] :new device join
05-28 16:05:29.196 2349 2416 E nStackXDFinder: GetLocalIp:[401] :GetLocalIp exec
05-28 16:05:29.218 2349 2416 D nStackXCoAP: CoapMessageHandler:[133] :2.01
05-28 16:05:29.219 2349 2416 D nStackXCoAP: CoapMessageHandler:[133] :2.01
05-28 16:05:29.219 2349 2416 D nStackXCoAP: CoapMessageHandler:[133] :2.01
05-28 16:05:29.219 2349 2416 D nStackXCoAP: CoapMessageHandler:[133] :2.01
05-28 16:05:29.219 2349 2416 D nStackXCoAP: CoapMessageHandler:[133] :2.01
05-28 16:05:29.309 2349 2416 D nStackXCoAP: IsInSameNetwork:[276] :IsInSameNetwork exec
05-28 16:05:29.309 2349 2416 I nStackXDFinder: GetLocalInterfaceDetail:[461] :GetLocalInterfaceDetail in
05-28 16:05:29.309 2349 2416 E nStackXCoAP: IsInSameNetwork:[281] :IsInSameNetwork: not priority process
05-28 16:05:29.309 2349 2416 D nStackXCoAP: ParseServiceDiscover:[330] :new device join
05-28 16:05:29.309 2349 2416 E nStackXDFinder: GetLocalIp:[401] :GetLocalIp exec
05-28 16:05:29.360 2349 2416 D nStackXCoAP: CoapMessageHandler:[133] :2.01
05-28 16:05:29.453 2349 2416 D nStackXCoAP: IsInSameNetwork:[276] :IsInSameNetwork exec
05-28 16:05:29.453 2349 2416 I nStackXDFinder: GetLocalInterfaceDetail:[461] :GetLocalInterfaceDetail in
05-28 16:05:29.453 2349 2416 E nStackXCoAP: IsInSameNetwork:[281] :IsInSameNetwork: not priority process
05-28 16:05:29.453 2349 2416 D nStackXCoAP: ParseServiceDiscover:[330] :new device join
05-28 16:05:29.453 2349 2416 E nStackXDFinder: GetLocalIp:[401] :GetLocalIp exec
05-28 16:05:29.482 2349 2416 D nStackXCoAP: CoapMessageHandler:[133] :2.01
05-28 16:05:29.805 2349 2416 D nStackXCoAP: IsInSameNetwork:[276] :IsInSameNetwork exec
05-28 16:05:29.805 2349 2416 I nStackXDFinder: GetLocalInterfaceDetail:[461] :GetLocalInterfaceDetail in
05-28 16:05:29.805 2349 2416 E nStackXCoAP: IsInSameNetwork:[281] :IsInSameNetwork: not priority process
05-28 16:05:29.805 2349 2416 D nStackXCoAP: ParseServiceDiscover:[330] :new device join
05-28 16:05:29.806 2349 2416 E nStackXDFinder: GetLocalIp:[401] :GetLocalIp exec
05-28 16:05:29.832 2349 2416 D nStackXCoAP: CoapMessageHandler:[133] :2.01
05-28 16:05:29.910 651 651 E WifiHAL : wifi_get_link_stats: requestResponse Error:-5
05-28 16:05:29.913 467 600 E WifiVendorHal: getWifiLinkLayerStats_1_5_Internal(l.1191) failed {.code = ERROR_INVALID_ARGS, .description = }
05-28 16:05:30.026 2349 2416 D nStackXCoAP: IsInSameNetwork:[276] :IsInSameNetwork exec
05-28 16:05:30.026 2349 2416 I nStackXDFinder: GetLocalInterfaceDetail:[461] :GetLocalInterfaceDetail in
05-28 16:05:30.026 2349 2416 E nStackXCoAP: IsInSameNetwork:[281] :IsInSameNetwork: not priority process
05-28 16:05:30.026 2349 2416 D nStackXCoAP: ParseServiceDiscover:[330] :new device join
05-28 16:05:30.026 2349 2416 E nStackXDFinder: GetLocalIp:[401] :GetLocalIp exec
05-28 16:05:30.088 467 515 W IorapForwardingService: No service published for: iorapd
05-28 16:05:30.126 2349 2416 D nStackXCoAP: IsInSameNetwork:[276] :IsInSameNetwork exec
05-28 16:05:30.126 2349 2416 I nStackXDFinder: GetLocalInterfaceDetail:[461] :GetLocalInterfaceDetail in
05-28 16:05:30.126 2349 2416 E nStackXCoAP: IsInSameNetwork:[281] :IsInSameNetwork: not priority process
05-28 16:05:30.126 2349 2416 D nStackXCoAP: ParseServiceDiscover:[330] :new device join
05-28 16:05:30.126 2349 2416 E nStackXDFinder: GetLocalIp:[401] :GetLocalIp exec
05-28 16:05:30.189 2349 2416 D nStackXCoAP: IsInSameNetwork:[276] :IsInSameNetwork exec
05-28 16:05:30.189 2349 2416 I nStackXDFinder: GetLocalInterfaceDetail:[461] :GetLocalInterfaceDetail in
05-28 16:05:30.189 2349 2416 E nStackXCoAP: IsInSameNetwork:[281] :IsInSameNetwork: not priority process
05-28 16:05:30.189 2349 2416 D nStackXCoAP: ParseServiceDiscover:[330] :new device join
05-28 16:05:30.190 2349 2416 E nStackXDFinder: GetLocalIp:[401] :GetLocalIp exec
05-28 16:05:30.238 2349 2416 D nStackXCoAP: CoapMessageHandler:[133] :2.01
05-28 16:05:30.238 2349 2416 D nStackXCoAP: CoapMessageHandler:[133] :2.01
05-28 16:05:30.475 2349 2416 D nStackXCoAP: IsInSameNetwork:[276] :IsInSameNetwork exec
05-28 16:05:30.475 2349 2416 I nStackXDFinder: GetLocalInterfaceDetail:[461] :GetLocalInterfaceDetail in
05-28 16:05:30.475 2349 2416 E nStackXCoAP: IsInSameNetwork:[281] :IsInSameNetwork: not priority process
05-28 16:05:30.475 2349 2416 D nStackXCoAP: ParseServiceDiscover:[330] :new device join
05-28 16:05:30.475 2349 2416 E nStackXDFinder: GetLocalIp:[401] :GetLocalIp exec
05-28 16:05:30.540 2349 2416 D nStackXCoAP: IsInSameNetwork:[276] :IsInSameNetwork exec
05-28 16:05:30.540 2349 2416 I nStackXDFinder: GetLocalInterfaceDetail:[461] :GetLocalInterfaceDetail in
05-28 16:05:30.541 2349 2416 E nStackXCoAP: IsInSameNetwork:[281] :IsInSameNetwork: not priority process
05-28 16:05:30.541 2349 2416 D nStackXCoAP: ParseServiceDiscover:[330] :new device join
05-28 16:05:30.541 2349 2416 E nStackXDFinder: GetLocalIp:[401] :GetLocalIp exec
05-28 16:05:31.026 2349 2416 D nStackXCoAP: IsInSameNetwork:[276] :IsInSameNetwork exec
05-28 16:05:31.026 2349 2416 I nStackXDFinder: GetLocalInterfaceDetail:[461] :GetLocalInterfaceDetail in
05-28 16:05:31.026 2349 2416 E nStackXCoAP: IsInSameNetwork:[281] :IsInSameNetwork: not priority process
05-28 16:05:31.026 2349 2416 D nStackXCoAP: ParseServiceDiscover:[330] :new device join
05-28 16:05:31.026 2349 2416 E nStackXDFinder: GetLocalIp:[401] :GetLocalIp exec
05-28 16:05:31.065 2349 2416 D nStackXCoAP: IsInSameNetwork:[276] :IsInSameNetwork exec
05-28 16:05:31.066 2349 2416 I nStackXDFinder: GetLocalInterfaceDetail:[461] :GetLocalInterfaceDetail in
05-28 16:05:31.066 2349 2416 E nStackXCoAP: IsInSameNetwork:[281] :IsInSameNetwork: not priority process
05-28 16:05:31.066 2349 2416 D nStackXCoAP: ParseServiceDiscover:[330] :new device join
05-28 16:05:31.066 2349 2416 E nStackXDFinder: GetLocalIp:[401] :GetLocalIp exec
05-28 16:05:31.090 467 515 W IorapForwardingService: No service published for: iorapd
05-28 16:05:31.109 2349 2416 D nStackXCoAP: IsInSameNetwork:[276] :IsInSameNetwork exec
05-28 16:05:31.110 2349 2416 I nStackXDFinder: GetLocalInterfaceDetail:[461] :GetLocalInterfaceDetail in
05-28 16:05:31.110 2349 2416 E nStackXCoAP: IsInSameNetwork:[281] :IsInSameNetwork: not priority process
05-28 16:05:31.110 2349 2416 D nStackXCoAP: ParseServiceDiscover:[330] :new device join
05-28 16:05:31.110 2349 2416 E nStackXDFinder: GetLocalIp:[401] :GetLocalIp exec
05-28 16:05:31.115 2349 2416 D nStackXCoAP: IsInSameNetwork:[276] :IsInSameNetwork exec
05-28 16:05:31.115 2349 2416 I nStackXDFinder: GetLocalInterfaceDetail:[461] :GetLocalInterfaceDetail in
05-28 16:05:31.115 2349 2416 E nStackXCoAP: IsInSameNetwork:[281] :IsInSameNetwork: not priority process
05-28 16:05:31.115 2349 2416 D nStackXCoAP: ParseServiceDiscover:[330] :new device join
05-28 16:05:31.115 2349 2416 E nStackXDFinder: GetLocalIp:[401] :GetLocalIp exec
05-28 16:05:31.213 2349 2416 D nStackXCoAP: IsInSameNetwork:[276] :IsInSameNetwork exec
05-28 16:05:31.213 2349 2416 I nStackXDFinder: GetLocalInterfaceDetail:[461] :GetLocalInterfaceDetail in
05-28 16:05:31.213 2349 2416 E nStackXCoAP: IsInSameNetwork:[281] :IsInSameNetwork: not priority process
05-28 16:05:31.213 2349 2416 D nStackXCoAP: ParseServiceDiscover:[330] :new device join
05-28 16:05:31.214 2349 2416 E nStackXDFinder: GetLocalIp:[401] :GetLocalIp exec
05-28 16:05:31.244 2349 2416 D nStackXCoAP: IsInSameNetwork:[276] :IsInSameNetwork exec
05-28 16:05:31.244 2349 2416 I nStackXDFinder: GetLocalInterfaceDetail:[461] :GetLocalInterfaceDetail in
05-28 16:05:31.244 2349 2416 E nStackXCoAP: IsInSameNetwork:[281] :IsInSameNetwork: not priority process
05-28 16:05:31.244 2349 2416 D nStackXCoAP: ParseServiceDiscover:[330] :new device join
05-28 16:05:31.244 2349 2416 E nStackXDFinder: GetLocalIp:[401] :GetLocalIp exec
05-28 16:05:31.249 2349 2416 D nStackXCoAP: CoapMessageHandler:[133] :2.01
05-28 16:05:31.249 2349 2416 D nStackXCoAP: CoapMessageHandler:[133] :2.01
05-28 16:05:31.250 2349 2416 D nStackXCoAP: CoapMessageHandler:[133] :2.01
05-28 16:05:31.250 2349 2416 D nStackXCoAP: CoapMessageHandler:[133] :2.01
05-28 16:05:31.250 2349 2416 D nStackXCoAP: CoapMessageHandler:[133] :2.01
05-28 16:05:31.250 2349 2416 D nStackXCoAP: CoapMessageHandler:[133] :2.01
05-28 16:05:31.251 2349 2416 D nStackXCoAP: CoapMessageHandler:[133] :2.01
05-28 16:05:31.264 2349 2416 D nStackXCoAP: CoapMessageHandler:[133] :2.01
05-28 16:05:31.320 1057 1550 I OpenGLRenderer: Davey! duration=9223371973643ms; Flags=0, FrameTimelineVsyncId=2319, IntendedVsync=63210648433, Vsync=63210648433, InputEventId=0, HandleInputStart=63211044737, AnimationStart=63211048279, PerformTraversalsStart=63211208112, DrawStart=63211772654, FrameDeadline=63243981765, FrameInterval=63211038112, FrameStartTime=16666666, SyncQueued=63212841862, SyncStart=63213060904, IssueDrawCommandsStart=63213782779, SwapBuffers=63229453237, FrameCompleted=9223372036854775807, DequeueBufferDuration=39667, QueueBufferDuration=1558375, GpuCompleted=9223372036854775807, SwapBuffersCompleted=63232292446, DisplayPresentTime=0,
05-28 16:05:31.327 415 415 W hdr10p_Configure: 65 callbacks suppressed
05-28 16:05:31.327 415 415 I : DVI mode selected: packets not configured
05-28 16:05:31.327 415 415 W set_vsif_config: 65 callbacks suppressed
05-28 16:05:31.327 415 415 I : Error: set vsif failed
05-28 16:05:31.331 1057 1550 I OpenGLRenderer: Davey! duration=9223371973624ms; Flags=0, FrameTimelineVsyncId=2320, IntendedVsync=63227315099, Vsync=63227315099, InputEventId=0, HandleInputStart=63227883446, AnimationStart=63227889279, PerformTraversalsStart=63228180071, DrawStart=63228768154, FrameDeadline=63260648431, FrameInterval=63227873362, FrameStartTime=16666666, SyncQueued=63229316696, SyncStart=63232629237, IssueDrawCommandsStart=63234066362, SwapBuffers=63244934404, FrameCompleted=9223372036854775807, DequeueBufferDuration=66167, QueueBufferDuration=1271291, GpuCompleted=9223372036854775807, SwapBuffersCompleted=63247614112, DisplayPresentTime=0,
05-28 16:05:31.343 415 415 I : DVI mode selected: packets not configured
05-28 16:05:31.344 415 415 I : Error: set vsif failed
05-28 16:05:31.348 1057 1550 I OpenGLRenderer: Davey! duration=9223371973608ms; Flags=0, FrameTimelineVsyncId=2322, IntendedVsync=63244410615, Vsync=63244410615, InputEventId=0, HandleInputStart=63245056487, AnimationStart=63245061862, PerformTraversalsStart=63245486029, DrawStart=63245666571, FrameDeadline=63277743947, FrameInterval=63245045862, FrameStartTime=16666666, SyncQueued=63245754404, SyncStart=63247891362, IssueDrawCommandsStart=63249983612, SwapBuffers=63260047487, FrameCompleted=9223372036854775807, DequeueBufferDuration=3547042, QueueBufferDuration=5504000, GpuCompleted=9223372036854775807, SwapBuffersCompleted=63266825237, DisplayPresentTime=0,
05-28 16:05:31.362 415 415 I : DVI mode selected: packets not configured
05-28 16:05:31.362 415 415 I : Error: set vsif failed
05-28 16:05:31.367 1057 1550 I OpenGLRenderer: Davey! duration=9223371973588ms; Flags=0, FrameTimelineVsyncId=2324, IntendedVsync=63261077281, Vsync=63261077281, InputEventId=0, HandleInputStart=63261604404, AnimationStart=63261608154, PerformTraversalsStart=63261805821, DrawStart=63261935696, FrameDeadline=63294410613, FrameInterval=63261595321, FrameStartTime=16666666, SyncQueued=63262004946, SyncStart=63267368529, IssueDrawCommandsStart=63269171404, SwapBuffers=63278262946, FrameCompleted=9223372036854775807, DequeueBufferDuration=63959, QueueBufferDuration=5420833, GpuCompleted=9223372036854775807, SwapBuffersCompleted=63285656446, DisplayPresentTime=0,
05-28 16:05:31.381 415 415 I : DVI mode selected: packets not configured
05-28 16:05:31.382 415 415 I : Error: set vsif failed
05-28 16:05:31.382 2349 2416 D nStackXCoAP: CoapMessageHandler:[133] :2.01
05-28 16:05:31.382 2349 2416 D nStackXCoAP: CoapMessageHandler:[133] :2.01
05-28 16:05:31.401 1057 1550 I OpenGLRenderer: Davey! duration=9223371973552ms; Flags=0, FrameTimelineVsyncId=2328, IntendedVsync=63294410613, Vsync=63294410613, InputEventId=0, HandleInputStart=63295023321, AnimationStart=63295029487, PerformTraversalsStart=63295923612, DrawStart=63296777112, FrameDeadline=63327743945, FrameInterval=63295010862, FrameStartTime=16666666, SyncQueued=63300827404, SyncStart=63308552112, IssueDrawCommandsStart=63310518404, SwapBuffers=63321502904, FrameCompleted=9223372036854775807, DequeueBufferDuration=60000, QueueBufferDuration=1744791, GpuCompleted=9223372036854775807, SwapBuffersCompleted=63326605071, DisplayPresentTime=0,
05-28 16:05:31.404 415 415 I : DVI mode selected: packets not configured
05-28 16:05:31.404 415 415 I : Error: set vsif failed
05-28 16:05:31.422 415 415 I : DVI mode selected: packets not configured
05-28 16:05:31.422 415 415 I : Error: set vsif failed
05-28 16:05:31.419 1057 1774 I OpenGLRenderer: Davey! duration=9223371973529ms; Flags=0, FrameTimelineVsyncId=2330, IntendedVsync=63311038187, Vsync=63311038187, InputEventId=0, HandleInputStart=63311646821, AnimationStart=63311651737, PerformTraversalsStart=63312401446, DrawStart=63312574279, FrameDeadline=63344371519, FrameInterval=63311636321, FrameStartTime=16666666, SyncQueued=63312657362, SyncStart=63326918696, IssueDrawCommandsStart=63328714987, SwapBuffers=63338412071, FrameCompleted=9223372036854775807, DequeueBufferDuration=44042, QueueBufferDuration=6162625, GpuCompleted=9223372036854775807, SwapBuffersCompleted=63345481279, DisplayPresentTime=0,
05-28 16:05:31.441 415 415 I : DVI mode selected: packets not configured
05-28 16:05:31.441 415 415 I : Error: set vsif failed
05-28 16:05:31.438 1057 1774 I OpenGLRenderer: Davey! duration=9223371973512ms; Flags=0, FrameTimelineVsyncId=2332, IntendedVsync=63327700062, Vsync=63327700062, InputEventId=0, HandleInputStart=63329142196, AnimationStart=63329144946, PerformTraversalsStart=63330236821, DrawStart=63330441237, FrameDeadline=63361033394, FrameInterval=63329133779, FrameStartTime=16666666, SyncQueued=63331368237, SyncStart=63345914279, IssueDrawCommandsStart=63347234612, SwapBuffers=63356531238, FrameCompleted=9223372036854775807, DequeueBufferDuration=41291, QueueBufferDuration=6954000, GpuCompleted=9223372036854775807, SwapBuffersCompleted=63364648613, DisplayPresentTime=0,
05-28 16:05:31.451 2349 2416 D nStackXCoAP: IsInSameNetwork:[276] :IsInSameNetwork exec
05-28 16:05:31.451 2349 2416 I nStackXDFinder: GetLocalInterfaceDetail:[461] :GetLocalInterfaceDetail in
05-28 16:05:31.451 2349 2416 E nStackXCoAP: IsInSameNetwork:[281] :IsInSameNetwork: not priority process
05-28 16:05:31.451 2349 2416 D nStackXCoAP: ParseServiceDiscover:[330] :new device join
05-28 16:05:31.451 2349 2416 E nStackXDFinder: GetLocalIp:[401] :GetLocalIp exec
05-28 16:05:31.460 415 415 I : DVI mode selected: packets not configured
05-28 16:05:31.460 415 415 I : Error: set vsif failed
05-28 16:05:31.456 1057 1774 I OpenGLRenderer: Davey! duration=9223371973493ms; Flags=0, FrameTimelineVsyncId=2334, IntendedVsync=63344025056, Vsync=63344025056, InputEventId=0, HandleInputStart=63347653904, AnimationStart=63347656904, PerformTraversalsStart=63347986696, DrawStart=63348221904, FrameDeadline=63377358388, FrameInterval=63347647612, FrameStartTime=16666666, SyncQueued=63348299362, SyncStart=63365104321, IssueDrawCommandsStart=63366381863, SwapBuffers=63369498821, FrameCompleted=9223372036854775807, DequeueBufferDuration=46833, QueueBufferDuration=12774708, GpuCompleted=9223372036854775807, SwapBuffersCompleted=63383419946, DisplayPresentTime=0,
05-28 16:05:31.477 415 415 I : DVI mode selected: packets not configured
05-28 16:05:31.477 415 415 I : Error: set vsif failed
05-28 16:05:31.487 415 415 I : DVI mode selected: packets not configured
05-28 16:05:31.487 415 415 I : Error: set vsif failed
05-28 16:05:31.549 2349 2416 D nStackXCoAP: IsInSameNetwork:[276] :IsInSameNetwork exec
05-28 16:05:31.549 2349 2416 I nStackXDFinder: GetLocalInterfaceDetail:[461] :GetLocalInterfaceDetail in
05-28 16:05:31.549 2349 2416 E nStackXCoAP: IsInSameNetwork:[281] :IsInSameNetwork: not priority process
05-28 16:05:31.549 2349 2416 D nStackXCoAP: ParseServiceDiscover:[330] :new device join
