05-28 16:04:42.831 360 360 W omx_vdec: <__AwOmxVdecGetExtensionIndex:1741>: GetExtensionIndex OMX.google.android.index.configureVideoTunnelMode, err [0x80001001].
05-28 16:04:42.831 360 360 E OMXNodeInstance: getExtensionIndex(0xef3c3000:allwinner.decoder.hevc, OMX.google.android.index.configureVideoTunnelMode) ERROR: Undefined(0x80001001)
05-28 16:04:42.831 352 461 D MediaCodecInfo: detail feature-tunneled-playback wasn't present to remove
05-28 16:04:42.831 360 360 W omx_vdec: <__AwOmxVdecGetExtensionIndex:1741>: GetExtensionIndex OMX.google.android.index.storeANWBufferInMetadata, err [0x80001001].
05-28 16:04:42.831 360 360 W omx_vdec_aw: <__anSetExtPara:3004>: Setparameter: unknown param 2131755011
05-28 16:04:42.831 360 360 W OMXNodeInstance: [0xef3c3000:allwinner.decoder.hevc] component does not support metadata mode; using fallback
05-28 16:04:42.832 360 730 W libc : invalid pthread_t (0) passed to pthread_join
05-28 16:04:42.832 467 467 D ConnectivityService: requestNetwork for uid/pid:1000/467 activeRequest: null callbackRequest: 16 [NetworkRequest [ REQUEST id=17, [ Capabilities: INTERNET&NOT_RESTRICTED&TRUSTED&NOT_VCN_MANAGED Uid: 1000 RequestorUid: 1000 RequestorPkg: android] ]] callback flags: 0 priority: 2147483647
05-28 16:04:42.832 360 730 W libc : invalid pthread_t (0) passed to pthread_join
05-28 16:04:42.832 360 730 W libc : invalid pthread_t (0) passed to pthread_join
05-28 16:04:42.833 360 360 I cedarc : : not malloc locks
05-28 16:04:42.833 467 608 D ConnectivityService: NetReassign [no changes]
05-28 16:04:42.839 360 360 D : disable_cedar_hw_clk,546
05-28 16:04:42.835 467 645 D PPPOE : got request NetworkRequest [ REQUEST id=17, [ Capabilities: INTERNET&NOT_RESTRICTED&TRUSTED&NOT_VCN_MANAGED Uid: 1000 RequestorUid: 1000 RequestorPkg: android] ]
05-28 16:04:42.836 467 467 I SystemServerTiming: MakeInputManagerServiceReady
05-28 16:04:42.837 352 461 I OMXClient: IOmx service obtained
05-28 16:04:42.837 360 360 I OMXStore: makeComponentInstance(OMX.allwinner.video.decoder.hevc.secure) in android.hardwar process
05-28 16:04:42.841 360 360 E omx_vdec: : This platform does not support secure video playback
05-28 16:04:42.841 360 360 E omx_sem : : handle is null
05-28 16:04:42.841 360 360 E omx_sem : : handle is null
05-28 16:04:42.841 360 360 E omx_sem : : handle is null
05-28 16:04:42.841 360 360 E omx_sem : : handle is null
05-28 16:04:42.842 360 360 E omx_sem : : handle is null
05-28 16:04:42.842 360 360 W omx_vdec_aw: : pdec is null
05-28 16:04:42.842 360 360 E android.hardware.media.omx@1.0-service: Failed to allocate omx component 'OMX.allwinner.video.decoder.hevc.secure' err=InvalidComponentName(0x80001002)
05-28 16:04:42.843 352 461 W OmxInfoBuilder: Fail to add media type video/hevc to codec OMX.allwinner.video.decoder.hevc.secure
05-28 16:04:42.844 467 523 W BestClock: java.time.DateTimeException: Missing NTP fix
05-28 16:04:42.846 467 589 I InputReader: Reconfiguring input devices, changes=DEVICE_ALIAS |
05-28 16:04:42.846 243 243 D Zygote : Forked child process 734
05-28 16:04:42.847 467 527 I ActivityManager: app.processName = com.android.networkstack.process
05-28 16:04:42.847 467 527 I ActivityManager: Start proc 734:com.android.networkstack.process/1073 for service {com.android.networkstack/com.android.server.NetworkStackService}
05-28 16:04:42.851 467 589 I InputReader: Reconfiguring input devices, changes=KEYBOARD_LAYOUTS |
05-28 16:04:42.855 467 467 I SystemServerTiming: MakeTelephonyRegistryReady
05-28 16:04:42.856 467 467 I SystemServerTiming: MakeMediaRouterServiceReady
05-28 16:04:42.856 467 467 I SystemServerTiming: MakeMmsServiceReady
05-28 16:04:42.856 467 467 I MmsServiceBroker: Delay connecting to MmsService until an API is called
05-28 16:04:42.856 467 467 I SystemServerTiming: IncidentDaemonReady
05-28 16:04:42.856 467 523 W BestClock: java.time.DateTimeException: Missing NTP fix
05-28 16:04:42.858 467 598 W BestClock: java.time.DateTimeException: Missing NTP fix
05-28 16:04:42.858 467 467 I SystemServerTiming: MakeIncrementalServiceReady
05-28 16:04:42.857 352 461 I OMXClient: IOmx service obtained
05-28 16:04:42.859 467 467 I SystemServerTiming: getCurrentUser
05-28 16:04:42.859 467 467 I ActivityManager: Current user:0
05-28 16:04:42.859 467 467 I SystemServerTiming: ActivityManagerStartApps
05-28 16:04:42.859 360 360 I OMXStore: makeComponentInstance(OMX.allwinner.video.decoder.mpeg2) in android.hardwar process
05-28 16:04:42.859 467 598 W BestClock: java.time.DateTimeException: Missing NTP fix
05-28 16:04:42.859 467 467 I SystemServerTiming: ssm.StartUser-0
05-28 16:04:42.859 467 467 I SystemServiceManager: Calling onStartUser 0
05-28 16:04:42.859 734 734 I Zygote : seccomp disabled by setenforce 0
05-28 16:04:42.862 360 360 I omx_vdec_aw: : OmxDecoderCreate.
05-28 16:04:42.863 360 360 W cedarc : : cannot open /dev/sunxi_soc_info, it maybe ok!
05-28 16:04:42.863 360 360 I cedarc : : *** ic_version = 0x3301000012011,
05-28 16:04:42.860 323 323 I rainbow_flow: type=1400 audit(0.0:341): avc: denied { ioctl } for path="/dev/spidev1.0" dev="tmpfs" ino=6196 ioctlcmd=0x6b00 scontext=u:r:init:s0 tcontext=u:object_r:device:s0 tclass=chr_file permissive=1
05-28 16:04:42.869 360 360 D : enable_cedar_hw_clk,516
05-28 16:04:42.868 360 360 W omx_vdec: <__AwOmxVdecSetParameter:1566>: Set Parameter called in valid state
05-28 16:04:42.869 360 360 W omx_vdec: : pParamProfileLevel->nProfileIndex[0x2] error!
05-28 16:04:42.869 360 360 E OMXNodeInstance: getParameter(0xef3c3000:allwinner.decoder.mpeg2, ParamVideoProfileLevelQuerySupported(0x600000f)) ERROR: BadParameter(0x80001005)
05-28 16:04:42.869 360 360 W omx_vdec: <__AwOmxVdecGetExtensionIndex:1741>: GetExtensionIndex OMX.google.android.index.describeColorFormat, err [0x80001001].
05-28 16:04:42.869 360 360 W omx_vdec: <__AwOmxVdecGetExtensionIndex:1741>: GetExtensionIndex OMX.google.android.index.describeColorFormat2, err [0x80001001].
05-28 16:04:42.870 360 360 E omx_vdec: : erro: pParamData->nIndex > m_sPortFormatType.nIndex
05-28 16:04:42.870 360 360 W omx_vdec: <__AwOmxVdecGetExtensionIndex:1741>: GetExtensionIndex OMX.google.android.index.describeColorFormat, err [0x80001001].
05-28 16:04:42.870 360 360 W omx_vdec: <__AwOmxVdecGetExtensionIndex:1741>: GetExtensionIndex OMX.google.android.index.describeColorFormat2, err [0x80001001].
05-28 16:04:42.870 360 360 E omx_vdec: : erro: pParamData->nIndex > m_sPortFormatType.nIndex
05-28 16:04:42.870 360 360 W omx_vdec: <__AwOmxVdecGetExtensionIndex:1741>: GetExtensionIndex OMX.google.android.index.describeColorFormat, err [0x80001001].
05-28 16:04:42.870 360 360 W omx_vdec: <__AwOmxVdecGetExtensionIndex:1741>: GetExtensionIndex OMX.google.android.index.describeColorFormat2, err [0x80001001].
05-28 16:04:42.870 360 360 E omx_vdec: : erro: pParamData->nIndex > m_sPortFormatType.nIndex
05-28 16:04:42.871 360 360 W omx_vdec: <__AwOmxVdecGetExtensionIndex:1741>: GetExtensionIndex OMX.google.android.index.describeColorFormat, err [0x80001001].
05-28 16:04:42.871 360 360 W omx_vdec: <__AwOmxVdecGetExtensionIndex:1741>: GetExtensionIndex OMX.google.android.index.describeColorFormat2, err [0x80001001].
05-28 16:04:42.871 360 360 E omx_vdec: : erro: pParamData->nIndex > m_sPortFormatType.nIndex
05-28 16:04:42.871 360 360 W omx_vdec: <__AwOmxVdecGetExtensionIndex:1741>: GetExtensionIndex OMX.google.android.index.describeColorFormat, err [0x80001001].
05-28 16:04:42.871 360 360 W omx_vdec: <__AwOmxVdecGetExtensionIndex:1741>: GetExtensionIndex OMX.google.android.index.describeColorFormat2, err [0x80001001].
05-28 16:04:42.871 360 360 E omx_vdec: : erro: pParamData->nIndex > m_sPortFormatType.nIndex
05-28 16:04:42.872 360 360 W omx_vdec: <__AwOmxVdecGetExtensionIndex:1741>: GetExtensionIndex OMX.google.android.index.describeColorFormat, err [0x80001001].
05-28 16:04:42.872 360 360 W omx_vdec: <__AwOmxVdecGetExtensionIndex:1741>: GetExtensionIndex OMX.google.android.index.describeColorFormat2, err [0x80001001].
05-28 16:04:42.872 360 360 E omx_vdec: : erro: pParamData->nIndex > m_sPortFormatType.nIndex
05-28 16:04:42.872 360 360 W omx_vdec: <__AwOmxVdecGetExtensionIndex:1741>: GetExtensionIndex OMX.google.android.index.describeColorFormat, err [0x80001001].
05-28 16:04:42.872 360 360 W omx_vdec: <__AwOmxVdecGetExtensionIndex:1741>: GetExtensionIndex OMX.google.android.index.describeColorFormat2, err [0x80001001].
05-28 16:04:42.872 360 360 E omx_vdec: : erro: pParamData->nIndex > m_sPortFormatType.nIndex
05-28 16:04:42.872 360 360 W omx_vdec: <__AwOmxVdecGetExtensionIndex:1741>: GetExtensionIndex OMX.google.android.index.describeColorFormat, err [0x80001001].
05-28 16:04:42.872 360 360 W omx_vdec: <__AwOmxVdecGetExtensionIndex:1741>: GetExtensionIndex OMX.google.android.index.describeColorFormat2, err [0x80001001].
05-28 16:04:42.873 360 360 E omx_vdec: : erro: pParamData->nIndex > m_sPortFormatType.nIndex
05-28 16:04:42.873 360 360 W omx_vdec: <__AwOmxVdecGetExtensionIndex:1741>: GetExtensionIndex OMX.google.android.index.describeColorFormat, err [0x80001001].
05-28 16:04:42.873 360 360 W omx_vdec: <__AwOmxVdecGetExtensionIndex:1741>: GetExtensionIndex OMX.google.android.index.describeColorFormat2, err [0x80001001].
05-28 16:04:42.873 360 360 E omx_vdec: : erro: pParamData->nIndex > m_sPortFormatType.nIndex
05-28 16:04:42.873 360 360 W omx_vdec: <__AwOmxVdecGetExtensionIndex:1741>: GetExtensionIndex OMX.google.android.index.describeColorFormat, err [0x80001001].
05-28 16:04:42.873 360 360 W omx_vdec: <__AwOmxVdecGetExtensionIndex:1741>: GetExtensionIndex OMX.google.android.index.describeColorFormat2, err [0x80001001].
05-28 16:04:42.873 360 360 E omx_vdec: : erro: pParamData->nIndex > m_sPortFormatType.nIndex
05-28 16:04:42.873 360 360 W omx_vdec: <__AwOmxVdecGetExtensionIndex:1741>: GetExtensionIndex OMX.google.android.index.describeColorFormat, err [0x80001001].
05-28 16:04:42.873 360 360 W omx_vdec: <__AwOmxVdecGetExtensionIndex:1741>: GetExtensionIndex OMX.google.android.index.describeColorFormat2, err [0x80001001].
05-28 16:04:42.874 360 360 E omx_vdec: : erro: pParamData->nIndex > m_sPortFormatType.nIndex
05-28 16:04:42.874 360 360 W omx_vdec: <__AwOmxVdecGetExtensionIndex:1741>: GetExtensionIndex OMX.google.android.index.describeColorFormat, err [0x80001001].
05-28 16:04:42.874 360 360 W omx_vdec: <__AwOmxVdecGetExtensionIndex:1741>: GetExtensionIndex OMX.google.android.index.describeColorFormat2, err [0x80001001].
05-28 16:04:42.874 360 360 E omx_vdec: : erro: pParamData->nIndex > m_sPortFormatType.nIndex
05-28 16:04:42.874 360 360 W omx_vdec: <__AwOmxVdecGetExtensionIndex:1741>: GetExtensionIndex OMX.google.android.index.describeColorFormat, err [0x80001001].
05-28 16:04:42.874 360 360 W omx_vdec: <__AwOmxVdecGetExtensionIndex:1741>: GetExtensionIndex OMX.google.android.index.describeColorFormat2, err [0x80001001].
05-28 16:04:42.874 360 360 E omx_vdec: : erro: pParamData->nIndex > m_sPortFormatType.nIndex
05-28 16:04:42.875 360 360 W omx_vdec: <__AwOmxVdecGetExtensionIndex:1741>: GetExtensionIndex OMX.google.android.index.describeColorFormat, err [0x80001001].
05-28 16:04:42.875 360 360 W omx_vdec: <__AwOmxVdecGetExtensionIndex:1741>: GetExtensionIndex OMX.google.android.index.describeColorFormat2, err [0x80001001].
05-28 16:04:42.875 360 360 E omx_vdec: : erro: pParamData->nIndex > m_sPortFormatType.nIndex
05-28 16:04:42.875 360 360 W omx_vdec: <__AwOmxVdecGetExtensionIndex:1741>: GetExtensionIndex OMX.google.android.index.describeColorFormat, err [0x80001001].
05-28 16:04:42.875 360 360 W omx_vdec: <__AwOmxVdecGetExtensionIndex:1741>: GetExtensionIndex OMX.google.android.index.describeColorFormat2, err [0x80001001].
05-28 16:04:42.875 360 360 E omx_vdec: : erro: pParamData->nIndex > m_sPortFormatType.nIndex
05-28 16:04:42.875 360 360 W omx_vdec: <__AwOmxVdecGetExtensionIndex:1741>: GetExtensionIndex OMX.google.android.index.describeColorFormat, err [0x80001001].
05-28 16:04:42.875 360 360 W omx_vdec: <__AwOmxVdecGetExtensionIndex:1741>: GetExtensionIndex OMX.google.android.index.describeColorFormat2, err [0x80001001].
05-28 16:04:42.876 360 360 E omx_vdec: : erro: pParamData->nIndex > m_sPortFormatType.nIndex
05-28 16:04:42.876 360 360 W omx_vdec: <__AwOmxVdecGetExtensionIndex:1741>: GetExtensionIndex OMX.google.android.index.describeColorFormat, err [0x80001001].
05-28 16:04:42.876 360 360 W omx_vdec: <__AwOmxVdecGetExtensionIndex:1741>: GetExtensionIndex OMX.google.android.index.describeColorFormat2, err [0x80001001].
05-28 16:04:42.876 360 360 E omx_vdec: : erro: pParamData->nIndex > m_sPortFormatType.nIndex
05-28 16:04:42.876 360 360 W omx_vdec: <__AwOmxVdecGetExtensionIndex:1741>: GetExtensionIndex OMX.google.android.index.describeColorFormat, err [0x80001001].
05-28 16:04:42.876 360 360 W omx_vdec: <__AwOmxVdecGetExtensionIndex:1741>: GetExtensionIndex OMX.google.android.index.describeColorFormat2, err [0x80001001].
05-28 16:04:42.877 360 360 E omx_vdec: : erro: pParamData->nIndex > m_sPortFormatType.nIndex
05-28 16:04:42.877 360 360 W omx_vdec: <__AwOmxVdecGetExtensionIndex:1741>: GetExtensionIndex OMX.google.android.index.describeColorFormat, err [0x80001001].
05-28 16:04:42.877 360 360 W omx_vdec: <__AwOmxVdecGetExtensionIndex:1741>: GetExtensionIndex OMX.google.android.index.describeColorFormat2, err [0x80001001].
05-28 16:04:42.877 360 360 E omx_vdec: : erro: pParamData->nIndex > m_sPortFormatType.nIndex
05-28 16:04:42.877 360 360 W omx_vdec: <__AwOmxVdecGetExtensionIndex:1741>: GetExtensionIndex OMX.google.android.index.describeColorFormat, err [0x80001001].
05-28 16:04:42.878 360 360 W omx_vdec: <__AwOmxVdecGetExtensionIndex:1741>: GetExtensionIndex OMX.google.android.index.describeColorFormat2, err [0x80001001].
05-28 16:04:42.878 360 360 E omx_vdec: : erro: pParamData->nIndex > m_sPortFormatType.nIndex
05-28 16:04:42.878 360 360 W omx_vdec: <__AwOmxVdecGetExtensionIndex:1741>: GetExtensionIndex OMX.google.android.index.describeColorFormat, err [0x80001001].
05-28 16:04:42.878 360 360 W omx_vdec: <__AwOmxVdecGetExtensionIndex:1741>: GetExtensionIndex OMX.google.android.index.describeColorFormat2, err [0x80001001].
05-28 16:04:42.878 360 360 E omx_vdec: : erro: pParamData->nIndex > m_sPortFormatType.nIndex
05-28 16:04:42.879 360 360 W omx_vdec: <__AwOmxVdecGetExtensionIndex:1741>: GetExtensionIndex OMX.google.android.index.describeColorFormat, err [0x80001001].
05-28 16:04:42.879 360 360 W omx_vdec: <__AwOmxVdecGetExtensionIndex:1741>: GetExtensionIndex OMX.google.android.index.describeColorFormat2, err [0x80001001].
05-28 16:04:42.879 360 360 E omx_vdec: : erro: pParamData->nIndex > m_sPortFormatType.nIndex
05-28 16:04:42.879 360 360 W omx_vdec: <__AwOmxVdecGetExtensionIndex:1741>: GetExtensionIndex OMX.google.android.index.describeColorFormat, err [0x80001001].
05-28 16:04:42.879 360 360 W omx_vdec: <__AwOmxVdecGetExtensionIndex:1741>: GetExtensionIndex OMX.google.android.index.describeColorFormat2, err [0x80001001].
05-28 16:04:42.879 360 360 E omx_vdec: : erro: pParamData->nIndex > m_sPortFormatType.nIndex
05-28 16:04:42.879 360 360 W omx_vdec: <__AwOmxVdecGetExtensionIndex:1741>: GetExtensionIndex OMX.google.android.index.describeColorFormat, err [0x80001001].
05-28 16:04:42.879 360 360 W omx_vdec: <__AwOmxVdecGetExtensionIndex:1741>: GetExtensionIndex OMX.google.android.index.describeColorFormat2, err [0x80001001].
05-28 16:04:42.879 360 360 E omx_vdec: : erro: pParamData->nIndex > m_sPortFormatType.nIndex
05-28 16:04:42.880 360 360 W omx_vdec: <__AwOmxVdecGetExtensionIndex:1741>: GetExtensionIndex OMX.google.android.index.describeColorFormat, err [0x80001001].
05-28 16:04:42.880 360 360 W omx_vdec: <__AwOmxVdecGetExtensionIndex:1741>: GetExtensionIndex OMX.google.android.index.describeColorFormat2, err [0x80001001].
05-28 16:04:42.880 360 360 E omx_vdec: : erro: pParamData->nIndex > m_sPortFormatType.nIndex
05-28 16:04:42.880 360 360 W omx_vdec: <__AwOmxVdecGetExtensionIndex:1741>: GetExtensionIndex OMX.google.android.index.describeColorFormat, err [0x80001001].
05-28 16:04:42.881 360 360 W omx_vdec: <__AwOmxVdecGetExtensionIndex:1741>: GetExtensionIndex OMX.google.android.index.describeColorFormat2, err [0x80001001].
05-28 16:04:42.881 360 360 E omx_vdec: : erro: pParamData->nIndex > m_sPortFormatType.nIndex
05-28 16:04:42.881 360 360 W omx_vdec: <__AwOmxVdecGetExtensionIndex:1741>: GetExtensionIndex OMX.google.android.index.describeColorFormat, err [0x80001001].
05-28 16:04:42.881 360 360 W omx_vdec: <__AwOmxVdecGetExtensionIndex:1741>: GetExtensionIndex OMX.google.android.index.describeColorFormat2, err [0x80001001].
05-28 16:04:42.882 360 360 E omx_vdec: : erro: pParamData->nIndex > m_sPortFormatType.nIndex
05-28 16:04:42.882 360 360 W omx_vdec: <__AwOmxVdecGetExtensionIndex:1741>: GetExtensionIndex OMX.google.android.index.describeColorFormat, err [0x80001001].
05-28 16:04:42.882 360 360 W omx_vdec: <__AwOmxVdecGetExtensionIndex:1741>: GetExtensionIndex OMX.google.android.index.describeColorFormat2, err [0x80001001].
05-28 16:04:42.882 360 360 E omx_vdec: : erro: pParamData->nIndex > m_sPortFormatType.nIndex
05-28 16:04:42.883 360 360 W omx_vdec: <__AwOmxVdecGetExtensionIndex:1741>: GetExtensionIndex OMX.google.android.index.describeColorFormat, err [0x80001001].
05-28 16:04:42.883 360 360 W omx_vdec: <__AwOmxVdecGetExtensionIndex:1741>: GetExtensionIndex OMX.google.android.index.describeColorFormat2, err [0x80001001].
05-28 16:04:42.883 360 360 E omx_vdec: : erro: pParamData->nIndex > m_sPortFormatType.nIndex
05-28 16:04:42.883 360 360 W omx_vdec: <__AwOmxVdecGetExtensionIndex:1741>: GetExtensionIndex OMX.google.android.index.describeColorFormat, err [0x80001001].
05-28 16:04:42.883 467 467 V StorageManagerService: Package com.dangbei.lerad.leradwatcher has legacy storage
05-28 16:04:42.883 360 360 W omx_vdec: <__AwOmxVdecGetExtensionIndex:1741>: GetExtensionIndex OMX.google.android.index.describeColorFormat2, err [0x80001001].
05-28 16:04:42.883 360 360 E omx_vdec: : erro: pParamData->nIndex > m_sPortFormatType.nIndex
05-28 16:04:42.883 360 360 W omx_vdec: <__AwOmxVdecGetExtensionIndex:1741>: GetExtensionIndex OMX.google.android.index.describeColorFormat, err [0x80001001].
05-28 16:04:42.883 360 360 W omx_vdec: <__AwOmxVdecGetExtensionIndex:1741>: GetExtensionIndex OMX.google.android.index.describeColorFormat2, err [0x80001001].
05-28 16:04:42.883 360 360 E omx_vdec: : erro: pParamData->nIndex > m_sPortFormatType.nIndex
05-28 16:04:42.884 467 467 V StorageManagerService: Package com.android.cts.priv.ctsshim does not have legacy storage
05-28 16:04:42.884 467 523 W BestClock: java.time.DateTimeException: Missing NTP fix
05-28 16:04:42.884 467 467 V StorageManagerService: Package com.android.dynsystem does not have legacy storage
05-28 16:04:42.884 467 467 V StorageManagerService: Package com.dangbei.lerad.rocky does not have legacy storage
05-28 16:04:42.885 360 360 W omx_vdec: <__AwOmxVdecGetExtensionIndex:1741>: GetExtensionIndex OMX.google.android.index.describeColorFormat, err [0x80001001].
05-28 16:04:42.885 360 360 W omx_vdec: <__AwOmxVdecGetExtensionIndex:1741>: GetExtensionIndex OMX.google.android.index.describeColorFormat2, err [0x80001001].
05-28 16:04:42.885 467 467 V StorageManagerService: Package com.android.providers.calendar does not have legacy storage
05-28 16:04:42.885 360 360 E omx_vdec: : erro: pParamData->nIndex > m_sPortFormatType.nIndex
05-28 16:04:42.885 467 467 V StorageManagerService: Package com.android.tv.settings does not have legacy storage
05-28 16:04:42.885 360 360 W omx_vdec: <__AwOmxVdecGetExtensionIndex:1741>: GetExtensionIndex OMX.google.android.index.describeColorFormat, err [0x80001001].
05-28 16:04:42.885 360 360 W omx_vdec: <__AwOmxVdecGetExtensionIndex:1741>: GetExtensionIndex OMX.google.android.index.describeColorFormat2, err [0x80001001].
05-28 16:04:42.885 467 467 V StorageManagerService: Package com.android.providers.media does not have legacy storage
05-28 16:04:42.885 352 461 W ACodec : [OMX.allwinner.video.decoder.mpeg2] stopping checking formats after 32: COLOR_FormatYUV420Planar(13)
05-28 16:04:42.885 360 360 W omx_vdec: <__AwOmxVdecGetExtensionIndex:1741>: GetExtensionIndex OMX.google.android.index.configureVideoTunnelMode, err [0x80001001].
05-28 16:04:42.885 467 467 V StorageManagerService: Package com.oranth.factory does not have legacy storage
05-28 16:04:42.885 360 360 E OMXNodeInstance: getExtensionIndex(0xef3c3000:allwinner.decoder.mpeg2, OMX.google.android.index.configureVideoTunnelMode) ERROR: Undefined(0x80001001)
05-28 16:04:42.885 352 461 D MediaCodecInfo: detail feature-tunneled-playback wasn't present to remove
05-28 16:04:42.885 467 467 V StorageManagerService: Package com.android.internal.systemui.navbar.gestural_wide_back does not have legacy storage
05-28 16:04:42.885 360 360 W omx_vdec: <__AwOmxVdecGetExtensionIndex:1741>: GetExtensionIndex OMX.google.android.index.storeANWBufferInMetadata, err [0x80001001].
05-28 16:04:42.885 360 360 W omx_vdec_aw: <__anSetExtPara:3004>: Setparameter: unknown param 2131755011
05-28 16:04:42.886 360 360 W OMXNodeInstance: [0xef3c3000:allwinner.decoder.mpeg2] component does not support metadata mode; using fallback
05-28 16:04:42.886 467 467 V StorageManagerService: Package com.dangbei.zhushou.os does not have legacy storage
05-28 16:04:42.886 467 467 V StorageManagerService: Package com.android.wallpapercropper does not have legacy storage
05-28 16:04:42.886 467 467 V StorageManagerService: Package com.softwinner.provision does not have legacy storage
05-28 16:04:42.886 467 467 V StorageManagerService: Package com.softwinner.awlogsettings does not have legacy storage
05-28 16:04:42.886 467 467 V StorageManagerService: Package com.android.documentsui does not have legacy storage
05-28 16:04:42.886 467 467 V StorageManagerService: Package com.sohu.inputmethod.sogou.tv has legacy storage
05-28 16:04:42.886 360 735 W libc : invalid pthread_t (0) passed to pthread_join
05-28 16:04:42.886 467 467 V StorageManagerService: Package com.android.externalstorage does not have legacy storage
05-28 16:04:42.887 360 735 W libc : invalid pthread_t (0) passed to pthread_join
05-28 16:04:42.887 360 735 W libc : invalid pthread_t (0) passed to pthread_join
05-28 16:04:42.887 467 467 V StorageManagerService: Package com.android.htmlviewer does not have legacy storage
05-28 16:04:42.887 360 360 I cedarc : : not malloc locks
05-28 16:04:42.887 467 467 V StorageManagerService: Package com.android.companiondevicemanager does not have legacy storage
05-28 16:04:42.887 467 467 V StorageManagerService: Package com.android.mms.service does not have legacy storage
05-28 16:04:42.887 467 467 V StorageManagerService: Package com.android.providers.downloads does not have legacy storage
05-28 16:04:42.887 467 467 V StorageManagerService: Package com.android.providers.tv does not have legacy storage
05-28 16:04:42.888 467 467 V StorageManagerService: Package com.android.internal.systemui.onehanded.gestural does not have legacy storage
05-28 16:04:42.888 467 467 V StorageManagerService: Package com.oranth.ledstatus does not have legacy storage
05-28 16:04:42.889 467 467 V StorageManagerService: Package com.dangbei.lerad.videoposter has legacy storage
05-28 16:04:42.889 467 467 V StorageManagerService: Package com.android.providers.downloads.ui does not have legacy storage
05-28 16:04:42.889 467 467 V StorageManagerService: Package com.android.pacprocessor does not have legacy storage
05-28 16:04:42.889 467 523 W BestClock: java.time.DateTimeException: Missing NTP fix
05-28 16:04:42.889 467 467 V StorageManagerService: Package com.android.simappdialog does not have legacy storage
05-28 16:04:42.893 360 360 D : disable_cedar_hw_clk,546
05-28 16:04:42.890 352 461 I OMXClient: IOmx service obtained
05-28 16:04:42.891 360 360 I OMXStore: makeComponentInstance(OMX.allwinner.video.decoder.mpeg4) in android.hardwar process
05-28 16:04:42.892 360 360 I omx_vdec_aw: : OmxDecoderCreate.
05-28 16:04:42.892 360 360 W cedarc : : cannot open /dev/sunxi_soc_info, it maybe ok!
05-28 16:04:42.892 360 360 I cedarc : : *** ic_version = 0x3301000012011,
05-28 16:04:42.893 360 360 W omx_vdec: <__AwOmxVdecSetParameter:1566>: Set Parameter called in valid state
05-28 16:04:42.893 360 360 W omx_vdec: : pParamProfileLevel->nProfileIndex[0x2] error!
05-28 16:04:42.893 360 360 E OMXNodeInstance: getParameter(0xef3c3000:allwinner.decoder.mpeg4, ParamVideoProfileLevelQuerySupported(0x600000f)) ERROR: BadParameter(0x80001005)
05-28 16:04:42.894 360 360 W omx_vdec: <__AwOmxVdecGetExtensionIndex:1741>: GetExtensionIndex OMX.google.android.index.describeColorFormat, err [0x80001001].
05-28 16:04:42.898 360 360 D : enable_cedar_hw_clk,516
05-28 16:04:42.894 360 360 W omx_vdec: <__AwOmxVdecGetExtensionIndex:1741>: GetExtensionIndex OMX.google.android.index.describeColorFormat2, err [0x80001001].
05-28 16:04:42.894 360 360 E omx_vdec: : erro: pParamData->nIndex > m_sPortFormatType.nIndex
05-28 16:04:42.894 360 360 W omx_vdec: <__AwOmxVdecGetExtensionIndex:1741>: GetExtensionIndex OMX.google.android.index.describeColorFormat, err [0x80001001].
05-28 16:04:42.894 467 467 V StorageManagerService: Package com.android.networkstack does not have legacy storage
05-28 16:04:42.894 360 360 W omx_vdec: <__AwOmxVdecGetExtensionIndex:1741>: GetExtensionIndex OMX.google.android.index.describeColorFormat2, err [0x80001001].
05-28 16:04:42.894 467 467 V StorageManagerService: Package com.android.connectivity.resources does not have legacy storage
05-28 16:04:42.894 360 360 E omx_vdec: : erro: pParamData->nIndex > m_sPortFormatType.nIndex
05-28 16:04:42.894 467 467 V StorageManagerService: Package com.android.modulemetadata does not have legacy storage
05-28 16:04:42.895 360 360 W omx_vdec: <__AwOmxVdecGetExtensionIndex:1741>: GetExtensionIndex OMX.google.android.index.describeColorFormat, err [0x80001001].
05-28 16:04:42.895 467 467 V StorageManagerService: Package com.android.certinstaller does not have legacy storage
05-28 16:04:42.895 467 467 V StorageManagerService: Package com.android.carrierconfig does not have legacy storage
05-28 16:04:42.895 360 360 W omx_vdec: <__AwOmxVdecGetExtensionIndex:1741>: GetExtensionIndex OMX.google.android.index.describeColorFormat2, err [0x80001001].
05-28 16:04:42.895 467 467 V StorageManagerService: Package com.google.android.apps.searchlite.overlay does not have legacy storage
05-28 16:04:42.895 467 467 V StorageManagerService: Package com.android.internal.systemui.navbar.threebutton does not have legacy storage
05-28 16:04:42.895 467 467 V StorageManagerService: Package android does not have legacy storage
05-28 16:04:42.895 467 467 V StorageManagerService: Package com.google.android.networkstackconfig does not have legacy storage
05-28 16:04:42.895 360 360 E omx_vdec: : erro: pParamData->nIndex > m_sPortFormatType.nIndex
05-28 16:04:42.895 360 360 W omx_vdec: <__AwOmxVdecGetExtensionIndex:1741>: GetExtensionIndex OMX.google.android.index.describeColorFormat, err [0x80001001].
05-28 16:04:42.895 467 467 V StorageManagerService: Package com.softwinner.settingssetup does not have legacy storage
05-28 16:04:42.895 467 467 V StorageManagerService: Package com.android.egg does not have legacy storage
05-28 16:04:42.895 360 360 W omx_vdec: <__AwOmxVdecGetExtensionIndex:1741>: GetExtensionIndex OMX.google.android.index.describeColorFormat2, err [0x80001001].
05-28 16:04:42.895 467 467 V StorageManagerService: Package com.android.mtp does not have legacy storage
05-28 16:04:42.895 467 467 V StorageManagerService: Package com.android.backupconfirm does not have legacy storage
05-28 16:04:42.895 360 360 E omx_vdec: : erro: pParamData->nIndex > m_sPortFormatType.nIndex
05-28 16:04:42.895 381 400 I adbd : jdwp connection from 734
05-28 16:04:42.895 467 467 V StorageManagerService: Package com.softwinner.timerswitch does not have legacy storage
05-28 16:04:42.896 467 467 V StorageManagerService: Package com.android.statementservice does not have legacy storage
05-28 16:04:42.896 467 467 V StorageManagerService: Package com.dangbei.screencast has legacy storage
05-28 16:04:42.896 360 360 W omx_vdec: <__AwOmxVdecGetExtensionIndex:1741>: GetExtensionIndex OMX.google.android.index.describeColorFormat, err [0x80001001].
05-28 16:04:42.896 467 467 V StorageManagerService: Package com.android.settings.intelligence does not have legacy storage
05-28 16:04:42.896 467 467 V StorageManagerService: Package com.android.internal.systemui.navbar.gestural_extra_wide_back does not have legacy storage
05-28 16:04:42.896 360 360 W omx_vdec: <__AwOmxVdecGetExtensionIndex:1741>: GetExtensionIndex OMX.google.android.index.describeColorFormat2, err [0x80001001].
05-28 16:04:42.896 467 467 V StorageManagerService: Package com.dangbei.leard.leradlauncher does not have legacy storage
05-28 16:04:42.896 467 467 V StorageManagerService: Package com.android.providers.settings does not have legacy storage
05-28 16:04:42.896 360 360 E omx_vdec: : erro: pParamData->nIndex > m_sPortFormatType.nIndex
05-28 16:04:42.896 467 467 V StorageManagerService: Package com.android.sharedstoragebackup does not have legacy storage
05-28 16:04:42.896 467 467 V StorageManagerService: Package com.android.printspooler does not have legacy storage
05-28 16:04:42.896 467 467 V StorageManagerService: Package com.android.dreams.basic does not have legacy storage
05-28 16:04:42.896 360 360 W omx_vdec: <__AwOmxVdecGetExtensionIndex:1741>: GetExtensionIndex OMX.google.android.index.describeColorFormat, err [0x80001001].
05-28 16:04:42.896 467 467 V StorageManagerService: Package com.android.webview does not have legacy storage
05-28 16:04:42.896 467 467 V StorageManagerService: Package com.android.se does not have legacy storage
05-28 16:04:42.896 467 467 V StorageManagerService: Package com.android.tv does not have legacy storage
05-28 16:04:42.897 360 360 W omx_vdec: <__AwOmxVdecGetExtensionIndex:1741>: GetExtensionIndex OMX.google.android.index.describeColorFormat2, err [0x80001001].
05-28 16:04:42.897 360 360 E omx_vdec: : erro: pParamData->nIndex > m_sPortFormatType.nIndex
05-28 16:04:42.897 467 467 V StorageManagerService: Package com.android.inputdevices does not have legacy storage
05-28 16:04:42.898 467 467 V StorageManagerService: Package com.android.bips does not have legacy storage
05-28 16:04:42.898 467 467 V StorageManagerService: Package com.oranth.inputmacsn does not have legacy storage
05-28 16:04:42.898 467 467 V StorageManagerService: Package com.android.musicfx does not have legacy storage
05-28 16:04:42.898 467 467 V StorageManagerService: Package com.dangbei.hqguide does not have legacy storage
05-28 16:04:42.898 360 360 W omx_vdec: <__AwOmxVdecGetExtensionIndex:1741>: GetExtensionIndex OMX.google.android.index.describeColorFormat, err [0x80001001].
05-28 16:04:42.898 467 467 V StorageManagerService: Package com.dangbei.hqmedia does not have legacy storage
05-28 16:04:42.898 467 467 V StorageManagerService: Package android.ext.shared does not have legacy storage
05-28 16:04:42.898 360 360 W omx_vdec: <__AwOmxVdecGetExtensionIndex:1741>: GetExtensionIndex OMX.google.android.index.describeColorFormat2, err [0x80001001].
05-28 16:04:42.898 467 467 V StorageManagerService: Package com.android.onetimeinitializer does not have legacy storage
05-28 16:04:42.898 467 467 V StorageManagerService: Package com.android.keychain does not have legacy storage
05-28 16:04:42.898 360 360 E omx_vdec: : erro: pParamData->nIndex > m_sPortFormatType.nIndex
05-28 16:04:42.898 467 467 V StorageManagerService: Package com.android.printservice.recommendation does not have legacy storage
05-28 16:04:42.898 467 467 V StorageManagerService: Package com.google.android.networkstack.tetheringconfig does not have legacy storage
05-28 16:04:42.898 360 360 W omx_vdec: <__AwOmxVdecGetExtensionIndex:1741>: GetExtensionIndex OMX.google.android.index.describeColorFormat, err [0x80001001].
05-28 16:04:42.898 467 467 V StorageManagerService: Package android.ext.services does not have legacy storage
05-28 16:04:42.898 467 467 V StorageManagerService: Package com.android.wifi.resources does not have legacy storage
05-28 16:04:42.898 360 360 W omx_vdec: <__AwOmxVdecGetExtensionIndex:1741>: GetExtensionIndex OMX.google.android.index.describeColorFormat2, err [0x80001001].
05-28 16:04:42.899 467 467 V StorageManagerService: Package com.android.localtransport does not have legacy storage
05-28 16:04:42.899 467 467 V StorageManagerService: Package com.android.packageinstaller does not have legacy storage
05-28 16:04:42.899 467 467 V StorageManagerService: Package com.android.theme.font.notoserifsource does not have legacy storage
05-28 16:04:42.899 360 360 E omx_vdec: : erro: pParamData->nIndex > m_sPortFormatType.nIndex
05-28 16:04:42.899 467 467 V StorageManagerService: Package com.android.proxyhandler does not have legacy storage
05-28 16:04:42.899 467 467 V StorageManagerService: Package com.softwinner.screenshot does not have legacy storage
05-28 16:04:42.899 467 467 V StorageManagerService: Package com.android.managedprovisioning does not have legacy storage
05-28 16:04:42.899 467 467 V StorageManagerService: Package com.oranth.usbopenft does not have legacy storage
05-28 16:04:42.899 467 467 V StorageManagerService: Package com.android.networkstack.tethering does not have legacy storage
05-28 16:04:42.899 467 467 V StorageManagerService: Package com.android.soundpicker does not have legacy storage
05-28 16:04:42.899 360 360 W omx_vdec: <__AwOmxVdecGetExtensionIndex:1741>: GetExtensionIndex OMX.google.android.index.describeColorFormat, err [0x80001001].
05-28 16:04:42.899 467 467 V StorageManagerService: Package com.dangbei.lerad.etna.haqu does not have legacy storage
05-28 16:04:42.899 360 360 W omx_vdec: <__AwOmxVdecGetExtensionIndex:1741>: GetExtensionIndex OMX.google.android.index.describeColorFormat2, err [0x80001001].
05-28 16:04:42.899 467 467 V StorageManagerService: Package com.allwinnertech.packageoverride does not have legacy storage
05-28 16:04:42.899 467 467 V StorageManagerService: Package com.android.smspush does not have legacy storage
05-28 16:04:42.899 360 360 E omx_vdec: : erro: pParamData->nIndex > m_sPortFormatType.nIndex
05-28 16:04:42.899 467 467 V StorageManagerService: Package com.android.wallpaper.livepicker does not have legacy storage
05-28 16:04:42.899 467 467 V StorageManagerService: Package com.tv.filemanager.os has legacy storage
05-28 16:04:42.899 360 360 W omx_vdec: <__AwOmxVdecGetExtensionIndex:1741>: GetExtensionIndex OMX.google.android.index.describeColorFormat, err [0x80001001].
05-28 16:04:42.900 467 467 V StorageManagerService: Package com.oranth.powerwindow does not have legacy storage
05-28 16:04:42.900 360 360 W omx_vdec: <__AwOmxVdecGetExtensionIndex:1741>: GetExtensionIndex OMX.google.android.index.describeColorFormat2, err [0x80001001].
05-28 16:04:42.900 467 467 V StorageManagerService: Package com.android.storagemanager does not have legacy storage
05-28 16:04:42.900 467 467 V StorageManagerService: Package com.android.bookmarkprovider does not have legacy storage
05-28 16:04:42.900 467 467 V StorageManagerService: Package com.android.networkstack.permissionconfig does not have legacy storage
05-28 16:04:42.900 467 467 V StorageManagerService: Package com.android.cts.ctsshim does not have legacy storage
05-28 16:04:42.900 467 467 V StorageManagerService: Package com.dangbei.lerad.screensaver does not have legacy storage
05-28 16:04:42.900 467 467 V StorageManagerService: Package com.android.remoteprovisioner does not have legacy storage
05-28 16:04:42.900 360 360 E omx_vdec: : erro: pParamData->nIndex > m_sPortFormatType.nIndex
05-28 16:04:42.900 467 467 V StorageManagerService: Package com.softwinner.theme.icon does not have legacy storage
05-28 16:04:42.900 467 467 V StorageManagerService: Package com.android.wallpaper does not have legacy storage
05-28 16:04:42.900 360 360 W omx_vdec: <__AwOmxVdecGetExtensionIndex:1741>: GetExtensionIndex OMX.google.android.index.describeColorFormat, err [0x80001001].
05-28 16:04:42.900 467 467 V StorageManagerService: Package com.android.vpndialogs does not have legacy storage
05-28 16:04:42.900 467 467 V StorageManagerService: Package com.android.music does not have legacy storage
05-28 16:04:42.900 360 360 W omx_vdec: <__AwOmxVdecGetExtensionIndex:1741>: GetExtensionIndex OMX.google.android.index.describeColorFormat2, err [0x80001001].
05-28 16:04:42.900 467 467 V StorageManagerService: Package com.android.shell does not have legacy storage
05-28 16:04:42.900 467 467 V StorageManagerService: Package com.android.wallpaperbackup does not have legacy storage
05-28 16:04:42.900 360 360 E omx_vdec: : erro: pParamData->nIndex > m_sPortFormatType.nIndex
05-28 16:04:42.900 467 467 V StorageManagerService: Package com.android.providers.blockednumber does not have legacy storage
05-28 16:04:42.900 360 360 W omx_vdec: <__AwOmxVdecGetExtensionIndex:1741>: GetExtensionIndex OMX.google.android.index.describeColorFormat, err [0x80001001].
05-28 16:04:42.900 467 467 V StorageManagerService: Package com.android.providers.userdictionary does not have legacy storage
05-28 16:04:42.901 467 467 V StorageManagerService: Package com.android.providers.media.module does not have legacy storage
05-28 16:04:42.901 467 467 V StorageManagerService: Package com.softwinner.theme.color does not have legacy storage
05-28 16:04:42.901 467 467 V StorageManagerService: Package com.oranth.storage does not have legacy storage
05-28 16:04:42.901 467 467 V StorageManagerService: Package com.android.hotspot2.osulogin does not have legacy storage
05-28 16:04:42.901 360 360 W omx_vdec: <__AwOmxVdecGetExtensionIndex:1741>: GetExtensionIndex OMX.google.android.index.describeColorFormat2, err [0x80001001].
05-28 16:04:42.901 467 467 V StorageManagerService: Package com.android.internal.systemui.navbar.gestural does not have legacy storage
05-28 16:04:42.901 467 467 V StorageManagerService: Package com.android.location.fused does not have legacy storage
05-28 16:04:42.901 360 360 E omx_vdec: : erro: pParamData->nIndex > m_sPortFormatType.nIndex
05-28 16:04:42.901 467 467 V StorageManagerService: Package com.android.systemui does not have legacy storage
05-28 16:04:42.901 467 467 V StorageManagerService: Package com.dangbei.haqusetting does not have legacy storage
05-28 16:04:42.901 360 360 W omx_vdec: <__AwOmxVdecGetExtensionIndex:1741>: GetExtensionIndex OMX.google.android.index.describeColorFormat, err [0x80001001].
05-28 16:04:42.901 467 467 V StorageManagerService: Package com.android.bluetoothmidiservice does not have legacy storage
05-28 16:04:42.901 467 467 V StorageManagerService: Package com.softwinner.awmanager does not have legacy storage
05-28 16:04:42.901 360 360 W omx_vdec: <__AwOmxVdecGetExtensionIndex:1741>: GetExtensionIndex OMX.google.android.index.describeColorFormat2, err [0x80001001].
05-28 16:04:42.901 467 467 V StorageManagerService: Package com.android.permissioncontroller does not have legacy storage
05-28 16:04:42.901 467 467 V StorageManagerService: Package com.softwinner.miracastReceiver does not have legacy storage
05-28 16:04:42.901 360 360 E omx_vdec: : erro: pParamData->nIndex > m_sPortFormatType.nIndex
05-28 16:04:42.901 467 467 V StorageManagerService: Package com.android.traceur does not have legacy storage
05-28 16:04:42.901 467 467 V StorageManagerService: Package com.android.bluetooth does not have legacy storage
05-28 16:04:42.901 467 467 V StorageManagerService: Package com.android.providers.contacts does not have legacy storage
05-28 16:04:42.902 467 467 V StorageManagerService: Package com.android.captiveportallogin does not have legacy storage
05-28 16:04:42.902 467 467 V StorageManagerService: Package com.android.internal.systemui.navbar.gestural_narrow_back does not have legacy storage
05-28 16:04:42.902 360 360 W omx_vdec: <__AwOmxVdecGetExtensionIndex:1741>: GetExtensionIndex OMX.google.android.index.describeColorFormat, err [0x80001001].
05-28 16:04:42.902 360 360 W omx_vdec: <__AwOmxVdecGetExtensionIndex:1741>: GetExtensionIndex OMX.google.android.index.describeColorFormat2, err [0x80001001].
05-28 16:04:42.902 360 360 E omx_vdec: : erro: pParamData->nIndex > m_sPortFormatType.nIndex
05-28 16:04:42.902 360 360 W omx_vdec: <__AwOmxVdecGetExtensionIndex:1741>: GetExtensionIndex OMX.google.android.index.describeColorFormat, err [0x80001001].
05-28 16:04:42.903 360 360 W omx_vdec: <__AwOmxVdecGetExtensionIndex:1741>: GetExtensionIndex OMX.google.android.index.describeColorFormat2, err [0x80001001].
05-28 16:04:42.903 360 360 E omx_vdec: : erro: pParamData->nIndex > m_sPortFormatType.nIndex
05-28 16:04:42.903 360 360 W omx_vdec: <__AwOmxVdecGetExtensionIndex:1741>: GetExtensionIndex OMX.google.android.index.describeColorFormat, err [0x80001001].
05-28 16:04:42.903 360 360 W omx_vdec: <__AwOmxVdecGetExtensionIndex:1741>: GetExtensionIndex OMX.google.android.index.describeColorFormat2, err [0x80001001].
05-28 16:04:42.903 360 360 E omx_vdec: : erro: pParamData->nIndex > m_sPortFormatType.nIndex
05-28 16:04:42.904 360 360 W omx_vdec: <__AwOmxVdecGetExtensionIndex:1741>: GetExtensionIndex OMX.google.android.index.describeColorFormat, err [0x80001001].
05-28 16:04:42.904 360 360 W omx_vdec: <__AwOmxVdecGetExtensionIndex:1741>: GetExtensionIndex OMX.google.android.index.describeColorFormat2, err [0x80001001].
05-28 16:04:42.904 360 360 E omx_vdec: : erro: pParamData->nIndex > m_sPortFormatType.nIndex
05-28 16:04:42.904 360 360 W omx_vdec: <__AwOmxVdecGetExtensionIndex:1741>: GetExtensionIndex OMX.google.android.index.describeColorFormat, err [0x80001001].
05-28 16:04:42.904 360 360 W omx_vdec: <__AwOmxVdecGetExtensionIndex:1741>: GetExtensionIndex OMX.google.android.index.describeColorFormat2, err [0x80001001].
05-28 16:04:42.904 360 360 E omx_vdec: : erro: pParamData->nIndex > m_sPortFormatType.nIndex
05-28 16:04:42.905 360 360 W omx_vdec: <__AwOmxVdecGetExtensionIndex:1741>: GetExtensionIndex OMX.google.android.index.describeColorFormat, err [0x80001001].
05-28 16:04:42.905 360 360 W omx_vdec: <__AwOmxVdecGetExtensionIndex:1741>: GetExtensionIndex OMX.google.android.index.describeColorFormat2, err [0x80001001].
05-28 16:04:42.905 360 360 E omx_vdec: : erro: pParamData->nIndex > m_sPortFormatType.nIndex
05-28 16:04:42.906 360 360 W omx_vdec: <__AwOmxVdecGetExtensionIndex:1741>: GetExtensionIndex OMX.google.android.index.describeColorFormat, err [0x80001001].
05-28 16:04:42.906 467 467 V StorageManagerService: Package android.auto_generated_rro_vendor__ does not have legacy storage
05-28 16:04:42.906 360 360 W omx_vdec: <__AwOmxVdecGetExtensionIndex:1741>: GetExtensionIndex OMX.google.android.index.describeColorFormat2, err [0x80001001].
05-28 16:04:42.907 360 360 E omx_vdec: : erro: pParamData->nIndex > m_sPortFormatType.nIndex
05-28 16:04:42.907 360 360 W omx_vdec: <__AwOmxVdecGetExtensionIndex:1741>: GetExtensionIndex OMX.google.android.index.describeColorFormat, err [0x80001001].
05-28 16:04:42.907 360 360 W omx_vdec: <__AwOmxVdecGetExtensionIndex:1741>: GetExtensionIndex OMX.google.android.index.describeColorFormat2, err [0x80001001].
05-28 16:04:42.908 360 360 E omx_vdec: : erro: pParamData->nIndex > m_sPortFormatType.nIndex
05-28 16:04:42.908 360 360 W omx_vdec: <__AwOmxVdecGetExtensionIndex:1741>: GetExtensionIndex OMX.google.android.index.describeColorFormat, err [0x80001001].
05-28 16:04:42.909 360 360 W omx_vdec: <__AwOmxVdecGetExtensionIndex:1741>: GetExtensionIndex OMX.google.android.index.describeColorFormat2, err [0x80001001].
05-28 16:04:42.909 360 360 E omx_vdec: : erro: pParamData->nIndex > m_sPortFormatType.nIndex
05-28 16:04:42.909 360 360 W omx_vdec: <__AwOmxVdecGetExtensionIndex:1741>: GetExtensionIndex OMX.google.android.index.describeColorFormat, err [0x80001001].
05-28 16:04:42.909 360 360 W omx_vdec: <__AwOmxVdecGetExtensionIndex:1741>: GetExtensionIndex OMX.google.android.index.describeColorFormat2, err [0x80001001].
05-28 16:04:42.909 360 360 E omx_vdec: : erro: pParamData->nIndex > m_sPortFormatType.nIndex
05-28 16:04:42.909 360 360 W omx_vdec: <__AwOmxVdecGetExtensionIndex:1741>: GetExtensionIndex OMX.google.android.index.describeColorFormat, err [0x80001001].
05-28 16:04:42.909 360 360 W omx_vdec: <__AwOmxVdecGetExtensionIndex:1741>: GetExtensionIndex OMX.google.android.index.describeColorFormat2, err [0x80001001].
05-28 16:04:42.910 360 360 E omx_vdec: : erro: pParamData->nIndex > m_sPortFormatType.nIndex
05-28 16:04:42.910 360 360 W omx_vdec: <__AwOmxVdecGetExtensionIndex:1741>: GetExtensionIndex OMX.google.android.index.describeColorFormat, err [0x80001001].
05-28 16:04:42.917 467 467 W VoiceInteractionManager: no available voice recognition services found for user 0
05-28 16:04:42.918 360 360 W omx_vdec: <__AwOmxVdecGetExtensionIndex:1741>: GetExtensionIndex OMX.google.android.index.describeColorFormat2, err [0x80001001].
05-28 16:04:42.919 467 732 D CompatibilityChangeReporter: Compat change id reported: 168419799; UID 1073; state: DISABLED
05-28 16:04:42.920 360 360 E omx_vdec: : erro: pParamData->nIndex > m_sPortFormatType.nIndex
05-28 16:04:42.921 360 360 W omx_vdec: <__AwOmxVdecGetExtensionIndex:1741>: GetExtensionIndex OMX.google.android.index.describeColorFormat, err [0x80001001].
05-28 16:04:42.922 360 360 W omx_vdec: <__AwOmxVdecGetExtensionIndex:1741>: GetExtensionIndex OMX.google.android.index.describeColorFormat2, err [0x80001001].
05-28 16:04:42.922 360 360 E omx_vdec: : erro: pParamData->nIndex > m_sPortFormatType.nIndex
05-28 16:04:42.922 360 360 W omx_vdec: <__AwOmxVdecGetExtensionIndex:1741>: GetExtensionIndex OMX.google.android.index.describeColorFormat, err [0x80001001].
05-28 16:04:42.922 360 360 W omx_vdec: <__AwOmxVdecGetExtensionIndex:1741>: GetExtensionIndex OMX.google.android.index.describeColorFormat2, err [0x80001001].
05-28 16:04:42.923 360 360 E omx_vdec: : erro: pParamData->nIndex > m_sPortFormatType.nIndex
05-28 16:04:42.923 360 360 W omx_vdec: <__AwOmxVdecGetExtensionIndex:1741>: GetExtensionIndex OMX.google.android.index.describeColorFormat, err [0x80001001].
05-28 16:04:42.923 360 360 W omx_vdec: <__AwOmxVdecGetExtensionIndex:1741>: GetExtensionIndex OMX.google.android.index.describeColorFormat2, err [0x80001001].
05-28 16:04:42.923 360 360 E omx_vdec: : erro: pParamData->nIndex > m_sPortFormatType.nIndex
05-28 16:04:42.923 467 467 W AppBindingService: [Default SMS app] u0 Target package not found
05-28 16:04:42.923 360 360 W omx_vdec: <__AwOmxVdecGetExtensionIndex:1741>: GetExtensionIndex OMX.google.android.index.describeColorFormat, err [0x80001001].
05-28 16:04:42.923 360 360 W omx_vdec: <__AwOmxVdecGetExtensionIndex:1741>: GetExtensionIndex OMX.google.android.index.describeColorFormat2, err [0x80001001].
05-28 16:04:42.923 360 360 E omx_vdec: : erro: pParamData->nIndex > m_sPortFormatType.nIndex
05-28 16:04:42.923 360 360 W omx_vdec: <__AwOmxVdecGetExtensionIndex:1741>: GetExtensionIndex OMX.google.android.index.describeColorFormat, err [0x80001001].
05-28 16:04:42.924 360 360 W omx_vdec: <__AwOmxVdecGetExtensionIndex:1741>: GetExtensionIndex OMX.google.android.index.describeColorFormat2, err [0x80001001].
05-28 16:04:42.924 360 360 E omx_vdec: : erro: pParamData->nIndex > m_sPortFormatType.nIndex
05-28 16:04:42.924 360 360 W omx_vdec: <__AwOmxVdecGetExtensionIndex:1741>: GetExtensionIndex OMX.google.android.index.describeColorFormat, err [0x80001001].
05-28 16:04:42.924 360 360 W omx_vdec: <__AwOmxVdecGetExtensionIndex:1741>: GetExtensionIndex OMX.google.android.index.describeColorFormat2, err [0x80001001].
05-28 16:04:42.924 360 360 E omx_vdec: : erro: pParamData->nIndex > m_sPortFormatType.nIndex
05-28 16:04:42.925 360 360 W omx_vdec: <__AwOmxVdecGetExtensionIndex:1741>: GetExtensionIndex OMX.google.android.index.describeColorFormat, err [0x80001001].
05-28 16:04:42.925 360 360 W omx_vdec: <__AwOmxVdecGetExtensionIndex:1741>: GetExtensionIndex OMX.google.android.index.describeColorFormat2, err [0x80001001].
05-28 16:04:42.925 360 360 E omx_vdec: : erro: pParamData->nIndex > m_sPortFormatType.nIndex
05-28 16:04:42.925 360 360 W omx_vdec: <__AwOmxVdecGetExtensionIndex:1741>: GetExtensionIndex OMX.google.android.index.describeColorFormat, err [0x80001001].
05-28 16:04:42.925 360 360 W omx_vdec: <__AwOmxVdecGetExtensionIndex:1741>: GetExtensionIndex OMX.google.android.index.describeColorFormat2, err [0x80001001].
05-28 16:04:42.925 352 461 W ACodec : [OMX.allwinner.video.decoder.mpeg4] stopping checking formats after 32: COLOR_FormatYUV420Planar(13)
05-28 16:04:42.925 360 360 W omx_vdec: <__AwOmxVdecGetExtensionIndex:1741>: GetExtensionIndex OMX.google.android.index.configureVideoTunnelMode, err [0x80001001].
05-28 16:04:42.925 360 360 E OMXNodeInstance: getExtensionIndex(0xef3c3000:allwinner.decoder.mpeg4, OMX.google.android.index.configureVideoTunnelMode) ERROR: Undefined(0x80001001)
05-28 16:04:42.925 352 461 D MediaCodecInfo: detail feature-tunneled-playback wasn't present to remove
05-28 16:04:42.926 360 360 W omx_vdec: <__AwOmxVdecGetExtensionIndex:1741>: GetExtensionIndex OMX.google.android.index.storeANWBufferInMetadata, err [0x80001001].
05-28 16:04:42.926 360 360 W omx_vdec_aw: <__anSetExtPara:3004>: Setparameter: unknown param 2131755011
05-28 16:04:42.926 360 360 W OMXNodeInstance: [0xef3c3000:allwinner.decoder.mpeg4] component does not support metadata mode; using fallback
05-28 16:04:42.926 467 467 V GameManagerService: Settings file doesn't exists, skip reading
05-28 16:04:42.927 360 744 W libc : invalid pthread_t (0) passed to pthread_join
05-28 16:04:42.927 360 744 W libc : invalid pthread_t (0) passed to pthread_join
05-28 16:04:42.927 360 744 W libc : invalid pthread_t (0) passed to pthread_join
05-28 16:04:42.927 360 360 I cedarc : : not malloc locks
05-28 16:04:42.934 360 360 D : disable_cedar_hw_clk,546
05-28 16:04:42.934 467 523 W BestClock: java.time.DateTimeException: Missing NTP fix
