05-28 16:05:01.436 415 415 I : DVI mode selected: packets not configured
05-28 16:05:01.436 415 415 I : Error: set vsif failed
05-28 16:05:01.452 415 415 I : DVI mode selected: packets not configured
05-28 16:05:01.452 415 415 I : Error: set vsif failed
05-28 16:05:01.766 1057 1550 I OpenGLRenderer: Davey! duration=9223372003209ms; Flags=0, FrameTimelineVsyncId=1102, IntendedVsync=33643984227, Vsync=33643984227, InputEventId=0, HandleInputStart=33644738682, AnimationStart=33644745015, PerformTraversalsStart=33645080098, DrawStart=33645220432, FrameDeadline=33677317559, FrameInterval=33644728557, FrameStartTime=16666666, SyncQueued=33645297682, SyncStart=33646090473, IssueDrawCommandsStart=33647241140, SwapBuffers=33666531973, FrameCompleted=9223372036854775807, DequeueBufferDuration=16412083, QueueBufferDuration=938459, GpuCompleted=9223372036854775807, SwapBuffersCompleted=33673587932, DisplayPresentTime=0,
05-28 16:05:01.881 1057 1082 I OpenGLRenderer: Davey! duration=9223372003082ms; Flags=0, FrameTimelineVsyncId=1115, IntendedVsync=33760652422, Vsync=33760652422, InputEventId=0, HandleInputStart=33761638682, AnimationStart=33761640848, PerformTraversalsStart=33762745223, DrawStart=33763309182, FrameDeadline=33793985754, FrameInterval=33761631557, FrameStartTime=16666666, SyncQueued=33763725015, SyncStart=33775594432, IssueDrawCommandsStart=33776936057, SwapBuffers=33791442890, FrameCompleted=9223372036854775807, DequeueBufferDuration=6152375, QueueBufferDuration=1550042, GpuCompleted=9223372036854775807, SwapBuffersCompleted=33802165348, DisplayPresentTime=0,
05-28 16:05:01.896 2124 2124 I Timer-1 : type=1400 audit(0.0:974): avc: denied { read } for name="address" dev="sysfs" ino=16906 scontext=u:r:platform_app:s0:c512,c768 tcontext=u:object_r:sysfs_net:s0 tclass=file permissive=1 app=com.dangbei.screencast
05-28 16:05:01.896 2124 2124 I Timer-1 : type=1400 audit(0.0:975): avc: denied { open } for path="/sys/devices/virtual/net/dummy0/address" dev="sysfs" ino=16906 scontext=u:r:platform_app:s0:c512,c768 tcontext=u:object_r:sysfs_net:s0 tclass=file permissive=1 app=com.dangbei.screencast
05-28 16:05:01.896 2124 2124 I Timer-1 : type=1400 audit(0.0:976): avc: denied { getattr } for path="/sys/devices/virtual/net/dummy0/address" dev="sysfs" ino=16906 scontext=u:r:platform_app:s0:c512,c768 tcontext=u:object_r:sysfs_net:s0 tclass=file permissive=1 app=com.dangbei.screencast
05-28 16:05:01.900 2124 2124 I Timer-1 : type=1400 audit(0.0:977): avc: denied { read } for name="address" dev="sysfs" ino=27449 scontext=u:r:platform_app:s0:c512,c768 tcontext=u:object_r:sysfs:s0 tclass=file permissive=1 app=com.dangbei.screencast
05-28 16:05:01.900 2124 2124 I Timer-1 : type=1400 audit(0.0:978): avc: denied { open } for path="/sys/devices/platform/unisoc_wifi/net/wlan1/address" dev="sysfs" ino=27449 scontext=u:r:platform_app:s0:c512,c768 tcontext=u:object_r:sysfs:s0 tclass=file permissive=1 app=com.dangbei.screencast
05-28 16:05:01.900 2124 2124 I Timer-1 : type=1400 audit(0.0:979): avc: denied { getattr } for path="/sys/devices/platform/unisoc_wifi/net/wlan1/address" dev="sysfs" ino=27449 scontext=u:r:platform_app:s0:c512,c768 tcontext=u:object_r:sysfs:s0 tclass=file permissive=1 app=com.dangbei.screencast
05-28 16:05:01.930 2124 2200 I efs.config: No update is required, less than 8h since the last update
05-28 16:05:01.948 467 799 W TelephonyPermissions: reportAccessDeniedToReadIdentifiers:com.dangbei.screencast:getSerial:-1
05-28 16:05:02.016 2124 2210 V NFC : this device does not have NFC support
05-28 16:05:02.024 467 515 W IorapForwardingService: No service published for: iorapd
05-28 16:05:02.068 657 866 I bt_btif_dm: system/bt/btif/src/btif_dm.cc:548 btif_update_remote_properties: cod from storage is also unclassified
05-28 16:05:02.088 261 261 I EventThread: type=1400 audit(0.0:980): avc: denied { search } for name="extcon" dev="sysfs" ino=18109 scontext=u:r:hal_tv_cec_default:s0 tcontext=u:object_r:sysfs_extcon:s0 tclass=dir permissive=1
05-28 16:05:02.100 467 799 I WifiService: releaseMulticastLock uid=10022
05-28 16:05:02.102 467 1343 I WifiService: releaseMulticastLock uid=10022
05-28 16:05:02.126 2124 2124 D HiSight-SinkService: setDiscoverable true
05-28 16:05:02.128 1057 1218 D wenhc : getScreenInfo uri = content://com.dangbei.screencast.parts.info/screen_cast
05-28 16:05:02.128 2124 2124 D NearFieldManager: init.
05-28 16:05:02.128 2124 2124 D NearFieldManager: try check dmsdp
05-28 16:05:02.146 2124 2124 D NearFieldManager: package not exist
05-28 16:05:02.149 467 800 D CompatibilityChangeReporter: Compat change id reported: 135634846; UID 10022; state: DISABLED
05-28 16:05:02.150 467 527 D CompatibilityChangeReporter: Compat change id reported: 143937733; UID 10022; state: DISABLED
05-28 16:05:02.151 2124 2124 D NearFieldManager: bind nearfield service true
05-28 16:05:02.152 2124 2124 D NearFieldManager: registerCallback true
05-28 16:05:02.152 2124 2124 D HiSight-Discovery: set deviceInfo type:46
05-28 16:05:02.152 2124 2124 D HiSight-Discovery: startAdvertise 1
05-28 16:05:02.159 1980 1980 W audit : audit_lost=514 audit_rate_limit=5 audit_backlog_limit=64
05-28 16:05:02.159 1980 1980 E audit : rate limit exceeded
05-28 16:05:02.168 243 243 D Zygote : Forked child process 2349
05-28 16:05:02.169 467 527 I ActivityManager: app.processName = com.huawei.connection
05-28 16:05:02.169 467 527 I ActivityManager: Start proc 2349:com.huawei.connection/u0a22 for service {com.dangbei.screencast/com.huawei.connection.service.NearFieldManagerService}
05-28 16:05:02.175 2349 2349 I Zygote : seccomp disabled by setenforce 0
05-28 16:05:02.195 381 400 I adbd : jdwp connection from 2349
05-28 16:05:02.217 2349 2349 D CompatibilityChangeReporter: Compat change id reported: 171979766; UID 10022; state: DISABLED
05-28 16:05:02.226 2349 2349 D ApplicationLoaders: Returning zygote-cached class loader: /system/framework/android.test.base.jar
05-28 16:05:02.226 2349 2349 D ApplicationLoaders: Returning zygote-cached class loader: /system/framework/android.hidl.manager-V1.0-java.jar
05-28 16:05:02.226 2349 2349 D ApplicationLoaders: Returning zygote-cached class loader: /system/framework/android.hidl.base-V1.0-java.jar
05-28 16:05:02.248 2349 2349 V GraphicsEnvironment: ANGLE Developer option for 'com.dangbei.screencast' set to: 'default'
05-28 16:05:02.248 2349 2349 V GraphicsEnvironment: Neither updatable production driver nor prerelease driver is supported.
05-28 16:05:02.249 2349 2349 D NetworkSecurityConfig: Using Network Security Config from resource network_security_config debugBuild: false
05-28 16:05:02.251 2349 2349 D NetworkSecurityConfig: Using Network Security Config from resource network_security_config debugBuild: false
05-28 16:05:02.253 2349 2349 I MultiDex: VM with version 2.1.0 has multidex support
05-28 16:05:02.253 2349 2349 I MultiDex: Installing application
05-28 16:05:02.253 2349 2349 I MultiDex: VM has multidex support, MultiDex support library is disabled.
05-28 16:05:02.326 2349 2384 I crashsdk: version unique build id: 6230cced
05-28 16:05:02.332 2349 2385 D crashsdk: Native log stat thread 2385 setup, waiting
05-28 16:05:02.335 2349 2374 I crashsdk: begin hack android.os.Process
05-28 16:05:02.335 2349 2374 I crashsdk: end hack android.os.Process
05-28 16:05:02.360 2349 2374 I Matrix.AnrTracer: anrTrace, final mAnrBeatTime:400, mAnrBeatRate:400
05-28 16:05:02.361 2349 2349 I TDLog : setReportUncaughtExceptions: true
05-28 16:05:02.362 2349 2389 W efs.send_log: tryFileLock start!
05-28 16:05:02.364 2349 2349 E Application: onCreate:Version:v2.8.3/20830/883432e
05-28 16:05:02.364 2349 2374 E LaunchManager: Non main process !
05-28 16:05:02.365 2349 2374 W System.err: java.lang.NullPointerException: Attempt to invoke virtual method 'boolean com.efs.sdk.launch.LaunchConfigManager.enableTracer()' on a null object reference
05-28 16:05:02.365 2349 2374 W System.err: at com.umeng.umcrash.UMCrash.init(Unknown Source:403)
05-28 16:05:02.365 2349 2374 W System.err: at java.lang.reflect.Method.invoke(Native Method)
05-28 16:05:02.365 2349 2374 W System.err: at com.umeng.commonsdk.UMConfigure.init(Unknown Source:811)
05-28 16:05:02.366 2349 2374 W System.err: at b.f.f.b.a(:4)
05-28 16:05:02.366 2349 2374 W System.err: at h.o.a.run(Unknown Source:2)
05-28 16:05:02.383 2349 2389 I efs.config: --->>> 删除旧的配置文件 false
05-28 16:05:02.389 2349 2405 I efs.base: lt=event`ev_ct=efs_core`ev_ac=pvuv`tm=2025-05-28 16:05:37`dn=814a6c1f-a914-45e0-9441-173ac17d88d0`ps=com.huawei.connection`um_os=android`stime=1748419502135`pid=2349`fr=android`pkg=com.dangbei.screencast`vcode=20830`dsp_w=1920`uid=814a6c1f-a914-45e0-9441-173ac17d88d0`rom=12`wid=814a6c1f-a914-45e0-9441-173ac17d88d0`um_app_carrier=`um_access=wifi`um_app_channel=os`um_crash_sdk_version=1.4.0`ctime=1748419502`model=dbbox-a2`lang=zh`net=wifi`brand=dangbei`dsp_h=1080`um_network_type=0`ver=v2.8.3`build_model=DBBOX-A2`w_tm=1748419502`appid=5fc60c21094d637f3130af19`um_umid_header=ai536d652a62b80cf12a583dbdbfe77cd5`sdk=31`tzone=Asia/Shanghai`sdk_ver=1.3.6.umeng
05-28 16:05:02.407 2349 2389 I efs.config: current config version (-1) is older than another (1735614866)
05-28 16:05:02.408 2349 2349 D NearFieldManagerService: NearFieldManagerService.
05-28 16:05:02.409 2349 2349 D NearFieldManagerService: onCreate, enter.
05-28 16:05:02.409 2349 2349 I NearFieldManagerService: onBind, enter.
05-28 16:05:02.409 2349 2349 D NearFieldManagerService: initService
05-28 16:05:02.409 2349 2349 D NearFieldManagerService: NearField starting...
05-28 16:05:02.410 2349 2389 I efs.config: load config from storage and notify observer
05-28 16:05:02.410 467 692 W ServiceManager: Permission failure: android.permission.HIGH_SAMPLING_RATE_SENSORS from uid=10022 pid=2349
05-28 16:05:02.410 2349 2349 D NearFieldUtils: checkSystemProperty in
05-28 16:05:02.410 2349 2349 D NearFieldUtils: checkSystemProperty: systemProperties:
05-28 16:05:02.410 2349 2349 E NearFieldUtils: validProperty: priority is null
05-28 16:05:02.413 2349 2375 I TDLog : TalkingData SDK init...
05-28 16:05:02.413 2349 2375 I TDLog : SDK_VERSION is: Android+TD+V5.0.7 gp Type:Native Build_Num:2141
05-28 16:05:02.413 2349 2375 I TDLog : App ID is: B9D7815EC975466AB1332111FCE62DF5
05-28 16:05:02.413 2349 2375 I TDLog : App Channel is: os
05-28 16:05:02.413 2349 2375 I TDLog : App Custom is:
05-28 16:05:02.413 2349 2375 I TDLog : SDK_OVC is: TDOVC+a3bb7754719798526508b6caad480dd7+SaaS
05-28 16:05:02.417 2124 2124 D NearFieldManager: service connected.
05-28 16:05:02.418 2124 2124 D HiSight-Discovery: eventId: 4001
05-28 16:05:02.419 2124 2348 D HiSight-Discovery: msg 4001
05-28 16:05:02.419 2124 2348 D HiSight-Discovery: bind success, status Ready
05-28 16:05:02.419 2124 2348 D HiSight-Discovery: startAdvertise 2
05-28 16:05:02.419 2124 2348 D HiSight-Discovery: stopAdvertise.
05-28 16:05:02.419 2124 2348 D HiSight-Discovery: nearFieldStartListen deviceType 46
05-28 16:05:02.421 2349 2366 I NearFieldManagerImpl: setDeviceInfo, sDeviceId changes
05-28 16:05:02.421 2349 2366 I NearFieldManagerImpl: setDeviceInfo, sDeviceName changes
05-28 16:05:02.422 2349 2366 D NearFieldManagerImpl: setServiceData, sServiceData=[], serviceData=[32]
05-28 16:05:02.422 2124 2348 E NearFieldManager: setIdnNetworkPriority: networkPortPriority is empty
05-28 16:05:02.423 2124 2348 D NearFieldManager: StartListen moduleId: CastPlusDiscoveryModule
05-28 16:05:02.425 2349 2366 D NearFieldManagerImpl: startListen: moduleId: CastPlusDiscoveryModule
05-28 16:05:02.425 2349 2366 D NearFieldUtils: getPreferredIpAddress exec
05-28 16:05:02.425 2349 2366 D NearFieldUtils: getPreferredIpAddress by custom priority
05-28 16:05:02.425 2349 2366 D NearFieldUtils: getIpByInterfaceSetting customIdnNetworkPriority:[]
05-28 16:05:02.426 2349 2366 D NearFieldUtils: getPreferredIpAddress by default priority
05-28 16:05:02.438 2349 2349 I crashsdk: Catcher mask: 5000, 20480
05-28 16:05:02.439 2349 2349 I crashsdk: Catcher thread 2355
05-28 16:05:02.439 2349 2349 D crashsdk: Register ANR handler ...
05-28 16:05:02.440 2349 2349 D NearFieldManagerImpl: onReceive action get:android.net.conn.CONNECTIVITY_CHANGE
05-28 16:05:02.440 2349 2405 W efs.info.manager: network change: wifi
05-28 16:05:02.441 2349 2349 D NearFieldUtils: getPreferredIpAddress exec
05-28 16:05:02.441 2349 2349 D NearFieldUtils: getPreferredIpAddress by custom priority
05-28 16:05:02.441 2349 2349 D NearFieldUtils: getIpByInterfaceSetting customIdnNetworkPriority:[]
05-28 16:05:02.442 2349 2349 D NearFieldUtils: getPreferredIpAddress by default priority
05-28 16:05:02.434 1047 1047 E sprdwl : sprdwl_rx_rsp_process ctx_id 0 recv rsp[WIFI_CMD_TX_DATA] status[SPRDWL_CMD_STATUS_ERROR]
05-28 16:05:02.449 1047 1047 E sprdwl : sprdwl_rx_rsp_process ctx_id 0 recv rsp[WIFI_CMD_TX_DATA] status[SPRDWL_CMD_STATUS_ERROR]
05-28 16:05:02.466 2349 2366 D NearFieldUtils: to get wlan0 ip address
05-28 16:05:02.466 2349 2366 D NearFieldUtils: get wlan0 IP succeed.
05-28 16:05:02.466 2349 2366 D NearFieldManagerImpl: sDeviceType: 46
05-28 16:05:02.466 2349 2366 D NearFieldManagerImpl: registerDevice() is called.
05-28 16:05:02.467 2349 2366 E NearFieldManagerUtilsNative: Begin System.loadLibrary()
05-28 16:05:02.461 1047 1047 E sprdwl : sprdwl_rx_rsp_process ctx_id 0 recv rsp[WIFI_CMD_TX_DATA] status[SPRDWL_CMD_STATUS_ERROR]
05-28 16:05:02.476 2349 2349 D NearFieldUtils: to get wlan0 ip address
05-28 16:05:02.474 1047 1047 E sprdwl : sprdwl_rx_rsp_process ctx_id 0 recv rsp[WIFI_CMD_TX_DATA] status[SPRDWL_CMD_STATUS_ERROR]
05-28 16:05:02.476 2349 2349 D NearFieldUtils: get wlan0 IP succeed.
05-28 16:05:02.476 2349 2349 E NearFieldManagerImpl: notifyByPriority: interfaceNameInUse is null
05-28 16:05:02.476 2349 2349 D NearFieldManagerImpl: handleConnectivityAction: notified by default
05-28 16:05:02.482 2349 2366 I HicomNfTimerManager: epoll fd:129 create success
05-28 16:05:02.482 2349 2366 I HicomNfTimerManager: epoll add fd:130--->129 success
05-28 16:05:02.482 2349 2366 I HicomNfTimerManager: time fd:130 add to epoll success
05-28 16:05:02.502 2349 2366 D nStackXDFinder: NSTACKX_Init:[146] :nstack ctrl creat epollfd 131
05-28 16:05:02.502 2349 2366 I nStackXDFinder: InitDefaultInterfaceName:[779] :InitDefaultInterfaceName exec
05-28 16:05:02.502 2349 2366 D nStackXCoAP: CoapServerInit:[174] :CoapServerInit is called
05-28 16:05:02.502 2349 2366 E nStackXDFinder: GetLocalIp:[401] :GetLocalIp exec
05-28 16:05:02.502 2349 2366 E nStackXDFinder: GetLocalIp:[407] :GetLocalIp, ifInfo is null
05-28 16:05:02.503 2349 2366 I HicomNfMainCtrlManager: NSTACKX_RegisterDevice is called
05-28 16:05:02.503 2349 2366 D NearFieldManagerImpl: Register device success.
05-28 16:05:02.503 2349 2366 I NearFieldManagerImpl: serviceName is castPlus
05-28 16:05:02.503 2349 2366 D NearFieldManagerImpl: registerCapability() called with: capabilityBitmapNum = 1, capabilityBitmap = [8]
05-28 16:05:02.503 2349 2366 I HicomNf_java_to_c: registerCapability, capabilityBitmapNum: 1
05-28 16:05:02.503 2349 2366 I HicomNfMainCtrlManager: RegisterCapability: 1, 8
05-28 16:05:02.504 2349 2366 D NearFieldManagerImpl: Register capability succeed with capabilityBitmapNum = 1, capabilityBitmap = [8]
05-28 16:05:02.504 2349 2366 D NearFieldManagerImpl: registerServiceData() called with: serviceData = 32
05-28 16:05:02.504 2349 2366 D NearFieldManagerImpl: registerModule() called with: packageModuleName = com.huawei.connection+CastPlusDiscoveryModule
05-28 16:05:02.504 2349 2366 I HicomNf_java_to_c: registerModule, moduleName: com.huawei.connection+CastPlusDiscoveryModule
05-28 16:05:02.504 2349 2366 I HicomNfMainCtrlManager: Enter RegisterModule
05-28 16:05:02.504 2349 2366 I HicomNfRegManager: RegisterModule OK, add module name com.huawei.connection+CastPlusDiscoveryModule
05-28 16:05:02.506 2124 2348 I Hisight-DeviceListManager: init DeviceListManager.
05-28 16:05:02.510 2349 2416 I nStackXDFinder: UpdateLocalNetworkInterface:[472] :UpdateLocalNetworkInterface exec,initerfaceName:wlan0
05-28 16:05:02.510 2349 2416 E nStackXDFinder: GetLocalIp:[401] :GetLocalIp exec
05-28 16:05:02.510 2349 2416 E nStackXDFinder: GetLocalIp:[407] :GetLocalIp, ifInfo is null
05-28 16:05:02.510 2349 2416 I nStackXDFinder: UpdateLocalNetworkInterface:[498] :UpdateLocalNetworkInterface copy ip value in default process
05-28 16:05:02.510 2349 2416 E nStackXDFinder: GetLocalIp:[401] :GetLocalIp exec
05-28 16:05:02.510 2349 2416 D nStackXCoAP: CoapServerInit:[174] :CoapServerInit is called
05-28 16:05:02.510 2349 2416 E nStackXDFinder: GetLocalIp:[401] :GetLocalIp exec
05-28 16:05:02.510 2349 2416 I nStackXUtil: BindToDevice:[352] :BindToDevice exec
05-28 16:05:02.510 2349 2416 I nStackXUtil: GetInterfaceByPriority:[279] :GetInterfaceByPriority exec
05-28 16:05:02.510 2349 2416 I nStackXUtil: GetInterfaceByDefault:[309] :GetInterfaceByDefault exec
05-28 16:05:02.510 2349 2416 I nStackXUtil: GetInterfaceByDefault:[316] :GetInterfaceByDefault, ndevice name: lo
05-28 16:05:02.511 2349 2416 I nStackXUtil: GetInterfaceByDefault:[316] :GetInterfaceByDefault, ndevice name: wlan0
05-28 16:05:02.511 2349 2416 I nStackXUtil: BindToDevice:[374] :BindToDevice, Bind localAddr name: wlan0
05-28 16:05:02.511 2349 2416 E nStackXUtil: BindToDeviceInner:[188] :setsockopt fail, errno = 1
05-28 16:05:02.511 2349 2416 E nStackXCoAP: CoapGetContext:[250] :bind to device fail
05-28 16:05:02.511 2349 2416 D nStackXCoAP: CoapInitResources:[744] :CoapInitResources g_wlanOrEthContext update
05-28 16:05:02.511 2349 2416 I nStackXDFinder: RegisterServiceData:[728] :RegisterServiceData, serviceData=[32]
05-28 16:05:02.513 2349 2349 D NearFieldUtils: to get wlan0 ip address
05-28 16:05:02.513 2349 2349 D NearFieldUtils: get wlan0 IP succeed.
05-28 16:05:02.513 2349 2349 I NearFieldManagerImpl: wlan Connected
05-28 16:05:02.502 1047 1047 E sprdwl : sprdwl_rx_rsp_process ctx_id 0 recv rsp[WIFI_CMD_TX_DATA] status[SPRDWL_CMD_STATUS_ERROR]
05-28 16:05:02.519 1047 1047 E sprdwl : sprdwl_rx_rsp_process ctx_id 0 recv rsp[WIFI_CMD_TX_DATA] status[SPRDWL_CMD_STATUS_ERROR]
05-28 16:05:02.516 2349 2349 I HicomNf_java_to_c: notifyNetworkStateChanged with maskStr, networkType: 0, networkState: 0, mask:
05-28 16:05:02.516 2349 2349 I HicomNfMainCtrlManager: NotifyNetworkStateChanged is called with networkState: 0
05-28 16:05:02.516 2349 2349 I HicomNfMainCtrlManager: P2P and USB are both disconnected
05-28 16:05:02.516 2349 2349 I HicomNfSecureManager: stop listening
05-28 16:05:02.516 2349 2349 I HicomNfSecureManager: StopListening, m_sessionInfoLock out, before calling NSTACKX_DMsgClose 2
05-28 16:05:02.516 2349 2349 I HicomNfSecureManager: StopListening, after calling NSTACKX_DMsgClose 2
05-28 16:05:02.532 2349 2349 I HicomNf_java_to_c: notifyNetworkStateChanged with maskStr, networkType: 0, networkState: 1, mask: 255.255.254.0
05-28 16:05:02.533 2349 2349 I HicomNfMainCtrlManager: NotifyNetworkStateChanged is called with networkState: 1
05-28 16:05:02.533 2349 2349 I HicomNfSecureManager: StartListening, before calling NSTACKX_DMsgServer
05-28 16:05:02.533 2349 2349 I nStackXDMsg: NSTACKX_DMsgServer:[1335] :msgReceiver is not NULL
05-28 16:05:02.533 2349 2349 D nStackXDMsg: StartDMsgMainThread:[1274] :pthread_create
05-28 16:05:02.533 2349 2349 I HicomNfSecureManager: StartListening, after calling NSTACKX_DMsgServer
05-28 16:05:02.533 2349 2349 I HicomNfSecureManager: OnehopSecureCtrlManager: succeeded to StartListening with type 0
05-28 16:05:02.550 2124 2348 D Hisight-DeviceListManager: get old secret key
05-28 16:05:02.535 1047 1047 E sprdwl : sprdwl_rx_rsp_process ctx_id 0 recv rsp[WIFI_CMD_TX_DATA] status[SPRDWL_CMD_STATUS_ERROR]
05-28 16:05:02.548 1047 1047 E sprdwl : sprdwl_rx_rsp_process ctx_id 0 recv rsp[WIFI_CMD_TX_DATA] status[SPRDWL_CMD_STATUS_ERROR]
05-28 16:05:02.562 2124 2348 E Hisight-ConnectAuthCallBack: readSecureFile failed, no such file
05-28 16:05:02.562 2124 2348 W Hisight-DeviceListManager: deviceRecords is empty
05-28 16:05:02.562 2124 2348 W Hisight-DeviceListManager: occur error, clear all the list
05-28 16:05:02.563 2124 2348 D Hisight-HiChainAuthControl: start HiChainAuthControl
05-28 16:05:02.562 1047 1047 E sprdwl : sprdwl_rx_rsp_process ctx_id 0 recv rsp[WIFI_CMD_TX_DATA] status[SPRDWL_CMD_STATUS_ERROR]
05-28 16:05:02.576 2124 2348 I ConnectAuthJNI: JNI_OnLoad begin load
05-28 16:05:02.576 2124 2348 I ConnectAuthJNI: RegisterNativeMethod begin
05-28 16:05:02.577 2124 2348 I ConnectAuthJNI: RegisterNativeMethod end
05-28 16:05:02.577 2124 2348 I ConnectAuthJNI: RegisterNativeMethod 1004 methodLen=10
05-28 16:05:02.577 2124 2348 I ConnectAuthJNI: RegisterNativeMethod 1007 RegisterNatives=0
05-28 16:05:02.577 2124 2348 I ConnectAuthJNI: InitArraylist 1013
05-28 16:05:02.577 2124 2348 I ConnectAuthJNI: InitConnectAuthStaticJNIMethod 1114 methodRet=0
05-28 16:05:02.577 2124 2348 E ConnectAuthJNI: JNI_OnLoad finish....1138
05-28 16:05:02.577 2124 2348 D Hisight-HiChainAuthControl: setupAuthIfNeeded, HiChainInstance hasn't been initialized
05-28 16:05:02.577 2124 2348 I ConnectAuthJNI: Java_com_huawei_hisight_security_ConnectAuthNative_nativeSetup 795 call HiChainNativeSetup
05-28 16:05:02.578 2124 2348 I ConnectAuthJNI: HiChainNativeSetup 565 registe_log
05-28 16:05:02.578 2124 2348 I ConnectAuthJNI: HksStorageRegisterFileCallbacks 245 register hks file callback status =0
05-28 16:05:02.578 2124 2348 I ConnectAuthJNI: HksRegisterGetDeviceIdCallback 268 register hks get hardware udid callback status =0
05-28 16:05:02.579 2124 2348 D ConnectAuthJNI: [HiChain] get_instance Begin get instance
05-28 16:05:02.579 2124 2348 I ConnectAuthJNI: [HKS] hks_service_key_info_init hks init : begin
05-28 16:05:02.579 2124 2348 I ConnectAuthJNI: FileRead 113 FileRead
05-28 16:05:02.579 2124 2348 I ConnectAuthJNI: FileRead 122 FileRead call readSecureFile begin
05-28 16:05:02.579 2124 2348 E Hisight-ConnectAuthCallBack: readSecureFile failed, no such file
05-28 16:05:02.579 2124 2348 W ConnectAuthJNI: FileRead 132 FileRead call readSecureFile byteArray is null
05-28 16:05:02.580 2124 2348 I ConnectAuthJNI: [HKS] hks_rkc_init RKC init:begin, is_key_info_exist=0
05-28 16:05:02.580 2124 2348 I ConnectAuthJNI: [HKS] hks_rkc_init_entropy the entropy is empty
05-28 16:05:02.580 2124 2348 I ConnectAuthJNI: FileSize 214 FileSize
05-28 16:05:02.581 2124 2348 I ConnectAuthJNI: FileSize 230 fileSize=258
05-28 16:05:02.581 2124 2348 I ConnectAuthJNI: FileRead 113 FileRead
05-28 16:05:02.581 2124 2348 I ConnectAuthJNI: FileRead 122 FileRead call readSecureFile begin
05-28 16:05:02.581 2124 2348 I ConnectAuthJNI: FileRead 135 FileRead call readSecureFile end
05-28 16:05:02.581 2124 2348 I ConnectAuthJNI: FileRead 150 fileBuff size 258, buf len 258
05-28 16:05:02.582 2124 2348 I ConnectAuthJNI: FileSize 214 FileSize
05-28 16:05:02.582 2124 2348 I ConnectAuthJNI: FileSize 230 fileSize=258
05-28 16:05:02.582 2124 2348 I ConnectAuthJNI: FileRead 113 FileRead
05-28 16:05:02.582 2124 2348 I ConnectAuthJNI: FileRead 122 FileRead call readSecureFile begin
05-28 16:05:02.582 2124 2348 I ConnectAuthJNI: FileRead 135 FileRead call readSecureFile end
05-28 16:05:02.582 2124 2348 I ConnectAuthJNI: FileRead 150 fileBuff size 258, buf len 258
05-28 16:05:02.583 2124 2348 I ConnectAuthJNI: [HKS] hks_rkc_load_ksf load ksf success
05-28 16:05:02.583 2124 2348 I ConnectAuthJNI: [HKS] hks_rkc_init root key component init success
05-28 16:05:02.583 2124 2348 I ConnectAuthJNI: [HKS] hks_rkc_init RKC init:end,rc=0
05-28 16:05:02.583 2124 2348 I ConnectAuthJNI: [HKS] hks_service_key_info_init hks init : end
05-28 16:05:02.583 2124 2348 I ConnectAuthJNI: GetHiChainProtocolParamsCallback 371 GetHiChainProtocolParamsCallback operation_code= 99
05-28 16:05:02.583 2124 2348 I ConnectAuthJNI: paramLen is ,=0
05-28 16:05:02.583 2124 2348 I ConnectAuthJNI: paramLen is ,=0
05-28 16:05:02.583 2124 2348 I ConnectAuthJNI: GetHiChainProtocolParamsCallback 402 GetHiChainProtocolParamsCallback end
05-28 16:05:02.583 2124 2348 I ConnectAuthJNI: [HiChain] get_instance Get instance success
05-28 16:05:02.583 2124 2348 I ConnectAuthJNI: Java_com_huawei_hisight_security_ConnectAuthNative_nativeGetHiChainInstance 598 get instance success
05-28 16:05:02.583 2124 2348 D Hisight-HiChainAuthControl: destroyAuth
05-28 16:05:02.583 2124 2348 I ConnectAuthJNI: Java_com_huawei_hisight_security_ConnectAuthNative_nativeDestroy 603 destroy
05-28 16:05:02.583 2124 2348 D Hisight-HiChainAuthControl: setupAuthIfNeeded, HiChainInstance hasn't been initialized
05-28 16:05:02.583 2124 2348 I ConnectAuthJNI: Java_com_huawei_hisight_security_ConnectAuthNative_nativeSetup 795 call HiChainNativeSetup
05-28 16:05:02.583 2124 2348 I ConnectAuthJNI: HiChainNativeSetup 565 registe_log
05-28 16:05:02.583 2124 2348 I ConnectAuthJNI: HksStorageRegisterFileCallbacks 245 register hks file callback status =0
05-28 16:05:02.583 2124 2348 I ConnectAuthJNI: HksRegisterGetDeviceIdCallback 268 register hks get hardware udid callback status =0
05-28 16:05:02.583 2124 2348 D ConnectAuthJNI: [HiChain] get_instance Begin get instance
05-28 16:05:02.583 2124 2348 I ConnectAuthJNI: [HKS] hks_service_key_info_init hks init : begin
05-28 16:05:02.583 2124 2348 I ConnectAuthJNI: [HKS] hks_service_key_info_init hks init : end
05-28 16:05:02.583 2124 2348 I ConnectAuthJNI: GetHiChainProtocolParamsCallback 371 GetHiChainProtocolParamsCallback operation_code= 99
05-28 16:05:02.583 2124 2348 I ConnectAuthJNI: paramLen is ,=0
05-28 16:05:02.583 2124 2348 I ConnectAuthJNI: paramLen is ,=0
05-28 16:05:02.583 2124 2348 I ConnectAuthJNI: GetHiChainProtocolParamsCallback 402 GetHiChainProtocolParamsCallback end
05-28 16:05:02.584 2124 2348 I ConnectAuthJNI: [HiChain] get_instance Get instance success
05-28 16:05:02.584 2124 2348 I ConnectAuthJNI: Java_com_huawei_hisight_security_ConnectAuthNative_nativeGetHiChainInstance 598 get instance success
05-28 16:05:02.584 2124 2348 W ConnectAuthJNI: GetListTrustPeers 899 trustPeerSize=0
05-28 16:05:02.584 2124 2348 D Hisight-HiChainAuthControl: destroyAuth
05-28 16:05:02.584 2124 2348 I ConnectAuthJNI: Java_com_huawei_hisight_security_ConnectAuthNative_nativeDestroy 603 destroy
05-28 16:05:02.584 2124 2348 D Hisight-HiChainAuthControl: setupAuthIfNeeded, HiChainInstance hasn't been initialized
05-28 16:05:02.584 2124 2348 I ConnectAuthJNI: Java_com_huawei_hisight_security_ConnectAuthNative_nativeSetup 795 call HiChainNativeSetup
05-28 16:05:02.584 2124 2348 I ConnectAuthJNI: HiChainNativeSetup 565 registe_log
05-28 16:05:02.584 2124 2348 I ConnectAuthJNI: HksStorageRegisterFileCallbacks 245 register hks file callback status =0
05-28 16:05:02.584 2124 2348 I ConnectAuthJNI: HksRegisterGetDeviceIdCallback 268 register hks get hardware udid callback status =0
05-28 16:05:02.584 2124 2348 D ConnectAuthJNI: [HiChain] get_instance Begin get instance
05-28 16:05:02.584 2124 2348 I ConnectAuthJNI: [HKS] hks_service_key_info_init hks init : begin
05-28 16:05:02.584 2124 2348 I ConnectAuthJNI: [HKS] hks_service_key_info_init hks init : end
05-28 16:05:02.584 2124 2348 I ConnectAuthJNI: GetHiChainProtocolParamsCallback 371 GetHiChainProtocolParamsCallback operation_code= 99
05-28 16:05:02.584 2124 2348 I ConnectAuthJNI: paramLen is ,=0
05-28 16:05:02.584 2124 2348 I ConnectAuthJNI: paramLen is ,=0
05-28 16:05:02.584 2124 2348 I ConnectAuthJNI: GetHiChainProtocolParamsCallback 402 GetHiChainProtocolParamsCallback end
05-28 16:05:02.585 2124 2348 I ConnectAuthJNI: [HiChain] get_instance Get instance success
05-28 16:05:02.585 2124 2348 I ConnectAuthJNI: Java_com_huawei_hisight_security_ConnectAuthNative_nativeGetHiChainInstance 598 get instance success
05-28 16:05:02.585 2124 2348 W ConnectAuthJNI: GetListTrustPeers 899 trustPeerSize=0
05-28 16:05:02.585 2124 2348 D Hisight-DeviceListManager: init trusted list size: 0
05-28 16:05:02.585 2124 2348 D HiSight-ConnectionManager: setAuthInfo, authMode: 1
05-28 16:05:02.581 1047 1047 E sprdwl : sprdwl_rx_rsp_process ctx_id 0 recv rsp[WIFI_CMD_TX_DATA] status[SPRDWL_CMD_STATUS_ERROR]
05-28 16:05:02.601 1047 1047 E sprdwl : sprdwl_rx_rsp_process ctx_id 0 recv rsp[WIFI_CMD_TX_DATA] status[SPRDWL_CMD_STATUS_ERROR]
05-28 16:05:02.641 1047 1047 E sprdwl : sprdwl_rx_rsp_process ctx_id 0 recv rsp[WIFI_CMD_TX_DATA] status[SPRDWL_CMD_STATUS_ERROR]
05-28 16:05:02.662 1047 1047 E sprdwl : sprdwl_rx_rsp_process ctx_id 0 recv rsp[WIFI_CMD_TX_DATA] status[SPRDWL_CMD_STATUS_ERROR]
05-28 16:05:02.751 651 651 E WifiHAL : wifi_get_link_stats: requestResponse Error:-5
05-28 16:05:02.753 467 600 E WifiVendorHal: getWifiLinkLayerStats_1_5_Internal(l.1191) failed {.code = ERROR_INVALID_ARGS, .description = }
05-28 16:05:03.016 2349 2349 I ZIDThreadPoolEx: type=1400 audit(0.0:991): avc: denied { search } for name="com.dangbei.screencast" dev="mmcblk0p25" ino=891 scontext=u:r:platform_app:s0:c512,c768 tcontext=u:object_r:app_data_file:s0:c512,c768 tclass=dir permissive=1 app=com.dangbei.screencast
05-28 16:05:03.026 467 515 W IorapForwardingService: No service published for: iorapd
05-28 16:05:03.078 1021 1021 E dangbei111: cccccc scan 得到的设备和状态 Dangbei E4:BB:D3:57:C0:7A 10
05-28 16:05:03.079 1021 1021 E dangbei111: cccccc 扫描到了设备 Dangbei E4:BB:D3:57:C0:7A
05-28 16:05:03.080 1021 1021 E dangbei111: cccccc cancelDiscovery begin
05-28 16:05:03.080 657 671 D BluetoothAdapterService: cancelDiscovery
05-28 16:05:03.081 657 988 I bt_btif_dm: system/bt/btif/src/btif_dm.cc:1884 btif_dm_cancel_discovery: Cancel search
05-28 16:05:03.081 1021 1021 E dangbei111: cccccc 停止扫描,开始配对或者连接
05-28 16:05:03.081 1021 1021 D BluetoothAdapter: isLeEnabled(): ON
05-28 16:05:03.086 657 988 I bt_stack: [INFO:gatt_api.cc(1042)] GATT_Deregister gatt_if=5
05-28 16:05:03.086 1021 1021 E dangbei111: bondOrConnect state=10
05-28 16:05:03.089 1021 1021 E dangbei111: cccccc 开始配对 Dangbei E4:BB:D3:57:C0:7A
05-28 16:05:03.095 657 988 I bt_btif_dm: system/bt/btif/src/btif_dm.cc:1884 btif_dm_cancel_discovery: Cancel search
05-28 16:05:03.097 657 941 I BluetoothBondStateMachine: Bond address is:E4:BB:D3:57:C0:7A
05-28 16:05:03.098 657 988 I bt_btif_config: system/bt/btif/src/btif_config.cc:137 btif_get_device_type: Device [e4:bb:d3:57:c0:7a] device type 2
05-28 16:05:03.098 657 988 I bt_btif_dm: system/bt/btif/src/btif_dm.cc:384 get_cod: get_cod remote_cod = 0x00001f00
05-28 16:05:03.098 657 988 I bt_btif_dm: system/bt/btif/src/btif_dm.cc:384 get_cod: get_cod remote_cod = 0x00001f00
05-28 16:05:03.098 657 988 I bt_btif_config: system/bt/btif/src/btif_config.cc:137 btif_get_device_type: Device [e4:bb:d3:57:c0:7a] device type 2
05-28 16:05:03.098 657 988 I bt_btif_dm: system/bt/btif/src/btif_dm.cc:384 get_cod: get_cod remote_cod = 0x00001f00
05-28 16:05:03.098 657 988 I bt_btif_dm: system/bt/btif/src/btif_dm.cc:451 bond_state_changed: Bond state changed to state=1 [0:none, 1:bonding, 2:bonded], prev_state=0, sdp_attempts = 0
05-28 16:05:03.098 1021 1021 E dangbei111: cccccc 配对结果 true Dangbei E4:BB:D3:57:C0:7A
05-28 16:05:03.098 657 988 I bt_btif_config: system/bt/btif/src/btif_config.cc:137 btif_get_device_type: Device [e4:bb:d3:57:c0:7a] device type 2
05-28 16:05:03.102 657 866 I BluetoothBondStateMachine: bondStateChangeCallback: Status: 0 Address: E4:BB:D3:57:C0:7A newState: 1
05-28 16:05:03.102 657 941 I BluetoothBondStateMachine: Entering PendingCommandState State
05-28 16:05:03.114 657 941 I BluetoothBondStateMachine: Bond State Change Intent:E4:BB:D3:57:C0:7A BOND_NONE => BOND_BONDING
05-28 16:05:03.117 467 526 W BroadcastQueue: Background execution not allowed: receiving Intent { act=android.bluetooth.device.action.BOND_STATE_CHANGED flg=0x10 (has extras) } to com.dangbei.lerad.etna.haqu/com.dangbei.remotecontroller.RemoteControllerReceiver
05-28 16:05:03.119 657 1216 D BluetoothDatabase: getCustomMeta: device E4:BB:D3:57:C0:7A is not in cache
05-28 16:05:03.120 657 657 D BluetoothDatabase: updateDatabase E4:BB:D3:57:C0:7A
05-28 16:05:03.121 2124 2220 E raop : JavaCallback init
05-28 16:05:03.122 657 657 D A2dpService: Bond state changed for device: E4:BB:D3:57:C0:7A state: 11
05-28 16:05:03.127 1021 1021 I dangbei111: cccccc on receiver=android.bluetooth.device.action.BOND_STATE_CHANGED,mac=E4:BB:D3:57:C0:7A
05-28 16:05:03.127 1021 1021 I dangbei111: Wait for auto connection, processBondStateChange: bondState: 10 --> 11
05-28 16:05:03.140 2124 2124 I ModuleDataForwa: type=1400 audit(0.0:992): avc: denied { write } for name="shared_prefs" dev="mmcblk0p25" ino=2352 scontext=u:r:platform_app:s0:c512,c768 tcontext=u:object_r:app_data_file:s0:c512,c768 tclass=dir permissive=1 app=com.dangbei.screencast
05-28 16:05:03.140 2124 2124 I ModuleDataForwa: type=1400 audit(0.0:993): avc: denied { remove_name } for name="TD_IP_CACHE.xml" dev="mmcblk0p25" ino=6299 scontext=u:r:platform_app:s0:c512,c768 tcontext=u:object_r:app_data_file:s0:c512,c768 tclass=dir permissive=1 app=com.dangbei.screencast
05-28 16:05:03.140 2124 2124 I ModuleDataForwa: type=1400 audit(0.0:994): avc: denied { add_name } for name="TD_IP_CACHE.xml.bak" scontext=u:r:platform_app:s0:c512,c768 tcontext=u:object_r:app_data_file:s0:c512,c768 tclass=dir permissive=1 app=com.dangbei.screencast
05-28 16:05:03.144 2124 2124 I pool-5-thread-1: type=1400 audit(0.0:995): avc: denied { getattr } for path="/data/user/0/com.dangbei.screencast/files/__database_reborn_January_one__/td_database2SaaS" dev="mmcblk0p25" ino=2448 scontext=u:r:platform_app:s0:c512,c768 tcontext=u:object_r:app_data_file:s0:c512,c768 tclass=dir permissive=1 app=com.dangbei.screencast
05-28 16:05:03.214 1057 1769 W ActivityThread: ClassLoader.loadClass: The class loader returned by Thread.getContextClassLoader() may fail for processes that host multiple applications. You should explicitly specify a context class loader. For example: Thread.setContextClassLoader(getClass().getClassLoader());
05-28 16:05:03.220 467 692 D AccountManagerService: bind attempt failed for Session: expectLaunch false, connected false, stats (0/0/0), lifetime 0.0, addAccount, accountType com.soul.kp.account, requiredFeatures null
05-28 16:05:03.230 1057 1769 E d.leradlaunche: Invalid ID 0x00000000.
05-28 16:05:03.435 1047 1047 E sprdwl : sprdwl_rx_rsp_process ctx_id 0 recv rsp[WIFI_CMD_TX_DATA] status[SPRDWL_CMD_STATUS_ERROR]
05-28 16:05:03.531 1047 1047 E sprdwl : sprdwl_rx_rsp_process ctx_id 0 recv rsp[WIFI_CMD_TX_DATA] status[SPRDWL_CMD_STATUS_ERROR]
05-28 16:05:03.550 1047 1047 E sprdwl : sprdwl_rx_rsp_process ctx_id 0 recv rsp[WIFI_CMD_TX_DATA] status[SPRDWL_CMD_STATUS_ERROR]
05-28 16:05:04.029 467 515 W IorapForwardingService: No service published for: iorapd
05-28 16:05:04.268 1057 1550 I OpenGLRenderer: Davey! duration=9223372000693ms; Flags=0, FrameTimelineVsyncId=1121, IntendedVsync=36160646629, Vsync=36160646629, InputEventId=0, HandleInputStart=36161197350, AnimationStart=36161203058, PerformTraversalsStart=36161451725, DrawStart=36162286975, FrameDeadline=36193979961, FrameInterval=36161188266, FrameStartTime=16666666, SyncQueued=36164220391, SyncStart=36164579350, IssueDrawCommandsStart=36165771975, SwapBuffers=36175987600, FrameCompleted=9223372036854775807, DequeueBufferDuration=55834, QueueBufferDuration=2195500, GpuCompleted=9223372036854775807, SwapBuffersCompleted=36191635808, DisplayPresentTime=0,
05-28 16:05:04.289 2349 2359 I awei.connectio: Background young concurrent copying GC freed 30400(2861KB) AllocSpace objects, 22(440KB) LOS objects, 87% free, 3479KB/27MB, paused 334us total 105.104ms
05-28 16:05:04.334 1057 1550 I OpenGLRenderer: Davey! duration=9223372000632ms; Flags=0, FrameTimelineVsyncId=1125, IntendedVsync=36211063597, Vsync=36211063597, InputEventId=0, HandleInputStart=36213767350, AnimationStart=36213770266, PerformTraversalsStart=36214194808, DrawStart=36214352016, FrameDeadline=36244396929, FrameInterval=36213759558, FrameStartTime=16666666, SyncQueued=36214422766, SyncStart=36225938266, IssueDrawCommandsStart=36227570725, SwapBuffers=36241256891, FrameCompleted=9223372036854775807, DequeueBufferDuration=5242292, QueueBufferDuration=2184959, GpuCompleted=9223372036854775807, SwapBuffersCompleted=36244518183, DisplayPresentTime=0,
05-28 16:05:04.363 467 733 D SntpClient: request time failed: java.net.SocketTimeoutException: Poll timed out
05-28 16:05:04.382 1057 1550 I OpenGLRenderer: Davey! duration=9223372000588ms; Flags=0, FrameTimelineVsyncId=1131, IntendedVsync=36261026219, Vsync=36261026219, InputEventId=0, HandleInputStart=36268757266, AnimationStart=36268761308, PerformTraversalsStart=36269007641, DrawStart=36269530600, FrameDeadline=36294359551, FrameInterval=36268742516, FrameStartTime=16666666, SyncQueued=36270632433, SyncStart=36275624058, IssueDrawCommandsStart=36276933100, SwapBuffers=36298319183, FrameCompleted=9223372036854775807, DequeueBufferDuration=13437292, QueueBufferDuration=950125, GpuCompleted=9223372036854775807, SwapBuffersCompleted=36309487475, DisplayPresentTime=0,
05-28 16:05:04.380 1021 1021 I DefaultDispatch: type=1400 audit(0.0:998): avc: denied { read } for name="devices" dev="proc" ino=4026532014 scontext=u:r:system_app:s0 tcontext=u:object_r:proc:s0 tclass=file permissive=1
05-28 16:05:04.380 1021 1021 I DefaultDispatch: type=1400 audit(0.0:999): avc: denied { open } for path="/proc/bus/input/devices" dev="proc" ino=4026532014 scontext=u:r:system_app:s0 tcontext=u:object_r:proc:s0 tclass=file permissive=1
05-28 16:05:04.380 1021 1021 I DefaultDispatch: type=1400 audit(0.0:1000): avc: denied { getattr } for path="/proc/bus/input/devices" dev="proc" ino=4026532014 scontext=u:r:system_app:s0 tcontext=u:object_r:proc:s0 tclass=file permissive=1
05-28 16:05:04.383 1021 1161 E RCInfo : vid:
05-28 16:05:04.384 1021 1161 E RCInfo : pid:
05-28 16:05:04.385 1021 1161 E RCInfo : vid:
05-28 16:05:04.385 1021 1161 E RCInfo : pid:
05-28 16:05:04.400 1057 1550 I OpenGLRenderer: Davey! duration=9223372000546ms; Flags=0, FrameTimelineVsyncId=1133, IntendedVsync=36277383255, Vsync=36277383255, InputEventId=0, HandleInputStart=36278301183, AnimationStart=36278305891, PerformTraversalsStart=36278651266, DrawStart=36278789683, FrameDeadline=36310716587, FrameInterval=36278291891, FrameStartTime=16666666, SyncQueued=36278862100, SyncStart=36309950975, IssueDrawCommandsStart=36311301183, SwapBuffers=36318764641, FrameCompleted=9223372036854775807, DequeueBufferDuration=42666, QueueBufferDuration=8361917, GpuCompleted=9223372036854775807, SwapBuffersCompleted=36328360933, DisplayPresentTime=0,
05-28 16:05:04.420 1057 1082 I OpenGLRenderer: Davey! duration=9223372000544ms; Flags=0, FrameTimelineVsyncId=1135, IntendedVsync=36293898263, Vsync=36310564929, InputEventId=0, HandleInputStart=36311749475, AnimationStart=36311751475, PerformTraversalsStart=36312120266, DrawStart=36312298891, FrameDeadline=36327231595, FrameInterval=36311738475, FrameStartTime=16666666, SyncQueued=36312396016, SyncStart=36328745850, IssueDrawCommandsStart=36330744475, SwapBuffers=36337933141, FrameCompleted=9223372036854775807, DequeueBufferDuration=48000, QueueBufferDuration=8816833, GpuCompleted=9223372036854775807, SwapBuffersCompleted=36347807058, DisplayPresentTime=0,
05-28 16:05:04.439 1057 1082 I OpenGLRenderer: Davey! duration=9223372000511ms; Flags=0, FrameTimelineVsyncId=1139, IntendedVsync=36327130726, Vsync=36327130726, InputEventId=0, HandleInputStart=36331191891, AnimationStart=36331194725, PerformTraversalsStart=36331554308, DrawStart=36331736933, FrameDeadline=36360464058, FrameInterval=36331185975, FrameStartTime=16666666, SyncQueued=36331823475, SyncStart=36348355683, IssueDrawCommandsStart=36349729141, SwapBuffers=36354586683, FrameCompleted=9223372036854775807, DequeueBufferDuration=63709, QueueBufferDuration=10482167, GpuCompleted=9223372036854775807, SwapBuffersCompleted=36366321975, DisplayPresentTime=0,
05-28 16:05:04.526 1047 1047 E sprdwl : sprdwl_rx_rsp_process ctx_id 0 recv rsp[WIFI_CMD_TX_DATA] status[SPRDWL_CMD_STATUS_ERROR]
05-28 16:05:04.561 1047 1047 E sprdwl : sprdwl_rx_rsp_process ctx_id 0 recv rsp[WIFI_CMD_TX_DATA] status[SPRDWL_CMD_STATUS_ERROR]
05-28 16:05:04.589 1047 1047 E sprdwl : sprdwl_rx_rsp_process ctx_id 0 recv rsp[WIFI_CMD_TX_DATA] status[SPRDWL_CMD_STATUS_ERROR]
05-28 16:05:04.602 1057 1082 I OpenGLRenderer: Davey! duration=9223372000368ms; Flags=0, FrameTimelineVsyncId=1156, IntendedVsync=36477039668, Vsync=36477039668, InputEventId=0, HandleInputStart=36488944850, AnimationStart=36488949808, PerformTraversalsStart=36489250933, DrawStart=36493593100, FrameDeadline=36510373000, FrameInterval=36488937016, FrameStartTime=16666666, SyncQueued=36493671475, SyncStart=36502434058, IssueDrawCommandsStart=36503887933, SwapBuffers=36508951016, FrameCompleted=9223372036854775807, DequeueBufferDuration=2540875, QueueBufferDuration=1353750, GpuCompleted=9223372036854775807, SwapBuffersCompleted=36523412766, DisplayPresentTime=0,
05-28 16:05:04.882 1057 1774 I OpenGLRenderer: Davey! duration=9223372000089ms; Flags=0, FrameTimelineVsyncId=1191, IntendedVsync=36760444987, Vsync=36760444987, InputEventId=0, HandleInputStart=36765977766, AnimationStart=36765981766, PerformTraversalsStart=36767128516, DrawStart=36767607933, FrameDeadline=36793778319, FrameInterval=36765968058, FrameStartTime=16666666, SyncQueued=36767913766, SyncStart=36772793100, IssueDrawCommandsStart=36773967183, SwapBuffers=36798591558, FrameCompleted=9223372036854775807, DequeueBufferDuration=10184792, QueueBufferDuration=1354958, GpuCompleted=9223372036854775807, SwapBuffersCompleted=36800804767, DisplayPresentTime=0,
05-28 16:05:05.031 467 515 W IorapForwardingService: No service published for: iorapd
05-28 16:05:05.124 2124 2124 I MirrorHelper: type=1400 audit(0.0:1001): avc: denied { read } for name="address" dev="sysfs" ino=16906 scontext=u:r:platform_app:s0:c512,c768 tcontext=u:object_r:sysfs_net:s0 tclass=file permissive=1 app=com.dangbei.screencast
05-28 16:05:05.124 2124 2124 I MirrorHelper: type=1400 audit(0.0:1002): avc: denied { open } for path="/sys/devices/virtual/net/dummy0/address" dev="sysfs" ino=16906 scontext=u:r:platform_app:s0:c512,c768 tcontext=u:object_r:sysfs_net:s0 tclass=file permissive=1 app=com.dangbei.screencast
05-28 16:05:05.135 2220 2220 W audit : audit_lost=526 audit_rate_limit=5 audit_backlog_limit=64
05-28 16:05:05.135 2220 2220 E audit : rate limit exceeded
05-28 16:05:05.173 2124 2438 I PlatformDependent: Your platform does not provide complete low-level API for accessing direct buffers reliably. Unless explicitly requested, heap buffer will always be preferred to avoid potential system instability.
05-28 16:05:05.180 467 467 W NotificationHistory: Attempted to add notif for locked/gone/disabled user 0
05-28 16:05:05.184 670 670 V TvNotificationHandler: Notification not added because it isn't relevant for tv
05-28 16:05:05.215 2124 2220 W VideoCapabilities: Unrecognized profile/level 0/3 for video/mpeg2
05-28 16:05:05.232 467 611 D NsdService: Register service
05-28 16:05:05.232 467 611 D NsdService: registerService: 3 name: 当贝投屏A9, type: _airplay._tcp, host: null, port: 37287, txtRecord: srcvers=220.68features=0x527FFFF7,0x1E'pi=2e388006-13ba-4041-9a67-25dd4a43d536Cpk=b07727d6f6cd6e08b58ede525ec3cdeaa252ad9f683feb212ef8a205246554e7vv=2 flags=0x4model=AppleTV2,1deviceid=b4:2f:03:16:18:c0
05-28 16:05:05.232 467 611 D NsdService: mdnssd [register, 3, 当贝投屏A9, _airplay._tcp, 37287, DnNyY3ZlcnM9MjIwLjY4GGZlYXR1cmVzPTB4NTI3RkZGRjcsMHgxRSdwaT0yZTM4ODAwNi0xM2JhLTQwNDEtOWE2Ny0yNWRkNGE0M2Q1MzZDcGs9YjA3NzI3ZDZmNmNkNmUwOGI1OGVkZTUyNWVjM2NkZWFhMjUyYWQ5ZjY4M2ZlYjIxMmVmOGEyMDUyNDY1NTRlNwR2dj0yCWZsYWdzPTB4NBBtb2RlbD1BcHBsZVRWMiwxGmRldmljZWlkPWI0OjJmOjAzOjE2OjE4OmMw]
05-28 16:05:05.234 467 611 D NsdService: Register 2 3
05-28 16:05:05.243 467 611 D NsdService: Register service
05-28 16:05:05.243 1995 2036 D UtilLog : 日志批量上报 进行正常循环 !!!!!!本次有0次请求,共0条数据
05-28 16:05:05.243 467 611 D NsdService: registerService: 4 name: b42f031618c0@当贝投屏A9, type: _raop._tcp, host: null, port: 33859, txtRecord: txtvers=1 am=AppleTV2,1ch=2
05-28 16:05:05.243 467 611 D NsdService: cn=0,1,2,3da=trueet=0,3,5ft=0x527FFFF7,0x1Emd=0,1,2Cpk=b07727d6f6cd6e08b58ede525ec3cdeaa252ad9f683feb212ef8a205246554e7pw=falsesf=0x4sr=44100ss=16sv=falsetp=UDPvn=65537 vs=220.68vv=2 rhd=5.6.0.0
05-28 16:05:05.244 467 611 D NsdService: mdnssd [register, 4, b42f031618c0@当贝投屏A9, _raop._tcp, 33859, CXR4dHZlcnM9MQ1hbT1BcHBsZVRWMiwxBGNoPTIKY249MCwxLDIsMwdkYT10cnVlCGV0PTAsMyw1EmZ0PTB4NTI3RkZGRjcsMHgxRQhtZD0wLDEsMkNwaz1iMDc3MjdkNmY2Y2Q2ZTA4YjU4ZWRlNTI1ZWMzY2RlYWEyNTJhZDlmNjgzZmViMjEyZWY4YTIwNTI0NjU1NGU3CHB3PWZhbHNlBnNmPTB4NAhzcj00NDEwMAVzcz0xNghzdj1mYWxzZQZ0cD1VRFAIdm49NjU1MzcJdnM9MjIwLjY4BHZ2PTILcmhkPTUuNi4wLjA=]
05-28 16:05:05.245 467 611 D NsdService: Register 3 4
05-28 16:05:05.286 1 1 I init : processing action (debug.launcher3.exit=1) from (/vendor/etc/init/init.scheduler.rc:1)
05-28 16:05:05.603 1995 2086 D UtilLog : 日志批量上报 进行正常循环 !!!!!!本次有0次请求,共0条数据
05-28 16:05:05.681 467 611 D NsdService: Register service
05-28 16:05:05.681 467 611 D NsdService: registerService: 5 name: 当贝投屏A9, type: _db_cast_screen._tcp, host: null, port: 41829, txtRecord: au=1cV=20830mV=100h265=0maxR=4096-3152model=DBBOX-A2deviceid=20:02:FE:19:C1:FD
05-28 16:05:05.681 467 611 D NsdService: mdnssd [register, 5, 当贝投屏A9, _db_cast_screen._tcp, 41829, BGF1PTEIY1Y9MjA4MzAGbVY9MTAwBmgyNjU9MA5tYXhSPTQwOTYtMzE1Mg5tb2RlbD1EQkJPWC1BMhpkZXZpY2VpZD0yMDowMjpGRToxOTpDMTpGRA==]
05-28 16:05:05.683 467 611 D NsdService: Register 4 5
05-28 16:05:05.765 651 651 E WifiHAL : wifi_get_link_stats: requestResponse Error:-5
05-28 16:05:05.767 467 600 E WifiVendorHal: getWifiLinkLayerStats_1_5_Internal(l.1191) failed {.code = ERROR_INVALID_ARGS, .description = }
05-28 16:05:05.929 343 343 E : Send upper Vendor Specific event.
05-28 16:05:05.942 467 611 D NsdService: Native daemon message SERVICE_REGISTERED: 606 4 "b42f031618c0@当贝投屏A9"
05-28 16:05:05.942 467 611 D NsdService: Native daemon message SERVICE_REGISTERED: 606 3 "当贝投屏A9"
05-28 16:05:06.034 467 515 W IorapForwardingService: No service published for: iorapd
05-28 16:05:06.152 2124 2230 E accept : myIp:192.168.3.132
05-28 16:05:06.158 2124 2230 E accept : connect error
05-28 16:05:06.170 2124 2230 I UpnpServiceImpl: >>> Starting UPnP service...
05-28 16:05:06.170 2124 2230 I UpnpServiceImpl: Using configuration: org.fourthline.cling.android.AndroidUpnpServiceConfiguration
05-28 16:05:06.175 2124 2230 I Router : Creating Router: org.fourthline.cling.android.AndroidRouter
05-28 16:05:06.176 2124 2230 W Router : enable lock:org.fourthline.cling.android.AndroidRouter@73a8cb8_java.util.concurrent.locks.ReentrantReadWriteLock$WriteLock@91e2a91[Unlocked]
05-28 16:05:06.193 2124 2230 W tworkAddressFactoryImpl: Network interface may not be multicast capable: dummy0
05-28 16:05:06.199 2124 2230 I MulticastReceiver: Creating wildcard socket (for receiving multicast datagrams) on port: 1900
05-28 16:05:06.201 2124 2230 I MulticastReceiver: Joining multicast group: /239.255.255.250:1900 on network interface: wlan0
05-28 16:05:06.227 2124 2230 E accept : Adding connector try: 192.168.3.132/192.168.3.132:33251
05-28 16:05:06.232 467 611 D NsdService: Native daemon message SERVICE_REGISTERED: 606 5 "当贝投屏A9"
05-28 16:05:06.235 2124 2230 E accept : Adding connector result: 192.168.3.132/192.168.3.132:33251
05-28 16:05:06.343 2124 2230 I JettyServletContainer: Registering UPnP servlet under context path: /upnp
05-28 16:05:06.347 2124 2230 I DatagramIO: Creating bound socket (for datagram input/output) on: 192.168.3.132/192.168.3.132
05-28 16:05:06.348 2124 2444 E JettyServletContainer: gogogo
05-28 16:05:06.348 2124 2444 I JettyServletContainer: Starting Jetty server...
05-28 16:05:06.350 2124 2444 W System.err: 2025-05-28 16:05:06.349:INFO:lcaf.p:jetty-8.y.z-SNAPSHOT
05-28 16:05:06.353 2124 2230 I Router : WiFi multicast lock acquired
05-28 16:05:06.353 467 692 I WifiService: acquireMulticastLock uid=10022
05-28 16:05:06.355 2124 2230 I Router : WiFi lock acquired
05-28 16:05:06.356 467 1343 I WifiService: acquireWifiLock uid=10022 lockMode=3
05-28 16:05:06.360 2124 2230 W Router : enable unlock:org.fourthline.cling.android.AndroidRouter@73a8cb8
05-28 16:05:06.361 2124 2230 I UpnpServiceImpl: <<< UPnP service started successfully
05-28 16:05:06.402 2124 2444 W System.err: 2025-05-28 16:05:06.401:INFO:lcaf.a:Started @192.168.3.132:33251
05-28 16:05:06.439 2124 2230 E g : channel :os
05-28 16:05:06.972 2124 2124 I efs-base: type=1400 audit(0.0:1004): avc: denied { rmdir } for name="2099" dev="mmcblk0p25" ino=6272 scontext=u:r:platform_app:s0:c512,c768 tcontext=u:object_r:app_data_file:s0:c512,c768 tclass=dir permissive=1 app=com.dangbei.screencast
05-28 16:05:06.995 2124 2221 I efs.base: lt=event`ev_ct=efs_core`ev_ac=log_lag`tm=2025-05-28 16:05:99`dn=814a6c1f-a914-45e0-9441-173ac17d88d0`ps=com.dangbei.screencast`um_os=android`stime=1748419496417`pid=2124`fr=android`pkg=com.dangbei.screencast`vcode=20830`dsp_w=1920`uid=814a6c1f-a914-45e0-9441-173ac17d88d0`rom=12`wid=814a6c1f-a914-45e0-9441-173ac17d88d0`um_app_carrier=`um_access=wifi`um_app_channel=os`um_crash_sdk_version=1.4.0`ctime=1748419506`model=dbbox-a2`lang=zh`net=wifi`brand=dangbei`dsp_h=1080`um_network_type=0`ver=v2.8.3`cnt=4`build_model=DBBOX-A2`w_tm=1748419506`appid=5fc60c21094d637f3130af19`um_umid_header=ai536d652a62b80cf12a583dbdbfe77cd5`sdk=31`tzone=Asia/Shanghai`sdk_ver=1.3.6.umeng
05-28 16:05:07.036 467 515 W IorapForwardingService: No service published for: iorapd
05-28 16:05:07.149 467 467 W NotificationHistory: Attempted to add notif for locked/gone/disabled user 0
05-28 16:05:07.153 670 670 V TvNotificationHandler: Notification not added because it isn't relevant for tv
