05-28 16:04:46.249 651 651 D WifiHWInfo: Entry [17], BUS: SDIO, ID: 0x02D0A9BF, Name: ap6255.
05-28 16:04:46.249 651 651 D WifiHWInfo: Entry [18], BUS: SDIO, ID: 0x02D04334, Name: bcm43342.
05-28 16:04:46.249 651 651 D WifiHWInfo: Entry [19], BUS: SDIO, ID: 0x00202281, Name: xr819.
05-28 16:04:46.249 651 651 D WifiHWInfo: Entry [20], BUS: SDIO, ID: 0x0A9E2282, Name: xr829.
05-28 16:04:46.249 651 651 D WifiHWInfo: Entry [21], BUS: SDIO, ID: 0x0271050A, Name: qca6174a.
05-28 16:04:46.249 651 651 D WifiHWInfo: Entry [22], BUS: SDIO, ID: 0x30303030, Name: ssv6x5x.
05-28 16:04:46.249 651 651 D WifiHWInfo: Entry [23], BUS: SDIO, ID: 0x00000000, Name: uwe5621.
05-28 16:04:46.249 651 651 D WifiHWInfo: Entry [24], BUS: SDIO, ID: 0x54490145, Name: aic8800.
05-28 16:04:46.249 651 651 D WifiHWInfo: Entry [25], BUS: SDIO, ID: 0xC8A1C08D, Name: aic8800.
05-28 16:04:46.249 651 651 D WifiHWInfo: Entry [26], BUS: USB, ID: 0xA69C8800, Name: aic8800.
05-28 16:04:46.249 651 651 D WifiHWInfo: Entry [27], BUS: USB, ID: 0x007A8888, Name: atbm6023is.
05-28 16:04:46.249 651 651 D WifiHWInfo: Entry [28], BUS: SDIO, ID: 0x02E79086, Name: 9012p.
05-28 16:04:46.249 651 651 D WifiHWInfo: Entry [29], BUS: SDIO, ID: 0x007A6011, Name: atbm613x_wifi_sdio.
05-28 16:04:46.249 651 651 D WifiHWInfo: Entry [30], BUS: SDIO, ID: 0x024CC822, Name: 88x2cs.
05-28 16:04:46.249 651 651 D WifiHWInfo: Entry [31], BUS: SDIO, ID: 0x000018F0, Name: dummy.
05-28 16:04:46.249 651 651 W android.hardware.wifi@1.0-service-lazy: DRIVER_MODULE_TAG: sprdwl_ng : Success
05-28 16:04:46.250 651 651 I android.hardware.wifi@1.0-service-lazy: driver_module_path: /vendor/lib/modules/sprdwl_ng.ko
05-28 16:04:46.250 651 651 I android.hardware.wifi@1.0-service-lazy: driver_module_arg:
05-28 16:04:46.261 467 1008 V BackupManagerConstants: getKeyValueBackupIntervalMilliseconds(...) returns 14400000
05-28 16:04:46.264 467 1008 V BackupManagerConstants: getKeyValueBackupFuzzMilliseconds(...) returns 600000
05-28 16:04:46.264 467 1008 V BackupManagerConstants: getKeyValueBackupRequiredNetworkType(...) returns 1
05-28 16:04:46.264 467 1008 V BackupManagerConstants: getKeyValueBackupRequireCharging(...) returns true
05-28 16:04:46.264 467 1008 V KeyValueBackupJob: Scheduling k/v pass in 246 minutes
05-28 16:04:46.267 243 243 D Zygote : Forked child process 1021
05-28 16:04:46.274 261 261 D hdmi-cec: cec physical address: 3.0.0.0
05-28 16:04:46.275 467 527 W ActivityManager: Slow operation: 130ms so far, now at startProcess: returned from zygote!
05-28 16:04:46.281 311 315 D XM_HIDREAD: add@ add@/devices/platform/soc@3000000/5101400.ohci0-controller/usb5
05-28 16:04:46.285 163 163 I usb5 : New USB device found, idVendor=1d6b, idProduct=0001, bcdDevice= 5.04
05-28 16:04:46.285 163 163 I usb5 : New USB device strings: Mfr=3, Product=2, SerialNumber=1
05-28 16:04:46.282 261 261 D hdmi-cec: cec physical address: 3.0.0.0
05-28 16:04:46.285 163 163 I usb5 : Product: OHCI Host Controller
05-28 16:04:46.285 163 163 I usb5 : Manufacturer: Linux 5.4.125+ ohci_hcd
05-28 16:04:46.285 163 163 I usb5 : SerialNumber: sunxi-ohci
05-28 16:04:46.285 1021 1021 I Zygote : seccomp disabled by setenforce 0
05-28 16:04:46.286 261 261 D hdmi-cec: cec physical address: 3.0.0.0
05-28 16:04:46.286 311 315 D XM_HIDREAD: add@ add@/devices/platform/soc@3000000/5101400.ohci0-controller/usb5/5-0:1.0
05-28 16:04:46.289 467 732 D CompatibilityChangeReporter: Compat change id reported: 174042980; UID 1000; state: DISABLED
05-28 16:04:46.293 163 163 I hub 5-0 : 1.0: USB hub found
05-28 16:04:46.293 163 163 I hub 5-0 : 1.0: 1 port detected
05-28 16:04:46.296 163 163 W : sunxi ohci1-controller don't init wakeup source
05-28 16:04:46.296 163 163 W [sunxi-ohci1]: probe, pdev->name: 5200400.ohci1-controller, sunxi_ohci: 0xffffffc008f81a38
05-28 16:04:46.293 311 315 D XM_HIDREAD: add@ add@/devices/virtual/devlink/regulator.8--5200400.ohci1-controller
05-28 16:04:46.300 261 261 D hdmi-cec: cec physical address: 3.0.0.0
05-28 16:04:46.301 467 1008 D ConnectivityService: requestNetwork for uid/pid:1000/467 activeRequest: null callbackRequest: 22 [NetworkRequest [ REQUEST id=23, [ Capabilities: INTERNET&NOT_RESTRICTED&TRUSTED&NOT_VCN_MANAGED Uid: 1000 RequestorUid: 1000 RequestorPkg: android] ]] callback flags: 0 priority: 2147483647
05-28 16:04:46.302 467 608 D ConnectivityService: NetReassign [no changes]
05-28 16:04:46.300 163 163 I sunxi-ohci 5200400.ohci1-controller: OHCI Host Controller
05-28 16:04:46.300 163 163 I sunxi-ohci 5200400.ohci1-controller: new USB bus registered, assigned bus number 6
05-28 16:04:46.300 163 163 E debugfs : Directory 'sunxi-ohci' with parent 'ohci' already present!
05-28 16:04:46.303 467 645 D PPPOE : got request NetworkRequest [ REQUEST id=23, [ Capabilities: INTERNET&NOT_RESTRICTED&TRUSTED&NOT_VCN_MANAGED Uid: 1000 RequestorUid: 1000 RequestorPkg: android] ]
05-28 16:04:46.304 467 644 D Ethernet: got request NetworkRequest [ REQUEST id=23, [ Capabilities: INTERNET&NOT_RESTRICTED&TRUSTED&NOT_VCN_MANAGED Uid: 1000 RequestorUid: 1000 RequestorPkg: android] ]
05-28 16:04:46.304 467 732 D ActivityTaskManager: isHomeLauncher info= ActivityInfo{4424c84 com.dangbei.launcher.home.LauncherActivity}
05-28 16:04:46.304 467 644 D EthernetNetworkFactory: acceptRequest, request: NetworkRequest [ REQUEST id=23, [ Capabilities: INTERNET&NOT_RESTRICTED&TRUSTED&NOT_VCN_MANAGED Uid: 1000 RequestorUid: 1000 RequestorPkg: android] ]
05-28 16:04:46.304 467 644 I EthernetNetworkFactory: networkForRequest, request: NetworkRequest [ REQUEST id=23, [ Capabilities: INTERNET&NOT_RESTRICTED&TRUSTED&NOT_VCN_MANAGED Uid: 1000 RequestorUid: 1000 RequestorPkg: android] ], network: null
05-28 16:04:46.306 381 400 I adbd : jdwp connection from 1010
05-28 16:04:46.307 467 631 V BackupManagerService: [UserID:0] No ancestral data
05-28 16:04:46.313 163 163 I sunxi-ohci 5200400.ohci1-controller: irq 53, io mem 0x05200400
05-28 16:04:46.321 467 732 W System.err: java.io.IOException: Cannot run program "su": error=2, No such file or directory
05-28 16:04:46.323 467 732 W System.err: at java.lang.ProcessBuilder.start(ProcessBuilder.java:1050)
05-28 16:04:46.323 467 732 W System.err: at java.lang.Runtime.exec(Runtime.java:694)
05-28 16:04:46.323 467 732 W System.err: at java.lang.Runtime.exec(Runtime.java:524)
05-28 16:04:46.323 467 732 W System.err: at java.lang.Runtime.exec(Runtime.java:421)
05-28 16:04:46.323 467 732 W System.err: at com.android.server.wm.ActivityRecord.executeCMD(ActivityRecord.java:5940)
05-28 16:04:46.323 467 732 W System.err: at com.android.server.wm.ActivityRecord.isHomeLauncher(ActivityRecord.java:2431)
05-28 16:04:46.323 467 732 W System.err: at com.android.server.wm.RootWindowContainer.startPowerModeLaunchIfNeeded(RootWindowContainer.java:3653)
05-28 16:04:46.323 467 732 W System.err: at com.android.server.wm.ActivityStarter.startActivityInner(ActivityStarter.java:1786)
05-28 16:04:46.323 467 732 W System.err: at com.android.server.wm.ActivityStarter.startActivityUnchecked(ActivityStarter.java:1579)
05-28 16:04:46.323 467 732 W System.err: at com.android.server.wm.ActivityStarter.executeRequest(ActivityStarter.java:1186)
05-28 16:04:46.323 467 732 W System.err: at com.android.server.wm.ActivityStarter.execute(ActivityStarter.java:667)
05-28 16:04:46.323 467 732 W System.err: at com.android.server.wm.ActivityStartController.startHomeActivity(ActivityStartController.java:177)
05-28 16:04:46.323 467 732 W System.err: at com.android.server.wm.RootWindowContainer.startHomeOnTaskDisplayArea(RootWindowContainer.java:1565)
05-28 16:04:46.323 467 732 W System.err: at com.android.server.wm.RootWindowContainer.resumeHomeActivity(RootWindowContainer.java:1699)
05-28 16:04:46.323 467 732 W System.err: at com.android.server.wm.Task.resumeNextFocusableActivityWhenRootTaskIsEmpty(Task.java:6574)
05-28 16:04:46.323 467 732 W System.err: at com.android.server.wm.Task.resumeTopActivityInnerLocked(Task.java:6184)
05-28 16:04:46.323 467 732 W System.err: at com.android.server.wm.Task.resumeTopActivityUncheckedLocked(Task.java:6112)
05-28 16:04:46.323 467 732 W System.err: at com.android.server.wm.Task.resumeTopActivityUncheckedLocked(Task.java:6125)
05-28 16:04:46.323 467 732 W System.err: at com.android.server.wm.Task.resumeTopActivityUncheckedLocked(Task.java:6157)
05-28 16:04:46.323 467 732 W System.err: at com.android.server.wm.RootWindowContainer.resumeFocusedTasksTopActivities(RootWindowContainer.java:2387)
05-28 16:04:46.323 467 732 W System.err: at com.android.server.wm.RootWindowContainer.resumeFocusedTasksTopActivities(RootWindowContainer.java:2334)
05-28 16:04:46.323 467 732 W System.err: at com.android.server.wm.RootWindowContainer.resumeFocusedTasksTopActivities(RootWindowContainer.java:2329)
05-28 16:04:46.323 467 732 W System.err: at com.android.server.wm.ActivityRecord.addToFinishingAndWaitForIdle(ActivityRecord.java:3293)
05-28 16:04:46.323 467 732 W System.err: at com.android.server.wm.ActivityRecord.completeFinishing(ActivityRecord.java:3213)
05-28 16:04:46.323 467 732 W System.err: at com.android.server.wm.Task.completePauseLocked(Task.java:5864)
05-28 16:04:46.323 467 732 W System.err: at com.android.server.wm.ActivityRecord.activityPaused(ActivityRecord.java:5541)
05-28 16:04:46.323 467 732 W System.err: at com.android.server.wm.ActivityClientController.activityPaused(ActivityClientController.java:165)
05-28 16:04:46.323 467 732 W System.err: at android.app.IActivityClientController$Stub.onTransact(IActivityClientController.java:540)
05-28 16:04:46.323 467 732 W System.err: at com.android.server.wm.ActivityClientController.onTransact(ActivityClientController.java:111)
05-28 16:04:46.323 467 732 W System.err: at android.os.Binder.execTransactInternal(Binder.java:1179)
05-28 16:04:46.323 467 732 W System.err: at android.os.Binder.execTransact(Binder.java:1143)
05-28 16:04:46.324 467 732 W System.err: Caused by: java.io.IOException: error=2, No such file or directory
05-28 16:04:46.324 467 732 W System.err: at java.lang.UNIXProcess.forkAndExec(Native Method)
05-28 16:04:46.324 467 732 W System.err: at java.lang.UNIXProcess.(UNIXProcess.java:133)
05-28 16:04:46.324 467 732 W System.err: at java.lang.ProcessImpl.start(ProcessImpl.java:141)
05-28 16:04:46.324 467 732 W System.err: at java.lang.ProcessBuilder.start(ProcessBuilder.java:1029)
05-28 16:04:46.324 467 732 W System.err: ... 30 more
05-28 16:04:46.325 260 260 I AW_PowerHAL: Power setMode: SUSTAINED_PERFORMANCE to: 1
05-28 16:04:46.327 467 467 W Looper : Slow dispatch took 260ms main h=android.os.Handler c=com.android.server.hdmi.WorkSourceUidPreservingRunnable@c08dadd m=0
05-28 16:04:46.330 467 467 W Looper : Slow delivery took 307ms main h=com.android.providers.settings.SettingsProvider$SettingsRegistry$MyHandler c=null m=1
05-28 16:04:46.332 381 400 I adbd : jdwp connection from 1021
05-28 16:04:46.338 651 651 I WCN : start_marlin [MARLIN_WIFI]
05-28 16:04:46.338 651 651 D : CPU: 2 PID: 651 Comm: wifi@1.0-servic Tainted: G O 5.4.125+ #1
05-28 16:04:46.338 651 651 D Hardware name: sun50iw9 (DT)
05-28 16:04:46.338 651 651 D Call trace:
05-28 16:04:46.338 651 651 D : dump_backtrace.cfi_jt+0x0/0x4
05-28 16:04:46.338 651 651 D : dump_stack+0xbc/0x104
05-28 16:04:46.338 651 651 D : marlin_set_power+0x2c/0x78c [uwe5621_bsp_sdio]
05-28 16:04:46.338 651 651 D : start_marlin+0xbc/0x14c [uwe5621_bsp_sdio]
05-28 16:04:46.338 651 651 D : sprdwl_probe+0x28/0x3f4 [sprdwl_ng]
05-28 16:04:46.338 651 651 D : platform_drv_probe+0xac/0xf0
05-28 16:04:46.338 651 651 D : really_probe+0x340/0x8f8
05-28 16:04:46.338 651 651 D : driver_probe_device+0x70/0x144
05-28 16:04:46.338 651 651 D : __device_attach_driver+0x14c/0x210
05-28 16:04:46.338 651 651 D : bus_for_each_drv+0x98/0x10c
05-28 16:04:46.338 651 651 D : __device_attach.llvm.14547616182355937686+0x108/0x1a8
05-28 16:04:46.338 651 651 D : bus_probe_device+0x3c/0xdc
05-28 16:04:46.338 651 651 D : device_add+0x950/0xb78
05-28 16:04:46.338 651 651 D : platform_device_add+0x90/0x260
05-28 16:04:46.338 651 651 D : init_module+0x48/0xfc4 [sprdwl_ng]
05-28 16:04:46.338 651 651 D : do_one_initcall+0xc4/0x238
05-28 16:04:46.338 651 651 D : do_init_module+0x58/0x2e0
05-28 16:04:46.338 651 651 D : load_module+0x31b8/0x3a40
05-28 16:04:46.338 651 651 D : __arm64_sys_finit_module+0xbc/0x120
05-28 16:04:46.338 651 651 D : el0_svc_common+0xb8/0x1cc
05-28 16:04:46.338 651 651 D : el0_svc_compat_handler+0x1c/0x28
05-28 16:04:46.338 651 651 D : el0_svc_compat+0x8/0x24
05-28 16:04:46.333 311 315 D XM_HIDREAD: add@ add@/bus/platform/drivers/unisoc_wifi
05-28 16:04:46.333 311 315 D XM_HIDREAD: add@ add@/devices/platform/unisoc_wifi
05-28 16:04:46.334 467 631 I BackupManagerService: isBackupEnabled() => false due to absent settings file
05-28 16:04:46.334 467 631 D BackupManagerService: user:0 readBackupEnableState enabled:false
05-28 16:04:46.335 467 631 I BackupManagerService: [UserID:0] Backup enabled => false
05-28 16:04:46.340 467 732 D CompatibilityChangeReporter: Compat change id reported: 168419799; UID 1000; state: DISABLED
05-28 16:04:46.341 311 315 D XM_HIDREAD: add@ add@/devices/platform/unisoc_wifi/wakeup/wakeup25
05-28 16:04:46.345 651 651 I WCN : marlin power state:1, subsys: [MARLIN_WIFI] power 1
05-28 16:04:46.345 651 651 I WCN : marlin have open, GNSS is closed
05-28 16:04:46.347 260 260 W AW_PowerHAL: Could not open nsi-bw: No such file or directory
05-28 16:04:46.347 260 260 I AW_PowerHAL: cur-mode:PERFORMANCE
05-28 16:04:46.357 467 516 I ActivityManager: com.dangbei.leard.leradlauncher is exempt from freezer
05-28 16:04:46.360 271 271 I BpBinder: onLastStrongRef automatically unlinking death recipients:
05-28 16:04:46.365 467 1012 E TaskPersister: File error accessing recents directory (directory doesn't exist?).
05-28 16:04:46.370 467 732 W ActivityManager: Slow operation: 224ms so far, now at startProcess: done updating battery stats
05-28 16:04:46.370 467 732 W ActivityManager: Slow operation: 224ms so far, now at startProcess: building log message
05-28 16:04:46.370 467 732 I ActivityManager: app.processName = com.dangbei.lerad.etna.haqu
05-28 16:04:46.371 467 732 I ActivityManager: Start proc 1021:com.dangbei.lerad.etna.haqu/1000 for added application com.dangbei.lerad.etna.haqu
05-28 16:04:46.371 467 732 W ActivityManager: Slow operation: 225ms so far, now at startProcess: starting to update pids map
05-28 16:04:46.371 467 732 W ActivityManager: Slow operation: 226ms so far, now at startProcess: done updating pids map
05-28 16:04:46.376 163 163 I usb6 : New USB device found, idVendor=1d6b, idProduct=0001, bcdDevice= 5.04
05-28 16:04:46.376 163 163 I usb6 : New USB device strings: Mfr=3, Product=2, SerialNumber=1
05-28 16:04:46.376 163 163 I usb6 : Product: OHCI Host Controller
05-28 16:04:46.376 163 163 I usb6 : Manufacturer: Linux 5.4.125+ ohci_hcd
05-28 16:04:46.376 163 163 I usb6 : SerialNumber: sunxi-ohci
05-28 16:04:46.376 651 651 E sprdwl : __sprdwl_cmd_getbuf cant't get vif, ctx_id: 0
05-28 16:04:46.379 311 315 D XM_HIDREAD: add@ add@/devices/platform/soc@3000000/5200400.ohci1-controller/usb6
05-28 16:04:46.381 467 732 D CompatibilityChangeReporter: Compat change id reported: 181136395; UID 1000; state: DISABLED
05-28 16:04:46.384 467 732 D CompatibilityChangeReporter: Compat change id reported: 174042936; UID 1000; state: DISABLED
05-28 16:04:46.387 311 315 D XM_HIDREAD: add@ add@/devices/platform/soc@3000000/5200400.ohci1-controller/usb6/6-0:1.0
05-28 16:04:46.393 163 163 I hub 6-0 : 1.0: USB hub found
05-28 16:04:46.393 163 163 I hub 6-0 : 1.0: 1 port detected
05-28 16:04:46.389 467 514 D AW_CODE : rotation =0
05-28 16:04:46.398 163 163 W : sunxi ohci2-controller don't init wakeup source
05-28 16:04:46.398 163 163 W [sunxi-ohci2]: probe, pdev->name: 5310400.ohci2-controller, sunxi_ohci: 0xffffffc008f820f8
05-28 16:04:46.395 467 514 D AW_CODE : rotation =0
05-28 16:04:46.395 467 527 W ActivityManager: Slow operation: 223ms so far, now at startProcess: asking zygote to start proc
05-28 16:04:46.396 311 315 D XM_HIDREAD: add@ add@/devices/virtual/devlink/regulator.8--5310400.ohci2-controller
05-28 16:04:46.397 467 527 D CompatibilityChangeReporter: Compat change id reported: 143937733; UID 10019; state: ENABLED
05-28 16:04:46.400 1021 1021 D CompatibilityChangeReporter: Compat change id reported: 171979766; UID 1000; state: DISABLED
05-28 16:04:46.402 163 163 I sunxi-ohci 5310400.ohci2-controller: OHCI Host Controller
05-28 16:04:46.402 163 163 I sunxi-ohci 5310400.ohci2-controller: new USB bus registered, assigned bus number 7
05-28 16:04:46.402 163 163 E debugfs : Directory 'sunxi-ohci' with parent 'ohci' already present!
05-28 16:04:46.412 163 163 I sunxi-ohci 5310400.ohci2-controller: irq 55, io mem 0x05310400
05-28 16:04:46.417 467 732 D CompatibilityChangeReporter: Compat change id reported: 168419799; UID 10074; state: DISABLED
05-28 16:04:46.419 243 243 D Zygote : Forked child process 1051
05-28 16:04:46.420 467 527 W ActivityManager: Slow operation: 248ms so far, now at startProcess: returned from zygote!
05-28 16:04:46.429 1021 1021 D ApplicationLoaders: Returning zygote-cached class loader: /system/framework/android.test.base.jar
05-28 16:04:46.429 1021 1021 D ApplicationLoaders: Returning zygote-cached class loader: /system/framework/android.hidl.manager-V1.0-java.jar
05-28 16:04:46.429 1021 1021 D ApplicationLoaders: Returning zygote-cached class loader: /system/framework/android.hidl.base-V1.0-java.jar
05-28 16:04:46.441 1051 1051 I Zygote : seccomp disabled by setenforce 0
05-28 16:04:46.445 467 527 W ActivityManager: Slow operation: 273ms so far, now at startProcess: done updating battery stats
05-28 16:04:46.445 467 527 W ActivityManager: Slow operation: 273ms so far, now at startProcess: building log message
05-28 16:04:46.445 467 527 I ActivityManager: app.processName = com.android.traceur
05-28 16:04:46.445 467 527 I ActivityManager: Start proc 1051:com.android.traceur/u0a19 for broadcast {com.android.traceur/com.android.traceur.Receiver}
05-28 16:04:46.446 467 527 W ActivityManager: Slow operation: 274ms so far, now at startProcess: starting to update pids map
05-28 16:04:46.446 467 527 W ActivityManager: Slow operation: 274ms so far, now at startProcess: done updating pids map
05-28 16:04:46.447 670 670 D TvPipController: onTaskStackChanged()
05-28 16:04:46.448 467 527 W ActivityManager: Slow operation: 91ms so far, now at startProcess: asking zygote to start proc
05-28 16:04:46.451 1010 1010 D CompatibilityChangeReporter: Compat change id reported: 171979766; UID 10074; state: DISABLED
05-28 16:04:46.469 243 243 D Zygote : Forked child process 1057
05-28 16:04:46.470 467 527 W ActivityManager: Slow operation: 114ms so far, now at startProcess: returned from zygote!
05-28 16:04:46.471 467 527 W ActivityManager: Slow operation: 115ms so far, now at startProcess: done updating battery stats
05-28 16:04:46.472 467 527 W ActivityManager: Slow operation: 116ms so far, now at startProcess: building log message
05-28 16:04:46.472 467 527 I ActivityManager: app.processName = com.dangbei.leard.leradlauncher
05-28 16:04:46.472 467 527 I ActivityManager: Start proc 1057:com.dangbei.leard.leradlauncher/1000 for top-activity {com.dangbei.leard.leradlauncher/com.dangbei.launcher.home.LauncherActivity}
05-28 16:04:46.475 467 527 W ActivityManager: Slow operation: 119ms so far, now at startProcess: starting to update pids map
05-28 16:04:46.476 311 315 D XM_HIDREAD: add@ add@/devices/platform/soc@3000000/5310400.ohci2-controller/usb7
05-28 16:04:46.478 311 315 D XM_HIDREAD: add@ add@/devices/platform/soc@3000000/5310400.ohci2-controller/usb7/7-0:1.0
05-28 16:04:46.482 311 315 D XM_HIDREAD: add@ add@/devices/virtual/devlink/regulator.8--5311400.ohci3-controller
05-28 16:04:46.483 467 1008 V BackupManagerConstants: getKeyValueBackupIntervalMilliseconds(...) returns 14400000
05-28 16:04:46.483 467 467 I NotificationHistory: Attempted to unlock gone/disabled user 0
05-28 16:04:46.490 467 1008 V BackupManagerConstants: getKeyValueBackupFuzzMilliseconds(...) returns 600000
05-28 16:04:46.490 467 1008 V BackupManagerConstants: getKeyValueBackupRequiredNetworkType(...) returns 1
05-28 16:04:46.490 1057 1057 I Zygote : seccomp disabled by setenforce 0
05-28 16:04:46.490 467 1008 V BackupManagerConstants: getKeyValueBackupRequireCharging(...) returns true
05-28 16:04:46.491 467 1008 V KeyValueBackupJob: Scheduling k/v pass in 243 minutes
05-28 16:04:46.491 467 527 W ActivityManager: Slow operation: 119ms so far, now at startProcess: done updating pids map
05-28 16:04:46.480 163 163 I usb7 : New USB device found, idVendor=1d6b, idProduct=0001, bcdDevice= 5.04
05-28 16:04:46.480 163 163 I usb7 : New USB device strings: Mfr=3, Product=2, SerialNumber=1
05-28 16:04:46.480 163 163 I usb7 : Product: OHCI Host Controller
05-28 16:04:46.480 163 163 I usb7 : Manufacturer: Linux 5.4.125+ ohci_hcd
05-28 16:04:46.480 163 163 I usb7 : SerialNumber: sunxi-ohci
05-28 16:04:46.483 163 163 I hub 7-0 : 1.0: USB hub found
05-28 16:04:46.483 163 163 I hub 7-0 : 1.0: 1 port detected
05-28 16:04:46.487 163 163 W : sunxi ohci3-controller don't init wakeup source
05-28 16:04:46.487 163 163 W [sunxi-ohci3]: probe, pdev->name: 5311400.ohci3-controller, sunxi_ohci: 0xffffffc008f827b8
05-28 16:04:46.488 163 163 I sunxi-ohci 5311400.ohci3-controller: OHCI Host Controller
05-28 16:04:46.489 163 163 I sunxi-ohci 5311400.ohci3-controller: new USB bus registered, assigned bus number 8
05-28 16:04:46.489 163 163 E debugfs : Directory 'sunxi-ohci' with parent 'ohci' already present!
05-28 16:04:46.494 381 400 I adbd : jdwp connection from 1051
05-28 16:04:46.502 163 163 I sunxi-ohci 5311400.ohci3-controller: irq 57, io mem 0x05311400
05-28 16:04:46.507 467 523 I ActivityManager: com.android.keychain is exempt from freezer
05-28 16:04:46.509 467 523 D CompatibilityChangeReporter: Compat change id reported: 135634846; UID 1000; state: DISABLED
05-28 16:04:46.522 381 400 I adbd : jdwp connection from 1057
05-28 16:04:46.527 467 732 D CompatibilityChangeReporter: Compat change id reported: 168419799; UID 10019; state: DISABLED
05-28 16:04:46.533 243 243 D Zygote : Forked child process 1083
05-28 16:04:46.537 467 527 I ActivityManager: app.processName = com.android.keychain
05-28 16:04:46.537 467 527 I ActivityManager: Start proc 1083:com.android.keychain/1000 for service {com.android.keychain/com.android.keychain.KeyChainService}
05-28 16:04:46.540 1051 1051 D CompatibilityChangeReporter: Compat change id reported: 171979766; UID 10019; state: ENABLED
05-28 16:04:46.549 1083 1083 I Zygote : seccomp disabled by setenforce 0
05-28 16:04:46.553 467 732 D AW_CODE : rotation =0
05-28 16:04:46.556 467 467 W NotificationHistory: Attempted to add notif for locked/gone/disabled user 0
05-28 16:04:46.568 163 163 I usb8 : New USB device found, idVendor=1d6b, idProduct=0001, bcdDevice= 5.04
05-28 16:04:46.568 163 163 I usb8 : New USB device strings: Mfr=3, Product=2, SerialNumber=1
05-28 16:04:46.568 163 163 I usb8 : Product: OHCI Host Controller
05-28 16:04:46.568 163 163 I usb8 : Manufacturer: Linux 5.4.125+ ohci_hcd
05-28 16:04:46.568 163 163 I usb8 : SerialNumber: sunxi-ohci
05-28 16:04:46.570 163 163 I hub 8-0 : 1.0: USB hub found
05-28 16:04:46.571 163 163 I hub 8-0 : 1.0: 1 port detected
05-28 16:04:46.563 311 315 D XM_HIDREAD: add@ add@/devices/platform/soc@3000000/5311400.ohci3-controller/usb8
05-28 16:04:46.568 467 732 D CompatibilityChangeReporter: Compat change id reported: 174042980; UID 1000; state: DISABLED
05-28 16:04:46.570 311 315 D XM_HIDREAD: add@ add@/devices/platform/soc@3000000/5311400.ohci3-controller/usb8/8-0:1.0
05-28 16:04:46.570 311 315 D XM_HIDREAD: add@ add@/bus/platform/drivers/sunxi-ohci
05-28 16:04:46.571 311 315 D XM_HIDREAD: add@ add@/module/ohci_sunxi
05-28 16:04:46.577 1057 1057 D CompatibilityChangeReporter: Compat change id reported: 171979766; UID 1000; state: DISABLED
05-28 16:04:46.580 467 467 V NotificationAssistants: disabling notification assistant for user 0: ComponentInfo{android.ext.services/android.ext.services.notification.Assistant}
05-28 16:04:46.580 467 467 D NotificationListeners: Removing active service ComponentInfo{android.ext.services/android.ext.services.notification.Assistant}
05-28 16:04:46.584 467 467 V NotificationAssistants: enabling notification assistant for 0: ComponentInfo{android.ext.services/android.ext.services.notification.Assistant}
05-28 16:04:46.584 467 467 V NotificationAssistants: binding: Intent { act=android.service.notification.NotificationAssistantService cmp=android.ext.services/.notification.Assistant (has extras) }
05-28 16:04:46.589 381 400 I adbd : jdwp connection from 1083
05-28 16:04:46.593 1057 1057 D ApplicationLoaders: Returning zygote-cached class loader: /system/framework/android.test.base.jar
05-28 16:04:46.593 1057 1057 D ApplicationLoaders: Returning zygote-cached class loader: /system/framework/android.hidl.manager-V1.0-java.jar
05-28 16:04:46.593 1057 1057 D ApplicationLoaders: Returning zygote-cached class loader: /system/framework/android.hidl.base-V1.0-java.jar
05-28 16:04:46.601 163 163 D : get det_vbus is fail, -84
05-28 16:04:46.601 163 163 D : get id is fail, -84
05-28 16:04:46.611 311 315 D XM_HIDREAD: add@ add@/bus/platform/drivers/otg manager
05-28 16:04:46.611 311 315 D XM_HIDREAD: add@ add@/module/sunxi_usbc
05-28 16:04:46.628 467 491 D CompatibilityChangeReporter: Compat change id reported: 168419799; UID 1000; state: DISABLED
05-28 16:04:46.640 1083 1083 D CompatibilityChangeReporter: Compat change id reported: 171979766; UID 1000; state: ENABLED
05-28 16:04:46.666 1021 1021 V GraphicsEnvironment: ANGLE Developer option for 'com.dangbei.lerad.etna.haqu' set to: 'default'
05-28 16:04:46.666 1021 1021 V GraphicsEnvironment: Neither updatable production driver nor prerelease driver is supported.
05-28 16:04:46.666 1010 1010 V GraphicsEnvironment: ANGLE Developer option for 'com.android.providers.media.module' set to: 'default'
05-28 16:04:46.666 1010 1010 V GraphicsEnvironment: Neither updatable production driver nor prerelease driver is supported.
05-28 16:04:46.667 467 467 I AccountManagerService: User 0 is unlocked - opening CE database
05-28 16:04:46.668 1010 1010 D NetworkSecurityConfig: No Network Security Config specified, using platform default
05-28 16:04:46.668 1021 1021 D NetworkSecurityConfig: Using Network Security Config from resource network_security_config debugBuild: false
05-28 16:04:46.669 1010 1010 D NetworkSecurityConfig: No Network Security Config specified, using platform default
05-28 16:04:46.674 1021 1021 D NetworkSecurityConfig: Using Network Security Config from resource network_security_config debugBuild: false
05-28 16:04:46.714 1102 1102 D VoHCI : VoHCI service version: v1.0.0
05-28 16:04:46.716 1102 1102 E VoHCI : Cannot get card id for name: VoHCILoopback
05-28 16:04:46.719 1057 1057 V GraphicsEnvironment: ANGLE Developer option for 'com.dangbei.leard.leradlauncher' set to: 'default'
05-28 16:04:46.719 1057 1057 V GraphicsEnvironment: Neither updatable production driver nor prerelease driver is supported.
05-28 16:04:46.722 1057 1057 D NetworkSecurityConfig: Using Network Security Config from resource network_permission_config debugBuild: false
05-28 16:04:46.728 1057 1057 D NetworkSecurityConfig: Using Network Security Config from resource network_permission_config debugBuild: false
05-28 16:04:46.757 1051 1051 V GraphicsEnvironment: ANGLE Developer option for 'com.android.traceur' set to: 'default'
05-28 16:04:46.758 1051 1051 V GraphicsEnvironment: Neither updatable production driver nor prerelease driver is supported.
05-28 16:04:46.760 1051 1051 D NetworkSecurityConfig: No Network Security Config specified, using platform default
05-28 16:04:46.760 1051 1051 D NetworkSecurityConfig: No Network Security Config specified, using platform default
05-28 16:04:46.779 1010 1010 V MediaProvider: Attached media from com.android.providers.media.module
05-28 16:04:46.794 1083 1083 V GraphicsEnvironment: ANGLE Developer option for 'com.android.keychain' set to: 'default'
05-28 16:04:46.794 1083 1083 V GraphicsEnvironment: Neither updatable production driver nor prerelease driver is supported.
05-28 16:04:46.797 1083 1083 D NetworkSecurityConfig: No Network Security Config specified, using platform default
05-28 16:04:46.798 1083 1083 D NetworkSecurityConfig: No Network Security Config specified, using platform default
05-28 16:04:46.803 1021 1021 I MultiDex: VM with version 2.1.0 has multidex support
05-28 16:04:46.803 1021 1021 I MultiDex: Installing application
05-28 16:04:46.803 1021 1021 I MultiDex: VM has multidex support, MultiDex support library is disabled.
05-28 16:04:46.808 1051 1051 I Traceur : Received BOOT_COMPLETE
05-28 16:04:46.811 1057 1057 I MultiDex: VM with version 2.1.0 has multidex support
05-28 16:04:46.812 1057 1057 I MultiDex: Installing application
05-28 16:04:46.812 1057 1057 I MultiDex: VM has multidex support, MultiDex support library is disabled.
05-28 16:04:46.833 467 467 W Looper : Slow dispatch took 206ms main h=android.app.ActivityThread$H c=android.app.LoadedApk$ReceiverDispatcher$Args$$ExternalSyntheticLambda0@dd9bcd3 m=0
05-28 16:04:46.837 467 656 I SyncManager: Loaded persisted syncs: 0 periodic syncs, 0 oneshot syncs, 17 total system server jobs, JobStats: FirstLoad: 5/2/0 LastSave: -1/-1/-1
05-28 16:04:46.839 467 491 W StorageManagerService: Reporting emulated;0 unmounted due to system locked
05-28 16:04:46.847 261 261 D hdmi-cec: cec physical address: 3.0.0.0
05-28 16:04:46.848 261 261 D hdmi-cec: cec physical address: 3.0.0.0
05-28 16:04:46.848 261 261 D hdmi-cec: cec physical address: 3.0.0.0
05-28 16:04:46.848 261 261 D hdmi-cec: cec physical address: 3.0.0.0
05-28 16:04:46.849 467 568 W StorageManagerService: Reporting emulated;0 unmounted due to system locked
05-28 16:04:46.850 467 491 I ActivityManager: com.oranth.ledstatus is exempt from freezer
05-28 16:04:46.850 467 491 D CompatibilityChangeReporter: Compat change id reported: 135634846; UID 1000; state: DISABLED
05-28 16:04:46.855 467 467 V NotificationAssistants: 0 notification assistant service connected: ComponentInfo{android.ext.services/android.ext.services.notification.Assistant}
05-28 16:04:46.855 1010 1010 I TranscodeHelper: Empty transcode compat stale
05-28 16:04:46.856 467 467 W Looper : Drained
05-28 16:04:46.856 1010 1010 I TranscodeHelper: Parsed 0 packages from resource
05-28 16:04:46.857 1010 1010 I TranscodeHelper: Empty device config transcode compat manifest
05-28 16:04:46.871 243 243 D Zygote : Forked child process 1114
05-28 16:04:46.873 467 527 I ActivityManager: app.processName = com.oranth.ledstatus
05-28 16:04:46.873 467 527 I ActivityManager: Start proc 1114:com.oranth.ledstatus/1000 for broadcast {com.oranth.ledstatus/com.oranth.ledstatus.BootCompletedReceiver}
05-28 16:04:46.883 1114 1114 I Zygote : seccomp disabled by setenforce 0
05-28 16:04:46.886 1010 1010 V MediaStore: Examining volume emulated;0 with name external_primary and state checking
05-28 16:04:46.891 1114 1114 I ranth.ledstatu: Late-enabling -Xcheck:jni
05-28 16:04:46.897 1010 1010 D CompatibilityChangeReporter: Compat change id reported: 148180766; UID 10074; state: ENABLED
05-28 16:04:46.904 1010 1010 D PulledMetrics: Registering callback with StatsManager
05-28 16:04:46.924 467 1004 I StorageUserConnection: Service: [ComponentInfo{com.android.providers.media.module/com.android.providers.media.fuse.ExternalStorageServiceImpl}] connected. User [0]
05-28 16:04:46.927 1010 1118 I ExternalStorageServiceImpl: Starting session for id: emulated;0
05-28 16:04:46.928 1010 1118 V FuseDaemonThread: Waiting 1000ms for FUSE start. Count 4
05-28 16:04:46.931 1010 1119 I FuseDaemonThread: Starting thread for emulated;0 ...
05-28 16:04:46.932 1010 1119 I FuseDaemon: Starting fuse...
05-28 16:04:46.936 657 657 D GattService: Unlocked userId 0
05-28 16:04:46.941 467 732 W StorageManagerService: Reporting emulated;0 unmounted due to system locked
05-28 16:04:46.945 467 732 W StorageManagerService: Reporting emulated;0 unmounted due to system locked
05-28 16:04:46.961 381 400 I adbd : jdwp connection from 1114
05-28 16:04:46.963 467 732 D CompatibilityChangeReporter: Compat change id reported: 149924527; UID 1000; state: ENABLED
05-28 16:04:46.964 467 732 D CompatibilityChangeReporter: Compat change id reported: 132649864; UID 1000; state: DISABLED
05-28 16:04:46.970 467 732 W StorageManagerService: Reporting emulated;0 unmounted due to system locked
05-28 16:04:46.973 467 732 W StorageManagerService: Reporting emulated;0 unmounted due to system locked
05-28 16:04:46.976 467 732 W StorageManagerService: Reporting emulated;0 unmounted due to system locked
05-28 16:04:46.976 467 515 W IorapForwardingService: No service published for: iorapd
05-28 16:04:46.982 467 491 W StorageManagerService: Reporting emulated;0 unmounted due to system locked
05-28 16:04:46.989 467 732 W StorageManagerService: Reporting emulated;0 unmounted due to system locked
05-28 16:04:46.997 467 491 W StorageManagerService: Reporting emulated;0 unmounted due to system locked
05-28 16:04:46.999 467 732 D CompatibilityChangeReporter: Compat change id reported: 168419799; UID 1000; state: DISABLED
05-28 16:04:47.009 1010 1116 V MediaProvider: onConfigure() for external.db
05-28 16:04:47.019 1010 1116 V MediaProvider: onOpen() for external.db
05-28 16:04:47.022 1010 1116 V MediaProvider: onOpen() finished for external.db
05-28 16:04:47.023 1021 1021 E ccc : cccccc etna EtnaApplication init com.dangbei.lerad.etna.haqu.EtnaApplication@895bd9d
05-28 16:04:47.030 1021 1021 I MMKV : Disable checkProcessMode()
05-28 16:04:47.035 467 732 W StorageManagerService: Reporting emulated;0 unmounted due to system locked
05-28 16:04:47.041 467 732 W StorageManagerService: Reporting emulated;0 unmounted due to system locked
05-28 16:04:47.047 467 732 W StorageManagerService: Reporting emulated;0 unmounted due to system locked
05-28 16:04:47.050 1021 1021 I MMKV : current API level = 31
05-28 16:04:47.050 1021 1021 I MMKV : version v1.2.8 page size:4096
05-28 16:04:47.051 1021 1021 I MMKV : root dir: /data/user/0/com.dangbei.lerad.etna.haqu/files/mmkv
05-28 16:04:47.057 467 491 W StorageManagerService: Reporting emulated;0 unmounted due to system locked
05-28 16:04:47.060 1114 1114 D CompatibilityChangeReporter: Compat change id reported: 171979766; UID 1000; state: DISABLED
05-28 16:04:47.097 1114 1114 D ApplicationLoaders: Returning zygote-cached class loader: /system/framework/android.test.base.jar
05-28 16:04:47.097 1114 1114 D ApplicationLoaders: Returning zygote-cached class loader: /system/framework/android.hidl.manager-V1.0-java.jar
05-28 16:04:47.098 1114 1114 D ApplicationLoaders: Returning zygote-cached class loader: /system/framework/android.hidl.base-V1.0-java.jar
05-28 16:04:47.133 1114 1114 W ranth.ledstatu: ClassLoaderContext shared library size mismatch. Expected=0, found=4 (PCL[] | PCL[]{PCL[/system/framework/android.test.base.jar*3790657674]#PCL[/system/framework/android.hidl.manager-V1.0-java.jar*1809561547]#PCL[/system/framework/android.hidl.base-V1.0-java.jar*2233032481]#PCL[/system/framework/org.apache.http.legacy.jar*2058259660]})
05-28 16:04:47.144 323 323 I rainbow_flow: type=1400 audit(0.0:412): avc: denied { ioctl } for path="/dev/spidev1.0" dev="tmpfs" ino=6196 ioctlcmd=0x6b00 scontext=u:r:init:s0 tcontext=u:object_r:device:s0 tclass=chr_file permissive=1
05-28 16:04:47.155 1021 1021 E ccc : cccccc ota-path is cache/recovery/
05-28 16:04:47.156 467 491 W StorageManagerService: Reporting emulated;0 unmounted due to system locked
05-28 16:04:47.162 1021 1021 W ContextImpl: Calling a method in the system process without a qualified user: android.app.ContextImpl.startService:1816 android.content.ContextWrapper.startService:774 com.dangbei.lerad.etna.core.EtnaManager.startService:64 com.dangbei.lerad.etna.core.EtnaManager.init:39 com.dangbei.lerad.etna.haqu.EtnaApplication.init:87
05-28 16:04:47.172 1021 1021 W ContextImpl: Calling a method in the system process without a qualified user: android.app.ContextImpl.startService:1816 android.content.ContextWrapper.startService:774 com.dangbei.andes.CoreService$Companion.start:29 com.dangbei.lerad.etna.haqu.EtnaApplication.init:88 com.dangbei.lerad.etna.haqu.EtnaApplication.onCreate:59
05-28 16:04:47.177 1114 1114 V GraphicsEnvironment: ANGLE Developer option for 'com.oranth.ledstatus' set to: 'default'
05-28 16:04:47.178 1114 1114 V GraphicsEnvironment: Neither updatable production driver nor prerelease driver is supported.
05-28 16:04:47.180 1021 1021 D DisplayOutputManager: ro.build.characteristics=homlet
05-28 16:04:47.182 1057 1057 I FrameWorkHelper: userHttps:
05-28 16:04:47.182 180 180 I servicemanager: Found vendor.display.output.IDisplayOutputManager/default in device VINTF manifest.
05-28 16:04:47.185 1021 1021 D HomletDisplayOutputManager: get IDisplayOutputManager service success
05-28 16:04:47.185 1114 1114 D NetworkSecurityConfig: No Network Security Config specified, using platform default
05-28 16:04:47.187 1021 1021 D AudioManagerEx: AudioManagerEx
05-28 16:04:47.189 1114 1114 D NetworkSecurityConfig: No Network Security Config specified, using platform default
05-28 16:04:47.189 248 313 D audio_hw_primary: Mic get_audio_devices_active:
05-28 16:04:47.189 248 313 D audio_hw_primary: get_audio_devices_active: AUDIO_CODEC,AUDIO_HDMI
05-28 16:04:47.190 248 313 D xm_audio: adev_get_parameters
05-28 16:04:47.190 267 437 I hash_map_utils: system/bt/osi/src/hash_map_utils.cc:81 hash_map_utils_dump_string_keys_string_values: key: 'audio_devices_out_active' value: ''
05-28 16:04:47.191 1021 1021 D AudioManagerEx: type audio_devices_out_active list AUDIO_CODEC,AUDIO_HDMI=
05-28 16:04:47.196 1114 1114 I aaa : BootCompleteService is start !!!
05-28 16:04:47.200 1114 1114 W ContextImpl: Calling a method in the system process without a qualified user: android.app.ContextImpl.startService:1816 android.content.ContextWrapper.startService:774 android.content.ContextWrapper.startService:774 com.oranth.ledstatus.BootCompletedReceiver.onReceive:15 android.app.ActivityThread.handleReceiver:4308
05-28 16:04:47.200 248 313 D audio_hw_primary: getAudioDevices()
05-28 16:04:47.200 248 313 D audio_hw_primary: out dev:AUDIO_CODEC
05-28 16:04:47.200 248 313 D audio_hw_primary: in dev:AUDIO_SPDIF
05-28 16:04:47.200 248 313 D audio_hw_primary: out dev:AUDIO_SPDIF
05-28 16:04:47.200 248 313 D audio_hw_primary: in dev:AUDIO_HDMI
05-28 16:04:47.200 248 313 D audio_hw_primary: out dev:AUDIO_HDMI
05-28 16:04:47.200 248 313 D audio_hw_primary: in dev:AUDIO_I2S2
05-28 16:04:47.200 248 313 D audio_hw_primary: out playback: AUDIO_CODEC,AUDIO_SPDIF,AUDIO_HDMI
05-28 16:04:47.201 248 313 D xm_audio: adev_get_parameters
05-28 16:04:47.201 267 437 I hash_map_utils: system/bt/osi/src/hash_map_utils.cc:81 hash_map_utils_dump_string_keys_string_values: key: 'audio_devices_out' value: ''
05-28 16:04:47.202 1021 1021 D AudioManagerEx: type audio_devices_out list AUDIO_CODEC,AUDIO_SPDIF,AUDIO_HDMI=
05-28 16:04:47.213 1114 1114 D aaa : onCreate()
05-28 16:04:47.214 180 180 E SELinux : avc: denied { find } for pid=1114 uid=1000 name=MyLedService scontext=u:r:system_app:s0 tcontext=u:object_r:default_android_service:s0 tclass=service_manager permissive=1
05-28 16:04:47.214 467 491 I ActivityManager: com.oranth.storage is exempt from freezer
05-28 16:04:47.215 467 491 D CompatibilityChangeReporter: Compat change id reported: 135634846; UID 1000; state: DISABLED
05-28 16:04:47.217 180 180 E SELinux : avc: denied { add } for pid=1114 uid=1000 name=MyLedService scontext=u:r:system_app:s0 tcontext=u:object_r:default_android_service:s0 tclass=service_manager permissive=1
05-28 16:04:47.219 467 608 D ConnectivityService: NetReassign [no changes]
05-28 16:04:47.220 1021 1152 W ContextImpl: Calling a method in the system process without a qualified user: android.app.ContextImpl.bindService:1895 android.content.ContextWrapper.bindService:810 com.dangbei.lerad.etna.lib.client.EtnaClient.bindServer:138 com.dangbei.lerad.etna.lib.client.EtnaClient.access$600:29 com.dangbei.lerad.etna.lib.client.EtnaClient$3.call:205
05-28 16:04:47.224 467 608 D ConnectivityService: NetReassign [no changes]
05-28 16:04:47.237 243 243 D Zygote : Forked child process 1158
05-28 16:04:47.239 467 527 I ActivityManager: app.processName = com.oranth.storage
05-28 16:04:47.239 467 527 I ActivityManager: Start proc 1158:com.oranth.storage/1000 for broadcast {com.oranth.storage/com.oranth.storage.BootCompletedReceiver}
05-28 16:04:47.248 1114 1114 D aaa : LedStatusService onStartCommand begin
05-28 16:04:47.250 1158 1158 I Zygote : seccomp disabled by setenforce 0
05-28 16:04:47.254 1114 1159 D aaa : topPkg is -------------- :com.android.tv.settings
05-28 16:04:47.257 1158 1158 I .oranth.storag: Late-enabling -Xcheck:jni
05-28 16:04:47.273 1021 1163 W ContextImpl: Calling a method in the system process without a qualified user: android.app.ContextImpl.bindService:1895 android.content.ContextWrapper.bindService:810 com.dangbei.lerad.etna.lib.client.EtnaClient.bindServer:138 com.dangbei.lerad.etna.lib.client.EtnaClient.access$600:29 com.dangbei.lerad.etna.lib.client.EtnaClient$3.call:205
05-28 16:04:47.284 343 343 I WCN : WCND at cmd read:3
05-28 16:04:47.304 651 651 I WCN : get_board_ant_num [three_ant]
05-28 16:04:47.304 651 651 E : wifi ini path = /vendor/etc/wifi_56630001_3ant.ini
05-28 16:04:47.318 651 651 E sprdwl : __sprdwl_cmd_getbuf cant't get vif, ctx_id: 0
05-28 16:04:47.328 381 400 I adbd : jdwp connection from 1158
05-28 16:04:47.338 651 651 E sprdwl : __sprdwl_cmd_getbuf cant't get vif, ctx_id: 0
05-28 16:04:47.346 369 369 E update_engine: [ERROR:update_attempter_android.cc(-1)] unknown(...): Domain=update_engine, Code=generic_error, Message=No ongoing update to cancel.
05-28 16:04:47.348 369 369 E update_engine: [ERROR:update_attempter_android.cc(90)] Replying with failure: pc:0xa7cda79: No ongoing update to cancel.
05-28 16:04:47.350 1021 1021 E ccc : cccccc 故意做的cancel 捕获 No ongoing update to cancel.
05-28 16:04:47.351 1021 1021 W System.err: android.os.ServiceSpecificException: No ongoing update to cancel. (code 1)
05-28 16:04:47.351 1021 1021 W System.err: at android.os.Parcel.createExceptionOrNull(Parcel.java:2439)
05-28 16:04:47.352 1021 1021 W System.err: at android.os.Parcel.createException(Parcel.java:2409)
05-28 16:04:47.352 1021 1021 W System.err: at android.os.Parcel.readException(Parcel.java:2392)
05-28 16:04:47.352 1021 1021 W System.err: at android.os.Parcel.readException(Parcel.java:2334)
05-28 16:04:47.352 1021 1021 W System.err: at android.os.IUpdateEngine$Stub$Proxy.cancel(IUpdateEngine.java:480)
05-28 16:04:47.352 1021 1021 W System.err: at android.os.UpdateEngine.cancel(UpdateEngine.java:381)
05-28 16:04:47.352 1021 1021 W System.err: at com.oranth.otalibrary.OTAManager.cancel(OTAManager.java:54)
05-28 16:04:47.352 1021 1021 W System.err: at com.dangbei.etna.update.ota.OtaUpdateHelper.cancelInstalling(OtaUpdateHelper.kt:134)
05-28 16:04:47.352 1021 1021 W System.err: at com.dangbei.etna.update.ota.OtaUpdateHelper.init(OtaUpdateHelper.kt:72)
05-28 16:04:47.352 1021 1021 W System.err: at com.dangbei.etna.update.UpdateHelper.init(UpdateHelper.kt:60)
05-28 16:04:47.352 1021 1021 W System.err: at com.dangbei.lerad.etna.haqu.EtnaApplication.init(EtnaApplication.kt:97)
05-28 16:04:47.352 1021 1021 W System.err: at com.dangbei.lerad.etna.haqu.EtnaApplication.onCreate(EtnaApplication.kt:59)
05-28 16:04:47.352 1021 1021 W System.err: at android.app.Instrumentation.callApplicationOnCreate(Instrumentation.java:1211)
05-28 16:04:47.352 1021 1021 W System.err: at android.app.ActivityThread.handleBindApplication(ActivityThread.java:6740)
05-28 16:04:47.352 1021 1021 W System.err: at android.app.ActivityThread.access$1500(ActivityThread.java:247)
05-28 16:04:47.352 1021 1021 W System.err: at android.app.ActivityThread$H.handleMessage(ActivityThread.java:2053)
05-28 16:04:47.352 1021 1021 W System.err: at android.os.Handler.dispatchMessage(Handler.java:106)
05-28 16:04:47.352 1021 1021 W System.err: at android.os.Looper.loopOnce(Looper.java:201)
05-28 16:04:47.352 1021 1021 W System.err: at android.os.Looper.loop(Looper.java:288)
05-28 16:04:47.352 1021 1021 W System.err: at android.app.ActivityThread.main(ActivityThread.java:7854)
05-28 16:04:47.352 1021 1021 W System.err: at java.lang.reflect.Method.invoke(Native Method)
05-28 16:04:47.352 1021 1021 W System.err: at com.android.internal.os.RuntimeInit$MethodAndArgsCaller.run(RuntimeInit.java:548)
05-28 16:04:47.352 1021 1021 W System.err: at com.android.internal.os.ZygoteInit.main(ZygoteInit.java:1182)
05-28 16:04:47.352 369 369 I update_engine: [INFO:update_attempter_android.cc(365)] Attempting to reset state from UPDATE_STATUS_IDLE to UpdateStatus::IDLE
05-28 16:04:47.354 369 369 I update_engine: [INFO:update_attempter_android.cc(369)] Cleaning up reserved space for compressed APEX (if any)
05-28 16:04:47.355 467 732 D CompatibilityChangeReporter: Compat change id reported: 168419799; UID 1000; state: DISABLED
05-28 16:04:47.356 369 369 I update_engine: [INFO:dynamic_partition_control_android.cc(1284)] ResetUpdate resetting update state and deleting snapshots.
05-28 16:04:47.368 369 369 I update_engine: [INFO:delta_performer.cc(1389)] Resetting recorded hash for prepared partitions.
05-28 16:04:47.370 369 369 E update_engine: Read state file failed: No such file or directory
05-28 16:04:47.372 1021 1021 E ccc : cccccc 只是做下reset 哈
05-28 16:04:47.374 1021 1021 I MMKV : loading [mmkv.default] with 4071 actual size, file size 4096, InterProcess 0, meta info version:3
05-28 16:04:47.374 1021 1021 I MMKV : loading [mmkv.default] with crc 644563881 sequence 1 version 3
05-28 16:04:47.374 1021 1021 I MMKV : loaded [mmkv.default] with 9 key-values
05-28 16:04:47.385 1021 1021 E ccc : cccccc updateHelper 通知更新
05-28 16:04:47.386 1021 1021 E ccc : cccccc updateHelper 通知更新
05-28 16:04:47.389 1021 1021 E ccc : cccccc updateHelper 通知更新
05-28 16:04:47.404 1158 1158 D CompatibilityChangeReporter: Compat change id reported: 171979766; UID 1000; state: ENABLED
05-28 16:04:47.412 1021 1021 E ccc : cccccc etna-service onCreate
05-28 16:04:47.413 1021 1021 W ContextImpl: Calling a method in the system process without a qualified user: android.app.ContextImpl.sendBroadcast:1173 android.content.ContextWrapper.sendBroadcast:479 com.dangbei.lerad.etna.core.EtnaManager.sendRebootBroadcast:82 com.dangbei.lerad.etna.core.EtnaService.onStartCommand:89 android.app.ActivityThread.handleServiceArgs:4639
05-28 16:04:47.414 467 732 E ActivityManager: Sending non-protected broadcast lerad.service.etna.haqu from system 1021:com.dangbei.lerad.etna.haqu/1000 pkg com.dangbei.lerad.etna.haqu
05-28 16:04:47.414 467 732 E ActivityManager: java.lang.Throwable
05-28 16:04:47.414 467 732 E ActivityManager: at com.android.server.am.ActivityManagerService.checkBroadcastFromSystem(ActivityManagerService.java:12816)
05-28 16:04:47.414 467 732 E ActivityManager: at com.android.server.am.ActivityManagerService.broadcastIntentLocked(ActivityManagerService.java:13416)
05-28 16:04:47.414 467 732 E ActivityManager: at com.android.server.am.ActivityManagerService.broadcastIntentLocked(ActivityManagerService.java:12833)
05-28 16:04:47.414 467 732 E ActivityManager: at com.android.server.am.ActivityManagerService.broadcastIntentWithFeature(ActivityManagerService.java:13670)
05-28 16:04:47.414 467 732 E ActivityManager: at android.app.IActivityManager$Stub.onTransact(IActivityManager.java:2326)
05-28 16:04:47.414 467 732 E ActivityManager: at com.android.server.am.ActivityManagerService.onTransact(ActivityManagerService.java:2509)
05-28 16:04:47.414 467 732 E ActivityManager: at android.os.Binder.execTransactInternal(Binder.java:1179)
05-28 16:04:47.414 467 732 E ActivityManager: at android.os.Binder.execTransact(Binder.java:1143)
05-28 16:04:47.415 467 732 E ActivityManager: Sending non-protected broadcast lerad.service.etna.haqu from system 1021:com.dangbei.lerad.etna.haqu/1000 pkg com.dangbei.lerad.etna.haqu
05-28 16:04:47.415 467 732 E ActivityManager: java.lang.Throwable
05-28 16:04:47.415 467 732 E ActivityManager: at com.android.server.am.ActivityManagerService.checkBroadcastFromSystem(ActivityManagerService.java:12816)
05-28 16:04:47.415 467 732 E ActivityManager: at com.android.server.am.ActivityManagerService.broadcastIntentLocked(ActivityManagerService.java:13513)
05-28 16:04:47.415 467 732 E ActivityManager: at com.android.server.am.ActivityManagerService.broadcastIntentLocked(ActivityManagerService.java:12833)
05-28 16:04:47.415 467 732 E ActivityManager: at com.android.server.am.ActivityManagerService.broadcastIntentWithFeature(ActivityManagerService.java:13670)
05-28 16:04:47.415 467 732 E ActivityManager: at android.app.IActivityManager$Stub.onTransact(IActivityManager.java:2326)
05-28 16:04:47.415 467 732 E ActivityManager: at com.android.server.am.ActivityManagerService.onTransact(ActivityManagerService.java:2509)
05-28 16:04:47.415 467 732 E ActivityManager: at android.os.Binder.execTransactInternal(Binder.java:1179)
05-28 16:04:47.415 467 732 E ActivityManager: at android.os.Binder.execTransact(Binder.java:1143)
05-28 16:04:47.416 1021 1021 E ccc : cccccc etna-service onStartCommand
05-28 16:04:47.416 467 526 I DropBoxManagerService: add tag=system_server_wtf isTagEnabled=true flags=0x2
05-28 16:04:47.420 467 526 I DropBoxManagerService: add tag=system_server_wtf isTagEnabled=true flags=0x2
05-28 16:04:47.431 1021 1021 E CoreService: onStartCommand
05-28 16:04:47.425 651 651 E sprdwl : sprdwl_get_fw_info, drv_version=1, fw_version=2, compat_ver=0
05-28 16:04:47.435 651 651 E sprdwl : chip_model:0x2355, chip_ver:0x0
05-28 16:04:47.436 1021 1021 E ccc : cccccc etnaService addListener com.dangbei.lerad.etna.lib.client.EtnaServerListener@a90cf5d com.dangbei.etna.setting
