05-28 16:06:06.250 2815 2815 D ApplicationLoaders: Returning zygote-cached class loader: /system/framework/android.test.base.jar
05-28 16:06:06.250 2815 2815 D ApplicationLoaders: Returning zygote-cached class loader: /system/framework/android.hidl.manager-V1.0-java.jar
05-28 16:06:06.250 2815 2815 D ApplicationLoaders: Returning zygote-cached class loader: /system/framework/android.hidl.base-V1.0-java.jar
05-28 16:06:06.272 2815 2815 V GraphicsEnvironment: ANGLE Developer option for 'com.dangbei.screencast' set to: 'default'
05-28 16:06:06.272 2815 2815 V GraphicsEnvironment: Neither updatable production driver nor prerelease driver is supported.
05-28 16:06:06.273 2815 2815 D NetworkSecurityConfig: Using Network Security Config from resource network_security_config debugBuild: false
05-28 16:06:06.275 2815 2815 D NetworkSecurityConfig: Using Network Security Config from resource network_security_config debugBuild: false
05-28 16:06:06.278 2815 2815 I MultiDex: VM with version 2.1.0 has multidex support
05-28 16:06:06.278 2815 2815 I MultiDex: Installing application
05-28 16:06:06.278 2815 2815 I MultiDex: VM has multidex support, MultiDex support library is disabled.
05-28 16:06:06.287 2682 2682 D HiSight-SinkService: setDiscoverable true
05-28 16:06:06.287 2682 2682 D HiSight-Discovery: set deviceInfo type:46
05-28 16:06:06.287 2682 2682 D HiSight-Discovery: startAdvertise 1
05-28 16:06:06.288 1057 1405 D wenhc : getScreenInfo uri = content://com.dangbei.screencast.parts.info/screen_cast
05-28 16:06:06.309 2682 2682 D HiSight-SinkService: setDiscoverable true
05-28 16:06:06.309 2682 2682 D HiSight-Discovery: set deviceInfo type:46
05-28 16:06:06.309 2682 2682 D HiSight-Discovery: startAdvertise 1
05-28 16:06:06.309 2682 2682 E HuaweiCastService: onStartCommand in 0
05-28 16:06:06.310 1057 1405 D wenhc : getScreenInfo uri = content://com.dangbei.screencast.parts.info/screen_cast
05-28 16:06:06.374 2815 2850 I crashsdk: version unique build id: 6230cced
05-28 16:06:06.379 2815 2851 D crashsdk: Native log stat thread 2851 setup, waiting
05-28 16:06:06.383 2815 2837 I crashsdk: begin hack android.os.Process
05-28 16:06:06.383 2815 2837 I crashsdk: end hack android.os.Process
05-28 16:06:06.400 2815 2815 I TDLog : setReportUncaughtExceptions: true
05-28 16:06:06.402 2815 2815 E Application: onCreate:Version:v2.8.3/20830/883432e
05-28 16:06:06.411 2815 2837 I Matrix.AnrTracer: anrTrace, final mAnrBeatTime:400, mAnrBeatRate:400
05-28 16:06:06.412 2815 2855 W efs.send_log: tryFileLock start!
05-28 16:06:06.415 2815 2837 E LaunchManager: Non main process !
05-28 16:06:06.416 2815 2837 W System.err: java.lang.NullPointerException: Attempt to invoke virtual method 'boolean com.efs.sdk.launch.LaunchConfigManager.enableTracer()' on a null object reference
05-28 16:06:06.416 2815 2837 W System.err: at com.umeng.umcrash.UMCrash.init(Unknown Source:403)
05-28 16:06:06.416 2815 2837 W System.err: at java.lang.reflect.Method.invoke(Native Method)
05-28 16:06:06.416 2815 2837 W System.err: at com.umeng.commonsdk.UMConfigure.init(Unknown Source:811)
05-28 16:06:06.416 2815 2837 W System.err: at b.f.f.b.a(:4)
05-28 16:06:06.416 2815 2837 W System.err: at h.o.a.run(Unknown Source:2)
05-28 16:06:06.422 467 799 W ServiceManager: Permission failure: android.permission.HIGH_SAMPLING_RATE_SENSORS from uid=10022 pid=2815
05-28 16:06:06.423 2815 2855 I efs.config: --->>> 删除旧的配置文件 false
05-28 16:06:06.426 2815 2868 I efs.base: lt=event`ev_ct=efs_core`ev_ac=pvuv`tm=2025-05-28 16:06:41`dn=814a6c1f-a914-45e0-9441-173ac17d88d0`ps=com.huawei.connection`um_os=android`stime=1748419566166`pid=2815`fr=android`pkg=com.dangbei.screencast`vcode=20830`dsp_w=1920`uid=814a6c1f-a914-45e0-9441-173ac17d88d0`rom=12`wid=814a6c1f-a914-45e0-9441-173ac17d88d0`um_app_carrier=`um_access=wifi`um_app_channel=os`um_crash_sdk_version=1.4.0`ctime=1748419566`model=dbbox-a2`lang=zh`net=wifi`brand=dangbei`dsp_h=1080`um_network_type=0`ver=v2.8.3`build_model=DBBOX-A2`w_tm=1748419566`appid=5fc60c21094d637f3130af19`um_umid_header=ai536d652a62b80cf12a583dbdbfe77cd5`sdk=31`tzone=Asia/Shanghai`sdk_ver=1.3.6.umeng
05-28 16:06:06.428 2815 2815 D NearFieldManagerService: NearFieldManagerService.
05-28 16:06:06.428 2815 2815 D NearFieldManagerService: onCreate, enter.
05-28 16:06:06.429 2815 2815 I NearFieldManagerService: onBind, enter.
05-28 16:06:06.429 2815 2815 D NearFieldManagerService: initService
05-28 16:06:06.429 2815 2815 D NearFieldManagerService: NearField starting...
05-28 16:06:06.430 2815 2815 D NearFieldUtils: checkSystemProperty in
05-28 16:06:06.430 2815 2815 D NearFieldUtils: checkSystemProperty: systemProperties:
05-28 16:06:06.430 2815 2815 E NearFieldUtils: validProperty: priority is null
05-28 16:06:06.433 2815 2838 I TDLog : TalkingData SDK init...
05-28 16:06:06.433 2815 2838 I TDLog : SDK_VERSION is: Android+TD+V5.0.7 gp Type:Native Build_Num:2141
05-28 16:06:06.433 2815 2838 I TDLog : App ID is: B9D7815EC975466AB1332111FCE62DF5
05-28 16:06:06.433 2815 2838 I TDLog : App Channel is: os
05-28 16:06:06.433 2815 2838 I TDLog : App Custom is:
05-28 16:06:06.433 2815 2838 I TDLog : SDK_OVC is: TDOVC+a3bb7754719798526508b6caad480dd7+SaaS
05-28 16:06:06.434 2682 2682 D NearFieldManager: service connected.
05-28 16:06:06.436 2682 2682 D HiSight-Discovery: eventId: 4001
05-28 16:06:06.436 2682 2814 D HiSight-Discovery: msg 4001
05-28 16:06:06.436 2682 2814 D HiSight-Discovery: bind success, status Ready
05-28 16:06:06.437 2682 2814 D HiSight-Discovery: startAdvertise 2
05-28 16:06:06.437 2682 2814 D HiSight-Discovery: stopAdvertise.
05-28 16:06:06.437 2682 2814 D HiSight-Discovery: nearFieldStartListen deviceType 46
05-28 16:06:06.450 2815 2828 I NearFieldManagerImpl: setDeviceInfo, sDeviceId changes
05-28 16:06:06.451 2815 2828 I NearFieldManagerImpl: setDeviceInfo, sDeviceName changes
05-28 16:06:06.448 2815 2815 I efs-base: type=1400 audit(0.0:1062): avc: denied { watch } for path="/data/user/0/com.dangbei.screencast/shared_prefs/Y29uZmlnXzVmYzYwYzIxMDk0ZDYzN2YzMTMwYWYxOQ.sp.bak" dev="mmcblk0p25" ino=2379 scontext=u:r:platform_app:s0:c512,c768 tcontext=u:object_r:app_data_file:s0:c512,c768 tclass=file permissive=1 app=com.dangbei.screencast
05-28 16:06:06.452 2815 2828 D NearFieldManagerImpl: setServiceData, sServiceData=[], serviceData=[32]
05-28 16:06:06.453 2682 2814 E NearFieldManager: setIdnNetworkPriority: networkPortPriority is empty
05-28 16:06:06.453 2682 2814 D NearFieldManager: StartListen moduleId: CastPlusDiscoveryModule
05-28 16:06:06.455 2815 2828 D NearFieldManagerImpl: startListen: moduleId: CastPlusDiscoveryModule
05-28 16:06:06.455 2815 2828 D NearFieldUtils: getPreferredIpAddress exec
05-28 16:06:06.455 2815 2828 D NearFieldUtils: getPreferredIpAddress by custom priority
05-28 16:06:06.455 2815 2828 D NearFieldUtils: getIpByInterfaceSetting customIdnNetworkPriority:[]
05-28 16:06:06.455 2815 2828 D NearFieldUtils: getPreferredIpAddress by default priority
05-28 16:06:06.455 2815 2815 I crashsdk: Catcher mask: 5000, 20480
05-28 16:06:06.456 2815 2815 I crashsdk: Catcher thread 2820
05-28 16:06:06.456 2815 2815 D crashsdk: Register ANR handler ...
05-28 16:06:06.457 2815 2815 D NearFieldManagerImpl: onReceive action get:android.net.conn.CONNECTIVITY_CHANGE
05-28 16:06:06.459 2815 2868 W efs.info.manager: network change: wifi
05-28 16:06:06.459 2815 2855 I efs.config: current config version (-1) is older than another (1735614866)
05-28 16:06:06.459 2815 2855 I efs.config: load config from storage and notify observer
05-28 16:06:06.456 2815 2815 I efs-base: type=1400 audit(0.0:1063): avc: denied { create } for name="2815" scontext=u:r:platform_app:s0:c512,c768 tcontext=u:object_r:app_data_file:s0:c512,c768 tclass=dir permissive=1 app=com.dangbei.screencast
05-28 16:06:06.461 2815 2815 D NearFieldUtils: getPreferredIpAddress exec
05-28 16:06:06.461 2815 2815 D NearFieldUtils: getPreferredIpAddress by custom priority
05-28 16:06:06.461 2815 2815 D NearFieldUtils: getIpByInterfaceSetting customIdnNetworkPriority:[]
05-28 16:06:06.461 2815 2815 D NearFieldUtils: getPreferredIpAddress by default priority
05-28 16:06:06.468 2855 2855 W audit : audit_lost=542 audit_rate_limit=5 audit_backlog_limit=64
05-28 16:06:06.468 2855 2855 E audit : rate limit exceeded
05-28 16:06:06.515 2815 2815 D NearFieldUtils: to get wlan0 ip address
05-28 16:06:06.516 2815 2815 D NearFieldUtils: get wlan0 IP succeed.
05-28 16:06:06.516 2815 2815 E NearFieldManagerImpl: notifyByPriority: interfaceNameInUse is null
05-28 16:06:06.516 2815 2815 D NearFieldManagerImpl: handleConnectivityAction: notified by default
05-28 16:06:06.514 1047 1047 E sprdwl : sprdwl_rx_rsp_process ctx_id 0 recv rsp[WIFI_CMD_TX_DATA] status[SPRDWL_CMD_STATUS_ERROR]
05-28 16:06:06.526 2815 2815 D NearFieldUtils: to get wlan0 ip address
05-28 16:06:06.526 2815 2815 D NearFieldUtils: get wlan0 IP succeed.
05-28 16:06:06.526 2815 2815 I NearFieldManagerImpl: wlan Connected
05-28 16:06:06.526 2815 2815 E NearFieldManagerUtilsNative: Begin System.loadLibrary()
05-28 16:06:06.533 2815 2815 I HicomNfTimerManager: epoll fd:125 create success
05-28 16:06:06.533 2815 2815 I HicomNfTimerManager: epoll add fd:127--->125 success
05-28 16:06:06.533 2815 2815 I HicomNfTimerManager: time fd:127 add to epoll success
05-28 16:06:06.534 2815 2828 D NearFieldUtils: to get wlan0 ip address
05-28 16:06:06.534 2815 2828 D NearFieldUtils: get wlan0 IP succeed.
05-28 16:06:06.534 2815 2828 D NearFieldManagerImpl: sDeviceType: 46
05-28 16:06:06.534 2815 2828 D NearFieldManagerImpl: registerDevice() is called.
05-28 16:06:06.530 1047 1047 E sprdwl : sprdwl_rx_rsp_process ctx_id 0 recv rsp[WIFI_CMD_TX_DATA] status[SPRDWL_CMD_STATUS_ERROR]
05-28 16:06:06.544 2815 2815 I HicomNf_java_to_c: notifyNetworkStateChanged with maskStr, networkType: 0, networkState: 0, mask:
05-28 16:06:06.544 2815 2815 I HicomNfMainCtrlManager: NotifyNetworkStateChanged is called with networkState: 0
05-28 16:06:06.544 2815 2815 I HicomNfMainCtrlManager: P2P and USB are both disconnected
05-28 16:06:06.544 2815 2815 I HicomNfSecureManager: stop listening
05-28 16:06:06.544 2815 2815 I HicomNfSecureManager: StopListening, m_sessionInfoLock out, before calling NSTACKX_DMsgClose 2
05-28 16:06:06.544 2815 2815 I HicomNfSecureManager: StopListening, after calling NSTACKX_DMsgClose 2
05-28 16:06:06.544 2815 2828 D nStackXDFinder: NSTACKX_Init:[146] :nstack ctrl creat epollfd 128
05-28 16:06:06.545 2815 2828 I nStackXDFinder: InitDefaultInterfaceName:[779] :InitDefaultInterfaceName exec
05-28 16:06:06.545 2815 2828 D nStackXCoAP: CoapServerInit:[174] :CoapServerInit is called
05-28 16:06:06.545 2815 2828 E nStackXDFinder: GetLocalIp:[401] :GetLocalIp exec
05-28 16:06:06.545 2815 2828 E nStackXDFinder: GetLocalIp:[407] :GetLocalIp, ifInfo is null
05-28 16:06:06.545 2815 2828 I HicomNfMainCtrlManager: NSTACKX_RegisterDevice is called
05-28 16:06:06.545 2815 2828 D NearFieldManagerImpl: Register device success.
05-28 16:06:06.545 2815 2828 I NearFieldManagerImpl: serviceName is castPlus
05-28 16:06:06.546 2815 2828 D NearFieldManagerImpl: registerCapability() called with: capabilityBitmapNum = 1, capabilityBitmap = [8]
05-28 16:06:06.546 2815 2828 I HicomNf_java_to_c: registerCapability, capabilityBitmapNum: 1
05-28 16:06:06.546 2815 2828 I HicomNfMainCtrlManager: RegisterCapability: 1, 8
05-28 16:06:06.546 2815 2828 D NearFieldManagerImpl: Register capability succeed with capabilityBitmapNum = 1, capabilityBitmap = [8]
05-28 16:06:06.546 2815 2828 D NearFieldManagerImpl: registerServiceData() called with: serviceData = 32
05-28 16:06:06.547 2815 2828 D NearFieldManagerImpl: registerModule() called with: packageModuleName = com.huawei.connection+CastPlusDiscoveryModule
05-28 16:06:06.547 2815 2828 I HicomNf_java_to_c: registerModule, moduleName: com.huawei.connection+CastPlusDiscoveryModule
05-28 16:06:06.547 2815 2828 I HicomNfMainCtrlManager: Enter RegisterModule
05-28 16:06:06.547 2815 2828 I HicomNfRegManager: RegisterModule OK, add module name com.huawei.connection+CastPlusDiscoveryModule
05-28 16:06:06.548 2682 2814 I Hisight-DeviceListManager: init DeviceListManager.
05-28 16:06:06.550 2815 2880 I nStackXDFinder: UpdateLocalNetworkInterface:[472] :UpdateLocalNetworkInterface exec,initerfaceName:wlan0
05-28 16:06:06.550 2815 2880 E nStackXDFinder: GetLocalIp:[401] :GetLocalIp exec
05-28 16:06:06.550 2815 2880 E nStackXDFinder: GetLocalIp:[407] :GetLocalIp, ifInfo is null
05-28 16:06:06.550 2815 2880 I nStackXDFinder: UpdateLocalNetworkInterface:[498] :UpdateLocalNetworkInterface copy ip value in default process
05-28 16:06:06.550 2815 2880 E nStackXDFinder: GetLocalIp:[401] :GetLocalIp exec
05-28 16:06:06.550 2815 2880 D nStackXCoAP: CoapServerInit:[174] :CoapServerInit is called
05-28 16:06:06.550 2815 2880 E nStackXDFinder: GetLocalIp:[401] :GetLocalIp exec
05-28 16:06:06.550 2815 2880 I nStackXUtil: BindToDevice:[352] :BindToDevice exec
05-28 16:06:06.550 2815 2880 I nStackXUtil: GetInterfaceByPriority:[279] :GetInterfaceByPriority exec
05-28 16:06:06.550 2815 2880 I nStackXUtil: GetInterfaceByDefault:[309] :GetInterfaceByDefault exec
05-28 16:06:06.550 2815 2880 I nStackXUtil: GetInterfaceByDefault:[316] :GetInterfaceByDefault, ndevice name: lo
05-28 16:06:06.550 2815 2880 I nStackXUtil: GetInterfaceByDefault:[316] :GetInterfaceByDefault, ndevice name: wlan0
05-28 16:06:06.552 2815 2880 I nStackXUtil: BindToDevice:[374] :BindToDevice, Bind localAddr name: wlan0
05-28 16:06:06.552 2815 2880 E nStackXUtil: BindToDeviceInner:[188] :setsockopt fail, errno = 1
05-28 16:06:06.552 2815 2880 E nStackXCoAP: CoapGetContext:[250] :bind to device fail
05-28 16:06:06.552 2815 2880 D nStackXCoAP: CoapInitResources:[744] :CoapInitResources g_wlanOrEthContext update
05-28 16:06:06.552 2815 2880 I nStackXDFinder: RegisterServiceData:[728] :RegisterServiceData, serviceData=[32]
05-28 16:06:06.556 2815 2815 I HicomNf_java_to_c: notifyNetworkStateChanged with maskStr, networkType: 0, networkState: 1, mask: 255.255.254.0
05-28 16:06:06.556 2815 2815 I HicomNfMainCtrlManager: NotifyNetworkStateChanged is called with networkState: 1
05-28 16:06:06.556 2815 2815 I HicomNfSecureManager: StartListening, before calling NSTACKX_DMsgServer
05-28 16:06:06.556 2815 2815 I nStackXDMsg: NSTACKX_DMsgServer:[1335] :msgReceiver is not NULL
05-28 16:06:06.556 2815 2815 D nStackXDMsg: StartDMsgMainThread:[1274] :pthread_create
05-28 16:06:06.557 2815 2815 I HicomNfSecureManager: StartListening, after calling NSTACKX_DMsgServer
05-28 16:06:06.557 2815 2815 I HicomNfSecureManager: OnehopSecureCtrlManager: succeeded to StartListening with type 0
05-28 16:06:06.558 2682 2814 D Hisight-DeviceListManager: get old secret key
05-28 16:06:06.570 2682 2814 E Hisight-ConnectAuthCallBack: readSecureFile failed, no such file
05-28 16:06:06.570 2682 2814 W Hisight-DeviceListManager: deviceRecords is empty
05-28 16:06:06.570 2682 2814 W Hisight-DeviceListManager: occur error, clear all the list
05-28 16:06:06.570 2682 2814 D Hisight-HiChainAuthControl: start HiChainAuthControl
05-28 16:06:06.574 2682 2814 I ConnectAuthJNI: JNI_OnLoad begin load
05-28 16:06:06.574 2682 2814 I ConnectAuthJNI: RegisterNativeMethod begin
05-28 16:06:06.575 2682 2814 I ConnectAuthJNI: RegisterNativeMethod end
05-28 16:06:06.575 2682 2814 I ConnectAuthJNI: RegisterNativeMethod 1004 methodLen=10
05-28 16:06:06.575 2682 2814 I ConnectAuthJNI: RegisterNativeMethod 1007 RegisterNatives=0
05-28 16:06:06.575 2682 2814 I ConnectAuthJNI: InitArraylist 1013
05-28 16:06:06.575 2682 2814 I ConnectAuthJNI: InitConnectAuthStaticJNIMethod 1114 methodRet=0
05-28 16:06:06.575 2682 2814 E ConnectAuthJNI: JNI_OnLoad finish....1138
05-28 16:06:06.575 2682 2814 D Hisight-HiChainAuthControl: setupAuthIfNeeded, HiChainInstance hasn't been initialized
05-28 16:06:06.575 2682 2814 I ConnectAuthJNI: Java_com_huawei_hisight_security_ConnectAuthNative_nativeSetup 795 call HiChainNativeSetup
05-28 16:06:06.575 2682 2814 I ConnectAuthJNI: HiChainNativeSetup 565 registe_log
05-28 16:06:06.575 2682 2814 I ConnectAuthJNI: HksStorageRegisterFileCallbacks 245 register hks file callback status =0
05-28 16:06:06.575 2682 2814 I ConnectAuthJNI: HksRegisterGetDeviceIdCallback 268 register hks get hardware udid callback status =0
05-28 16:06:06.575 2682 2814 D ConnectAuthJNI: [HiChain] get_instance Begin get instance
05-28 16:06:06.575 2682 2814 I ConnectAuthJNI: [HKS] hks_service_key_info_init hks init : begin
05-28 16:06:06.575 2682 2814 I ConnectAuthJNI: FileRead 113 FileRead
05-28 16:06:06.575 2682 2814 I ConnectAuthJNI: FileRead 122 FileRead call readSecureFile begin
05-28 16:06:06.576 2682 2814 E Hisight-ConnectAuthCallBack: readSecureFile failed, no such file
05-28 16:06:06.576 2682 2814 W ConnectAuthJNI: FileRead 132 FileRead call readSecureFile byteArray is null
05-28 16:06:06.576 2682 2814 I ConnectAuthJNI: [HKS] hks_rkc_init RKC init:begin, is_key_info_exist=0
05-28 16:06:06.576 2682 2814 I ConnectAuthJNI: [HKS] hks_rkc_init_entropy the entropy is empty
05-28 16:06:06.576 2682 2814 I ConnectAuthJNI: FileSize 214 FileSize
05-28 16:06:06.576 2682 2814 I ConnectAuthJNI: FileSize 230 fileSize=258
05-28 16:06:06.576 2682 2814 I ConnectAuthJNI: FileRead 113 FileRead
05-28 16:06:06.576 2682 2814 I ConnectAuthJNI: FileRead 122 FileRead call readSecureFile begin
05-28 16:06:06.577 2682 2814 I ConnectAuthJNI: FileRead 135 FileRead call readSecureFile end
05-28 16:06:06.577 2682 2814 I ConnectAuthJNI: FileRead 150 fileBuff size 258, buf len 258
05-28 16:06:06.577 2682 2814 I ConnectAuthJNI: FileSize 214 FileSize
05-28 16:06:06.577 2682 2814 I ConnectAuthJNI: FileSize 230 fileSize=258
05-28 16:06:06.577 2682 2814 I ConnectAuthJNI: FileRead 113 FileRead
05-28 16:06:06.577 2682 2814 I ConnectAuthJNI: FileRead 122 FileRead call readSecureFile begin
05-28 16:06:06.577 2682 2814 I ConnectAuthJNI: FileRead 135 FileRead call readSecureFile end
05-28 16:06:06.577 2682 2814 I ConnectAuthJNI: FileRead 150 fileBuff size 258, buf len 258
05-28 16:06:06.577 2682 2814 I ConnectAuthJNI: [HKS] hks_rkc_load_ksf load ksf success
05-28 16:06:06.577 2682 2814 I ConnectAuthJNI: [HKS] hks_rkc_init root key component init success
05-28 16:06:06.577 2682 2814 I ConnectAuthJNI: [HKS] hks_rkc_init RKC init:end,rc=0
05-28 16:06:06.577 2682 2814 I ConnectAuthJNI: [HKS] hks_service_key_info_init hks init : end
05-28 16:06:06.577 2682 2814 I ConnectAuthJNI: GetHiChainProtocolParamsCallback 371 GetHiChainProtocolParamsCallback operation_code= 99
05-28 16:06:06.577 2682 2814 I ConnectAuthJNI: paramLen is ,=0
05-28 16:06:06.577 2682 2814 I ConnectAuthJNI: paramLen is ,=0
05-28 16:06:06.577 2682 2814 I ConnectAuthJNI: GetHiChainProtocolParamsCallback 402 GetHiChainProtocolParamsCallback end
05-28 16:06:06.577 2682 2814 I ConnectAuthJNI: [HiChain] get_instance Get instance success
05-28 16:06:06.577 2682 2814 I ConnectAuthJNI: Java_com_huawei_hisight_security_ConnectAuthNative_nativeGetHiChainInstance 598 get instance success
05-28 16:06:06.578 2682 2814 D Hisight-HiChainAuthControl: destroyAuth
05-28 16:06:06.578 2682 2814 I ConnectAuthJNI: Java_com_huawei_hisight_security_ConnectAuthNative_nativeDestroy 603 destroy
05-28 16:06:06.578 2682 2814 D Hisight-HiChainAuthControl: setupAuthIfNeeded, HiChainInstance hasn't been initialized
05-28 16:06:06.578 2682 2814 I ConnectAuthJNI: Java_com_huawei_hisight_security_ConnectAuthNative_nativeSetup 795 call HiChainNativeSetup
05-28 16:06:06.578 2682 2814 I ConnectAuthJNI: HiChainNativeSetup 565 registe_log
05-28 16:06:06.578 2682 2814 I ConnectAuthJNI: HksStorageRegisterFileCallbacks 245 register hks file callback status =0
05-28 16:06:06.578 2682 2814 I ConnectAuthJNI: HksRegisterGetDeviceIdCallback 268 register hks get hardware udid callback status =0
05-28 16:06:06.578 2682 2814 D ConnectAuthJNI: [HiChain] get_instance Begin get instance
05-28 16:06:06.578 2682 2814 I ConnectAuthJNI: [HKS] hks_service_key_info_init hks init : begin
05-28 16:06:06.578 2682 2814 I ConnectAuthJNI: [HKS] hks_service_key_info_init hks init : end
05-28 16:06:06.578 2682 2814 I ConnectAuthJNI: GetHiChainProtocolParamsCallback 371 GetHiChainProtocolParamsCallback operation_code= 99
05-28 16:06:06.578 2682 2814 I ConnectAuthJNI: paramLen is ,=0
05-28 16:06:06.578 2682 2814 I ConnectAuthJNI: paramLen is ,=0
05-28 16:06:06.578 2682 2814 I ConnectAuthJNI: GetHiChainProtocolParamsCallback 402 GetHiChainProtocolParamsCallback end
05-28 16:06:06.578 2682 2814 I ConnectAuthJNI: [HiChain] get_instance Get instance success
05-28 16:06:06.578 2682 2814 I ConnectAuthJNI: Java_com_huawei_hisight_security_ConnectAuthNative_nativeGetHiChainInstance 598 get instance success
05-28 16:06:06.578 2682 2814 W ConnectAuthJNI: GetListTrustPeers 899 trustPeerSize=0
05-28 16:06:06.578 2682 2814 D Hisight-HiChainAuthControl: destroyAuth
05-28 16:06:06.578 2682 2814 I ConnectAuthJNI: Java_com_huawei_hisight_security_ConnectAuthNative_nativeDestroy 603 destroy
05-28 16:06:06.578 2682 2814 D Hisight-HiChainAuthControl: setupAuthIfNeeded, HiChainInstance hasn't been initialized
05-28 16:06:06.578 2682 2814 I ConnectAuthJNI: Java_com_huawei_hisight_security_ConnectAuthNative_nativeSetup 795 call HiChainNativeSetup
05-28 16:06:06.578 2682 2814 I ConnectAuthJNI: HiChainNativeSetup 565 registe_log
05-28 16:06:06.578 2682 2814 I ConnectAuthJNI: HksStorageRegisterFileCallbacks 245 register hks file callback status =0
05-28 16:06:06.578 2682 2814 I ConnectAuthJNI: HksRegisterGetDeviceIdCallback 268 register hks get hardware udid callback status =0
05-28 16:06:06.578 2682 2814 D ConnectAuthJNI: [HiChain] get_instance Begin get instance
05-28 16:06:06.578 2682 2814 I ConnectAuthJNI: [HKS] hks_service_key_info_init hks init : begin
05-28 16:06:06.578 2682 2814 I ConnectAuthJNI: [HKS] hks_service_key_info_init hks init : end
05-28 16:06:06.578 2682 2814 I ConnectAuthJNI: GetHiChainProtocolParamsCallback 371 GetHiChainProtocolParamsCallback operation_code= 99
05-28 16:06:06.578 2682 2814 I ConnectAuthJNI: paramLen is ,=0
05-28 16:06:06.578 2682 2814 I ConnectAuthJNI: paramLen is ,=0
05-28 16:06:06.578 2682 2814 I ConnectAuthJNI: GetHiChainProtocolParamsCallback 402 GetHiChainProtocolParamsCallback end
05-28 16:06:06.578 2682 2814 I ConnectAuthJNI: [HiChain] get_instance Get instance success
05-28 16:06:06.578 2682 2814 I ConnectAuthJNI: Java_com_huawei_hisight_security_ConnectAuthNative_nativeGetHiChainInstance 598 get instance success
05-28 16:06:06.578 2682 2814 W ConnectAuthJNI: GetListTrustPeers 899 trustPeerSize=0
05-28 16:06:06.579 2682 2814 D Hisight-DeviceListManager: init trusted list size: 0
05-28 16:06:06.579 2682 2814 D HiSight-ConnectionManager: setAuthInfo, authMode: 1
05-28 16:06:07.150 2682 2754 E raop : JavaCallback init
05-28 16:06:07.169 467 515 W IorapForwardingService: No service published for: iorapd
05-28 16:06:07.200 2682 2682 I ModuleDataForwa: type=1400 audit(0.0:1066): avc: denied { unlink } for name="1748419566587_2682" dev="mmcblk0p25" ino=6789 scontext=u:r:platform_app:s0:c512,c768 tcontext=u:object_r:app_data_file:s0:c512,c768 tclass=file permissive=1 app=com.dangbei.screencast
05-28 16:06:07.375 415 415 W hdr10p_Configure: 62 callbacks suppressed
05-28 16:06:07.375 415 415 I : DVI mode selected: packets not configured
05-28 16:06:07.375 415 415 W set_vsif_config: 62 callbacks suppressed
05-28 16:06:07.375 415 415 I : Error: set vsif failed
05-28 16:06:07.383 1057 1550 I OpenGLRenderer: Davey! duration=9223371937576ms; Flags=0, FrameTimelineVsyncId=3997, IntendedVsync=99277874506, Vsync=99277874506, InputEventId=0, HandleInputStart=99279463671, AnimationStart=99279470880, PerformTraversalsStart=99280440713, DrawStart=99281186421, FrameDeadline=99311207838, FrameInterval=99279451255, FrameStartTime=16666666, SyncQueued=99281993130, SyncStart=99282369296, IssueDrawCommandsStart=99283769380, SwapBuffers=99294676505, FrameCompleted=9223372036854775807, DequeueBufferDuration=62583, QueueBufferDuration=2930250, GpuCompleted=9223372036854775807, SwapBuffersCompleted=99301480505, DisplayPresentTime=0,
05-28 16:06:07.393 415 415 I : DVI mode selected: packets not configured
05-28 16:06:07.393 415 415 I : Error: set vsif failed
05-28 16:06:07.398 1057 1550 I OpenGLRenderer: Davey! duration=9223371937554ms; Flags=0, FrameTimelineVsyncId=3999, IntendedVsync=99294549540, Vsync=99294549540, InputEventId=0, HandleInputStart=99295274130, AnimationStart=99295278796, PerformTraversalsStart=99295958338, DrawStart=99296563046, FrameDeadline=99327882872, FrameInterval=99295263921, FrameStartTime=16666666, SyncQueued=99296640005, SyncStart=99301887546, IssueDrawCommandsStart=99303162588, SwapBuffers=99312310380, FrameCompleted=9223372036854775807, DequeueBufferDuration=49250, QueueBufferDuration=1882709, GpuCompleted=9223372036854775807, SwapBuffersCompleted=99316123880, DisplayPresentTime=0,
05-28 16:06:07.412 415 415 I : DVI mode selected: packets not configured
05-28 16:06:07.412 415 415 I : Error: set vsif failed
05-28 16:06:07.416 1057 1550 I OpenGLRenderer: Davey! duration=9223371937541ms; Flags=0, FrameTimelineVsyncId=4001, IntendedVsync=99311224574, Vsync=99311224574, InputEventId=0, HandleInputStart=99313053505, AnimationStart=99313057213, PerformTraversalsStart=99314166838, DrawStart=99314304713, FrameDeadline=99344557906, FrameInterval=99313043755, FrameStartTime=16666666, SyncQueued=99314390171, SyncStart=99316514963, IssueDrawCommandsStart=99318111380, SwapBuffers=99328321671, FrameCompleted=9223372036854775807, DequeueBufferDuration=50791, QueueBufferDuration=5227917, GpuCompleted=9223372036854775807, SwapBuffersCompleted=99334921588, DisplayPresentTime=0,
05-28 16:06:07.431 415 415 I : DVI mode selected: packets not configured
05-28 16:06:07.431 415 415 I : Error: set vsif failed
05-28 16:06:07.450 415 415 I : DVI mode selected: packets not configured
05-28 16:06:07.450 415 415 I : Error: set vsif failed
05-28 16:06:07.449 1057 1082 I OpenGLRenderer: Davey! duration=9223371937504ms; Flags=0, FrameTimelineVsyncId=4005, IntendedVsync=99343942482, Vsync=99343942482, InputEventId=0, HandleInputStart=99344635921, AnimationStart=99344641963, PerformTraversalsStart=99346269963, DrawStart=99346930088, FrameDeadline=99377275814, FrameInterval=99344624880, FrameStartTime=16666666, SyncQueued=99347646380, SyncStart=99354463005, IssueDrawCommandsStart=99359252005, SwapBuffers=99370214755, FrameCompleted=9223372036854775807, DequeueBufferDuration=81167, QueueBufferDuration=1805458, GpuCompleted=9223372036854775807, SwapBuffersCompleted=99374700755, DisplayPresentTime=0,
05-28 16:06:07.465 1057 1091 I OpenGLRenderer: Davey! duration=9223371937481ms; Flags=0, FrameTimelineVsyncId=4007, IntendedVsync=99360604982, Vsync=99360604982, InputEventId=0, HandleInputStart=99361607713, AnimationStart=99361614088, PerformTraversalsStart=99362282088, DrawStart=99362455088, FrameDeadline=99393938314, FrameInterval=99361595838, FrameStartTime=16666666, SyncQueued=99362533255, SyncStart=99375179588, IssueDrawCommandsStart=99376272046, SwapBuffers=99384772046, FrameCompleted=9223372036854775807, DequeueBufferDuration=37166, QueueBufferDuration=7744333, GpuCompleted=9223372036854775807, SwapBuffersCompleted=99393415296, DisplayPresentTime=0,
05-28 16:06:07.470 415 415 I : DVI mode selected: packets not configured
05-28 16:06:07.470 415 415 I : Error: set vsif failed
05-28 16:06:07.485 1057 1091 I OpenGLRenderer: Davey! duration=9223371937467ms; Flags=0, FrameTimelineVsyncId=4009, IntendedVsync=99377250708, Vsync=99377250708, InputEventId=0, HandleInputStart=99379321838, AnimationStart=99379328838, PerformTraversalsStart=99383496421, DrawStart=99383675796, FrameDeadline=99410584040, FrameInterval=99379306505, FrameStartTime=16666666, SyncQueued=99383763213, SyncStart=99393802588, IssueDrawCommandsStart=99395103338, SwapBuffers=99403626671, FrameCompleted=9223372036854775807, DequeueBufferDuration=42250, QueueBufferDuration=7719166, GpuCompleted=9223372036854775807, SwapBuffersCompleted=99412346296, DisplayPresentTime=0,
05-28 16:06:07.490 415 415 I : DVI mode selected: packets not configured
05-28 16:06:07.490 415 415 I : Error: set vsif failed
05-28 16:06:07.506 1057 1082 I OpenGLRenderer: Davey! duration=9223371937444ms; Flags=0, FrameTimelineVsyncId=4011, IntendedVsync=99393900453, Vsync=99393900453, InputEventId=0, HandleInputStart=99395591046, AnimationStart=99395593296, PerformTraversalsStart=99396328171, DrawStart=99396488046, FrameDeadline=99427233785, FrameInterval=99395582296, FrameStartTime=16666666, SyncQueued=99396581380, SyncStart=99412669588, IssueDrawCommandsStart=99414566380, SwapBuffers=99416723130, FrameCompleted=9223372036854775807, DequeueBufferDuration=45125, QueueBufferDuration=14227125, GpuCompleted=9223372036854775807, SwapBuffersCompleted=99431965463, DisplayPresentTime=0,
05-28 16:06:07.508 415 415 I : DVI mode selected: packets not configured
05-28 16:06:07.508 415 415 I : Error: set vsif failed
05-28 16:06:07.512 1047 1047 E sprdwl : sprdwl_rx_rsp_process ctx_id 0 recv rsp[WIFI_CMD_TX_DATA] status[SPRDWL_CMD_STATUS_ERROR]
05-28 16:06:07.530 415 415 I : DVI mode selected: packets not configured
05-28 16:06:07.530 415 415 I : Error: set vsif failed
05-28 16:06:07.537 415 415 I : DVI mode selected: packets not configured
05-28 16:06:07.537 415 415 I : Error: set vsif failed
05-28 16:06:07.757 1057 1091 I OpenGLRenderer: Davey! duration=9223371937230ms; Flags=0, FrameTimelineVsyncId=4037, IntendedVsync=99610719855, Vsync=99610719855, InputEventId=0, HandleInputStart=99611644421, AnimationStart=99611649171, PerformTraversalsStart=99612342005, DrawStart=99612484380, FrameDeadline=99644053187, FrameInterval=99611635255, FrameStartTime=16666666, SyncQueued=99612563546, SyncStart=99626104588, IssueDrawCommandsStart=99627400588, SwapBuffers=99650028130, FrameCompleted=9223372036854775807, DequeueBufferDuration=19537833, QueueBufferDuration=1240625, GpuCompleted=9223372036854775807, SwapBuffersCompleted=99658069880, DisplayPresentTime=0,
05-28 16:06:07.884 1057 1091 I OpenGLRenderer: Davey! duration=9223371937091ms; Flags=0, FrameTimelineVsyncId=4054, IntendedVsync=99760446934, Vsync=99760446934, InputEventId=0, HandleInputStart=99766844588, AnimationStart=99766846713, PerformTraversalsStart=99767276463, DrawStart=99767379672, FrameDeadline=99793780266, FrameInterval=99766839922, FrameStartTime=16666666, SyncQueued=99767437880, SyncStart=99770416255, IssueDrawCommandsStart=99771455297, SwapBuffers=99806906630, FrameCompleted=9223372036854775807, DequeueBufferDuration=20444167, QueueBufferDuration=1058083, GpuCompleted=9223372036854775807, SwapBuffersCompleted=99808506297, DisplayPresentTime=0,
05-28 16:06:07.904 1980 1980 I rainbow_flow: type=1400 audit(0.0:1067): avc: denied { ioctl } for path="/dev/spidev1.0" dev="tmpfs" ino=6196 ioctlcmd=0x6b00 scontext=u:r:init:s0 tcontext=u:object_r:device:s0 tclass=chr_file permissive=1
05-28 16:06:07.940 2602 2602 I efs-base: type=1400 audit(0.0:1068): avc: denied { rmdir } for name="2124" dev="mmcblk0p25" ino=6723 scontext=u:r:platform_app:s0:c512,c768 tcontext=u:object_r:app_data_file:s0:c512,c768 tclass=dir permissive=1 app=com.dangbei.screencast
05-28 16:06:07.954 2602 2670 I efs.base: lt=event`ev_ct=efs_core`ev_ac=log_lag`tm=2025-05-28 16:06:95`dn=814a6c1f-a914-45e0-9441-173ac17d88d0`ps=com.dangbei.screencast:bg_guard`um_os=android`stime=1748419557638`pid=2602`fr=android`pkg=com.dangbei.screencast`vcode=20830`dsp_w=1920`uid=814a6c1f-a914-45e0-9441-173ac17d88d0`rom=12`wid=814a6c1f-a914-45e0-9441-173ac17d88d0`um_app_carrier=`um_access=wifi`um_app_channel=os`um_crash_sdk_version=1.4.0`ctime=1748419567`model=dbbox-a2`lang=zh`net=wifi`brand=dangbei`dsp_h=1080`um_network_type=0`ver=v2.8.3`cnt=2`build_model=DBBOX-A2`w_tm=1748419567`appid=5fc60c21094d637f3130af19`um_umid_header=ai536d652a62b80cf12a583dbdbfe77cd5`sdk=31`tzone=Asia/Shanghai`sdk_ver=1.3.6.umeng
05-28 16:06:07.961 2602 2602 E GuardService: killMyselfRunnable:
05-28 16:06:07.962 2602 2602 I crashsdk: android_os_Process_sendSignal. PID: 2602 SIG: 9
05-28 16:06:07.962 2602 2602 I crashsdk: onKillProcess. SIG: 9
05-28 16:06:07.966 2602 2602 I crashsdk: Kill PID: 2602 (com.dangbei.screencast:bg_guard) by pid: 2602 (com.dangbei.screencast:bg_guard) tid: 2602 (main)
05-28 16:06:07.966 2602 2602 I crashsdk: SIG: 9, fg: false, exiting: false, main process: false, time: 20250528160607
05-28 16:06:07.966 2602 2602 I crashsdk: State in disk: 'b'
05-28 16:06:07.966 2602 2602 I crashsdk: at android.os.Process.sendSignal(Native Method)
05-28 16:06:07.966 2602 2602 I crashsdk: at android.os.Process.killProcess(Process.java:1153)
05-28 16:06:07.966 2602 2602 I crashsdk: at com.dangbei.screencast.startup.GuardService$a.run(:2)
05-28 16:06:07.966 2602 2602 I crashsdk: at android.os.Handler.handleCallback(Handler.java:938)
05-28 16:06:07.966 2602 2602 I crashsdk: at android.os.Handler.dispatchMessage(Handler.java:99)
05-28 16:06:07.966 2602 2602 I crashsdk: at android.os.Looper.loopOnce(Looper.java:201)
05-28 16:06:07.966 2602 2602 I crashsdk: at android.os.Looper.loop(Looper.java:288)
05-28 16:06:07.966 2602 2602 I crashsdk: at android.app.ActivityThread.main(ActivityThread.java:7854)
05-28 16:06:07.966 2602 2602 I crashsdk: at java.lang.reflect.Method.invoke(Native Method)
05-28 16:06:07.966 2602 2602 I crashsdk: at com.android.internal.os.RuntimeInit$MethodAndArgsCaller.run(RuntimeInit.java:548)
05-28 16:06:07.966 2602 2602 I crashsdk: at com.android.internal.os.ZygoteInit.main(ZygoteInit.java:1182)
05-28 16:06:07.970 2602 2602 I Process : Sending signal. PID: 2602 SIG: 9
05-28 16:06:07.981 1 1 I init : Untracked pid 2673 exited with status 0
05-28 16:06:07.984 1057 1091 I OpenGLRenderer: Davey! duration=9223371936976ms; Flags=0, FrameTimelineVsyncId=4068, IntendedVsync=99877159166, Vsync=99877159166, InputEventId=0, HandleInputStart=99877742713, AnimationStart=99877749213, PerformTraversalsStart=99878996338, DrawStart=99879509005, FrameDeadline=99910492498, FrameInterval=99877731047, FrameStartTime=16666666, SyncQueued=99879867505, SyncStart=99880738422, IssueDrawCommandsStart=99882011338, SwapBuffers=99903741588, FrameCompleted=9223372036854775807, DequeueBufferDuration=9726459, QueueBufferDuration=1271875, GpuCompleted=9223372036854775807, SwapBuffersCompleted=99907030922, DisplayPresentTime=0,
05-28 16:06:08.017 2682 2732 W efs.send_log: tryFileLock sendlock sucess! processname: com.dangbei.screencast
05-28 16:06:08.018 467 799 I ActivityManager: Process com.dangbei.screencast:bg_guard (pid 2602) has died: prcp FGS
05-28 16:06:08.019 467 528 I libprocessgroup: Successfully killed process cgroup uid 10022 pid 2602 in 0ms
05-28 16:06:08.019 243 243 I Zygote : Process 2602 exited due to signal 9 (Killed)
05-28 16:06:08.171 467 515 W IorapForwardingService: No service published for: iorapd
05-28 16:06:08.538 1047 1047 E sprdwl : sprdwl_rx_rsp_process ctx_id 0 recv rsp[WIFI_CMD_TX_DATA] status[SPRDWL_CMD_STATUS_ERROR]
05-28 16:06:08.561 1047 1047 E sprdwl : sprdwl_rx_rsp_process ctx_id 0 recv rsp[WIFI_CMD_TX_DATA] status[SPRDWL_CMD_STATUS_ERROR]
05-28 16:06:08.578 1047 1047 E sprdwl : sprdwl_rx_rsp_process ctx_id 0 recv rsp[WIFI_CMD_TX_DATA] status[SPRDWL_CMD_STATUS_ERROR]
05-28 16:06:08.595 1047 1047 E sprdwl : sprdwl_rx_rsp_process ctx_id 0 recv rsp[WIFI_CMD_TX_DATA] status[SPRDWL_CMD_STATUS_ERROR]
05-28 16:06:09.140 651 651 E WifiHAL : wifi_get_link_stats: requestResponse Error:-5
05-28 16:06:09.142 467 600 E WifiVendorHal: getWifiLinkLayerStats_1_5_Internal(l.1191) failed {.code = ERROR_INVALID_ARGS, .description = }
05-28 16:06:09.173 467 515 W IorapForwardingService: No service published for: iorapd
05-28 16:06:09.345 2682 2900 I PlatformDependent: Your platform does not provide complete low-level API for accessing direct buffers reliably. Unless explicitly requested, heap buffer will always be preferred to avoid potential system instability.
05-28 16:06:09.382 2682 2754 W VideoCapabilities: Unrecognized profile/level 0/3 for video/mpeg2
05-28 16:06:09.395 467 611 D NsdService: Register service
05-28 16:06:09.396 467 611 D NsdService: registerService: 6 name: 当贝投屏A9, type: _airplay._tcp, host: null, port: 39087, txtRecord: srcvers=220.68features=0x527FFFF7,0x1E'pi=2e388006-13ba-4041-9a67-25dd4a43d536Cpk=b07727d6f6cd6e08b58ede525ec3cdeaa252ad9f683feb212ef8a205246554e7vv=2 flags=0x4model=AppleTV2,1deviceid=b4:2f:03:16:18:c0
05-28 16:06:09.396 467 611 D NsdService: mdnssd [register, 6, 当贝投屏A9, _airplay._tcp, 39087, DnNyY3ZlcnM9MjIwLjY4GGZlYXR1cmVzPTB4NTI3RkZGRjcsMHgxRSdwaT0yZTM4ODAwNi0xM2JhLTQwNDEtOWE2Ny0yNWRkNGE0M2Q1MzZDcGs9YjA3NzI3ZDZmNmNkNmUwOGI1OGVkZTUyNWVjM2NkZWFhMjUyYWQ5ZjY4M2ZlYjIxMmVmOGEyMDUyNDY1NTRlNwR2dj0yCWZsYWdzPTB4NBBtb2RlbD1BcHBsZVRWMiwxGmRldmljZWlkPWI0OjJmOjAzOjE2OjE4OmMw]
05-28 16:06:09.397 467 611 D NsdService: Register 2 6
05-28 16:06:09.406 467 611 D NsdService: Register service
05-28 16:06:09.407 467 611 D NsdService: registerService: 7 name: b42f031618c0@当贝投屏A9, type: _raop._tcp, host: null, port: 37331, txtRecord: txtvers=1 am=AppleTV2,1ch=2
05-28 16:06:09.407 467 611 D NsdService: cn=0,1,2,3da=trueet=0,3,5ft=0x527FFFF7,0x1Emd=0,1,2Cpk=b07727d6f6cd6e08b58ede525ec3cdeaa252ad9f683feb212ef8a205246554e7pw=falsesf=0x4sr=44100ss=16sv=falsetp=UDPvn=65537 vs=220.68vv=2 rhd=5.6.0.0
05-28 16:06:09.407 467 611 D NsdService: mdnssd [register, 7, b42f031618c0@当贝投屏A9, _raop._tcp, 37331, CXR4dHZlcnM9MQ1hbT1BcHBsZVRWMiwxBGNoPTIKY249MCwxLDIsMwdkYT10cnVlCGV0PTAsMyw1EmZ0PTB4NTI3RkZGRjcsMHgxRQhtZD0wLDEsMkNwaz1iMDc3MjdkNmY2Y2Q2ZTA4YjU4ZWRlNTI1ZWMzY2RlYWEyNTJhZDlmNjgzZmViMjEyZWY4YTIwNTI0NjU1NGU3CHB3PWZhbHNlBnNmPTB4NAhzcj00NDEwMAVzcz0xNghzdj1mYWxzZQZ0cD1VRFAIdm49NjU1MzcJdnM9MjIwLjY4BHZ2PTILcmhkPTUuNi4wLjA=]
05-28 16:06:09.408 467 611 D NsdService: Register 3 7
05-28 16:06:09.710 261 279 D hdmi-cec: receive invalid cec message!
05-28 16:06:09.710 261 279 D hdmi-cec: receive poll message [04], skip!
05-28 16:06:09.808 2682 2682 I MirrorHelper: type=1400 audit(0.0:1069): avc: denied { read } for name="address" dev="sysfs" ino=27449 scontext=u:r:platform_app:s0:c512,c768 tcontext=u:object_r:sysfs:s0 tclass=file permissive=1 app=com.dangbei.screencast
05-28 16:06:09.808 2682 2682 I MirrorHelper: type=1400 audit(0.0:1070): avc: denied { open } for path="/sys/devices/platform/unisoc_wifi/net/wlan1/address" dev="sysfs" ino=27449 scontext=u:r:platform_app:s0:c512,c768 tcontext=u:object_r:sysfs:s0 tclass=file permissive=1 app=com.dangbei.screencast
05-28 16:06:09.808 2682 2682 I MirrorHelper: type=1400 audit(0.0:1071): avc: denied { getattr } for path="/sys/devices/platform/unisoc_wifi/net/wlan1/address" dev="sysfs" ino=27449 scontext=u:r:platform_app:s0:c512,c768 tcontext=u:object_r:sysfs:s0 tclass=file permissive=1 app=com.dangbei.screencast
05-28 16:06:09.854 467 611 D NsdService: Register service
05-28 16:06:09.854 467 611 D NsdService: registerService: 8 name: 当贝投屏A9, type: _db_cast_screen._tcp, host: null, port: 34853, txtRecord: au=1cV=20830mV=100h265=0maxR=4096-3152model=DBBOX-A2deviceid=20:02:FE:19:C1:FD
05-28 16:06:09.855 467 611 D NsdService: mdnssd [register, 8, 当贝投屏A9, _db_cast_screen._tcp, 34853, BGF1PTEIY1Y9MjA4MzAGbVY9MTAwBmgyNjU9MA5tYXhSPTQwOTYtMzE1Mg5tb2RlbD1EQkJPWC1BMhpkZXZpY2VpZD0yMDowMjpGRToxOTpDMTpGRA==]
05-28 16:06:09.856 467 611 D NsdService: Register 4 8
05-28 16:06:09.968 2682 2682 I queued-work-loo: type=1400 audit(0.0:1072): avc: denied { rename } for name="screencast.xml" dev="mmcblk0p25" ino=6767 scontext=u:r:platform_app:s0:c512,c768 tcontext=u:object_r:app_data_file:s0:c512,c768 tclass=file permissive=1 app=com.dangbei.screencast
05-28 16:06:09.976 2682 2682 I queued-work-loo: type=1400 audit(0.0:1073): avc: denied { setattr } for name="screencast.xml" dev="mmcblk0p25" ino=6792 scontext=u:r:platform_app:s0:c512,c768 tcontext=u:object_r:app_data_file:s0:c512,c768 tclass=file permissive=1 app=com.dangbei.screencast
05-28 16:06:10.167 467 611 D NsdService: Native daemon message SERVICE_REGISTERED: 606 7 "b42f031618c0@当贝投屏A9"
05-28 16:06:10.168 467 611 D NsdService: Native daemon message SERVICE_REGISTERED: 606 6 "当贝投屏A9"
05-28 16:06:10.175 467 515 W IorapForwardingService: No service published for: iorapd
05-28 16:06:10.328 2682 2758 E accept : myIp:192.168.3.132
05-28 16:06:10.332 2682 2758 E accept : connect error
05-28 16:06:10.336 2682 2758 I UpnpServiceImpl: >>> Starting UPnP service...
05-28 16:06:10.336 2682 2758 I UpnpServiceImpl: Using configuration: org.fourthline.cling.android.AndroidUpnpServiceConfiguration
05-28 16:06:10.342 2682 2758 I Router : Creating Router: org.fourthline.cling.android.AndroidRouter
05-28 16:06:10.344 2682 2758 W Router : enable lock:org.fourthline.cling.android.AndroidRouter@66b3790_java.util.concurrent.locks.ReentrantReadWriteLock$WriteLock@ff4b889[Unlocked]
05-28 16:06:10.364 2682 2758 W tworkAddressFactoryImpl: Network interface may not be multicast capable: dummy0
05-28 16:06:10.370 2682 2758 I MulticastReceiver: Creating wildcard socket (for receiving multicast datagrams) on port: 1900
05-28 16:06:10.371 2682 2758 I MulticastReceiver: Joining multicast group: /239.255.255.250:1900 on network interface: wlan0
05-28 16:06:10.402 2682 2758 E accept : Adding connector try: 192.168.3.132/192.168.3.132:33251
05-28 16:06:10.405 2682 2758 E accept : Adding connector result: 192.168.3.132/192.168.3.132:33251
05-28 16:06:10.415 1057 1091 I OpenGLRenderer: Davey! duration=9223371934560ms; Flags=0, FrameTimelineVsyncId=4106, IntendedVsync=102293986035, Vsync=102293986035, InputEventId=0, HandleInputStart=102294689214, AnimationStart=102294696631, PerformTraversalsStart=102294982839, DrawStart=102295902298, FrameDeadline=102327319367, FrameInterval=102294677339, FrameStartTime=16666666, SyncQueued=102296791381, SyncStart=102297440714, IssueDrawCommandsStart=102299262923, SwapBuffers=102311676089, FrameCompleted=9223372036854775807, DequeueBufferDuration=63209, QueueBufferDuration=1327834, GpuCompleted=9223372036854775807, SwapBuffersCompleted=102330032423, DisplayPresentTime=0,
05-28 16:06:10.431 1057 1091 I OpenGLRenderer: Davey! duration=9223371934528ms; Flags=0, FrameTimelineVsyncId=4108, IntendedVsync=102311068110, Vsync=102311068110, InputEventId=0, HandleInputStart=102314887923, AnimationStart=102314894339, PerformTraversalsStart=102315249673, DrawStart=102315416006, FrameDeadline=102344401442, FrameInterval=102314877214, FrameStartTime=16666666, SyncQueued=102315493589, SyncStart=102330702464, IssueDrawCommandsStart=102331961214, SwapBuffers=102340710589, FrameCompleted=9223372036854775807, DequeueBufferDuration=742125, QueueBufferDuration=6963542, GpuCompleted=9223372036854775807, SwapBuffersCompleted=102348421131, DisplayPresentTime=0,
05-28 16:06:10.449 1057 1091 I OpenGLRenderer: Davey! duration=9223371934512ms; Flags=0, FrameTimelineVsyncId=4109, IntendedVsync=102327734776, Vsync=102327734776, InputEventId=0, HandleInputStart=102333261631, AnimationStart=102333264048, PerformTraversalsStart=102333649298, DrawStart=102333861839, FrameDeadline=102361068108, FrameInterval=102333251298, FrameStartTime=16666666, SyncQueued=102333966839, SyncStart=102348933464, IssueDrawCommandsStart=102351002048, SwapBuffers=102356594173, FrameCompleted=9223372036854775807, DequeueBufferDuration=55709, QueueBufferDuration=10015834, GpuCompleted=9223372036854775807, SwapBuffersCompleted=102367322214, DisplayPresentTime=0,
05-28 16:06:10.465 1057 1091 I OpenGLRenderer: Davey! duration=9223371934493ms; Flags=0, FrameTimelineVsyncId=4111, IntendedVsync=102344401442, Vsync=102344401442, InputEventId=0, HandleInputStart=102352249964, AnimationStart=102352254714, PerformTraversalsStart=102352531423, DrawStart=102353914006, FrameDeadline=102377734774, FrameInterval=102352242673, FrameStartTime=16666666, SyncQueued=102354476089, SyncStart=102371115381, IssueDrawCommandsStart=102372293048, SwapBuffers=102381249673, FrameCompleted=9223372036854775807, DequeueBufferDuration=61916, QueueBufferDuration=4189750, GpuCompleted=9223372036854775807, SwapBuffersCompleted=102386813881, DisplayPresentTime=0,
05-28 16:06:10.483 1057 1091 I OpenGLRenderer: Davey! duration=9223371934480ms; Flags=0, FrameTimelineVsyncId=4113, IntendedVsync=102361068108, Vsync=102361068108, InputEventId=0, HandleInputStart=102373714298, AnimationStart=102373717798, PerformTraversalsStart=102374050631, DrawStart=102374231464, FrameDeadline=102394401440, FrameInterval=102373707506, FrameStartTime=16666666, SyncQueued=102374351756, SyncStart=102387301131, IssueDrawCommandsStart=102388583506, SwapBuffers=102395132256, FrameCompleted=9223372036854775807, DequeueBufferDuration=54833, QueueBufferDuration=11458250, GpuCompleted=9223372036854775807, SwapBuffersCompleted=102407430214, DisplayPresentTime=0,
05-28 16:06:10.502 1057 1091 I OpenGLRenderer: Davey! duration=9223371934458ms; Flags=0, FrameTimelineVsyncId=4115, IntendedVsync=102377721041, Vsync=102377721041, InputEventId=0, HandleInputStart=102388965506, AnimationStart=102388967798, PerformTraversalsStart=102389370339, DrawStart=102389557506, FrameDeadline=102411054373, FrameInterval=102388955964, FrameStartTime=16666666, SyncQueued=102389642339, SyncStart=102407875298, IssueDrawCommandsStart=102409115173, SwapBuffers=102416648798, FrameCompleted=9223372036854775807, DequeueBufferDuration=66417, QueueBufferDuration=9298000, GpuCompleted=9223372036854775807, SwapBuffersCompleted=102426941006, DisplayPresentTime=0,
05-28 16:06:10.520 1057 1091 I OpenGLRenderer: Davey! duration=9223371934443ms; Flags=0, FrameTimelineVsyncId=4117, IntendedVsync=102394068194, Vsync=102394068194, InputEventId=0, HandleInputStart=102409569964, AnimationStart=102409572381, PerformTraversalsStart=102409961673, DrawStart=102410118881, FrameDeadline=102427401526, FrameInterval=102409564089, FrameStartTime=16666666, SyncQueued=102410202964, SyncStart=102427472131, IssueDrawCommandsStart=102429478048, SwapBuffers=102435146548, FrameCompleted=9223372036854775807, DequeueBufferDuration=66208, QueueBufferDuration=9064208, GpuCompleted=9223372036854775807, SwapBuffersCompleted=102446025798, DisplayPresentTime=0,
05-28 16:06:10.531 2682 2758 I JettyServletContainer: Registering UPnP servlet under context path: /upnp
05-28 16:06:10.537 2682 2758 I DatagramIO: Creating bound socket (for datagram input/output) on: 192.168.3.132/192.168.3.132
05-28 16:06:10.539 2682 2907 E JettyServletContainer: gogogo
05-28 16:06:10.539 2682 2907 I JettyServletContainer: Starting Jetty server...
05-28 16:06:10.541 2682 2907 W System.err: 2025-05-28 16:06:10.540:INFO:lcaf.p:jetty-8.y.z-SNAPSHOT
05-28 16:06:10.544 2682 2758 I Router : WiFi multicast lock acquired
05-28 16:06:10.545 467 799 I WifiService: acquireMulticastLock uid=10022
05-28 16:06:10.549 2682 2758 I Router : WiFi lock acquired
05-28 16:06:10.551 467 799 I WifiService: acquireWifiLock uid=10022 lockMode=3
05-28 16:06:10.557 2682 2758 W Router : enable unlock:org.fourthline.cling.android.AndroidRouter@66b3790
05-28 16:06:10.557 2682 2758 I UpnpServiceImpl: <<< UPnP service started successfully
05-28 16:06:10.567 467 611 D NsdService: Native daemon message SERVICE_REGISTERED: 606 8 "当贝投屏A9"
05-28 16:06:10.609 2682 2907 W System.err: 2025-05-28 16:06:10.608:INFO:lcaf.a:Started @192.168.3.132:33251
05-28 16:06:10.671 2682 2758 E g : channel :os
05-28 16:06:10.999 1057 1091 I OpenGLRenderer: Davey! duration=9223371933964ms; Flags=0, FrameTimelineVsyncId=4174, IntendedVsync=102877318283, Vsync=102877318283, InputEventId=0, HandleInputStart=102877895548, AnimationStart=102877900715, PerformTraversalsStart=102879534548, DrawStart=102880054048, FrameDeadline=102910651615, FrameInterval=102877886215, FrameStartTime=16666666, SyncQueued=102881260048, SyncStart=102893770756, IssueDrawCommandsStart=102896670298, SwapBuffers=102913662673, FrameCompleted=9223372036854775807, DequeueBufferDuration=9808292, QueueBufferDuration=2277666, GpuCompleted=9223372036854775807, SwapBuffersCompleted=102917374590, DisplayPresentTime=0,
05-28 16:06:11.071 2682 2738 I efs.base: lt=event`ev_ct=efs_core`ev_ac=log_lag`tm=2025-05-28 16:06:06`dn=814a6c1f-a914-45e0-9441-173ac17d88d0`ps=com.dangbei.screencast`um_os=android`stime=1748419560733`pid=2682`fr=android`pkg=com.dangbei.screencast`vcode=20830`dsp_w=1920`uid=814a6c1f-a914-45e0-9441-173ac17d88d0`rom=12`wid=814a6c1f-a914-45e0-9441-173ac17d88d0`um_app_carrier=`um_access=wifi`um_app_channel=os`um_crash_sdk_version=1.4.0`ctime=1748419571`model=dbbox-a2`lang=zh`net=wifi`brand=dangbei`dsp_h=1080`um_network_type=0`ver=v2.8.3`cnt=3`build_model=DBBOX-A2`w_tm=1748419571`appid=5fc60c21094d637f3130af19`um_umid_header=ai536d652a62b80cf12a583dbdbfe77cd5`sdk=31`tzone=Asia/Shanghai`sdk_ver=1.3.6.umeng
05-28 16:06:11.176 467 515 W IorapForwardingService: No service published for: iorapd
05-28 16:06:11.523 467 799 W TelephonyPermissions: reportAccessDeniedToReadIdentifiers:com.dangbei.screencast:getSerial:-1
05-28 16:06:11.600 2815 2878 V NFC : this device does not have NFC support
05-28 16:06:12.155 651 651 E WifiHAL : wifi_get_link_stats: requestResponse Error:-5
05-28 16:06:12.157 467 600 E WifiVendorHal: getWifiLinkLayerStats_1_5_Internal(l.1191) failed {.code = ERROR_INVALID_ARGS, .description = }
05-28 16:06:12.179 467 515 W IorapForwardingService: No service published for: iorapd
05-28 16:06:12.359 1158 1158 D bbb : onStartCommand begin !!!!!!! data分区剩余 24837MB
05-28 16:06:12.361 1114 1114 D aaa : LedStatusService onStartCommand begin
05-28 16:06:12.362 1114 2938 D aaa : topPkg is -------------- :com.dangbei.leard.leradlauncher
05-28 16:06:12.367 1114 2938 D aaa : WiFi is connect
05-28 16:06:12.412 2682 2736 I efs.base: wa upload succ, HttpResponse {succ=true, code=200, data='暂不支持该服务', extra={req_url=https://errlog.umeng.com/api/crashsdk/logcollect}}
05-28 16:06:13.182 467 515 W IorapForwardingService: No service published for: iorapd
