05-28 16:04:35.908 360 360 I cedarc : : register Mpeg4Vp6 decoder success!
05-28 16:04:35.909 360 360 I cedarc : : register mpeg4dx decoder success!
05-28 16:04:35.909 350 350 W mediaextractor: libminijail[350]: compile_file: /apex/com.android.media/etc/seccomp_policy/crash_dump.arm.policy(1): syscall read redefined here
05-28 16:04:35.909 364 364 I HidlServiceManagement: Registered android.hardware.radio@1.6::IRadio/slot1
05-28 16:04:35.909 350 350 W mediaextractor: libminijail[350]: compile_file: (19): previous definition here
05-28 16:04:35.909 350 350 W mediaextractor: libminijail[350]: compile_file: /apex/com.android.media/etc/seccomp_policy/crash_dump.arm.policy(2): syscall write redefined here
05-28 16:04:35.909 350 350 W mediaextractor: libminijail[350]: compile_file: (6): previous definition here
05-28 16:04:35.909 350 350 W mediaextractor: libminijail[350]: compile_file: /apex/com.android.media/etc/seccomp_policy/crash_dump.arm.policy(3): syscall exit redefined here
05-28 16:04:35.909 350 350 W mediaextractor: libminijail[350]: compile_file: (27): previous definition here
05-28 16:04:35.909 350 350 W mediaextractor: libminijail[350]: compile_file: /apex/com.android.media/etc/seccomp_policy/crash_dump.arm.policy(4): syscall rt_sigreturn redefined here
05-28 16:04:35.909 350 350 W mediaextractor: libminijail[350]: compile_file: (29): previous definition here
05-28 16:04:35.909 350 350 W mediaextractor: libminijail[350]: compile_file: /apex/com.android.media/etc/seccomp_policy/crash_dump.arm.policy(6): syscall exit_group redefined here
05-28 16:04:35.910 350 350 W mediaextractor: libminijail[350]: compile_file: (28): previous definition here
05-28 16:04:35.910 350 350 W mediaextractor: libminijail[350]: compile_file: /apex/com.android.media/etc/seccomp_policy/crash_dump.arm.policy(7): syscall clock_gettime redefined here
05-28 16:04:35.910 350 350 W mediaextractor: libminijail[350]: compile_file: (20): previous definition here
05-28 16:04:35.910 350 350 W mediaextractor: libminijail[350]: compile_file: /apex/com.android.media/etc/seccomp_policy/crash_dump.arm.policy(9): syscall futex redefined here
05-28 16:04:35.910 350 350 W mediaextractor: libminijail[350]: compile_file: (4): previous definition here
05-28 16:04:35.910 350 350 W mediaextractor: libminijail[350]: compile_file: /apex/com.android.media/etc/seccomp_policy/crash_dump.arm.policy(10): syscall getrandom redefined here
05-28 16:04:35.910 350 350 W mediaextractor: libminijail[350]: compile_file: (43): previous definition here
05-28 16:04:35.910 350 350 W mediaextractor: libminijail[350]: compile_file: /apex/com.android.media/etc/seccomp_policy/crash_dump.arm.policy(12): syscall gettid redefined here
05-28 16:04:35.910 350 350 W mediaextractor: libminijail[350]: compile_file: (34): previous definition here
05-28 16:04:35.910 350 350 W mediaextractor: libminijail[350]: compile_file: /apex/com.android.media/etc/seccomp_policy/crash_dump.arm.policy(15): syscall openat redefined here
05-28 16:04:35.910 350 350 W mediaextractor: libminijail[350]: compile_file: (16): previous definition here
05-28 16:04:35.910 350 350 W mediaextractor: libminijail[350]: compile_file: /apex/com.android.media/etc/seccomp_policy/crash_dump.arm.policy(16): syscall dup redefined here
05-28 16:04:35.910 350 350 W mediaextractor: libminijail[350]: compile_file: (11): previous definition here
05-28 16:04:35.911 350 350 W mediaextractor: libminijail[350]: compile_file: /apex/com.android.media/etc/seccomp_policy/crash_dump.arm.policy(17): syscall close redefined here
05-28 16:04:35.911 350 350 W mediaextractor: libminijail[350]: compile_file: (9): previous definition here
05-28 16:04:35.911 350 350 W mediaextractor: libminijail[350]: compile_file: /apex/com.android.media/etc/seccomp_policy/crash_dump.arm.policy(18): syscall lseek redefined here
05-28 16:04:35.911 350 350 W mediaextractor: libminijail[350]: compile_file: (21): previous definition here
05-28 16:04:35.911 350 350 W mediaextractor: libminijail[350]: compile_file: /apex/com.android.media/etc/seccomp_policy/crash_dump.arm.policy(20): syscall faccessat redefined here
05-28 16:04:35.911 350 350 W mediaextractor: libminijail[350]: compile_file: (30): previous definition here
05-28 16:04:35.911 350 350 W mediaextractor: libminijail[350]: compile_file: /apex/com.android.media/etc/seccomp_policy/crash_dump.arm.policy(25): syscall rt_sigprocmask redefined here
05-28 16:04:35.911 350 350 W mediaextractor: libminijail[350]: compile_file: (35): previous definition here
05-28 16:04:35.911 350 350 W mediaextractor: libminijail[350]: compile_file: /apex/com.android.media/etc/seccomp_policy/crash_dump.arm.policy(28): syscall prctl redefined here
05-28 16:04:35.911 350 350 W mediaextractor: libminijail[350]: compile_file: (5): previous definition here
05-28 16:04:35.911 350 350 W mediaextractor: libminijail[350]: compile_file: /apex/com.android.media/etc/seccomp_policy/crash_dump.arm.policy(29): syscall madvise redefined here
05-28 16:04:35.912 369 369 I update_engine: [INFO:cleanup_previous_update_action.cc(149)] Starting/resuming CleanupPreviousUpdateAction
05-28 16:04:35.913 360 360 I cedarc : : register mpeg4H263 decoder success!
05-28 16:04:35.913 360 360 I cedarc : : register vp8 decoder success!
05-28 16:04:35.914 360 360 I cedarc : : register vc1 decoder success!
05-28 16:04:35.918 350 350 W mediaextractor: libminijail[350]: compile_file: (31): previous definition here
05-28 16:04:35.918 350 350 W mediaextractor: libminijail[350]: compile_file: /apex/com.android.media/etc/seccomp_policy/crash_dump.arm.policy(30): syscall mprotect redefined here
05-28 16:04:35.918 350 350 W mediaextractor: libminijail[350]: compile_file: (12): previous definition here
05-28 16:04:35.919 350 350 W mediaextractor: libminijail[350]: compile_file: /apex/com.android.media/etc/seccomp_policy/crash_dump.arm.policy(31): syscall munmap redefined here
05-28 16:04:35.919 350 350 W mediaextractor: libminijail[350]: compile_file: (10): previous definition here
05-28 16:04:35.919 350 350 W mediaextractor: libminijail[350]: compile_file: /apex/com.android.media/etc/seccomp_policy/crash_dump.arm.policy(32): syscall getuid32 redefined here
05-28 16:04:35.919 350 350 W mediaextractor: libminijail[350]: compile_file: (13): previous definition here
05-28 16:04:35.919 350 350 W mediaextractor: libminijail[350]: compile_file: /apex/com.android.media/etc/seccomp_policy/crash_dump.arm.policy(33): syscall fstat64 redefined here
05-28 16:04:35.919 350 350 W mediaextractor: libminijail[350]: compile_file: (25): previous definition here
05-28 16:04:35.919 350 350 W mediaextractor: libminijail[350]: compile_file: /apex/com.android.media/etc/seccomp_policy/crash_dump.arm.policy(34): syscall mmap2 redefined here
05-28 16:04:35.919 350 350 W mediaextractor: libminijail[350]: compile_file: (8): previous definition here
05-28 16:04:35.919 350 350 W mediaextractor: libminijail[350]: compile_file: /apex/com.android.media/etc/seccomp_policy/crash_dump.arm.policy(35): syscall geteuid32 redefined here
05-28 16:04:35.919 350 350 W mediaextractor: libminijail[350]: compile_file: (38): previous definition here
05-28 16:04:35.920 350 350 W mediaextractor: libminijail[350]: compile_file: /apex/com.android.media/etc/seccomp_policy/crash_dump.arm.policy(36): syscall getgid32 redefined here
05-28 16:04:35.920 350 350 W mediaextractor: libminijail[350]: compile_file: (39): previous definition here
05-28 16:04:35.920 350 350 W mediaextractor: libminijail[350]: compile_file: /apex/com.android.media/etc/seccomp_policy/crash_dump.arm.policy(37): syscall getegid32 redefined here
05-28 16:04:35.920 350 350 W mediaextractor: libminijail[350]: compile_file: (40): previous definition here
05-28 16:04:35.920 350 350 W mediaextractor: libminijail[350]: compile_file: /apex/com.android.media/etc/seccomp_policy/crash_dump.arm.policy(38): syscall getgroups32 redefined here
05-28 16:04:35.922 350 350 W mediaextractor: libminijail[350]: compile_file: (41): previous definition here
05-28 16:04:35.924 365 365 I mediaswcodec: media swcodec service starting
05-28 16:04:35.925 350 350 W mediaextractor: libminijail[350]: logging seccomp filter failures
05-28 16:04:35.931 369 369 I update_engine: [INFO:cleanup_previous_update_action.cc(124)] CleanupPreviousUpdateAction scheduled task ID 1 for WaitBootCompleted
05-28 16:04:35.935 360 360 I SoftOMXPlugin: createOMXPlugin
05-28 16:04:35.936 360 360 D MediaCodecsXmlParser: parsing /vendor/etc/media_codecs.xml...
05-28 16:04:35.939 360 360 D MediaCodecsXmlParser: parsing /vendor/etc/media_codecs_google_audio.xml...
05-28 16:04:35.939 360 360 D MediaCodecsXmlParser: unable to open media codecs configuration xml file: /vendor/etc/media_codecs_google_audio.xml
05-28 16:04:35.941 360 360 D MediaCodecsXmlParser: parsing /vendor/etc/media_codecs_google_video.xml...
05-28 16:04:35.941 360 360 D MediaCodecsXmlParser: unable to open media codecs configuration xml file: /vendor/etc/media_codecs_google_video.xml
05-28 16:04:35.943 360 360 D MediaCodecsXmlParser: parsing /vendor/etc/media_codecs_performance.xml...
05-28 16:04:35.945 365 365 W mediaswcodec: Could not read additional policy file '/vendor/etc/seccomp_policy/mediaswcodec.policy'
05-28 16:04:35.945 365 365 W mediaswcodec: libminijail[365]: failed to get path of fd 4: No such file or directory
05-28 16:04:35.945 365 365 W mediaswcodec: libminijail[365]: allowing syscall: clock_gettime
05-28 16:04:35.945 365 365 W mediaswcodec: libminijail[365]: allowing syscall: connect
05-28 16:04:35.946 365 365 W mediaswcodec: libminijail[365]: allowing syscall: fcntl64
05-28 16:04:35.946 365 365 W mediaswcodec: libminijail[365]: allowing syscall: socket
05-28 16:04:35.946 365 365 W mediaswcodec: libminijail[365]: allowing syscall: writev
05-28 16:04:35.946 365 365 W mediaswcodec: libminijail[365]: compile_file: (71): syscall futex redefined here
05-28 16:04:35.947 365 365 W mediaswcodec: libminijail[365]: compile_file: (15): previous definition here
05-28 16:04:35.948 365 365 W mediaswcodec: libminijail[365]: logging seccomp filter failures
05-28 16:04:35.949 365 365 I CodecServiceRegistrant: Creating software Codec2 service...
05-28 16:04:35.950 360 360 D MediaCodecsXmlParser: MediaCodec: cannot update non-existing codec: OMX.google.h264.encoder at line 25 of /vendor/etc/media_codecs_performance.xml
05-28 16:04:35.950 360 360 D MediaCodecsXmlParser: MediaCodec: cannot update non-existing codec: OMX.google.h263.encoder at line 31 of /vendor/etc/media_codecs_performance.xml
05-28 16:04:35.950 360 360 D MediaCodecsXmlParser: MediaCodec: cannot update non-existing codec: OMX.google.mpeg4.encoder at line 34 of /vendor/etc/media_codecs_performance.xml
05-28 16:04:35.950 254 287 E ion : ioctl c0044901 failed with code -1: Inappropriate ioctl for device
05-28 16:04:35.951 254 287 I gralloc : alloc buffer:W:1 H:1 S:16 PL[1 1] SZ:64 fmt:1 if:0 af:1 usg:300 fg:00000004
05-28 16:04:35.952 271 271 E ion : ioctl c0044901 failed with code -1: Inappropriate ioctl for device
05-28 16:04:35.954 360 360 D MediaCodecsXmlParser: MediaCodec: cannot update non-existing codec: OMX.google.vp8.encoder at line 37 of /vendor/etc/media_codecs_performance.xml
05-28 16:04:35.954 360 360 D MediaCodecsXmlParser: MediaCodec: cannot update non-existing codec: OMX.allwinner.video.decoder.h263 at line 59 of /vendor/etc/media_codecs_performance.xml
05-28 16:04:35.951 349 349 D isomountservice: main isomount service is running.
05-28 16:04:35.954 360 360 D MediaCodecsXmlParser: MediaCodec: cannot update non-existing codec: OMX.google.mpeg4.decoder at line 80 of /vendor/etc/media_codecs_performance.xml
05-28 16:04:35.954 360 360 D MediaCodecsXmlParser: MediaCodec: cannot update non-existing codec: OMX.google.h264.decoder at line 83 of /vendor/etc/media_codecs_performance.xml
05-28 16:04:35.955 360 360 D MediaCodecsXmlParser: MediaCodec: cannot update non-existing codec: OMX.google.h263.decoder at line 89 of /vendor/etc/media_codecs_performance.xml
05-28 16:04:35.955 360 360 D MediaCodecsXmlParser: MediaCodec: cannot update non-existing codec: OMX.google.hevc.decoder at line 93 of /vendor/etc/media_codecs_performance.xml
05-28 16:04:35.955 360 360 D MediaCodecsXmlParser: MediaCodec: cannot update non-existing codec: OMX.google.vp8.decoder at line 101 of /vendor/etc/media_codecs_performance.xml
05-28 16:04:35.955 360 360 D MediaCodecsXmlParser: MediaCodec: cannot update non-existing codec: OMX.google.vp9.decoder at line 107 of /vendor/etc/media_codecs_performance.xml
05-28 16:04:35.954 381 381 I adbd : persist.adb.watchdog set to ''
05-28 16:04:35.957 381 381 I adbd : persist.sys.test_harness set to ''
05-28 16:04:35.958 349 349 I isomountservice: ServiceManager: 0xf55e5cc0
05-28 16:04:35.958 381 381 I adbd : adb watchdog timeout set to 600 seconds
05-28 16:04:35.959 365 365 E cutils-trace: Error opening trace file: No such file or directory (2)
05-28 16:04:35.959 360 360 I MediaCodecsXmlParser: Did not find media_codecs_shaping.xml in search path
05-28 16:04:35.959 381 393 I adbd : Waiting for persist.adb.tls_server.enable=1
05-28 16:04:35.959 381 381 I adbd : Setup mdns on port= 5555
05-28 16:04:35.960 360 360 E cutils-trace: Error opening trace file: No such file or directory (2)
05-28 16:04:35.960 381 393 I adbd : persist.adb.tls_server.enable changed to 1
05-28 16:04:35.960 381 381 I adbd : adbd listening on tcp:5555
05-28 16:04:35.960 381 381 I adbd : adbd listening on vsock:5555
05-28 16:04:35.960 381 395 I adbd : opening control endpoint /dev/usb-ffs/adb/ep0
05-28 16:04:35.960 381 381 I adbd : adbd started
05-28 16:04:35.961 263 391 I android.hardware.usb.gadget@1.1-service.aw: GADGET pulled up
05-28 16:04:35.967 395 395 I : read descriptors
05-28 16:04:35.956 331 331 I xiriservice_All: type=1400 audit(0.0:284): avc: denied { read } for scontext=u:r:init:s0 tcontext=u:r:init:s0 tclass=netlink_kobject_uevent_socket permissive=1
05-28 16:04:35.967 395 395 I : read strings
05-28 16:04:35.962 271 271 I RenderEngine: OpenGL ES informations:
05-28 16:04:35.962 271 271 I RenderEngine: vendor : ARM
05-28 16:04:35.962 271 271 I RenderEngine: renderer : Mali-G31
05-28 16:04:35.962 271 271 I RenderEngine: version : OpenGL ES 3.2 v1.r20p0-01rel0.9f6475d0baffb05079096179e1278b1d
05-28 16:04:35.963 271 271 I RenderEngine: extensions: GL_EXT_debug_marker GL_ARM_rgba8 GL_ARM_mali_shader_binary GL_OES_depth24 GL_OES_depth_texture GL_OES_depth_texture_cube_map GL_OES_packed_depth_stencil GL_OES_rgb8_rgba8 GL_EXT_read_format_bgra GL_OES_compressed_paletted_texture GL_OES_compressed_ETC1_RGB8_texture GL_OES_standard_derivatives GL_OES_EGL_image GL_OES_EGL_image_external GL_OES_EGL_image_external_essl3 GL_OES_EGL_sync GL_OES_texture_npot GL_OES_vertex_half_float GL_OES_required_internalformat GL_OES_vertex_array_object GL_OES_mapbuffer GL_EXT_texture_format_BGRA8888 GL_EXT_texture_rg GL_EXT_texture_type_2_10_10_10_REV GL_OES_fbo_render_mipmap GL_OES_element_index_uint GL_EXT_shadow_samplers GL_OES_texture_compression_astc GL_KHR_texture_compression_astc_ldr GL_KHR_texture_compression_astc_hdr GL_KHR_texture_compression_astc_sliced_3d GL_EXT_texture_compression_astc_decode_mode GL_EXT_texture_compression_astc_decode_mode_rgb9e5 GL_KHR_debug GL_EXT_occlusion_query_boolean GL_EXT_disjoint_timer_query GL_EXT_blend_minmax GL_EXT_discard_
05-28 16:04:35.963 271 271 I RenderEngine: GL_MAX_TEXTURE_SIZE = 8192
05-28 16:04:35.963 271 271 I RenderEngine: GL_MAX_VIEWPORT_DIMS = 8192
05-28 16:04:35.963 271 271 W libprocessgroup: Failed to open /dev/cpuset/system-background/tasks: Permission denied: Permission denied
05-28 16:04:35.963 271 271 W libprocessgroup: Failed to apply SFMainPolicy task profile: Permission denied
05-28 16:04:35.964 381 395 I adbd : UsbFfsConnection constructed
05-28 16:04:35.969 364 364 I HidlServiceManagement: Registered android.hardware.radio.config@1.3::IRadioConfig/default
05-28 16:04:35.972 381 401 I adbd : UsbFfs-monitor thread spawned
05-28 16:04:35.973 381 401 I adbd : USB event: FUNCTIONFS_BIND
05-28 16:04:35.974 365 365 I HidlServiceManagement: Registered android.hardware.media.c2@1.2::IComponentStore/software
05-28 16:04:35.976 360 360 I HidlServiceManagement: Registered android.hardware.media.omx@1.0::IOmx/default
05-28 16:04:35.976 360 360 I HidlServiceManagement: Removing namespace from process name android.hardware.media.omx@1.0-service to omx@1.0-service.
05-28 16:04:35.977 360 360 I android.hardware.media.omx@1.0-service: IOmx HAL service created.
05-28 16:04:35.979 360 360 I OmxStore: omx common prefix: 'OMX.'
05-28 16:04:35.979 360 360 D MediaCodecsXmlParser: parsing /vendor/etc/media_codecs.xml...
05-28 16:04:35.980 360 360 D MediaCodecsXmlParser: parsing /vendor/etc/media_codecs_google_audio.xml...
05-28 16:04:35.980 360 360 D MediaCodecsXmlParser: unable to open media codecs configuration xml file: /vendor/etc/media_codecs_google_audio.xml
05-28 16:04:35.984 381 393 I adbd : adbwifi started on port 43921
05-28 16:04:35.985 381 393 I adbd : TlsServer running on port 43921
05-28 16:04:35.985 381 393 I adbd : adb wifi started on port 43921
05-28 16:04:35.986 360 360 D MediaCodecsXmlParser: parsing /vendor/etc/media_codecs_google_video.xml...
05-28 16:04:35.986 381 393 I adbd : Waiting for persist.adb.tls_server.enable=0
05-28 16:04:35.988 360 360 D MediaCodecsXmlParser: unable to open media codecs configuration xml file: /vendor/etc/media_codecs_google_video.xml
05-28 16:04:35.988 360 360 D MediaCodecsXmlParser: parsing /vendor/etc/media_codecs_performance.xml...
05-28 16:04:35.989 360 360 D MediaCodecsXmlParser: MediaCodec: cannot update non-existing codec: OMX.google.h264.encoder at line 25 of /vendor/etc/media_codecs_performance.xml
05-28 16:04:35.989 360 360 D MediaCodecsXmlParser: MediaCodec: cannot update non-existing codec: OMX.google.h263.encoder at line 31 of /vendor/etc/media_codecs_performance.xml
05-28 16:04:35.989 360 360 D MediaCodecsXmlParser: MediaCodec: cannot update non-existing codec: OMX.google.mpeg4.encoder at line 34 of /vendor/etc/media_codecs_performance.xml
05-28 16:04:35.989 360 360 D MediaCodecsXmlParser: MediaCodec: cannot update non-existing codec: OMX.google.vp8.encoder at line 37 of /vendor/etc/media_codecs_performance.xml
05-28 16:04:35.991 360 360 D MediaCodecsXmlParser: MediaCodec: cannot update non-existing codec: OMX.allwinner.video.decoder.h263 at line 59 of /vendor/etc/media_codecs_performance.xml
05-28 16:04:35.991 360 360 D MediaCodecsXmlParser: MediaCodec: cannot update non-existing codec: OMX.google.mpeg4.decoder at line 80 of /vendor/etc/media_codecs_performance.xml
05-28 16:04:35.991 360 360 D MediaCodecsXmlParser: MediaCodec: cannot update non-existing codec: OMX.google.h264.decoder at line 83 of /vendor/etc/media_codecs_performance.xml
05-28 16:04:35.992 360 360 D MediaCodecsXmlParser: MediaCodec: cannot update non-existing codec: OMX.google.h263.decoder at line 89 of /vendor/etc/media_codecs_performance.xml
05-28 16:04:35.992 360 360 D MediaCodecsXmlParser: MediaCodec: cannot update non-existing codec: OMX.google.hevc.decoder at line 93 of /vendor/etc/media_codecs_performance.xml
05-28 16:04:35.992 360 360 D MediaCodecsXmlParser: MediaCodec: cannot update non-existing codec: OMX.google.vp8.decoder at line 101 of /vendor/etc/media_codecs_performance.xml
05-28 16:04:35.992 360 360 D MediaCodecsXmlParser: MediaCodec: cannot update non-existing codec: OMX.google.vp9.decoder at line 107 of /vendor/etc/media_codecs_performance.xml
05-28 16:04:35.993 360 360 I MediaCodecsXmlParser: Did not find media_codecs_shaping.xml in search path
05-28 16:04:35.993 360 360 E MediaCodecsXmlParser: Cannot find the role for a decoder of type video/divx
05-28 16:04:35.993 360 360 E MediaCodecsXmlParser: Cannot find the role for a decoder of type video/jpeg
05-28 16:04:35.993 360 360 E MediaCodecsXmlParser: Cannot find the role for a decoder of type video/mpeg1
05-28 16:04:35.993 360 360 E MediaCodecsXmlParser: Cannot find the role for a decoder of type video/x-ms-mpeg4v1
05-28 16:04:35.993 360 360 E MediaCodecsXmlParser: Cannot find the role for a decoder of type video/x-ms-mpeg4v2
05-28 16:04:35.993 360 360 E MediaCodecsXmlParser: Cannot find the role for a decoder of type video/rvg2
05-28 16:04:35.993 360 360 E MediaCodecsXmlParser: Cannot find the role for a decoder of type video/flv1
05-28 16:04:35.993 360 360 E MediaCodecsXmlParser: Cannot find the role for a decoder of type video/wvc1
05-28 16:04:35.993 360 360 E MediaCodecsXmlParser: Cannot find the role for a decoder of type video/x-vnd.on2.vp6
05-28 16:04:35.997 360 360 E MediaCodecsXmlParser: Cannot find the role for a decoder of type video/wmv1
05-28 16:04:35.997 360 360 E MediaCodecsXmlParser: Cannot find the role for a decoder of type video/wmv2
05-28 16:04:35.997 360 360 E MediaCodecsXmlParser: Cannot find the role for a decoder of type video/xvid
05-28 16:04:35.998 381 407 I adbd : Registering secure_connect service (adb-DZOH58251929088-8AaF4g)
05-28 16:04:36.007 182 182 I hwservicemanager: getTransport: Cannot find entry android.hardware.media.c2@1.0::IComponentStore/default in either framework or device VINTF manifest.
05-28 16:04:36.008 182 182 I hwservicemanager: getTransport: Cannot find entry android.hardware.graphics.mapper@4.0::IMapper/default in either framework or device VINTF manifest.
05-28 16:04:36.008 365 365 I CodecServiceRegistrant: Preferred Codec2 store is defaulted to "software".
05-28 16:04:36.008 257 257 I ComposerResources: failed to get mapper 4.0 service, falling back to mapper 3.0
05-28 16:04:36.008 365 365 I CodecServiceRegistrant: Software Codec2 service created and registered.
05-28 16:04:36.009 364 364 I HidlServiceManagement: Registered android.hardware.radio@1.2::ISap/slot1
05-28 16:04:36.010 182 182 I hwservicemanager: getTransport: Cannot find entry android.hardware.graphics.mapper@3.0::IMapper/default in either framework or device VINTF manifest.
05-28 16:04:36.018 257 257 I ComposerResources: failed to get mapper 3.0 service, falling back to mapper 2.0
05-28 16:04:36.019 360 360 I HidlServiceManagement: Registered android.hardware.media.omx@1.0::IOmxStore/default
05-28 16:04:36.020 360 360 I HidlServiceManagement: Removing namespace from process name android.hardware.media.omx@1.0-service to omx@1.0-service.
05-28 16:04:36.023 257 257 E gralloc : Arm Module v1.0
05-28 16:04:36.025 257 257 I sunxihwc: createDeviceFactory: IDeviceFactory from hardware/aw/display/hwc-hal/disp2/HomletDeviceFactory.cpp
05-28 16:04:36.025 257 257 I sunxihwc: Device name: raven
05-28 16:04:36.028 257 257 D sunxihwc: Device config file: /vendor/etc/dispconfigs/homlet-default.json
05-28 16:04:36.029 257 257 D sunxihwc: Parse 'Display0' config
05-28 16:04:36.029 257 257 D sunxihwc: Parse 'Display1' config
05-28 16:04:36.032 257 409 I sunxihwc: threadLoop: EventThread start
05-28 16:04:36.032 243 382 W zygote : Verification of void android.app.appsearch.AppSearchBatchResult$Builder.() took 193.867ms (144.43 bytecodes/s) (976B approximate peak alloc)
05-28 16:04:36.034 257 410 W displayd: xxxxxxx: threadedStartup begin
05-28 16:04:36.034 257 410 I sunxihwc: Device name: raven
05-28 16:04:36.035 257 410 D sunxihwc: Device config file: /vendor/etc/dispconfigs/homlet-default.json
05-28 16:04:36.036 257 410 D sunxihwc: Parse 'Display0' config
05-28 16:04:36.036 257 410 D sunxihwc: Parse 'Display1' config
05-28 16:04:36.036 257 410 W displayd: xxxxxxx: HAL device config file: /vendor/etc/dispconfigs/homlet-default.json
05-28 16:04:36.036 257 410 W displayd: Displays (2 entries)
05-28 16:04:36.036 257 410 W displayd: + Display{id=0, framebuffer=1920x1080(override=1), dpi=160x160}
05-28 16:04:36.036 257 410 W displayd: DisplayEnginePortId=0
05-28 16:04:36.036 257 410 W displayd: InterfaceType=HDMI
05-28 16:04:36.036 257 410 W displayd: DefaultOutputMode=0
05-28 16:04:36.036 257 410 W displayd: HotplugSupported=0
05-28 16:04:36.036 257 410 W displayd: AfbcSupported=0
05-28 16:04:36.036 257 410 W displayd: HardwareRotateSupported=0
05-28 16:04:36.036 257 410 W displayd: BandwidthLimited=338800 Bytes per frame
05-28 16:04:36.036 257 410 W displayd: + Display{id=1, framebuffer=1920x1080(override=1), dpi=160x160}
05-28 16:04:36.036 257 410 W displayd: DisplayEnginePortId=1
05-28 16:04:36.036 257 410 W displayd: InterfaceType=CVBS
05-28 16:04:36.036 257 410 W displayd: DefaultOutputMode=0
05-28 16:04:36.036 257 410 W displayd: HotplugSupported=0
05-28 16:04:36.036 257 410 W displayd: AfbcSupported=0
05-28 16:04:36.036 257 410 W displayd: HardwareRotateSupported=0
05-28 16:04:36.036 257 410 W displayd: BandwidthLimited=338800 Bytes per frame
05-28 16:04:36.032 257 257 I MQ-Thread: type=1400 audit(0.0:285): avc: denied { read } for name="u:object_r:system_prop:s0" dev="tmpfs" ino=2930 scontext=u:r:hal_graphics_composer_default:s0 tcontext=u:object_r:system_prop:s0 tclass=file permissive=1
05-28 16:04:36.032 257 257 I MQ-Thread: type=1400 audit(0.0:286): avc: denied { open } for path="/dev/__properties__/u:object_r:system_prop:s0" dev="tmpfs" ino=2930 scontext=u:r:hal_graphics_composer_default:s0 tcontext=u:object_r:system_prop:s0 tclass=file permissive=1
05-28 16:04:36.032 257 257 I MQ-Thread: type=1400 audit(0.0:287): avc: denied { getattr } for path="/dev/__properties__/u:object_r:system_prop:s0" dev="tmpfs" ino=2930 scontext=u:r:hal_graphics_composer_default:s0 tcontext=u:object_r:system_prop:s0 tclass=file permissive=1
05-28 16:04:36.039 257 257 I HidlServiceManagement: Registered vendor.display.config@1.0::IDisplayConfig/default
05-28 16:04:36.039 257 257 D android.hardware.graphics.composer@2.2-service: IDisplayConfig register: ok
05-28 16:04:36.039 257 257 I sunxihwc: initialize: DisplayConfigService init: ok
05-28 16:04:36.039 257 257 D sunxihwc: setHotplugState: mbHotplug = 1
05-28 16:04:36.039 257 257 E sunxihwc: notifyDeviceChanged: DeviceChangedListener not register yet!
05-28 16:04:36.039 257 257 I sunxihwc: setVendorInterface: register IVendorInterface: 0xe9069310
05-28 16:04:36.039 257 257 D sunxihwc: HAL device config file: /vendor/etc/dispconfigs/homlet-default.json
05-28 16:04:36.039 257 257 D sunxihwc: Displays (2 entries)
05-28 16:04:36.039 257 257 D sunxihwc: + Display{id=0, framebuffer=1920x1080(override=1), dpi=160x160}
05-28 16:04:36.039 257 257 D sunxihwc: DisplayEnginePortId=0
05-28 16:04:36.039 257 257 D sunxihwc: InterfaceType=HDMI
05-28 16:04:36.039 257 257 D sunxihwc: DefaultOutputMode=0
05-28 16:04:36.039 257 257 D sunxihwc: HotplugSupported=0
05-28 16:04:36.039 257 257 D sunxihwc: AfbcSupported=0
05-28 16:04:36.039 257 257 D sunxihwc: HardwareRotateSupported=0
05-28 16:04:36.039 257 257 D sunxihwc: BandwidthLimited=338800 Bytes per frame
05-28 16:04:36.039 257 257 D sunxihwc: + Display{id=1, framebuffer=1920x1080(override=1), dpi=160x160}
05-28 16:04:36.039 257 257 D sunxihwc: DisplayEnginePortId=1
05-28 16:04:36.039 257 257 D sunxihwc: InterfaceType=CVBS
05-28 16:04:36.039 257 257 D sunxihwc: DefaultOutputMode=0
05-28 16:04:36.039 257 257 D sunxihwc: HotplugSupported=0
05-28 16:04:36.039 257 257 D sunxihwc: AfbcSupported=0
05-28 16:04:36.039 257 257 D sunxihwc: HardwareRotateSupported=0
05-28 16:04:36.039 257 257 D sunxihwc: BandwidthLimited=338800 Bytes per frame
05-28 16:04:36.039 257 257 W sunxihwc: bringupDevices: display.1 was off, request type 2, try to bringup it!
05-28 16:04:36.039 257 257 I sunxihwc: scanConnectedDevice: wait for device connect
05-28 16:04:36.050 265 265 I display.output-service: platform is homlet
05-28 16:04:36.051 182 182 I hw-BpHwBinder: onLastStrongRef automatically unlinking death recipients
05-28 16:04:36.052 344 344 I cameraserver: ServiceManager: 0xee870960
05-28 16:04:36.053 344 344 I CameraService: CameraService started (pid=344)
05-28 16:04:36.053 180 180 I servicemanager: Found vendor.display.output.IDisplayOutputManager/default in device VINTF manifest.
05-28 16:04:36.053 344 344 I CameraService: CameraService process starting
05-28 16:04:36.054 344 344 W BatteryNotifier: batterystats service unavailable!
05-28 16:04:36.054 344 344 W BatteryNotifier: batterystats service unavailable!
05-28 16:04:36.055 344 344 E cutils-trace: Error opening trace file: No such file or directory (2)
05-28 16:04:36.060 257 257 I MQ-Thread: type=1400 audit(0.0:288): avc: denied { map } for path="/dev/__properties__/u:object_r:system_prop:s0" dev="tmpfs" ino=2930 scontext=u:r:hal_graphics_composer_default:s0 tcontext=u:object_r:system_prop:s0 tclass=file permissive=1
05-28 16:04:36.065 257 410 W displayd: xxxxxxx: display output policy: dual
05-28 16:04:36.065 257 410 W displayd: xxxxxxx: Display.0 output type: 4
05-28 16:04:36.065 257 410 W displayd: xxxxxxx: Display.1 output type: 2
05-28 16:04:36.065 257 410 W displayd: xxxxxxx: createDevice: type=4 on port 0
05-28 16:04:36.064 257 257 I MQ-Thread: type=1400 audit(0.0:289): avc: denied { read } for name="u:object_r:default_prop:s0" dev="tmpfs" ino=2803 scontext=u:r:hal_graphics_composer_default:s0 tcontext=u:object_r:default_prop:s0 tclass=file permissive=1
05-28 16:04:36.064 257 257 I MQ-Thread: type=1400 audit(0.0:290): avc: denied { open } for path="/dev/__properties__/u:object_r:default_prop:s0" dev="tmpfs" ino=2803 scontext=u:r:hal_graphics_composer_default:s0 tcontext=u:object_r:default_prop:s0 tclass=file permissive=1
05-28 16:04:36.070 350 350 I MediaExtractorFactory: plugin directory not present (/system/lib/extractors)
05-28 16:04:36.064 257 257 I MQ-Thread: type=1400 audit(0.0:291): avc: denied { getattr } for path="/dev/__properties__/u:object_r:default_prop:s0" dev="tmpfs" ino=2803 scontext=u:r:hal_graphics_composer_default:s0 tcontext=u:object_r:default_prop:s0 tclass=file permissive=1
05-28 16:04:36.070 350 350 I MediaExtractorFactory: plugin directory not present (/system_ext/lib/extractors)
05-28 16:04:36.064 257 257 I MQ-Thread: type=1400 audit(0.0:292): avc: denied { map } for path="/dev/__properties__/u:object_r:default_prop:s0" dev="tmpfs" ino=2803 scontext=u:r:hal_graphics_composer_default:s0 tcontext=u:object_r:default_prop:s0 tclass=file permissive=1
05-28 16:04:36.071 257 410 W displayd: xxxxxxx: Device hdmi init
05-28 16:04:36.071 257 410 W displayd: xxxxxxx: createDevice: type=2 on port 1
05-28 16:04:36.071 257 410 W displayd: xxxxxxx: Device cvbs init
05-28 16:04:36.071 257 410 W displayd: xxxxxxx: Initizlize display device mapping
05-28 16:04:36.071 257 410 D displayd: xxxxxxx: updateConnectState: type=-1 connected=-1
05-28 16:04:36.068 257 257 I MQ-Thread: type=1400 audit(0.0:293): avc: denied { getattr } for path="/sys/devices/platform/soc@3000000/6520000.tv0/extcon/extcon1/state" dev="sysfs" ino=19386 scontext=u:r:hal_graphics_composer_default:s0 tcontext=u:object_r:sysfs:s0 tclass=file permissive=1
05-28 16:04:36.072 257 410 W displayd: xxxxxxx: platformGetDeviceConnectStatePath:
05-28 16:04:36.072 257 410 W displayd: hdmi: /sys/class/extcon/extcon0/state
05-28 16:04:36.072 257 410 W displayd: cvbs: /sys/class/extcon/extcon1/state
05-28 16:04:36.073 257 410 D displayd: xxxxxxx: updated: type=2 connected=0
05-28 16:04:36.073 257 410 D displayd: xxxxxxx: updated: type=4 connected=1
05-28 16:04:36.073 257 410 W displayd: xxxxxxx: setupDefaultOutput: hdmi user strategy: 255
05-28 16:04:36.073 257 410 W edid : Parse block0:
05-28 16:04:36.073 257 410 W edid : Extension block count: 1
05-28 16:04:36.073 257 410 W edid : Parse CEA extension block (version: 3)
05-28 16:04:36.073 257 410 W edid : CEA data length: 89 bytes
05-28 16:04:36.073 344 344 I CameraProviderManager: Connecting to new camera provider: external/0, isRemote? 1
05-28 16:04:36.075 344 344 I CameraProviderManager: Camera provider external/0 ready with 0 camera devices
05-28 16:04:36.076 344 412 W CameraProviderManager: addProviderLocked: Camera provider HAL with name 'external/0' already registered
05-28 16:04:36.072 1 1 I /system/bin/init: type=1107 audit(0.0:294): uid=0 auid=4294967295 ses=4294967295 subj=u:r:init:s0 msg='avc: denied { set } for property=vendor.sys.tv_vdid_fex pid=257 uid=1000 gid=1003 scontext=u:r:hal_graphics_composer_default:s0 tcontext=u:object_r:vendor_default_prop:s0 tclass=property_service permissive=1'
05-28 16:04:36.076 344 344 I cameraserver: Waiting for activity service
05-28 16:04:36.077 257 410 W displayd: xxxxxxx: performDefaultConfig dirty=0
05-28 16:04:36.078 257 410 W displayd: xxxxxxx: Old config: type[4] mode[35] pixelformat[3] bits[0] eotf[4] colorspace[257]
05-28 16:04:36.078 257 410 W displayd: xxxxxxx: New config: type[4] mode[35] pixelformat[3] bits[0] eotf[4] colorspace[257]
05-28 16:04:36.078 257 410 I sunxihwc: switchDevice: display[1]: type=2 mode=0 enable=0
05-28 16:04:36.078 257 410 I sunxihwc: switchDevice: display[0]: type=4 mode=35 enable=1
05-28 16:04:36.078 257 410 D sunxihwc: setHotplugState: mbHotplug = 1
05-28 16:04:36.078 257 410 I sunxihwc: createSyncTimeline: DisplayEngine Frequency: 696000000 Hz
05-28 16:04:36.078 257 410 I sunxihwc: setup: timeline0 create
05-28 16:04:36.078 257 410 E sunxihwc: readFromFile: Could not open '/sys/firmware/devicetree/base/dram/dram_clk', No such file or directory(2)
05-28 16:04:36.078 257 410 E sunxihwc: readFromFile: Could not open '/sys/firmware/devicetree/base/dram/dram_mr1', No such file or directory(2)
05-28 16:04:36.079 257 410 E sunxihwc: readFromFile: Could not open '/sys/firmware/devicetree/base/dram/dram_type', No such file or directory(2)
05-28 16:04:36.079 257 410 I sunxihwc: getDramInfoFromDeviceTree: draminfo: freq 0 MHz, bus width 32 bits, type 0
05-28 16:04:36.079 257 410 I sunxihwc: computeEffectiveBandwidth: dram effective bandwidth: 0 MBytes
05-28 16:04:36.079 257 410 E sunxihwc: calculateBandwidthLimitation: getDramFrequency return error(0), fallback to default bandwidth config
05-28 16:04:36.079 257 410 I sunxihwc: setup: Bandwidth limitation: 49152000 Bytes per frame
05-28 16:04:36.079 257 415 I sunxihwc: threadLoop: set CommitThread priority as HAL_PRIORITY_URGENT_DISPLAY
05-28 16:04:36.083 257 410 I sunxihwc: setDisplaydCb: get mDisplaydCb =0x0x696c4372
05-28 16:04:36.083 257 410 I sunxihwc: updateConnectedDevices: display[0] connected=1 type=4 device=0xe900100c
05-28 16:04:36.083 257 410 I sunxihwc: updateConnectedDevices: display[1] connected=0 type=2 device=0x0
05-28 16:04:36.083 257 410 D sunxihwc: enqueueEvent: enqueueEvent: event 1
05-28 16:04:36.084 257 409 W sunxihwc: deviceChangedEventProcess: Display.0 (hdmi0) connect
05-28 16:04:36.084 257 409 I sunxihwc: onHotplugReceived: display(0) connect state[1]
05-28 16:04:36.084 257 409 I sunxihwc: onHotplugReceived: display size: 0 display.0 0 display.1 0 display.0 0
05-28 16:04:36.084 257 409 W sunxihwc: onHotplugReceived: display(0) is 0xe8f26010
05-28 16:04:36.084 257 409 D sunxihwc: setDisplays: display =0xe8f26010
05-28 16:04:36.084 257 409 D sunxihwc: setDisplays: display size=1
05-28 16:04:36.085 257 410 I sunxihwc: setMargin: display[0]: margin 100 100 100 100
05-28 16:04:36.080 323 323 I rainbow_flow: type=1400 audit(0.0:295): avc: denied { ioctl } for path="/dev/spidev1.0" dev="tmpfs" ino=6196 ioctlcmd=0x6b00 scontext=u:r:init:s0 tcontext=u:object_r:device:s0 tclass=chr_file permissive=1
05-28 16:04:36.085 257 257 D sunxihwc: enqueueEvent: enqueueEvent: event 1
05-28 16:04:36.085 257 257 I sunxihwc: waitForHotplugIssued: Wait for display connect
05-28 16:04:36.085 257 409 D sunxihwc: setHotplugState: mbHotplug = 0
05-28 16:04:36.085 257 409 D sunxihwc: setHotplugState: mbHotplug = 0
05-28 16:04:36.085 257 410 W displayd: xxxxxxx: Turen on display(0), margin(100,100,100,100)
05-28 16:04:36.085 257 410 W displayd: xxxxxxx: Current device mapping:
05-28 16:04:36.085 257 410 W displayd: + display [1]: enable=0 type=2 mode=0
05-28 16:04:36.085 257 410 W displayd: + display [0]: enable=1 type=4 mode=35
05-28 16:04:36.085 257 410 I sunxihwc: registerCallback: registerCallback mEventCallback =0x0
05-28 16:04:36.085 257 410 I sunxihwc: setDisplaydCb: get mDisplaydCb =0x0xe909d400
05-28 16:04:36.085 271 271 I SurfaceFlinger: onComposerHalHotplug(0, connected)
05-28 16:04:36.085 271 271 I HWComposer: Switching to legacy multi-display mode
05-28 16:04:36.086 271 271 E HWComposer: getAttribute: getDisplayAttribute failed for display 0: BadConfig (1)
05-28 16:04:36.086 271 271 E HWComposer: getDisplayConnectionType: getDisplayConnectionType failed for display 0: Unsupported (8)
05-28 16:04:36.087 271 418 W EventThread: Ignoring VSYNC request while display is disconnected
05-28 16:04:36.088 271 418 W EventThread: Ignoring VSYNC request while display is disconnected
05-28 16:04:36.088 271 419 W EventThread: Ignoring VSYNC request while display is disconnected
05-28 16:04:36.088 271 419 W EventThread: Ignoring VSYNC request while display is disconnected
05-28 16:04:36.089 271 418 W EventThread: Ignoring VSYNC request while display is disconnected
05-28 16:04:36.089 271 418 W EventThread: Ignoring VSYNC request while display is disconnected
05-28 16:04:36.089 257 257 D sunxihwc: getHdrCapabilities: getHdrCapabilities: support hdr10 and hlg
05-28 16:04:36.089 271 271 W HwcComposer: getPerFrameMetadataKeys failed with 8
05-28 16:04:36.090 353 353 D multiir : multi_ir open uinput dev
05-28 16:04:36.093 311 315 D XM_HIDREAD: add@ add@/devices/virtual/input/input1
05-28 16:04:36.088 261 261 I EventThread: type=1400 audit(0.0:296): avc: denied { search } for name="extcon" dev="sysfs" ino=18109 scontext=u:r:hal_tv_cec_default:s0 tcontext=u:object_r:sysfs_extcon:s0 tclass=dir permissive=1
05-28 16:04:36.088 331 331 I xiriservice_All: type=1400 audit(0.0:297): avc: denied { read } for scontext=u:r:init:s0 tcontext=u:r:init:s0 tclass=netlink_kobject_uevent_socket permissive=1
05-28 16:04:36.094 257 416 I sunxihwc: pollThreadLoop: polling VsyncThread start
05-28 16:04:36.094 254 287 I gralloc : alloc buffer:W:1920 H:1080 S:1920 PL[1920 1080] SZ:8294400 fmt:1 if:0 af:1 usg:1b00 fg:00000004
05-28 16:04:36.099 254 254 I gralloc : alloc buffer:W:1920 H:1080 S:1920 PL[1920 1080] SZ:8294400 fmt:1 if:0 af:1 usg:1b00 fg:00000004
05-28 16:04:36.099 311 315 D XM_HIDREAD: add@ add@/devices/virtual/input/input1/event1
05-28 16:04:36.099 271 271 I SurfaceFlinger: Dispatching display hotplug event displayId=0, connected=1
05-28 16:04:36.100 257 410 W displayd: xxxxxxx: threadedStartup end
05-28 16:04:36.100 353 353 D multiir : uinputfd=4
05-28 16:04:36.105 353 353 I input : sunxi-ir-uinput as /devices/virtual/input/input1
05-28 16:04:36.102 271 423 W SurfaceFlinger: Failed to set thread name on dispatch thread
05-28 16:04:36.119 354 354 E cutils-trace: Error opening trace file: No such file or directory (2)
05-28 16:04:36.122 354 354 W storaged: health: invalid battery status
05-28 16:04:36.124 354 354 I ServiceManager: Waiting for service 'package_native' on '/dev/binder'...
05-28 16:04:36.129 345 345 D gpioservice: main gpio service is running.
05-28 16:04:36.130 345 345 I gpioservice: ServiceManager: 0xeca84cc0
05-28 16:04:36.132 345 345 D GpioService: GpioService created
05-28 16:04:36.133 180 180 E SELinux : avc: denied { add } for pid=345 uid=0 name=softwinner.gpio scontext=u:r:gpioservice:s0 tcontext=u:object_r:default_android_service:s0 tclass=service_manager permissive=1
05-28 16:04:36.137 351 351 V MediaUtils: physMem: 2055442432
05-28 16:04:36.137 351 351 V MediaUtils: requested limit: 134217728
05-28 16:04:36.137 351 351 I libc : malloc_limit: Allocation limit enabled, max size 134217728 bytes
05-28 16:04:36.143 351 351 D AudioPowerUsage: AudioPowerUsage
05-28 16:04:36.143 351 351 D AudioAnalytics: AudioAnalytics
05-28 16:04:36.143 351 351 D MediaMetricsService: MediaMetricsService
05-28 16:04:36.145 243 243 D Zygote : VMRuntime.setVerifierEnabled(false)
05-28 16:04:36.141 353 353 D multiir : uevent listen start
05-28 16:04:36.170 267 267 I ServiceManager: Waiting for service 'media.metrics' on '/dev/binder' successful after waiting 1062ms
05-28 16:04:36.171 267 267 I AudioFlinger: Using default 3000 mSec as standby time.
05-28 16:04:36.171 351 428 I ServiceManager: Waiting for service 'package_native' on '/dev/binder'...
05-28 16:04:36.173 357 357 D systemmixservice: main SystemMix service is running.
05-28 16:04:36.177 357 357 I systemmixservice: ServiceManager: 0xf5742cb0
05-28 16:04:36.178 357 357 D SystemMixService: SystemMixService created
05-28 16:04:36.179 180 180 E SELinux : avc: denied { add } for pid=357 uid=0 name=softwinner.systemmix scontext=u:r:systemmix:s0 tcontext=u:object_r:default_android_service:s0 tclass=service_manager permissive=1
05-28 16:04:36.212 267 267 E APM::HwModule: refreshSupportedDevices: invalid source devices for primary input
05-28 16:04:36.212 267 267 E APM::HwModule: refreshSupportedDevices: invalid source devices for fast input
05-28 16:04:36.217 267 267 D APM_EngineLoader: Loaded engine from libaudiopolicyenginedefault.so
05-28 16:04:36.217 267 267 D APM::AudioPolicyEngine/Base: loadAudioPolicyEngineConfig: No configuration found, using default matching phone experience.
05-28 16:04:36.230 353 353 D multiir : find target device, path=/dev/input/event0
05-28 16:04:36.235 353 434 D multiir : MultiirService create
05-28 16:04:36.236 180 180 E SELinux : avc: denied { add } for pid=353 uid=0 name=softwinner.multi_ir scontext=u:r:multi_ir:s0 tcontext=u:object_r:default_android_service:s0 tclass=service_manager permissive=1
05-28 16:04:36.237 267 267 W APM::AudioPolicyEngine/Base: loadAudioPolicyEngineConfig: No configuration of AUDIO_STREAM_ASSISTANT found, using default volume configuration
05-28 16:04:36.238 267 267 W APM::AudioPolicyEngine/Base: loadAudioPolicyEngineConfig: No configuration of AUDIO_STREAM_CALL_ASSISTANT found, using default volume configuration
05-28 16:04:36.258 248 248 V audio_hw_primary: init_audio_devices, line: 611
05-28 16:04:36.258 248 248 D audio_hw_primary: read card /sys/class/sound/card0/id
05-28 16:04:36.259 248 248 D audio_hw_primary: /sys/class/sound/card0/id, audiocodec, len: 11
05-28 16:04:36.259 248 248 D audio_hw_primary: linux name = audiocodec, android name = AUDIO_CODEC
05-28 16:04:36.259 248 248 D audio_hw_primary: find name map, card_id = audiocodec, card_name = AUDIO_CODEC
05-28 16:04:36.259 248 248 V audio_hw_primary: card: 0, name: AUDIO_CODEC, capture: 0, playback: 1
05-28 16:04:36.259 248 248 D audio_hw_primary: read card /sys/class/sound/card1/id
05-28 16:04:36.259 248 248 D audio_hw_primary: /sys/class/sound/card1/id, sndspdif, len: 9
05-28 16:04:36.259 248 248 D audio_hw_primary: linux name = sndspdif, android name = AUDIO_SPDIF
05-28 16:04:36.259 248 248 D audio_hw_primary: find name map, card_id = sndspdif, card_name = AUDIO_SPDIF
05-28 16:04:36.259 248 248 V audio_hw_primary: card: 1, name: AUDIO_SPDIF, capture: 1, playback: 1
05-28 16:04:36.259 248 248 D audio_hw_primary: read card /sys/class/sound/card2/id
05-28 16:04:36.261 248 248 D audio_hw_primary: /sys/class/sound/card2/id, ahubdam, len: 8
05-28 16:04:36.261 248 248 D audio_hw_primary: linux name = ahubdam, android name = AUDIO_DAM
05-28 16:04:36.261 248 248 D audio_hw_primary: find name map, card_id = ahubdam, card_name = AUDIO_DAM
05-28 16:04:36.261 248 248 V audio_hw_primary: card: 2, name: AUDIO_DAM, capture: 0, playback: 0
05-28 16:04:36.261 248 248 D audio_hw_primary: read card /sys/class/sound/card3/id
05-28 16:04:36.261 248 248 D audio_hw_primary: /sys/class/sound/card3/id, ahubhdmi, len: 9
05-28 16:04:36.262 248 248 D audio_hw_primary: linux name = ahubhdmi, android name = AUDIO_HDMI
05-28 16:04:36.262 248 248 D audio_hw_primary: find name map, card_id = ahubhdmi, card_name = AUDIO_HDMI
05-28 16:04:36.262 248 248 V audio_hw_primary: card: 3, name: AUDIO_HDMI, capture: 1, playback: 1
05-28 16:04:36.262 248 248 D audio_hw_primary: read card /sys/class/sound/card4/id
05-28 16:04:36.262 248 248 D audio_hw_primary: /sys/class/sound/card4/id, ahubi2s2, len: 9
05-28 16:04:36.263 248 248 D audio_hw_primary: linux name = ahubi2s2, android name = AUDIO_I2S2
05-28 16:04:36.263 248 248 D audio_hw_primary: find name map, card_id = ahubi2s2, card_name = AUDIO_I2S2
05-28 16:04:36.263 248 248 V audio_hw_primary: card: 4, name: AUDIO_I2S2, capture: 1, playback: 1
05-28 16:04:36.263 248 248 D audio_hw_primary: getCardNumbyName: name = AUDIO_CODEC , card = 0
05-28 16:04:36.263 248 248 D audio_hw_primary: getCardNumbyName: name = AUDIO_DAM , card = 2
05-28 16:04:36.263 248 248 D audio_hw_primary: getCardNumbyName: name = AUDIO_HDMI , card = 3
05-28 16:04:36.263 248 248 D audio_hw_primary: getCardNumbyName: name = AUDIO_I2S2 , card = 4
05-28 16:04:36.263 248 248 D audio_hw_primary: getCardNumbyName: name = AUDIO_SPDIF , card = 1
05-28 16:04:36.263 248 248 E audio_hw_primary: AUDIO_BT card does not exist
05-28 16:04:36.263 248 248 E audio_hw_primary: AUDIO_MIX card does not exist
05-28 16:04:36.263 248 248 V audio_hw_primary: init_audio_devices_active, line: 635
05-28 16:04:36.264 248 248 V audio_hw_primary: init_audio_devices_active: get property vendor.audio.input.active: AUDIO_AC107
05-28 16:04:36.260 248 248 I audio.service: type=1400 audit(0.0:298): avc: denied { read } for name="u:object_r:vendor_audio_prop:s0" dev="tmpfs" ino=2952 scontext=u:r:hal_audio_default:s0 tcontext=u:object_r:vendor_audio_prop:s0 tclass=file permissive=1
05-28 16:04:36.260 248 248 I audio.service: type=1400 audit(0.0:299): avc: denied { open } for path="/dev/__properties__/u:object_r:vendor_audio_prop:s0" dev="tmpfs" ino=2952 scontext=u:r:hal_audio_default:s0 tcontext=u:object_r:vendor_audio_prop:s0 tclass=file permissive=1
05-28 16:04:36.260 248 248 I audio.service: type=1400 audit(0.0:300): avc: denied { getattr } for path="/dev/__properties__/u:object_r:vendor_audio_prop:s0" dev="tmpfs" ino=2952 scontext=u:r:hal_audio_default:s0 tcontext=u:object_r:vendor_audio_prop:s0 tclass=file permissive=1
05-28 16:04:36.260 248 248 I audio.service: type=1400 audit(0.0:301): avc: denied { map } for path="/dev/__properties__/u:object_r:vendor_audio_prop:s0" dev="tmpfs" ino=2952 scontext=u:r:hal_audio_default:s0 tcontext=u:object_r:vendor_audio_prop:s0 tclass=file permissive=1
05-28 16:04:36.260 1 1 I /system/bin/init: type=1107 audit(0.0:302): uid=0 auid=4294967295 ses=4294967295 subj=u:r:init:s0 msg='avc: denied { set } for property=vendor.audio.input.active pid=248 uid=1041 gid=1005 scontext=u:r:hal_audio_default:s0 tcontext=u:object_r:vendor_audio_prop:s0 tclass=property_service permissive=1'
05-28 16:04:36.265 248 248 V audio_hw_primary: set property vendor.audio.input.active: AUDIO_AC107 ok
05-28 16:04:36.265 248 248 E audio_hw_primary: can not set AUDIO_AC107 input active
05-28 16:04:36.265 248 248 E audio_hw_primary: but device AUDIO_I2S2 input will be active
05-28 16:04:36.265 248 248 V audio_hw_primary: init_audio_devices_active: get property vendor.audio.output.active: AUDIO_CODEC,AUDIO_HDMI
05-28 16:04:36.267 248 248 V audio_hw_primary: set property vendor.audio.output.active: AUDIO_CODEC,AUDIO_HDMI ok
05-28 16:04:36.267 248 248 V audio_hw_primary: AUDIO_CODEC output device will be active
05-28 16:04:36.267 248 248 V audio_hw_primary: AUDIO_HDMI output device will be active
05-28 16:04:36.267 248 248 D audio_hw_primary: XX 2 1 2 0
05-28 16:04:36.270 248 248 W audio_route: Control 'External Speaker Switch' doesn't exist - skipping
05-28 16:04:36.270 248 248 W audio_route: Control 'Headphone Switch' doesn't exist - skipping
05-28 16:04:36.270 248 248 W audio_route: Control 'Earpiece Switch' doesn't exist - skipping
05-28 16:04:36.270 248 248 W audio_route: Control 'AIF1IN0R Mux' doesn't exist - skipping
05-28 16:04:36.270 248 248 W audio_route: Control 'AIF1IN0L Mux' doesn't exist - skipping
05-28 16:04:36.270 248 248 W audio_route: Control 'DACR Mixer AIF1DA0R Switch' doesn't exist - skipping
05-28 16:04:36.270 248 248 W audio_route: Control 'DACL Mixer AIF1DA0L Switch' doesn't exist - skipping
05-28 16:04:36.270 248 248 W audio_route: Control 'AIF1OUT0L Mux' doesn't exist - skipping
05-28 16:04:36.270 248 248 W audio_route: Control 'AIF1OUT0R Mux' doesn't exist - skipping
05-28 16:04:36.270 248 248 W audio_route: Control 'AIF1 AD0L Mixer ADCL Switch' doesn't exist - skipping
05-28 16:04:36.270 248 248 W audio_route: Control 'AIF1 AD0R Mixer ADCR Switch' doesn't exist - skipping
05-28 16:04:36.270 248 248 W audio_route: Control 'ADCR Mux' doesn't exist - skipping
05-28 16:04:36.270 248 248 W audio_route: Control 'ADCL Mux' doesn't exist - skipping
05-28 16:04:36.270 248 248 W audio_route: Control 'HP_R Mux' doesn't exist - skipping
05-28 16:04:36.270 248 248 W audio_route: Control 'HP_L Mux' doesn't exist - skipping
05-28 16:04:36.271 248 248 W audio_route: Control 'HP_R Mux' doesn't exist - skipping
05-28 16:04:36.271 248 248 W audio_route: Control 'HP_L Mux' doesn't exist - skipping
05-28 16:04:36.271 248 248 W audio_route: Control 'Right Output Mixer DACR Switch' doesn't exist - skipping
05-28 16:04:36.271 248 248 W audio_route: Control 'Left Output Mixer DACL Switch' doesn't exist - skipping
05-28 16:04:36.271 248 248 W audio_route: Control 'SPK_L Mux' doesn't exist - skipping
05-28 16:04:36.271 248 248 W audio_route: Control 'SPK_R Mux' doesn't exist - skipping
05-28 16:04:36.271 248 248 W audio_route: Control 'External Speaker Switch' doesn't exist - skipping
05-28 16:04:36.271 248 248 W audio_route: Control 'Headphone Switch' doesn't exist - skipping
05-28 16:04:36.271 248 248 W audio_route: Control 'AIF1IN0R Mux' doesn't exist - skipping
05-28 16:04:36.271 248 248 W audio_route: Control 'AIF1IN0L Mux' doesn't exist - skipping
05-28 16:04:36.271 248 248 W audio_route: Control 'DACR Mixer AIF1DA0R Switch' doesn't exist - skipping
05-28 16:04:36.271 248 248 W audio_route: Control 'DACL Mixer AIF1DA0L Switch' doesn't exist - skipping
05-28 16:04:36.271 248 248 W audio_route: Control 'Left Output Mixer DACR Switch' doesn't exist - skipping
05-28 16:04:36.271 248 248 W audio_route: Control 'Left Output Mixer DACL Switch' doesn't exist - skipping
05-28 16:04:36.272 248 248 W audio_route: Control 'SPK_L Mux' doesn't exist - skipping
