05-28 16:05:31.549 2349 2416 E nStackXDFinder: GetLocalIp:[401] :GetLocalIp exec
05-28 16:05:31.733 2349 2416 D nStackXCoAP: IsInSameNetwork:[276] :IsInSameNetwork exec
05-28 16:05:31.733 2349 2416 I nStackXDFinder: GetLocalInterfaceDetail:[461] :GetLocalInterfaceDetail in
05-28 16:05:31.733 2349 2416 E nStackXCoAP: IsInSameNetwork:[281] :IsInSameNetwork: not priority process
05-28 16:05:31.733 2349 2416 D nStackXCoAP: ParseServiceDiscover:[330] :new device join
05-28 16:05:31.733 2349 2416 E nStackXDFinder: GetLocalIp:[401] :GetLocalIp exec
05-28 16:05:31.932 1057 1550 I OpenGLRenderer: Davey! duration=9223371973034ms; Flags=0, FrameTimelineVsyncId=2389, IntendedVsync=63810652495, Vsync=63810652495, InputEventId=0, HandleInputStart=63819638404, AnimationStart=63819642946, PerformTraversalsStart=63820664696, DrawStart=63821133779, FrameDeadline=63843985827, FrameInterval=63819630988, FrameStartTime=16666666, SyncQueued=63821440279, SyncStart=63831346404, IssueDrawCommandsStart=63833987613, SwapBuffers=63843222029, FrameCompleted=9223372036854775807, DequeueBufferDuration=913417, QueueBufferDuration=1392541, GpuCompleted=9223372036854775807, SwapBuffersCompleted=63854494154, DisplayPresentTime=0,
05-28 16:05:32.028 2349 2416 D nStackXCoAP: IsInSameNetwork:[276] :IsInSameNetwork exec
05-28 16:05:32.028 2349 2416 I nStackXDFinder: GetLocalInterfaceDetail:[461] :GetLocalInterfaceDetail in
05-28 16:05:32.029 2349 2416 E nStackXCoAP: IsInSameNetwork:[281] :IsInSameNetwork: not priority process
05-28 16:05:32.029 2349 2416 D nStackXCoAP: ParseServiceDiscover:[330] :new device join
05-28 16:05:32.029 2349 2416 E nStackXDFinder: GetLocalIp:[401] :GetLocalIp exec
05-28 16:05:32.093 467 515 W IorapForwardingService: No service published for: iorapd
05-28 16:05:32.105 2349 2416 D nStackXCoAP: IsInSameNetwork:[276] :IsInSameNetwork exec
05-28 16:05:32.105 2349 2416 I nStackXDFinder: GetLocalInterfaceDetail:[461] :GetLocalInterfaceDetail in
05-28 16:05:32.105 2349 2416 E nStackXCoAP: IsInSameNetwork:[281] :IsInSameNetwork: not priority process
05-28 16:05:32.105 2349 2416 D nStackXCoAP: ParseServiceDiscover:[330] :new device join
05-28 16:05:32.105 2349 2416 E nStackXDFinder: GetLocalIp:[401] :GetLocalIp exec
05-28 16:05:32.162 467 799 I ActivityManager: Killing 1375:com.android.localtransport/1000 (adj 985): empty #17
05-28 16:05:32.167 1114 1114 D aaa : LedStatusService onStartCommand begin
05-28 16:05:32.169 1158 1158 D bbb : onStartCommand begin !!!!!!! data分区剩余 24837MB
05-28 16:05:32.170 2349 2416 D nStackXCoAP: IsInSameNetwork:[276] :IsInSameNetwork exec
05-28 16:05:32.170 2349 2416 I nStackXDFinder: GetLocalInterfaceDetail:[461] :GetLocalInterfaceDetail in
05-28 16:05:32.170 2349 2416 E nStackXCoAP: IsInSameNetwork:[281] :IsInSameNetwork: not priority process
05-28 16:05:32.170 2349 2416 D nStackXCoAP: ParseServiceDiscover:[330] :new device join
05-28 16:05:32.170 2349 2416 E nStackXDFinder: GetLocalIp:[401] :GetLocalIp exec
05-28 16:05:32.182 1114 2533 D aaa : topPkg is -------------- :com.dangbei.leard.leradlauncher
05-28 16:05:32.188 1114 2533 D aaa : WiFi is connect
05-28 16:05:32.205 243 243 I Zygote : Process 1375 exited due to signal 9 (Killed)
05-28 16:05:32.206 467 528 I libprocessgroup: Successfully killed process cgroup uid 1000 pid 1375 in 43ms
05-28 16:05:32.294 2349 2416 D nStackXCoAP: CoapMessageHandler:[133] :2.01
05-28 16:05:32.295 2349 2416 D nStackXCoAP: CoapMessageHandler:[133] :2.01
05-28 16:05:32.319 2349 2416 D nStackXCoAP: CoapMessageHandler:[133] :2.01
05-28 16:05:32.492 2349 2416 D nStackXCoAP: IsInSameNetwork:[276] :IsInSameNetwork exec
05-28 16:05:32.492 2349 2416 I nStackXDFinder: GetLocalInterfaceDetail:[461] :GetLocalInterfaceDetail in
05-28 16:05:32.492 2349 2416 E nStackXCoAP: IsInSameNetwork:[281] :IsInSameNetwork: not priority process
05-28 16:05:32.492 2349 2416 D nStackXCoAP: ParseServiceDiscover:[330] :new device join
05-28 16:05:32.493 2349 2416 E nStackXDFinder: GetLocalIp:[401] :GetLocalIp exec
05-28 16:05:32.769 2349 2416 D nStackXCoAP: CoapMessageHandler:[133] :2.01
05-28 16:05:32.769 2349 2416 D nStackXCoAP: CoapMessageHandler:[133] :2.01
05-28 16:05:32.770 2349 2416 D nStackXCoAP: CoapMessageHandler:[133] :2.01
05-28 16:05:32.773 249 987 E bt_upio : upio_set : /proc/bluetooth/sleep/btwrite(-1) incorrent
05-28 16:05:32.930 651 651 E WifiHAL : wifi_get_link_stats: requestResponse Error:-5
05-28 16:05:32.933 467 600 E WifiVendorHal: getWifiLinkLayerStats_1_5_Internal(l.1191) failed {.code = ERROR_INVALID_ARGS, .description = }
05-28 16:05:33.095 467 515 W IorapForwardingService: No service published for: iorapd
05-28 16:05:33.099 657 865 I bt_osi_alarm: system/bt/osi/src/alarm.cc:540 reschedule_root_alarm: reschedule_root_alarm alarm expiration too close for posix timers, switching to guns
05-28 16:05:33.100 657 988 I bt_stack: [INFO:btsnoop.cc(338)] clear_l2cap_allowlist: Clearing acceptlist from l2cap channel. conn_handle=65535 cid=6:6
05-28 16:05:33.100 249 989 E bt_upio : upio_set : /proc/bluetooth/sleep/btwrite(-1) incorrent
05-28 16:05:33.101 657 988 W bt_stack: [WARNING:l2c_api.cc(1394)] L2CA_RemoveFixedChnl BDA: e4:bb:d3:57:c0:7a CID: 0x0006 not connected
05-28 16:05:33.102 657 988 I bt_btif_storage: system/bt/btif/src/btif_storage.cc:1138 btif_storage_remove_ble_bonding_keys: Removing bonding keys for bd addr:e4:bb:d3:57:c0:7a
05-28 16:05:33.102 657 988 I bt_btif_config: system/bt/btif/src/btif_config.cc:137 btif_get_device_type: Device [e4:bb:d3:57:c0:7a] device type 2
05-28 16:05:33.102 657 988 I bt_btif_dm: system/bt/btif/src/btif_dm.cc:384 get_cod: get_cod remote_cod = 0x00001f00
05-28 16:05:33.102 657 988 I bt_btif_dm: system/bt/btif/src/btif_dm.cc:451 bond_state_changed: Bond state changed to state=0 [0:none, 1:bonding, 2:bonded], prev_state=1, sdp_attempts = 0
05-28 16:05:33.102 657 988 E bt_stack: [ERROR:metric_id_allocator.cc(181)] BluetoothMetricIdAllocatorFailed to forget device because device is not in paired_device_cache_
05-28 16:05:33.102 657 988 I bt_btif_config: system/bt/btif/src/btif_config.cc:137 btif_get_device_type: Device [e4:bb:d3:57:c0:7a] device type 2
05-28 16:05:33.103 657 988 E bt_btm : system/bt/main/bte_logmsg.cc:191 LogMsg: btm_proc_smp_cback: p_dev_rec is NULL
05-28 16:05:33.103 657 988 E bt_stack: [ERROR:bta_gattc_utils.cc(441)] bta_gattc_mark_bg_conn unable to find the bg connection mask for bd_addr=e4:bb:d3:57:c0:7a
05-28 16:05:33.107 657 866 I BluetoothBondStateMachine: bondStateChangeCallback: Status: 1 Address: E4:BB:D3:57:C0:7A newState: 0
05-28 16:05:33.111 657 941 D AdapterProperties: Failed to remove device: E4:BB:D3:57:C0:7A
05-28 16:05:33.115 657 941 I BluetoothBondStateMachine: Bond State Change Intent:E4:BB:D3:57:C0:7A BOND_BONDING => BOND_NONE
05-28 16:05:33.115 657 941 W HeadsetClientService: getHeadsetClientService(): service is null
05-28 16:05:33.115 657 941 W PbapClientService: getPbapClientService(): service is null
05-28 16:05:33.116 657 941 V BluetoothDatabase: setProfileConnectionPolicy connection policy not changed.
05-28 16:05:33.116 657 941 D A2dpService: Saved connectionPolicy E4:BB:D3:57:C0:7A = -1
05-28 16:05:33.116 657 941 V BluetoothDatabase: setProfileConnectionPolicy connection policy not changed.
05-28 16:05:33.116 657 941 I HeadsetService: setConnectionPolicy: device=E4:BB:D3:57:C0:7A, connectionPolicy=-1, uid/pid=1002/657
05-28 16:05:33.116 657 941 V BluetoothDatabase: setProfileConnectionPolicy connection policy not changed.
05-28 16:05:33.116 657 941 I BluetoothBondStateMachine: StableState(): Entering Off State
05-28 16:05:33.119 657 657 D A2dpService: Bond state changed for device: E4:BB:D3:57:C0:7A state: 10
05-28 16:05:33.120 467 526 W BroadcastQueue: Background execution not allowed: receiving Intent { act=android.bluetooth.device.action.BOND_STATE_CHANGED flg=0x10 (has extras) } to com.dangbei.lerad.etna.haqu/com.dangbei.remotecontroller.RemoteControllerReceiver
05-28 16:05:33.124 1021 1021 I dangbei111: cccccc on receiver=android.bluetooth.device.action.BOND_STATE_CHANGED,mac=E4:BB:D3:57:C0:7A
05-28 16:05:33.124 1021 1021 I dangbei111: Wait for auto connection, processBondStateChange: bondState: 11 --> 10
05-28 16:05:33.127 1021 1021 E dangbei111: cccccc 开始扫描
05-28 16:05:33.127 1021 1021 D BluetoothAdapter: isLeEnabled(): ON
05-28 16:05:33.128 657 671 D BluetoothDatabase: getCustomMeta: device E4:BB:D3:57:C0:7A is not in cache
05-28 16:05:33.129 657 671 D BluetoothDatabase: getCustomMeta: device E4:BB:D3:57:C0:7A is not in cache
05-28 16:05:33.129 670 853 W BluetoothEventManager: showUnbondMessage: Not displaying any message for reason: 9
05-28 16:05:33.422 2124 2133 I gbei.screencas: Background concurrent copying GC freed 74705(7653KB) AllocSpace objects, 34(948KB) LOS objects, 49% free, 6106KB/11MB, paused 134us total 158.196ms
05-28 16:05:34.097 467 515 W IorapForwardingService: No service published for: iorapd
05-28 16:05:34.351 1057 1550 I OpenGLRenderer: Davey! duration=9223371970623ms; Flags=0, FrameTimelineVsyncId=2488, IntendedVsync=66227315560, Vsync=66227315560, InputEventId=0, HandleInputStart=66228053489, AnimationStart=66228061614, PerformTraversalsStart=66228824406, DrawStart=66230239489, FrameDeadline=66260648892, FrameInterval=66227996697, FrameStartTime=16666666, SyncQueued=66240989989, SyncStart=66245383156, IssueDrawCommandsStart=66246757364, SwapBuffers=66259947406, FrameCompleted=9223372036854775807, DequeueBufferDuration=44750, QueueBufferDuration=5703875, GpuCompleted=9223372036854775807, SwapBuffersCompleted=66266755322, DisplayPresentTime=0,
05-28 16:05:34.367 1057 1550 I OpenGLRenderer: Davey! duration=9223371970591ms; Flags=0, FrameTimelineVsyncId=2489, IntendedVsync=66244354682, Vsync=66244354682, InputEventId=0, HandleInputStart=66247588447, AnimationStart=66247591114, PerformTraversalsStart=66247976281, DrawStart=66248180281, FrameDeadline=66277688014, FrameInterval=66247578906, FrameStartTime=16666666, SyncQueued=66248261822, SyncStart=66267135031, IssueDrawCommandsStart=66268389739, SwapBuffers=66275370364, FrameCompleted=9223372036854775807, DequeueBufferDuration=51042, QueueBufferDuration=3715375, GpuCompleted=9223372036854775807, SwapBuffersCompleted=66281419489, DisplayPresentTime=0,
05-28 16:05:34.380 1057 1550 I OpenGLRenderer: Davey! duration=9223371970581ms; Flags=0, FrameTimelineVsyncId=2491, IntendedVsync=66261021348, Vsync=66261021348, InputEventId=0, HandleInputStart=66268838864, AnimationStart=66268841614, PerformTraversalsStart=66269208739, DrawStart=66269386989, FrameDeadline=66294354680, FrameInterval=66268831572, FrameStartTime=16666666, SyncQueued=66269482864, SyncStart=66282186822, IssueDrawCommandsStart=66283836197, SwapBuffers=66291936114, FrameCompleted=9223372036854775807, DequeueBufferDuration=891292, QueueBufferDuration=6028417, GpuCompleted=9223372036854775807, SwapBuffersCompleted=66299212822, DisplayPresentTime=0,
05-28 16:05:34.416 1057 1550 I OpenGLRenderer: Davey! duration=9223371970549ms; Flags=0, FrameTimelineVsyncId=2495, IntendedVsync=66294354680, Vsync=66294354680, InputEventId=0, HandleInputStart=66307062239, AnimationStart=66307067239, PerformTraversalsStart=66307351114, DrawStart=66307922531, FrameDeadline=66327688012, FrameInterval=66307054156, FrameStartTime=16666666, SyncQueued=66308529989, SyncStart=66318988947, IssueDrawCommandsStart=66320599322, SwapBuffers=66332765989, FrameCompleted=9223372036854775807, DequeueBufferDuration=66375, QueueBufferDuration=1105083, GpuCompleted=9223372036854775807, SwapBuffersCompleted=66334647489, DisplayPresentTime=0,
05-28 16:05:34.432 1057 1550 I OpenGLRenderer: Davey! duration=9223371970530ms; Flags=0, FrameTimelineVsyncId=2497, IntendedVsync=66311067043, Vsync=66311067043, InputEventId=0, HandleInputStart=66321196031, AnimationStart=66321200906, PerformTraversalsStart=66321822656, DrawStart=66322026489, FrameDeadline=66344400375, FrameInterval=66321186447, FrameStartTime=16666666, SyncQueued=66322127656, SyncStart=66334925739, IssueDrawCommandsStart=66335964489, SwapBuffers=66343013531, FrameCompleted=9223372036854775807, DequeueBufferDuration=37542, QueueBufferDuration=7426042, GpuCompleted=9223372036854775807, SwapBuffersCompleted=66351749239, DisplayPresentTime=0,
05-28 16:05:34.448 1057 1550 I OpenGLRenderer: Davey! duration=9223371970512ms; Flags=0, FrameTimelineVsyncId=2499, IntendedVsync=66327410914, Vsync=66327410914, InputEventId=0, HandleInputStart=66336405656, AnimationStart=66336408781, PerformTraversalsStart=66336873781, DrawStart=66337033781, FrameDeadline=66360744246, FrameInterval=66336397156, FrameStartTime=16666666, SyncQueued=66337128989, SyncStart=66352377281, IssueDrawCommandsStart=66353455114, SwapBuffers=66359453156, FrameCompleted=9223372036854775807, DequeueBufferDuration=46000, QueueBufferDuration=9914250, GpuCompleted=9223372036854775807, SwapBuffersCompleted=66370466281, DisplayPresentTime=0,
05-28 16:05:34.464 1057 1550 I OpenGLRenderer: Davey! duration=9223371970494ms; Flags=0, FrameTimelineVsyncId=2501, IntendedVsync=66343917867, Vsync=66343917867, InputEventId=0, HandleInputStart=66353844197, AnimationStart=66353846822, PerformTraversalsStart=66354182406, DrawStart=66354351822, FrameDeadline=66377251199, FrameInterval=66353837864, FrameStartTime=16666666, SyncQueued=66354432864, SyncStart=66370964447, IssueDrawCommandsStart=66372378697, SwapBuffers=66375775197, FrameCompleted=9223372036854775807, DequeueBufferDuration=56875, QueueBufferDuration=12452542, GpuCompleted=9223372036854775807, SwapBuffersCompleted=66389421822, DisplayPresentTime=0,
05-28 16:05:34.933 1057 1774 I OpenGLRenderer: Davey! duration=9223371970034ms; Flags=0, FrameTimelineVsyncId=2557, IntendedVsync=66810651961, Vsync=66810651961, InputEventId=0, HandleInputStart=66811332656, AnimationStart=66811338739, PerformTraversalsStart=66815193072, DrawStart=66817219822, FrameDeadline=66843985293, FrameInterval=66811320947, FrameStartTime=16666666, SyncQueued=66818754614, SyncStart=66827938447, IssueDrawCommandsStart=66829152656, SwapBuffers=66840642406, FrameCompleted=9223372036854775807, DequeueBufferDuration=3236375, QueueBufferDuration=1614625, GpuCompleted=9223372036854775807, SwapBuffersCompleted=66850514239, DisplayPresentTime=0,
05-28 16:05:35.100 467 515 W IorapForwardingService: No service published for: iorapd
05-28 16:05:35.278 2349 2416 D nStackXCoAP: CoapMessageHandler:[133] :2.01
05-28 16:05:35.602 1995 2086 D UtilLog : 日志批量上报 进行正常循环 !!!!!!本次有0次请求,共0条数据
05-28 16:05:35.949 651 651 E WifiHAL : wifi_get_link_stats: requestResponse Error:-5
05-28 16:05:35.952 467 600 E WifiVendorHal: getWifiLinkLayerStats_1_5_Internal(l.1191) failed {.code = ERROR_INVALID_ARGS, .description = }
05-28 16:05:36.102 467 515 W IorapForwardingService: No service published for: iorapd
05-28 16:05:37.105 467 515 W IorapForwardingService: No service published for: iorapd
05-28 16:05:37.319 1057 1774 I OpenGLRenderer: Davey! duration=9223371967626ms; Flags=0, FrameTimelineVsyncId=2655, IntendedVsync=69227325597, Vsync=69227325597, InputEventId=0, HandleInputStart=69228035157, AnimationStart=69228041407, PerformTraversalsStart=69228319907, DrawStart=69229104490, FrameDeadline=69260658929, FrameInterval=69227992824, FrameStartTime=16666666, SyncQueued=69230658407, SyncStart=69231119865, IssueDrawCommandsStart=69232358740, SwapBuffers=69240853199, FrameCompleted=9223372036854775807, DequeueBufferDuration=59916, QueueBufferDuration=1642625, GpuCompleted=9223372036854775807, SwapBuffersCompleted=69243674324, DisplayPresentTime=0,
05-28 16:05:37.334 415 415 W hdr10p_Configure: 64 callbacks suppressed
05-28 16:05:37.334 415 415 I : DVI mode selected: packets not configured
05-28 16:05:37.334 415 415 W set_vsif_config: 64 callbacks suppressed
05-28 16:05:37.334 415 415 I : Error: set vsif failed
05-28 16:05:37.350 1057 1774 I OpenGLRenderer: Davey! duration=9223371967609ms; Flags=0, FrameTimelineVsyncId=2657, IntendedVsync=69243992315, Vsync=69243992315, InputEventId=0, HandleInputStart=69244760949, AnimationStart=69244765782, PerformTraversalsStart=69245279990, DrawStart=69246916907, FrameDeadline=69277325647, FrameInterval=69244747074, FrameStartTime=16666666, SyncQueued=69247537740, SyncStart=69248622615, IssueDrawCommandsStart=69250771699, SwapBuffers=69264274449, FrameCompleted=9223372036854775807, DequeueBufferDuration=64708, QueueBufferDuration=1029750, GpuCompleted=9223372036854775807, SwapBuffersCompleted=69265930824, DisplayPresentTime=0,
05-28 16:05:37.358 415 415 I : DVI mode selected: packets not configured
05-28 16:05:37.358 415 415 I : Error: set vsif failed
05-28 16:05:37.366 1057 1774 I OpenGLRenderer: Davey! duration=9223371967590ms; Flags=0, FrameTimelineVsyncId=2658, IntendedVsync=69260657836, Vsync=69260657836, InputEventId=0, HandleInputStart=69261375365, AnimationStart=69261546032, PerformTraversalsStart=69262310157, DrawStart=69262546282, FrameDeadline=69293991168, FrameInterval=69261364865, FrameStartTime=16666666, SyncQueued=69262624865, SyncStart=69266175115, IssueDrawCommandsStart=69267223657, SwapBuffers=69276275699, FrameCompleted=9223372036854775807, DequeueBufferDuration=43000, QueueBufferDuration=1886542, GpuCompleted=9223372036854775807, SwapBuffersCompleted=69279200699, DisplayPresentTime=0,
05-28 16:05:37.375 415 415 I : DVI mode selected: packets not configured
05-28 16:05:37.375 415 415 I : Error: set vsif failed
05-28 16:05:37.384 1057 1774 I OpenGLRenderer: Davey! duration=9223371967576ms; Flags=0, FrameTimelineVsyncId=2660, IntendedVsync=69277324549, Vsync=69277324549, InputEventId=0, HandleInputStart=69278282407, AnimationStart=69278287032, PerformTraversalsStart=69278521074, DrawStart=69278661449, FrameDeadline=69310657881, FrameInterval=69278272574, FrameStartTime=16666666, SyncQueued=69278738074, SyncStart=69279723407, IssueDrawCommandsStart=69281688865, SwapBuffers=69292763282, FrameCompleted=9223372036854775807, DequeueBufferDuration=2361541, QueueBufferDuration=4728125, GpuCompleted=9223372036854775807, SwapBuffersCompleted=69298580699, DisplayPresentTime=0,
05-28 16:05:37.394 415 415 I : DVI mode selected: packets not configured
05-28 16:05:37.394 415 415 I : Error: set vsif failed
05-28 16:05:37.399 1057 1774 I OpenGLRenderer: Davey! duration=9223371967555ms; Flags=0, FrameTimelineVsyncId=2662, IntendedVsync=69293987948, Vsync=69293987948, InputEventId=0, HandleInputStart=69294765615, AnimationStart=69294773324, PerformTraversalsStart=69295236657, DrawStart=69296387199, FrameDeadline=69327321280, FrameInterval=69294725365, FrameStartTime=16666666, SyncQueued=69296947532, SyncStart=69302593615, IssueDrawCommandsStart=69303776115, SwapBuffers=69312891199, FrameCompleted=9223372036854775807, DequeueBufferDuration=49708, QueueBufferDuration=3638709, GpuCompleted=9223372036854775807, SwapBuffersCompleted=69317720782, DisplayPresentTime=0,
05-28 16:05:37.415 415 415 I : DVI mode selected: packets not configured
05-28 16:05:37.415 415 415 I : Error: set vsif failed
05-28 16:05:37.415 1057 1550 I OpenGLRenderer: Davey! duration=9223371967539ms; Flags=0, FrameTimelineVsyncId=2664, IntendedVsync=69310654744, Vsync=69310654744, InputEventId=0, HandleInputStart=69311986574, AnimationStart=69311993157, PerformTraversalsStart=69312553157, DrawStart=69314298449, FrameDeadline=69343988076, FrameInterval=69311973907, FrameStartTime=16666666, SyncQueued=69314397699, SyncStart=69318893032, IssueDrawCommandsStart=69320580824, SwapBuffers=69327291615, FrameCompleted=9223372036854775807, DequeueBufferDuration=48250, QueueBufferDuration=9702458, GpuCompleted=9223372036854775807, SwapBuffersCompleted=69338281407, DisplayPresentTime=0,
05-28 16:05:37.435 415 415 I : DVI mode selected: packets not configured
05-28 16:05:37.435 415 415 I : Error: set vsif failed
05-28 16:05:37.456 415 415 I : DVI mode selected: packets not configured
05-28 16:05:37.456 415 415 I : Error: set vsif failed
05-28 16:05:37.476 415 415 I : DVI mode selected: packets not configured
05-28 16:05:37.476 415 415 I : Error: set vsif failed
05-28 16:05:37.496 415 415 I : DVI mode selected: packets not configured
05-28 16:05:37.496 415 415 I : Error: set vsif failed
05-28 16:05:37.502 415 415 I : DVI mode selected: packets not configured
05-28 16:05:37.502 415 415 I : Error: set vsif failed
05-28 16:05:37.931 1057 1774 I OpenGLRenderer: Davey! duration=9223371967022ms; Flags=0, FrameTimelineVsyncId=2726, IntendedVsync=69827317209, Vsync=69827317209, InputEventId=0, HandleInputStart=69827970449, AnimationStart=69827976532, PerformTraversalsStart=69828983782, DrawStart=69829954449, FrameDeadline=69860650541, FrameInterval=69827958741, FrameStartTime=16666666, SyncQueued=69830284366, SyncStart=69835486282, IssueDrawCommandsStart=69836940782, SwapBuffers=69849909116, FrameCompleted=9223372036854775807, DequeueBufferDuration=2143875, QueueBufferDuration=1110500, GpuCompleted=9223372036854775807, SwapBuffersCompleted=69858096199, DisplayPresentTime=0,
05-28 16:05:38.107 467 515 W IorapForwardingService: No service published for: iorapd
05-28 16:05:38.256 657 866 I bt_btif_dm: system/bt/btif/src/btif_dm.cc:548 btif_update_remote_properties: cod from storage is also unclassified
05-28 16:05:38.969 651 651 E WifiHAL : wifi_get_link_stats: requestResponse Error:-5
05-28 16:05:38.971 467 600 E WifiVendorHal: getWifiLinkLayerStats_1_5_Internal(l.1191) failed {.code = ERROR_INVALID_ARGS, .description = }
05-28 16:05:39.109 467 515 W IorapForwardingService: No service published for: iorapd
05-28 16:05:39.658 261 279 D hdmi-cec: receive invalid cec message!
05-28 16:05:39.658 261 279 D hdmi-cec: receive poll message [04], skip!
05-28 16:05:40.111 467 515 W IorapForwardingService: No service published for: iorapd
05-28 16:05:40.108 2539 2539 I Thread-2: type=1400 audit(0.0:1014): avc: denied { execute } for name="am" dev="dm-1" ino=1160 scontext=u:r:system_app:s0 tcontext=u:object_r:vendor_file:s0 tclass=file permissive=1
05-28 16:05:40.108 2539 2539 I Thread-2: type=1400 audit(0.0:1015): avc: denied { read open } for path="/vendor/xbin/am" dev="dm-1" ino=1160 scontext=u:r:system_app:s0 tcontext=u:object_r:vendor_file:s0 tclass=file permissive=1
05-28 16:05:40.108 2539 2539 I Thread-2: type=1400 audit(0.0:1016): avc: denied { execute_no_trans } for path="/vendor/xbin/am" dev="dm-1" ino=1160 scontext=u:r:system_app:s0 tcontext=u:object_r:vendor_file:s0 tclass=file permissive=1
05-28 16:05:40.173 1114 1114 D aaa : LedStatusService onStartCommand begin
05-28 16:05:40.175 1114 2547 D aaa : topPkg is -------------- :com.dangbei.leard.leradlauncher
05-28 16:05:40.179 1158 1158 D bbb : onStartCommand begin !!!!!!! data分区剩余 24837MB
05-28 16:05:40.181 1114 2547 D aaa : WiFi is connect
05-28 16:05:40.336 1057 1774 I OpenGLRenderer: Davey! duration=9223371964627ms; Flags=0, FrameTimelineVsyncId=2811, IntendedVsync=72227279602, Vsync=72227279602, InputEventId=0, HandleInputStart=72227788075, AnimationStart=72227793658, PerformTraversalsStart=72228471658, DrawStart=72229302533, FrameDeadline=72260612934, FrameInterval=72227778908, FrameStartTime=16666666, SyncQueued=72230654825, SyncStart=72231053950, IssueDrawCommandsStart=72232136075, SwapBuffers=72250780200, FrameCompleted=9223372036854775807, DequeueBufferDuration=52500, QueueBufferDuration=1645375, GpuCompleted=9223372036854775807, SwapBuffersCompleted=72253712617, DisplayPresentTime=0,
05-28 16:05:40.399 1057 1774 I OpenGLRenderer: Davey! duration=9223371964567ms; Flags=0, FrameTimelineVsyncId=2815, IntendedVsync=72277262641, Vsync=72277262641, InputEventId=0, HandleInputStart=72280142825, AnimationStart=72280146742, PerformTraversalsStart=72280854617, DrawStart=72280989992, FrameDeadline=72310595973, FrameInterval=72280135742, FrameStartTime=16666666, SyncQueued=72281059908, SyncStart=72291496158, IssueDrawCommandsStart=72292877908, SwapBuffers=72307151908, FrameCompleted=9223372036854775807, DequeueBufferDuration=7378375, QueueBufferDuration=2555833, GpuCompleted=9223372036854775807, SwapBuffersCompleted=72310497158, DisplayPresentTime=0,
05-28 16:05:40.432 1057 1774 I OpenGLRenderer: Davey! duration=9223371964526ms; Flags=0, FrameTimelineVsyncId=2819, IntendedVsync=72310631168, Vsync=72310631168, InputEventId=0, HandleInputStart=72313373575, AnimationStart=72313377408, PerformTraversalsStart=72314734658, DrawStart=72315578367, FrameDeadline=72343964500, FrameInterval=72313365117, FrameStartTime=16666666, SyncQueued=72316580117, SyncStart=72334253908, IssueDrawCommandsStart=72336163408, SwapBuffers=72346405908, FrameCompleted=9223372036854775807, DequeueBufferDuration=51333, QueueBufferDuration=3254292, GpuCompleted=9223372036854775807, SwapBuffersCompleted=72352836908, DisplayPresentTime=0,
05-28 16:05:40.450 1057 1774 I OpenGLRenderer: Davey! duration=9223371964511ms; Flags=0, FrameTimelineVsyncId=2821, IntendedVsync=72327297083, Vsync=72327297083, InputEventId=0, HandleInputStart=72336532992, AnimationStart=72336537658, PerformTraversalsStart=72337223908, DrawStart=72337389158, FrameDeadline=72360630415, FrameInterval=72336525783, FrameStartTime=16666666, SyncQueued=72337468825, SyncStart=72353738033, IssueDrawCommandsStart=72355120450, SwapBuffers=72365855200, FrameCompleted=9223372036854775807, DequeueBufferDuration=54125, QueueBufferDuration=3065084, GpuCompleted=9223372036854775807, SwapBuffersCompleted=72369585825, DisplayPresentTime=0,
05-28 16:05:40.466 1057 1774 I OpenGLRenderer: Davey! duration=9223371964497ms; Flags=0, FrameTimelineVsyncId=2823, IntendedVsync=72343975822, Vsync=72343975822, InputEventId=0, HandleInputStart=72355606825, AnimationStart=72355611283, PerformTraversalsStart=72356536450, DrawStart=72356686658, FrameDeadline=72377309154, FrameInterval=72355597242, FrameStartTime=16666666, SyncQueued=72356800658, SyncStart=72369948158, IssueDrawCommandsStart=72371707325, SwapBuffers=72382181825, FrameCompleted=9223372036854775807, DequeueBufferDuration=40291, QueueBufferDuration=5518875, GpuCompleted=9223372036854775807, SwapBuffersCompleted=72388570367, DisplayPresentTime=0,
05-28 16:05:40.700 1057 1774 I OpenGLRenderer: Davey! duration=9223371964291ms; Flags=0, FrameTimelineVsyncId=2849, IntendedVsync=72560609852, Vsync=72560609852, InputEventId=0, HandleInputStart=72570389867, AnimationStart=72570392117, PerformTraversalsStart=72570729409, DrawStart=72570847117, FrameDeadline=72593943184, FrameInterval=72570380742, FrameStartTime=16666666, SyncQueued=72570911367, SyncStart=72574022159, IssueDrawCommandsStart=72575078117, SwapBuffers=72598071284, FrameCompleted=9223372036854775807, DequeueBufferDuration=19706000, QueueBufferDuration=875250, GpuCompleted=9223372036854775807, SwapBuffersCompleted=72605554700, DisplayPresentTime=0,
05-28 16:05:40.948 1057 1774 I OpenGLRenderer: Davey! duration=9223371964014ms; Flags=0, FrameTimelineVsyncId=2880, IntendedVsync=72827325204, Vsync=72827325204, InputEventId=0, HandleInputStart=72827963617, AnimationStart=72827969200, PerformTraversalsStart=72829129450, DrawStart=72829628784, FrameDeadline=72860658536, FrameInterval=72827952159, FrameStartTime=16666666, SyncQueued=72829989200, SyncStart=72843422159, IssueDrawCommandsStart=72846635450, SwapBuffers=72861293117, FrameCompleted=9223372036854775807, DequeueBufferDuration=5887416, QueueBufferDuration=1329625, GpuCompleted=9223372036854775807, SwapBuffersCompleted=72863882534, DisplayPresentTime=0,
05-28 16:05:41.112 467 515 W IorapForwardingService: No service published for: iorapd
05-28 16:05:41.234 2124 2133 I gbei.screencas: Background concurrent copying GC freed 56218(6095KB) AllocSpace objects, 10(264KB) LOS objects, 49% free, 6054KB/11MB, paused 228us total 140.324ms
05-28 16:05:41.985 651 651 E WifiHAL : wifi_get_link_stats: requestResponse Error:-5
05-28 16:05:41.988 467 600 E WifiVendorHal: getWifiLinkLayerStats_1_5_Internal(l.1191) failed {.code = ERROR_INVALID_ARGS, .description = }
05-28 16:05:42.114 467 515 W IorapForwardingService: No service published for: iorapd
05-28 16:05:42.310 467 513 D CompatibilityChangeReporter: Compat change id reported: 168419799; UID 10073; state: DISABLED
05-28 16:05:42.323 1667 1682 I PermissionControllerServiceImpl: Updating user sensitive for user 0
05-28 16:05:42.536 467 486 I system_server: Background young concurrent copying GC freed 210555(9822KB) AllocSpace objects, 59(1724KB) LOS objects, 50% free, 11MB/22MB, paused 550us total 166.431ms
05-28 16:05:43.117 467 515 W IorapForwardingService: No service published for: iorapd
05-28 16:05:43.336 1057 1774 I OpenGLRenderer: Davey! duration=9223371961626ms; Flags=0, FrameTimelineVsyncId=2936, IntendedVsync=75227645602, Vsync=75227645602, InputEventId=0, HandleInputStart=75228264701, AnimationStart=75228270410, PerformTraversalsStart=75228855326, DrawStart=75229624826, FrameDeadline=75260978934, FrameInterval=75228255076, FrameStartTime=16666666, SyncQueued=75231147951, SyncStart=75231524201, IssueDrawCommandsStart=75232706577, SwapBuffers=75242481702, FrameCompleted=9223372036854775807, DequeueBufferDuration=56334, QueueBufferDuration=2305375, GpuCompleted=9223372036854775807, SwapBuffersCompleted=75255771910, DisplayPresentTime=0,
05-28 16:05:43.345 415 415 W hdr10p_Configure: 63 callbacks suppressed
05-28 16:05:43.345 415 415 I : DVI mode selected: packets not configured
05-28 16:05:43.345 415 415 W set_vsif_config: 63 callbacks suppressed
05-28 16:05:43.345 415 415 I : Error: set vsif failed
05-28 16:05:43.350 1057 1774 I OpenGLRenderer: Davey! duration=9223371961609ms; Flags=0, FrameTimelineVsyncId=2937, IntendedVsync=75244310576, Vsync=75244310576, InputEventId=0, HandleInputStart=75244911827, AnimationStart=75244917868, PerformTraversalsStart=75252778535, DrawStart=75253376368, FrameDeadline=75277643908, FrameInterval=75244901118, FrameStartTime=16666666, SyncQueued=75255108702, SyncStart=75256187202, IssueDrawCommandsStart=75257938118, SwapBuffers=75274285910, FrameCompleted=9223372036854775807, DequeueBufferDuration=58958, QueueBufferDuration=1809292, GpuCompleted=9223372036854775807, SwapBuffersCompleted=75277032035, DisplayPresentTime=0,
05-28 16:05:43.367 415 415 I : DVI mode selected: packets not configured
05-28 16:05:43.367 415 415 I : Error: set vsif failed
05-28 16:05:43.366 1057 1082 I OpenGLRenderer: Davey! duration=9223371961578ms; Flags=0, FrameTimelineVsyncId=2939, IntendedVsync=75260975550, Vsync=75260975550, InputEventId=0, HandleInputStart=75261626993, AnimationStart=75261632285, PerformTraversalsStart=75262267577, DrawStart=75262417535, FrameDeadline=75294308882, FrameInterval=75261616910, FrameStartTime=16666666, SyncQueued=75262489952, SyncStart=75277595910, IssueDrawCommandsStart=75278829952, SwapBuffers=75288347327, FrameCompleted=9223372036854775807, DequeueBufferDuration=43042, QueueBufferDuration=2021250, GpuCompleted=9223372036854775807, SwapBuffersCompleted=75291445618, DisplayPresentTime=0,
05-28 16:05:43.387 415 415 I : DVI mode selected: packets not configured
05-28 16:05:43.387 415 415 I : Error: set vsif failed
05-28 16:05:43.385 1057 1082 I OpenGLRenderer: Davey! duration=9223371961566ms; Flags=0, FrameTimelineVsyncId=2941, IntendedVsync=75277640524, Vsync=75277640524, InputEventId=0, HandleInputStart=75279638535, AnimationStart=75279644660, PerformTraversalsStart=75280897243, DrawStart=75281075202, FrameDeadline=75310973856, FrameInterval=75279164452, FrameStartTime=16666666, SyncQueued=75281455493, SyncStart=75291858577, IssueDrawCommandsStart=75293076827, SwapBuffers=75302257827, FrameCompleted=9223372036854775807, DequeueBufferDuration=41667, QueueBufferDuration=6073500, GpuCompleted=9223372036854775807, SwapBuffersCompleted=75309388535, DisplayPresentTime=0,
05-28 16:05:43.405 415 415 I : DVI mode selected: packets not configured
05-28 16:05:43.402 1057 1774 I OpenGLRenderer: Davey! duration=9223371961546ms; Flags=0, FrameTimelineVsyncId=2943, IntendedVsync=75293968725, Vsync=75293968725, InputEventId=0, HandleInputStart=75295161910, AnimationStart=75295165993, PerformTraversalsStart=75295851160, DrawStart=75296054827, FrameDeadline=75327302057, FrameInterval=75295149660, FrameStartTime=16666666, SyncQueued=75296134077, SyncStart=75310199827, IssueDrawCommandsStart=75311855743, SwapBuffers=75318517243, FrameCompleted=9223372036854775807, DequeueBufferDuration=52250, QueueBufferDuration=8605291, GpuCompleted=9223372036854775807, SwapBuffersCompleted=75328228327, DisplayPresentTime=0,
05-28 16:05:43.405 415 415 I : Error: set vsif failed
05-28 16:05:43.420 415 415 I : DVI mode selected: packets not configured
05-28 16:05:43.420 415 415 I : Error: set vsif failed
05-28 16:05:43.441 415 415 I : DVI mode selected: packets not configured
05-28 16:05:43.441 415 415 I : Error: set vsif failed
05-28 16:05:43.450 1057 1774 I OpenGLRenderer: Davey! duration=9223371961517ms; Flags=0, FrameTimelineVsyncId=2947, IntendedVsync=75327290822, Vsync=75327290822, InputEventId=0, HandleInputStart=75331293452, AnimationStart=75331298827, PerformTraversalsStart=75334783327, DrawStart=75335532243, FrameDeadline=75360624154, FrameInterval=75331280327, FrameStartTime=16666666, SyncQueued=75336815618, SyncStart=75346550827, IssueDrawCommandsStart=75347930743, SwapBuffers=75358485243, FrameCompleted=9223372036854775807, DequeueBufferDuration=115333, QueueBufferDuration=1299750, GpuCompleted=9223372036854775807, SwapBuffersCompleted=75366178952, DisplayPresentTime=0,
05-28 16:05:43.462 415 415 I : DVI mode selected: packets not configured
05-28 16:05:43.462 415 415 I : Error: set vsif failed
05-28 16:05:43.466 1057 1774 I OpenGLRenderer: Davey! duration=9223371961494ms; Flags=0, FrameTimelineVsyncId=2949, IntendedVsync=75343967652, Vsync=75343967652, InputEventId=0, HandleInputStart=75349237118, AnimationStart=75349241118, PerformTraversalsStart=75350466118, DrawStart=75350617410, FrameDeadline=75377300984, FrameInterval=75349227202, FrameStartTime=16666666, SyncQueued=75350684785, SyncStart=75366513785, IssueDrawCommandsStart=75367403243, SwapBuffers=75374544868, FrameCompleted=9223372036854775807, DequeueBufferDuration=66958, QueueBufferDuration=9468500, GpuCompleted=9223372036854775807, SwapBuffersCompleted=75385003702, DisplayPresentTime=0,
05-28 16:05:43.481 415 415 I : DVI mode selected: packets not configured
05-28 16:05:43.481 415 415 I : Error: set vsif failed
05-28 16:05:43.481 1057 1774 I OpenGLRenderer: Davey! duration=9223371961478ms; Flags=0, FrameTimelineVsyncId=2950, IntendedVsync=75360616140, Vsync=75360616140, InputEventId=0, HandleInputStart=75367819035, AnimationStart=75367821785, PerformTraversalsStart=75368484327, DrawStart=75368627160, FrameDeadline=75393949472, FrameInterval=75367812452, FrameStartTime=16666666, SyncQueued=75369461118, SyncStart=75385433452, IssueDrawCommandsStart=75386722077, SwapBuffers=75393329035, FrameCompleted=9223372036854775807, DequeueBufferDuration=50291, QueueBufferDuration=9514042, GpuCompleted=9223372036854775807, SwapBuffersCompleted=75403861077, DisplayPresentTime=0,
05-28 16:05:43.500 415 415 I : DVI mode selected: packets not configured
05-28 16:05:43.500 415 415 I : Error: set vsif failed
05-28 16:05:43.498 1057 1774 I OpenGLRenderer: Davey! duration=9223371961461ms; Flags=0, FrameTimelineVsyncId=2952, IntendedVsync=75377275049, Vsync=75377275049, InputEventId=0, HandleInputStart=75387131952, AnimationStart=75387134785, PerformTraversalsStart=75387832868, DrawStart=75388071368, FrameDeadline=75410608381, FrameInterval=75387123952, FrameStartTime=16666666, SyncQueued=75388159452, SyncStart=75404414577, IssueDrawCommandsStart=75405516202, SwapBuffers=75407808785, FrameCompleted=9223372036854775807, DequeueBufferDuration=42625, QueueBufferDuration=13853125, GpuCompleted=9223372036854775807, SwapBuffersCompleted=75422747993, DisplayPresentTime=0,
05-28 16:05:43.521 415 415 I : DVI mode selected: packets not configured
05-28 16:05:43.521 415 415 I : Error: set vsif failed
05-28 16:05:43.601 1057 1774 I OpenGLRenderer: Davey! duration=9223371961362ms; Flags=0, FrameTimelineVsyncId=2964, IntendedVsync=75477267004, Vsync=75477267004, InputEventId=0, HandleInputStart=75477762618, AnimationStart=75477766077, PerformTraversalsStart=75478522743, DrawStart=75478677243, FrameDeadline=75510600336, FrameInterval=75477753993, FrameStartTime=16666666, SyncQueued=75478773952, SyncStart=75493861452, IssueDrawCommandsStart=75495424035, SwapBuffers=75501794368, FrameCompleted=9223372036854775807, DequeueBufferDuration=4227208, QueueBufferDuration=823916, GpuCompleted=9223372036854775807, SwapBuffersCompleted=75503248785, DisplayPresentTime=0,
05-28 16:05:43.901 1057 1774 I OpenGLRenderer: Davey! duration=9223371961070ms; Flags=0, FrameTimelineVsyncId=3000, IntendedVsync=75777317023, Vsync=75777317023, InputEventId=0, HandleInputStart=75781445743, AnimationStart=75781449827, PerformTraversalsStart=75782722785, DrawStart=75782940118, FrameDeadline=75810650355, FrameInterval=75781434618, FrameStartTime=16666666, SyncQueued=75783057327, SyncStart=75789851785, IssueDrawCommandsStart=75790920618, SwapBuffers=75805302618, FrameCompleted=9223372036854775807, DequeueBufferDuration=12300667, QueueBufferDuration=886458, GpuCompleted=9223372036854775807, SwapBuffersCompleted=75806942035, DisplayPresentTime=0,
05-28 16:05:43.948 1057 1774 I OpenGLRenderer: Davey! duration=9223371961022ms; Flags=0, FrameTimelineVsyncId=3006, IntendedVsync=75827317059, Vsync=75827317059, InputEventId=0, HandleInputStart=75836600868, AnimationStart=75836605493, PerformTraversalsStart=75837759868, DrawStart=75838216535, FrameDeadline=75860650391, FrameInterval=75836593535, FrameStartTime=16666666, SyncQueued=75838526618, SyncStart=75843336202, IssueDrawCommandsStart=75844734118, SwapBuffers=75858995868, FrameCompleted=9223372036854775807, DequeueBufferDuration=4750458, QueueBufferDuration=1768000, GpuCompleted=9223372036854775807, SwapBuffersCompleted=75862930493, DisplayPresentTime=0,
05-28 16:05:44.119 467 515 W IorapForwardingService: No service published for: iorapd
05-28 16:05:45.004 651 651 E WifiHAL : wifi_get_link_stats: requestResponse Error:-5
05-28 16:05:45.007 467 600 E WifiVendorHal: getWifiLinkLayerStats_1_5_Internal(l.1191) failed {.code = ERROR_INVALID_ARGS, .description = }
05-28 16:05:45.122 467 515 W IorapForwardingService: No service published for: iorapd
05-28 16:05:45.285 467 979 W ZramWriteback: Writeback device is not set
05-28 16:05:45.285 467 979 D ZramWriteback: wait to flush
05-28 16:05:45.585 1995 2086 D UtilLog : 日志批量上报 进行正常循环 !!!!!!本次有0次请求,共0条数据
05-28 16:05:46.124 467 515 W IorapForwardingService: No service published for: iorapd
05-28 16:05:46.335 1057 1774 I OpenGLRenderer: Davey! duration=9223371958627ms; Flags=0, FrameTimelineVsyncId=3035, IntendedVsync=78227390159, Vsync=78227390159, InputEventId=0, HandleInputStart=78228546245, AnimationStart=78228549036, PerformTraversalsStart=78228942203, DrawStart=78229531453, FrameDeadline=78260723491, FrameInterval=78228540161, FrameStartTime=16666666, SyncQueued=78230436745, SyncStart=78230660245, IssueDrawCommandsStart=78231409453, SwapBuffers=78244786828, FrameCompleted=9223372036854775807, DequeueBufferDuration=42000, QueueBufferDuration=1971125, GpuCompleted=9223372036854775807, SwapBuffersCompleted=78248718536, DisplayPresentTime=0,
05-28 16:05:46.352 1057 1774 I OpenGLRenderer: Davey! duration=9223371958609ms; Flags=0, FrameTimelineVsyncId=3036, IntendedVsync=78244040497, Vsync=78244040497, InputEventId=0, HandleInputStart=78244816995, AnimationStart=78244822036, PerformTraversalsStart=78245791870, DrawStart=78246455078, FrameDeadline=78277373829, FrameInterval=78244805995, FrameStartTime=16666666, SyncQueued=78247537328, SyncStart=78249160536, IssueDrawCommandsStart=78250586161, SwapBuffers=78267380245, FrameCompleted=9223372036854775807, DequeueBufferDuration=51834, QueueBufferDuration=1153667, GpuCompleted=9223372036854775807, SwapBuffersCompleted=78271665995, DisplayPresentTime=0,
05-28 16:05:46.367 1057 1550 I OpenGLRenderer: Davey! duration=9223371958587ms; Flags=0, FrameTimelineVsyncId=3038, IntendedVsync=78260690835, Vsync=78260690835, InputEventId=0, HandleInputStart=78261748536, AnimationStart=78261755453, PerformTraversalsStart=78264741786, DrawStart=78264911120, FrameDeadline=78294024167, FrameInterval=78261727453, FrameStartTime=16666666, SyncQueued=78265186661, SyncStart=78272146411, IssueDrawCommandsStart=78273395536, SwapBuffers=78283715495, FrameCompleted=9223372036854775807, DequeueBufferDuration=56500, QueueBufferDuration=1580792, GpuCompleted=9223372036854775807, SwapBuffersCompleted=78286510870, DisplayPresentTime=0,
05-28 16:05:46.383 1057 1550 I OpenGLRenderer: Davey! duration=9223371958569ms; Flags=0, FrameTimelineVsyncId=3040, IntendedVsync=78277341173, Vsync=78277341173, InputEventId=0, HandleInputStart=78278112620, AnimationStart=78278119870, PerformTraversalsStart=78279059370, DrawStart=78279260328, FrameDeadline=78310674505, FrameInterval=78278100120, FrameStartTime=16666666, SyncQueued=78279356536, SyncStart=78287453661, IssueDrawCommandsStart=78288613578, SwapBuffers=78297033911, FrameCompleted=9223372036854775807, DequeueBufferDuration=58583, QueueBufferDuration=1975000, GpuCompleted=9223372036854775807, SwapBuffersCompleted=78305343536, DisplayPresentTime=0,
05-28 16:05:46.415 1057 1550 I OpenGLRenderer: Davey! duration=9223371958551ms; Flags=0, FrameTimelineVsyncId=3042, IntendedVsync=78293946745, Vsync=78293946745, InputEventId=0, HandleInputStart=78296470328, AnimationStart=78296476536, PerformTraversalsStart=78300889286, DrawStart=78301635703, FrameDeadline=78327280077, FrameInterval=78296454286, FrameStartTime=16666666, SyncQueued=78302417245, SyncStart=78311623453, IssueDrawCommandsStart=78313198911, SwapBuffers=78324674870, FrameCompleted=9223372036854775807, DequeueBufferDuration=42292, QueueBufferDuration=2276375, GpuCompleted=9223372036854775807, SwapBuffersCompleted=78328439578, DisplayPresentTime=0,
05-28 16:05:46.431 1057 1550 I OpenGLRenderer: Davey! duration=9223371958533ms; Flags=0, FrameTimelineVsyncId=3044, IntendedVsync=78310592007, Vsync=78310592007, InputEventId=0, HandleInputStart=78314949745, AnimationStart=78314952453, PerformTraversalsStart=78317408245, DrawStart=78317589995, FrameDeadline=78343925339, FrameInterval=78314940578, FrameStartTime=16666666, SyncQueued=78317680370, SyncStart=78328825620, IssueDrawCommandsStart=78330103703, SwapBuffers=78335822328, FrameCompleted=9223372036854775807, DequeueBufferDuration=48125, QueueBufferDuration=8312666, GpuCompleted=9223372036854775807, SwapBuffersCompleted=78344940536, DisplayPresentTime=0,
05-28 16:05:46.451 1057 1550 I OpenGLRenderer: Davey! duration=9223371958514ms; Flags=0, FrameTimelineVsyncId=3045, IntendedVsync=78327240324, Vsync=78327240324, InputEventId=0, HandleInputStart=78330555911, AnimationStart=78330560620, PerformTraversalsStart=78331398703, DrawStart=78331598411, FrameDeadline=78360573656, FrameInterval=78330547453, FrameStartTime=16666666, SyncQueued=78331726245, SyncStart=78345225703, IssueDrawCommandsStart=78346278911, SwapBuffers=78353566620, FrameCompleted=9223372036854775807, DequeueBufferDuration=2453500, QueueBufferDuration=9714833, GpuCompleted=9223372036854775807, SwapBuffersCompleted=78363883078, DisplayPresentTime=0,
05-28 16:05:46.948 1057 1082 I OpenGLRenderer: Davey! duration=9223371958016ms; Flags=0, FrameTimelineVsyncId=3105, IntendedVsync=78827319067, Vsync=78827319067, InputEventId=0, HandleInputStart=78831425203, AnimationStart=78831427162, PerformTraversalsStart=78834187203, DrawStart=78834720537, FrameDeadline=78860652399, FrameInterval=78831414828, FrameStartTime=16666666, SyncQueued=78835043412, SyncStart=78846496370, IssueDrawCommandsStart=78847840078, SwapBuffers=78856619412, FrameCompleted=9223372036854775807, DequeueBufferDuration=2859291, QueueBufferDuration=954375, GpuCompleted=9223372036854775807, SwapBuffersCompleted=78858393162, DisplayPresentTime=0,
05-28 16:05:47.126 467 515 W IorapForwardingService: No service published for: iorapd
05-28 16:05:48.025 651 651 E WifiHAL : wifi_get_link_stats: requestResponse Error:-5
05-28 16:05:48.026 467 600 E WifiVendorHal: getWifiLinkLayerStats_1_5_Internal(l.1191) failed {.code = ERROR_INVALID_ARGS, .description = }
05-28 16:05:48.128 467 515 W IorapForwardingService: No service published for: iorapd
05-28 16:05:48.197 1158 1158 D bbb : onStartCommand begin !!!!!!! data分区剩余 24837MB
05-28 16:05:48.199 1114 1114 D aaa : LedStatusService onStartCommand begin
05-28 16:05:48.200 1114 2569 D aaa : topPkg is -------------- :com.dangbei.leard.leradlauncher
05-28 16:05:48.203 1114 2569 D aaa : WiFi is connect
05-28 16:05:48.752 1995 2089 I TDLog : [APP] New data found, Submitting...
05-28 16:05:48.761 1995 2089 I TDLog : [APP] Failed to submit data!
05-28 16:05:49.130 467 515 W IorapForwardingService: No service published for: iorapd
05-28 16:05:49.336 1057 1550 I OpenGLRenderer: Davey! duration=9223371955610ms; Flags=0, FrameTimelineVsyncId=3144, IntendedVsync=81243979567, Vsync=81243979567, InputEventId=0, HandleInputStart=81244593663, AnimationStart=81244599621, PerformTraversalsStart=81244896538, DrawStart=81245790246, FrameDeadline=81277312899, FrameInterval=81244582954, FrameStartTime=16666666, SyncQueued=81247459538, SyncStart=81247973538, IssueDrawCommandsStart=81248957121, SwapBuffers=81256181746, FrameCompleted=9223372036854775807, DequeueBufferDuration=45708, QueueBufferDuration=1597000, GpuCompleted=9223372036854775807, SwapBuffersCompleted=81259022288, DisplayPresentTime=0,
05-28 16:05:49.349 415 415 W hdr10p_Configure: 64 callbacks suppressed
05-28 16:05:49.349 415 415 I : DVI mode selected: packets not configured
05-28 16:05:49.349 415 415 W set_vsif_config: 64 callbacks suppressed
05-28 16:05:49.349 415 415 I : Error: set vsif failed
05-28 16:05:49.366 1057 1082 I OpenGLRenderer: Davey! duration=9223371955593ms; Flags=0, FrameTimelineVsyncId=3146, IntendedVsync=81260646233, Vsync=81260646233, InputEventId=0, HandleInputStart=81261418371, AnimationStart=81261423746, PerformTraversalsStart=81261774829, DrawStart=81262568996, FrameDeadline=81293979565, FrameInterval=81261406746, FrameStartTime=16666666, SyncQueued=81263578329, SyncStart=81263907788, IssueDrawCommandsStart=81265390954, SwapBuffers=81282403204, FrameCompleted=9223372036854775807, DequeueBufferDuration=59209, QueueBufferDuration=1181875, GpuCompleted=9223372036854775807, SwapBuffersCompleted=81294836288, DisplayPresentTime=0,
05-28 16:05:49.384 415 415 I : DVI mode selected: packets not configured
05-28 16:05:49.384 415 415 I : Error: set vsif failed
05-28 16:05:49.384 1057 1082 I OpenGLRenderer: Davey! duration=9223371955560ms; Flags=0, FrameTimelineVsyncId=3147, IntendedVsync=81277737017, Vsync=81277737017, InputEventId=0, HandleInputStart=81278313538, AnimationStart=81278317913, PerformTraversalsStart=81278602204, DrawStart=81278727329, FrameDeadline=81311070349, FrameInterval=81278303746, FrameStartTime=16666666, SyncQueued=81278788121, SyncStart=81295435788, IssueDrawCommandsStart=81296534954, SwapBuffers=81304746663, FrameCompleted=9223372036854775807, DequeueBufferDuration=303375, QueueBufferDuration=1813875, GpuCompleted=9223372036854775807, SwapBuffersCompleted=81307882996, DisplayPresentTime=0,
05-28 16:05:49.404 415 415 I : DVI mode selected: packets not configured
05-28 16:05:49.404 415 415 I : Error: set vsif failed
05-28 16:05:49.403 1057 1550 I OpenGLRenderer: Davey! duration=9223371955552ms; Flags=0, FrameTimelineVsyncId=3149, IntendedVsync=81294403683, Vsync=81294403683, InputEventId=0, HandleInputStart=81298566871, AnimationStart=81298571246, PerformTraversalsStart=81298890496, DrawStart=81299956204, FrameDeadline=81327737015, FrameInterval=81298556538, FrameStartTime=16666666, SyncQueued=81300116121, SyncStart=81308407663, IssueDrawCommandsStart=81309690454, SwapBuffers=81317943288, FrameCompleted=9223372036854775807, DequeueBufferDuration=45250, QueueBufferDuration=7049000, GpuCompleted=9223372036854775807, SwapBuffersCompleted=81326035913, DisplayPresentTime=0,
05-28 16:05:49.422 415 415 I : DVI mode selected: packets not configured
05-28 16:05:49.422 415 415 I : Error: set vsif failed
05-28 16:05:49.419 1057 1550 I OpenGLRenderer: Davey! duration=9223371955529ms; Flags=0, FrameTimelineVsyncId=3151, IntendedVsync=81311070349, Vsync=81311070349, InputEventId=0, HandleInputStart=81314367329, AnimationStart=81314374038, PerformTraversalsStart=81316607704, DrawStart=81318033204, FrameDeadline=81344403681, FrameInterval=81314355746, FrameStartTime=16666666, SyncQueued=81318604204, SyncStart=81332641288, IssueDrawCommandsStart=81334083788, SwapBuffers=81341942496, FrameCompleted=9223372036854775807, DequeueBufferDuration=54500, QueueBufferDuration=2333584, GpuCompleted=9223372036854775807, SwapBuffersCompleted=81344940746, DisplayPresentTime=0,
05-28 16:05:49.442 415 415 I : DVI mode selected: packets not configured
05-28 16:05:49.443 415 415 I : Error: set vsif failed
05-28 16:05:49.439 1057 1082 I OpenGLRenderer: Davey! duration=9223371955517ms; Flags=0, FrameTimelineVsyncId=3153, IntendedVsync=81327737015, Vsync=81327737015, InputEventId=0, HandleInputStart=81335221621, AnimationStart=81335226329, PerformTraversalsStart=81335590204, DrawStart=81335750663, FrameDeadline=81361070347, FrameInterval=81335211621, FrameStartTime=16666666, SyncQueued=81335836329, SyncStart=81345315579, IssueDrawCommandsStart=81346905454, SwapBuffers=81359100954, FrameCompleted=9223372036854775807, DequeueBufferDuration=60458, QueueBufferDuration=5205000, GpuCompleted=9223372036854775807, SwapBuffersCompleted=81365668496, DisplayPresentTime=0,
05-28 16:05:49.461 415 415 I : DVI mode selected: packets not configured
05-28 16:05:49.461 415 415 I : Error: set vsif failed
