05-28 16:04:42.399 467 467 I ActivityTaskManager: Config changes=10000000 {1.0 ?mcc?mnc [zh_CN] ldltr sw720dp w1280dp h696dp 240dpi xlrg long land television -touch qwerty/v/v dpad/v winConfig={ mBounds=Rect(0, 0 - 1920, 1080) mAppBounds=Rect(0, 0 - 1920, 1080) mMaxBounds=Rect(0, 0 - 1920, 1080) mWindowingMode=fullscreen mDisplayWindowingMode=fullscreen mActivityType=undefined mAlwaysOnTop=undefined mRotation=ROTATION_0} s.6 fontWeightAdjustment=0}
05-28 16:04:42.400 467 467 I WindowManager: Override config changes=10000000 {1.0 ?mcc?mnc [zh_CN] ldltr sw720dp w1280dp h696dp 240dpi xlrg long land television -touch qwerty/v/v dpad/v winConfig={ mBounds=Rect(0, 0 - 1920, 1080) mAppBounds=Rect(0, 0 - 1920, 1080) mMaxBounds=Rect(0, 0 - 1920, 1080) mWindowingMode=fullscreen mDisplayWindowingMode=fullscreen mActivityType=undefined mAlwaysOnTop=undefined mRotation=ROTATION_0} s.6 fontWeightAdjustment=0} for displayId=0
05-28 16:04:42.403 467 467 I SystemServerTiming: Ugm.onSystemReady
05-28 16:04:42.404 467 467 I SystemServerTiming: updateForceBackgroundCheck
05-28 16:04:42.405 467 467 I SystemServer: Making services ready
05-28 16:04:42.405 467 467 I SystemServerTiming: StartActivityManagerReadyPhase
05-28 16:04:42.405 467 467 I SystemServiceManager: Starting phase 550
05-28 16:04:42.405 467 467 I SystemServerTiming: OnBootPhase_550
05-28 16:04:42.406 182 182 I hwservicemanager: getTransport: Cannot find entry android.hardware.thermal@2.0::IThermal/default in either framework or device VINTF manifest.
05-28 16:04:42.407 467 467 E ThermalHalWrapper: Thermal HAL 2.0 service not connected.
05-28 16:04:42.407 182 182 I hwservicemanager: getTransport: Cannot find entry android.hardware.thermal@1.1::IThermal/default in either framework or device VINTF manifest.
05-28 16:04:42.408 467 467 E ThermalHalWrapper: Thermal HAL 1.1 service not connected.
05-28 16:04:42.408 182 182 I hwservicemanager: getTransport: Cannot find entry android.hardware.thermal@1.0::IThermal/default in either framework or device VINTF manifest.
05-28 16:04:42.408 467 467 E ThermalHalWrapper: Thermal HAL 1.0 service not connected.
05-28 16:04:42.408 467 467 W ThermalManagerService: No Thermal HAL service on this device
05-28 16:04:42.412 467 467 W ActivityManager: Unable to start service Intent { act=com.android.ITelecomService cmp=com.android.server.telecom/.components.TelecomService } U=0: not found
05-28 16:04:42.416 467 467 I SyncManager: No initial accounts
05-28 16:04:42.418 467 578 E NativeTombstoneManager: Tombstone's UID (1000) not an app, ignoring
05-28 16:04:42.419 467 578 I DropBoxManagerService: add tag=SYSTEM_TOMBSTONE_PROTO isTagEnabled=true flags=0x4
05-28 16:04:42.422 467 467 D BluetoothManagerService: Bluetooth boot completed
05-28 16:04:42.422 467 467 D BluetoothManagerService: Auto-enabling Bluetooth.
05-28 16:04:42.424 467 467 D BluetoothA2dp: Binding service...
05-28 16:04:42.427 467 515 D BluetoothManagerService: MESSAGE_ENABLE(0): mBluetooth = null
05-28 16:04:42.427 467 515 D BluetoothManagerService: binding Bluetooth service
05-28 16:04:42.433 467 467 I BluetoothAirplaneModeListener: start
05-28 16:04:42.437 467 515 D CompatibilityChangeReporter: Compat change id reported: 135634846; UID 1002; state: DISABLED
05-28 16:04:42.452 467 467 W InputMethodUtils: Found no fallback locale. imis=[InputMethodInfo{com.sohu.inputmethod.sogou.tv/.SogouIME, settings: com.sohu.inputmethod.sogou.SogouIMESettingsLauncher}]
05-28 16:04:42.453 467 467 W InputMethodUtils: No software keyboard is found. imis=[InputMethodInfo{com.sohu.inputmethod.sogou.tv/.SogouIME, settings: com.sohu.inputmethod.sogou.SogouIMESettingsLauncher}] systemLocale=zh_CN fallbackLocale=null
05-28 16:04:42.453 243 243 D Zygote : Forked child process 657
05-28 16:04:42.455 467 527 I ActivityManager: app.processName = com.android.bluetooth
05-28 16:04:42.455 467 527 I ActivityManager: Start proc 657:com.android.bluetooth/1002 for service {com.android.bluetooth/com.android.bluetooth.btservice.AdapterService}
05-28 16:04:42.457 467 467 I RebootEscrowManager: No reboot escrow data found for users, skipping loading escrow data
05-28 16:04:42.460 657 657 I Zygote : seccomp disabled by setenforce 0
05-28 16:04:42.460 467 467 I WallpaperManagerService: No static wallpaper imagery; defaults will be shown
05-28 16:04:42.460 467 467 V WallpaperManagerService: bindWallpaperComponentLocked: componentName=ComponentInfo{com.android.systemui/com.android.systemui.ImageWallpaper}
05-28 16:04:42.465 467 467 D CompatibilityChangeReporter: Compat change id reported: 135634846; UID 10067; state: DISABLED
05-28 16:04:42.465 467 467 D CompatibilityChangeReporter: Compat change id reported: 177438394; UID 10067; state: DISABLED
05-28 16:04:42.465 467 467 D CompatibilityChangeReporter: Compat change id reported: 135772972; UID 10067; state: DISABLED
05-28 16:04:42.465 467 467 D CompatibilityChangeReporter: Compat change id reported: 135754954; UID 10067; state: ENABLED
05-28 16:04:42.466 467 527 D CompatibilityChangeReporter: Compat change id reported: 143937733; UID 10067; state: ENABLED
05-28 16:04:42.478 243 243 D Zygote : Forked child process 670
05-28 16:04:42.480 467 527 I ActivityManager: app.processName = com.android.systemui
05-28 16:04:42.480 467 527 I ActivityManager: Start proc 670:com.android.systemui/u0a67 for service {com.android.systemui/com.android.systemui.ImageWallpaper}
05-28 16:04:42.482 381 400 I adbd : jdwp connection from 657
05-28 16:04:42.485 467 467 E BitmapFactory: Unable to decode stream: java.io.FileNotFoundException: /data/system/users/0/wallpaper_orig: open failed: ENOENT (No such file or directory)
05-28 16:04:42.485 467 467 W WallpaperManagerService: Invalid wallpaper data
05-28 16:04:42.485 467 467 E WallpaperManagerService: Unable to apply new wallpaper
05-28 16:04:42.486 467 467 D AdbService: systemReady
05-28 16:04:42.487 467 467 D SoundTriggerService: onBootPhase: 550 : false
05-28 16:04:42.487 467 572 I SystemServerTimingAsync: InitThreadPoolExec:UsbService$Lifecycle#onBootPhase
05-28 16:04:42.487 467 572 D SystemServerInitThreadPool: Started executing UsbService$Lifecycle#onBootPhase
05-28 16:04:42.489 467 572 D SystemServerInitThreadPool: Finished executing UsbService$Lifecycle#onBootPhase
05-28 16:04:42.489 263 263 E android.hardware.usb@1.0-service: Failed to open /sys/class/typec
05-28 16:04:42.490 467 630 E UsbPortManager: port status enquiry failed
05-28 16:04:42.490 467 467 I AppBindingService: Updating constants with: null
05-28 16:04:42.494 670 670 I Zygote : seccomp disabled by setenforce 0
05-28 16:04:42.494 248 313 V audio_hw_primary: adev_set_parameters, A2dpSuspended=false
05-28 16:04:42.496 467 618 D BluetoothManagerService: Trying to bind to profile: 1, while Bluetooth was disabled
05-28 16:04:42.507 467 467 I PackageManager: Permission ownership changed. Updating all permissions.
05-28 16:04:42.508 467 618 D BluetoothA2dp: Binding service...
05-28 16:04:42.508 323 323 I rainbow_flow: type=1400 audit(0.0:338): avc: denied { ioctl } for path="/dev/spidev1.0" dev="tmpfs" ino=6196 ioctlcmd=0x6b00 scontext=u:r:init:s0 tcontext=u:object_r:device:s0 tclass=chr_file permissive=1
05-28 16:04:42.516 381 400 I adbd : jdwp connection from 670
05-28 16:04:42.566 467 467 W SystemServiceManager: Service com.android.server.policy.PermissionPolicyService took 76 ms in onBootPhase
05-28 16:04:42.566 467 568 W ActivityManager: Slow operation: 60ms so far, now at attachApplicationLocked: before bindApplication
05-28 16:04:42.566 467 467 I SystemServerTiming: StartObservingNativeCrashes
05-28 16:04:42.567 467 467 I SystemServerTiming: RegisterAppOpsPolicy
05-28 16:04:42.568 467 568 D CompatibilityChangeReporter: Compat change id reported: 168419799; UID 1002; state: DISABLED
05-28 16:04:42.569 467 568 W ActivityManager: Slow operation: 62ms so far, now at attachApplicationLocked: immediately before bindApplication
05-28 16:04:42.574 467 568 W ActivityManager: Slow operation: 68ms so far, now at attachApplicationLocked: immediately after bindApplication
05-28 16:04:42.574 467 568 W ActivityManager: Slow operation: 68ms so far, now at attachApplicationLocked: after updateLruProcessLocked
05-28 16:04:42.581 467 568 W ActivityManager: Slow operation: 75ms so far, now at attachApplicationLocked: after mServices.attachApplicationLocked
05-28 16:04:42.582 657 657 D CompatibilityChangeReporter: Compat change id reported: 171979766; UID 1002; state: ENABLED
05-28 16:04:42.584 467 491 D CompatibilityChangeReporter: Compat change id reported: 168419799; UID 10067; state: DISABLED
05-28 16:04:42.594 467 467 I SystemServerTiming: MakeNetworkManagementServiceReady
05-28 16:04:42.594 467 520 I SystemServerTimingAsync: InitThreadPoolExec:WebViewFactoryPreparation
05-28 16:04:42.595 467 520 D SystemServerInitThreadPool: Started executing WebViewFactoryPreparation
05-28 16:04:42.595 467 520 I SystemServer: WebViewFactoryPreparation
05-28 16:04:42.595 467 520 I SystemServerTimingAsync: WebViewFactoryPreparation
05-28 16:04:42.597 467 467 W NetworkManagement: setDataSaverMode(): already false
05-28 16:04:42.600 248 313 V audio_hw_primary: adev_set_parameters, BT_SCO=off
05-28 16:04:42.601 467 619 I AS.AudioDeviceInventory: removePreferredDevicesForStrategySync, strategy: 14
05-28 16:04:42.602 467 520 D CompatibilityChangeReporter: Compat change id reported: 135634846; UID 1000; state: DISABLED
05-28 16:04:42.602 467 520 D CompatibilityChangeReporter: Compat change id reported: 177438394; UID 1000; state: DISABLED
05-28 16:04:42.602 467 520 D CompatibilityChangeReporter: Compat change id reported: 135772972; UID 1000; state: DISABLED
05-28 16:04:42.602 467 520 D CompatibilityChangeReporter: Compat change id reported: 178038272; UID 1000; state: DISABLED
05-28 16:04:42.604 467 520 D SystemServerInitThreadPool: Finished executing WebViewFactoryPreparation
05-28 16:04:42.607 267 267 I AudioFlinger: systemReady
05-28 16:04:42.609 467 467 I SystemServerTiming: MakeIpSecServiceReady
05-28 16:04:42.609 670 670 D CompatibilityChangeReporter: Compat change id reported: 171979766; UID 10067; state: ENABLED
05-28 16:04:42.610 467 467 D IpSecService: IpSecService is ready
05-28 16:04:42.610 467 467 I SystemServerTiming: MakeNetworkStatsServiceReady
05-28 16:04:42.617 467 533 W BatteryExternalStatsWorker: error reading modem stats:ERROR_PHONE_NOT_AVAILABLE
05-28 16:04:42.618 467 467 W BestClock: java.time.DateTimeException: Missing NTP fix
05-28 16:04:42.618 243 243 D Zygote : Forked child process 695
05-28 16:04:42.620 467 598 W NetworkPolicy: setRestrictBackgroundUL: already false
05-28 16:04:42.620 467 527 I ActivityManager: app.processName = WebViewLoader-armeabi-v7a
05-28 16:04:42.620 467 527 I ActivityManager: Start proc 695:WebViewLoader-armeabi-v7a/1037 [android.webkit.WebViewLibraryLoader$RelroFileCreator] for null
05-28 16:04:42.620 261 261 I EventThread: type=1400 audit(0.0:339): avc: denied { search } for name="extcon" dev="sysfs" ino=18109 scontext=u:r:hal_tv_cec_default:s0 tcontext=u:object_r:sysfs_extcon:s0 tclass=dir permissive=1
05-28 16:04:42.637 695 695 I Zygote : seccomp disabled by setenforce 0
05-28 16:04:42.654 467 618 D AS.AudioService: No vibrator found
05-28 16:04:42.659 467 467 I SystemServerTiming: MakeConnectivityServiceReady
05-28 16:04:42.659 467 467 D PermissionMonitor: Monitoring
05-28 16:04:42.666 467 598 W BestClock: java.time.DateTimeException: Missing NTP fix
05-28 16:04:42.675 381 400 I adbd : jdwp connection from 695
05-28 16:04:42.681 467 467 D PermissionMonitor: Users: 1, Apps: 9
05-28 16:04:42.690 467 608 D ConnectivityService: NetReassign [no changes]
05-28 16:04:42.694 467 608 D ConnectivityService: NetReassign [no changes]
05-28 16:04:42.692 670 670 I ndroid.systemui: type=1400 audit(0.0:340): avc: denied { getattr } for path="/data/user_de/0/com.android.systemui" dev="mmcblk0p25" ino=486 scontext=u:r:platform_app:s0:c512,c768 tcontext=u:object_r:app_data_file:s0:c512,c768 tclass=dir permissive=1 app=com.softwinner.screenshot
05-28 16:04:42.702 467 467 I SystemServerTiming: MakeVpnManagerServiceReady
05-28 16:04:42.706 467 692 D CompatibilityChangeReporter: Compat change id reported: 168419799; UID 1000; state: DISABLED
05-28 16:04:42.715 467 467 I SystemServerTiming: MakeVcnManagementServiceReady
05-28 16:04:42.717 467 486 I system_server: Background young concurrent copying GC freed 79490(4053KB) AllocSpace objects, 18(584KB) LOS objects, 29% free, 9320KB/12MB, paused 229us total 191.868ms
05-28 16:04:42.719 467 487 W JHwRemoteBinder: BinderProxy is being destroyed but the application did not call unlinkToDeath to unlink all of its death recipients beforehand. Releasing leaked death recipient: com.android.server.usb.UsbDeviceManager$UsbHandlerHal$UsbGadgetDeathRecipient
05-28 16:04:42.719 695 695 V WebViewLibraryLoader: RelroFileCreator (64bit = false), package: com.android.webview library: libwebviewchromium.so
05-28 16:04:42.720 467 608 D ConnectivityService: Got NetworkProvider Messenger for VcnNetworkProvider
05-28 16:04:42.724 467 608 D ConnectivityService: NetReassign [no changes]
05-28 16:04:42.731 467 467 I SystemServerTiming: MakeNetworkPolicyServiceReady
05-28 16:04:42.732 352 461 D MediaCodecList: Allowing all OMX codecs
05-28 16:04:42.734 467 608 D ConnectivityService: NetReassign [no changes]
05-28 16:04:42.735 467 467 I SystemServerTiming: PhaseThirdPartyAppsCanStart
05-28 16:04:42.735 467 467 I SystemServiceManager: Starting phase 600
05-28 16:04:42.735 467 467 I SystemServerTiming: OnBootPhase_600
05-28 16:04:42.736 352 461 E cutils-trace: Error opening trace file: No such file or directory (2)
05-28 16:04:42.736 467 467 I ExplicitHealthCheckController: Explicit health checks enabled.
05-28 16:04:42.736 467 467 I PackageWatchdog: Syncing state, reason: health check state enabled
05-28 16:04:42.736 467 467 I PackageWatchdog: Not pruning observers, elapsed time: 0ms
05-28 16:04:42.737 467 467 I PackageWatchdog: Cancelling state sync, nothing to sync
05-28 16:04:42.737 467 523 I PackageWatchdog: Saving observer state to file
05-28 16:04:42.742 352 461 I OMXClient: IOmx service obtained
05-28 16:04:42.743 360 360 I OMXStore: makeComponentInstance(OMX.allwinner.video.decoder.avc) in android.hardwar process
05-28 16:04:42.744 467 467 W LocationManagerService: no network location provider found
05-28 16:04:42.748 467 467 I ServiceWatcher: [fused] chose new implementation 1000/com.android.location.fused/.FusedLocationService@0
05-28 16:04:42.752 180 180 E servicemanager: Could not find android.hardware.gnss.IGnss/default in the VINTF manifest.
05-28 16:04:42.752 467 467 D GnssLocationProviderJni: Trying IGnss_V2_1::getService()
05-28 16:04:42.753 182 182 I hwservicemanager: getTransport: Cannot find entry android.hardware.gnss@2.1::IGnss/default in either framework or device VINTF manifest.
05-28 16:04:42.753 467 467 D GnssLocationProviderJni: gnssHal 2.1 was null, trying 2.0
05-28 16:04:42.753 182 182 I hwservicemanager: getTransport: Cannot find entry android.hardware.gnss@2.0::IGnss/default in either framework or device VINTF manifest.
05-28 16:04:42.753 467 467 D GnssLocationProviderJni: gnssHal 2.0 was null, trying 1.1
05-28 16:04:42.754 182 182 I hwservicemanager: getTransport: Cannot find entry android.hardware.gnss@1.1::IGnss/default in either framework or device VINTF manifest.
05-28 16:04:42.754 467 467 D GnssLocationProviderJni: gnssHal 1.1 was null, trying 1.0
05-28 16:04:42.754 182 182 I hwservicemanager: getTransport: Cannot find entry android.hardware.gnss@1.0::IGnss/default in either framework or device VINTF manifest.
05-28 16:04:42.757 467 513 D CompatibilityChangeReporter: Compat change id reported: 168419799; UID 1000; state: DISABLED
05-28 16:04:42.762 467 467 E LocationManagerService: no geocoder provider found
05-28 16:04:42.762 467 467 E ActivityRecognitionHardware: activity_recognition HAL is deprecated. is_supported is effectively a no-op
05-28 16:04:42.762 467 467 E LocationManagerService: unable to bind ActivityRecognitionProxy
05-28 16:04:42.762 467 467 I WallpaperManagerService: switch-user-0
05-28 16:04:42.763 467 467 V WallpaperManagerService: bindWallpaperComponentLocked: componentName=ComponentInfo{com.android.systemui/com.android.systemui.ImageWallpaper}
05-28 16:04:42.765 360 360 I omx_vdec_aw: : OmxDecoderCreate.
05-28 16:04:42.766 360 360 W cedarc : : cannot open /dev/sunxi_soc_info, it maybe ok!
05-28 16:04:42.766 360 360 I cedarc : : *** ic_version = 0x3301000012011,
05-28 16:04:42.769 467 491 W PackageManager: Loading a package that does not exist for the calling user. package=null, user=0
05-28 16:04:42.769 360 360 W omx_vdec: <__AwOmxVdecSetParameter:1566>: Set Parameter called in valid state
05-28 16:04:42.769 360 360 W omx_vdec: : pParamProfileLevel->nProfileIndex[0x3] error!
05-28 16:04:42.769 360 360 E OMXNodeInstance: getParameter(0xef3c3000:allwinner.decoder.avc, ParamVideoProfileLevelQuerySupported(0x600000f)) ERROR: BadParameter(0x80001005)
05-28 16:04:42.772 360 360 D : enable_cedar_hw_clk,516
05-28 16:04:42.770 360 360 W omx_vdec: <__AwOmxVdecGetExtensionIndex:1741>: GetExtensionIndex OMX.google.android.index.describeColorFormat, err [0x80001001].
05-28 16:04:42.770 360 360 W omx_vdec: <__AwOmxVdecGetExtensionIndex:1741>: GetExtensionIndex OMX.google.android.index.describeColorFormat2, err [0x80001001].
05-28 16:04:42.770 695 695 D nativeloader: classloader namespace configured for unbundled product apk. library_path=/product/app/webview/lib/arm:/product/app/webview/webview.apk!/lib/armeabi-v7a:/product/lib:/system/product/lib
05-28 16:04:42.770 360 360 E omx_vdec: : erro: pParamData->nIndex > m_sPortFormatType.nIndex
05-28 16:04:42.772 360 360 W omx_vdec: <__AwOmxVdecGetExtensionIndex:1741>: GetExtensionIndex OMX.google.android.index.describeColorFormat, err [0x80001001].
05-28 16:04:42.772 360 360 W omx_vdec: <__AwOmxVdecGetExtensionIndex:1741>: GetExtensionIndex OMX.google.android.index.describeColorFormat2, err [0x80001001].
05-28 16:04:42.772 360 360 E omx_vdec: : erro: pParamData->nIndex > m_sPortFormatType.nIndex
05-28 16:04:42.773 360 360 W omx_vdec: <__AwOmxVdecGetExtensionIndex:1741>: GetExtensionIndex OMX.google.android.index.describeColorFormat, err [0x80001001].
05-28 16:04:42.774 360 360 W omx_vdec: <__AwOmxVdecGetExtensionIndex:1741>: GetExtensionIndex OMX.google.android.index.describeColorFormat2, err [0x80001001].
05-28 16:04:42.774 360 360 E omx_vdec: : erro: pParamData->nIndex > m_sPortFormatType.nIndex
05-28 16:04:42.774 360 360 W omx_vdec: <__AwOmxVdecGetExtensionIndex:1741>: GetExtensionIndex OMX.google.android.index.describeColorFormat, err [0x80001001].
05-28 16:04:42.774 360 360 W omx_vdec: <__AwOmxVdecGetExtensionIndex:1741>: GetExtensionIndex OMX.google.android.index.describeColorFormat2, err [0x80001001].
05-28 16:04:42.774 360 360 E omx_vdec: : erro: pParamData->nIndex > m_sPortFormatType.nIndex
05-28 16:04:42.774 360 360 W omx_vdec: <__AwOmxVdecGetExtensionIndex:1741>: GetExtensionIndex OMX.google.android.index.describeColorFormat, err [0x80001001].
05-28 16:04:42.774 360 360 W omx_vdec: <__AwOmxVdecGetExtensionIndex:1741>: GetExtensionIndex OMX.google.android.index.describeColorFormat2, err [0x80001001].
05-28 16:04:42.775 467 467 D SoundTriggerService: onBootPhase: 600 : false
05-28 16:04:42.777 360 360 E omx_vdec: : erro: pParamData->nIndex > m_sPortFormatType.nIndex
05-28 16:04:42.777 360 360 W omx_vdec: <__AwOmxVdecGetExtensionIndex:1741>: GetExtensionIndex OMX.google.android.index.describeColorFormat, err [0x80001001].
05-28 16:04:42.777 360 360 W omx_vdec: <__AwOmxVdecGetExtensionIndex:1741>: GetExtensionIndex OMX.google.android.index.describeColorFormat2, err [0x80001001].
05-28 16:04:42.777 360 360 E omx_vdec: : erro: pParamData->nIndex > m_sPortFormatType.nIndex
05-28 16:04:42.777 360 360 W omx_vdec: <__AwOmxVdecGetExtensionIndex:1741>: GetExtensionIndex OMX.google.android.index.describeColorFormat, err [0x80001001].
05-28 16:04:42.778 360 360 W omx_vdec: <__AwOmxVdecGetExtensionIndex:1741>: GetExtensionIndex OMX.google.android.index.describeColorFormat2, err [0x80001001].
05-28 16:04:42.778 360 360 E omx_vdec: : erro: pParamData->nIndex > m_sPortFormatType.nIndex
05-28 16:04:42.778 360 360 W omx_vdec: <__AwOmxVdecGetExtensionIndex:1741>: GetExtensionIndex OMX.google.android.index.describeColorFormat, err [0x80001001].
05-28 16:04:42.778 360 360 W omx_vdec: <__AwOmxVdecGetExtensionIndex:1741>: GetExtensionIndex OMX.google.android.index.describeColorFormat2, err [0x80001001].
05-28 16:04:42.778 360 360 E omx_vdec: : erro: pParamData->nIndex > m_sPortFormatType.nIndex
05-28 16:04:42.778 360 360 W omx_vdec: <__AwOmxVdecGetExtensionIndex:1741>: GetExtensionIndex OMX.google.android.index.describeColorFormat, err [0x80001001].
05-28 16:04:42.778 360 360 W omx_vdec: <__AwOmxVdecGetExtensionIndex:1741>: GetExtensionIndex OMX.google.android.index.describeColorFormat2, err [0x80001001].
05-28 16:04:42.778 360 360 E omx_vdec: : erro: pParamData->nIndex > m_sPortFormatType.nIndex
05-28 16:04:42.779 360 360 W omx_vdec: <__AwOmxVdecGetExtensionIndex:1741>: GetExtensionIndex OMX.google.android.index.describeColorFormat, err [0x80001001].
05-28 16:04:42.779 360 360 W omx_vdec: <__AwOmxVdecGetExtensionIndex:1741>: GetExtensionIndex OMX.google.android.index.describeColorFormat2, err [0x80001001].
05-28 16:04:42.779 360 360 E omx_vdec: : erro: pParamData->nIndex > m_sPortFormatType.nIndex
05-28 16:04:42.779 360 360 W omx_vdec: <__AwOmxVdecGetExtensionIndex:1741>: GetExtensionIndex OMX.google.android.index.describeColorFormat, err [0x80001001].
05-28 16:04:42.779 204 204 I keystore2: keystore2::authorization: on_lock_screen_event(LockScreenEvent(0), user_id=0, password.is_some()=false, unlocking_sids=Some([]))
05-28 16:04:42.779 360 360 W omx_vdec: <__AwOmxVdecGetExtensionIndex:1741>: GetExtensionIndex OMX.google.android.index.describeColorFormat2, err [0x80001001].
05-28 16:04:42.779 360 360 E omx_vdec: : erro: pParamData->nIndex > m_sPortFormatType.nIndex
05-28 16:04:42.779 657 657 V GraphicsEnvironment: ANGLE Developer option for 'com.android.bluetooth' set to: 'default'
05-28 16:04:42.779 360 360 W omx_vdec: <__AwOmxVdecGetExtensionIndex:1741>: GetExtensionIndex OMX.google.android.index.describeColorFormat, err [0x80001001].
05-28 16:04:42.780 360 360 W omx_vdec: <__AwOmxVdecGetExtensionIndex:1741>: GetExtensionIndex OMX.google.android.index.describeColorFormat2, err [0x80001001].
05-28 16:04:42.780 657 657 V GraphicsEnvironment: Neither updatable production driver nor prerelease driver is supported.
05-28 16:04:42.780 360 360 E omx_vdec: : erro: pParamData->nIndex > m_sPortFormatType.nIndex
05-28 16:04:42.780 360 360 W omx_vdec: <__AwOmxVdecGetExtensionIndex:1741>: GetExtensionIndex OMX.google.android.index.describeColorFormat, err [0x80001001].
05-28 16:04:42.780 360 360 W omx_vdec: <__AwOmxVdecGetExtensionIndex:1741>: GetExtensionIndex OMX.google.android.index.describeColorFormat2, err [0x80001001].
05-28 16:04:42.780 360 360 E omx_vdec: : erro: pParamData->nIndex > m_sPortFormatType.nIndex
05-28 16:04:42.781 657 657 D NetworkSecurityConfig: No Network Security Config specified, using platform default
05-28 16:04:42.781 360 360 W omx_vdec: <__AwOmxVdecGetExtensionIndex:1741>: GetExtensionIndex OMX.google.android.index.describeColorFormat, err [0x80001001].
05-28 16:04:42.782 360 360 W omx_vdec: <__AwOmxVdecGetExtensionIndex:1741>: GetExtensionIndex OMX.google.android.index.describeColorFormat2, err [0x80001001].
05-28 16:04:42.782 360 405 E omx_vdec: : erro: pParamData->nIndex > m_sPortFormatType.nIndex
05-28 16:04:42.782 360 405 W omx_vdec: <__AwOmxVdecGetExtensionIndex:1741>: GetExtensionIndex OMX.google.android.index.describeColorFormat, err [0x80001001].
05-28 16:04:42.782 657 657 D NetworkSecurityConfig: No Network Security Config specified, using platform default
05-28 16:04:42.782 360 405 W omx_vdec: <__AwOmxVdecGetExtensionIndex:1741>: GetExtensionIndex OMX.google.android.index.describeColorFormat2, err [0x80001001].
05-28 16:04:42.782 360 405 E omx_vdec: : erro: pParamData->nIndex > m_sPortFormatType.nIndex
05-28 16:04:42.782 360 405 W omx_vdec: <__AwOmxVdecGetExtensionIndex:1741>: GetExtensionIndex OMX.google.android.index.describeColorFormat, err [0x80001001].
05-28 16:04:42.783 360 405 W omx_vdec: <__AwOmxVdecGetExtensionIndex:1741>: GetExtensionIndex OMX.google.android.index.describeColorFormat2, err [0x80001001].
05-28 16:04:42.783 360 405 E omx_vdec: : erro: pParamData->nIndex > m_sPortFormatType.nIndex
05-28 16:04:42.783 360 405 W omx_vdec: <__AwOmxVdecGetExtensionIndex:1741>: GetExtensionIndex OMX.google.android.index.describeColorFormat, err [0x80001001].
05-28 16:04:42.783 360 405 W omx_vdec: <__AwOmxVdecGetExtensionIndex:1741>: GetExtensionIndex OMX.google.android.index.describeColorFormat2, err [0x80001001].
05-28 16:04:42.783 360 405 E omx_vdec: : erro: pParamData->nIndex > m_sPortFormatType.nIndex
05-28 16:04:42.783 360 405 W omx_vdec: <__AwOmxVdecGetExtensionIndex:1741>: GetExtensionIndex OMX.google.android.index.describeColorFormat, err [0x80001001].
05-28 16:04:42.783 360 405 W omx_vdec: <__AwOmxVdecGetExtensionIndex:1741>: GetExtensionIndex OMX.google.android.index.describeColorFormat2, err [0x80001001].
05-28 16:04:42.784 360 405 E omx_vdec: : erro: pParamData->nIndex > m_sPortFormatType.nIndex
05-28 16:04:42.784 360 405 W omx_vdec: <__AwOmxVdecGetExtensionIndex:1741>: GetExtensionIndex OMX.google.android.index.describeColorFormat, err [0x80001001].
05-28 16:04:42.785 360 405 W omx_vdec: <__AwOmxVdecGetExtensionIndex:1741>: GetExtensionIndex OMX.google.android.index.describeColorFormat2, err [0x80001001].
05-28 16:04:42.785 360 405 E omx_vdec: : erro: pParamData->nIndex > m_sPortFormatType.nIndex
05-28 16:04:42.785 360 405 W omx_vdec: <__AwOmxVdecGetExtensionIndex:1741>: GetExtensionIndex OMX.google.android.index.describeColorFormat, err [0x80001001].
05-28 16:04:42.786 360 405 W omx_vdec: <__AwOmxVdecGetExtensionIndex:1741>: GetExtensionIndex OMX.google.android.index.describeColorFormat2, err [0x80001001].
05-28 16:04:42.786 360 405 E omx_vdec: : erro: pParamData->nIndex > m_sPortFormatType.nIndex
05-28 16:04:42.786 360 405 W omx_vdec: <__AwOmxVdecGetExtensionIndex:1741>: GetExtensionIndex OMX.google.android.index.describeColorFormat, err [0x80001001].
05-28 16:04:42.786 360 405 W omx_vdec: <__AwOmxVdecGetExtensionIndex:1741>: GetExtensionIndex OMX.google.android.index.describeColorFormat2, err [0x80001001].
05-28 16:04:42.786 360 405 E omx_vdec: : erro: pParamData->nIndex > m_sPortFormatType.nIndex
05-28 16:04:42.786 360 405 W omx_vdec: <__AwOmxVdecGetExtensionIndex:1741>: GetExtensionIndex OMX.google.android.index.describeColorFormat, err [0x80001001].
05-28 16:04:42.786 360 405 W omx_vdec: <__AwOmxVdecGetExtensionIndex:1741>: GetExtensionIndex OMX.google.android.index.describeColorFormat2, err [0x80001001].
05-28 16:04:42.786 360 405 E omx_vdec: : erro: pParamData->nIndex > m_sPortFormatType.nIndex
05-28 16:04:42.787 360 405 W omx_vdec: <__AwOmxVdecGetExtensionIndex:1741>: GetExtensionIndex OMX.google.android.index.describeColorFormat, err [0x80001001].
05-28 16:04:42.787 360 405 W omx_vdec: <__AwOmxVdecGetExtensionIndex:1741>: GetExtensionIndex OMX.google.android.index.describeColorFormat2, err [0x80001001].
05-28 16:04:42.787 360 405 E omx_vdec: : erro: pParamData->nIndex > m_sPortFormatType.nIndex
05-28 16:04:42.787 360 405 W omx_vdec: <__AwOmxVdecGetExtensionIndex:1741>: GetExtensionIndex OMX.google.android.index.describeColorFormat, err [0x80001001].
05-28 16:04:42.787 360 405 W omx_vdec: <__AwOmxVdecGetExtensionIndex:1741>: GetExtensionIndex OMX.google.android.index.describeColorFormat2, err [0x80001001].
05-28 16:04:42.787 360 405 E omx_vdec: : erro: pParamData->nIndex > m_sPortFormatType.nIndex
05-28 16:04:42.787 360 405 W omx_vdec: <__AwOmxVdecGetExtensionIndex:1741>: GetExtensionIndex OMX.google.android.index.describeColorFormat, err [0x80001001].
05-28 16:04:42.787 360 405 W omx_vdec: <__AwOmxVdecGetExtensionIndex:1741>: GetExtensionIndex OMX.google.android.index.describeColorFormat2, err [0x80001001].
05-28 16:04:42.788 360 405 E omx_vdec: : erro: pParamData->nIndex > m_sPortFormatType.nIndex
05-28 16:04:42.788 360 405 W omx_vdec: <__AwOmxVdecGetExtensionIndex:1741>: GetExtensionIndex OMX.google.android.index.describeColorFormat, err [0x80001001].
05-28 16:04:42.788 360 405 W omx_vdec: <__AwOmxVdecGetExtensionIndex:1741>: GetExtensionIndex OMX.google.android.index.describeColorFormat2, err [0x80001001].
05-28 16:04:42.788 360 405 E omx_vdec: : erro: pParamData->nIndex > m_sPortFormatType.nIndex
05-28 16:04:42.788 360 405 W omx_vdec: <__AwOmxVdecGetExtensionIndex:1741>: GetExtensionIndex OMX.google.android.index.describeColorFormat, err [0x80001001].
05-28 16:04:42.788 360 405 W omx_vdec: <__AwOmxVdecGetExtensionIndex:1741>: GetExtensionIndex OMX.google.android.index.describeColorFormat2, err [0x80001001].
05-28 16:04:42.788 360 405 E omx_vdec: : erro: pParamData->nIndex > m_sPortFormatType.nIndex
05-28 16:04:42.788 360 405 W omx_vdec: <__AwOmxVdecGetExtensionIndex:1741>: GetExtensionIndex OMX.google.android.index.describeColorFormat, err [0x80001001].
05-28 16:04:42.788 360 405 W omx_vdec: <__AwOmxVdecGetExtensionIndex:1741>: GetExtensionIndex OMX.google.android.index.describeColorFormat2, err [0x80001001].
05-28 16:04:42.789 360 405 E omx_vdec: : erro: pParamData->nIndex > m_sPortFormatType.nIndex
05-28 16:04:42.789 360 405 W omx_vdec: <__AwOmxVdecGetExtensionIndex:1741>: GetExtensionIndex OMX.google.android.index.describeColorFormat, err [0x80001001].
05-28 16:04:42.789 360 405 W omx_vdec: <__AwOmxVdecGetExtensionIndex:1741>: GetExtensionIndex OMX.google.android.index.describeColorFormat2, err [0x80001001].
05-28 16:04:42.789 360 405 E omx_vdec: : erro: pParamData->nIndex > m_sPortFormatType.nIndex
05-28 16:04:42.789 360 405 W omx_vdec: <__AwOmxVdecGetExtensionIndex:1741>: GetExtensionIndex OMX.google.android.index.describeColorFormat, err [0x80001001].
05-28 16:04:42.789 360 405 W omx_vdec: <__AwOmxVdecGetExtensionIndex:1741>: GetExtensionIndex OMX.google.android.index.describeColorFormat2, err [0x80001001].
05-28 16:04:42.789 360 405 E omx_vdec: : erro: pParamData->nIndex > m_sPortFormatType.nIndex
05-28 16:04:42.789 360 405 W omx_vdec: <__AwOmxVdecGetExtensionIndex:1741>: GetExtensionIndex OMX.google.android.index.describeColorFormat, err [0x80001001].
05-28 16:04:42.789 360 405 W omx_vdec: <__AwOmxVdecGetExtensionIndex:1741>: GetExtensionIndex OMX.google.android.index.describeColorFormat2, err [0x80001001].
05-28 16:04:42.789 360 360 E omx_vdec: : erro: pParamData->nIndex > m_sPortFormatType.nIndex
05-28 16:04:42.790 360 360 W omx_vdec: <__AwOmxVdecGetExtensionIndex:1741>: GetExtensionIndex OMX.google.android.index.describeColorFormat, err [0x80001001].
05-28 16:04:42.790 360 360 W omx_vdec: <__AwOmxVdecGetExtensionIndex:1741>: GetExtensionIndex OMX.google.android.index.describeColorFormat2, err [0x80001001].
05-28 16:04:42.790 360 360 E omx_vdec: : erro: pParamData->nIndex > m_sPortFormatType.nIndex
05-28 16:04:42.790 360 360 W omx_vdec: <__AwOmxVdecGetExtensionIndex:1741>: GetExtensionIndex OMX.google.android.index.describeColorFormat, err [0x80001001].
05-28 16:04:42.790 360 360 W omx_vdec: <__AwOmxVdecGetExtensionIndex:1741>: GetExtensionIndex OMX.google.android.index.describeColorFormat2, err [0x80001001].
05-28 16:04:42.790 352 461 W ACodec : [OMX.allwinner.video.decoder.avc] stopping checking formats after 32: COLOR_FormatYUV420Planar(13)
05-28 16:04:42.790 360 360 W omx_vdec: <__AwOmxVdecGetExtensionIndex:1741>: GetExtensionIndex OMX.google.android.index.configureVideoTunnelMode, err [0x80001001].
05-28 16:04:42.790 360 360 E OMXNodeInstance: getExtensionIndex(0xef3c3000:allwinner.decoder.avc, OMX.google.android.index.configureVideoTunnelMode) ERROR: Undefined(0x80001001)
05-28 16:04:42.790 352 461 D MediaCodecInfo: detail feature-tunneled-playback wasn't present to remove
05-28 16:04:42.790 360 360 W omx_vdec: <__AwOmxVdecGetExtensionIndex:1741>: GetExtensionIndex OMX.google.android.index.storeANWBufferInMetadata, err [0x80001001].
05-28 16:04:42.790 360 360 W omx_vdec_aw: <__anSetExtPara:3004>: Setparameter: unknown param 2131755011
05-28 16:04:42.790 360 360 W OMXNodeInstance: [0xef3c3000:allwinner.decoder.avc] component does not support metadata mode; using fallback
05-28 16:04:42.791 360 723 W libc : invalid pthread_t (0) passed to pthread_join
05-28 16:04:42.791 360 723 W libc : invalid pthread_t (0) passed to pthread_join
05-28 16:04:42.791 360 723 W libc : invalid pthread_t (0) passed to pthread_join
05-28 16:04:42.792 360 360 I cedarc : : not malloc locks
05-28 16:04:42.793 467 467 W AlarmManager: Unrecognized alarm listener com.android.server.stats.StatsCompanionService$AnomalyAlarmListener@c08da70
05-28 16:04:42.793 467 467 W AlarmManager: Unrecognized alarm listener com.android.server.stats.StatsCompanionService$PullingAlarmListener@4f351e9
05-28 16:04:42.793 467 467 W AlarmManager: Unrecognized alarm listener com.android.server.stats.StatsCompanionService$PeriodicAlarmListener@1c50e6e
05-28 16:04:42.798 360 360 D : disable_cedar_hw_clk,546
05-28 16:04:42.796 352 461 I OMXClient: IOmx service obtained
05-28 16:04:42.796 360 360 I OMXStore: makeComponentInstance(OMX.allwinner.video.decoder.avc.secure) in android.hardwar process
05-28 16:04:42.803 360 360 E omx_vdec: : This platform does not support secure video playback
05-28 16:04:42.803 360 360 E omx_sem : : handle is null
05-28 16:04:42.803 360 360 E omx_sem : : handle is null
05-28 16:04:42.803 360 360 E omx_sem : : handle is null
05-28 16:04:42.803 360 360 E omx_sem : : handle is null
05-28 16:04:42.803 360 360 E omx_sem : : handle is null
05-28 16:04:42.803 360 360 W omx_vdec_aw: : pdec is null
05-28 16:04:42.803 360 360 E android.hardware.media.omx@1.0-service: Failed to allocate omx component 'OMX.allwinner.video.decoder.avc.secure' err=InvalidComponentName(0x80001002)
05-28 16:04:42.804 352 461 W OmxInfoBuilder: Fail to add media type video/avc to codec OMX.allwinner.video.decoder.avc.secure
05-28 16:04:42.805 352 461 I OMXClient: IOmx service obtained
05-28 16:04:42.805 360 360 I OMXStore: makeComponentInstance(OMX.allwinner.video.decoder.hevc) in android.hardwar process
05-28 16:04:42.807 360 360 I omx_vdec_aw: : OmxDecoderCreate.
05-28 16:04:42.807 360 360 W cedarc : : cannot open /dev/sunxi_soc_info, it maybe ok!
05-28 16:04:42.807 360 360 I cedarc : : *** ic_version = 0x3301000012011,
05-28 16:04:42.807 467 467 I StatsCompanionService: Told statsd that StatsCompanionService is alive.
05-28 16:04:42.808 467 523 D StatsPullAtomService: Registering NetworkStats pullers with statsd
05-28 16:04:42.809 360 360 W omx_vdec: <__AwOmxVdecSetParameter:1566>: Set Parameter called in valid state
05-28 16:04:42.813 360 360 D : enable_cedar_hw_clk,516
05-28 16:04:42.809 467 467 I SystemServerTiming: StartNetworkStack
05-28 16:04:42.810 467 467 D ConnectivityModuleConnector: Starting networking module android.net.INetworkStackConnector
05-28 16:04:42.811 467 467 D ConnectivityModuleConnector: Starting networking module in network_stack process
05-28 16:04:42.811 360 360 W omx_vdec: : pParamProfileLevel->nProfileIndex[0x1] error!
05-28 16:04:42.811 360 360 E OMXNodeInstance: getParameter(0xef3c3000:allwinner.decoder.hevc, ParamVideoProfileLevelQuerySupported(0x600000f)) ERROR: BadParameter(0x80001005)
05-28 16:04:42.812 360 360 W omx_vdec: <__AwOmxVdecGetExtensionIndex:1741>: GetExtensionIndex OMX.google.android.index.describeColorFormat, err [0x80001001].
05-28 16:04:42.812 360 360 W omx_vdec: <__AwOmxVdecGetExtensionIndex:1741>: GetExtensionIndex OMX.google.android.index.describeColorFormat2, err [0x80001001].
05-28 16:04:42.813 360 360 E omx_vdec: : erro: pParamData->nIndex > m_sPortFormatType.nIndex
05-28 16:04:42.813 360 360 W omx_vdec: <__AwOmxVdecGetExtensionIndex:1741>: GetExtensionIndex OMX.google.android.index.describeColorFormat, err [0x80001001].
05-28 16:04:42.813 360 360 W omx_vdec: <__AwOmxVdecGetExtensionIndex:1741>: GetExtensionIndex OMX.google.android.index.describeColorFormat2, err [0x80001001].
05-28 16:04:42.813 360 360 E omx_vdec: : erro: pParamData->nIndex > m_sPortFormatType.nIndex
05-28 16:04:42.814 360 360 W omx_vdec: <__AwOmxVdecGetExtensionIndex:1741>: GetExtensionIndex OMX.google.android.index.describeColorFormat, err [0x80001001].
05-28 16:04:42.815 360 360 W omx_vdec: <__AwOmxVdecGetExtensionIndex:1741>: GetExtensionIndex OMX.google.android.index.describeColorFormat2, err [0x80001001].
05-28 16:04:42.815 360 360 E omx_vdec: : erro: pParamData->nIndex > m_sPortFormatType.nIndex
05-28 16:04:42.815 360 360 W omx_vdec: <__AwOmxVdecGetExtensionIndex:1741>: GetExtensionIndex OMX.google.android.index.describeColorFormat, err [0x80001001].
05-28 16:04:42.816 360 360 W omx_vdec: <__AwOmxVdecGetExtensionIndex:1741>: GetExtensionIndex OMX.google.android.index.describeColorFormat2, err [0x80001001].
05-28 16:04:42.816 360 360 E omx_vdec: : erro: pParamData->nIndex > m_sPortFormatType.nIndex
05-28 16:04:42.816 467 523 W BestClock: java.time.DateTimeException: Missing NTP fix
05-28 16:04:42.816 360 360 W omx_vdec: <__AwOmxVdecGetExtensionIndex:1741>: GetExtensionIndex OMX.google.android.index.describeColorFormat, err [0x80001001].
05-28 16:04:42.816 360 360 W omx_vdec: <__AwOmxVdecGetExtensionIndex:1741>: GetExtensionIndex OMX.google.android.index.describeColorFormat2, err [0x80001001].
05-28 16:04:42.816 360 360 E omx_vdec: : erro: pParamData->nIndex > m_sPortFormatType.nIndex
05-28 16:04:42.816 360 360 W omx_vdec: <__AwOmxVdecGetExtensionIndex:1741>: GetExtensionIndex OMX.google.android.index.describeColorFormat, err [0x80001001].
05-28 16:04:42.816 360 360 W omx_vdec: <__AwOmxVdecGetExtensionIndex:1741>: GetExtensionIndex OMX.google.android.index.describeColorFormat2, err [0x80001001].
05-28 16:04:42.817 360 360 E omx_vdec: : erro: pParamData->nIndex > m_sPortFormatType.nIndex
05-28 16:04:42.817 360 360 W omx_vdec: <__AwOmxVdecGetExtensionIndex:1741>: GetExtensionIndex OMX.google.android.index.describeColorFormat, err [0x80001001].
05-28 16:04:42.817 360 360 W omx_vdec: <__AwOmxVdecGetExtensionIndex:1741>: GetExtensionIndex OMX.google.android.index.describeColorFormat2, err [0x80001001].
05-28 16:04:42.817 360 360 E omx_vdec: : erro: pParamData->nIndex > m_sPortFormatType.nIndex
05-28 16:04:42.817 360 360 W omx_vdec: <__AwOmxVdecGetExtensionIndex:1741>: GetExtensionIndex OMX.google.android.index.describeColorFormat, err [0x80001001].
05-28 16:04:42.817 360 360 W omx_vdec: <__AwOmxVdecGetExtensionIndex:1741>: GetExtensionIndex OMX.google.android.index.describeColorFormat2, err [0x80001001].
05-28 16:04:42.817 360 360 E omx_vdec: : erro: pParamData->nIndex > m_sPortFormatType.nIndex
05-28 16:04:42.817 360 360 W omx_vdec: <__AwOmxVdecGetExtensionIndex:1741>: GetExtensionIndex OMX.google.android.index.describeColorFormat, err [0x80001001].
05-28 16:04:42.818 360 360 W omx_vdec: <__AwOmxVdecGetExtensionIndex:1741>: GetExtensionIndex OMX.google.android.index.describeColorFormat2, err [0x80001001].
05-28 16:04:42.818 360 360 E omx_vdec: : erro: pParamData->nIndex > m_sPortFormatType.nIndex
05-28 16:04:42.818 467 467 D CompatibilityChangeReporter: Compat change id reported: 135634846; UID 1073; state: DISABLED
05-28 16:04:42.818 360 360 W omx_vdec: <__AwOmxVdecGetExtensionIndex:1741>: GetExtensionIndex OMX.google.android.index.describeColorFormat, err [0x80001001].
05-28 16:04:42.818 360 360 W omx_vdec: <__AwOmxVdecGetExtensionIndex:1741>: GetExtensionIndex OMX.google.android.index.describeColorFormat2, err [0x80001001].
05-28 16:04:42.818 360 360 E omx_vdec: : erro: pParamData->nIndex > m_sPortFormatType.nIndex
05-28 16:04:42.818 360 360 W omx_vdec: <__AwOmxVdecGetExtensionIndex:1741>: GetExtensionIndex OMX.google.android.index.describeColorFormat, err [0x80001001].
05-28 16:04:42.819 360 360 W omx_vdec: <__AwOmxVdecGetExtensionIndex:1741>: GetExtensionIndex OMX.google.android.index.describeColorFormat2, err [0x80001001].
05-28 16:04:42.819 360 360 E omx_vdec: : erro: pParamData->nIndex > m_sPortFormatType.nIndex
05-28 16:04:42.819 360 360 W omx_vdec: <__AwOmxVdecGetExtensionIndex:1741>: GetExtensionIndex OMX.google.android.index.describeColorFormat, err [0x80001001].
05-28 16:04:42.820 360 360 W omx_vdec: <__AwOmxVdecGetExtensionIndex:1741>: GetExtensionIndex OMX.google.android.index.describeColorFormat2, err [0x80001001].
05-28 16:04:42.820 467 467 D ConnectivityModuleConnector: Networking module service start requested
05-28 16:04:42.820 360 360 E omx_vdec: : erro: pParamData->nIndex > m_sPortFormatType.nIndex
05-28 16:04:42.820 360 360 W omx_vdec: <__AwOmxVdecGetExtensionIndex:1741>: GetExtensionIndex OMX.google.android.index.describeColorFormat, err [0x80001001].
05-28 16:04:42.820 467 467 I SystemServerTiming: StartTethering
05-28 16:04:42.820 360 360 W omx_vdec: <__AwOmxVdecGetExtensionIndex:1741>: GetExtensionIndex OMX.google.android.index.describeColorFormat2, err [0x80001001].
05-28 16:04:42.820 360 360 E omx_vdec: : erro: pParamData->nIndex > m_sPortFormatType.nIndex
05-28 16:04:42.820 467 467 D ConnectivityModuleConnector: Starting networking module android.net.ITetheringConnector
05-28 16:04:42.820 360 360 W omx_vdec: <__AwOmxVdecGetExtensionIndex:1741>: GetExtensionIndex OMX.google.android.index.describeColorFormat, err [0x80001001].
05-28 16:04:42.820 360 360 W omx_vdec: <__AwOmxVdecGetExtensionIndex:1741>: GetExtensionIndex OMX.google.android.index.describeColorFormat2, err [0x80001001].
05-28 16:04:42.821 360 360 E omx_vdec: : erro: pParamData->nIndex > m_sPortFormatType.nIndex
05-28 16:04:42.821 360 360 W omx_vdec: <__AwOmxVdecGetExtensionIndex:1741>: GetExtensionIndex OMX.google.android.index.describeColorFormat, err [0x80001001].
05-28 16:04:42.821 467 467 D ConnectivityModuleConnector: Starting networking module in network_stack process
05-28 16:04:42.821 360 360 W omx_vdec: <__AwOmxVdecGetExtensionIndex:1741>: GetExtensionIndex OMX.google.android.index.describeColorFormat2, err [0x80001001].
05-28 16:04:42.821 360 360 E omx_vdec: : erro: pParamData->nIndex > m_sPortFormatType.nIndex
05-28 16:04:42.821 360 360 W omx_vdec: <__AwOmxVdecGetExtensionIndex:1741>: GetExtensionIndex OMX.google.android.index.describeColorFormat, err [0x80001001].
05-28 16:04:42.821 360 360 W omx_vdec: <__AwOmxVdecGetExtensionIndex:1741>: GetExtensionIndex OMX.google.android.index.describeColorFormat2, err [0x80001001].
05-28 16:04:42.822 360 360 E omx_vdec: : erro: pParamData->nIndex > m_sPortFormatType.nIndex
05-28 16:04:42.822 360 360 W omx_vdec: <__AwOmxVdecGetExtensionIndex:1741>: GetExtensionIndex OMX.google.android.index.describeColorFormat, err [0x80001001].
05-28 16:04:42.822 360 360 W omx_vdec: <__AwOmxVdecGetExtensionIndex:1741>: GetExtensionIndex OMX.google.android.index.describeColorFormat2, err [0x80001001].
05-28 16:04:42.822 360 360 E omx_vdec: : erro: pParamData->nIndex > m_sPortFormatType.nIndex
05-28 16:04:42.823 360 360 W omx_vdec: <__AwOmxVdecGetExtensionIndex:1741>: GetExtensionIndex OMX.google.android.index.describeColorFormat, err [0x80001001].
05-28 16:04:42.823 360 360 W omx_vdec: <__AwOmxVdecGetExtensionIndex:1741>: GetExtensionIndex OMX.google.android.index.describeColorFormat2, err [0x80001001].
05-28 16:04:42.823 360 360 E omx_vdec: : erro: pParamData->nIndex > m_sPortFormatType.nIndex
05-28 16:04:42.823 360 360 W omx_vdec: <__AwOmxVdecGetExtensionIndex:1741>: GetExtensionIndex OMX.google.android.index.describeColorFormat, err [0x80001001].
05-28 16:04:42.823 360 360 W omx_vdec: <__AwOmxVdecGetExtensionIndex:1741>: GetExtensionIndex OMX.google.android.index.describeColorFormat2, err [0x80001001].
05-28 16:04:42.823 360 360 E omx_vdec: : erro: pParamData->nIndex > m_sPortFormatType.nIndex
05-28 16:04:42.823 467 467 D ConnectivityModuleConnector: Networking module service start requested
05-28 16:04:42.823 360 360 W omx_vdec: <__AwOmxVdecGetExtensionIndex:1741>: GetExtensionIndex OMX.google.android.index.describeColorFormat, err [0x80001001].
05-28 16:04:42.824 360 360 W omx_vdec: <__AwOmxVdecGetExtensionIndex:1741>: GetExtensionIndex OMX.google.android.index.describeColorFormat2, err [0x80001001].
05-28 16:04:42.824 360 360 E omx_vdec: : erro: pParamData->nIndex > m_sPortFormatType.nIndex
05-28 16:04:42.824 360 360 W omx_vdec: <__AwOmxVdecGetExtensionIndex:1741>: GetExtensionIndex OMX.google.android.index.describeColorFormat, err [0x80001001].
05-28 16:04:42.824 360 360 W omx_vdec: <__AwOmxVdecGetExtensionIndex:1741>: GetExtensionIndex OMX.google.android.index.describeColorFormat2, err [0x80001001].
05-28 16:04:42.824 360 360 E omx_vdec: : erro: pParamData->nIndex > m_sPortFormatType.nIndex
05-28 16:04:42.824 360 360 W omx_vdec: <__AwOmxVdecGetExtensionIndex:1741>: GetExtensionIndex OMX.google.android.index.describeColorFormat, err [0x80001001].
05-28 16:04:42.824 360 360 W omx_vdec: <__AwOmxVdecGetExtensionIndex:1741>: GetExtensionIndex OMX.google.android.index.describeColorFormat2, err [0x80001001].
05-28 16:04:42.824 360 360 E omx_vdec: : erro: pParamData->nIndex > m_sPortFormatType.nIndex
05-28 16:04:42.824 467 467 I SystemServerTiming: MakeCountryDetectionServiceReady
05-28 16:04:42.825 360 360 W omx_vdec: <__AwOmxVdecGetExtensionIndex:1741>: GetExtensionIndex OMX.google.android.index.describeColorFormat, err [0x80001001].
05-28 16:04:42.825 360 360 W omx_vdec: <__AwOmxVdecGetExtensionIndex:1741>: GetExtensionIndex OMX.google.android.index.describeColorFormat2, err [0x80001001].
05-28 16:04:42.825 360 360 E omx_vdec: : erro: pParamData->nIndex > m_sPortFormatType.nIndex
05-28 16:04:42.825 360 360 W omx_vdec: <__AwOmxVdecGetExtensionIndex:1741>: GetExtensionIndex OMX.google.android.index.describeColorFormat, err [0x80001001].
05-28 16:04:42.825 360 360 W omx_vdec: <__AwOmxVdecGetExtensionIndex:1741>: GetExtensionIndex OMX.google.android.index.describeColorFormat2, err [0x80001001].
05-28 16:04:42.825 360 360 E omx_vdec: : erro: pParamData->nIndex > m_sPortFormatType.nIndex
05-28 16:04:42.826 467 467 I SystemServerTiming: MakeNetworkTimeUpdateReady
05-28 16:04:42.826 360 360 W omx_vdec: <__AwOmxVdecGetExtensionIndex:1741>: GetExtensionIndex OMX.google.android.index.describeColorFormat, err [0x80001001].
05-28 16:04:42.826 360 360 W omx_vdec: <__AwOmxVdecGetExtensionIndex:1741>: GetExtensionIndex OMX.google.android.index.describeColorFormat2, err [0x80001001].
05-28 16:04:42.827 360 360 E omx_vdec: : erro: pParamData->nIndex > m_sPortFormatType.nIndex
05-28 16:04:42.827 360 360 W omx_vdec: <__AwOmxVdecGetExtensionIndex:1741>: GetExtensionIndex OMX.google.android.index.describeColorFormat, err [0x80001001].
05-28 16:04:42.827 360 360 W omx_vdec: <__AwOmxVdecGetExtensionIndex:1741>: GetExtensionIndex OMX.google.android.index.describeColorFormat2, err [0x80001001].
05-28 16:04:42.827 360 360 E omx_vdec: : erro: pParamData->nIndex > m_sPortFormatType.nIndex
05-28 16:04:42.827 360 360 W omx_vdec: <__AwOmxVdecGetExtensionIndex:1741>: GetExtensionIndex OMX.google.android.index.describeColorFormat, err [0x80001001].
05-28 16:04:42.827 360 360 W omx_vdec: <__AwOmxVdecGetExtensionIndex:1741>: GetExtensionIndex OMX.google.android.index.describeColorFormat2, err [0x80001001].
05-28 16:04:42.827 360 360 E omx_vdec: : erro: pParamData->nIndex > m_sPortFormatType.nIndex
05-28 16:04:42.828 360 360 W omx_vdec: <__AwOmxVdecGetExtensionIndex:1741>: GetExtensionIndex OMX.google.android.index.describeColorFormat, err [0x80001001].
05-28 16:04:42.828 360 360 W omx_vdec: <__AwOmxVdecGetExtensionIndex:1741>: GetExtensionIndex OMX.google.android.index.describeColorFormat2, err [0x80001001].
05-28 16:04:42.828 360 360 E omx_vdec: : erro: pParamData->nIndex > m_sPortFormatType.nIndex
05-28 16:04:42.828 360 360 W omx_vdec: <__AwOmxVdecGetExtensionIndex:1741>: GetExtensionIndex OMX.google.android.index.describeColorFormat, err [0x80001001].
05-28 16:04:42.828 360 360 W omx_vdec: <__AwOmxVdecGetExtensionIndex:1741>: GetExtensionIndex OMX.google.android.index.describeColorFormat2, err [0x80001001].
05-28 16:04:42.828 360 360 E omx_vdec: : erro: pParamData->nIndex > m_sPortFormatType.nIndex
05-28 16:04:42.828 360 360 W omx_vdec: <__AwOmxVdecGetExtensionIndex:1741>: GetExtensionIndex OMX.google.android.index.describeColorFormat, err [0x80001001].
05-28 16:04:42.828 360 360 W omx_vdec: <__AwOmxVdecGetExtensionIndex:1741>: GetExtensionIndex OMX.google.android.index.describeColorFormat2, err [0x80001001].
05-28 16:04:42.829 360 360 E omx_vdec: : erro: pParamData->nIndex > m_sPortFormatType.nIndex
05-28 16:04:42.829 360 360 W omx_vdec: <__AwOmxVdecGetExtensionIndex:1741>: GetExtensionIndex OMX.google.android.index.describeColorFormat, err [0x80001001].
05-28 16:04:42.829 360 360 W omx_vdec: <__AwOmxVdecGetExtensionIndex:1741>: GetExtensionIndex OMX.google.android.index.describeColorFormat2, err [0x80001001].
05-28 16:04:42.829 360 360 E omx_vdec: : erro: pParamData->nIndex > m_sPortFormatType.nIndex
05-28 16:04:42.829 360 360 W omx_vdec: <__AwOmxVdecGetExtensionIndex:1741>: GetExtensionIndex OMX.google.android.index.describeColorFormat, err [0x80001001].
05-28 16:04:42.830 360 360 W omx_vdec: <__AwOmxVdecGetExtensionIndex:1741>: GetExtensionIndex OMX.google.android.index.describeColorFormat2, err [0x80001001].
05-28 16:04:42.830 360 360 E omx_vdec: : erro: pParamData->nIndex > m_sPortFormatType.nIndex
05-28 16:04:42.830 360 360 W omx_vdec: <__AwOmxVdecGetExtensionIndex:1741>: GetExtensionIndex OMX.google.android.index.describeColorFormat, err [0x80001001].
05-28 16:04:42.831 360 360 W omx_vdec: <__AwOmxVdecGetExtensionIndex:1741>: GetExtensionIndex OMX.google.android.index.describeColorFormat2, err [0x80001001].
05-28 16:04:42.831 352 461 W ACodec : [OMX.allwinner.video.decoder.hevc] stopping checking formats after 32: COLOR_FormatYUV420Planar(13)
