05-28 16:04:39.600 467 467 D PackageManager: No files in app dir /apex/com.android.media/app
05-28 16:04:39.600 467 467 D PackageManager: No files in app dir /apex/com.android.ipsec/priv-app
05-28 16:04:39.600 467 467 D PackageManager: No files in app dir /apex/com.android.ipsec/app
05-28 16:04:39.600 467 467 D PackageManager: No files in app dir /apex/com.android.i18n/priv-app
05-28 16:04:39.600 467 467 D PackageManager: No files in app dir /apex/com.android.i18n/app
05-28 16:04:39.606 467 467 D PackageManager: No files in app dir /apex/com.android.extservices/app
05-28 16:04:39.606 467 467 D PackageManager: No files in app dir /apex/com.android.conscrypt/priv-app
05-28 16:04:39.606 467 467 D PackageManager: No files in app dir /apex/com.android.conscrypt/app
05-28 16:04:39.606 467 467 D PackageManager: No files in app dir /apex/com.android.art/priv-app
05-28 16:04:39.606 467 467 D PackageManager: No files in app dir /apex/com.android.art/app
05-28 16:04:39.607 467 467 D PackageManager: No files in app dir /apex/com.android.appsearch/priv-app
05-28 16:04:39.607 467 467 D PackageManager: No files in app dir /apex/com.android.appsearch/app
05-28 16:04:39.607 467 467 D PackageManager: No files in app dir /apex/com.android.adbd/priv-app
05-28 16:04:39.607 467 467 D PackageManager: No files in app dir /apex/com.android.adbd/app
05-28 16:04:39.615 467 467 I PackageManager: Finished scanning system apps. Time: 552 ms, packageCount: 112 , timePerPackage: 4 , cached: 112
05-28 16:04:39.622 467 467 D CompatibilityChangeReporter: Compat change id reported: 133396946; UID -1; state: DISABLED
05-28 16:04:39.628 467 467 I PackageManager: Finished scanning non-system apps. Time: 14 ms, packageCount: 1 , timePerPackage: 14 , cached: 1
05-28 16:04:39.631 467 467 W PackageManager: There should probably be exactly one storage manager; found 2: matches=[ResolveInfo{ca0e0ab com.android.storagemanager/.deletionhelper.DeletionHelperActivity m=0x108000}, ResolveInfo{435f308 com.android.tv.settings/.device.StorageResetActivity m=0x108000}]
05-28 16:04:39.632 467 467 E PackageManager: There should probably be exactly one setup wizard; found 2: matches=[ResolveInfo{b351aa1 com.dangbei.hqguide/.main.MainActivity p=1000 m=0x108000}, ResolveInfo{d3f94c6 com.softwinner.provision/.DefaultActivity p=1 m=0x108000}]
05-28 16:04:39.641 467 467 I PackageManager: Time to scan packages: 0.579 seconds
05-28 16:04:39.679 467 467 I PackageManager: Permission ownership changed. Updating all permissions.
05-28 16:04:39.733 467 467 V PackageManager: reconcileAppsData for null u0 0x3 migrateAppData=true
05-28 16:04:39.763 348 368 I SELinux : SELinux: Loaded file_contexts
05-28 16:04:39.887 308 308 D XiriService: check file name: /data/data/android/lib
05-28 16:04:39.887 308 308 D XiriService: check file name: /data/data/android/lib
05-28 16:04:39.888 308 308 D XiriService: check file name: /data/data/android/lib
05-28 16:04:39.884 308 308 I xiriservice_All: type=1400 audit(0.0:309): avc: denied { search } for name="android" dev="mmcblk0p25" ino=507 scontext=u:r:init:s0 tcontext=u:object_r:system_app_data_file:s0 tclass=dir permissive=1
05-28 16:04:39.884 308 308 I xiriservice_All: type=1400 audit(0.0:310): avc: denied { read } for name="lib" dev="mmcblk0p25" ino=6403 scontext=u:r:init:s0 tcontext=u:object_r:system_app_data_file:s0 tclass=lnk_file permissive=1
05-28 16:04:39.896 308 308 D XiriService: check file name: /data/data/android/lib
05-28 16:04:39.896 308 308 D XiriService: check file name: /data/data/android/lib
05-28 16:04:39.897 308 308 D XiriService: check file name: /data/data/android/lib
05-28 16:04:39.897 308 308 D XiriService: check file name: /data/data/android/lib
05-28 16:04:39.899 308 308 D XiriService: check file name: /data/data/com.android.providers.settings/lib
05-28 16:04:39.899 308 308 D XiriService: check file name: /data/data/com.android.providers.settings/lib
05-28 16:04:39.900 308 308 D XiriService: check file name: /data/data/com.android.providers.settings/lib
05-28 16:04:39.900 308 308 D XiriService: check file name: /data/data/com.android.providers.settings/lib
05-28 16:04:39.906 308 308 D XiriService: check file name: /data/data/com.android.providers.settings/lib
05-28 16:04:39.906 308 308 D XiriService: check file name: /data/data/com.android.providers.settings/lib
05-28 16:04:39.907 308 308 D XiriService: check file name: /data/data/com.android.providers.settings/lib
05-28 16:04:39.907 308 308 D XiriService: check file name: /data/data/com.android.providers.settings/lib
05-28 16:04:39.907 308 308 D XiriService: check file name: /data/data/com.android.inputdevices/lib
05-28 16:04:39.907 308 308 D XiriService: check file name: /data/data/com.android.inputdevices/lib
05-28 16:04:39.908 308 308 D XiriService: check file name: /data/data/com.android.inputdevices/lib
05-28 16:04:39.908 308 308 D XiriService: check file name: /data/data/com.android.inputdevices/lib
05-28 16:04:39.913 308 308 D XiriService: check file name: /data/data/com.android.inputdevices/lib
05-28 16:04:39.913 308 308 D XiriService: check file name: /data/data/com.android.inputdevices/lib
05-28 16:04:39.913 308 308 D XiriService: check file name: /data/data/com.android.inputdevices/lib
05-28 16:04:39.913 308 308 D XiriService: check file name: /data/data/com.android.inputdevices/lib
05-28 16:04:39.919 308 308 D XiriService: check file name: /data/data/android.ext.services/lib
05-28 16:04:39.916 308 308 I xiriservice_All: type=1400 audit(0.0:311): avc: denied { search } for name="android.ext.services" dev="mmcblk0p25" ino=439 scontext=u:r:init:s0 tcontext=u:object_r:app_data_file:s0:c512,c768 tclass=dir permissive=1
05-28 16:04:39.919 308 308 D XiriService: check file name: /data/data/android.ext.services/lib
05-28 16:04:39.920 308 308 D XiriService: check file name: /data/data/android.ext.services/lib
05-28 16:04:39.916 308 308 I xiriservice_All: type=1400 audit(0.0:312): avc: denied { read } for name="lib" dev="mmcblk0p25" ino=6428 scontext=u:r:init:s0 tcontext=u:object_r:app_data_file:s0:c512,c768 tclass=lnk_file permissive=1
05-28 16:04:39.920 308 308 D XiriService: check file name: /data/data/android.ext.services/lib
05-28 16:04:39.926 308 308 D XiriService: check file name: /data/data/android.ext.services/lib
05-28 16:04:39.926 369 369 I update_engine: [INFO:cleanup_previous_update_action.cc(112)] Executing task 3
05-28 16:04:39.926 308 308 D XiriService: check file name: /data/data/android.ext.services/lib
05-28 16:04:39.926 308 308 D XiriService: check file name: /data/data/android.ext.services/lib
05-28 16:04:39.926 308 308 D XiriService: check file name: /data/data/android.ext.services/lib
05-28 16:04:39.928 369 369 I update_engine: [INFO:cleanup_previous_update_action.cc(124)] CleanupPreviousUpdateAction scheduled task ID 4 for WaitBootCompleted
05-28 16:04:39.954 308 308 D XiriService: check file name: /data/data/com.android.location.fused/lib
05-28 16:04:39.954 308 308 D XiriService: check file name: /data/data/com.android.location.fused/lib
05-28 16:04:39.955 308 308 D XiriService: check file name: /data/data/com.android.location.fused/lib
05-28 16:04:39.955 308 308 D XiriService: check file name: /data/data/com.android.location.fused/lib
05-28 16:04:39.961 308 308 D XiriService: check file name: /data/data/com.android.location.fused/lib
05-28 16:04:39.961 308 308 D XiriService: check file name: /data/data/com.android.location.fused/lib
05-28 16:04:39.962 308 308 D XiriService: check file name: /data/data/com.android.location.fused/lib
05-28 16:04:39.962 308 308 D XiriService: check file name: /data/data/com.android.location.fused/lib
05-28 16:04:39.977 467 467 V PackageManager: reconcileAppsData finished 14 packages
05-28 16:04:39.978 467 467 I PackageManagerTiming: write settings
05-28 16:04:39.978 467 563 I SystemServerTimingAsync: InitThreadPoolExec:prepareAppData
05-28 16:04:39.979 467 563 D SystemServerInitThreadPool: Started executing prepareAppData
05-28 16:04:39.979 348 348 E cutils-trace: Error opening trace file: No such file or directory (2)
05-28 16:04:39.982 348 348 W installd: Ignoring /data/data/android/lib with unexpected GID 0 instead of 1000
05-28 16:04:39.982 348 348 W installd: Ignoring /data/data/com.android.providers.settings/lib with unexpected GID 0 instead of 1000
05-28 16:04:39.982 348 348 W installd: Ignoring /data/data/com.android.inputdevices/lib with unexpected GID 0 instead of 1000
05-28 16:04:39.982 348 348 W installd: Ignoring /data/data/android.ext.services/lib with unexpected GID 0 instead of 10075
05-28 16:04:39.984 348 348 W installd: Ignoring /data/data/com.android.location.fused/lib with unexpected GID 0 instead of 1000
05-28 16:04:39.985 348 348 W installd: Ignoring /data/data/com.android.cts.priv.ctsshim/lib with unexpected GID 0 instead of 10016
05-28 16:04:39.985 348 348 W installd: Ignoring /data/data/com.android.dynsystem/lib with unexpected GID 0 instead of 1000
05-28 16:04:39.986 348 348 W installd: Ignoring /data/data/com.dangbei.lerad.rocky/lib with unexpected GID 0 instead of 1000
05-28 16:04:39.987 348 348 W installd: Ignoring /data/data/com.android.tv.settings/lib with unexpected GID 0 instead of 1000
05-28 16:04:39.984 323 323 I rainbow_flow: type=1400 audit(0.0:313): avc: denied { ioctl } for path="/dev/spidev1.0" dev="tmpfs" ino=6196 ioctlcmd=0x6b00 scontext=u:r:init:s0 tcontext=u:object_r:device:s0 tclass=chr_file permissive=1
05-28 16:04:39.988 348 348 W installd: Ignoring /data/data/com.oranth.factory/lib with unexpected GID 0 instead of 1000
05-28 16:04:39.990 348 348 W installd: Ignoring /data/data/com.dangbei.zhushou.os/lib with unexpected GID 0 instead of 1000
05-28 16:04:39.992 348 348 W installd: Ignoring /data/data/com.sohu.inputmethod.sogou.tv/lib with unexpected GID 0 instead of 10039
05-28 16:04:39.996 348 348 W installd: Ignoring /data/data/com.oranth.ledstatus/lib with unexpected GID 0 instead of 1000
05-28 16:04:39.997 348 348 W installd: Ignoring /data/data/com.dangbei.lerad.videoposter/lib with unexpected GID 0 instead of 10049
05-28 16:04:39.998 348 348 W installd: Ignoring /data/data/com.android.networkstack/lib with unexpected GID 0 instead of 1073
05-28 16:04:40.010 348 348 W installd: Ignoring /data/data/com.dangbei.screencast/lib with unexpected GID 0 instead of 10022
05-28 16:04:40.013 348 348 W installd: Ignoring /data/data/com.dangbei.leard.leradlauncher/lib with unexpected GID 0 instead of 1000
05-28 16:04:40.016 348 348 W installd: Ignoring /data/data/com.android.printspooler/lib with unexpected GID 0 instead of 10053
05-28 16:04:40.017 348 348 W installd: Ignoring /data/data/com.android.webview/lib with unexpected GID 0 instead of 10060
05-28 16:04:40.018 348 348 W installd: Ignoring /data/data/com.android.bips/lib with unexpected GID 0 instead of 10030
05-28 16:04:40.020 348 348 W installd: Ignoring /data/data/com.oranth.inputmacsn/lib with unexpected GID 0 instead of 1000
05-28 16:04:40.022 348 348 W installd: Ignoring /data/data/com.android.keychain/lib with unexpected GID 0 instead of 1000
05-28 16:04:40.024 348 348 W installd: Ignoring /data/data/com.android.localtransport/lib with unexpected GID 0 instead of 1000
05-28 16:04:40.025 348 348 W installd: Ignoring /data/data/com.android.packageinstaller/lib with unexpected GID 0 instead of 1000
05-28 16:04:40.026 348 348 W installd: Ignoring /data/data/com.oranth.usbopenft/lib with unexpected GID 0 instead of 1000
05-28 16:04:40.027 348 348 W installd: Ignoring /data/data/com.android.networkstack.tethering/lib with unexpected GID 0 instead of 1073
05-28 16:04:40.029 348 348 W installd: Ignoring /data/data/com.dangbei.lerad.etna.haqu/lib with unexpected GID 0 instead of 1000
05-28 16:04:40.030 467 467 I SELinux : SELinux: Loaded file_contexts
05-28 16:04:40.035 348 348 W installd: Ignoring /data/data/com.oranth.powerwindow/lib with unexpected GID 0 instead of 1000
05-28 16:04:40.037 348 348 W installd: Ignoring /data/data/com.android.networkstack.permissionconfig/lib with unexpected GID 0 instead of 1073
05-28 16:04:40.039 348 348 W installd: Ignoring /data/data/com.dangbei.lerad.screensaver/lib with unexpected GID 0 instead of 10047
05-28 16:04:40.042 348 348 W installd: Ignoring /data/data/com.android.wallpaperbackup/lib with unexpected GID 0 instead of 1000
05-28 16:04:40.044 348 348 W installd: Ignoring /data/data/com.android.providers.media.module/lib with unexpected GID 0 instead of 10074
05-28 16:04:40.045 348 348 W installd: Ignoring /data/data/com.oranth.storage/lib with unexpected GID 0 instead of 1000
05-28 16:04:40.047 348 348 W installd: Ignoring /data/data/com.dangbei.haqusetting/lib with unexpected GID 0 instead of 1000
05-28 16:04:40.048 348 348 W installd: Ignoring /data/data/com.softwinner.miracastReceiver/lib with unexpected GID 0 instead of 1000
05-28 16:04:40.049 467 467 W PackageManager: There should probably be a verifier, but, none were found
05-28 16:04:40.049 348 348 W installd: Ignoring /data/data/com.android.bluetooth/lib with unexpected GID 0 instead of 1002
05-28 16:04:40.050 467 467 W PackageManager: Domain verification agent not found
05-28 16:04:40.052 348 348 W installd: Ignoring /data/data/com.dangbei.hqmedia/lib with unexpected GID 0 instead of 10076
05-28 16:04:40.055 467 467 D PackageManager: Ephemeral resolver NOT found; no matching intent filters
05-28 16:04:40.055 467 467 D PackageManager: Instant App installer not found with android.intent.action.INSTALL_INSTANT_APP_PACKAGE
05-28 16:04:40.055 467 467 D PackageManager: Clear ephemeral installer activity
05-28 16:04:40.058 348 348 W installd: Ignoring /data/user_de/0/android/lib with unexpected GID 0 instead of 1000
05-28 16:04:40.059 348 348 W installd: Ignoring /data/user_de/0/com.android.providers.settings/lib with unexpected GID 0 instead of 1000
05-28 16:04:40.059 348 348 W installd: Ignoring /data/user_de/0/com.android.inputdevices/lib with unexpected GID 0 instead of 1000
05-28 16:04:40.060 348 348 W installd: Ignoring /data/user_de/0/com.android.location.fused/lib with unexpected GID 0 instead of 1000
05-28 16:04:40.064 348 348 W installd: Ignoring /data/user_de/0/com.android.tv.settings/lib with unexpected GID 0 instead of 1000
05-28 16:04:40.064 467 467 I PackageManagerTiming: GC
05-28 16:04:40.065 467 467 I PackageManager: Fix for b/169414761 is applied
05-28 16:04:40.077 348 348 W installd: Ignoring /data/user_de/0/com.sohu.inputmethod.sogou.tv/lib with unexpected GID 0 instead of 10039
05-28 16:04:40.083 348 348 W installd: Ignoring /data/user_de/0/com.android.networkstack/lib with unexpected GID 0 instead of 1073
05-28 16:04:40.096 348 348 W installd: Ignoring /data/user_de/0/com.android.packageinstaller/lib with unexpected GID 0 instead of 1000
05-28 16:04:40.099 348 348 W installd: Ignoring /data/user_de/0/com.android.networkstack.tethering/lib with unexpected GID 0 instead of 1073
05-28 16:04:40.096 261 261 I EventThread: type=1400 audit(0.0:314): avc: denied { search } for name="extcon" dev="sysfs" ino=18109 scontext=u:r:hal_tv_cec_default:s0 tcontext=u:object_r:sysfs_extcon:s0 tclass=dir permissive=1
05-28 16:04:40.113 348 348 W installd: Ignoring /data/user_de/0/com.android.bluetooth/lib with unexpected GID 0 instead of 1002
05-28 16:04:40.116 467 467 V UserManagerService: Checking that all system packages are whitelisted.
05-28 16:04:40.122 467 467 W UserManagerService: checkWhitelistedSystemPackages(mode=ENFORCE|IMPLICIT_WHITELIST|IMPLICIT_WHITELIST_SYSTEM) has 55 warnings:
05-28 16:04:40.122 467 467 W UserManagerService: com.android.internal.display.cutout.emulation.corner is allowlisted but not present.
05-28 16:04:40.122 467 467 W UserManagerService: com.android.internal.display.cutout.emulation.double is allowlisted but not present.
05-28 16:04:40.122 467 467 W UserManagerService: com.android.theme.color.amethyst is allowlisted but not present.
05-28 16:04:40.122 467 467 W UserManagerService: com.android.theme.icon.pebble is allowlisted but not present.
05-28 16:04:40.122 467 467 W UserManagerService: com.android.theme.color.sand is allowlisted but not present.
05-28 16:04:40.122 467 467 W UserManagerService: com.android.theme.icon.vessel is allowlisted but not present.
05-28 16:04:40.122 467 467 W UserManagerService: com.android.theme.color.cinnamon is allowlisted but not present.
05-28 16:04:40.122 467 467 W UserManagerService: com.android.theme.icon_pack.victor.settings is allowlisted but not present.
05-28 16:04:40.122 467 467 W UserManagerService: com.android.theme.icon_pack.rounded.systemui is allowlisted but not present.
05-28 16:04:40.122 467 467 W UserManagerService: com.android.theme.icon.taperedrect is allowlisted but not present.
05-28 16:04:40.122 467 467 W UserManagerService: com.android.theme.icon_pack.rounded.android is allowlisted but not present.
05-28 16:04:40.122 467 467 W UserManagerService: com.android.theme.icon_pack.victor.systemui is allowlisted but not present.
05-28 16:04:40.122 467 467 W UserManagerService: com.android.theme.icon_pack.circular.themepicker is allowlisted but not present.
05-28 16:04:40.122 467 467 W UserManagerService: com.android.theme.color.tangerine is allowlisted but not present.
05-28 16:04:40.122 467 467 W UserManagerService: com.android.theme.color.aquamarine is allowlisted but not present.
05-28 16:04:40.122 467 467 W UserManagerService: com.android.internal.display.cutout.emulation.hole is allowlisted but not present.
05-28 16:04:40.122 467 467 W UserManagerService: com.android.internal.display.cutout.emulation.tall is allowlisted but not present.
05-28 16:04:40.122 467 467 W UserManagerService: com.android.theme.color.black is allowlisted but not present.
05-28 16:04:40.122 467 467 W UserManagerService: com.android.theme.color.green is allowlisted but not present.
05-28 16:04:40.122 467 467 W UserManagerService: com.android.theme.color.ocean is allowlisted but not present.
05-28 16:04:40.122 467 467 W UserManagerService: com.android.theme.color.space is allowlisted but not present.
05-28 16:04:40.122 467 467 W UserManagerService: com.android.theme.icon_pack.rounded.launcher is allowlisted but not present.
05-28 16:04:40.122 467 467 W UserManagerService: com.android.theme.icon_pack.kai.settings is allowlisted but not present.
05-28 16:04:40.122 467 467 W UserManagerService: com.android.internal.systemui.navbar.twobutton is allowlisted but not present.
05-28 16:04:40.122 467 467 W UserManagerService: com.android.theme.icon_pack.sam.settings is allowlisted but not present.
05-28 16:04:40.122 467 467 W UserManagerService: com.android.theme.icon_pack.kai.themepicker is allowlisted but not present.
05-28 16:04:40.122 467 467 W UserManagerService: com.android.theme.icon_pack.victor.launcher is allowlisted but not present.
05-28 16:04:40.122 467 467 W UserManagerService: com.android.theme.icon_pack.filled.settings is allowlisted but not present.
05-28 16:04:40.122 467 467 W UserManagerService: com.android.theme.icon_pack.kai.systemui is allowlisted but not present.
05-28 16:04:40.122 467 467 W UserManagerService: com.android.theme.icon_pack.circular.settings is allowlisted but not present.
05-28 16:04:40.122 467 467 W UserManagerService: com.android.theme.icon_pack.sam.systemui is allowlisted but not present.
05-28 16:04:40.122 467 467 W UserManagerService: com.android.theme.icon.teardrop is allowlisted but not present.
05-28 16:04:40.122 467 467 W UserManagerService: com.android.theme.icon_pack.rounded.themepicker is allowlisted but not present.
05-28 16:04:40.122 467 467 W UserManagerService: com.android.theme.icon_pack.filled.systemui is allowlisted but not present.
05-28 16:04:40.122 467 467 W UserManagerService: com.android.theme.icon_pack.sam.android is allowlisted but not present.
05-28 16:04:40.122 467 467 W UserManagerService: com.android.theme.icon_pack.filled.android is allowlisted but not present.
05-28 16:04:40.122 467 467 W UserManagerService: com.android.internal.display.cutout.emulation.waterfall is allowlisted but not present.
05-28 16:04:40.122 467 467 W UserManagerService: com.android.theme.icon_pack.circular.systemui is allowlisted but not present.
05-28 16:04:40.122 467 467 W UserManagerService: com.android.theme.icon_pack.kai.android is allowlisted but not present.
05-28 16:04:40.122 467 467 W UserManagerService: com.android.theme.icon_pack.kai.launcher is allowlisted but not present.
05-28 16:04:40.122 467 467 W UserManagerService: com.android.theme.icon_pack.sam.launcher is allowlisted but not present.
05-28 16:04:40.122 467 467 W UserManagerService: com.android.theme.icon.squircle is allowlisted but not present.
05-28 16:04:40.122 467 467 W UserManagerService: com.android.theme.icon_pack.victor.android is allowlisted but not present.
05-28 16:04:40.122 467 467 W UserManagerService: com.android.theme.color.palette is allowlisted but not present.
05-28 16:04:40.122 467 467 W UserManagerService: com.android.theme.icon_pack.filled.launcher is allowlisted but not present.
05-28 16:04:40.122 467 467 W UserManagerService: com.android.theme.color.carbon is allowlisted but not present.
05-28 16:04:40.122 467 467 W UserManagerService: com.android.theme.icon_pack.circular.launcher is allowlisted but not present.
05-28 16:04:40.123 467 467 W UserManagerService: com.android.theme.icon_pack.filled.themepicker is allowlisted but not present.
05-28 16:04:40.123 467 467 W UserManagerService: com.android.theme.icon_pack.victor.themepicker is allowlisted but not present.
05-28 16:04:40.123 467 467 W UserManagerService: com.android.theme.color.orchid is allowlisted but not present.
05-28 16:04:40.123 467 467 W UserManagerService: com.android.theme.color.purple is allowlisted but not present.
05-28 16:04:40.123 467 467 W UserManagerService: com.android.theme.icon_pack.sam.themepicker is allowlisted but not present.
05-28 16:04:40.123 467 467 W UserManagerService: com.android.theme.icon.roundedrect is allowlisted but not present.
05-28 16:04:40.123 467 467 W UserManagerService: com.android.theme.icon_pack.rounded.settings is allowlisted but not present.
05-28 16:04:40.123 467 467 W UserManagerService: com.android.theme.icon_pack.circular.android is allowlisted but not present.
05-28 16:04:40.134 467 467 I Watchdog: Resuming HandlerChecker: main thread for reason: packagemanagermain. Pause count: 0
05-28 16:04:40.136 467 467 I SystemServerDexLoadReporter: Configuring system server dex reporter
05-28 16:04:40.155 467 467 I SystemServerTiming: StartOtaDexOptService
05-28 16:04:40.155 467 467 I Watchdog: Pausing HandlerChecker: main thread for reason: moveab. Pause count: 1
05-28 16:04:40.156 467 467 D OTADexopt: No upgrade, skipping A/B artifacts check.
05-28 16:04:40.156 467 467 I Watchdog: Resuming HandlerChecker: main thread for reason: moveab. Pause count: 0
05-28 16:04:40.156 467 467 I SystemServerTiming: StartUserManagerService
05-28 16:04:40.156 467 467 I SystemServiceManager: Starting com.android.server.pm.UserManagerService$LifeCycle
05-28 16:04:40.157 467 467 I SystemServerTiming: InitAttributerCache
05-28 16:04:40.158 467 467 I SystemServerTiming: SetSystemProcess
05-28 16:04:40.166 354 354 I ServiceManager: Waiting for service 'package_native' on '/dev/binder' successful after waiting 4042ms
05-28 16:04:40.168 467 528 I ActivityManager: Connection with lmkd established
05-28 16:04:40.168 179 179 I lowmemorykiller: lmkd data connection established
05-28 16:04:40.172 467 467 I SystemServerTiming: InitWatchdog
05-28 16:04:40.173 467 467 I SystemServerTiming: StartOverlayManagerService
05-28 16:04:40.175 354 567 I storaged: storaged: Start
05-28 16:04:40.183 467 492 V HistoricalRegistry: Interaction before persistence initialized
05-28 16:04:40.185 467 491 V HistoricalRegistry: Interaction before persistence initialized
05-28 16:04:40.186 267 267 I audioserver: Waiting for sensor privacy service
05-28 16:04:40.187 344 344 I cameraserver: Waiting for sensor privacy service
05-28 16:04:40.207 1 1 I init : Control message: Processed ctl.start for 'idmap2d' from pid: 467 (system_server)
05-28 16:04:40.203 346 356 E cutils-trace: Error opening trace file: No such file or directory (2)
05-28 16:04:40.204 351 428 I ServiceManager: Waiting for service 'package_native' on '/dev/binder' successful after waiting 4033ms
05-28 16:04:40.205 351 428 W AudioAnalytics: (key=audio.flinger) Audioflinger constructor event detected
05-28 16:04:40.245 346 356 W idmap2d : active ffro iterator was not previously released
05-28 16:04:40.264 467 467 I SystemServerTiming: StartSensorPrivacyService
05-28 16:04:40.271 467 467 I SystemServerTiming: StartSensorService
05-28 16:04:40.271 467 467 I SystemServiceManager: Starting com.android.server.sensors.SensorService
05-28 16:04:40.271 467 467 I SystemServerTiming: startCoreServices
05-28 16:04:40.271 467 467 I SystemServerTiming: StartSystemConfigService
05-28 16:04:40.272 467 467 I SystemServiceManager: Starting com.android.server.SystemConfigService
05-28 16:04:40.273 467 467 I SystemServerTiming: StartBatteryService
05-28 16:04:40.273 467 467 I SystemServiceManager: Starting com.android.server.BatteryService
05-28 16:04:40.275 467 572 I SystemServerTimingAsync: InitThreadPoolExec:StartNativeSensorService
05-28 16:04:40.275 467 572 D SystemServerInitThreadPool: Started executing StartNativeSensorService
05-28 16:04:40.275 467 572 I SystemServerTimingAsync: StartNativeSensorService
05-28 16:04:40.275 467 572 D SensorService: nuSensorService starting...
05-28 16:04:40.279 467 467 I android_os_HwBinder: HwBinder: Starting thread pool for getting: android.hardware.health@2.0::IHealth/default
05-28 16:04:40.279 182 182 I hwservicemanager: getTransport: Cannot find entry android.hardware.sensors@2.1::ISensors/default in either framework or device VINTF manifest.
05-28 16:04:40.279 182 182 I hwservicemanager: getTransport: Cannot find entry android.hardware.sensors@2.0::ISensors/default in either framework or device VINTF manifest.
05-28 16:04:40.280 182 182 I hwservicemanager: getTransport: Cannot find entry android.hardware.sensors@1.0::ISensors/default in either framework or device VINTF manifest.
05-28 16:04:40.284 467 572 D SystemServerInitThreadPool: Finished executing StartNativeSensorService
05-28 16:04:40.295 258 258 W healthd : battery none chg=
05-28 16:04:40.294 467 467 I android_os_HwBinder: HwBinder: Starting thread pool for getting: android.hidl.manager@1.0::IServiceManager/default
05-28 16:04:40.298 467 467 I HealthServiceWrapper: health: HealthServiceWrapper listening to instance default
05-28 16:04:40.300 467 467 I BatteryService: health: Waited 0ms and received the update.
05-28 16:04:40.304 467 467 I SystemServerTiming: StartUsageService
05-28 16:04:40.305 467 467 I SystemServiceManager: Starting com.android.server.usage.UsageStatsService
05-28 16:04:40.310 467 573 I android_os_HwBinder: HwBinder: Starting thread pool for getting: android.hardware.health@2.0::IHealth/default
05-28 16:04:40.310 344 344 I HidlServiceManagement: Registered android.frameworks.cameraservice.service@2.2::ICameraService/default
05-28 16:04:40.314 344 344 I CameraService: CameraService pinged cameraservice proxy
05-28 16:04:40.316 344 344 I cameraserver: ServiceManager: 0xee870960 done instantiate
05-28 16:04:40.336 467 467 I SystemServerTiming: StartWebViewUpdateService
05-28 16:04:40.336 467 467 I SystemServiceManager: Starting com.android.server.webkit.WebViewUpdateService
05-28 16:04:40.341 467 467 I SystemServerTiming: StartCachedDeviceStateService
05-28 16:04:40.341 467 467 I SystemServiceManager: Starting com.android.server.CachedDeviceStateService
05-28 16:04:40.342 467 467 I SystemServerTiming: StartBinderCallsStatsService
05-28 16:04:40.342 467 467 I SystemServiceManager: Starting com.android.server.BinderCallsStatsService$LifeCycle
05-28 16:04:40.345 467 467 I SystemServerTiming: StartLooperStatsService
05-28 16:04:40.346 467 467 I SystemServiceManager: Starting com.android.server.LooperStatsService$Lifecycle
05-28 16:04:40.348 467 467 I SystemServerTiming: StartRollbackManagerService
05-28 16:04:40.348 467 467 I SystemServiceManager: Starting com.android.server.rollback.RollbackManagerService
05-28 16:04:40.355 348 562 D installd: Found quota mount /dev/block/by-name/userdata at /data
05-28 16:04:40.355 348 562 D installd: Found quota mount /dev/block/by-name/userdata at /data/user/0
05-28 16:04:40.363 467 467 I PackageWatchdog: Syncing state, reason: added new observer
05-28 16:04:40.363 467 467 I PackageWatchdog: Not pruning observers, elapsed time: 0ms
05-28 16:04:40.363 467 523 I PackageWatchdog: Saving observer state to file
05-28 16:04:40.363 467 467 I PackageWatchdog: Cancelling state sync, nothing to sync
05-28 16:04:40.370 467 467 I SystemServerTiming: StartNativeTombstoneManagerService
05-28 16:04:40.371 467 467 I SystemServiceManager: Starting com.android.server.os.NativeTombstoneManagerService
05-28 16:04:40.375 467 467 I SystemServerTiming: StartBugreportManagerService
05-28 16:04:40.375 467 467 I SystemServiceManager: Starting com.android.server.os.BugreportManagerService
05-28 16:04:40.377 467 467 I SystemServerTiming: GpuService
05-28 16:04:40.378 467 467 I SystemServiceManager: Starting com.android.server.gpu.GpuService
05-28 16:04:40.379 467 467 I SystemServerTiming: startOtherServices
05-28 16:04:40.383 467 520 I SystemServerTimingAsync: InitThreadPoolExec:SecondaryZygotePreload
05-28 16:04:40.384 467 520 D SystemServerInitThreadPool: Started executing SecondaryZygotePreload
05-28 16:04:40.384 467 520 I SystemServer: SecondaryZygotePreload
05-28 16:04:40.384 467 520 I SystemServerTimingAsync: SecondaryZygotePreload
05-28 16:04:40.386 467 467 I SystemServerTiming: StartKeyAttestationApplicationIdProviderService
05-28 16:04:40.388 467 467 I SystemServerTiming: StartKeyChainSystemService
05-28 16:04:40.388 467 467 I SystemServiceManager: Starting com.android.server.security.KeyChainSystemService
05-28 16:04:40.388 243 243 I Zygote : Lazily preloading resources.
05-28 16:04:40.389 243 243 D Zygote : begin preload
05-28 16:04:40.389 243 243 I Zygote : Calling ZygoteHooks.beginPreload()
05-28 16:04:40.389 467 467 I SystemServerTiming: StartSchedulingPolicyService
05-28 16:04:40.391 467 467 I SystemServerTiming: StartTelecomLoaderService
05-28 16:04:40.391 467 467 I SystemServiceManager: Starting com.android.server.telecom.TelecomLoaderService
05-28 16:04:40.392 467 512 I SystemServerTimingAsync: InitThreadPoolExec:SchedulingPolicyService.
05-28 16:04:40.392 467 512 D SystemServerInitThreadPool: Started executing SchedulingPolicyService.
05-28 16:04:40.401 467 467 I SystemServerTiming: StartTelephonyRegistry
05-28 16:04:40.409 467 467 I SystemServerTiming: StartEntropyMixer
05-28 16:04:40.410 467 512 I SchedulingPolicyService: Moving 365 back to group default
05-28 16:04:40.413 467 486 I system_server: Background concurrent copying GC freed 100500(4424KB) AllocSpace objects, 21(524KB) LOS objects, 49% free, 6632KB/12MB, paused 228us total 347.557ms
05-28 16:04:40.431 467 467 I EntropyMixer: Writing entropy...
05-28 16:04:40.434 467 512 D SystemServerInitThreadPool: Finished executing SchedulingPolicyService.
05-28 16:04:40.434 467 467 I SystemServerTiming: StartAccountManagerService
05-28 16:04:40.434 467 467 I SystemServiceManager: Starting com.android.server.accounts.AccountManagerService$Lifecycle
05-28 16:04:40.441 467 467 D CompatibilityChangeReporter: Compat change id reported: 148180766; UID 1000; state: ENABLED
05-28 16:04:40.444 467 467 I SystemServerTiming: StartContentService
05-28 16:04:40.446 467 467 I SystemServiceManager: Starting com.android.server.content.ContentService$Lifecycle
05-28 16:04:40.451 467 467 I SystemServerTiming: InstallSystemProviders
05-28 16:04:40.533 467 467 W SettingsState: No settings state /data/system/users/0/settings_config.xml
05-28 16:04:40.537 467 467 I SettingsState: directory info for directory/file /data/system/users/0/settings_config.xml with stacktrace
05-28 16:04:40.537 467 467 I SettingsState: java.lang.Exception
05-28 16:04:40.537 467 467 I SettingsState: at com.android.providers.settings.SettingsState.logSettingsDirectoryInformation(SettingsState.java:877)
05-28 16:04:40.537 467 467 I SettingsState: at com.android.providers.settings.SettingsState.readStateSyncLocked(SettingsState.java:1008)
05-28 16:04:40.537 467 467 I SettingsState: at com.android.providers.settings.SettingsState.(SettingsState.java:283)
05-28 16:04:40.537 467 467 I SettingsState: at com.android.providers.settings.SettingsProvider$SettingsRegistry.ensureSettingsStateLocked(SettingsProvider.java:2884)
05-28 16:04:40.537 467 467 I SettingsState: at com.android.providers.settings.SettingsProvider$SettingsRegistry.ensureSettingsForUserLocked(SettingsProvider.java:2849)
05-28 16:04:40.537 467 467 I SettingsState: at com.android.providers.settings.SettingsProvider$SettingsRegistry.peekSettingsStateLocked(SettingsProvider.java:3201)
05-28 16:04:40.537 467 467 I SettingsState: at com.android.providers.settings.SettingsProvider$SettingsRegistry.getSettingsNamesLocked(SettingsProvider.java:2814)
05-28 16:04:40.537 467 467 I SettingsState: at com.android.providers.settings.SettingsProvider$SettingsRegistry.syncSsaidTableOnStartLocked(SettingsProvider.java:2797)
05-28 16:04:40.537 467 467 I SettingsState: at com.android.providers.settings.SettingsProvider$SettingsRegistry.access$100(SettingsProvider.java:2667)
05-28 16:04:40.537 467 467 I SettingsState: at com.android.providers.settings.SettingsProvider.onCreate(SettingsProvider.java:397)
05-28 16:04:40.537 467 467 I SettingsState: at android.content.ContentProvider.attachInfo(ContentProvider.java:2404)
05-28 16:04:40.537 467 467 I SettingsState: at android.content.ContentProvider.attachInfo(ContentProvider.java:2374)
05-28 16:04:40.537 467 467 I SettingsState: at android.app.ActivityThread.installProvider(ActivityThread.java:7437)
05-28 16:04:40.537 467 467 I SettingsState: at android.app.ActivityThread.installContentProviders(ActivityThread.java:6954)
05-28 16:04:40.537 467 467 I SettingsState: at android.app.ActivityThread.installSystemProviders(ActivityThread.java:7624)
05-28 16:04:40.537 467 467 I SettingsState: at com.android.server.am.ContentProviderHelper.installSystemProviders(ContentProviderHelper.java:1247)
05-28 16:04:40.537 467 467 I SettingsState: at com.android.server.SystemServer.startOtherServices(SystemServer.java:1507)
05-28 16:04:40.537 467 467 I SettingsState: at com.android.server.SystemServer.run(SystemServer.java:928)
05-28 16:04:40.537 467 467 I SettingsState: at com.android.server.SystemServer.main(SystemServer.java:628)
05-28 16:04:40.537 467 467 I SettingsState: at java.lang.reflect.Method.invoke(Native Method)
05-28 16:04:40.537 467 467 I SettingsState: at com.android.internal.os.RuntimeInit$MethodAndArgsCaller.run(RuntimeInit.java:548)
05-28 16:04:40.537 467 467 I SettingsState: at com.android.internal.os.ZygoteInit.main(ZygoteInit.java:1160)
05-28 16:04:40.537 467 467 I SettingsState: ancestor directory /data/system/users/0 exists
05-28 16:04:40.538 467 467 I SettingsState: ancestor directory /data/system/users/0 permissions: r: true w: true x: true
05-28 16:04:40.538 467 467 I SettingsState: ancestor's parent directory /data/system/users permissions: r: true w: true x: true
05-28 16:04:40.579 243 243 I Zygote : Preloading classes...
05-28 16:04:40.594 272 281 D Sunxi_PQ: has no clients connectted, close the socket.
05-28 16:04:40.599 467 526 D ActivityManager: Freezer enabled
05-28 16:04:40.599 467 526 D ActivityManager: freezer override set to false
05-28 16:04:40.601 467 467 I SystemServerTiming: StartDropBoxManager
05-28 16:04:40.601 467 467 I SystemServiceManager: Starting com.android.server.DropBoxManagerService
05-28 16:04:40.603 467 467 I SystemServerTiming: StartRoleManagerService
05-28 16:04:40.604 467 467 I SystemServiceManager: Starting com.android.role.RoleService
05-28 16:04:40.610 467 467 I SystemServerTiming: StartVibratorManagerService
05-28 16:04:40.611 467 467 I SystemServiceManager: Starting com.android.server.vibrator.VibratorManagerService$Lifecycle
05-28 16:04:40.616 180 180 E servicemanager: Could not find android.hardware.vibrator.IVibratorManager/default in the VINTF manifest.
05-28 16:04:40.616 180 180 E servicemanager: Could not find android.hardware.vibrator.IVibrator/default in the VINTF manifest.
05-28 16:04:40.618 182 182 I hwservicemanager: getTransport: Cannot find entry android.hardware.vibrator@1.0::IVibrator/default in either framework or device VINTF manifest.
05-28 16:04:40.628 467 467 I SystemServerTiming: StartDynamicSystemService
05-28 16:04:40.632 467 467 I SystemServerTiming: StartConsumerIrService
05-28 16:04:40.633 182 182 I hwservicemanager: getTransport: Cannot find entry android.hardware.ir@1.0::IConsumerIr/default in either framework or device VINTF manifest.
05-28 16:04:40.635 467 467 I SystemServerTiming: StartAlarmManagerService
05-28 16:04:40.636 467 467 I SystemServiceManager: Starting com.android.server.alarm.AlarmManagerService
05-28 16:04:40.636 331 331 I xiriservice_All: type=1400 audit(0.0:315): avc: denied { read } for scontext=u:r:init:s0 tcontext=u:r:init:s0 tclass=netlink_kobject_uevent_socket permissive=1
05-28 16:04:40.641 311 315 D XM_HIDREAD: add@ add@/devices/virtual/wakeup/wakeup13
05-28 16:04:40.645 311 315 D XM_HIDREAD: add@ add@/devices/virtual/wakeup/wakeup14
05-28 16:04:40.653 311 315 D XM_HIDREAD: add@ add@/devices/virtual/wakeup/wakeup15
05-28 16:04:40.654 311 315 D XM_HIDREAD: add@ add@/devices/virtual/wakeup/wakeup16
05-28 16:04:40.658 311 315 D XM_HIDREAD: add@ add@/devices/virtual/wakeup/wakeup17
05-28 16:04:40.659 311 315 D XM_HIDREAD: add@ add@/devices/virtual/wakeup/wakeup18
05-28 16:04:40.660 311 315 D XM_HIDREAD: add@ add@/devices/virtual/wakeup/wakeup19
05-28 16:04:40.662 467 467 D AlarmManagerService: Kernel timezone updated to -480 minutes west of GMT
05-28 16:04:40.665 467 467 D CompatibilityChangeReporter: Compat change id reported: 160794467; UID 1000; state: ENABLED
05-28 16:04:40.677 467 467 I SystemServerTiming: StartInputManagerService
05-28 16:04:40.678 243 243 I Typeface: Preloading /system/fonts/Roboto-Regular.ttf
05-28 16:04:40.678 243 243 I Typeface: Preloading /system/fonts/RobotoStatic-Regular.ttf
05-28 16:04:40.679 467 467 I InputManager: Initializing input manager, mUseDevInputEventForAudioJack=true
05-28 16:04:40.685 311 315 D XM_HIDREAD: add@ add@/devices/virtual/wakeup/wakeup20
05-28 16:04:40.690 311 315 D XM_HIDREAD: add@ add@/devices/virtual/wakeup/wakeup21
05-28 16:04:40.692 241 246 I ServiceManager: Waiting for service 'statscompanion' on '/dev/binder'...
05-28 16:04:40.700 311 315 D XM_HIDREAD: add@ add@/devices/virtual/wakeup/wakeup22
05-28 16:04:40.707 467 467 I SystemServerTiming: DeviceStateManagerService
05-28 16:04:40.707 467 467 I SystemServiceManager: Starting com.android.server.devicestate.DeviceStateManagerService
05-28 16:04:40.720 467 467 I SystemServerTiming: StartCameraServiceProxy
05-28 16:04:40.720 467 467 I SystemServiceManager: Starting com.android.server.camera.CameraServiceProxy
05-28 16:04:40.724 467 467 I SystemServerTiming: StartWindowManagerService
05-28 16:04:40.724 467 467 I SystemServiceManager: Starting phase 200
05-28 16:04:40.724 467 467 I SystemServerTiming: OnBootPhase_200
05-28 16:04:40.728 467 467 I WindowManager: No existing display settings, starting empty
05-28 16:04:40.729 467 467 I WindowManager: No existing display settings, starting empty
05-28 16:04:40.741 467 516 I WindowTracing: Setting window tracing log level to 1
05-28 16:04:40.741 467 516 I WindowTracing: Setting window tracing buffer capacity to 2097152bytes
05-28 16:04:40.784 467 467 I SystemServerTiming: SetWindowManagerService
05-28 16:04:40.789 254 254 I gralloc : alloc buffer:W:1920 H:1080 S:1920 PL[1920 1080] SZ:8294400 fmt:43 if:0 af:43 usg:20000b00 fg:00000004
05-28 16:04:40.803 467 467 I InputDispatcher: Created monitor PointerEventDispatcher0 for display 0, gesture=false, pid=467
05-28 16:04:40.826 243 243 I Typeface: Preloading /system/fonts/NotoSansCJK-Regular.ttc
05-28 16:04:40.826 243 243 I Typeface: Preloading /system/fonts/NotoSerifCJK-Regular.ttc
05-28 16:04:40.884 467 467 I ActivityTaskManager: Loaded persisted task ids for user 0
05-28 16:04:40.885 243 243 E ActivityRecognitionHardware: activity_recognition HAL is deprecated. class_init is effectively a no-op
05-28 16:04:40.888 467 467 I SystemServerTiming: WindowManagerServiceOnInitReady
05-28 16:04:40.905 467 514 D ExtconUEventObserver: FilenameExtconByName: /sys/class/extcon/extcon0
05-28 16:04:40.907 467 514 W WindowManager: /sys/class/extcon/hdmi/state not found while attempting to determine initial state
05-28 16:04:40.907 467 514 W WindowManager: java.io.FileNotFoundException: /sys/class/extcon/hdmi/state: open failed: ENOENT (No such file or directory)
05-28 16:04:40.907 467 514 W WindowManager: at libcore.io.IoBridge.open(IoBridge.java:575)
05-28 16:04:40.907 467 514 W WindowManager: at java.io.FileInputStream.(FileInputStream.java:160)
05-28 16:04:40.907 467 514 W WindowManager: at android.os.FileUtils.readTextFile(FileUtils.java:637)
05-28 16:04:40.907 467 514 W WindowManager: at com.android.server.ExtconStateObserver.parseStateFromFile(ExtconStateObserver.java:49)
05-28 16:04:40.907 467 514 W WindowManager: at com.android.server.policy.PhoneWindowManager$HdmiVideoExtconUEventObserver.init(PhoneWindowManager.java:5666)
05-28 16:04:40.907 467 514 W WindowManager: at com.android.server.policy.PhoneWindowManager$HdmiVideoExtconUEventObserver.access$5200(PhoneWindowManager.java:5658)
05-28 16:04:40.907 467 514 W WindowManager: at com.android.server.policy.PhoneWindowManager.initializeHdmiStateInternal(PhoneWindowManager.java:3425)
05-28 16:04:40.907 467 514 W WindowManager: at com.android.server.policy.PhoneWindowManager.initializeHdmiState(PhoneWindowManager.java:3389)
05-28 16:04:40.907 467 514 W WindowManager: at com.android.server.policy.PhoneWindowManager.init(PhoneWindowManager.java:1821)
05-28 16:04:40.907 467 514 W WindowManager: at com.android.server.policy.TvWindowManager.init(TvWindowManager.java:259)
05-28 16:04:40.907 467 514 W WindowManager: at com.android.server.wm.WindowManagerService$5.run(WindowManagerService.java:1199)
05-28 16:04:40.907 467 514 W WindowManager: at android.os.Handler$BlockingRunnable.run(Handler.java:961)
05-28 16:04:40.907 467 514 W WindowManager: at android.os.Handler.handleCallback(Handler.java:938)
05-28 16:04:40.907 467 514 W WindowManager: at android.os.Handler.dispatchMessage(Handler.java:99)
05-28 16:04:40.907 467 514 W WindowManager: at android.os.Looper.loopOnce(Looper.java:201)
05-28 16:04:40.907 467 514 W WindowManager: at android.os.Looper.loop(Looper.java:288)
05-28 16:04:40.907 467 514 W WindowManager: at android.os.HandlerThread.run(HandlerThread.java:67)
05-28 16:04:40.907 467 514 W WindowManager: at com.android.server.ServiceThread.run(ServiceThread.java:44)
05-28 16:04:40.907 467 514 W WindowManager: at com.android.server.UiThread.run(UiThread.java:45)
05-28 16:04:40.907 467 514 W WindowManager: Caused by: android.system.ErrnoException: open failed: ENOENT (No such file or directory)
05-28 16:04:40.907 467 514 W WindowManager: at libcore.io.Linux.open(Native Method)
05-28 16:04:40.907 467 514 W WindowManager: at libcore.io.ForwardingOs.open(ForwardingOs.java:567)
05-28 16:04:40.907 467 514 W WindowManager: at libcore.io.BlockGuardOs.open(BlockGuardOs.java:273)
05-28 16:04:40.907 467 514 W WindowManager: at libcore.io.IoBridge.open(IoBridge.java:561)
05-28 16:04:40.907 467 514 W WindowManager: ... 18 more
05-28 16:04:40.921 467 514 D com_softwinner_gpio: Gpio JNI_OnLoad()
05-28 16:04:40.921 467 514 D com_softwinner_gpio: init
05-28 16:04:40.921 180 180 E SELinux : avc: denied { find } for pid=467 uid=1000 name=softwinner.gpio scontext=u:r:system_server:s0 tcontext=u:object_r:default_android_service:s0 tclass=service_manager permissive=1
05-28 16:04:40.923 467 467 I SystemServerTiming: StartInputManager
05-28 16:04:40.923 467 467 I InputManager: Starting input manager
05-28 16:04:40.925 467 589 D EventHub: No input device configuration file found for device 'sunxi-ir-uinput'.
05-28 16:04:40.926 467 572 I SystemServerTimingAsync: InitThreadPoolExec:StartHidlServices
05-28 16:04:40.926 467 572 D SystemServerInitThreadPool: Started executing StartHidlServices
05-28 16:04:40.926 467 572 I SystemServerTimingAsync: StartHidlServices
05-28 16:04:40.927 467 467 I InputManager: Enabling motion classifier because just booted: feature enabled, long press timeout = 400
05-28 16:04:40.927 467 467 I InputClassifier: Enabling motion classifier
05-28 16:04:40.924 308 308 I xiriservice_All: type=1400 audit(0.0:316): avc: denied { search } for name="com.android.cts.priv.ctsshim" dev="mmcblk0p25" ino=569 scontext=u:r:init:s0 tcontext=u:object_r:privapp_data_file:s0:c512,c768 tclass=dir permissive=1
05-28 16:04:40.924 308 308 I xiriservice_All: type=1400 audit(0.0:317): avc: denied { read } for name="lib" dev="mmcblk0p25" ino=6107 scontext=u:r:init:s0 tcontext=u:object_r:privapp_data_file:s0:c512,c768 tclass=lnk_file permissive=1
05-28 16:04:40.928 467 467 I SystemServerTiming: DisplayManagerWindowManagerAndInputReady
05-28 16:04:40.928 308 308 D XiriService: check file name: /data/data/com.android.cts.priv.ctsshim/lib
05-28 16:04:40.929 467 467 I SystemServerTiming: StartBluetoothService
05-28 16:04:40.929 467 516 I LogicalDisplayMapper: Requesting Transition to state: 0
05-28 16:04:40.929 467 467 I SystemServiceManager: Starting com.android.server.BluetoothService
05-28 16:04:40.929 467 516 I LogicalDisplayMapper: Applying layout: [{addr: {port=0}, dispId: 0(ON)}], Previous layout: [{addr: {port=0}, dispId: 0(ON)}]
05-28 16:04:40.929 308 308 D XiriService: check file name: /data/data/com.android.cts.priv.ctsshim/lib
05-28 16:04:40.930 308 308 D XiriService: check file name: /data/data/com.android.cts.priv.ctsshim/lib
05-28 16:04:40.930 308 308 D XiriService: check file name: /data/data/com.android.cts.priv.ctsshim/lib
05-28 16:04:40.931 467 467 D BluetoothManagerService: Loading stored name and address
05-28 16:04:40.932 467 467 D BluetoothManagerService: Stored bluetooth Name=DBBOX-A2,Address=B4:2F:03:15:A3:36
05-28 16:04:40.932 467 467 D BluetoothManagerService: Bluetooth persisted state: 1
05-28 16:04:40.932 467 467 D BluetoothManagerService: Startup: Bluetooth persisted state is ON.
05-28 16:04:40.933 467 467 D BluetoothManagerService: Detected SystemUiUid: 10067
05-28 16:04:40.933 467 467 I SystemServerTiming: IpConnectivityMetrics
05-28 16:04:40.933 467 467 I SystemServiceManager: Starting com.android.server.connectivity.IpConnectivityMetrics
05-28 16:04:40.934 467 467 I SystemServerTiming: NetworkWatchlistService
05-28 16:04:40.934 467 589 I EventHub: usingClockIoctl=true
05-28 16:04:40.934 467 589 I EventHub: New device: id=1, fd=162, path='/dev/input/event1', name='sunxi-ir-uinput', classes=KEYBOARD | ALPHAKEY | CURSOR | DPAD, configuration='', keyLayout='/system/usr/keylayout/sunxi-ir-uinput.kl', keyCharacterMap='/system/usr/keychars/Generic.kcm', builtinKeyboard=false,
05-28 16:04:40.934 467 467 I SystemServiceManager: Starting com.android.server.net.watchlist.NetworkWatchlistService$Lifecycle
05-28 16:04:40.934 311 315 D XM_HIDREAD: add@ add@/devices/virtual/wakeup/wakeup23
05-28 16:04:40.935 467 589 D EventHub: No input device configuration file found for device 'sunxi-ir'.
05-28 16:04:40.941 308 308 D XiriService: check file name: /data/data/com.android.cts.priv.ctsshim/lib
05-28 16:04:40.941 308 308 D XiriService: check file name: /data/data/com.android.cts.priv.ctsshim/lib
05-28 16:04:40.941 308 308 D XiriService: check file name: /data/data/com.android.cts.priv.ctsshim/lib
05-28 16:04:40.941 308 308 D XiriService: check file name: /data/data/com.android.cts.priv.ctsshim/lib
05-28 16:04:40.942 308 308 D XiriService: check file name: /data/data/com.android.dynsystem/lib
05-28 16:04:40.942 308 308 D XiriService: check file name: /data/data/com.android.dynsystem/lib
05-28 16:04:40.940 308 308 I xiriservice_All: type=1400 audit(0.0:318): avc: denied { search } for name="com.android.dynsystem" dev="mmcblk0p25" ino=577 scontext=u:r:init:s0 tcontext=u:object_r:system_app_data_file:s0 tclass=dir permissive=1
05-28 16:04:40.942 308 308 D XiriService: check file name: /data/data/com.android.dynsystem/lib
05-28 16:04:40.940 308 308 I xiriservice_All: type=1400 audit(0.0:319): avc: denied { read } for name="lib" dev="mmcblk0p25" ino=6468 scontext=u:r:init:s0 tcontext=u:object_r:system_app_data_file:s0 tclass=lnk_file permissive=1
05-28 16:04:40.943 467 589 I EventHub: usingClockIoctl=true
05-28 16:04:40.943 467 589 I EventHub: New device: id=2, fd=163, path='/dev/input/event0', name='sunxi-ir', classes=KEYBOARD, configuration='', keyLayout='/system/usr/keylayout/sunxi-ir.kl', keyCharacterMap='/system/usr/keychars/Generic.kcm', builtinKeyboard=false,
05-28 16:04:40.943 311 315 D XM_HIDREAD: add@ add@/devices/virtual/wakeup/wakeup24
05-28 16:04:40.946 467 467 I WatchlistSettings: Reload watchlist settings done
05-28 16:04:40.950 467 467 I SystemServerTiming: PinnerService
05-28 16:04:40.950 467 591 I WatchlistLoggingHandler: No need to aggregate record yet.
05-28 16:04:40.950 467 467 I SystemServiceManager: Starting com.android.server.PinnerService
05-28 16:04:40.950 467 591 I WatchlistLoggingHandler: Milliseconds spent on tryAggregateRecords(): 0
05-28 16:04:40.952 467 467 V HistoricalRegistry: Interaction before persistence initialized
05-28 16:04:40.953 308 308 D XiriService: check file name: /data/data/com.android.dynsystem/lib
05-28 16:04:40.953 467 467 I SystemServerTiming: IorapForwardingService
05-28 16:04:40.953 467 467 I SystemServiceManager: Starting com.google.android.startop.iorap.IorapForwardingService
05-28 16:04:40.954 308 308 D XiriService: check file name: /data/data/com.dangbei.lerad.rocky/lib
05-28 16:04:40.954 308 308 D XiriService: check file name: /data/data/com.dangbei.lerad.rocky/lib
