05-28 16:04:48.664 1225 1225 D WifiHWInfo: Entry [09], BUS: USB, ID: 0x0BDA0179, Name: rtl8188eu.
05-28 16:04:48.664 1225 1225 D WifiHWInfo: Entry [10], BUS: USB, ID: 0x0BDA818B, Name: rtl8192eu.
05-28 16:04:48.664 1225 1225 D WifiHWInfo: Entry [11], BUS: USB, ID: 0x0BDAB720, Name: rtl8723bu.
05-28 16:04:48.664 1225 1225 D WifiHWInfo: Entry [12], BUS: USB, ID: 0x0BDAC82C, Name: rtl8822cu.
05-28 16:04:48.664 1225 1225 D WifiHWInfo: Entry [13], BUS: USB, ID: 0x0BDAF179, Name: rtl8188fu.
05-28 16:04:48.664 1225 1225 D WifiHWInfo: Entry [14], BUS: SDIO, ID: 0x02D0A9A6, Name: ap6212.
05-28 16:04:48.664 1225 1225 D WifiHWInfo: Entry [15], BUS: SDIO, ID: 0x02D04330, Name: ap6330.
05-28 16:04:48.664 1225 1225 D WifiHWInfo: Entry [16], BUS: SDIO, ID: 0x02D04356, Name: ap6356s.
05-28 16:04:48.664 1225 1225 D WifiHWInfo: Entry [17], BUS: SDIO, ID: 0x02D0A9BF, Name: ap6255.
05-28 16:04:48.664 1225 1225 D WifiHWInfo: Entry [18], BUS: SDIO, ID: 0x02D04334, Name: bcm43342.
05-28 16:04:48.664 1225 1225 D WifiHWInfo: Entry [19], BUS: SDIO, ID: 0x00202281, Name: xr819.
05-28 16:04:48.665 1225 1225 D WifiHWInfo: Entry [20], BUS: SDIO, ID: 0x0A9E2282, Name: xr829.
05-28 16:04:48.665 1225 1225 D WifiHWInfo: Entry [21], BUS: SDIO, ID: 0x0271050A, Name: qca6174a.
05-28 16:04:48.665 1225 1225 D WifiHWInfo: Entry [22], BUS: SDIO, ID: 0x30303030, Name: ssv6x5x.
05-28 16:04:48.665 1225 1225 D WifiHWInfo: Entry [23], BUS: SDIO, ID: 0x00000000, Name: uwe5621.
05-28 16:04:48.665 1225 1225 D WifiHWInfo: Entry [24], BUS: SDIO, ID: 0x54490145, Name: aic8800.
05-28 16:04:48.665 1225 1225 D WifiHWInfo: Entry [25], BUS: SDIO, ID: 0xC8A1C08D, Name: aic8800.
05-28 16:04:48.665 1225 1225 D WifiHWInfo: Entry [26], BUS: USB, ID: 0xA69C8800, Name: aic8800.
05-28 16:04:48.665 1225 1225 D WifiHWInfo: Entry [27], BUS: USB, ID: 0x007A8888, Name: atbm6023is.
05-28 16:04:48.665 1225 1225 D WifiHWInfo: Entry [28], BUS: SDIO, ID: 0x02E79086, Name: 9012p.
05-28 16:04:48.665 1225 1225 D WifiHWInfo: Entry [29], BUS: SDIO, ID: 0x007A6011, Name: atbm613x_wifi_sdio.
05-28 16:04:48.665 1225 1225 D WifiHWInfo: Entry [30], BUS: SDIO, ID: 0x024CC822, Name: 88x2cs.
05-28 16:04:48.665 1225 1225 D WifiHWInfo: Entry [31], BUS: SDIO, ID: 0x000018F0, Name: dummy.
05-28 16:04:48.665 1225 1225 W wpa_supplicant: check_initialed for nl80211, use sprd wpa_supplicant_8_lib.
05-28 16:04:48.665 1225 1225 W wpa_supplicant: check_initialed found wpa_supplicant_8_lib vendor implement for sprd.
05-28 16:04:48.665 1225 1225 D wpa_supplicant: wlan0: Event CHANNEL_LIST_CHANGED (27) received
05-28 16:04:48.665 1225 1225 I wpa_supplicant: wlan0: CTRL-EVENT-REGDOM-CHANGE init=USER type=COUNTRY alpha2=CN
05-28 16:04:48.665 1225 1225 D wpa_supplicant: p2p-dev-wlan0: Updating hw mode
05-28 16:04:48.666 1225 1225 D wpa_supplicant: nl80211: No channel number found for frequency 5920 MHz
05-28 16:04:48.666 1225 1225 D wpa_supplicant: nl80211: No channel number found for frequency 5940 MHz
05-28 16:04:48.666 1225 1225 D wpa_supplicant: nl80211: Regulatory information - country=CN (DFS-FCC)
05-28 16:04:48.666 1225 1225 D wpa_supplicant: nl80211: 2400-2483 @ 40 MHz 20 mBm
05-28 16:04:48.667 1225 1225 D wpa_supplicant: nl80211: 5150-5350 @ 80 MHz 20 mBm (DFS)
05-28 16:04:48.667 1225 1225 D wpa_supplicant: nl80211: 5725-5850 @ 80 MHz 33 mBm
05-28 16:04:48.667 1225 1225 D wpa_supplicant: nl80211: 57240-59400 @ 2160 MHz 28 mBm
05-28 16:04:48.667 1225 1225 D wpa_supplicant: nl80211: 59400-63720 @ 2160 MHz 44 mBm
05-28 16:04:48.667 1225 1225 D wpa_supplicant: nl80211: 63720-65880 @ 2160 MHz 28 mBm
05-28 16:04:48.667 1225 1225 D wpa_supplicant: nl80211: Added 802.11b mode based on 802.11g information
05-28 16:04:48.667 1225 1225 D wpa_supplicant: nl80211: Mode IEEE 802.11g: 2412 2417 2422 2427 2432 2437 2442 2447 2452 2457 2462 2467 2472 2484[DISABLED]
05-28 16:04:48.667 1225 1225 D wpa_supplicant: nl80211: Mode IEEE 802.11a: 5170[DISABLED] 5180 5200 5220 5240 5260[RADAR] 5280[RADAR] 5300[RADAR] 5320[RADAR] 5500[DISABLED][RADAR] 5520[DISABLED][RADAR] 5540[DISABLED][RADAR] 5560[DISABLED][RADAR] 5580[DISABLED][RADAR]
05-28 16:04:48.667 1225 1225 D wpa_supplicant: nl80211: Mode IEEE 802.11b: 2412 2417 2422 2427 2432 2437 2442 2447 2452 2457 2462 2467 2472 2484[DISABLED]
05-28 16:04:48.667 1225 1225 D wpa_supplicant: wlan0: Updating hw mode
05-28 16:04:48.668 657 657 I bt_btif_sock_rfcomm: system/bt/btif/src/btif_sock_rfc.cc:303 btsock_rfc_listen: Adding listening socket service_name: (null) - channel: -2
05-28 16:04:48.668 1225 1225 D wpa_supplicant: nl80211: No channel number found for frequency 5920 MHz
05-28 16:04:48.668 1225 1225 D wpa_supplicant: nl80211: No channel number found for frequency 5940 MHz
05-28 16:04:48.668 1225 1225 D wpa_supplicant: nl80211: Regulatory information - country=CN (DFS-FCC)
05-28 16:04:48.668 1225 1225 D wpa_supplicant: nl80211: 2400-2483 @ 40 MHz 20 mBm
05-28 16:04:48.668 1225 1225 D wpa_supplicant: nl80211: 5150-5350 @ 80 MHz 20 mBm (DFS)
05-28 16:04:48.668 1225 1225 D wpa_supplicant: nl80211: 5725-5850 @ 80 MHz 33 mBm
05-28 16:04:48.668 1225 1225 D wpa_supplicant: nl80211: 57240-59400 @ 2160 MHz 28 mBm
05-28 16:04:48.668 1225 1225 D wpa_supplicant: nl80211: 59400-63720 @ 2160 MHz 44 mBm
05-28 16:04:48.668 1225 1225 D wpa_supplicant: nl80211: 63720-65880 @ 2160 MHz 28 mBm
05-28 16:04:48.668 1225 1225 D wpa_supplicant: nl80211: Added 802.11b mode based on 802.11g information
05-28 16:04:48.668 1225 1225 D wpa_supplicant: nl80211: Mode IEEE 802.11g: 2412 2417 2422 2427 2432 2437 2442 2447 2452 2457 2462 2467 2472 2484[DISABLED]
05-28 16:04:48.668 1225 1225 D wpa_supplicant: nl80211: Mode IEEE 802.11a: 5170[DISABLED] 5180 5200 5220 5240 5260[RADAR] 5280[RADAR] 5300[RADAR] 5320[RADAR] 5500[DISABLED][RADAR] 5520[DISABLED][RADAR] 5540[DISABLED][RADAR] 5560[DISABLED][RADAR] 5580[DISABLED][RADAR]
05-28 16:04:48.668 657 988 I bt_stack: [INFO:port_api.cc(234)] RFCOMM_CreateConnection: bd_addr=ff:ff:ff:ff:ff:ff, scn=5, is_server=1, mtu=990, uuid=000000, dlci=10, signal_state=0x0b, p_port=0xc304ae1c
05-28 16:04:48.668 1225 1225 D wpa_supplicant: nl80211: Mode IEEE 802.11b: 2412 2417 2422 2427 2432 2437 2442 2447 2452 2457 2462 2467 2472 2484[DISABLED]
05-28 16:04:48.669 1225 1225 D wpa_supplicant: wlan0: Determining shared radio frequencies (max len 2)
05-28 16:04:48.669 1225 1225 D wpa_supplicant: wlan0: Shared frequencies (len=0): completed iteration
05-28 16:04:48.669 1225 1225 D wpa_supplicant: P2P: Add operating class 81
05-28 16:04:48.669 1225 1225 D wpa_supplicant: P2P: Channels - hexdump(len=13): 01 02 03 04 05 06 07 08 09 0a 0b 0c 0d
05-28 16:04:48.669 657 657 D BluetoothAdapter: listenUsingInsecureL2capOn: port=-2
05-28 16:04:48.669 1225 1225 D wpa_supplicant: P2P: Add operating class 115
05-28 16:04:48.669 1225 1225 D wpa_supplicant: P2P: Channels - hexdump(len=4): 24 28 2c 30
05-28 16:04:48.669 1225 1225 D wpa_supplicant: P2P: Add operating class 116
05-28 16:04:48.669 1225 1225 D wpa_supplicant: P2P: Channels - hexdump(len=2): 24 2c
05-28 16:04:48.669 1225 1225 D wpa_supplicant: P2P: Add operating class 117
05-28 16:04:48.669 1225 1225 D wpa_supplicant: P2P: Channels - hexdump(len=2): 28 30
05-28 16:04:48.669 1225 1225 D wpa_supplicant: P2P: Add operating class 124
05-28 16:04:48.669 1225 1225 D wpa_supplicant: P2P: Channels - hexdump(len=4): 95 99 9d a1
05-28 16:04:48.669 1225 1225 D wpa_supplicant: P2P: Add operating class 125
05-28 16:04:48.669 1225 1225 D wpa_supplicant: P2P: Channels - hexdump(len=5): 95 99 9d a1 a5
05-28 16:04:48.669 1225 1225 D wpa_supplicant: P2P: Add operating class 126
05-28 16:04:48.669 1225 1225 D wpa_supplicant: P2P: Channels - hexdump(len=2): 95 9d
05-28 16:04:48.669 1225 1225 D wpa_supplicant: P2P: Add operating class 127
05-28 16:04:48.669 1225 1225 D wpa_supplicant: P2P: Channels - hexdump(len=2): 99 a1
05-28 16:04:48.669 1225 1225 D wpa_supplicant: P2P: Add operating class 128
05-28 16:04:48.669 1225 1225 D wpa_supplicant: P2P: Channels - hexdump(len=8): 24 28 2c 30 95 99 9d a1
05-28 16:04:48.669 1225 1225 D wpa_supplicant: P2P: Add operating class 130
05-28 16:04:48.669 1225 1225 D wpa_supplicant: P2P: Channels - hexdump(len=9): 24 28 2c 30 95 99 9d a1 a5
05-28 16:04:48.669 1225 1225 D wpa_supplicant: P2P: Update channel list
05-28 16:04:48.669 1225 1225 D wpa_supplicant: P2P: channels: 81:1,2,3,4,5,6,7,8,9,10,11,12,13 115:36,40,44,48 116:36,44 117:40,48 124:149,153,157,161 125:149,153,157,161,165 126:149,157 127:153,161 128:36,40,44,48,149,153,157,161 130:36,40,44,48,149,153,157,161,165
05-28 16:04:48.669 1225 1225 D wpa_supplicant: P2P: cli_channels:
05-28 16:04:48.669 1225 1225 D wpa_supplicant: sprd_wpa_driver_nl80211_driver_cmd COUNTRY CN len = 0, 10
05-28 16:04:48.673 657 657 I bluetooth: system/bt/btif/src/btif_sock_l2cap.cc:316 btsock_l2cap_alloc_l: Allocated l2cap socket structure socket_id:2
05-28 16:04:48.673 657 988 I bt_l2cap: system/bt/stack/l2cap/l2c_api.cc:134 L2CA_Register: L2CAP Registered service classic PSM: 0x1003
05-28 16:04:48.673 657 988 I bluetooth: system/bt/btif/src/btif_sock_l2cap.cc:341 send_app_psm_or_chan_l: Sending l2cap socket socket_id:2 channel:4099
05-28 16:04:48.674 467 600 D WifiNative: onSetCountryCodeSucceeded: CN
05-28 16:04:48.674 467 600 I WifiCountryCode: Receive onSetCountryCodeSucceeded CN
05-28 16:04:48.681 657 657 D BluetoothAdapter: listenUsingInsecureL2capOn: set assigned channel to 4099
05-28 16:04:48.684 243 243 D Zygote : Forked child process 1291
05-28 16:04:48.684 657 657 D ObexServerSockets: Succeed to create listening sockets
05-28 16:04:48.684 657 1265 D BluetoothAdapter: listenUsingL2capOn: set assigned channel to 4097
05-28 16:04:48.684 657 1265 D ObexServerSockets: Succeed to create listening sockets
05-28 16:04:48.684 657 657 D ObexServerSockets0: startAccept()
05-28 16:04:48.684 657 1265 D ObexServerSockets1: startAccept()
05-28 16:04:48.686 657 1292 D ObexServerSockets1: Accepting socket connection...
05-28 16:04:48.686 670 670 D SystemUIBootTiming: SystemUIService: bootcomplete com.android.systemui.wmshell.WMShell took 30 ms
05-28 16:04:48.686 657 1265 D BluetoothSdpJni: sdpCreatePbapPseRecordNative
05-28 16:04:48.686 670 670 D SystemUIService: loading: com.android.systemui.media.systemsounds.HomeSoundEffectController
05-28 16:04:48.686 657 1293 D ObexServerSockets1: Accepting socket connection...
05-28 16:04:48.686 657 988 I bt_bta_dm: system/bt/bta/dm/bta_dm_act.cc:3198 bta_dm_eir_update_uuid: EIR Adding UUID=0x112F into extended inquiry response
05-28 16:04:48.686 657 988 I bt_bta_dm: system/bt/bta/dm/bta_dm_act.cc:2897 bta_dm_set_eir: Generating extended inquiry response packet EIR
05-28 16:04:48.686 657 1265 D BluetoothSdpJni: SDP Create record success - handle: 0
05-28 16:04:48.686 657 1265 D BluetoothPbapService: created Sdp record, mSdpHandle=0
05-28 16:04:48.688 670 670 D SystemUIService: running: com.android.systemui.media.systemsounds.HomeSoundEffectController@f20e2f1
05-28 16:04:48.701 415 415 I : DVI mode selected: packets not configured
05-28 16:04:48.701 415 415 I : Error: set vsif failed
05-28 16:04:48.704 657 1295 D ObexServerSockets0: Accepting socket connection...
05-28 16:04:48.704 657 657 D BluetoothSdpJni: sdpCreateOppOpsRecordNative
05-28 16:04:48.704 657 1296 D ObexServerSockets0: Accepting socket connection...
05-28 16:04:48.705 657 657 D BluetoothSdpJni: SDP Create record success - handle: 1
05-28 16:04:48.705 657 988 I bt_bta_dm: system/bt/bta/dm/bta_dm_act.cc:3198 bta_dm_eir_update_uuid: EIR Adding UUID=0x1105 into extended inquiry response
05-28 16:04:48.705 657 988 I bt_bta_dm: system/bt/bta/dm/bta_dm_act.cc:2897 bta_dm_set_eir: Generating extended inquiry response packet EIR
05-28 16:04:48.705 657 657 D BtOppService: mOppSdpHandle :1
05-28 16:04:48.710 1291 1291 I Zygote : seccomp disabled by setenforce 0
05-28 16:04:48.711 323 323 W audit : audit_lost=25 audit_rate_limit=5 audit_backlog_limit=64
05-28 16:04:48.711 323 323 E audit : rate limit exceeded
05-28 16:04:48.713 1021 1040 I lerad.etna.haq: Background young concurrent copying GC freed 14947(977KB) AllocSpace objects, 0(0B) LOS objects, 88% free, 3346KB/27MB, paused 183us total 418.116ms
05-28 16:04:48.723 467 527 W ActivityManager: Slow operation: 77ms so far, now at startProcess: returned from zygote!
05-28 16:04:48.725 467 600 D WifiConnectivityHelper: Firmware supported feature set: d8108a801003d
05-28 16:04:48.725 467 600 D WifiConnectivityHelper: Firmware roaming is not supported
05-28 16:04:48.726 670 670 D SystemUIBootTiming: SystemUIService: bootcomplete com.android.systemui.media.systemsounds.HomeSoundEffectController took 40 ms
05-28 16:04:48.732 467 527 W ActivityManager: Slow operation: 86ms so far, now at startProcess: done updating battery stats
05-28 16:04:48.732 467 527 W ActivityManager: Slow operation: 86ms so far, now at startProcess: building log message
05-28 16:04:48.732 467 527 I ActivityManager: app.processName = android.process.acore
05-28 16:04:48.732 467 527 I ActivityManager: Start proc 1291:android.process.acore/u0a14 for content provider {com.android.providers.contacts/com.android.providers.contacts.ContactsProvider2}
05-28 16:04:48.733 467 527 W ActivityManager: Slow operation: 86ms so far, now at startProcess: starting to update pids map
05-28 16:04:48.739 467 527 W ActivityManager: Slow operation: 93ms so far, now at startProcess: done updating pids map
05-28 16:04:48.751 415 415 I : DVI mode selected: packets not configured
05-28 16:04:48.751 415 415 I : Error: set vsif failed
05-28 16:04:48.748 381 400 I adbd : jdwp connection from 1291
05-28 16:04:48.752 670 670 I ManagerService: --------------------- system activated! ---------------
05-28 16:04:48.753 670 670 D SystemUIBootTiming: SystemUIService: bootcomplete com.android.systemui.oranth.ManagerService took 26 ms
05-28 16:04:48.761 467 492 D CompatibilityChangeReporter: Compat change id reported: 168419799; UID 1000; state: DISABLED
05-28 16:04:48.762 467 467 D NetworkSecurityConfig: No Network Security Config specified, using platform default
05-28 16:04:48.763 467 467 E BootReceiver: Could not open /sys/kernel/tracing/instances/bootreceiver/trace_pipe
05-28 16:04:48.763 467 467 E BootReceiver: android.system.ErrnoException: open failed: ENOENT (No such file or directory)
05-28 16:04:48.763 467 467 E BootReceiver: at libcore.io.Linux.open(Native Method)
05-28 16:04:48.763 467 467 E BootReceiver: at libcore.io.ForwardingOs.open(ForwardingOs.java:567)
05-28 16:04:48.763 467 467 E BootReceiver: at libcore.io.BlockGuardOs.open(BlockGuardOs.java:273)
05-28 16:04:48.763 467 467 E BootReceiver: at android.system.Os.open(Os.java:501)
05-28 16:04:48.763 467 467 E BootReceiver: at com.android.server.BootReceiver.onReceive(BootReceiver.java:167)
05-28 16:04:48.763 467 467 E BootReceiver: at android.app.ActivityThread.handleReceiver(ActivityThread.java:4308)
05-28 16:04:48.763 467 467 E BootReceiver: at android.app.ActivityThread.access$1600(ActivityThread.java:247)
05-28 16:04:48.763 467 467 E BootReceiver: at android.app.ActivityThread$H.handleMessage(ActivityThread.java:2064)
05-28 16:04:48.763 467 467 E BootReceiver: at android.os.Handler.dispatchMessage(Handler.java:106)
05-28 16:04:48.763 467 467 E BootReceiver: at android.os.Looper.loopOnce(Looper.java:201)
05-28 16:04:48.763 467 467 E BootReceiver: at android.os.Looper.loop(Looper.java:288)
05-28 16:04:48.763 467 467 E BootReceiver: at com.android.server.SystemServer.run(SystemServer.java:966)
05-28 16:04:48.763 467 467 E BootReceiver: at com.android.server.SystemServer.main(SystemServer.java:628)
05-28 16:04:48.763 467 467 E BootReceiver: at java.lang.reflect.Method.invoke(Native Method)
05-28 16:04:48.763 467 467 E BootReceiver: at com.android.internal.os.RuntimeInit$MethodAndArgsCaller.run(RuntimeInit.java:548)
05-28 16:04:48.763 467 467 E BootReceiver: at com.android.internal.os.ZygoteInit.main(ZygoteInit.java:1160)
05-28 16:04:48.769 1057 1231 I UtilCommon: bluetoothMac=B4:2F:03:15:A3:36
05-28 16:04:48.770 1057 1231 E wangli : env: 0_false
05-28 16:04:48.771 651 651 E WifiHAL : wifi_get_link_stats: requestResponse Error:-5
05-28 16:04:48.772 804 804 W ContextImpl: Calling a method in the system process without a qualified user: android.app.ContextImpl.startService:1816 android.content.ContextWrapper.startService:774 android.content.ContextWrapper.startService:774 com.android.tv.settings.users.UserSwitchListenerService$BootReceiver.onReceive:50 android.app.ActivityThread.handleReceiver:4308
05-28 16:04:48.783 415 415 I : DVI mode selected: packets not configured
05-28 16:04:48.783 415 415 I : Error: set vsif failed
05-28 16:04:48.778 467 801 D CompatibilityChangeReporter: Compat change id reported: 168419799; UID 10046; state: DISABLED
05-28 16:04:48.781 467 600 E WifiVendorHal: getWifiLinkLayerStats_1_5_Internal(l.1191) failed {.code = ERROR_INVALID_ARGS, .description = }
05-28 16:04:48.785 467 600 D WakeupController: onWifiEnabled()
05-28 16:04:48.788 467 600 W WifiClientModeImpl: No cached packet filter to apply
05-28 16:04:48.788 1010 1307 I MediaProvider: Begin Intent { act=com.android.providers.media.action.SCAN_VOLUME (has extras) }
05-28 16:04:48.795 467 1310 I RecoverySystem: No recovery log file
05-28 16:04:48.806 670 853 D BluetoothA2dp: Binding service...
05-28 16:04:48.808 467 1310 I DropBoxManagerService: add tag=SYSTEM_BOOT isTagEnabled=true flags=0x2
05-28 16:04:48.812 1057 1057 E getHdmiStatus: sourceInputStatus=null mEtnaAdapter=null
05-28 16:04:48.817 415 415 I : DVI mode selected: packets not configured
05-28 16:04:48.817 415 415 I : Error: set vsif failed
05-28 16:04:48.815 467 1310 I BootReceiver: Copying audit failures to DropBox
05-28 16:04:48.816 1270 1270 D CompatibilityChangeReporter: Compat change id reported: 171979766; UID 10046; state: DISABLED
05-28 16:04:48.818 467 467 D WifiP2pService: Wifi enabled=true
05-28 16:04:48.819 467 600 D WifiClientModeImpl[wlan0]: entering ConnectableState: ifaceName = wlan0
05-28 16:04:48.822 1225 1225 D wpa_supplicant: sprd_wpa_driver_nl80211_driver_cmd SETSUSPENDMODE 1 len = 0, 16
05-28 16:04:48.826 467 1310 I BootReceiver: Checking for fsck errors
05-28 16:04:48.827 467 799 D CompatibilityChangeReporter: Compat change id reported: 168419799; UID 10014; state: DISABLED
05-28 16:04:48.839 1010 1118 V MediaStore: Examining volume emulated;0 with name external_primary and state mounted
05-28 16:04:48.841 1010 1024 I FuseDaemon: Background young concurrent copying GC freed 12099(865KB) AllocSpace objects, 4(80KB) LOS objects, 87% free, 3431KB/27MB, paused 153us total 611.976ms
05-28 16:04:48.851 1057 1154 I d.leradlaunche: WaitForGcToComplete blocked ClassLinker on Background for 310.200ms
05-28 16:04:48.865 670 670 V TvNotificationHandler: Notification not added because it isn't relevant for tv
05-28 16:04:48.873 467 799 W ActivityManager: Slow operation: 51ms so far, now at attachApplicationLocked: after updateOomAdjLocked
05-28 16:04:48.876 348 368 D installd: Found quota mount /dev/block/by-name/userdata at /data
05-28 16:04:48.876 348 368 D installd: Found quota mount /dev/block/by-name/userdata at /data/user/0
05-28 16:04:48.877 348 368 D installd: Found quota mount /dev/block/by-name/userdata at /mnt/pass_through/0/emulated
05-28 16:04:48.877 348 368 D installd: Found quota mount /dev/block/by-name/userdata at /mnt/user/0/emulated/0/Android/data
05-28 16:04:48.877 348 368 D installd: Found quota mount /dev/block/by-name/userdata at /storage/emulated/0/Android/data
05-28 16:04:48.877 348 368 D installd: Found quota mount /dev/block/by-name/userdata at /mnt/androidwritable/0/emulated/0/Android/data
05-28 16:04:48.877 348 368 D installd: Found quota mount /dev/block/by-name/userdata at /mnt/installer/0/emulated/0/Android/data
05-28 16:04:48.877 348 368 D installd: Found quota mount /dev/block/by-name/userdata at /mnt/user/0/emulated/0/Android/obb
05-28 16:04:48.877 348 368 D installd: Found quota mount /dev/block/by-name/userdata at /storage/emulated/0/Android/obb
05-28 16:04:48.877 467 600 D WifiClientModeImpl[wlan0]: Start makeIpClient ifaceName = wlan0
05-28 16:04:48.877 348 368 D installd: Found quota mount /dev/block/by-name/userdata at /mnt/androidwritable/0/emulated/0/Android/obb
05-28 16:04:48.877 348 368 D installd: Found quota mount /dev/block/by-name/userdata at /mnt/installer/0/emulated/0/Android/obb
05-28 16:04:48.879 348 368 D installd: Found storage mount /dev/block/by-name/userdata at /mnt/pass_through/0/emulated
05-28 16:04:48.891 1291 1291 D CompatibilityChangeReporter: Compat change id reported: 171979766; UID 10014; state: ENABLED
05-28 16:04:48.896 467 594 D StorageManagerService: Volume emulated;0 broadcasting mounted to UserHandle{0}
05-28 16:04:48.896 670 670 D BluetoothA2dp: Proxy object connected
05-28 16:04:48.906 467 467 V AudioDeviceManagerObserver: AudioDeviceManagerObserver init()
05-28 16:04:48.910 1010 1010 V MediaStore: Examining volume emulated;0 with name external_primary and state mounted
05-28 16:04:48.913 467 594 D StorageManagerService: Volume emulated;0 broadcasting mounted to UserHandle{0}
05-28 16:04:48.913 467 467 D AudioDeviceManagerObserver: AudioDeviceManagerObserver: newCardId: /sys/class/sound/card0/id
05-28 16:04:48.915 467 1310 D CompatibilityChangeReporter: Compat change id reported: 135634846; UID 10013; state: DISABLED
05-28 16:04:48.915 467 1310 D CompatibilityChangeReporter: Compat change id reported: 177438394; UID 10013; state: DISABLED
05-28 16:04:48.915 467 1310 D CompatibilityChangeReporter: Compat change id reported: 135772972; UID 10013; state: DISABLED
05-28 16:04:48.915 467 1310 D CompatibilityChangeReporter: Compat change id reported: 135754954; UID 10013; state: ENABLED
05-28 16:04:48.916 467 467 D AudioDeviceManagerObserver: AudioDeviceManagerObserver: devName: pcmC0D0p
05-28 16:04:48.917 467 527 D CompatibilityChangeReporter: Compat change id reported: 143937733; UID 10013; state: ENABLED
05-28 16:04:48.917 467 467 D AudioDeviceManagerObserver: ~~~~~~~~ AudioDeviceManagerObserver: findNameMap: id: audiocodec
05-28 16:04:48.917 467 467 D AudioDeviceManagerObserver: AudioDeviceManagerObserver: name_linux: audiocodec, name_android: AUDIO_CODEC
05-28 16:04:48.918 467 467 D AudioDeviceManagerObserver: AudioDeviceManagerObserver: newCardId: /sys/class/sound/card1/id
05-28 16:04:48.918 467 467 D AudioDeviceManagerObserver: AudioDeviceManagerObserver: devName: pcmC1D0c
05-28 16:04:48.918 467 467 D AudioDeviceManagerObserver: ~~~~~~~~ AudioDeviceManagerObserver: findNameMap: id: sndspdif
05-28 16:04:48.918 467 467 D AudioDeviceManagerObserver: AudioDeviceManagerObserver: devName: pcmC1D0p
05-28 16:04:48.918 467 467 D AudioDeviceManagerObserver: ~~~~~~~~ AudioDeviceManagerObserver: findNameMap: id: sndspdif
05-28 16:04:48.918 467 467 D AudioDeviceManagerObserver: AudioDeviceManagerObserver: name_linux: sndspdif, name_android: AUDIO_SPDIF
05-28 16:04:48.919 467 467 D AudioDeviceManagerObserver: AudioDeviceManagerObserver: newCardId: /sys/class/sound/card2/id
05-28 16:04:48.920 467 467 D AudioDeviceManagerObserver: AudioDeviceManagerObserver: name_linux: ahubdam, name_android: AUDIO_SPDIF
05-28 16:04:48.920 467 467 D AudioDeviceManagerObserver: AudioDeviceManagerObserver: newCardId: /sys/class/sound/card3/id
05-28 16:04:48.921 467 467 D AudioDeviceManagerObserver: AudioDeviceManagerObserver: devName: pcmC3D0c
05-28 16:04:48.921 467 467 D AudioDeviceManagerObserver: ~~~~~~~~ AudioDeviceManagerObserver: findNameMap: id: ahubhdmi
05-28 16:04:48.924 1270 1270 D ApplicationLoaders: Returning zygote-cached class loader: /system/framework/android.test.base.jar
05-28 16:04:48.927 670 853 D LocalBluetoothProfileManager: Adding local HEADSET profile
05-28 16:04:48.938 243 243 D Zygote : Forked child process 1314
05-28 16:04:48.941 467 467 D AudioDeviceManagerObserver: AudioDeviceManagerObserver: devName: pcmC3D0p
05-28 16:04:48.944 467 467 D AudioDeviceManagerObserver: ~~~~~~~~ AudioDeviceManagerObserver: findNameMap: id: ahubhdmi
05-28 16:04:48.946 467 527 I ActivityManager: app.processName = android.process.media
05-28 16:04:48.947 467 527 I ActivityManager: Start proc 1314:android.process.media/u0a13 for content provider {com.android.providers.downloads/com.android.providers.downloads.DownloadProvider}
05-28 16:04:48.948 467 467 D AudioDeviceManagerObserver: AudioDeviceManagerObserver: name_linux: ahubhdmi, name_android: AUDIO_USB_ahubhdmi
05-28 16:04:48.948 467 467 D AudioDeviceManagerObserver: AudioDeviceManagerObserver: newCardId: /sys/class/sound/card4/id
05-28 16:04:48.950 467 467 D AudioDeviceManagerObserver: AudioDeviceManagerObserver: devName: pcmC4D0c
05-28 16:04:48.950 467 467 D AudioDeviceManagerObserver: ~~~~~~~~ AudioDeviceManagerObserver: findNameMap: id: ahubi2s2
05-28 16:04:48.951 467 467 D AudioDeviceManagerObserver: AudioDeviceManagerObserver: devName: pcmC4D0p
05-28 16:04:48.953 467 467 D AudioDeviceManagerObserver: ~~~~~~~~ AudioDeviceManagerObserver: findNameMap: id: ahubi2s2
05-28 16:04:48.953 467 467 D AudioDeviceManagerObserver: AudioDeviceManagerObserver: name_linux: ahubi2s2, name_android: AUDIO_USB_ahubi2s2
05-28 16:04:48.954 467 467 D AudioDeviceManagerObserver: AudioDeviceManagerObserver: newCardId: /sys/class/sound/card5/id
05-28 16:04:48.955 467 467 V AudioDeviceManagerObserver: This kernel does not have sound card5
05-28 16:04:48.956 365 796 D BufferPoolAccessor2.0: bufferpool2 0xf5b1ddd8 : 0(0 size) total buffers - 0(0 size) used buffers - 140/145 (recycle/alloc) - 5/144 (fetch/transfer)
05-28 16:04:48.957 467 886 D BufferPoolAccessor2.0: bufferpool2 0xee5b7598 : 0(0 size) total buffers - 0(0 size) used buffers - 1/7 (recycle/alloc) - 10/294 (fetch/transfer)
05-28 16:04:48.957 365 796 D BufferPoolAccessor2.0: bufferpool2 0xf5b1df18 : 0(0 size) total buffers - 0(0 size) used buffers - 136/145 (recycle/alloc) - 9/144 (fetch/transfer)
05-28 16:04:48.957 365 796 D BufferPoolAccessor2.0: evictor expired: 2, evicted: 2
05-28 16:04:48.958 467 886 D BufferPoolAccessor2.0: bufferpool2 0xee5b76d8 : 0(0 size) total buffers - 0(0 size) used buffers - 2/7 (recycle/alloc) - 10/294 (fetch/transfer)
05-28 16:04:48.958 467 886 D BufferPoolAccessor2.0: evictor expired: 2, evicted: 2
05-28 16:04:48.962 467 467 D AudioManagerEx: AudioManagerEx
05-28 16:04:48.972 248 313 D audio_hw_primary: getAudioDevices()
05-28 16:04:48.972 1314 1314 I Zygote : seccomp disabled by setenforce 0
05-28 16:04:48.973 248 313 D audio_hw_primary: out dev:AUDIO_CODEC
05-28 16:04:48.974 248 313 D audio_hw_primary: in dev:AUDIO_SPDIF
05-28 16:04:48.974 248 313 D audio_hw_primary: out dev:AUDIO_SPDIF
05-28 16:04:48.974 248 313 D audio_hw_primary: in dev:AUDIO_HDMI
05-28 16:04:48.974 248 313 D audio_hw_primary: out dev:AUDIO_HDMI
05-28 16:04:48.974 248 313 D audio_hw_primary: in dev:AUDIO_I2S2
05-28 16:04:48.974 248 313 D audio_hw_primary: out playback: AUDIO_CODEC,AUDIO_SPDIF,AUDIO_HDMI
05-28 16:04:48.976 248 248 D xm_audio: adev_get_parameters
05-28 16:04:48.980 267 437 I hash_map_utils: system/bt/osi/src/hash_map_utils.cc:81 hash_map_utils_dump_string_keys_string_values: key: 'audio_devices_out' value: ''
05-28 16:04:48.982 1057 1257 W System.err: java.net.UnknownHostException: Unable to resolve host "utoken.umeng.com": No address associated with hostname
05-28 16:04:48.983 1057 1257 W System.err: at java.net.Inet6AddressImpl.lookupHostByName(Inet6AddressImpl.java:156)
05-28 16:04:48.983 1057 1257 W System.err: at java.net.Inet6AddressImpl.lookupAllHostAddr(Inet6AddressImpl.java:103)
05-28 16:04:48.983 1057 1257 W System.err: at java.net.InetAddress.getAllByName(InetAddress.java:1152)
05-28 16:04:48.983 1057 1257 W System.err: at com.android.okhttp.Dns$1.lookup(Dns.java:41)
05-28 16:04:48.983 1057 1257 W System.err: at com.android.okhttp.internal.http.RouteSelector.resetNextInetSocketAddress(RouteSelector.java:178)
05-28 16:04:48.983 1057 1257 W System.err: at com.android.okhttp.internal.http.RouteSelector.nextProxy(RouteSelector.java:144)
05-28 16:04:48.983 1057 1257 W System.err: at com.android.okhttp.internal.http.RouteSelector.next(RouteSelector.java:86)
05-28 16:04:48.983 1057 1257 W System.err: at com.android.okhttp.internal.http.StreamAllocation.findConnection(StreamAllocation.java:176)
05-28 16:04:48.983 1057 1257 W System.err: at com.android.okhttp.internal.http.StreamAllocation.findHealthyConnection(StreamAllocation.java:128)
05-28 16:04:48.983 1057 1257 W System.err: at com.android.okhttp.internal.http.StreamAllocation.newStream(StreamAllocation.java:97)
05-28 16:04:48.983 1057 1257 W System.err: at com.android.okhttp.internal.http.HttpEngine.connect(HttpEngine.java:289)
05-28 16:04:48.983 1057 1257 W System.err: at com.android.okhttp.internal.http.HttpEngine.sendRequest(HttpEngine.java:232)
05-28 16:04:48.983 1057 1257 W System.err: at com.android.okhttp.internal.huc.HttpURLConnectionImpl.execute(HttpURLConnectionImpl.java:465)
05-28 16:04:48.983 1057 1257 W System.err: at com.android.okhttp.internal.huc.HttpURLConnectionImpl.connect(HttpURLConnectionImpl.java:131)
05-28 16:04:48.983 1057 1257 W System.err: at com.android.okhttp.internal.huc.HttpURLConnectionImpl.getOutputStream(HttpURLConnectionImpl.java:262)
05-28 16:04:48.983 1057 1257 W System.err: at com.android.okhttp.internal.huc.DelegatingHttpsURLConnection.getOutputStream(DelegatingHttpsURLConnection.java:219)
05-28 16:04:48.983 1057 1257 W System.err: at com.android.okhttp.internal.huc.HttpsURLConnectionImpl.getOutputStream(HttpsURLConnectionImpl.java:30)
05-28 16:04:48.983 1057 1257 W System.err: at com.umeng.umzid.a.a(SourceFile:80)
05-28 16:04:48.983 1057 1257 W System.err: at com.umeng.umzid.ZIDManager.b(SourceFile:298)
05-28 16:04:48.983 1057 1257 W System.err: at com.umeng.umzid.ZIDManager$b.run(Unknown Source:4)
05-28 16:04:48.983 1057 1257 W System.err: at java.util.concurrent.Executors$RunnableAdapter.call(Executors.java:462)
05-28 16:04:48.983 1057 1257 W System.err: at java.util.concurrent.FutureTask.run(FutureTask.java:266)
05-28 16:04:48.983 1057 1257 W System.err: at java.util.concurrent.ScheduledThreadPoolExecutor$ScheduledFutureTask.run(ScheduledThreadPoolExecutor.java:301)
05-28 16:04:48.983 1057 1257 W System.err: at java.util.concurrent.ThreadPoolExecutor.runWorker(ThreadPoolExecutor.java:1167)
05-28 16:04:48.984 1057 1257 W System.err: at java.util.concurrent.ThreadPoolExecutor$Worker.run(ThreadPoolExecutor.java:641)
05-28 16:04:48.984 1057 1257 W System.err: at java.lang.Thread.run(Thread.java:920)
05-28 16:04:48.984 1057 1257 W System.err: Caused by: android.system.GaiException: android_getaddrinfo failed: EAI_NODATA (No address associated with hostname)
05-28 16:04:48.984 1057 1257 W System.err: at libcore.io.Linux.android_getaddrinfo(Native Method)
05-28 16:04:48.984 1057 1257 W System.err: at libcore.io.ForwardingOs.android_getaddrinfo(ForwardingOs.java:136)
05-28 16:04:48.984 1057 1257 W System.err: at libcore.io.BlockGuardOs.android_getaddrinfo(BlockGuardOs.java:221)
05-28 16:04:48.984 1057 1257 W System.err: at libcore.io.ForwardingOs.android_getaddrinfo(ForwardingOs.java:136)
05-28 16:04:48.984 1057 1257 W System.err: at java.net.Inet6AddressImpl.lookupHostByName(Inet6AddressImpl.java:135)
05-28 16:04:48.984 1057 1257 W System.err: ... 25 more
05-28 16:04:48.985 467 467 D AudioManagerEx: type audio_devices_out list AUDIO_CODEC,AUDIO_SPDIF,AUDIO_HDMI=
05-28 16:04:48.987 467 467 D AudioManagerPolicy: get AUDIO_MANAGE_POLICY is 2
05-28 16:04:48.988 467 515 W IorapForwardingService: No service published for: iorapd
05-28 16:04:48.988 1010 1010 V MediaStore: Examining volume emulated;0 with name external_primary and state mounted
05-28 16:04:48.996 467 467 E AudioDeviceManagerObserver: Could not parse switch state for /sys/devices/virtual/switch/h2w/state ,fail because /sys/devices/virtual/switch/h2w/state: open failed: ENOENT (No such file or directory)
05-28 16:04:48.999 467 467 D AudioManagerPolicy: no usb audio i=3 size=3
05-28 16:04:49.007 381 400 I adbd : jdwp connection from 1314
05-28 16:04:49.011 467 467 D AudioManagerPolicy: curType4 isHdmiPlugin =true
05-28 16:04:49.012 467 467 D AudioManagerPolicy: hdmi is available on init.
05-28 16:04:49.012 467 467 D AudioManagerPolicy: notifyHdmiAvailable hdmi is available
05-28 16:04:49.036 467 799 D CompatibilityChangeReporter: Compat change id reported: 168419799; UID 10013; state: DISABLED
05-28 16:04:49.051 1314 1314 D CompatibilityChangeReporter: Compat change id reported: 171979766; UID 10013; state: ENABLED
05-28 16:04:49.062 1057 1153 E FactoryResetOperateImpl: isFirstBoot 2
05-28 16:04:49.063 1057 1153 E FactoryResetOperateImpl: isFirstBoot 2
05-28 16:04:49.066 804 897 D BufferPoolAccessor2.0: bufferpool2 0xef22c6d8 : 0(0 size) total buffers - 0(0 size) used buffers - 1/7 (recycle/alloc) - 6/92 (fetch/transfer)
05-28 16:04:49.066 804 897 D BufferPoolAccessor2.0: evictor expired: 1, evicted: 1
05-28 16:04:49.079 467 516 D ColorDisplayService: NightDisplayTintController Animation cancelled: false to matrix:
05-28 16:04:49.079 467 516 D ColorDisplayService: 1.000000 0.000000 0.000000 0.000000 0.000000 1.000000 0.000000 0.000000 0.000000 0.000000 1.000000 0.000000 0.000000 0.000000 0.000000 1.000000 min matrix coefficients:
05-28 16:04:49.079 467 516 D ColorDisplayService: 1.000000 0.000000 0.000000 0.000000 0.000000 1.000000 0.000000 0.000000 0.000000 0.000000 1.000000 0.000000 0.000000 0.000000 0.000000 1.000000 max matrix coefficients:
05-28 16:04:49.079 467 516 D ColorDisplayService: 1.000000 0.000000 0.000000 0.000000 0.000000 1.000000 0.000000 0.000000 0.000000 0.000000 1.000000 0.000000 0.000000 0.000000 0.000000 1.000000
05-28 16:04:49.096 1057 1218 E hq : LookupControler:::startLookupControllerTimer
05-28 16:04:49.106 1057 1057 D OsInitLaunch: send cache: mangoAuth, null, AUTH_NO_NETWORK, null
05-28 16:04:49.115 248 313 D audio_hw_primary: Mic get_audio_devices_active:
05-28 16:04:49.115 248 313 D audio_hw_primary: get_audio_devices_active: AUDIO_CODEC,AUDIO_HDMI
05-28 16:04:49.116 248 313 D xm_audio: adev_get_parameters
05-28 16:04:49.116 267 267 I hash_map_utils: system/bt/osi/src/hash_map_utils.cc:81 hash_map_utils_dump_string_keys_string_values: key: 'audio_devices_out_active' value: ''
05-28 16:04:49.120 467 467 D AudioManagerEx: type audio_devices_out_active list AUDIO_CODEC,AUDIO_HDMI=
05-28 16:04:49.120 467 467 D AudioManagerEx: AudioManagerEx
05-28 16:04:49.121 467 467 D AudioManagerPolicy: save audio is AUDIO_SPDIF,AUDIO_CODEC,AUDIO_HDMI
05-28 16:04:49.121 467 467 D AudioManagerPolicy: get AUDIO_MANAGE_POLICY is 2
05-28 16:04:49.121 467 467 D AudioManagerPolicy: POLICY_2 Remove USB Audio or No USB Audio Output Device Connected!
05-28 16:04:49.122 467 467 D AudioManagerEx: state=audio_devices_out_active,dev=[AUDIO_SPDIF, AUDIO_CODEC, AUDIO_HDMI]
05-28 16:04:49.122 467 467 D AudioManagerEx: enablePassThrough = false
05-28 16:04:49.122 467 467 D AudioManagerEx: hdmiAvailable=true list=[AUDIO_SPDIF, AUDIO_CODEC, AUDIO_HDMI]
05-28 16:04:49.124 467 467 D AudioManagerEx: audio=AUDIO_SPDIF,AUDIO_CODEC,AUDIO_HDMI
05-28 16:04:49.130 248 313 V audio_hw_primary: adev_set_parameters, mediasw.sft.rawdata=PCM
05-28 16:04:49.134 248 248 V audio_hw_primary: adev_set_parameters, audio_devices_out_active=AUDIO_SPDIF,AUDIO_CODEC,AUDIO_HDMI
05-28 16:04:49.134 248 248 V audio_hw_primary: out AUDIO_PARAMETER_DEVICES_OUT_ACTIVE: AUDIO_SPDIF,AUDIO_CODEC,AUDIO_HDMI
05-28 16:04:49.136 248 248 V audio_hw_primary: set property vendor.audio.output.active: AUDIO_SPDIF,AUDIO_CODEC,AUDIO_HDMI ok
05-28 16:04:49.136 248 248 V audio_hw_primary: AUDIO_SPDIF output device will be active
05-28 16:04:49.136 248 248 V audio_hw_primary: AUDIO_CODEC output device will be active
05-28 16:04:49.136 248 248 V audio_hw_primary: AUDIO_HDMI output device will be active
05-28 16:04:49.136 467 600 I WifiClientModeImpl[wlan0]: disconnectedstate enter
05-28 16:04:49.140 734 1338 E IpClient.wlan0: Failed to set accept_ra to 2
05-28 16:04:49.153 670 853 D LocalBluetoothProfileManager: Adding local MAP profile
05-28 16:04:49.154 670 853 D BluetoothMap: Create BluetoothMap proxy object
05-28 16:04:49.157 670 853 D BluetoothMap: Binding service...
05-28 16:04:49.173 1010 1307 V MediaProvider: onConfigure() for internal.db
05-28 16:04:49.185 1010 1307 V MediaProvider: onOpen() for internal.db
05-28 16:04:49.196 1010 1307 V MediaProvider: onOpen() finished for internal.db
05-28 16:04:49.217 670 1048 D BluetoothHeadset: Proxy object connected
05-28 16:04:49.220 1057 1155 E hq : ErrorCoroutineExceptionHandler:::runTry error:java.net.UnknownHostException: Unable to resolve host "ottdbui-tyapiqun7.yysh.mgtv.com": No address associated with hostname from=requestAppBarData_loadData
05-28 16:04:49.225 1189 1189 W bei.lerad.rock: Class com.iflytek.aiui.AIUIAgent failed lock verification and will run slower.
05-28 16:04:49.225 1189 1189 W bei.lerad.rock: Common causes for lock verification issues are non-optimized dex code
05-28 16:04:49.225 1189 1189 W bei.lerad.rock: and incorrect proguard optimizations.
05-28 16:04:49.232 467 467 D AudioManagerEx: Update Settings.System.AUDIO_OUTPUT_CHANNEL, now save audio is AUDIO_SPDIF,AUDIO_CODEC,AUDIO_HDMI
05-28 16:04:49.232 467 467 D AudioManagerPolicy: get AUDIO_MANAGE_POLICY is 2
05-28 16:04:49.232 467 801 D ConnectivityService: requestNetwork for uid/pid:1000/1057 activeRequest: null callbackRequest: 27 [NetworkRequest [ REQUEST id=28, [ Capabilities: INTERNET&NOT_RESTRICTED&TRUSTED&NOT_VCN_MANAGED Uid: 1000 RequestorUid: 1000 RequestorPkg: com.dangbei.leard.leradlauncher] ]] callback flags: 0 priority: 2147483647
05-28 16:04:49.234 248 248 D audio_hw_primary: getAudioDevices()
05-28 16:04:49.235 248 248 D audio_hw_primary: out dev:AUDIO_CODEC
05-28 16:04:49.235 248 248 D audio_hw_primary: in dev:AUDIO_SPDIF
05-28 16:04:49.235 248 248 D audio_hw_primary: out dev:AUDIO_SPDIF
05-28 16:04:49.235 248 248 D audio_hw_primary: in dev:AUDIO_HDMI
05-28 16:04:49.235 248 248 D audio_hw_primary: out dev:AUDIO_HDMI
05-28 16:04:49.235 248 248 D audio_hw_primary: in dev:AUDIO_I2S2
05-28 16:04:49.235 248 248 D audio_hw_primary: in capture: AUDIO_SPDIF,AUDIO_HDMI,AUDIO_I2S2
05-28 16:04:49.237 467 608 D ConnectivityService: NetReassign [no changes]
05-28 16:04:49.238 248 313 D xm_audio: adev_get_parameters
05-28 16:04:49.238 267 267 I hash_map_utils: system/bt/osi/src/hash_map_utils.cc:81 hash_map_utils_dump_string_keys_string_values: key: 'audio_devices_in' value: ''
05-28 16:04:49.238 467 645 D PPPOE : got request NetworkRequest [ REQUEST id=28, [ Capabilities: INTERNET&NOT_RESTRICTED&TRUSTED&NOT_VCN_MANAGED Uid: 1000 RequestorUid: 1000 RequestorPkg: com.dangbei.leard.leradlauncher] ]
05-28 16:04:49.239 467 467 D AudioManagerEx: type audio_devices_in list AUDIO_SPDIF,AUDIO_HDMI,AUDIO_I2S2=
05-28 16:04:49.241 1057 1335 W ContextImpl: Calling a method in the system process without a qualified user: android.app.ContextImpl.bindService:1895 android.content.ContextWrapper.bindService:810 ae.b.h:57 ae.b$c.call:3 ce.c$a.run:5
05-28 16:04:49.243 467 467 D AudioManagerEx: state=audio_devices_in_active,dev=[AUDIO_CODEC]
05-28 16:04:49.247 467 467 D AudioManagerEx: enablePassThrough = false
05-28 16:04:49.254 467 467 D AudioManagerEx: audio=AUDIO_CODEC
05-28 16:04:49.256 670 853 D LocalBluetoothProfileManager: Adding local OPP profile
05-28 16:04:49.258 248 248 V audio_hw_primary: adev_set_parameters, mediasw.sft.rawdata=PCM
05-28 16:04:49.263 467 644 D Ethernet: got request NetworkRequest [ REQUEST id=28, [ Capabilities: INTERNET&NOT_RESTRICTED&TRUSTED&NOT_VCN_MANAGED Uid: 1000 RequestorUid: 1000 RequestorPkg: com.dangbei.leard.leradlauncher] ]
05-28 16:04:49.263 467 644 D EthernetNetworkFactory: acceptRequest, request: NetworkRequest [ REQUEST id=28, [ Capabilities: INTERNET&NOT_RESTRICTED&TRUSTED&NOT_VCN_MANAGED Uid: 1000 RequestorUid: 1000 RequestorPkg: com.dangbei.leard.leradlauncher] ]
05-28 16:04:49.263 467 644 I EthernetNetworkFactory: networkForRequest, request: NetworkRequest [ REQUEST id=28, [ Capabilities: INTERNET&NOT_RESTRICTED&TRUSTED&NOT_VCN_MANAGED Uid: 1000 RequestorUid: 1000 RequestorPkg: com.dangbei.leard.leradlauncher] ], network: null
05-28 16:04:49.266 670 670 D BluetoothMap: Proxy object connected
05-28 16:04:49.266 670 670 D BluetoothMap: getConnectedDevices()
05-28 16:04:49.271 248 313 V audio_hw_primary: adev_set_parameters, audio_devices_in_active=AUDIO_CODEC
05-28 16:04:49.271 248 313 V audio_hw_primary: in AUDIO_PARAMETER_DEVICES_IN_ACTIVE: AUDIO_CODEC
05-28 16:04:49.272 248 313 V audio_hw_primary: set property vendor.audio.input.active: AUDIO_CODEC ok
05-28 16:04:49.272 248 313 E audio_hw_primary: can not set AUDIO_CODEC input active
05-28 16:04:49.272 248 313 E audio_hw_primary: but device AUDIO_I2S2 input will be active
05-28 16:04:49.272 467 600 E WifiScoringParams: Invalid frequency(-1), using 5G as default rssi array
05-28 16:04:49.273 1189 1189 I AiuiEngine: create aiui agent
05-28 16:04:49.273 1189 1189 D RockyVoice_AiUiDelegate: 初始化成功
05-28 16:04:49.272 670 853 D LocalBluetoothProfileManager: Adding local HID_HOST profile
05-28 16:04:49.279 467 467 W Looper : Slow dispatch took 374ms main h=android.app.ActivityThread$H c=android.app.LoadedApk$ReceiverDispatcher$Args$$ExternalSyntheticLambda0@c9112e3 m=0
05-28 16:04:49.279 467 467 W Looper : Slow delivery took 368ms main h=com.android.server.job.controllers.QuotaController$QcHandler c=null m=5
05-28 16:04:49.280 467 467 D AudioDeviceManagerObserver: name: AUDIO_HDMI, state: 0, type: 1
05-28 16:04:49.286 1189 1352 W bei.lerad.rock: Class com.iflytek.aiui.utils.c failed lock verification and will run slower.
05-28 16:04:49.300 467 600 D WifiClientModeImpl[wlan0]: setupClientMode() ifacename = wlan0
05-28 16:04:49.301 1314 1314 V GraphicsEnvironment: ANGLE Developer option for 'com.android.providers.downloads' set to: 'default'
05-28 16:04:49.303 1314 1314 V GraphicsEnvironment: Neither updatable production driver nor prerelease driver is supported.
05-28 16:04:49.308 467 1205 W WindowManager: Failed looking up window session=Session{e157b12 1057:1000} callers=com.android.server.wm.WindowManagerService.windowForClientLocked:5702 com.android.server.wm.Session.insetsModified:629 android.view.IWindowSession$Stub.onTransact:1151
05-28 16:04:49.309 1189 1189 D RockyNetMessageUtil: initTipsList tipEntity = null isRequestTipSuccess = false
05-28 16:04:49.311 1189 1227 I UtilCommon: bluetoothMac=B4:2F:03:15:A3:36
05-28 16:04:49.321 1225 1225 D wpa_supplicant: nl80211: Event message available
05-28 16:04:49.322 1225 1225 D wpa_supplicant: nl80211: Ignored event 33 (NL80211_CMD_TRIGGER_SCAN) for foreign interface (ifindex 14 wdev 0x0)
05-28 16:04:49.322 1225 1225 D wpa_supplicant: nl80211: Drv Event 33 (NL80211_CMD_TRIGGER_SCAN) received for wlan0
05-28 16:04:49.322 1225 1225 D wpa_supplicant: wlan0: nl80211: Scan trigger
05-28 16:04:49.322 1225 1225 D wpa_supplicant: wlan0: Event SCAN_STARTED (47) received
05-28 16:04:49.322 1225 1225 D wpa_supplicant: wlan0: External program started a scan
05-28 16:04:49.325 1314 1314 D NetworkSecurityConfig: No Network Security Config specified, using platform default
05-28 16:04:49.333 1225 1225 D wpa_supplicant: EAPOL: disable timer tick
05-28 16:04:49.337 1314 1314 D NetworkSecurityConfig: No Network Security Config specified, using platform default
05-28 16:04:49.342 1057 1057 I Choreographer: Skipped 130 frames! The application may be doing too much work on its main thread.
05-28 16:04:49.348 1270 1270 V GraphicsEnvironment: ANGLE Developer option for 'com.android.music' set to: 'default'
05-28 16:04:49.360 1291 1291 V GraphicsEnvironment: ANGLE Developer option for 'com.android.providers.contacts' set to: 'default'
05-28 16:04:49.365 1270 1270 V GraphicsEnvironment: Neither updatable production driver nor prerelease driver is supported.
05-28 16:04:49.374 1270 1270 D NetworkSecurityConfig: No Network Security Config specified, using platform default
05-28 16:04:49.375 1270 1270 D NetworkSecurityConfig: No Network Security Config specified, using platform default
05-28 16:04:49.384 1291 1291 V GraphicsEnvironment: Neither updatable production driver nor prerelease driver is supported.
05-28 16:04:49.390 467 517 D CompatibilityChangeReporter: Compat change id reported: 158002302; UID 1000; state: ENABLED
05-28 16:04:49.376 670 853 D BluetoothHidHost: Binding service...
05-28 16:04:49.406 467 1008 I ActivityManager: com.android.localtransport is exempt from freezer
05-28 16:04:49.410 1291 1291 D NetworkSecurityConfig: No Network Security Config specified, using platform default
05-28 16:04:49.411 1291 1291 D NetworkSecurityConfig: No Network Security Config specified, using platform default
05-28 16:04:49.444 1189 1360 W System.err: java.net.UnknownHostException: Unable to resolve host "tyapi.qun7.com": No address associated with hostname
05-28 16:04:49.447 467 1008 D CompatibilityChangeReporter: Compat change id reported: 135634846; UID 1000; state: DISABLED
05-28 16:04:49.449 467 1008 W ActivityManager: Slow operation: 53ms so far, now at startProcess: done starting proc!
05-28 16:04:49.451 467 467 W Looper : Drained
05-28 16:04:49.451 467 467 W Looper : Slow dispatch took 164ms main h=android.app.ActivityThread$H c=android.app.LoadedApk$ReceiverDispatcher$Args$$ExternalSyntheticLambda0@489bec3 m=0
05-28 16:04:49.452 467 467 D AudioManagerPolicy: On Audio device plug in/out receive,name=AUDIO_HDMI type=1 state=0 extra=null
05-28 16:04:49.452 467 467 V AudioManagerPolicy: chengkan------------- hdmi inactive
05-28 16:04:49.454 1189 1360 W System.err: at java.net.Inet6AddressImpl.lookupHostByName(Inet6AddressImpl.java:156)
05-28 16:04:49.454 1189 1360 W System.err: at java.net.Inet6AddressImpl.lookupAllHostAddr(Inet6AddressImpl.java:103)
05-28 16:04:49.454 1189 1360 W System.err: at java.net.InetAddress.getAllByName(InetAddress.java:1152)
05-28 16:04:49.454 1189 1360 W System.err: at com.android.okhttp.Dns$1.lookup(Dns.java:41)
05-28 16:04:49.454 1189 1360 W System.err: at com.android.okhttp.internal.http.RouteSelector.resetNextInetSocketAddress(RouteSelector.java:178)
05-28 16:04:49.454 1189 1360 W System.err: at com.android.okhttp.internal.http.RouteSelector.nextProxy(RouteSelector.java:144)
05-28 16:04:49.455 1189 1360 W System.err: at com.android.okhttp.internal.http.RouteSelector.next(RouteSelector.java:86)
05-28 16:04:49.455 1189 1360 W System.err: at com.android.okhttp.internal.http.StreamAllocation.findConnection(StreamAllocation.java:176)
05-28 16:04:49.455 1189 1360 W System.err: at com.android.okhttp.internal.http.StreamAllocation.findHealthyConnection(StreamAllocation.java:128)
05-28 16:04:49.455 1189 1360 W System.err: at com.android.okhttp.internal.http.StreamAllocation.newStream(StreamAllocation.java:97)
05-28 16:04:49.455 1189 1360 W System.err: at com.android.okhttp.internal.http.HttpEngine.connect(HttpEngine.java:289)
05-28 16:04:49.455 1189 1360 W System.err: at com.android.okhttp.internal.http.HttpEngine.sendRequest(HttpEngine.java:232)
05-28 16:04:49.455 1189 1360 W System.err: at com.android.okhttp.internal.huc.HttpURLConnectionImpl.execute(HttpURLConnectionImpl.java:465)
05-28 16:04:49.455 1189 1360 W System.err: at com.android.okhttp.internal.huc.HttpURLConnectionImpl.getResponse(HttpURLConnectionImpl.java:411)
05-28 16:04:49.455 1189 1360 W System.err: at com.android.okhttp.internal.huc.HttpURLConnectionImpl.getResponseCode(HttpURLConnectionImpl.java:542)
05-28 16:04:49.455 1189 1360 W System.err: at com.dangbei.statistics.UtilCommon.networkGetIp(UtilCommon.java:826)
05-28 16:04:49.455 1189 1360 W System.err: at com.dangbei.statistics.UtilCommon$1.accept(UtilCommon.java:807)
05-28 16:04:49.455 1189 1360 W System.err: at com.dangbei.statistics.UtilCommon$1.accept(UtilCommon.java:803)
05-28 16:04:49.455 1189 1360 W System.err: at io.reactivex.internal.operators.observable.ObservableDoOnEach$DoOnEachObserver.onNext(ObservableDoOnEach.java:93)
05-28 16:04:49.455 1189 1360 W System.err: at io.reactivex.internal.operators.observable.ObservableObserveOn$ObserveOnObserver.drainNormal(ObservableObserveOn.java:201)
05-28 16:04:49.455 1189 1360 W System.err: at io.reactivex.internal.operators.observable.ObservableObserveOn$ObserveOnObserver.run(ObservableObserveOn.java:255)
05-28 16:04:49.455 1189 1360 W System.err: at io.reactivex.internal.schedulers.ScheduledRunnable.run(ScheduledRunnable.java:66)
05-28 16:04:49.455 1189 1360 W System.err: at io.reactivex.internal.schedulers.ScheduledRunnable.call(ScheduledRunnable.java:57)
05-28 16:04:49.455 1189 1360 W System.err: at java.util.concurrent.FutureTask.run(FutureTask.java:266)
05-28 16:04:49.455 1189 1360 W System.err: at java.util.concurrent.ScheduledThreadPoolExecutor$ScheduledFutureTask.run(ScheduledThreadPoolExecutor.java:301)
05-28 16:04:49.455 1189 1360 W System.err: at java.util.concurrent.ThreadPoolExecutor.runWorker(ThreadPoolExecutor.java:1167)
05-28 16:04:49.455 1189 1360 W System.err: at java.util.concurrent.ThreadPoolExecutor$Worker.run(ThreadPoolExecutor.java:641)
05-28 16:04:49.455 1189 1360 W System.err: at java.lang.Thread.run(Thread.java:920)
05-28 16:04:49.455 1189 1360 W System.err: Caused by: android.system.GaiException: android_getaddrinfo failed: EAI_NODATA (No address associated with hostname)
05-28 16:04:49.455 1189 1360 W System.err: at libcore.io.Linux.android_getaddrinfo(Native Method)
05-28 16:04:49.455 1189 1360 W System.err: at libcore.io.ForwardingOs.android_getaddrinfo(ForwardingOs.java:136)
05-28 16:04:49.456 1189 1360 W System.err: at libcore.io.BlockGuardOs.android_getaddrinfo(BlockGuardOs.java:221)
05-28 16:04:49.456 1189 1360 W System.err: at libcore.io.ForwardingOs.android_getaddrinfo(ForwardingOs.java:136)
05-28 16:04:49.456 1189 1360 W System.err: at java.net.Inet6AddressImpl.lookupHostByName(Inet6AddressImpl.java:135)
05-28 16:04:49.456 1189 1360 W System.err: ... 27 more
05-28 16:04:49.459 651 651 E WifiHAL : wifi_start_pkt_fate_monitoring: packet fate logging feature not supported 0
