05-28 16:04:34.468 251 251 I HidlServiceManagement: Registered android.hardware.cas@1.2::IMediaCasService/default
05-28 16:04:34.468 251 251 I HidlServiceManagement: Removing namespace from process name android.hardware.cas@1.2-service to cas@1.2-service.
05-28 16:04:34.468 163 163 I init : type=1400 audit(0.0:14): avc: denied { add_name } for name="runtime_enable" scontext=u:r:vendor_init:s0 tcontext=u:object_r:sysfs_disp:s0 tclass=dir permissive=1
05-28 16:04:34.468 163 163 I init : type=1400 audit(0.0:15): avc: denied { create } for name="runtime_enable" scontext=u:r:vendor_init:s0 tcontext=u:object_r:sysfs_disp:s0 tclass=file permissive=1
05-28 16:04:34.490 260 260 I AW_PowerHAL: AW Power HAL AIDL Service is starting.
05-28 16:04:34.491 260 260 I AW_PowerHAL: PowerHAL initiated
05-28 16:04:34.499 180 180 I servicemanager: Found android.hardware.power.IPower/default in device VINTF manifest.
05-28 16:04:34.512 259 259 I android.hardware.lights-service: Light Hal current version V2.0.0
05-28 16:04:34.512 259 259 D lights_device: success open disp device type=0.
05-28 16:04:34.519 180 180 I servicemanager: Found android.hardware.light.ILights/default in device VINTF manifest.
05-28 16:04:34.510 258 258 E cutils-trace: Error opening trace file: No such file or directory (2)
05-28 16:04:34.533 207 270 D tee_supplicant: looping
05-28 16:04:34.537 163 163 I : file system registered
05-28 16:04:34.537 261 261 E cutils-trace: Error opening trace file: No such file or directory (2)
05-28 16:04:34.538 272 272 D Sunxi_PQ: ic_id=2, de_version=201 0x2
05-28 16:04:34.540 272 272 D Sunxi_PQ: /vendor/lib/libde201.so
05-28 16:04:34.542 272 272 D Sunxi_PQ: maybe /vendor/etc/firmware/disp_firmware, fd:-1 @O_RDONLY.
05-28 16:04:34.542 242 242 I netd : Enabling bandwidth control: 82355us
05-28 16:04:34.540 272 272 I pqd : type=1400 audit(0.0:16): avc: denied { read write } for name="disp_firmware" dev="mmcblk0p25" ino=218 scontext=u:r:pqd:s0 tcontext=u:object_r:system_data_root_file:s0 tclass=file permissive=1
05-28 16:04:34.540 272 272 I pqd : type=1400 audit(0.0:17): avc: denied { open } for path="/data/disp_firmware" dev="mmcblk0p25" ino=218 scontext=u:r:pqd:s0 tcontext=u:object_r:system_data_root_file:s0 tclass=file permissive=1
05-28 16:04:34.540 272 272 I pqd : type=1400 audit(0.0:18): avc: denied { map } for path="/data/disp_firmware" dev="mmcblk0p25" ino=218 scontext=u:r:pqd:s0 tcontext=u:object_r:system_data_root_file:s0 tclass=file permissive=1
05-28 16:04:34.545 272 272 D Sunxi_PQ: config display firmware completed...
05-28 16:04:34.545 272 272 D Sunxi_PQ: There is not the /vendor/etc/firmware/disp_firmware, creat it.
05-28 16:04:34.546 242 242 I netd : Initializing RouteController: 4057us
05-28 16:04:34.546 242 242 D XfrmController: XfrmController::ipSecAddXfrmInterface, line=1479
05-28 16:04:34.548 242 242 D XfrmController: XfrmController::ipSecRemoveTunnelInterface, line=1692
05-28 16:04:34.548 242 242 D XfrmController: deviceName=ipsec_test
05-28 16:04:34.558 258 258 W healthd : No battery devices found
05-28 16:04:34.554 263 263 E android.hardware.usb.gadget@1.1-service.aw: configfs setup not done yet
05-28 16:04:34.556 263 263 E cutils-trace: Error opening trace file: No such file or directory (2)
05-28 16:04:34.559 248 248 E cutils-trace: Error opening trace file: No such file or directory (2)
05-28 16:04:34.561 258 258 I android.hardware.health@2.1-service: default instance initializing with healthd_config...
05-28 16:04:34.565 265 265 I display.output-service: DisplayOutputManagerService is started
05-28 16:04:34.566 265 265 I display.output-service: DisplayOutputManagerService current version V2.2.0
05-28 16:04:34.574 180 180 I servicemanager: Found android.hardware.rebootescrow.IRebootEscrow/default in device VINTF manifest.
05-28 16:04:34.575 258 258 I HidlServiceManagement: Registered android.hardware.health@2.1::IHealth/default
05-28 16:04:34.575 258 258 I HidlServiceManagement: Removing namespace from process name android.hardware.health@2.1-service to health@2.1-service.
05-28 16:04:34.575 258 258 I android.hardware.health@2.1-service: default: Hal init done
05-28 16:04:34.582 258 258 W healthd : battery none chg=
05-28 16:04:34.579 265 265 E cutils-trace: Error opening trace file: No such file or directory (2)
05-28 16:04:34.579 252 252 I HidlServiceManagement: Registered android.hardware.gatekeeper@1.0::IGatekeeper/default
05-28 16:04:34.580 252 252 I HidlServiceManagement: Removing namespace from process name android.hardware.gatekeeper@1.0-service-aw to gatekeeper@1.0-service-aw.
05-28 16:04:34.580 252 252 I LegacySupport: Registration complete for android.hardware.gatekeeper@1.0::IGatekeeper/default.
05-28 16:04:34.582 272 272 D Sunxi_PQ: sunxi PQ wait for client connect from tcp port:5005...
05-28 16:04:34.585 254 254 E gralloc : Arm Module v1.0
05-28 16:04:34.586 182 182 I hwservicemanager: Since vendor.display.config@1.0::IDisplayConfig/default is not registered, trying to start it as a lazy HAL.
05-28 16:04:34.588 272 281 D Sunxi_PQ: creat a connect thread to deal the socket.
05-28 16:04:34.588 261 279 I hdmi-cec: HDMI-CEC EventThread start
05-28 16:04:34.590 263 263 I HidlServiceManagement: Registered android.hardware.usb@1.0::IUsb/default
05-28 16:04:34.590 263 263 I HidlServiceManagement: Removing namespace from process name android.hardware.usb@1.0-service.aw to usb@1.0-service.aw.
05-28 16:04:34.596 182 182 I hwservicemanager: Since vendor.display.config@1.0::IDisplayConfig/default is not registered, trying to start it as a lazy HAL.
05-28 16:04:34.597 265 265 I HidlServiceManagement: getService: Trying again for vendor.display.config@1.0::IDisplayConfig/default...
05-28 16:04:34.598 263 263 I HidlServiceManagement: Registered android.hardware.usb.gadget@1.1::IUsbGadget/default
05-28 16:04:34.598 263 263 I android.hardware.usb@1.0-service: USB HAL Ready.
05-28 16:04:34.599 254 254 I HidlServiceManagement: Registered android.hardware.graphics.allocator@2.0::IAllocator/default
05-28 16:04:34.599 254 254 I HidlServiceManagement: Removing namespace from process name android.hardware.graphics.allocator@2.0-service to allocator@2.0-service.
05-28 16:04:34.600 254 254 I LegacySupport: Registration complete for android.hardware.graphics.allocator@2.0::IAllocator/default.
05-28 16:04:34.582 261 261 D hdmi-cec: Loading: sunxi HDMI CEC module
05-28 16:04:34.605 261 261 I HidlServiceManagement: Registered android.hardware.tv.cec@1.0::IHdmiCec/default
05-28 16:04:34.605 261 261 I HidlServiceManagement: Removing namespace from process name android.hardware.tv.cec@1.0-service to cec@1.0-service.
05-28 16:04:34.605 261 261 I LegacySupport: Registration complete for android.hardware.tv.cec@1.0::IHdmiCec/default.
05-28 16:04:34.606 272 277 D Sunxi_PQ: Sunxi PQ entry tanslate thread.
05-28 16:04:34.607 268 268 I credstore: Registered binder service
05-28 16:04:34.612 182 282 W libc : Unable to set property "ctl.interface_start" to "vendor.display.config@1.0::IDisplayConfig/default": error code: 0x20
05-28 16:04:34.612 182 282 I hwservicemanager: Tried to start vendor.display.config@1.0::IDisplayConfig/default as a lazy service, but was unable to. Usually this happens when a service is not installed, but if the service is intended to be used as a lazy service, then it may be configured incorrectly.
05-28 16:04:34.599 1 1 E init : Control message: Could not find 'vendor.display.config@1.0::IDisplayConfig/default' for ctl.interface_start from pid: 182 (/system/bin/hwservicemanager)
05-28 16:04:34.620 1 1 E init : Control message: Could not find 'vendor.display.config@1.0::IDisplayConfig/default' for ctl.interface_start from pid: 182 (/system/bin/hwservicemanager)
05-28 16:04:34.632 182 286 W libc : Unable to set property "ctl.interface_start" to "vendor.display.config@1.0::IDisplayConfig/default": error code: 0x20
05-28 16:04:34.633 182 286 I hwservicemanager: Tried to start vendor.display.config@1.0::IDisplayConfig/default as a lazy service, but was unable to. Usually this happens when a service is not installed, but if the service is intended to be used as a lazy service, then it may be configured incorrectly.
05-28 16:04:34.636 269 288 E GpuMem : Failed to retrieve pinned program from /sys/fs/bpf/prog_gpu_mem_tracepoint_gpu_mem_gpu_mem_total [2(No such file or directory)]
05-28 16:04:34.637 269 288 E GpuMemTracer: Cannot initialize GpuMemTracer before GpuMem
05-28 16:04:34.644 1 1 I init : processing action (boot) from (/vendor/etc/init/hw/init.oranth.rc:10)
05-28 16:04:34.645 1 1 I init : starting service 'onstartup'...
05-28 16:04:34.642 242 242 D XfrmController: Sending Netlink XFRM Message: XFRM_MSG_FLUSHSA
05-28 16:04:34.642 242 242 D XfrmController: Sending Netlink XFRM Message: XFRM_MSG_FLUSHPOLICY
05-28 16:04:34.642 242 242 I netd : Initializing XfrmController: 96544us
05-28 16:04:34.644 296 296 I init : type=1400 audit(0.0:19): avc: denied { execute_no_trans } for path="/system/bin/xiriservice.sh" dev="dm-0" ino=1296 scontext=u:r:init:s0 tcontext=u:object_r:system_file:s0 tclass=file permissive=1
05-28 16:04:34.653 1 1 I init : starting service 'xiriservice'...
05-28 16:04:34.658 1 1 I init : starting service 'check_xm_hidraw'...
05-28 16:04:34.656 1 1 I init : type=1400 audit(0.0:20): avc: denied { setattr } for name="ext_csd" dev="debugfs" ino=5645 scontext=u:r:init:s0 tcontext=u:object_r:debugfs_mmc:s0 tclass=file permissive=1
05-28 16:04:34.664 1 1 I init : processing action (boot) from (/system/etc/init/dumpstate.rc:1)
05-28 16:04:34.665 1 1 I init : processing action (boot) from (/system/etc/init/gsid.rc:25)
05-28 16:04:34.665 1 1 I init : starting service 'exec 13 (/system/bin/gsid run-startup-tasks)'...
05-28 16:04:34.664 257 257 I sunxihwc: open: Loading: sunxi hwcomposer module
05-28 16:04:34.665 257 257 E cutils-trace: Error opening trace file: No such file or directory (2)
05-28 16:04:34.670 1 1 I init : processing action (boot) from (/vendor/etc/init/android.hardware.usb@1.0-service.aw.rc:6)
05-28 16:04:34.668 257 257 I HidlServiceManagement: Registered android.hardware.graphics.composer@2.2::IComposer/default
05-28 16:04:34.668 257 257 I HidlServiceManagement: Removing namespace from process name android.hardware.graphics.composer@2.2-service to composer@2.2-service.
05-28 16:04:34.676 163 163 I sunxi-rfkill soc@3000000: rfkill: set block: 0
05-28 16:04:34.676 163 163 I sunxi-rfkill soc@3000000: rfkill: bt power on success
05-28 16:04:34.686 242 242 E cutils-trace: Error opening trace file: No such file or directory (2)
05-28 16:04:34.700 305 305 I init : type=1400 audit(0.0:21): avc: denied { write } for name="kmsg_debug" dev="tmpfs" ino=571 scontext=u:r:init:s0 tcontext=u:object_r:kmsg_debug_device:s0 tclass=chr_file permissive=1
05-28 16:04:34.700 305 305 I init : type=1400 audit(0.0:22): avc: denied { open } for path="/dev/kmsg_debug" dev="tmpfs" ino=571 scontext=u:r:init:s0 tcontext=u:object_r:kmsg_debug_device:s0 tclass=chr_file permissive=1
05-28 16:04:34.714 298 298 I gsid : no DSU: No such file or directory
05-28 16:04:34.712 296 296 I xiriservice.sh: type=1400 audit(0.0:23): avc: denied { write } for name="tmp" dev="mmcblk0p25" ino=85 scontext=u:r:init:s0 tcontext=u:object_r:shell_data_file:s0 tclass=dir permissive=1 bug=b/77873135
05-28 16:04:34.716 308 308 I xiriservice.sh: type=1400 audit(0.0:24): avc: denied { execute_no_trans } for path="/system/bin/xiriservice_All" dev="dm-0" ino=1297 scontext=u:r:init:s0 tcontext=u:object_r:system_file:s0 tclass=file permissive=1
05-28 16:04:34.720 290 290 I onstartup.sh: type=1400 audit(0.0:25): avc: denied { write search } for name="tmp" dev="mmcblk0p25" ino=85 scontext=u:r:onstartup:s0 tcontext=u:object_r:shell_data_file:s0 tclass=dir permissive=1
05-28 16:04:34.720 290 290 I onstartup.sh: type=1400 audit(0.0:26): avc: denied { getattr } for path="/data/local/tmp" dev="mmcblk0p25" ino=85 scontext=u:r:onstartup:s0 tcontext=u:object_r:shell_data_file:s0 tclass=dir permissive=1
05-28 16:04:34.740 309 309 I pgrep : type=1400 audit(0.0:27): avc: denied { read } for scontext=u:r:toolbox:s0 tcontext=u:r:init:s0 tclass=file permissive=1
05-28 16:04:34.740 309 309 I pgrep : type=1400 audit(0.0:28): avc: denied { read } for scontext=u:r:toolbox:s0 tcontext=u:r:kernel:s0 tclass=file permissive=1
05-28 16:04:34.744 309 309 I pgrep : type=1400 audit(0.0:29): avc: denied { read } for scontext=u:r:toolbox:s0 tcontext=u:r:vendor_init:s0 tclass=file permissive=1
05-28 16:04:34.744 309 309 I pgrep : type=1400 audit(0.0:30): avc: denied { sys_ptrace } for capability=19 scontext=u:r:toolbox:s0 tcontext=u:r:toolbox:s0 tclass=capability permissive=1
05-28 16:04:34.744 309 309 I pgrep : type=1400 audit(0.0:31): avc: denied { read } for scontext=u:r:toolbox:s0 tcontext=u:r:ueventd:s0 tclass=file permissive=1
05-28 16:04:34.744 309 309 I pgrep : type=1400 audit(0.0:32): avc: denied { read } for scontext=u:r:toolbox:s0 tcontext=u:r:logd:s0 tclass=file permissive=1
05-28 16:04:34.744 309 309 I pgrep : type=1400 audit(0.0:33): avc: denied { read } for scontext=u:r:toolbox:s0 tcontext=u:r:lmkd:s0 tclass=file permissive=1
05-28 16:04:34.744 309 309 I pgrep : type=1400 audit(0.0:34): avc: denied { read } for scontext=u:r:toolbox:s0 tcontext=u:r:servicemanager:s0 tclass=file permissive=1
05-28 16:04:34.744 309 309 I pgrep : type=1400 audit(0.0:35): avc: denied { getattr } for path="/proc/1" dev="proc" ino=585 scontext=u:r:toolbox:s0 tcontext=u:r:init:s0 tclass=dir permissive=1
05-28 16:04:34.744 309 309 I pgrep : type=1400 audit(0.0:36): avc: denied { search } for name="1" dev="proc" ino=585 scontext=u:r:toolbox:s0 tcontext=u:r:init:s0 tclass=dir permissive=1
05-28 16:04:34.744 309 309 I pgrep : type=1400 audit(0.0:37): avc: denied { open } for path="/proc/1/stat" dev="proc" ino=7753 scontext=u:r:toolbox:s0 tcontext=u:r:init:s0 tclass=file permissive=1
05-28 16:04:34.744 309 309 I pgrep : type=1400 audit(0.0:38): avc: denied { getattr } for path="/proc/2" dev="proc" ino=7668 scontext=u:r:toolbox:s0 tcontext=u:r:kernel:s0 tclass=dir permissive=1
05-28 16:04:34.744 309 309 I pgrep : type=1400 audit(0.0:39): avc: denied { search } for name="2" dev="proc" ino=7668 scontext=u:r:toolbox:s0 tcontext=u:r:kernel:s0 tclass=dir permissive=1
05-28 16:04:34.748 309 309 I pgrep : type=1400 audit(0.0:40): avc: denied { open } for path="/proc/2/stat" dev="proc" ino=7754 scontext=u:r:toolbox:s0 tcontext=u:r:kernel:s0 tclass=file permissive=1
05-28 16:04:34.756 309 309 I pgrep : type=1400 audit(0.0:41): avc: denied { getattr } for path="/proc/163" dev="proc" ino=5649 scontext=u:r:toolbox:s0 tcontext=u:r:vendor_init:s0 tclass=dir permissive=1
05-28 16:04:34.756 309 309 I pgrep : type=1400 audit(0.0:42): avc: denied { search } for name="163" dev="proc" ino=5649 scontext=u:r:toolbox:s0 tcontext=u:r:vendor_init:s0 tclass=dir permissive=1
05-28 16:04:34.756 309 309 I pgrep : type=1400 audit(0.0:43): avc: denied { open } for path="/proc/163/stat" dev="proc" ino=7842 scontext=u:r:toolbox:s0 tcontext=u:r:vendor_init:s0 tclass=file permissive=1
05-28 16:04:34.756 309 309 I pgrep : type=1400 audit(0.0:44): avc: denied { getattr } for path="/proc/166" dev="proc" ino=5691 scontext=u:r:toolbox:s0 tcontext=u:r:ueventd:s0 tclass=dir permissive=1
05-28 16:04:34.756 309 309 I pgrep : type=1400 audit(0.0:45): avc: denied { search } for name="166" dev="proc" ino=5691 scontext=u:r:toolbox:s0 tcontext=u:r:ueventd:s0 tclass=dir permissive=1
05-28 16:04:34.756 309 309 I pgrep : type=1400 audit(0.0:46): avc: denied { open } for path="/proc/166/stat" dev="proc" ino=7843 scontext=u:r:toolbox:s0 tcontext=u:r:ueventd:s0 tclass=file permissive=1
05-28 16:04:34.756 309 309 I pgrep : type=1400 audit(0.0:47): avc: denied { getattr } for path="/proc/178" dev="proc" ino=5784 scontext=u:r:toolbox:s0 tcontext=u:r:logd:s0 tclass=dir permissive=1
05-28 16:04:34.756 309 309 I pgrep : type=1400 audit(0.0:48): avc: denied { search } for name="178" dev="proc" ino=5784 scontext=u:r:toolbox:s0 tcontext=u:r:logd:s0 tclass=dir permissive=1
05-28 16:04:34.756 309 309 I pgrep : type=1400 audit(0.0:49): avc: denied { open } for path="/proc/178/stat" dev="proc" ino=7846 scontext=u:r:toolbox:s0 tcontext=u:r:logd:s0 tclass=file permissive=1
05-28 16:04:34.756 309 309 I pgrep : type=1400 audit(0.0:50): avc: denied { getattr } for path="/proc/179" dev="proc" ino=3449 scontext=u:r:toolbox:s0 tcontext=u:r:lmkd:s0 tclass=dir permissive=1
05-28 16:04:34.756 309 309 I pgrep : type=1400 audit(0.0:51): avc: denied { search } for name="179" dev="proc" ino=3449 scontext=u:r:toolbox:s0 tcontext=u:r:lmkd:s0 tclass=dir permissive=1
05-28 16:04:34.756 309 309 I pgrep : type=1400 audit(0.0:52): avc: denied { open } for path="/proc/179/stat" dev="proc" ino=7847 scontext=u:r:toolbox:s0 tcontext=u:r:lmkd:s0 tclass=file permissive=1
05-28 16:04:34.756 309 309 I pgrep : type=1400 audit(0.0:53): avc: denied { read } for scontext=u:r:toolbox:s0 tcontext=u:r:hwservicemanager:s0 tclass=file permissive=1
05-28 16:04:34.756 309 309 I pgrep : type=1400 audit(0.0:54): avc: denied { read } for scontext=u:r:toolbox:s0 tcontext=u:r:vndservicemanager:s0 tclass=file permissive=1
05-28 16:04:34.756 309 309 I pgrep : type=1400 audit(0.0:55): avc: denied { read } for scontext=u:r:toolbox:s0 tcontext=u:r:shell:s0 tclass=file permissive=1
05-28 16:04:34.760 309 309 I pgrep : type=1400 audit(0.0:56): avc: denied { read } for scontext=u:r:toolbox:s0 tcontext=u:r:vold:s0 tclass=file permissive=1
05-28 16:04:34.760 309 309 I pgrep : type=1400 audit(0.0:57): avc: denied { read } for scontext=u:r:toolbox:s0 tcontext=u:r:system_suspend:s0 tclass=file permissive=1
05-28 16:04:34.760 309 309 I pgrep : type=1400 audit(0.0:58): avc: denied { read } for scontext=u:r:toolbox:s0 tcontext=u:r:keystore:s0 tclass=file permissive=1
05-28 16:04:34.760 309 309 I pgrep : type=1400 audit(0.0:59): avc: denied { read } for scontext=u:r:toolbox:s0 tcontext=u:r:hal_bootctl_default:s0 tclass=file permissive=1
05-28 16:04:34.760 309 309 I pgrep : type=1400 audit(0.0:60): avc: denied { read } for scontext=u:r:toolbox:s0 tcontext=u:r:hal_keymint_default:s0 tclass=file permissive=1
05-28 16:04:34.760 309 309 I pgrep : type=1400 audit(0.0:61): avc: denied { read } for scontext=u:r:toolbox:s0 tcontext=u:r:tee:s0 tclass=file permissive=1
05-28 16:04:34.760 309 309 I pgrep : type=1400 audit(0.0:62): avc: denied { read } for scontext=u:r:toolbox:s0 tcontext=u:r:tombstoned:s0 tclass=file permissive=1
05-28 16:04:34.760 309 309 I pgrep : type=1400 audit(0.0:63): avc: denied { read } for scontext=u:r:toolbox:s0 tcontext=u:r:statsd:s0 tclass=file permissive=1
05-28 16:04:34.760 309 309 I pgrep : type=1400 audit(0.0:64): avc: denied { read } for scontext=u:r:toolbox:s0 tcontext=u:r:netd:s0 tclass=file permissive=1
05-28 16:04:34.760 309 309 I pgrep : type=1400 audit(0.0:65): avc: denied { read } for scontext=u:r:toolbox:s0 tcontext=u:r:zygote:s0 tclass=file permissive=1
05-28 16:04:34.760 309 309 I pgrep : type=1400 audit(0.0:66): avc: denied { read } for scontext=u:r:toolbox:s0 tcontext=u:r:hal_allocator_default:s0 tclass=file permissive=1
05-28 16:04:34.760 309 309 I pgrep : type=1400 audit(0.0:67): avc: denied { read } for scontext=u:r:toolbox:s0 tcontext=u:r:hal_audio_default:s0 tclass=file permissive=1
05-28 16:04:34.760 309 309 I pgrep : type=1400 audit(0.0:68): avc: denied { read } for scontext=u:r:toolbox:s0 tcontext=u:r:hal_bluetooth_default:s0 tclass=file permissive=1
05-28 16:04:34.760 309 309 I pgrep : type=1400 audit(0.0:69): avc: denied { read } for scontext=u:r:toolbox:s0 tcontext=u:r:hal_camera_default:s0 tclass=file permissive=1
05-28 16:04:34.760 309 309 I pgrep : type=1400 audit(0.0:70): avc: denied { read } for scontext=u:r:toolbox:s0 tcontext=u:r:hal_cas_default:s0 tclass=file permissive=1
05-28 16:04:34.760 309 309 I pgrep : type=1400 audit(0.0:71): avc: denied { read } for scontext=u:r:toolbox:s0 tcontext=u:r:hal_gatekeeper_default:s0 tclass=file permissive=1
05-28 16:04:34.760 309 309 I pgrep : type=1400 audit(0.0:72): avc: denied { read } for scontext=u:r:toolbox:s0 tcontext=u:r:hal_graphics_allocator_default:s0 tclass=file permissive=1
05-28 16:04:34.760 309 309 I pgrep : type=1400 audit(0.0:73): avc: denied { read } for scontext=u:r:toolbox:s0 tcontext=u:r:hal_graphics_composer_default:s0 tclass=file permissive=1
05-28 16:04:34.760 309 309 I pgrep : type=1400 audit(0.0:74): avc: denied { read } for scontext=u:r:toolbox:s0 tcontext=u:r:hal_health_default:s0 tclass=file permissive=1
05-28 16:04:34.760 309 309 I pgrep : type=1400 audit(0.0:75): avc: denied { read } for scontext=u:r:toolbox:s0 tcontext=u:r:hal_light_default:s0 tclass=file permissive=1
05-28 16:04:34.760 309 309 I pgrep : type=1400 audit(0.0:76): avc: denied { read } for scontext=u:r:toolbox:s0 tcontext=u:r:hal_power_default:s0 tclass=file permissive=1
05-28 16:04:34.760 309 309 I pgrep : type=1400 audit(0.0:77): avc: denied { read } for scontext=u:r:toolbox:s0 tcontext=u:r:hal_tv_cec_default:s0 tclass=file permissive=1
05-28 16:04:34.760 309 309 I pgrep : type=1400 audit(0.0:78): avc: denied { read } for scontext=u:r:toolbox:s0 tcontext=u:r:hal_usb_impl:s0 tclass=file permissive=1
05-28 16:04:34.760 309 309 I pgrep : type=1400 audit(0.0:79): avc: denied { read } for scontext=u:r:toolbox:s0 tcontext=u:r:hal_awdisplayoutput_default:s0 tclass=file permissive=1
05-28 16:04:34.760 309 309 I pgrep : type=1400 audit(0.0:80): avc: denied { read } for scontext=u:r:toolbox:s0 tcontext=u:r:hal_rebootescrow_default:s0 tclass=file permissive=1
05-28 16:04:34.760 309 309 I pgrep : type=1400 audit(0.0:81): avc: denied { read } for scontext=u:r:toolbox:s0 tcontext=u:r:audioserver:s0 tclass=file permissive=1
05-28 16:04:34.760 309 309 I pgrep : type=1400 audit(0.0:82): avc: denied { read } for scontext=u:r:toolbox:s0 tcontext=u:r:credstore:s0 tclass=file permissive=1
05-28 16:04:34.760 309 309 I pgrep : type=1400 audit(0.0:83): avc: denied { read } for scontext=u:r:toolbox:s0 tcontext=u:r:gpuservice:s0 tclass=file permissive=1
05-28 16:04:34.760 309 309 I pgrep : type=1400 audit(0.0:84): avc: denied { read } for scontext=u:r:toolbox:s0 tcontext=u:r:surfaceflinger:s0 tclass=file permissive=1
05-28 16:04:34.760 309 309 I pgrep : type=1400 audit(0.0:85): avc: denied { read } for scontext=u:r:toolbox:s0 tcontext=u:r:pqd:s0 tclass=file permissive=1
05-28 16:04:34.760 309 309 I pgrep : type=1400 audit(0.0:86): avc: denied { read } for scontext=u:r:toolbox:s0 tcontext=u:r:onstartup:s0 tclass=file permissive=1
05-28 16:04:34.760 309 309 I pgrep : type=1400 audit(0.0:87): avc: denied { read } for scontext=u:r:toolbox:s0 tcontext=u:r:boringssl_self_test:s0 tclass=file permissive=1
05-28 16:04:34.760 309 309 I pgrep : type=1400 audit(0.0:88): avc: denied { getattr } for path="/proc/180" dev="proc" ino=5788 scontext=u:r:toolbox:s0 tcontext=u:r:servicemanager:s0 tclass=dir permissive=1
05-28 16:04:34.760 309 309 I pgrep : type=1400 audit(0.0:89): avc: denied { search } for name="180" dev="proc" ino=5788 scontext=u:r:toolbox:s0 tcontext=u:r:servicemanager:s0 tclass=dir permissive=1
05-28 16:04:34.760 309 309 I pgrep : type=1400 audit(0.0:90): avc: denied { open } for path="/proc/180/stat" dev="proc" ino=7858 scontext=u:r:toolbox:s0 tcontext=u:r:servicemanager:s0 tclass=file permissive=1
05-28 16:04:34.760 309 309 I pgrep : type=1400 audit(0.0:91): avc: denied { getattr } for path="/proc/182" dev="proc" ino=5792 scontext=u:r:toolbox:s0 tcontext=u:r:hwservicemanager:s0 tclass=dir permissive=1
05-28 16:04:34.760 309 309 I pgrep : type=1400 audit(0.0:92): avc: denied { search } for name="182" dev="proc" ino=5792 scontext=u:r:toolbox:s0 tcontext=u:r:hwservicemanager:s0 tclass=dir permissive=1
05-28 16:04:34.760 309 309 I pgrep : type=1400 audit(0.0:93): avc: denied { open } for path="/proc/182/stat" dev="proc" ino=7860 scontext=u:r:toolbox:s0 tcontext=u:r:hwservicemanager:s0 tclass=file permissive=1
05-28 16:04:34.760 309 309 I pgrep : type=1400 audit(0.0:94): avc: denied { getattr } for path="/proc/183" dev="proc" ino=3482 scontext=u:r:toolbox:s0 tcontext=u:r:vndservicemanager:s0 tclass=dir permissive=1
05-28 16:04:34.760 309 309 I pgrep : type=1400 audit(0.0:95): avc: denied { search } for name="183" dev="proc" ino=3482 scontext=u:r:toolbox:s0 tcontext=u:r:vndservicemanager:s0 tclass=dir permissive=1
05-28 16:04:34.760 309 309 I pgrep : type=1400 audit(0.0:96): avc: denied { open } for path="/proc/183/stat" dev="proc" ino=7861 scontext=u:r:toolbox:s0 tcontext=u:r:vndservicemanager:s0 tclass=file permissive=1
05-28 16:04:34.760 309 309 I pgrep : type=1400 audit(0.0:97): avc: denied { getattr } for path="/proc/185" dev="proc" ino=3467 scontext=u:r:toolbox:s0 tcontext=u:r:shell:s0 tclass=dir permissive=1
05-28 16:04:34.760 309 309 I pgrep : type=1400 audit(0.0:98): avc: denied { search } for name="185" dev="proc" ino=3467 scontext=u:r:toolbox:s0 tcontext=u:r:shell:s0 tclass=dir permissive=1
05-28 16:04:34.760 309 309 I pgrep : type=1400 audit(0.0:99): avc: denied { open } for path="/proc/185/stat" dev="proc" ino=7863 scontext=u:r:toolbox:s0 tcontext=u:r:shell:s0 tclass=file permissive=1
05-28 16:04:34.760 309 309 I pgrep : type=1400 audit(0.0:100): avc: denied { getattr } for path="/proc/189" dev="proc" ino=5828 scontext=u:r:toolbox:s0 tcontext=u:r:vold:s0 tclass=dir permissive=1
05-28 16:04:34.760 309 309 I pgrep : type=1400 audit(0.0:101): avc: denied { search } for name="189" dev="proc" ino=5828 scontext=u:r:toolbox:s0 tcontext=u:r:vold:s0 tclass=dir permissive=1
05-28 16:04:34.760 309 309 I pgrep : type=1400 audit(0.0:102): avc: denied { open } for path="/proc/189/stat" dev="proc" ino=7864 scontext=u:r:toolbox:s0 tcontext=u:r:vold:s0 tclass=file permissive=1
05-28 16:04:34.760 309 309 I pgrep : type=1400 audit(0.0:103): avc: denied { getattr } for path="/proc/203" dev="proc" ino=6386 scontext=u:r:toolbox:s0 tcontext=u:r:system_suspend:s0 tclass=dir permissive=1
05-28 16:04:34.760 309 309 I pgrep : type=1400 audit(0.0:104): avc: denied { search } for name="203" dev="proc" ino=6386 scontext=u:r:toolbox:s0 tcontext=u:r:system_suspend:s0 tclass=dir permissive=1
05-28 16:04:34.760 309 309 I pgrep : type=1400 audit(0.0:105): avc: denied { open } for path="/proc/203/stat" dev="proc" ino=7869 scontext=u:r:toolbox:s0 tcontext=u:r:system_suspend:s0 tclass=file permissive=1
05-28 16:04:34.764 309 309 I pgrep : type=1400 audit(0.0:106): avc: denied { getattr } for path="/proc/204" dev="proc" ino=6397 scontext=u:r:toolbox:s0 tcontext=u:r:keystore:s0 tclass=dir permissive=1
05-28 16:04:34.764 309 309 I pgrep : type=1400 audit(0.0:107): avc: denied { search } for name="204" dev="proc" ino=6397 scontext=u:r:toolbox:s0 tcontext=u:r:keystore:s0 tclass=dir permissive=1
05-28 16:04:34.764 309 309 I pgrep : type=1400 audit(0.0:108): avc: denied { open } for path="/proc/204/stat" dev="proc" ino=7870 scontext=u:r:toolbox:s0 tcontext=u:r:keystore:s0 tclass=file permissive=1
05-28 16:04:34.764 309 309 I pgrep : type=1400 audit(0.0:109): avc: denied { getattr } for path="/proc/205" dev="proc" ino=3576 scontext=u:r:toolbox:s0 tcontext=u:r:hal_bootctl_default:s0 tclass=dir permissive=1
05-28 16:04:34.764 309 309 I pgrep : type=1400 audit(0.0:110): avc: denied { search } for name="205" dev="proc" ino=3576 scontext=u:r:toolbox:s0 tcontext=u:r:hal_bootctl_default:s0 tclass=dir permissive=1
05-28 16:04:34.764 309 309 I pgrep : type=1400 audit(0.0:111): avc: denied { open } for path="/proc/205/stat" dev="proc" ino=7871 scontext=u:r:toolbox:s0 tcontext=u:r:hal_bootctl_default:s0 tclass=file permissive=1
05-28 16:04:34.764 309 309 I pgrep : type=1400 audit(0.0:112): avc: denied { getattr } for path="/proc/206" dev="proc" ino=3581 scontext=u:r:toolbox:s0 tcontext=u:r:hal_keymint_default:s0 tclass=dir permissive=1
05-28 16:04:34.764 309 309 I pgrep : type=1400 audit(0.0:113): avc: denied { search } for name="206" dev="proc" ino=3581 scontext=u:r:toolbox:s0 tcontext=u:r:hal_keymint_default:s0 tclass=dir permissive=1
05-28 16:04:34.764 309 309 I pgrep : type=1400 audit(0.0:114): avc: denied { open } for path="/proc/206/stat" dev="proc" ino=7872 scontext=u:r:toolbox:s0 tcontext=u:r:hal_keymint_default:s0 tclass=file permissive=1
05-28 16:04:34.764 309 309 I pgrep : type=1400 audit(0.0:115): avc: denied { getattr } for path="/proc/207" dev="proc" ino=3590 scontext=u:r:toolbox:s0 tcontext=u:r:tee:s0 tclass=dir permissive=1
05-28 16:04:34.764 309 309 I pgrep : type=1400 audit(0.0:116): avc: denied { search } for name="207" dev="proc" ino=3590 scontext=u:r:toolbox:s0 tcontext=u:r:tee:s0 tclass=dir permissive=1
05-28 16:04:34.764 309 309 I pgrep : type=1400 audit(0.0:117): avc: denied { open } for path="/proc/207/stat" dev="proc" ino=7873 scontext=u:r:toolbox:s0 tcontext=u:r:tee:s0 tclass=file permissive=1
05-28 16:04:34.764 309 309 I pgrep : type=1400 audit(0.0:118): avc: denied { getattr } for path="/proc/219" dev="proc" ino=6507 scontext=u:r:toolbox:s0 tcontext=u:r:tombstoned:s0 tclass=dir permissive=1
05-28 16:04:34.764 309 309 I pgrep : type=1400 audit(0.0:119): avc: denied { search } for name="219" dev="proc" ino=6507 scontext=u:r:toolbox:s0 tcontext=u:r:tombstoned:s0 tclass=dir permissive=1
05-28 16:04:34.764 309 309 I pgrep : type=1400 audit(0.0:120): avc: denied { open } for path="/proc/219/stat" dev="proc" ino=7878 scontext=u:r:toolbox:s0 tcontext=u:r:tombstoned:s0 tclass=file permissive=1
05-28 16:04:34.764 309 309 I pgrep : type=1400 audit(0.0:121): avc: denied { getattr } for path="/proc/241" dev="proc" ino=7170 scontext=u:r:toolbox:s0 tcontext=u:r:statsd:s0 tclass=dir permissive=1
05-28 16:04:34.764 309 309 I pgrep : type=1400 audit(0.0:122): avc: denied { search } for name="241" dev="proc" ino=7170 scontext=u:r:toolbox:s0 tcontext=u:r:statsd:s0 tclass=dir permissive=1
05-28 16:04:34.764 309 309 I pgrep : type=1400 audit(0.0:123): avc: denied { open } for path="/proc/241/stat" dev="proc" ino=7879 scontext=u:r:toolbox:s0 tcontext=u:r:statsd:s0 tclass=file permissive=1
05-28 16:04:34.764 309 309 I pgrep : type=1400 audit(0.0:124): avc: denied { getattr } for path="/proc/242" dev="proc" ino=6664 scontext=u:r:toolbox:s0 tcontext=u:r:netd:s0 tclass=dir permissive=1
05-28 16:04:34.764 309 309 I pgrep : type=1400 audit(0.0:125): avc: denied { search } for name="242" dev="proc" ino=6664 scontext=u:r:toolbox:s0 tcontext=u:r:netd:s0 tclass=dir permissive=1
05-28 16:04:34.764 309 309 I pgrep : type=1400 audit(0.0:126): avc: denied { open } for path="/proc/242/stat" dev="proc" ino=7880 scontext=u:r:toolbox:s0 tcontext=u:r:netd:s0 tclass=file permissive=1
05-28 16:04:34.764 309 309 I pgrep : type=1400 audit(0.0:127): avc: denied { getattr } for path="/proc/243" dev="proc" ino=7177 scontext=u:r:toolbox:s0 tcontext=u:r:zygote:s0 tclass=dir permissive=1
05-28 16:04:34.764 309 309 I pgrep : type=1400 audit(0.0:128): avc: denied { search } for name="243" dev="proc" ino=7177 scontext=u:r:toolbox:s0 tcontext=u:r:zygote:s0 tclass=dir permissive=1
05-28 16:04:34.764 309 309 I pgrep : type=1400 audit(0.0:129): avc: denied { open } for path="/proc/243/stat" dev="proc" ino=7881 scontext=u:r:toolbox:s0 tcontext=u:r:zygote:s0 tclass=file permissive=1
05-28 16:04:34.764 309 309 I pgrep : type=1400 audit(0.0:130): avc: denied { getattr } for path="/proc/247" dev="proc" ino=6698 scontext=u:r:toolbox:s0 tcontext=u:r:hal_allocator_default:s0 tclass=dir permissive=1
05-28 16:04:34.764 309 309 I pgrep : type=1400 audit(0.0:131): avc: denied { search } for name="247" dev="proc" ino=6698 scontext=u:r:toolbox:s0 tcontext=u:r:hal_allocator_default:s0 tclass=dir permissive=1
05-28 16:04:34.764 309 309 I pgrep : type=1400 audit(0.0:132): avc: denied { open } for path="/proc/247/stat" dev="proc" ino=7882 scontext=u:r:toolbox:s0 tcontext=u:r:hal_allocator_default:s0 tclass=file permissive=1
05-28 16:04:34.764 309 309 I pgrep : type=1400 audit(0.0:133): avc: denied { getattr } for path="/proc/248" dev="proc" ino=7209 scontext=u:r:toolbox:s0 tcontext=u:r:hal_audio_default:s0 tclass=dir permissive=1
05-28 16:04:34.764 309 309 I pgrep : type=1400 audit(0.0:134): avc: denied { search } for name="248" dev="proc" ino=7209 scontext=u:r:toolbox:s0 tcontext=u:r:hal_audio_default:s0 tclass=dir permissive=1
05-28 16:04:34.764 309 309 I pgrep : type=1400 audit(0.0:135): avc: denied { open } for path="/proc/248/stat" dev="proc" ino=7883 scontext=u:r:toolbox:s0 tcontext=u:r:hal_audio_default:s0 tclass=file permissive=1
05-28 16:04:34.764 309 309 I pgrep : type=1400 audit(0.0:136): avc: denied { getattr } for path="/proc/249" dev="proc" ino=6722 scontext=u:r:toolbox:s0 tcontext=u:r:hal_bluetooth_default:s0 tclass=dir permissive=1
05-28 16:04:34.764 309 309 I pgrep : type=1400 audit(0.0:137): avc: denied { search } for name="249" dev="proc" ino=6722 scontext=u:r:toolbox:s0 tcontext=u:r:hal_bluetooth_default:s0 tclass=dir permissive=1
05-28 16:04:34.764 309 309 I pgrep : type=1400 audit(0.0:138): avc: denied { open } for path="/proc/249/stat" dev="proc" ino=7884 scontext=u:r:toolbox:s0 tcontext=u:r:hal_bluetooth_default:s0 tclass=file permissive=1
05-28 16:04:34.764 309 309 I pgrep : type=1400 audit(0.0:139): avc: denied { getattr } for path="/proc/250" dev="proc" ino=913 scontext=u:r:toolbox:s0 tcontext=u:r:hal_camera_default:s0 tclass=dir permissive=1
05-28 16:04:34.764 309 309 I pgrep : type=1400 audit(0.0:140): avc: denied { search } for name="250" dev="proc" ino=913 scontext=u:r:toolbox:s0 tcontext=u:r:hal_camera_default:s0 tclass=dir permissive=1
05-28 16:04:34.764 309 309 I pgrep : type=1400 audit(0.0:141): avc: denied { open } for path="/proc/250/stat" dev="proc" ino=7885 scontext=u:r:toolbox:s0 tcontext=u:r:hal_camera_default:s0 tclass=file permissive=1
05-28 16:04:34.764 309 309 I pgrep : type=1400 audit(0.0:142): avc: denied { getattr } for path="/proc/251" dev="proc" ino=3901 scontext=u:r:toolbox:s0 tcontext=u:r:hal_cas_default:s0 tclass=dir permissive=1
05-28 16:04:34.764 309 309 I pgrep : type=1400 audit(0.0:143): avc: denied { search } for name="251" dev="proc" ino=3901 scontext=u:r:toolbox:s0 tcontext=u:r:hal_cas_default:s0 tclass=dir permissive=1
05-28 16:04:34.764 309 309 I pgrep : type=1400 audit(0.0:144): avc: denied { open } for path="/proc/251/stat" dev="proc" ino=7886 scontext=u:r:toolbox:s0 tcontext=u:r:hal_cas_default:s0 tclass=file permissive=1
05-28 16:04:34.764 309 309 I pgrep : type=1400 audit(0.0:145): avc: denied { getattr } for path="/proc/252" dev="proc" ino=7322 scontext=u:r:toolbox:s0 tcontext=u:r:hal_gatekeeper_default:s0 tclass=dir permissive=1
05-28 16:04:34.764 309 309 I pgrep : type=1400 audit(0.0:146): avc: denied { search } for name="252" dev="proc" ino=7322 scontext=u:r:toolbox:s0 tcontext=u:r:hal_gatekeeper_default:s0 tclass=dir permissive=1
05-28 16:04:34.768 309 309 I pgrep : type=1400 audit(0.0:147): avc: denied { open } for path="/proc/252/stat" dev="proc" ino=7887 scontext=u:r:toolbox:s0 tcontext=u:r:hal_gatekeeper_default:s0 tclass=file permissive=1
05-28 16:04:34.768 309 309 I pgrep : type=1400 audit(0.0:148): avc: denied { getattr } for path="/proc/254" dev="proc" ino=7324 scontext=u:r:toolbox:s0 tcontext=u:r:hal_graphics_allocator_default:s0 tclass=dir permissive=1
05-28 16:04:34.768 309 309 I pgrep : type=1400 audit(0.0:149): avc: denied { search } for name="254" dev="proc" ino=7324 scontext=u:r:toolbox:s0 tcontext=u:r:hal_graphics_allocator_default:s0 tclass=dir permissive=1
05-28 16:04:34.768 309 309 I pgrep : type=1400 audit(0.0:150): avc: denied { open } for path="/proc/254/stat" dev="proc" ino=7889 scontext=u:r:toolbox:s0 tcontext=u:r:hal_graphics_allocator_default:s0 tclass=file permissive=1
05-28 16:04:34.768 309 309 I pgrep : type=1400 audit(0.0:151): avc: denied { getattr } for path="/proc/257" dev="proc" ino=7343 scontext=u:r:toolbox:s0 tcontext=u:r:hal_graphics_composer_default:s0 tclass=dir permissive=1
05-28 16:04:34.768 309 309 I pgrep : type=1400 audit(0.0:152): avc: denied { search } for name="257" dev="proc" ino=7343 scontext=u:r:toolbox:s0 tcontext=u:r:hal_graphics_composer_default:s0 tclass=dir permissive=1
05-28 16:04:34.768 309 309 I pgrep : type=1400 audit(0.0:153): avc: denied { open } for path="/proc/257/stat" dev="proc" ino=7891 scontext=u:r:toolbox:s0 tcontext=u:r:hal_graphics_composer_default:s0 tclass=file permissive=1
05-28 16:04:34.768 309 309 I pgrep : type=1400 audit(0.0:154): avc: denied { getattr } for path="/proc/258" dev="proc" ino=6888 scontext=u:r:toolbox:s0 tcontext=u:r:hal_health_default:s0 tclass=dir permissive=1
05-28 16:04:34.768 309 309 I pgrep : type=1400 audit(0.0:155): avc: denied { search } for name="258" dev="proc" ino=6888 scontext=u:r:toolbox:s0 tcontext=u:r:hal_health_default:s0 tclass=dir permissive=1
05-28 16:04:34.768 309 309 I pgrep : type=1400 audit(0.0:156): avc: denied { open } for path="/proc/258/stat" dev="proc" ino=7892 scontext=u:r:toolbox:s0 tcontext=u:r:hal_health_default:s0 tclass=file permissive=1
05-28 16:04:34.768 309 309 I pgrep : type=1400 audit(0.0:157): avc: denied { getattr } for path="/proc/259" dev="proc" ino=974 scontext=u:r:toolbox:s0 tcontext=u:r:hal_light_default:s0 tclass=dir permissive=1
05-28 16:04:34.768 309 309 I pgrep : type=1400 audit(0.0:158): avc: denied { search } for name="259" dev="proc" ino=974 scontext=u:r:toolbox:s0 tcontext=u:r:hal_light_default:s0 tclass=dir permissive=1
05-28 16:04:34.768 309 309 I pgrep : type=1400 audit(0.0:159): avc: denied { open } for path="/proc/259/stat" dev="proc" ino=7893 scontext=u:r:toolbox:s0 tcontext=u:r:hal_light_default:s0 tclass=file permissive=1
05-28 16:04:34.768 309 309 I pgrep : type=1400 audit(0.0:160): avc: denied { getattr } for path="/proc/260" dev="proc" ino=7347 scontext=u:r:toolbox:s0 tcontext=u:r:hal_power_default:s0 tclass=dir permissive=1
05-28 16:04:34.768 309 309 I pgrep : type=1400 audit(0.0:161): avc: denied { search } for name="260" dev="proc" ino=7347 scontext=u:r:toolbox:s0 tcontext=u:r:hal_power_default:s0 tclass=dir permissive=1
05-28 16:04:34.768 309 309 I pgrep : type=1400 audit(0.0:162): avc: denied { open } for path="/proc/260/stat" dev="proc" ino=7894 scontext=u:r:toolbox:s0 tcontext=u:r:hal_power_default:s0 tclass=file permissive=1
05-28 16:04:34.768 309 309 I pgrep : type=1400 audit(0.0:163): avc: denied { getattr } for path="/proc/261" dev="proc" ino=3958 scontext=u:r:toolbox:s0 tcontext=u:r:hal_tv_cec_default:s0 tclass=dir permissive=1
05-28 16:04:34.768 309 309 I pgrep : type=1400 audit(0.0:164): avc: denied { search } for name="261" dev="proc" ino=3958 scontext=u:r:toolbox:s0 tcontext=u:r:hal_tv_cec_default:s0 tclass=dir permissive=1
05-28 16:04:34.768 309 309 I pgrep : type=1400 audit(0.0:165): avc: denied { open } for path="/proc/261/stat" dev="proc" ino=7895 scontext=u:r:toolbox:s0 tcontext=u:r:hal_tv_cec_default:s0 tclass=file permissive=1
05-28 16:04:34.768 309 309 I pgrep : type=1400 audit(0.0:166): avc: denied { getattr } for path="/proc/263" dev="proc" ino=1008 scontext=u:r:toolbox:s0 tcontext=u:r:hal_usb_impl:s0 tclass=dir permissive=1
05-28 16:04:34.768 309 309 I pgrep : type=1400 audit(0.0:167): avc: denied { search } for name="263" dev="proc" ino=1008 scontext=u:r:toolbox:s0 tcontext=u:r:hal_usb_impl:s0 tclass=dir permissive=1
05-28 16:04:34.768 309 309 I pgrep : type=1400 audit(0.0:168): avc: denied { open } for path="/proc/263/stat" dev="proc" ino=7896 scontext=u:r:toolbox:s0 tcontext=u:r:hal_usb_impl:s0 tclass=file permissive=1
05-28 16:04:34.768 309 309 I pgrep : type=1400 audit(0.0:169): avc: denied { getattr } for path="/proc/265" dev="proc" ino=1003 scontext=u:r:toolbox:s0 tcontext=u:r:hal_awdisplayoutput_default:s0 tclass=dir permissive=1
05-28 16:04:34.768 309 309 I pgrep : type=1400 audit(0.0:170): avc: denied { search } for name="265" dev="proc" ino=1003 scontext=u:r:toolbox:s0 tcontext=u:r:hal_awdisplayoutput_default:s0 tclass=dir permissive=1
05-28 16:04:34.768 309 309 I pgrep : type=1400 audit(0.0:171): avc: denied { open } for path="/proc/265/stat" dev="proc" ino=7897 scontext=u:r:toolbox:s0 tcontext=u:r:hal_awdisplayoutput_default:s0 tclass=file permissive=1
05-28 16:04:34.768 309 309 I pgrep : type=1400 audit(0.0:172): avc: denied { getattr } for path="/proc/266" dev="proc" ino=8220 scontext=u:r:toolbox:s0 tcontext=u:r:hal_rebootescrow_default:s0 tclass=dir permissive=1
05-28 16:04:34.768 309 309 I pgrep : type=1400 audit(0.0:173): avc: denied { search } for name="266" dev="proc" ino=8220 scontext=u:r:toolbox:s0 tcontext=u:r:hal_rebootescrow_default:s0 tclass=dir permissive=1
05-28 16:04:34.768 309 309 I pgrep : type=1400 audit(0.0:174): avc: denied { open } for path="/proc/266/stat" dev="proc" ino=7898 scontext=u:r:toolbox:s0 tcontext=u:r:hal_rebootescrow_default:s0 tclass=file permissive=1
05-28 16:04:34.768 309 309 I pgrep : type=1400 audit(0.0:175): avc: denied { getattr } for path="/proc/267" dev="proc" ino=8281 scontext=u:r:toolbox:s0 tcontext=u:r:audioserver:s0 tclass=dir permissive=1
05-28 16:04:34.768 309 309 I pgrep : type=1400 audit(0.0:176): avc: denied { search } for name="267" dev="proc" ino=8281 scontext=u:r:toolbox:s0 tcontext=u:r:audioserver:s0 tclass=dir permissive=1
05-28 16:04:34.768 309 309 I pgrep : type=1400 audit(0.0:177): avc: denied { open } for path="/proc/267/stat" dev="proc" ino=7899 scontext=u:r:toolbox:s0 tcontext=u:r:audioserver:s0 tclass=file permissive=1
05-28 16:04:34.768 309 309 I pgrep : type=1400 audit(0.0:178): avc: denied { getattr } for path="/proc/268" dev="proc" ino=3994 scontext=u:r:toolbox:s0 tcontext=u:r:credstore:s0 tclass=dir permissive=1
05-28 16:04:34.768 309 309 I pgrep : type=1400 audit(0.0:179): avc: denied { search } for name="268" dev="proc" ino=3994 scontext=u:r:toolbox:s0 tcontext=u:r:credstore:s0 tclass=dir permissive=1
05-28 16:04:34.787 308 308 D XiriService: XiriService version 2.5.0.11258
05-28 16:04:34.768 309 309 I pgrep : type=1400 audit(0.0:180): avc: denied { open } for path="/proc/268/stat" dev="proc" ino=7900 scontext=u:r:toolbox:s0 tcontext=u:r:credstore:s0 tclass=file permissive=1
05-28 16:04:34.768 309 309 I pgrep : type=1400 audit(0.0:181): avc: denied { getattr } for path="/proc/269" dev="proc" ino=3996 scontext=u:r:toolbox:s0 tcontext=u:r:gpuservice:s0 tclass=dir permissive=1
05-28 16:04:34.768 309 309 I pgrep : type=1400 audit(0.0:182): avc: denied { search } for name="269" dev="proc" ino=3996 scontext=u:r:toolbox:s0 tcontext=u:r:gpuservice:s0 tclass=dir permissive=1
05-28 16:04:34.768 309 309 I pgrep : type=1400 audit(0.0:183): avc: denied { open } for path="/proc/269/stat" dev="proc" ino=7901 scontext=u:r:toolbox:s0 tcontext=u:r:gpuservice:s0 tclass=file permissive=1
05-28 16:04:34.768 309 309 I pgrep : type=1400 audit(0.0:184): avc: denied { getattr } for path="/proc/271" dev="proc" ino=8315 scontext=u:r:toolbox:s0 tcontext=u:r:surfaceflinger:s0 tclass=dir permissive=1
05-28 16:04:34.768 309 309 I pgrep : type=1400 audit(0.0:185): avc: denied { search } for name="271" dev="proc" ino=8315 scontext=u:r:toolbox:s0 tcontext=u:r:surfaceflinger:s0 tclass=dir permissive=1
05-28 16:04:34.768 309 309 I pgrep : type=1400 audit(0.0:186): avc: denied { open } for path="/proc/271/stat" dev="proc" ino=7902 scontext=u:r:toolbox:s0 tcontext=u:r:surfaceflinger:s0 tclass=file permissive=1
05-28 16:04:34.768 309 309 I pgrep : type=1400 audit(0.0:187): avc: denied { getattr } for path="/proc/272" dev="proc" ino=7083 scontext=u:r:toolbox:s0 tcontext=u:r:pqd:s0 tclass=dir permissive=1
05-28 16:04:34.768 309 309 I pgrep : type=1400 audit(0.0:188): avc: denied { search } for name="272" dev="proc" ino=7083 scontext=u:r:toolbox:s0 tcontext=u:r:pqd:s0 tclass=dir permissive=1
05-28 16:04:34.772 309 309 I pgrep : type=1400 audit(0.0:189): avc: denied { open } for path="/proc/272/stat" dev="proc" ino=7903 scontext=u:r:toolbox:s0 tcontext=u:r:pqd:s0 tclass=file permissive=1
05-28 16:04:34.772 309 309 I pgrep : type=1400 audit(0.0:190): avc: denied { getattr } for path="/proc/290" dev="proc" ino=8365 scontext=u:r:toolbox:s0 tcontext=u:r:onstartup:s0 tclass=dir permissive=1
05-28 16:04:34.772 309 309 I pgrep : type=1400 audit(0.0:191): avc: denied { read } for scontext=u:r:toolbox:s0 tcontext=u:r:onstartup:s0 tclass=file permissive=1
05-28 16:04:34.772 309 309 I pgrep : type=1400 audit(0.0:192): avc: denied { search } for name="290" dev="proc" ino=8365 scontext=u:r:toolbox:s0 tcontext=u:r:onstartup:s0 tclass=dir permissive=1
05-28 16:04:34.772 309 309 I pgrep : type=1400 audit(0.0:193): avc: denied { open } for path="/proc/290/stat" dev="proc" ino=7904 scontext=u:r:toolbox:s0 tcontext=u:r:onstartup:s0 tclass=file permissive=1
05-28 16:04:34.772 309 309 I pgrep : type=1400 audit(0.0:194): avc: denied { getattr } for path="/proc/305" dev="proc" ino=7635 scontext=u:r:toolbox:s0 tcontext=u:r:boringssl_self_test:s0 tclass=dir permissive=1
05-28 16:04:34.772 309 309 I pgrep : type=1400 audit(0.0:195): avc: denied { search } for name="305" dev="proc" ino=7635 scontext=u:r:toolbox:s0 tcontext=u:r:boringssl_self_test:s0 tclass=dir permissive=1
05-28 16:04:34.772 309 309 I pgrep : type=1400 audit(0.0:196): avc: denied { open } for path="/proc/305/stat" dev="proc" ino=7907 scontext=u:r:toolbox:s0 tcontext=u:r:boringssl_self_test:s0 tclass=file permissive=1
05-28 16:04:34.795 248 248 I HidlServiceManagement: Registered android.hardware.audio@7.0::IDevicesFactory/default
05-28 16:04:34.796 248 248 I HidlServiceManagement: Removing namespace from process name android.hardware.audio.service to audio.service.
05-28 16:04:34.797 248 248 I LegacySupport: Registration complete for android.hardware.audio@7.0::IDevicesFactory/default.
05-28 16:04:34.796 290 290 I onstartup.sh: type=1400 audit(0.0:197): avc: denied { getattr } for path="/data/local/fast_apks_installed" dev="mmcblk0p25" ino=222 scontext=u:r:onstartup:s0 tcontext=u:object_r:onstartup_system_file:s0 tclass=file permissive=1
05-28 16:04:34.800 308 308 I xiriservice_All: type=1400 audit(0.0:198): avc: denied { search } for name="com.android.connectivity.resources" dev="mmcblk0p25" ino=503 scontext=u:r:init:s0 tcontext=u:object_r:privapp_data_file:s0:c512,c768 tclass=dir permissive=1
05-28 16:04:34.800 308 308 I xiriservice_All: type=1400 audit(0.0:199): avc: denied { search } for name="android" dev="mmcblk0p25" ino=507 scontext=u:r:init:s0 tcontext=u:object_r:system_app_data_file:s0 tclass=dir permissive=1
05-28 16:04:34.805 311 311 D XM_HIDREAD: hidread running 0429 d06.
05-28 16:04:34.804 308 308 I xiriservice_All: type=1400 audit(0.0:200): avc: denied { read } for name="lib" dev="mmcblk0p25" ino=6119 scontext=u:r:init:s0 tcontext=u:object_r:system_app_data_file:s0 tclass=lnk_file permissive=1
05-28 16:04:34.811 311 311 D XM_HIDREAD: addr_len_t:26,addr_len:26
05-28 16:04:34.812 316 316 I init : type=1400 audit(0.0:201): avc: denied { execute } for name="led_switch.sh" dev="dm-1" ino=129 scontext=u:r:init:s0 tcontext=u:object_r:vendor_file:s0 tclass=file permissive=1
05-28 16:04:34.812 311 311 I xm_hidread: type=1400 audit(0.0:202): avc: denied { create } for scontext=u:r:init:s0 tcontext=u:r:init:s0 tclass=netlink_kobject_uevent_socket permissive=1
05-28 16:04:34.815 311 315 D XM_HIDREAD: >> start monitor uevent ...
05-28 16:04:34.816 311 311 D XM_HIDREAD: server_socket:4
05-28 16:04:34.812 311 311 I xm_hidread: type=1400 audit(0.0:203): avc: denied { setopt } for scontext=u:r:init:s0 tcontext=u:r:init:s0 tclass=netlink_kobject_uevent_socket permissive=1
05-28 16:04:34.812 311 311 I xm_hidread: type=1400 audit(0.0:204): avc: denied { bind } for scontext=u:r:init:s0 tcontext=u:r:init:s0 tclass=netlink_kobject_uevent_socket permissive=1
05-28 16:04:34.812 316 316 I init : type=1400 audit(0.0:205): avc: denied { execute_no_trans } for path="/vendor/bin/led_switch.sh" dev="dm-1" ino=129 scontext=u:r:init:s0 tcontext=u:object_r:vendor_file:s0 tclass=file permissive=1
05-28 16:04:34.816 311 311 I xm_hidread: type=1400 audit(0.0:206): avc: denied { read } for scontext=u:r:init:s0 tcontext=u:r:init:s0 tclass=netlink_kobject_uevent_socket permissive=1
05-28 16:04:34.820 311 311 D XM_HIDREAD: pthread_join listen_thread before
05-28 16:04:34.823 311 317 D XM_HIDREAD: listener_thread has start 4.
05-28 16:04:34.820 308 308 I xiriservice_All: type=1400 audit(0.0:207): avc: denied { search } for name="android.ext.shared" dev="mmcblk0p25" ino=524 scontext=u:r:init:s0 tcontext=u:object_r:app_data_file:s0:c512,c768 tclass=dir permissive=1
05-28 16:04:34.823 311 317 D XM_HIDREAD: accept before.
05-28 16:04:34.820 308 308 I xiriservice_All: type=1400 audit(0.0:208): avc: denied { read } for name="lib" dev="mmcblk0p25" ino=6151 scontext=u:r:init:s0 tcontext=u:object_r:app_data_file:s0:c512,c768 tclass=lnk_file permissive=1
05-28 16:04:34.824 308 308 I xiriservice_All: type=1400 audit(0.0:209): avc: denied { search } for name="com.android.permissioncontroller" dev="mmcblk0p25" ino=553 scontext=u:r:init:s0 tcontext=u:object_r:privapp_data_file:s0:c73,c256,c512,c768 tclass=dir permissive=1
05-28 16:04:34.828 308 308 I xiriservice_All: type=1400 audit(0.0:210): avc: denied { read } for name="lib" dev="mmcblk0p25" ino=6107 scontext=u:r:init:s0 tcontext=u:object_r:privapp_data_file:s0:c512,c768 tclass=lnk_file permissive=1
05-28 16:04:34.831 248 248 I HidlServiceManagement: Registered android.hardware.audio.effect@7.0::IEffectsFactory/default
05-28 16:04:34.832 248 248 I LegacySupport: Registration complete for android.hardware.audio.effect@7.0::IEffectsFactory/default.
05-28 16:04:34.833 182 182 I hwservicemanager: getTransport: Cannot find entry android.hardware.soundtrigger@2.3::ISoundTriggerHw/default in either framework or device VINTF manifest.
05-28 16:04:34.834 248 248 E LegacySupport: Could not get passthrough implementation for android.hardware.soundtrigger@2.3::ISoundTriggerHw/default.
05-28 16:04:34.837 182 182 I hwservicemanager: getTransport: Cannot find entry android.hardware.soundtrigger@2.2::ISoundTriggerHw/default in either framework or device VINTF manifest.
