06-09 18:08:56.433 311 311 D XiriService: check file name: /data/data/com.android.cts.priv.ctsshim/lib
06-09 18:08:56.433 311 311 D XiriService: check file name: /data/data/com.android.cts.priv.ctsshim/lib
06-09 18:08:56.433 311 311 D XiriService: check file name: /data/data/com.android.dynsystem/lib
06-09 18:08:56.434 311 311 D XiriService: check file name: /data/data/com.android.dynsystem/lib
06-09 18:08:56.428 311 311 I xiriservice_All: type=1400 audit(0.0:309): avc: denied { search } for name="com.android.dynsystem" dev="mmcblk0p25" ino=575 scontext=u:r:init:s0 tcontext=u:object_r:system_app_data_file:s0 tclass=dir permissive=1
06-09 18:08:56.434 311 311 D XiriService: check file name: /data/data/com.android.dynsystem/lib
06-09 18:08:56.434 475 475 I SystemServerTiming: MakeDisplayReady
06-09 18:08:56.434 311 311 D XiriService: check file name: /data/data/com.android.dynsystem/lib
06-09 18:08:56.428 311 311 I xiriservice_All: type=1400 audit(0.0:310): avc: denied { read } for name="lib" dev="mmcblk0p25" ino=9166 scontext=u:r:init:s0 tcontext=u:object_r:system_app_data_file:s0 tclass=lnk_file permissive=1
06-09 18:08:56.438 475 475 W InputReader: Device sunxi-ir-uinput is associated with display ADISPLAY_ID_NONE.
06-09 18:08:56.439 475 475 W InputReader: Device sunxi-ir-uinput is associated with display ADISPLAY_ID_NONE.
06-09 18:08:56.439 475 475 I ActivityTaskManager: Config changes=20005df8 {1.0 ?mcc?mnc [zh_CN] ldltr sw720dp w1280dp h696dp 240dpi xlrg long land ?uimode ?night -touch qwerty/v/v dpad/v winConfig={ mBounds=Rect(0, 0 - 1920, 1080) mAppBounds=Rect(0, 0 - 1920, 1080) mMaxBounds=Rect(0, 0 - 1920, 1080) mWindowingMode=fullscreen mDisplayWindowingMode=fullscreen mActivityType=undefined mAlwaysOnTop=undefined mRotation=ROTATION_0} s.2 ?fontWeightAdjustment}
06-09 18:08:56.441 311 311 D XiriService: check file name: /data/data/com.android.dynsystem/lib
06-09 18:08:56.441 311 311 D XiriService: check file name: /data/data/com.android.dynsystem/lib
06-09 18:08:56.442 311 311 D XiriService: check file name: /data/data/com.android.dynsystem/lib
06-09 18:08:56.442 311 311 D XiriService: check file name: /data/data/com.android.dynsystem/lib
06-09 18:08:56.442 475 475 I WindowManager: Override config changes=60007dfc {1.0 ?mcc?mnc [zh_CN] ldltr sw720dp w1280dp h696dp 240dpi xlrg long land ?uimode ?night -touch qwerty/v/v dpad/v winConfig={ mBounds=Rect(0, 0 - 1920, 1080) mAppBounds=Rect(0, 0 - 1920, 1080) mMaxBounds=Rect(0, 0 - 1920, 1080) mWindowingMode=fullscreen mDisplayWindowingMode=fullscreen mActivityType=undefined mAlwaysOnTop=undefined mRotation=ROTATION_0} s.2 ?fontWeightAdjustment} for displayId=0
06-09 18:08:56.442 311 311 D XiriService: check file name: /data/data/com.dangbei.lerad.rocky/lib
06-09 18:08:56.442 311 311 D XiriService: check file name: /data/data/com.dangbei.lerad.rocky/lib
06-09 18:08:56.443 311 311 D XiriService: check file name: /data/data/com.dangbei.lerad.rocky/lib
06-09 18:08:56.443 311 311 D XiriService: check file name: /data/data/com.dangbei.lerad.rocky/lib
06-09 18:08:56.451 475 475 W InputReader: Device sunxi-ir-uinput is associated with display ADISPLAY_ID_NONE.
06-09 18:08:56.452 475 475 I SystemServerTiming: StartStorageManagerService
06-09 18:08:56.452 311 311 D XiriService: check file name: /data/data/com.dangbei.lerad.rocky/lib
06-09 18:08:56.452 311 311 D XiriService: check file name: /data/data/com.dangbei.lerad.rocky/lib
06-09 18:08:56.452 475 475 I SystemServiceManager: Starting com.android.server.StorageManagerService$Lifecycle
06-09 18:08:56.452 311 311 D XiriService: check file name: /data/data/com.dangbei.lerad.rocky/lib
06-09 18:08:56.453 311 311 D XiriService: check file name: /data/data/com.dangbei.lerad.rocky/lib
06-09 18:08:56.454 475 519 I InputManager-JNI: Viewport [0] to add: local:0, isActive: false
06-09 18:08:56.459 1 1 I init : processing action (sys.sysctl.extra_free_kbytes=*) from (/system/etc/init/hw/init.rc:1139)
06-09 18:08:56.456 475 595 I InputReader: Reconfiguring input devices, changes=DISPLAY_INFO |
06-09 18:08:56.462 311 311 D XiriService: check file name: /data/data/com.android.tv.settings/lib
06-09 18:08:56.462 311 311 D XiriService: check file name: /data/data/com.android.tv.settings/lib
06-09 18:08:56.462 311 311 D XiriService: check file name: /data/data/com.android.tv.settings/lib
06-09 18:08:56.462 311 311 D XiriService: check file name: /data/data/com.android.tv.settings/lib
06-09 18:08:56.462 344 344 D installd: Found quota mount /dev/block/by-name/userdata at /data
06-09 18:08:56.462 344 344 D installd: Found quota mount /dev/block/by-name/userdata at /data/user/0
06-09 18:08:56.473 311 311 D XiriService: check file name: /data/data/com.android.tv.settings/lib
06-09 18:08:56.473 311 311 D XiriService: check file name: /data/data/com.android.tv.settings/lib
06-09 18:08:56.473 311 311 D XiriService: check file name: /data/data/com.android.tv.settings/lib
06-09 18:08:56.479 475 601 D StorageManagerService: Thinking about init, mBootCompleted=false, mDaemonConnected=true
06-09 18:08:56.482 475 601 D StorageManagerService: Thinking about reset, mBootCompleted=false, mDaemonConnected=true
06-09 18:08:56.482 475 601 D StorageManagerService: Thinking about init, mBootCompleted=false, mDaemonConnected=true
06-09 18:08:56.482 475 475 I SystemServerTiming: StartStorageStatsService
06-09 18:08:56.482 475 601 D StorageManagerService: Thinking about reset, mBootCompleted=false, mDaemonConnected=true
06-09 18:08:56.482 475 475 I SystemServiceManager: Starting com.android.server.usage.StorageStatsService$Lifecycle
06-09 18:08:56.484 311 311 D XiriService: check file name: /data/data/com.oranth.factory/lib
06-09 18:08:56.484 311 311 D XiriService: check file name: /data/data/com.oranth.factory/lib
06-09 18:08:56.485 311 311 D XiriService: check file name: /data/data/com.oranth.factory/lib
06-09 18:08:56.485 311 311 D XiriService: check file name: /data/data/com.oranth.factory/lib
06-09 18:08:56.485 344 600 D installd: Found quota mount /dev/block/by-name/userdata at /data
06-09 18:08:56.485 344 600 D installd: Found quota mount /dev/block/by-name/userdata at /data/user/0
06-09 18:08:56.487 344 344 D installd: Found quota mount /dev/block/by-name/userdata at /data
06-09 18:08:56.487 344 344 D installd: Found quota mount /dev/block/by-name/userdata at /data/user/0
06-09 18:08:56.490 475 475 I SystemServerTiming: StartUiModeManager
06-09 18:08:56.490 475 475 I SystemServiceManager: Starting com.android.server.UiModeManagerService
06-09 18:08:56.491 475 515 I SystemServerTimingAsync: InitThreadPoolExec:UiModeManager.onStart
06-09 18:08:56.492 475 515 D SystemServerInitThreadPool: Started executing UiModeManager.onStart
06-09 18:08:56.492 311 311 D XiriService: check file name: /data/data/com.oranth.factory/lib
06-09 18:08:56.492 311 311 D XiriService: check file name: /data/data/com.oranth.factory/lib
06-09 18:08:56.492 311 311 D XiriService: check file name: /data/data/com.oranth.factory/lib
06-09 18:08:56.493 475 475 I SystemServerTiming: UpdatePackagesIfNeeded
06-09 18:08:56.493 475 475 I Watchdog: Pausing HandlerChecker: main thread for reason: dexopt. Pause count: 1
06-09 18:08:56.493 475 475 I Watchdog: Resuming HandlerChecker: main thread for reason: dexopt. Pause count: 0
06-09 18:08:56.499 475 515 D SystemServerInitThreadPool: Finished executing UiModeManager.onStart
06-09 18:08:56.499 475 475 I SystemServerTiming: PerformFstrimIfNeeded
06-09 18:08:56.500 475 475 I SystemServerTiming: StartLockSettingsService
06-09 18:08:56.500 475 475 I SystemServiceManager: Starting com.android.server.locksettings.LockSettingsService$Lifecycle
06-09 18:08:56.502 311 311 D XiriService: check file name: /data/data/com.dangbei.zhushou.os/lib
06-09 18:08:56.502 311 311 D XiriService: check file name: /data/data/com.dangbei.zhushou.os/lib
06-09 18:08:56.502 311 311 D XiriService: check file name: /data/data/com.dangbei.zhushou.os/lib
06-09 18:08:56.502 311 311 D XiriService: check file name: /data/data/com.dangbei.zhushou.os/lib
06-09 18:08:56.510 311 311 D XiriService: check file name: /data/data/com.dangbei.zhushou.os/lib
06-09 18:08:56.510 311 311 D XiriService: check file name: /data/data/com.dangbei.zhushou.os/lib
06-09 18:08:56.510 311 311 D XiriService: check file name: /data/data/com.dangbei.zhushou.os/lib
06-09 18:08:56.510 311 311 D XiriService: check file name: /data/data/com.dangbei.zhushou.os/lib
06-09 18:08:56.532 475 475 I SystemServerTiming: StartPersistentDataBlock
06-09 18:08:56.532 475 475 I SystemServiceManager: Starting com.android.server.PersistentDataBlockService
06-09 18:08:56.532 475 475 I SystemServerTiming: StartTestHarnessMode
06-09 18:08:56.532 475 576 I SystemServerTimingAsync: InitThreadPoolExec:PersistentDataBlockService.onStart
06-09 18:08:56.532 475 475 I SystemServiceManager: Starting com.android.server.testharness.TestHarnessModeService
06-09 18:08:56.532 475 576 D SystemServerInitThreadPool: Started executing PersistentDataBlockService.onStart
06-09 18:08:56.533 241 241 D MtpDeviceJNI: register_android_mtp_MtpDevice
06-09 18:08:56.534 475 475 I SystemServerTiming: StartOemLockService
06-09 18:08:56.534 475 475 I SystemServiceManager: Starting com.android.server.oemlock.OemLockService
06-09 18:08:56.535 184 184 I hwservicemanager: getTransport: Cannot find entry android.hardware.oemlock@1.0::IOemLock/default in either framework or device VINTF manifest.
06-09 18:08:56.535 475 475 I OemLock : OemLock HAL not present on device
06-09 18:08:56.536 475 475 I OemLock : Using persistent data block based lock
06-09 18:08:56.537 475 475 I SystemServerTiming: StartDeviceIdleController
06-09 18:08:56.537 475 475 I SystemServiceManager: Starting com.android.server.DeviceIdleController
06-09 18:08:56.541 311 311 D XiriService: check file name: /data/data/com.sohu.inputmethod.sogou.tv/lib
06-09 18:08:56.541 311 311 D XiriService: check file name: /data/data/com.sohu.inputmethod.sogou.tv/lib
06-09 18:08:56.541 311 311 D XiriService: check file name: /data/data/com.sohu.inputmethod.sogou.tv/lib
06-09 18:08:56.536 311 311 I xiriservice_All: type=1400 audit(0.0:311): avc: denied { search } for name="com.sohu.inputmethod.sogou.tv" dev="mmcblk0p25" ino=1407 scontext=u:r:init:s0 tcontext=u:object_r:app_data_file:s0:c39,c256,c512,c768 tclass=dir permissive=1
06-09 18:08:56.542 311 311 D XiriService: check file name: /data/data/com.sohu.inputmethod.sogou.tv/lib
06-09 18:08:56.536 311 311 I xiriservice_All: type=1400 audit(0.0:312): avc: denied { read } for name="lib" dev="mmcblk0p25" ino=9190 scontext=u:r:init:s0 tcontext=u:object_r:app_data_file:s0:c39,c256,c512,c768 tclass=lnk_file permissive=1
06-09 18:08:56.548 475 576 D SystemServerInitThreadPool: Finished executing PersistentDataBlockService.onStart
06-09 18:08:56.549 475 475 I SystemServerTiming: StartDevicePolicyManager
06-09 18:08:56.549 475 475 I SystemServiceManager: Starting com.android.server.devicepolicy.DevicePolicyManagerService$Lifecycle
06-09 18:08:56.550 311 311 D XiriService: check file name: /data/data/com.sohu.inputmethod.sogou.tv/lib
06-09 18:08:56.551 311 311 D XiriService: check file name: /data/data/com.sohu.inputmethod.sogou.tv/lib
06-09 18:08:56.551 311 311 D XiriService: check file name: /data/data/com.sohu.inputmethod.sogou.tv/lib
06-09 18:08:56.561 475 475 I SystemServerTiming: StartStatusBarManagerService
06-09 18:08:56.562 475 475 D SystemServer: MusicRecognitionManagerService not defined by OEM or disabled by flag
06-09 18:08:56.564 475 475 D SystemServer: ContentCaptureService disabled because resource is not overlaid
06-09 18:08:56.564 475 475 D SystemServer: AttentionService is not configured on this device
06-09 18:08:56.565 475 475 D SystemServer: RotationResolverService is not configured on this device
06-09 18:08:56.565 475 475 D SystemServer: SystemCaptionsManagerService disabled because resource is not overlaid
06-09 18:08:56.565 475 475 I SystemServerTiming: StartTextToSpeechManagerService
06-09 18:08:56.565 475 475 I SystemServiceManager: Starting com.android.server.texttospeech.TextToSpeechManagerService
06-09 18:08:56.567 475 475 I SystemServerTiming: StartSpeechRecognitionManagerService
06-09 18:08:56.568 475 475 I SystemServiceManager: Starting com.android.server.speech.SpeechRecognitionManagerService
06-09 18:08:56.570 475 475 D SystemServer: AppPredictionService not defined by OEM
06-09 18:08:56.570 475 475 D SystemServer: ContentSuggestionsService not defined by OEM
06-09 18:08:56.570 475 475 I SystemServerTiming: StartSearchUiService
06-09 18:08:56.570 475 475 I SystemServiceManager: Starting com.android.server.searchui.SearchUiManagerService
06-09 18:08:56.572 475 475 I SystemServerTiming: StartSmartspaceService
06-09 18:08:56.572 475 475 I SystemServiceManager: Starting com.android.server.smartspace.SmartspaceManagerService
06-09 18:08:56.574 475 475 I SystemServerTiming: InitConnectivityModuleConnector
06-09 18:08:56.575 475 475 D ConnectivityModuleConnector: Network stack init
06-09 18:08:56.579 475 475 I SystemServerTiming: InitNetworkStackClient
06-09 18:08:56.581 475 475 I SystemServerTiming: StartNetworkManagementService
06-09 18:08:56.587 475 475 I SystemServerTiming: StartIpSecService
06-09 18:08:56.593 475 515 I SystemServerTimingAsync: InitThreadPoolExec:START_FONT_MANAGER_SERVICE
06-09 18:08:56.593 475 515 D SystemServerInitThreadPool: Started executing START_FONT_MANAGER_SERVICE
06-09 18:08:56.593 475 515 I SystemServerTimingAsync: START_FONT_MANAGER_SERVICE
06-09 18:08:56.595 475 475 I SystemServerTiming: StartTextServicesManager
06-09 18:08:56.597 475 475 I SystemServiceManager: Starting com.android.server.textservices.TextServicesManagerService$Lifecycle
06-09 18:08:56.599 311 311 D XiriService: check file name: /data/data/com.oranth.ledstatus/lib
06-09 18:08:56.599 475 475 I SystemServerTiming: StartTextClassificationManagerService
06-09 18:08:56.600 475 475 I SystemServiceManager: Starting com.android.server.textclassifier.TextClassificationManagerService$Lifecycle
06-09 18:08:56.601 311 311 D XiriService: check file name: /data/data/com.oranth.ledstatus/lib
06-09 18:08:56.602 311 311 D XiriService: check file name: /data/data/com.oranth.ledstatus/lib
06-09 18:08:56.602 311 311 D XiriService: check file name: /data/data/com.oranth.ledstatus/lib
06-09 18:08:56.603 475 475 I SystemServerTiming: StartNetworkScoreService
06-09 18:08:56.603 475 475 I SystemServiceManager: Starting com.android.server.NetworkScoreService$Lifecycle
06-09 18:08:56.605 475 475 I NetworkScoreService: Registering network_score
06-09 18:08:56.608 475 475 I SystemServerTiming: StartNetworkStatsService
06-09 18:08:56.610 311 311 D XiriService: check file name: /data/data/com.oranth.ledstatus/lib
06-09 18:08:56.608 311 311 I xiriservice_All: type=1400 audit(0.0:313): avc: denied { search } for name="com.ktcp.video" dev="mmcblk0p25" ino=4909 scontext=u:r:init:s0 tcontext=u:object_r:app_data_file:s0:c512,c768 tclass=dir permissive=1
06-09 18:08:56.611 311 311 D XiriService: check file name: /data/data/com.ktcp.video/lib
06-09 18:08:56.608 311 311 I xiriservice_All: type=1400 audit(0.0:314): avc: denied { read } for name="lib" dev="mmcblk0p25" ino=8910 scontext=u:r:init:s0 tcontext=u:object_r:app_data_file:s0:c512,c768 tclass=lnk_file permissive=1
06-09 18:08:56.613 311 311 D XiriService: check file name: /data/data/com.ktcp.video/lib
06-09 18:08:56.615 311 311 D XiriService: check file name: /data/data/com.dangbei.lerad.videoposter/lib
06-09 18:08:56.615 311 311 D XiriService: check file name: /data/data/com.dangbei.lerad.videoposter/lib
06-09 18:08:56.616 311 311 D XiriService: check file name: /data/data/com.dangbei.lerad.videoposter/lib
06-09 18:08:56.616 311 311 D XiriService: check file name: /data/data/com.dangbei.lerad.videoposter/lib
06-09 18:08:56.624 311 311 D XiriService: check file name: /data/data/com.dangbei.lerad.videoposter/lib
06-09 18:08:56.629 475 475 I SystemServerTiming: StartNetworkPolicyManagerService
06-09 18:08:56.651 311 311 D XiriService: check file name: /data/data/com.android.networkstack/lib
06-09 18:08:56.652 311 311 D XiriService: check file name: /data/data/com.android.networkstack/lib
06-09 18:08:56.652 311 311 D XiriService: check file name: /data/data/com.android.networkstack/lib
06-09 18:08:56.652 475 475 I SystemServerTiming: StartWifi
06-09 18:08:56.652 311 311 D XiriService: check file name: /data/data/com.android.networkstack/lib
06-09 18:08:56.648 311 311 I xiriservice_All: type=1400 audit(0.0:315): avc: denied { read } for name="lib" dev="mmcblk0p25" ino=9202 scontext=u:r:init:s0 tcontext=u:object_r:radio_data_file:s0 tclass=lnk_file permissive=1
06-09 18:08:56.660 311 311 D XiriService: check file name: /data/data/com.android.networkstack/lib
06-09 18:08:56.660 311 311 D XiriService: check file name: /data/data/com.android.networkstack/lib
06-09 18:08:56.660 311 311 D XiriService: check file name: /data/data/com.android.networkstack/lib
06-09 18:08:56.660 311 311 D XiriService: check file name: /data/data/com.android.networkstack/lib
06-09 18:08:56.700 475 475 I SystemServiceManager: Starting com.android.server.wifi.WifiService
06-09 18:08:56.724 475 475 I WifiContext: Found Wifi Resources APK at: com.android.wifi.resources
06-09 18:08:56.738 475 475 V NetworkScoreManager: registerNetworkScoreCallback: callback=com.android.server.wifi.WifiNetworkScoreCache@e765c1c, executor=com.android.wifi.x.android.os.HandlerExecutor@788b5fa
06-09 18:08:56.752 311 311 D XiriService: check file name: /data/data/com.dangbei.screencast/lib
06-09 18:08:56.752 311 311 D XiriService: check file name: /data/data/com.dangbei.screencast/lib
06-09 18:08:56.753 311 311 D XiriService: check file name: /data/data/com.dangbei.screencast/lib
06-09 18:08:56.753 311 311 D XiriService: check file name: /data/data/com.dangbei.screencast/lib
06-09 18:08:56.761 311 311 D XiriService: check file name: /data/data/com.dangbei.screencast/lib
06-09 18:08:56.761 311 311 D XiriService: check file name: /data/data/com.dangbei.screencast/lib
06-09 18:08:56.762 311 311 D XiriService: check file name: /data/data/com.dangbei.screencast/lib
06-09 18:08:56.766 475 475 D ScanMetrics: Settings package: com.android.tv.settings
06-09 18:08:56.767 475 475 E ScanMetrics: Can't get GMS uid
06-09 18:08:56.780 311 311 D XiriService: check file name: /data/data/com.dangbei.leard.leradlauncher/lib
06-09 18:08:56.780 311 311 D XiriService: check file name: /data/data/com.dangbei.leard.leradlauncher/lib
06-09 18:08:56.780 311 311 D XiriService: check file name: /data/data/com.dangbei.leard.leradlauncher/lib
06-09 18:08:56.780 311 311 D XiriService: check file name: /data/data/com.dangbei.leard.leradlauncher/lib
06-09 18:08:56.789 311 311 D XiriService: check file name: /data/data/com.dangbei.leard.leradlauncher/lib
06-09 18:08:56.791 475 475 I WifiCoexManager: Default coex algorithm is disabled.
06-09 18:08:56.799 311 311 D XiriService: check file name: /data/data/com.android.printspooler/lib
06-09 18:08:56.799 311 311 D XiriService: check file name: /data/data/com.android.printspooler/lib
06-09 18:08:56.796 311 311 I xiriservice_All: type=1400 audit(0.0:316): avc: denied { search } for name="com.android.printspooler" dev="mmcblk0p25" ino=932 scontext=u:r:init:s0 tcontext=u:object_r:app_data_file:s0:c42,c256,c512,c768 tclass=dir permissive=1
06-09 18:08:56.796 311 311 I xiriservice_All: type=1400 audit(0.0:317): avc: denied { read } for name="lib" dev="mmcblk0p25" ino=9213 scontext=u:r:init:s0 tcontext=u:object_r:app_data_file:s0:c42,c256,c512,c768 tclass=lnk_file permissive=1
06-09 18:08:56.800 311 311 D XiriService: check file name: /data/data/com.android.printspooler/lib
06-09 18:08:56.800 311 311 D XiriService: check file name: /data/data/com.android.printspooler/lib
06-09 18:08:56.808 311 311 D XiriService: check file name: /data/data/com.android.printspooler/lib
06-09 18:08:56.808 311 311 D XiriService: check file name: /data/data/com.android.printspooler/lib
06-09 18:08:56.809 311 311 D XiriService: check file name: /data/data/com.android.printspooler/lib
06-09 18:08:56.809 311 311 D XiriService: check file name: /data/data/com.android.printspooler/lib
06-09 18:08:56.817 311 311 D XiriService: check file name: /data/data/com.android.webview/lib
06-09 18:08:56.812 311 311 I xiriservice_All: type=1400 audit(0.0:318): avc: denied { search } for name="com.android.webview" dev="mmcblk0p25" ino=951 scontext=u:r:init:s0 tcontext=u:object_r:app_data_file:s0:c60,c256,c512,c768 tclass=dir permissive=1
06-09 18:08:56.817 311 311 D XiriService: check file name: /data/data/com.android.webview/lib
06-09 18:08:56.812 311 311 I xiriservice_All: type=1400 audit(0.0:319): avc: denied { read } for name="lib" dev="mmcblk0p25" ino=8918 scontext=u:r:init:s0 tcontext=u:object_r:app_data_file:s0:c60,c256,c512,c768 tclass=lnk_file permissive=1
06-09 18:08:56.818 311 311 D XiriService: check file name: /data/data/com.android.webview/lib
06-09 18:08:56.818 311 311 D XiriService: check file name: /data/data/com.android.webview/lib
06-09 18:08:56.827 241 241 W Zygote : Class not found for preloading: android.view.SurfaceView$2
06-09 18:08:56.827 311 311 D XiriService: check file name: /data/data/com.android.webview/lib
06-09 18:08:56.840 311 311 D XiriService: check file name: /data/data/com.android.bips/lib
06-09 18:08:56.841 311 311 D XiriService: check file name: /data/data/com.android.bips/lib
06-09 18:08:56.842 311 311 D XiriService: check file name: /data/data/com.android.bips/lib
06-09 18:08:56.842 311 311 D XiriService: check file name: /data/data/com.android.bips/lib
06-09 18:08:56.847 475 475 D WifiOpenNetworkNotifier: Settings toggle enabled=true
06-09 18:08:56.851 311 311 D XiriService: check file name: /data/data/com.android.bips/lib
06-09 18:08:56.853 311 311 D XiriService: check file name: /data/data/com.oranth.inputmacsn/lib
06-09 18:08:56.854 475 475 D WifiNl80211Manager: registerCountryCodeEventListener called
06-09 18:08:56.854 356 356 I wificond: New wificond event callback registered
06-09 18:08:56.854 475 475 D WifiCountryCode: Default country code from system property ro.boot.wificountrycode is CN
06-09 18:08:56.860 311 311 D XiriService: check file name: /data/data/com.oranth.inputmacsn/lib
06-09 18:08:56.860 311 311 D XiriService: check file name: /data/data/com.oranth.inputmacsn/lib
06-09 18:08:56.861 311 311 D XiriService: check file name: /data/data/com.oranth.inputmacsn/lib
06-09 18:08:56.861 311 311 D XiriService: check file name: /data/data/com.oranth.inputmacsn/lib
06-09 18:08:56.861 475 475 D WakeupController: WifiWake enabled
06-09 18:08:56.864 475 475 V HistoricalRegistry: Interaction before persistence initialized
06-09 18:08:56.873 475 475 I WifiService: Registering wifi
06-09 18:08:56.875 475 475 I SystemServerTiming: StartWifiScanning
06-09 18:08:56.868 311 311 I xiriservice_All: type=1400 audit(0.0:320): avc: denied { search } for name="com.dangbei.hqmedia" dev="mmcblk0p25" ino=3888 scontext=u:r:init:s0 tcontext=u:object_r:app_data_file:s0:c76,c256,c512,c768 tclass=dir permissive=1
06-09 18:08:56.875 311 311 D XiriService: check file name: /data/data/com.dangbei.hqmedia/lib
06-09 18:08:56.872 311 311 I xiriservice_All: type=1400 audit(0.0:321): avc: denied { read } for name="lib" dev="mmcblk0p25" ino=9222 scontext=u:r:init:s0 tcontext=u:object_r:app_data_file:s0:c76,c256,c512,c768 tclass=lnk_file permissive=1
06-09 18:08:56.875 311 311 D XiriService: check file name: /data/data/com.dangbei.hqmedia/lib
06-09 18:08:56.876 475 475 I SystemServiceManager: Starting com.android.server.wifi.scanner.WifiScanningService
06-09 18:08:56.876 311 311 D XiriService: check file name: /data/data/com.dangbei.hqmedia/lib
06-09 18:08:56.876 475 475 I WifiScanningService: Creating wifiscanner
06-09 18:08:56.884 311 311 D XiriService: check file name: /data/data/com.android.keychain/lib
06-09 18:08:56.884 311 311 D XiriService: check file name: /data/data/com.android.keychain/lib
06-09 18:08:56.885 311 311 D XiriService: check file name: /data/data/com.android.keychain/lib
06-09 18:08:56.885 311 311 D XiriService: check file name: /data/data/com.android.keychain/lib
06-09 18:08:56.886 475 475 I WifiScanningService: Publishing wifiscanner
06-09 18:08:56.888 475 475 I SystemServerTiming: StartWifiP2P
06-09 18:08:56.889 475 475 I SystemServiceManager: Starting com.android.server.wifi.p2p.WifiP2pService
06-09 18:08:56.892 311 311 D XiriService: check file name: /data/data/com.android.keychain/lib
06-09 18:08:56.892 311 311 D XiriService: check file name: /data/data/com.android.keychain/lib
06-09 18:08:56.892 311 311 D XiriService: check file name: /data/data/com.android.keychain/lib
06-09 18:08:56.892 311 311 D XiriService: check file name: /data/data/com.android.keychain/lib
06-09 18:08:56.895 475 515 D SystemServerInitThreadPool: Finished executing START_FONT_MANAGER_SERVICE
06-09 18:08:56.897 475 475 I WifiP2pService: Registering wifip2p
06-09 18:08:56.898 475 475 I SystemServerTiming: StartEthernet
06-09 18:08:56.898 475 475 I SystemServiceManager: Starting com.android.server.ethernet.EthernetService
06-09 18:08:56.899 475 475 I EthernetService: Registering service ethernet
06-09 18:08:56.900 475 475 I SystemServerTiming: StartPacProxyService
06-09 18:08:56.903 475 475 I SystemServerTiming: StartPppoe
06-09 18:08:56.904 475 475 I SystemServiceManager: Starting com.android.server.pppoe.PppoeService
06-09 18:08:56.905 475 475 I PppoeServiceImpl: Creating PppoeServiceImpl
06-09 18:08:56.907 311 311 D XiriService: check file name: /data/data/com.android.localtransport/lib
06-09 18:08:56.907 311 311 D XiriService: check file name: /data/data/com.android.localtransport/lib
06-09 18:08:56.907 311 311 D XiriService: check file name: /data/data/com.android.localtransport/lib
06-09 18:08:56.907 311 311 D XiriService: check file name: /data/data/com.android.localtransport/lib
06-09 18:08:56.916 311 311 D XiriService: check file name: /data/data/com.android.localtransport/lib
06-09 18:08:56.917 311 311 D XiriService: check file name: /data/data/com.android.localtransport/lib
06-09 18:08:56.917 311 311 D XiriService: check file name: /data/data/com.android.localtransport/lib
06-09 18:08:56.917 311 311 D XiriService: check file name: /data/data/com.android.localtransport/lib
06-09 18:08:56.917 311 311 D XiriService: check file name: /data/data/com.android.packageinstaller/lib
06-09 18:08:56.918 311 311 D XiriService: check file name: /data/data/com.android.packageinstaller/lib
06-09 18:08:56.918 311 311 D XiriService: check file name: /data/data/com.android.packageinstaller/lib
06-09 18:08:56.918 311 311 D XiriService: check file name: /data/data/com.android.packageinstaller/lib
06-09 18:08:56.919 475 475 I PppoeService: Registering service pppoe
06-09 18:08:56.920 475 475 I SystemServerTiming: StartConnectivityService
06-09 18:08:56.924 311 311 D XiriService: check file name: /data/data/com.android.packageinstaller/lib
06-09 18:08:56.925 311 311 D XiriService: check file name: /data/data/com.android.packageinstaller/lib
06-09 18:08:56.925 311 311 D XiriService: check file name: /data/data/com.android.packageinstaller/lib
06-09 18:08:56.925 311 311 D XiriService: check file name: /data/data/com.android.packageinstaller/lib
06-09 18:08:56.937 311 311 D XiriService: check file name: /data/data/com.oranth.usbopenft/lib
06-09 18:08:56.937 311 311 D XiriService: check file name: /data/data/com.oranth.usbopenft/lib
06-09 18:08:56.937 311 311 D XiriService: check file name: /data/data/com.oranth.usbopenft/lib
06-09 18:08:56.937 311 311 D XiriService: check file name: /data/data/com.oranth.usbopenft/lib
06-09 18:08:56.938 475 475 I SystemServiceManager: Starting com.android.server.ConnectivityServiceInitializer
06-09 18:08:56.944 311 311 D XiriService: check file name: /data/data/com.oranth.usbopenft/lib
06-09 18:08:56.944 311 311 D XiriService: check file name: /data/data/com.oranth.usbopenft/lib
06-09 18:08:56.944 311 311 D XiriService: check file name: /data/data/com.oranth.usbopenft/lib
06-09 18:08:56.944 311 311 D XiriService: check file name: /data/data/com.oranth.usbopenft/lib
06-09 18:08:56.945 311 311 D XiriService: check file name: /data/data/com.android.networkstack.tethering/lib
06-09 18:08:56.945 311 311 D XiriService: check file name: /data/data/com.android.networkstack.tethering/lib
06-09 18:08:56.945 311 311 D XiriService: check file name: /data/data/com.android.networkstack.tethering/lib
06-09 18:08:56.945 311 311 D XiriService: check file name: /data/data/com.android.networkstack.tethering/lib
06-09 18:08:56.952 311 311 D XiriService: check file name: /data/data/com.android.networkstack.tethering/lib
06-09 18:08:56.952 311 311 D XiriService: check file name: /data/data/com.android.networkstack.tethering/lib
06-09 18:08:56.952 311 311 D XiriService: check file name: /data/data/com.android.networkstack.tethering/lib
06-09 18:08:56.952 311 311 D XiriService: check file name: /data/data/com.android.networkstack.tethering/lib
06-09 18:08:56.959 311 311 D XiriService: check file name: /data/data/com.dangbei.lerad.etna.haqu/lib
06-09 18:08:56.959 311 311 D XiriService: check file name: /data/data/com.dangbei.lerad.etna.haqu/lib
06-09 18:08:56.959 311 311 D XiriService: check file name: /data/data/com.dangbei.lerad.etna.haqu/lib
06-09 18:08:56.959 311 311 D XiriService: check file name: /data/data/com.dangbei.lerad.etna.haqu/lib
06-09 18:08:56.966 311 311 D XiriService: check file name: /data/data/com.dangbei.lerad.etna.haqu/lib
06-09 18:08:56.967 311 311 D XiriService: check file name: /data/data/com.dangbei.lerad.etna.haqu/lib
06-09 18:08:56.967 311 311 D XiriService: check file name: /data/data/com.dangbei.lerad.etna.haqu/lib
06-09 18:08:56.967 311 311 D XiriService: check file name: /data/data/com.dangbei.lerad.etna.haqu/lib
06-09 18:08:56.968 475 475 D ConnectivityService: ConnectivityService starting up
06-09 18:08:56.971 475 475 D pppoeNRI:: uid/pid:1000/475 activeRequest: null callbackRequest: 5 [NetworkRequest [ REQUEST id=5, [ Transports: PPPOE Capabilities: INTERNET&NOT_RESTRICTED&TRUSTED&NOT_VPN&NOT_VCN_MANAGED RequestorUid: 1000 RequestorPkg: android] ]] callback flags: 1 priority: 2147483647
06-09 18:08:56.976 475 475 E TAG : Exception = android.content.pm.PackageManager$NameNotFoundException: android.telephony.cts
06-09 18:08:56.976 475 475 E TAG : Exception = android.content.pm.PackageManager$NameNotFoundException: android.net.cts
06-09 18:08:56.992 311 311 D XiriService: check file name: /data/data/com.oranth.powerwindow/lib
06-09 18:08:56.992 311 311 D XiriService: check file name: /data/data/com.oranth.powerwindow/lib
06-09 18:08:56.993 311 311 D XiriService: check file name: /data/data/com.oranth.powerwindow/lib
06-09 18:08:56.993 311 311 D XiriService: check file name: /data/data/com.oranth.powerwindow/lib
06-09 18:08:57.001 311 311 D XiriService: check file name: /data/data/com.oranth.powerwindow/lib
06-09 18:08:57.001 311 311 D XiriService: check file name: /data/data/com.oranth.powerwindow/lib
06-09 18:08:57.001 311 311 D XiriService: check file name: /data/data/com.oranth.powerwindow/lib
06-09 18:08:57.001 311 311 D XiriService: check file name: /data/data/com.oranth.powerwindow/lib
06-09 18:08:57.005 475 475 D CompatibilityChangeReporter: Compat change id reported: 182478738; UID 1000; state: ENABLED
06-09 18:08:57.013 475 475 I ConnectivityServiceInitializer: Registering connectivity
06-09 18:08:57.014 475 475 I SystemServerTiming: StartVpnManagerService
06-09 18:08:57.015 311 311 D XiriService: check file name: /data/data/com.android.networkstack.permissionconfig/lib
06-09 18:08:57.015 311 311 D XiriService: check file name: /data/data/com.android.networkstack.permissionconfig/lib
06-09 18:08:57.015 311 311 D XiriService: check file name: /data/data/com.android.networkstack.permissionconfig/lib
06-09 18:08:57.015 311 311 D XiriService: check file name: /data/data/com.android.networkstack.permissionconfig/lib
06-09 18:08:57.018 475 475 D VpnManagerService: VpnManagerService starting up
06-09 18:08:57.018 475 475 I SystemServerTiming: StartVcnManagementService
06-09 18:08:57.022 311 311 D XiriService: check file name: /data/data/com.android.networkstack.permissionconfig/lib
06-09 18:08:57.022 311 311 D XiriService: check file name: /data/data/com.android.networkstack.permissionconfig/lib
06-09 18:08:57.023 311 311 D XiriService: check file name: /data/data/com.android.networkstack.permissionconfig/lib
06-09 18:08:57.023 311 311 D XiriService: check file name: /data/data/com.android.networkstack.permissionconfig/lib
06-09 18:08:57.023 475 475 I SystemServerTiming: StartNsdService
06-09 18:08:57.025 475 475 D NsdService: Network service discovery is enabled
06-09 18:08:57.027 475 475 I SystemServerTiming: StartSystemUpdateManagerService
06-09 18:08:57.030 475 475 I SystemUpdateManagerService: No existing info file /data/system/system-update-info.xml
06-09 18:08:57.031 311 311 D XiriService: check file name: /data/data/com.dangbei.lerad.screensaver/lib
06-09 18:08:57.024 311 311 I xiriservice_All: type=1400 audit(0.0:322): avc: denied { search } for name="com.dangbei.lerad.screensaver" dev="mmcblk0p25" ino=1184 scontext=u:r:init:s0 tcontext=u:object_r:app_data_file:s0:c40,c256,c512,c768 tclass=dir permissive=1
06-09 18:08:57.028 311 311 I xiriservice_All: type=1400 audit(0.0:323): avc: denied { read } for name="lib" dev="mmcblk0p25" ino=8933 scontext=u:r:init:s0 tcontext=u:object_r:app_data_file:s0:c40,c256,c512,c768 tclass=lnk_file permissive=1
06-09 18:08:57.032 311 311 D XiriService: check file name: /data/data/com.dangbei.lerad.screensaver/lib
06-09 18:08:57.032 475 475 I SystemServerTiming: StartUpdateLockService
06-09 18:08:57.032 311 311 D XiriService: check file name: /data/data/com.dangbei.lerad.screensaver/lib
06-09 18:08:57.032 311 311 D XiriService: check file name: /data/data/com.dangbei.lerad.screensaver/lib
06-09 18:08:57.033 475 475 I SystemServerTiming: StartNotificationManager
06-09 18:08:57.034 475 475 I SystemServiceManager: Starting com.android.server.notification.NotificationManagerService
06-09 18:08:57.040 311 311 D XiriService: check file name: /data/data/com.dangbei.lerad.screensaver/lib
06-09 18:08:57.040 311 311 D XiriService: check file name: /data/data/com.dangbei.lerad.screensaver/lib
06-09 18:08:57.040 311 311 D XiriService: check file name: /data/data/com.dangbei.lerad.screensaver/lib
06-09 18:08:57.040 311 311 D XiriService: check file name: /data/data/com.dangbei.lerad.screensaver/lib
06-09 18:08:57.048 475 475 D ConditionProviders.SCP: new ScheduleConditionProvider()
06-09 18:08:57.059 241 241 I Zygote : ...preloaded 7337 classes in 959ms.
06-09 18:08:57.065 241 241 D ApplicationLoaders: Created zygote-cached class loader: /system/framework/android.hidl.base-V1.0-java.jar
06-09 18:08:57.068 475 475 I NotificationAssistants: Read notification assistant permissions from xml
06-09 18:08:57.068 475 475 I ConditionProviders: Read condition provider permissions from xml
06-09 18:08:57.068 475 475 I ConditionProviders: Read condition provider permissions from xml
06-09 18:08:57.068 475 475 D NotificationAssistants: Approving default notification assistant for user 0
06-09 18:08:57.069 241 241 D ApplicationLoaders: Created zygote-cached class loader: /system/framework/android.hidl.manager-V1.0-java.jar
06-09 18:08:57.072 475 475 I ConditionProviders: Allowing condition provider android.ext.services/android.ext.services.notification.Assistant (userSet: true)
06-09 18:08:57.074 241 241 D ApplicationLoaders: Created zygote-cached class loader: /system/framework/android.test.base.jar
06-09 18:08:57.074 241 241 I Zygote : Preloading resources...
06-09 18:08:57.075 311 311 D XiriService: check file name: /data/data/com.android.wallpaperbackup/lib
06-09 18:08:57.075 311 311 D XiriService: check file name: /data/data/com.android.wallpaperbackup/lib
06-09 18:08:57.076 475 475 D CompatibilityChangeReporter: Compat change id reported: 147600208; UID 1000; state: ENABLED
06-09 18:08:57.076 311 311 D XiriService: check file name: /data/data/com.android.wallpaperbackup/lib
06-09 18:08:57.076 311 311 D XiriService: check file name: /data/data/com.android.wallpaperbackup/lib
06-09 18:08:57.080 475 475 D CompatibilityChangeReporter: Compat change id reported: 157233955; UID 1000; state: ENABLED
06-09 18:08:57.086 311 311 D XiriService: check file name: /data/data/com.android.wallpaperbackup/lib
06-09 18:08:57.086 311 311 D XiriService: check file name: /data/data/com.android.wallpaperbackup/lib
06-09 18:08:57.086 311 311 D XiriService: check file name: /data/data/com.android.wallpaperbackup/lib
06-09 18:08:57.086 311 311 D XiriService: check file name: /data/data/com.android.wallpaperbackup/lib
06-09 18:08:57.089 475 475 I SystemServerTiming: StartDeviceMonitor
06-09 18:08:57.089 475 475 I SystemServiceManager: Starting com.android.server.storage.DeviceStorageMonitorService
06-09 18:08:57.091 475 475 I SystemServerTiming: StartLocationManagerService
06-09 18:08:57.092 475 475 I SystemServiceManager: Starting com.android.server.location.LocationManagerService$Lifecycle
06-09 18:08:57.092 241 241 W Resources: Preloaded drawable resource #0x1080286 (android:drawable/dialog_background_material) that varies with configuration!!
06-09 18:08:57.101 475 475 I SystemServerTiming: StartCountryDetectorService
06-09 18:08:57.102 475 475 I SystemServerTiming: StartTimeDetectorService
06-09 18:08:57.102 475 475 I SystemServiceManager: Starting com.android.server.timedetector.TimeDetectorService$Lifecycle
06-09 18:08:57.103 311 311 D XiriService: check file name: /data/data/com.android.providers.media.module/lib
06-09 18:08:57.103 311 311 D XiriService: check file name: /data/data/com.android.providers.media.module/lib
06-09 18:08:57.100 311 311 I xiriservice_All: type=1400 audit(0.0:324): avc: denied { search } for name="com.android.providers.media.module" dev="mmcblk0p25" ino=1257 scontext=u:r:init:s0 tcontext=u:object_r:privapp_data_file:s0:c74,c256,c512,c768 tclass=dir permissive=1
06-09 18:08:57.104 311 311 D XiriService: check file name: /data/data/com.android.providers.media.module/lib
06-09 18:08:57.100 311 311 I xiriservice_All: type=1400 audit(0.0:325): avc: denied { read } for name="lib" dev="mmcblk0p25" ino=9256 scontext=u:r:init:s0 tcontext=u:object_r:privapp_data_file:s0:c74,c256,c512,c768 tclass=lnk_file permissive=1
06-09 18:08:57.105 475 475 I SystemServerTiming: StartTimeZoneDetectorService
06-09 18:08:57.105 475 475 I SystemServiceManager: Starting com.android.server.timezonedetector.TimeZoneDetectorService$Lifecycle
06-09 18:08:57.108 475 475 I SystemServerTiming: StartLocationTimeZoneManagerService
06-09 18:08:57.109 475 475 I SystemServiceManager: Starting com.android.server.timezonedetector.location.LocationTimeZoneManagerService$Lifecycle
06-09 18:08:57.111 475 475 I SystemServerTiming: StartSearchManagerService
06-09 18:08:57.111 475 475 I SystemServiceManager: Starting com.android.server.search.SearchManagerService$Lifecycle
06-09 18:08:57.114 311 311 D XiriService: check file name: /data/data/com.android.providers.media.module/lib
06-09 18:08:57.114 311 311 D XiriService: check file name: /data/data/com.android.providers.media.module/lib
06-09 18:08:57.116 475 475 I SystemServerTiming: StartWallpaperManagerService
06-09 18:08:57.116 475 475 I SystemServiceManager: Starting com.android.server.wallpaper.WallpaperManagerService$Lifecycle
06-09 18:08:57.118 475 475 I SystemServerTiming: StartAudioService
06-09 18:08:57.118 475 475 I SystemServiceManager: Starting com.android.server.audio.AudioService$Lifecycle
06-09 18:08:57.123 311 311 D XiriService: check file name: /data/data/com.oranth.storage/lib
06-09 18:08:57.123 311 311 D XiriService: check file name: /data/data/com.oranth.storage/lib
06-09 18:08:57.123 311 311 D XiriService: check file name: /data/data/com.oranth.storage/lib
06-09 18:08:57.123 311 311 D XiriService: check file name: /data/data/com.oranth.storage/lib
06-09 18:08:57.130 311 311 D XiriService: check file name: /data/data/com.oranth.storage/lib
06-09 18:08:57.130 311 311 D XiriService: check file name: /data/data/com.oranth.storage/lib
06-09 18:08:57.130 311 311 D XiriService: check file name: /data/data/com.oranth.storage/lib
06-09 18:08:57.130 311 311 D XiriService: check file name: /data/data/com.oranth.storage/lib
06-09 18:08:57.134 241 241 I Zygote : ...preloaded 64 resources in 59ms.
06-09 18:08:57.139 475 475 I android_os_HwBinder: HwBinder: Starting thread pool for getting: android.hidl.manager@1.0::IServiceManager/default
06-09 18:08:57.144 311 311 D XiriService: check file name: /data/data/com.dangbei.haqusetting/lib
06-09 18:08:57.144 311 311 D XiriService: check file name: /data/data/com.dangbei.haqusetting/lib
06-09 18:08:57.144 311 311 D XiriService: check file name: /data/data/com.dangbei.haqusetting/lib
06-09 18:08:57.144 311 311 D XiriService: check file name: /data/data/com.dangbei.haqusetting/lib
06-09 18:08:57.145 241 241 I Zygote : ...preloaded 41 resources in 10ms.
06-09 18:08:57.146 265 443 W AudioFlinger: no wake lock to update, system not ready yet
06-09 18:08:57.152 311 311 D XiriService: check file name: /data/data/com.dangbei.haqusetting/lib
06-09 18:08:57.152 311 311 D XiriService: check file name: /data/data/com.dangbei.haqusetting/lib
06-09 18:08:57.152 311 311 D XiriService: check file name: /data/data/com.dangbei.haqusetting/lib
06-09 18:08:57.152 311 311 D XiriService: check file name: /data/data/com.dangbei.haqusetting/lib
06-09 18:08:57.159 265 265 D PermissionCache: checking android.permission.MODIFY_AUDIO_ROUTING for uid=1000 => granted (3058 us)
06-09 18:08:57.169 311 311 D XiriService: check file name: /data/data/com.softwinner.miracastReceiver/lib
06-09 18:08:57.170 311 311 D XiriService: check file name: /data/data/com.softwinner.miracastReceiver/lib
06-09 18:08:57.170 311 311 D XiriService: check file name: /data/data/com.softwinner.miracastReceiver/lib
06-09 18:08:57.170 311 311 D XiriService: check file name: /data/data/com.softwinner.miracastReceiver/lib
06-09 18:08:57.171 265 628 D PermissionCache: checking android.permission.MODIFY_AUDIO_SETTINGS for uid=1000 => granted (800 us)
06-09 18:08:57.173 241 241 D libEGL : loaded /vendor/lib/egl/libGLES_mali.so
06-09 18:08:57.177 311 311 D XiriService: check file name: /data/data/com.softwinner.miracastReceiver/lib
06-09 18:08:57.177 311 311 D XiriService: check file name: /data/data/com.softwinner.miracastReceiver/lib
06-09 18:08:57.178 311 311 D XiriService: check file name: /data/data/com.softwinner.miracastReceiver/lib
06-09 18:08:57.178 311 311 D XiriService: check file name: /data/data/com.softwinner.miracastReceiver/lib
06-09 18:08:57.178 265 628 D AudioFlinger: isLowRamDevice:false totalMemory:2055442432 mClientSharedHeapSize:4194304
06-09 18:08:57.180 475 475 I SystemServerTiming: StartSoundTriggerMiddlewareService
06-09 18:08:57.180 475 475 I SystemServiceManager: Starting com.android.server.soundtrigger_middleware.SoundTriggerMiddlewareService$Lifecycle
06-09 18:08:57.182 475 475 D SoundTriggerMiddlewareService: Connecting to default ISoundTriggerHw
06-09 18:08:57.183 184 184 I hwservicemanager: getTransport: Cannot find entry android.hardware.soundtrigger@2.0::ISoundTriggerHw/default in either framework or device VINTF manifest.
06-09 18:08:57.186 311 311 D XiriService: check file name: /data/data/com.android.bluetooth/lib
06-09 18:08:57.186 311 311 D XiriService: check file name: /data/data/com.android.bluetooth/lib
06-09 18:08:57.180 311 311 I xiriservice_All: type=1400 audit(0.0:326): avc: denied { read } for name="lib" dev="mmcblk0p25" ino=9280 scontext=u:r:init:s0 tcontext=u:object_r:bluetooth_data_file:s0 tclass=lnk_file permissive=1
06-09 18:08:57.186 311 311 D XiriService: check file name: /data/data/com.android.bluetooth/lib
06-09 18:08:57.187 475 475 E SoundTriggerMiddlewareImpl: Failed to add a SoundTriggerModule instance
06-09 18:08:57.187 475 475 E SoundTriggerMiddlewareImpl: java.util.NoSuchElementException
06-09 18:08:57.187 475 475 E SoundTriggerMiddlewareImpl: at android.os.HwBinder.getService(Native Method)
06-09 18:08:57.187 475 475 E SoundTriggerMiddlewareImpl: at android.hardware.soundtrigger.V2_0.ISoundTriggerHw.getService(ISoundTriggerHw.java:57)
06-09 18:08:57.187 475 475 E SoundTriggerMiddlewareImpl: at android.hardware.soundtrigger.V2_0.ISoundTriggerHw.getService(ISoundTriggerHw.java:64)
06-09 18:08:57.187 475 475 E SoundTriggerMiddlewareImpl: at com.android.server.soundtrigger_middleware.SoundTriggerMiddlewareService$Lifecycle.lambda$onStart$0(SoundTriggerMiddlewareService.java:238)
06-09 18:08:57.187 475 475 E SoundTriggerMiddlewareImpl: at com.android.server.soundtrigger_middleware.SoundTriggerMiddlewareService$Lifecycle$$ExternalSyntheticLambda0.create(Unknown Source:0)
06-09 18:08:57.187 475 475 E SoundTriggerMiddlewareImpl: at com.android.server.soundtrigger_middleware.SoundTriggerModule.attachToHal(SoundTriggerModule.java:222)
06-09 18:08:57.187 475 475 E SoundTriggerMiddlewareImpl: at com.android.server.soundtrigger_middleware.SoundTriggerModule.(SoundTriggerModule.java:112)
06-09 18:08:57.187 475 475 E SoundTriggerMiddlewareImpl: at com.android.server.soundtrigger_middleware.SoundTriggerMiddlewareImpl.(SoundTriggerMiddlewareImpl.java:89)
06-09 18:08:57.187 475 475 E SoundTriggerMiddlewareImpl: at com.android.server.soundtrigger_middleware.SoundTriggerMiddlewareService$Lifecycle.onStart(SoundTriggerMiddlewareService.java:244)
06-09 18:08:57.187 475 475 E SoundTriggerMiddlewareImpl: at com.android.server.SystemServiceManager.startService(SystemServiceManager.java:205)
06-09 18:08:57.187 475 475 E SoundTriggerMiddlewareImpl: at com.android.server.SystemServiceManager.startService(SystemServiceManager.java:192)
06-09 18:08:57.187 475 475 E SoundTriggerMiddlewareImpl: at com.android.server.SystemServer.startOtherServices(SystemServer.java:2161)
06-09 18:08:57.187 475 475 E SoundTriggerMiddlewareImpl: at com.android.server.SystemServer.run(SystemServer.java:928)
06-09 18:08:57.187 475 475 E SoundTriggerMiddlewareImpl: at com.android.server.SystemServer.main(SystemServer.java:628)
06-09 18:08:57.187 475 475 E SoundTriggerMiddlewareImpl: at java.lang.reflect.Method.invoke(Native Method)
06-09 18:08:57.187 475 475 E SoundTriggerMiddlewareImpl: at com.android.internal.os.RuntimeInit$MethodAndArgsCaller.run(RuntimeInit.java:548)
06-09 18:08:57.187 475 475 E SoundTriggerMiddlewareImpl: at com.android.internal.os.ZygoteInit.main(ZygoteInit.java:1160)
06-09 18:08:57.190 475 475 I SystemServerTiming: StartDockObserver
06-09 18:08:57.190 475 475 I SystemServiceManager: Starting com.android.server.DockObserver
06-09 18:08:57.191 475 475 W DockObserver: This kernel does not have dock station support
06-09 18:08:57.192 475 475 I SystemServerTiming: StartWiredAccessoryManager
06-09 18:08:57.194 475 475 I SystemServer: Audio device manager Observer
06-09 18:08:57.194 475 475 E Environment: Path requests must specify a user by using UserEnvironment
06-09 18:08:57.194 475 475 E Environment: java.lang.Throwable
06-09 18:08:57.194 475 475 E Environment: at android.os.Environment.throwIfUserRequired(Environment.java:1449)
06-09 18:08:57.194 475 475 E Environment: at android.os.Environment.getExternalStorageDirectory(Environment.java:707)
06-09 18:08:57.194 475 475 E Environment: at com.android.server.SystemServer.startOtherServices(SystemServer.java:2192)
06-09 18:08:57.194 475 475 E Environment: at com.android.server.SystemServer.run(SystemServer.java:928)
06-09 18:08:57.194 475 475 E Environment: at com.android.server.SystemServer.main(SystemServer.java:628)
06-09 18:08:57.194 475 475 E Environment: at java.lang.reflect.Method.invoke(Native Method)
06-09 18:08:57.194 475 475 E Environment: at com.android.internal.os.RuntimeInit$MethodAndArgsCaller.run(RuntimeInit.java:548)
06-09 18:08:57.194 475 475 E Environment: at com.android.internal.os.ZygoteInit.main(ZygoteInit.java:1160)
06-09 18:08:57.194 265 265 I CaptureStateNotifier: Registering a listener
06-09 18:08:57.196 311 311 D XiriService: check file name: /data/data/com.android.bluetooth/lib
06-09 18:08:57.196 311 311 D XiriService: check file name: /data/data/com.android.bluetooth/lib
06-09 18:08:57.196 311 311 D XiriService: check file name: /data/data/com.android.bluetooth/lib
06-09 18:08:57.197 311 311 D XiriService: check file name: /data/data/com.android.bluetooth/lib
06-09 18:08:57.199 475 630 I SoundTriggerMiddlewareLogging: setCaptureState[this=com.android.server.soundtrigger_middleware.SoundTriggerMiddlewareImpl@5074aa5, client=null](false)
06-09 18:08:57.200 475 536 I DropBoxManagerService: add tag=system_server_wtf isTagEnabled=true flags=0x2
06-09 18:08:57.202 475 475 W StorageManagerService: No primary storage defined yet; hacking together a stub
06-09 18:08:57.225 475 475 W system_server: ClassLoaderContext parent mismatch. (PCL[] | PCL[];PCL[/system/framework/com.android.location.provider.jar*3633238673:/system/framework/services.jar*324275400:/system/framework/services.jar!classes2.dex*4169108402:/system/framework/ethernet-service.jar*655162001:/system/framework/pppoe-service.jar*2082030846:/apex/com.android.appsearch/javalib/service-appsearch.jar*4100577803:/apex/com.android.media/javalib/service-media-s.jar*3881732923:/apex/com.android.permission/javalib/service-permission.jar*62506796])
06-09 18:08:57.230 475 567 I PackageManager: Deferred reconcileAppsData finished 100 packages
06-09 18:08:57.230 475 567 D SystemServerInitThreadPool: Finished executing prepareAppData
06-09 18:08:57.238 475 475 D DisplayOutputManager: ro.build.characteristics=homlet
06-09 18:08:57.239 182 182 E SELinux : avc: denied { find } for pid=475 uid=1000 name=vendor.display.output.IDisplayOutputManager/default scontext=u:r:system_server:s0 tcontext=u:object_r:hal_awdisplayoutput_service:s0 tclass=service_manager permissive=1
