06-09 18:08:55.190 475 475 D CompatibilityChangeReporter: Compat change id reported: 133396946; UID -1; state: DISABLED
06-09 18:08:55.215 475 475 I PackageManager: Finished scanning non-system apps. Time: 31 ms, packageCount: 2 , timePerPackage: 15 , cached: 2
06-09 18:08:55.218 475 475 W PackageManager: There should probably be exactly one storage manager; found 2: matches=[ResolveInfo{8b5389e com.android.storagemanager/.deletionhelper.DeletionHelperActivity m=0x108000}, ResolveInfo{49d6f7f com.android.tv.settings/.device.StorageResetActivity m=0x108000}]
06-09 18:08:55.220 475 475 E PackageManager: There should probably be exactly one setup wizard; found 2: matches=[ResolveInfo{a3b5b4c com.dangbei.hqguide/.main.MainActivity p=1000 m=0x108000}, ResolveInfo{9df3795 com.softwinner.provision/.DefaultActivity p=1 m=0x108000}]
06-09 18:08:55.231 475 475 I PackageManager: Time to scan packages: 0.555 seconds
06-09 18:08:55.263 475 475 I PackageManager: Permission ownership changed. Updating all permissions.
06-09 18:08:55.317 475 475 V PackageManager: reconcileAppsData for null u0 0x3 migrateAppData=true
06-09 18:08:55.340 344 358 I SELinux : SELinux: Loaded file_contexts
06-09 18:08:55.452 311 311 D XiriService: check file name: /data/data/android/lib
06-09 18:08:55.452 311 311 D XiriService: check file name: /data/data/android/lib
06-09 18:08:55.453 311 311 D XiriService: check file name: /data/data/android/lib
06-09 18:08:55.453 311 311 D XiriService: check file name: /data/data/android/lib
06-09 18:08:55.448 311 311 I xiriservice_All: type=1400 audit(0.0:300): avc: denied { search } for name="android" dev="mmcblk0p25" ino=505 scontext=u:r:init:s0 tcontext=u:object_r:system_app_data_file:s0 tclass=dir permissive=1
06-09 18:08:55.448 311 311 I xiriservice_All: type=1400 audit(0.0:301): avc: denied { read } for name="lib" dev="mmcblk0p25" ino=9120 scontext=u:r:init:s0 tcontext=u:object_r:system_app_data_file:s0 tclass=lnk_file permissive=1
06-09 18:08:55.458 311 311 D XiriService: check file name: /data/data/android/lib
06-09 18:08:55.458 311 311 D XiriService: check file name: /data/data/android/lib
06-09 18:08:55.459 311 311 D XiriService: check file name: /data/data/android/lib
06-09 18:08:55.459 311 311 D XiriService: check file name: /data/data/android/lib
06-09 18:08:55.459 311 311 D XiriService: check file name: /data/data/com.android.providers.settings/lib
06-09 18:08:55.459 311 311 D XiriService: check file name: /data/data/com.android.providers.settings/lib
06-09 18:08:55.459 311 311 D XiriService: check file name: /data/data/com.android.providers.settings/lib
06-09 18:08:55.460 311 311 D XiriService: check file name: /data/data/com.android.providers.settings/lib
06-09 18:08:55.465 311 311 D XiriService: check file name: /data/data/com.android.providers.settings/lib
06-09 18:08:55.465 311 311 D XiriService: check file name: /data/data/com.android.providers.settings/lib
06-09 18:08:55.466 311 311 D XiriService: check file name: /data/data/com.android.providers.settings/lib
06-09 18:08:55.466 311 311 D XiriService: check file name: /data/data/com.android.providers.settings/lib
06-09 18:08:55.466 311 311 D XiriService: check file name: /data/data/com.android.inputdevices/lib
06-09 18:08:55.466 311 311 D XiriService: check file name: /data/data/com.android.inputdevices/lib
06-09 18:08:55.466 311 311 D XiriService: check file name: /data/data/com.android.inputdevices/lib
06-09 18:08:55.466 311 311 D XiriService: check file name: /data/data/com.android.inputdevices/lib
06-09 18:08:55.472 311 311 D XiriService: check file name: /data/data/com.android.inputdevices/lib
06-09 18:08:55.472 311 311 D XiriService: check file name: /data/data/com.android.inputdevices/lib
06-09 18:08:55.472 311 311 D XiriService: check file name: /data/data/com.android.inputdevices/lib
06-09 18:08:55.472 311 311 D XiriService: check file name: /data/data/com.android.inputdevices/lib
06-09 18:08:55.486 311 311 D XiriService: check file name: /data/data/android.ext.services/lib
06-09 18:08:55.486 311 311 D XiriService: check file name: /data/data/android.ext.services/lib
06-09 18:08:55.487 311 311 D XiriService: check file name: /data/data/android.ext.services/lib
06-09 18:08:55.480 311 311 I xiriservice_All: type=1400 audit(0.0:302): avc: denied { search } for name="android.ext.services" dev="mmcblk0p25" ino=436 scontext=u:r:init:s0 tcontext=u:object_r:app_data_file:s0:c512,c768 tclass=dir permissive=1
06-09 18:08:55.487 311 311 D XiriService: check file name: /data/data/android.ext.services/lib
06-09 18:08:55.480 311 311 I xiriservice_All: type=1400 audit(0.0:303): avc: denied { read } for name="lib" dev="mmcblk0p25" ino=9130 scontext=u:r:init:s0 tcontext=u:object_r:app_data_file:s0:c512,c768 tclass=lnk_file permissive=1
06-09 18:08:55.484 319 319 I rainbow_flow: type=1400 audit(0.0:304): avc: denied { ioctl } for path="/dev/spidev1.0" dev="tmpfs" ino=2502 ioctlcmd=0x6b00 scontext=u:r:init:s0 tcontext=u:object_r:device:s0 tclass=chr_file permissive=1
06-09 18:08:55.492 311 311 D XiriService: check file name: /data/data/android.ext.services/lib
06-09 18:08:55.492 311 311 D XiriService: check file name: /data/data/android.ext.services/lib
06-09 18:08:55.493 311 311 D XiriService: check file name: /data/data/android.ext.services/lib
06-09 18:08:55.493 311 311 D XiriService: check file name: /data/data/android.ext.services/lib
06-09 18:08:55.513 311 311 D XiriService: check file name: /data/data/com.android.location.fused/lib
06-09 18:08:55.513 311 311 D XiriService: check file name: /data/data/com.android.location.fused/lib
06-09 18:08:55.513 311 311 D XiriService: check file name: /data/data/com.android.location.fused/lib
06-09 18:08:55.513 311 311 D XiriService: check file name: /data/data/com.android.location.fused/lib
06-09 18:08:55.518 311 311 D XiriService: check file name: /data/data/com.android.location.fused/lib
06-09 18:08:55.519 311 311 D XiriService: check file name: /data/data/com.android.location.fused/lib
06-09 18:08:55.519 311 311 D XiriService: check file name: /data/data/com.android.location.fused/lib
06-09 18:08:55.519 311 311 D XiriService: check file name: /data/data/com.android.location.fused/lib
06-09 18:08:55.529 475 475 V PackageManager: reconcileAppsData finished 14 packages
06-09 18:08:55.530 475 475 I PackageManagerTiming: write settings
06-09 18:08:55.530 475 567 I SystemServerTimingAsync: InitThreadPoolExec:prepareAppData
06-09 18:08:55.530 475 567 D SystemServerInitThreadPool: Started executing prepareAppData
06-09 18:08:55.531 344 358 E cutils-trace: Error opening trace file: No such file or directory (2)
06-09 18:08:55.534 344 358 W installd: Ignoring /data/data/android/lib with unexpected GID 0 instead of 1000
06-09 18:08:55.534 344 358 W installd: Ignoring /data/data/com.android.providers.settings/lib with unexpected GID 0 instead of 1000
06-09 18:08:55.534 344 358 W installd: Ignoring /data/data/com.android.inputdevices/lib with unexpected GID 0 instead of 1000
06-09 18:08:55.534 344 358 W installd: Ignoring /data/data/android.ext.services/lib with unexpected GID 0 instead of 10075
06-09 18:08:55.535 344 358 W installd: Ignoring /data/data/com.android.location.fused/lib with unexpected GID 0 instead of 1000
06-09 18:08:55.537 344 358 W installd: Ignoring /data/data/com.android.cts.priv.ctsshim/lib with unexpected GID 0 instead of 10030
06-09 18:08:55.538 344 358 W installd: Ignoring /data/data/com.android.dynsystem/lib with unexpected GID 0 instead of 1000
06-09 18:08:55.540 344 358 W installd: Ignoring /data/data/com.dangbei.lerad.rocky/lib with unexpected GID 0 instead of 1000
06-09 18:08:55.543 344 358 W installd: Ignoring /data/data/com.android.tv.settings/lib with unexpected GID 0 instead of 1000
06-09 18:08:55.547 344 358 W installd: Ignoring /data/data/com.oranth.factory/lib with unexpected GID 0 instead of 1000
06-09 18:08:55.550 344 358 W installd: Ignoring /data/data/com.dangbei.zhushou.os/lib with unexpected GID 0 instead of 1000
06-09 18:08:55.551 367 367 I update_engine: [INFO:cleanup_previous_update_action.cc(112)] Executing task 3
06-09 18:08:55.553 367 367 I update_engine: [INFO:cleanup_previous_update_action.cc(124)] CleanupPreviousUpdateAction scheduled task ID 4 for WaitBootCompleted
06-09 18:08:55.554 344 358 W installd: Ignoring /data/data/com.sohu.inputmethod.sogou.tv/lib with unexpected GID 0 instead of 10039
06-09 18:08:55.559 344 358 W installd: Ignoring /data/data/com.oranth.ledstatus/lib with unexpected GID 0 instead of 1000
06-09 18:08:55.560 344 358 W installd: Ignoring /data/data/com.dangbei.lerad.videoposter/lib with unexpected GID 0 instead of 10049
06-09 18:08:55.562 344 358 W installd: Ignoring /data/data/com.android.networkstack/lib with unexpected GID 0 instead of 1073
06-09 18:08:55.571 344 358 W installd: Ignoring /data/data/com.dangbei.screencast/lib with unexpected GID 0 instead of 10013
06-09 18:08:55.573 344 358 W installd: Ignoring /data/data/com.dangbei.leard.leradlauncher/lib with unexpected GID 0 instead of 1000
06-09 18:08:55.574 475 475 I SELinux : SELinux: Loaded file_contexts
06-09 18:08:55.575 344 358 W installd: Ignoring /data/data/com.android.printspooler/lib with unexpected GID 0 instead of 10042
06-09 18:08:55.576 344 358 W installd: Ignoring /data/data/com.android.webview/lib with unexpected GID 0 instead of 10060
06-09 18:08:55.578 344 358 W installd: Ignoring /data/data/com.android.bips/lib with unexpected GID 0 instead of 10027
06-09 18:08:55.578 344 358 W installd: Ignoring /data/data/com.oranth.inputmacsn/lib with unexpected GID 0 instead of 1000
06-09 18:08:55.580 344 358 W installd: Ignoring /data/data/com.android.keychain/lib with unexpected GID 0 instead of 1000
06-09 18:08:55.582 344 358 W installd: Ignoring /data/data/com.android.localtransport/lib with unexpected GID 0 instead of 1000
06-09 18:08:55.582 344 358 W installd: Ignoring /data/data/com.android.packageinstaller/lib with unexpected GID 0 instead of 1000
06-09 18:08:55.585 344 358 W installd: Ignoring /data/data/com.oranth.usbopenft/lib with unexpected GID 0 instead of 1000
06-09 18:08:55.585 344 358 W installd: Ignoring /data/data/com.android.networkstack.tethering/lib with unexpected GID 0 instead of 1073
06-09 18:08:55.587 344 358 W installd: Ignoring /data/data/com.dangbei.lerad.etna.haqu/lib with unexpected GID 0 instead of 1000
06-09 18:08:55.590 344 358 W installd: Ignoring /data/data/com.oranth.powerwindow/lib with unexpected GID 0 instead of 1000
06-09 18:08:55.591 475 475 W PackageManager: There should probably be a verifier, but, none were found
06-09 18:08:55.592 344 358 W installd: Ignoring /data/data/com.android.networkstack.permissionconfig/lib with unexpected GID 0 instead of 1073
06-09 18:08:55.593 475 475 W PackageManager: Domain verification agent not found
06-09 18:08:55.593 344 358 W installd: Ignoring /data/data/com.dangbei.lerad.screensaver/lib with unexpected GID 0 instead of 10040
06-09 18:08:55.596 344 358 W installd: Ignoring /data/data/com.android.wallpaperbackup/lib with unexpected GID 0 instead of 1000
06-09 18:08:55.596 475 475 D PackageManager: Ephemeral resolver NOT found; no matching intent filters
06-09 18:08:55.597 475 475 D PackageManager: Instant App installer not found with android.intent.action.INSTALL_INSTANT_APP_PACKAGE
06-09 18:08:55.597 475 475 D PackageManager: Clear ephemeral installer activity
06-09 18:08:55.598 344 358 W installd: Ignoring /data/data/com.android.providers.media.module/lib with unexpected GID 0 instead of 10074
06-09 18:08:55.600 344 358 W installd: Ignoring /data/data/com.oranth.storage/lib with unexpected GID 0 instead of 1000
06-09 18:08:55.601 344 358 W installd: Ignoring /data/data/com.dangbei.haqusetting/lib with unexpected GID 0 instead of 1000
06-09 18:08:55.602 344 358 W installd: Ignoring /data/data/com.softwinner.miracastReceiver/lib with unexpected GID 0 instead of 1000
06-09 18:08:55.603 344 358 W installd: Ignoring /data/data/com.android.bluetooth/lib with unexpected GID 0 instead of 1002
06-09 18:08:55.606 344 358 W installd: Ignoring /data/data/com.ktcp.video/lib with unexpected GID 0 instead of 10077
06-09 18:08:55.609 475 475 I PackageManagerTiming: GC
06-09 18:08:55.609 344 358 W installd: Ignoring /data/data/com.dangbei.hqmedia/lib with unexpected GID 0 instead of 10076
06-09 18:08:55.610 475 475 I PackageManager: Fix for b/169414761 is applied
06-09 18:08:55.619 344 358 W installd: Ignoring /data/user_de/0/android/lib with unexpected GID 0 instead of 1000
06-09 18:08:55.620 344 358 W installd: Ignoring /data/user_de/0/com.android.providers.settings/lib with unexpected GID 0 instead of 1000
06-09 18:08:55.620 344 358 W installd: Ignoring /data/user_de/0/com.android.inputdevices/lib with unexpected GID 0 instead of 1000
06-09 18:08:55.621 344 358 W installd: Ignoring /data/user_de/0/com.android.location.fused/lib with unexpected GID 0 instead of 1000
06-09 18:08:55.625 344 358 W installd: Ignoring /data/user_de/0/com.android.tv.settings/lib with unexpected GID 0 instead of 1000
06-09 18:08:55.629 344 358 W installd: Ignoring /data/user_de/0/com.sohu.inputmethod.sogou.tv/lib with unexpected GID 0 instead of 10039
06-09 18:08:55.635 344 358 W installd: Ignoring /data/user_de/0/com.android.networkstack/lib with unexpected GID 0 instead of 1073
06-09 18:08:55.649 344 358 W installd: Ignoring /data/user_de/0/com.android.packageinstaller/lib with unexpected GID 0 instead of 1000
06-09 18:08:55.651 344 358 W installd: Ignoring /data/user_de/0/com.android.networkstack.tethering/lib with unexpected GID 0 instead of 1073
06-09 18:08:55.663 475 475 V UserManagerService: Checking that all system packages are whitelisted.
06-09 18:08:55.670 344 358 W installd: Ignoring /data/user_de/0/com.android.bluetooth/lib with unexpected GID 0 instead of 1002
06-09 18:08:55.674 475 475 W UserManagerService: checkWhitelistedSystemPackages(mode=ENFORCE|IMPLICIT_WHITELIST|IMPLICIT_WHITELIST_SYSTEM) has 55 warnings:
06-09 18:08:55.674 475 475 W UserManagerService: com.android.internal.display.cutout.emulation.corner is allowlisted but not present.
06-09 18:08:55.674 475 475 W UserManagerService: com.android.internal.display.cutout.emulation.double is allowlisted but not present.
06-09 18:08:55.674 475 475 W UserManagerService: com.android.theme.color.amethyst is allowlisted but not present.
06-09 18:08:55.674 475 475 W UserManagerService: com.android.theme.icon.pebble is allowlisted but not present.
06-09 18:08:55.674 475 475 W UserManagerService: com.android.theme.color.sand is allowlisted but not present.
06-09 18:08:55.675 475 475 W UserManagerService: com.android.theme.icon.vessel is allowlisted but not present.
06-09 18:08:55.675 475 475 W UserManagerService: com.android.theme.color.cinnamon is allowlisted but not present.
06-09 18:08:55.675 475 475 W UserManagerService: com.android.theme.icon_pack.victor.settings is allowlisted but not present.
06-09 18:08:55.675 475 475 W UserManagerService: com.android.theme.icon_pack.rounded.systemui is allowlisted but not present.
06-09 18:08:55.675 475 475 W UserManagerService: com.android.theme.icon.taperedrect is allowlisted but not present.
06-09 18:08:55.675 475 475 W UserManagerService: com.android.theme.icon_pack.rounded.android is allowlisted but not present.
06-09 18:08:55.675 475 475 W UserManagerService: com.android.theme.icon_pack.victor.systemui is allowlisted but not present.
06-09 18:08:55.675 475 475 W UserManagerService: com.android.theme.icon_pack.circular.themepicker is allowlisted but not present.
06-09 18:08:55.675 475 475 W UserManagerService: com.android.theme.color.tangerine is allowlisted but not present.
06-09 18:08:55.675 475 475 W UserManagerService: com.android.theme.color.aquamarine is allowlisted but not present.
06-09 18:08:55.675 475 475 W UserManagerService: com.android.internal.display.cutout.emulation.hole is allowlisted but not present.
06-09 18:08:55.675 475 475 W UserManagerService: com.android.internal.display.cutout.emulation.tall is allowlisted but not present.
06-09 18:08:55.675 475 475 W UserManagerService: com.android.theme.color.black is allowlisted but not present.
06-09 18:08:55.675 475 475 W UserManagerService: com.android.theme.color.green is allowlisted but not present.
06-09 18:08:55.675 475 475 W UserManagerService: com.android.theme.color.ocean is allowlisted but not present.
06-09 18:08:55.675 475 475 W UserManagerService: com.android.theme.color.space is allowlisted but not present.
06-09 18:08:55.675 475 475 W UserManagerService: com.android.theme.icon_pack.rounded.launcher is allowlisted but not present.
06-09 18:08:55.675 475 475 W UserManagerService: com.android.theme.icon_pack.kai.settings is allowlisted but not present.
06-09 18:08:55.675 475 475 W UserManagerService: com.android.internal.systemui.navbar.twobutton is allowlisted but not present.
06-09 18:08:55.676 475 475 W UserManagerService: com.android.theme.icon_pack.sam.settings is allowlisted but not present.
06-09 18:08:55.676 475 475 W UserManagerService: com.android.theme.icon_pack.kai.themepicker is allowlisted but not present.
06-09 18:08:55.676 475 475 W UserManagerService: com.android.theme.icon_pack.victor.launcher is allowlisted but not present.
06-09 18:08:55.676 475 475 W UserManagerService: com.android.theme.icon_pack.filled.settings is allowlisted but not present.
06-09 18:08:55.676 475 475 W UserManagerService: com.android.theme.icon_pack.kai.systemui is allowlisted but not present.
06-09 18:08:55.676 475 475 W UserManagerService: com.android.theme.icon_pack.circular.settings is allowlisted but not present.
06-09 18:08:55.677 475 475 W UserManagerService: com.android.theme.icon_pack.sam.systemui is allowlisted but not present.
06-09 18:08:55.677 475 475 W UserManagerService: com.android.theme.icon.teardrop is allowlisted but not present.
06-09 18:08:55.677 475 475 W UserManagerService: com.android.theme.icon_pack.rounded.themepicker is allowlisted but not present.
06-09 18:08:55.677 475 475 W UserManagerService: com.android.theme.icon_pack.filled.systemui is allowlisted but not present.
06-09 18:08:55.677 475 475 W UserManagerService: com.android.theme.icon_pack.sam.android is allowlisted but not present.
06-09 18:08:55.677 475 475 W UserManagerService: com.android.theme.icon_pack.filled.android is allowlisted but not present.
06-09 18:08:55.677 475 475 W UserManagerService: com.android.internal.display.cutout.emulation.waterfall is allowlisted but not present.
06-09 18:08:55.677 475 475 W UserManagerService: com.android.theme.icon_pack.circular.systemui is allowlisted but not present.
06-09 18:08:55.677 475 475 W UserManagerService: com.android.theme.icon_pack.kai.android is allowlisted but not present.
06-09 18:08:55.677 475 475 W UserManagerService: com.android.theme.icon_pack.kai.launcher is allowlisted but not present.
06-09 18:08:55.677 475 475 W UserManagerService: com.android.theme.icon_pack.sam.launcher is allowlisted but not present.
06-09 18:08:55.677 475 475 W UserManagerService: com.android.theme.icon.squircle is allowlisted but not present.
06-09 18:08:55.677 475 475 W UserManagerService: com.android.theme.icon_pack.victor.android is allowlisted but not present.
06-09 18:08:55.677 475 475 W UserManagerService: com.android.theme.color.palette is allowlisted but not present.
06-09 18:08:55.677 475 475 W UserManagerService: com.android.theme.icon_pack.filled.launcher is allowlisted but not present.
06-09 18:08:55.677 475 475 W UserManagerService: com.android.theme.color.carbon is allowlisted but not present.
06-09 18:08:55.677 475 475 W UserManagerService: com.android.theme.icon_pack.circular.launcher is allowlisted but not present.
06-09 18:08:55.677 475 475 W UserManagerService: com.android.theme.icon_pack.filled.themepicker is allowlisted but not present.
06-09 18:08:55.677 475 475 W UserManagerService: com.android.theme.icon_pack.victor.themepicker is allowlisted but not present.
06-09 18:08:55.677 475 475 W UserManagerService: com.android.theme.color.orchid is allowlisted but not present.
06-09 18:08:55.677 475 475 W UserManagerService: com.android.theme.color.purple is allowlisted but not present.
06-09 18:08:55.677 475 475 W UserManagerService: com.android.theme.icon_pack.sam.themepicker is allowlisted but not present.
06-09 18:08:55.677 475 475 W UserManagerService: com.android.theme.icon.roundedrect is allowlisted but not present.
06-09 18:08:55.677 475 475 W UserManagerService: com.android.theme.icon_pack.rounded.settings is allowlisted but not present.
06-09 18:08:55.678 475 475 W UserManagerService: com.android.theme.icon_pack.circular.android is allowlisted but not present.
06-09 18:08:55.683 475 475 I Watchdog: Resuming HandlerChecker: main thread for reason: packagemanagermain. Pause count: 0
06-09 18:08:55.683 475 475 I SystemServerDexLoadReporter: Configuring system server dex reporter
06-09 18:08:55.695 475 475 I SystemServerTiming: StartOtaDexOptService
06-09 18:08:55.696 475 475 I Watchdog: Pausing HandlerChecker: main thread for reason: moveab. Pause count: 1
06-09 18:08:55.698 475 475 D OTADexopt: No upgrade, skipping A/B artifacts check.
06-09 18:08:55.698 475 475 I Watchdog: Resuming HandlerChecker: main thread for reason: moveab. Pause count: 0
06-09 18:08:55.698 475 475 I SystemServerTiming: StartUserManagerService
06-09 18:08:55.698 475 475 I SystemServiceManager: Starting com.android.server.pm.UserManagerService$LifeCycle
06-09 18:08:55.700 475 475 I SystemServerTiming: InitAttributerCache
06-09 18:08:55.700 475 475 I SystemServerTiming: SetSystemProcess
06-09 18:08:55.709 475 538 I ActivityManager: Connection with lmkd established
06-09 18:08:55.709 181 181 I lowmemorykiller: lmkd data connection established
06-09 18:08:55.713 475 475 I SystemServerTiming: InitWatchdog
06-09 18:08:55.713 475 475 I SystemServerTiming: StartOverlayManagerService
06-09 18:08:55.722 475 498 V HistoricalRegistry: Interaction before persistence initialized
06-09 18:08:55.723 475 497 V HistoricalRegistry: Interaction before persistence initialized
06-09 18:08:55.725 265 265 I audioserver: Waiting for sensor privacy service
06-09 18:08:55.725 340 340 I cameraserver: Waiting for sensor privacy service
06-09 18:08:55.724 261 261 I EventThread: type=1400 audit(0.0:305): avc: denied { search } for name="extcon" dev="sysfs" ino=18109 scontext=u:r:hal_tv_cec_default:s0 tcontext=u:object_r:sysfs_extcon:s0 tclass=dir permissive=1
06-09 18:08:55.736 1 1 I init : Control message: Processed ctl.start for 'idmap2d' from pid: 475 (system_server)
06-09 18:08:55.734 342 355 E cutils-trace: Error opening trace file: No such file or directory (2)
06-09 18:08:55.758 353 353 I ServiceManager: Waiting for service 'package_native' on '/dev/binder' successful after waiting 4246ms
06-09 18:08:55.772 353 574 I storaged: storaged: Start
06-09 18:08:55.775 342 572 W idmap2d : active ffro iterator was not previously released
06-09 18:08:55.781 349 406 I ServiceManager: Waiting for service 'package_native' on '/dev/binder' successful after waiting 4133ms
06-09 18:08:55.784 349 406 W AudioAnalytics: (key=audio.flinger) Audioflinger constructor event detected
06-09 18:08:55.791 475 475 I SystemServerTiming: StartSensorPrivacyService
06-09 18:08:55.798 475 475 I SystemServerTiming: StartSensorService
06-09 18:08:55.798 475 475 I SystemServiceManager: Starting com.android.server.sensors.SensorService
06-09 18:08:55.799 475 475 I SystemServerTiming: startCoreServices
06-09 18:08:55.799 475 475 I SystemServerTiming: StartSystemConfigService
06-09 18:08:55.799 475 475 I SystemServiceManager: Starting com.android.server.SystemConfigService
06-09 18:08:55.801 475 475 I SystemServerTiming: StartBatteryService
06-09 18:08:55.801 475 475 I SystemServiceManager: Starting com.android.server.BatteryService
06-09 18:08:55.803 475 576 I SystemServerTimingAsync: InitThreadPoolExec:StartNativeSensorService
06-09 18:08:55.803 475 576 D SystemServerInitThreadPool: Started executing StartNativeSensorService
06-09 18:08:55.804 475 576 I SystemServerTimingAsync: StartNativeSensorService
06-09 18:08:55.804 475 576 D SensorService: nuSensorService starting...
06-09 18:08:55.810 475 475 I android_os_HwBinder: HwBinder: Starting thread pool for getting: android.hardware.health@2.0::IHealth/default
06-09 18:08:55.812 184 184 I hwservicemanager: getTransport: Cannot find entry android.hardware.sensors@2.1::ISensors/default in either framework or device VINTF manifest.
06-09 18:08:55.816 184 184 I hwservicemanager: getTransport: Cannot find entry android.hardware.sensors@2.0::ISensors/default in either framework or device VINTF manifest.
06-09 18:08:55.818 184 184 I hwservicemanager: getTransport: Cannot find entry android.hardware.sensors@1.0::ISensors/default in either framework or device VINTF manifest.
06-09 18:08:55.828 256 256 W healthd : battery none chg=
06-09 18:08:55.825 475 475 I android_os_HwBinder: HwBinder: Starting thread pool for getting: android.hidl.manager@1.0::IServiceManager/default
06-09 18:08:55.829 475 576 D SystemServerInitThreadPool: Finished executing StartNativeSensorService
06-09 18:08:55.830 475 475 I HealthServiceWrapper: health: HealthServiceWrapper listening to instance default
06-09 18:08:55.830 475 475 I BatteryService: health: Waited 0ms and received the update.
06-09 18:08:55.833 475 475 I SystemServerTiming: StartUsageService
06-09 18:08:55.834 475 475 I SystemServiceManager: Starting com.android.server.usage.UsageStatsService
06-09 18:08:55.840 340 340 I HidlServiceManagement: Registered android.frameworks.cameraservice.service@2.2::ICameraService/default
06-09 18:08:55.841 340 340 I CameraService: CameraService pinged cameraservice proxy
06-09 18:08:55.842 340 340 I cameraserver: ServiceManager: 0xea7c2960 done instantiate
06-09 18:08:55.846 475 578 I android_os_HwBinder: HwBinder: Starting thread pool for getting: android.hardware.health@2.0::IHealth/default
06-09 18:08:55.853 475 475 I SystemServerTiming: StartWebViewUpdateService
06-09 18:08:55.854 475 475 I SystemServiceManager: Starting com.android.server.webkit.WebViewUpdateService
06-09 18:08:55.857 475 475 I SystemServerTiming: StartCachedDeviceStateService
06-09 18:08:55.858 475 475 I SystemServiceManager: Starting com.android.server.CachedDeviceStateService
06-09 18:08:55.858 475 475 I SystemServerTiming: StartBinderCallsStatsService
06-09 18:08:55.858 475 475 I SystemServiceManager: Starting com.android.server.BinderCallsStatsService$LifeCycle
06-09 18:08:55.861 475 475 I SystemServerTiming: StartLooperStatsService
06-09 18:08:55.862 475 475 I SystemServiceManager: Starting com.android.server.LooperStatsService$Lifecycle
06-09 18:08:55.863 475 475 I SystemServerTiming: StartRollbackManagerService
06-09 18:08:55.863 475 475 I SystemServiceManager: Starting com.android.server.rollback.RollbackManagerService
06-09 18:08:55.867 344 344 D installd: Found quota mount /dev/block/by-name/userdata at /data
06-09 18:08:55.867 344 344 D installd: Found quota mount /dev/block/by-name/userdata at /data/user/0
06-09 18:08:55.878 475 475 I PackageWatchdog: Syncing state, reason: added new observer
06-09 18:08:55.878 475 475 I PackageWatchdog: Not pruning observers, elapsed time: 0ms
06-09 18:08:55.878 475 475 I PackageWatchdog: Cancelling state sync, nothing to sync
06-09 18:08:55.878 475 535 I PackageWatchdog: Saving observer state to file
06-09 18:08:55.891 475 475 I SystemServerTiming: StartNativeTombstoneManagerService
06-09 18:08:55.891 475 475 I SystemServiceManager: Starting com.android.server.os.NativeTombstoneManagerService
06-09 18:08:55.893 475 475 I SystemServerTiming: StartBugreportManagerService
06-09 18:08:55.893 475 475 I SystemServiceManager: Starting com.android.server.os.BugreportManagerService
06-09 18:08:55.895 475 475 I SystemServerTiming: GpuService
06-09 18:08:55.895 475 475 I SystemServiceManager: Starting com.android.server.gpu.GpuService
06-09 18:08:55.895 475 475 I SystemServerTiming: startOtherServices
06-09 18:08:55.896 475 523 I SystemServerTimingAsync: InitThreadPoolExec:SecondaryZygotePreload
06-09 18:08:55.896 475 523 D SystemServerInitThreadPool: Started executing SecondaryZygotePreload
06-09 18:08:55.896 475 523 I SystemServer: SecondaryZygotePreload
06-09 18:08:55.896 475 523 I SystemServerTimingAsync: SecondaryZygotePreload
06-09 18:08:55.897 475 475 I SystemServerTiming: StartKeyAttestationApplicationIdProviderService
06-09 18:08:55.898 241 241 I Zygote : Lazily preloading resources.
06-09 18:08:55.899 241 241 D Zygote : begin preload
06-09 18:08:55.899 241 241 I Zygote : Calling ZygoteHooks.beginPreload()
06-09 18:08:55.908 475 475 I SystemServerTiming: StartKeyChainSystemService
06-09 18:08:55.908 475 475 I SystemServiceManager: Starting com.android.server.security.KeyChainSystemService
06-09 18:08:55.909 475 475 I SystemServerTiming: StartSchedulingPolicyService
06-09 18:08:55.909 475 515 I SystemServerTimingAsync: InitThreadPoolExec:SchedulingPolicyService.
06-09 18:08:55.909 475 515 D SystemServerInitThreadPool: Started executing SchedulingPolicyService.
06-09 18:08:55.913 475 475 I SystemServerTiming: StartTelecomLoaderService
06-09 18:08:55.913 475 475 I SystemServiceManager: Starting com.android.server.telecom.TelecomLoaderService
06-09 18:08:55.916 475 475 I SystemServerTiming: StartTelephonyRegistry
06-09 18:08:55.929 475 475 I SystemServerTiming: StartEntropyMixer
06-09 18:08:55.947 475 515 I SchedulingPolicyService: Moving 365 back to group default
06-09 18:08:55.957 475 515 D SystemServerInitThreadPool: Finished executing SchedulingPolicyService.
06-09 18:08:55.965 475 492 I system_server: Background concurrent copying GC freed 94986(4126KB) AllocSpace objects, 19(648KB) LOS objects, 49% free, 7060KB/13MB, paused 379us total 353.687ms
06-09 18:08:55.968 475 475 I EntropyMixer: Writing entropy...
06-09 18:08:55.970 475 475 I SystemServerTiming: StartAccountManagerService
06-09 18:08:55.971 475 475 I SystemServiceManager: Starting com.android.server.accounts.AccountManagerService$Lifecycle
06-09 18:08:55.977 475 475 D CompatibilityChangeReporter: Compat change id reported: 148180766; UID 1000; state: ENABLED
06-09 18:08:55.978 475 475 I SystemServerTiming: StartContentService
06-09 18:08:55.978 475 475 I SystemServiceManager: Starting com.android.server.content.ContentService$Lifecycle
06-09 18:08:55.982 475 475 I SystemServerTiming: InstallSystemProviders
06-09 18:08:56.059 475 475 W SettingsState: No settings state /data/system/users/0/settings_config.xml
06-09 18:08:56.063 475 475 I SettingsState: directory info for directory/file /data/system/users/0/settings_config.xml with stacktrace
06-09 18:08:56.063 475 475 I SettingsState: java.lang.Exception
06-09 18:08:56.063 475 475 I SettingsState: at com.android.providers.settings.SettingsState.logSettingsDirectoryInformation(SettingsState.java:877)
06-09 18:08:56.063 475 475 I SettingsState: at com.android.providers.settings.SettingsState.readStateSyncLocked(SettingsState.java:1008)
06-09 18:08:56.063 475 475 I SettingsState: at com.android.providers.settings.SettingsState.(SettingsState.java:283)
06-09 18:08:56.063 475 475 I SettingsState: at com.android.providers.settings.SettingsProvider$SettingsRegistry.ensureSettingsStateLocked(SettingsProvider.java:2884)
06-09 18:08:56.063 475 475 I SettingsState: at com.android.providers.settings.SettingsProvider$SettingsRegistry.ensureSettingsForUserLocked(SettingsProvider.java:2849)
06-09 18:08:56.063 475 475 I SettingsState: at com.android.providers.settings.SettingsProvider$SettingsRegistry.peekSettingsStateLocked(SettingsProvider.java:3201)
06-09 18:08:56.063 475 475 I SettingsState: at com.android.providers.settings.SettingsProvider$SettingsRegistry.getSettingsNamesLocked(SettingsProvider.java:2814)
06-09 18:08:56.063 475 475 I SettingsState: at com.android.providers.settings.SettingsProvider$SettingsRegistry.syncSsaidTableOnStartLocked(SettingsProvider.java:2797)
06-09 18:08:56.063 475 475 I SettingsState: at com.android.providers.settings.SettingsProvider$SettingsRegistry.access$100(SettingsProvider.java:2667)
06-09 18:08:56.063 475 475 I SettingsState: at com.android.providers.settings.SettingsProvider.onCreate(SettingsProvider.java:397)
06-09 18:08:56.063 475 475 I SettingsState: at android.content.ContentProvider.attachInfo(ContentProvider.java:2404)
06-09 18:08:56.063 475 475 I SettingsState: at android.content.ContentProvider.attachInfo(ContentProvider.java:2374)
06-09 18:08:56.063 475 475 I SettingsState: at android.app.ActivityThread.installProvider(ActivityThread.java:7437)
06-09 18:08:56.063 475 475 I SettingsState: at android.app.ActivityThread.installContentProviders(ActivityThread.java:6954)
06-09 18:08:56.063 475 475 I SettingsState: at android.app.ActivityThread.installSystemProviders(ActivityThread.java:7624)
06-09 18:08:56.063 475 475 I SettingsState: at com.android.server.am.ContentProviderHelper.installSystemProviders(ContentProviderHelper.java:1247)
06-09 18:08:56.063 475 475 I SettingsState: at com.android.server.SystemServer.startOtherServices(SystemServer.java:1507)
06-09 18:08:56.063 475 475 I SettingsState: at com.android.server.SystemServer.run(SystemServer.java:928)
06-09 18:08:56.063 475 475 I SettingsState: at com.android.server.SystemServer.main(SystemServer.java:628)
06-09 18:08:56.063 475 475 I SettingsState: at java.lang.reflect.Method.invoke(Native Method)
06-09 18:08:56.063 475 475 I SettingsState: at com.android.internal.os.RuntimeInit$MethodAndArgsCaller.run(RuntimeInit.java:548)
06-09 18:08:56.063 475 475 I SettingsState: at com.android.internal.os.ZygoteInit.main(ZygoteInit.java:1160)
06-09 18:08:56.064 475 475 I SettingsState: ancestor directory /data/system/users/0 exists
06-09 18:08:56.064 475 475 I SettingsState: ancestor directory /data/system/users/0 permissions: r: true w: true x: true
06-09 18:08:56.064 475 475 I SettingsState: ancestor's parent directory /data/system/users permissions: r: true w: true x: true
06-09 18:08:56.100 241 241 I Zygote : Preloading classes...
06-09 18:08:56.123 475 536 D ActivityManager: Freezer enabled
06-09 18:08:56.124 475 536 D ActivityManager: freezer override set to false
06-09 18:08:56.125 475 475 I SystemServerTiming: StartDropBoxManager
06-09 18:08:56.125 475 475 I SystemServiceManager: Starting com.android.server.DropBoxManagerService
06-09 18:08:56.127 475 475 I SystemServerTiming: StartRoleManagerService
06-09 18:08:56.127 475 475 I SystemServiceManager: Starting com.android.role.RoleService
06-09 18:08:56.135 475 475 I SystemServerTiming: StartVibratorManagerService
06-09 18:08:56.135 475 475 I SystemServiceManager: Starting com.android.server.vibrator.VibratorManagerService$Lifecycle
06-09 18:08:56.139 182 182 E servicemanager: Could not find android.hardware.vibrator.IVibratorManager/default in the VINTF manifest.
06-09 18:08:56.141 182 182 E servicemanager: Could not find android.hardware.vibrator.IVibrator/default in the VINTF manifest.
06-09 18:08:56.144 184 184 I hwservicemanager: getTransport: Cannot find entry android.hardware.vibrator@1.0::IVibrator/default in either framework or device VINTF manifest.
06-09 18:08:56.147 475 475 I SystemServerTiming: StartDynamicSystemService
06-09 18:08:56.149 475 475 I SystemServerTiming: StartConsumerIrService
06-09 18:08:56.150 184 184 I hwservicemanager: getTransport: Cannot find entry android.hardware.ir@1.0::IConsumerIr/default in either framework or device VINTF manifest.
06-09 18:08:56.151 475 475 I SystemServerTiming: StartAlarmManagerService
06-09 18:08:56.153 475 475 I SystemServiceManager: Starting com.android.server.alarm.AlarmManagerService
06-09 18:08:56.152 328 328 I xiriservice_All: type=1400 audit(0.0:306): avc: denied { read } for scontext=u:r:init:s0 tcontext=u:r:init:s0 tclass=netlink_kobject_uevent_socket permissive=1
06-09 18:08:56.158 320 323 D XM_HIDREAD: add@ add@/devices/virtual/wakeup/wakeup13
06-09 18:08:56.161 320 323 D XM_HIDREAD: add@ add@/devices/virtual/wakeup/wakeup14
06-09 18:08:56.165 320 323 D XM_HIDREAD: add@ add@/devices/virtual/wakeup/wakeup15
06-09 18:08:56.168 320 323 D XM_HIDREAD: add@ add@/devices/virtual/wakeup/wakeup16
06-09 18:08:56.172 320 323 D XM_HIDREAD: add@ add@/devices/virtual/wakeup/wakeup17
06-09 18:08:56.173 320 323 D XM_HIDREAD: add@ add@/devices/virtual/wakeup/wakeup18
06-09 18:08:56.173 320 323 D XM_HIDREAD: add@ add@/devices/virtual/wakeup/wakeup19
06-09 18:08:56.174 475 475 D AlarmManagerService: Kernel timezone updated to -480 minutes west of GMT
06-09 18:08:56.176 475 475 D CompatibilityChangeReporter: Compat change id reported: 160794467; UID 1000; state: ENABLED
06-09 18:08:56.189 475 475 I SystemServerTiming: StartInputManagerService
06-09 18:08:56.191 475 475 I InputManager: Initializing input manager, mUseDevInputEventForAudioJack=true
06-09 18:08:56.192 241 241 I Typeface: Preloading /system/fonts/Roboto-Regular.ttf
06-09 18:08:56.193 241 241 I Typeface: Preloading /system/fonts/RobotoStatic-Regular.ttf
06-09 18:08:56.194 320 323 D XM_HIDREAD: add@ add@/devices/virtual/wakeup/wakeup20
06-09 18:08:56.197 320 323 D XM_HIDREAD: add@ add@/devices/virtual/wakeup/wakeup21
06-09 18:08:56.199 320 323 D XM_HIDREAD: add@ add@/devices/virtual/wakeup/wakeup22
06-09 18:08:56.204 239 244 I ServiceManager: Waiting for service 'statscompanion' on '/dev/binder'...
06-09 18:08:56.205 475 475 I SystemServerTiming: DeviceStateManagerService
06-09 18:08:56.205 475 475 I SystemServiceManager: Starting com.android.server.devicestate.DeviceStateManagerService
06-09 18:08:56.211 475 475 I SystemServerTiming: StartCameraServiceProxy
06-09 18:08:56.211 475 475 I SystemServiceManager: Starting com.android.server.camera.CameraServiceProxy
06-09 18:08:56.211 275 288 D Sunxi_PQ: has no clients connectted, close the socket.
06-09 18:08:56.214 475 475 I SystemServerTiming: StartWindowManagerService
06-09 18:08:56.215 475 475 I SystemServiceManager: Starting phase 200
06-09 18:08:56.215 475 475 I SystemServerTiming: OnBootPhase_200
06-09 18:08:56.218 475 475 I WindowManager: No existing display settings, starting empty
06-09 18:08:56.218 475 475 I WindowManager: No existing display settings, starting empty
06-09 18:08:56.227 475 519 I WindowTracing: Setting window tracing log level to 1
06-09 18:08:56.227 475 519 I WindowTracing: Setting window tracing buffer capacity to 2097152bytes
06-09 18:08:56.262 475 475 I SystemServerTiming: SetWindowManagerService
06-09 18:08:56.271 254 254 I gralloc : alloc buffer:W:1920 H:1080 S:1920 PL[1920 1080] SZ:8294400 fmt:43 if:0 af:43 usg:20000b00 fg:00000004
06-09 18:08:56.276 475 475 I InputDispatcher: Created monitor PointerEventDispatcher0 for display 0, gesture=false, pid=475
06-09 18:08:56.326 475 475 I ActivityTaskManager: Loaded persisted task ids for user 0
06-09 18:08:56.330 475 475 I SystemServerTiming: WindowManagerServiceOnInitReady
06-09 18:08:56.334 241 241 I Typeface: Preloading /system/fonts/NotoSansCJK-Regular.ttc
06-09 18:08:56.334 241 241 I Typeface: Preloading /system/fonts/NotoSerifCJK-Regular.ttc
06-09 18:08:56.347 475 517 D ExtconUEventObserver: FilenameExtconByName: /sys/class/extcon/extcon0
06-09 18:08:56.349 475 517 W WindowManager: /sys/class/extcon/hdmi/state not found while attempting to determine initial state
06-09 18:08:56.349 475 517 W WindowManager: java.io.FileNotFoundException: /sys/class/extcon/hdmi/state: open failed: ENOENT (No such file or directory)
06-09 18:08:56.349 475 517 W WindowManager: at libcore.io.IoBridge.open(IoBridge.java:575)
06-09 18:08:56.349 475 517 W WindowManager: at java.io.FileInputStream.(FileInputStream.java:160)
06-09 18:08:56.349 475 517 W WindowManager: at android.os.FileUtils.readTextFile(FileUtils.java:637)
06-09 18:08:56.349 475 517 W WindowManager: at com.android.server.ExtconStateObserver.parseStateFromFile(ExtconStateObserver.java:49)
06-09 18:08:56.349 475 517 W WindowManager: at com.android.server.policy.PhoneWindowManager$HdmiVideoExtconUEventObserver.init(PhoneWindowManager.java:5666)
06-09 18:08:56.349 475 517 W WindowManager: at com.android.server.policy.PhoneWindowManager$HdmiVideoExtconUEventObserver.access$5200(PhoneWindowManager.java:5658)
06-09 18:08:56.349 475 517 W WindowManager: at com.android.server.policy.PhoneWindowManager.initializeHdmiStateInternal(PhoneWindowManager.java:3425)
06-09 18:08:56.349 475 517 W WindowManager: at com.android.server.policy.PhoneWindowManager.initializeHdmiState(PhoneWindowManager.java:3389)
06-09 18:08:56.349 475 517 W WindowManager: at com.android.server.policy.PhoneWindowManager.init(PhoneWindowManager.java:1821)
06-09 18:08:56.349 475 517 W WindowManager: at com.android.server.policy.TvWindowManager.init(TvWindowManager.java:259)
06-09 18:08:56.349 475 517 W WindowManager: at com.android.server.wm.WindowManagerService$5.run(WindowManagerService.java:1199)
06-09 18:08:56.349 475 517 W WindowManager: at android.os.Handler$BlockingRunnable.run(Handler.java:961)
06-09 18:08:56.349 475 517 W WindowManager: at android.os.Handler.handleCallback(Handler.java:938)
06-09 18:08:56.349 475 517 W WindowManager: at android.os.Handler.dispatchMessage(Handler.java:99)
06-09 18:08:56.349 475 517 W WindowManager: at android.os.Looper.loopOnce(Looper.java:201)
06-09 18:08:56.349 475 517 W WindowManager: at android.os.Looper.loop(Looper.java:288)
06-09 18:08:56.349 475 517 W WindowManager: at android.os.HandlerThread.run(HandlerThread.java:67)
06-09 18:08:56.349 475 517 W WindowManager: at com.android.server.ServiceThread.run(ServiceThread.java:44)
06-09 18:08:56.349 475 517 W WindowManager: at com.android.server.UiThread.run(UiThread.java:45)
06-09 18:08:56.349 475 517 W WindowManager: Caused by: android.system.ErrnoException: open failed: ENOENT (No such file or directory)
06-09 18:08:56.349 475 517 W WindowManager: at libcore.io.Linux.open(Native Method)
06-09 18:08:56.349 475 517 W WindowManager: at libcore.io.ForwardingOs.open(ForwardingOs.java:567)
06-09 18:08:56.349 475 517 W WindowManager: at libcore.io.BlockGuardOs.open(BlockGuardOs.java:273)
06-09 18:08:56.349 475 517 W WindowManager: at libcore.io.IoBridge.open(IoBridge.java:561)
06-09 18:08:56.349 475 517 W WindowManager: ... 18 more
06-09 18:08:56.358 475 517 D com_softwinner_gpio: Gpio JNI_OnLoad()
06-09 18:08:56.358 475 517 D com_softwinner_gpio: init
06-09 18:08:56.359 182 182 E SELinux : avc: denied { find } for pid=475 uid=1000 name=softwinner.gpio scontext=u:r:system_server:s0 tcontext=u:object_r:default_android_service:s0 tclass=service_manager permissive=1
06-09 18:08:56.361 475 475 I SystemServerTiming: StartInputManager
06-09 18:08:56.361 475 475 I InputManager: Starting input manager
06-09 18:08:56.361 475 576 I SystemServerTimingAsync: InitThreadPoolExec:StartHidlServices
06-09 18:08:56.361 475 576 D SystemServerInitThreadPool: Started executing StartHidlServices
06-09 18:08:56.361 475 576 I SystemServerTimingAsync: StartHidlServices
06-09 18:08:56.365 475 576 I HidlServiceManagement: Registered android.frameworks.sensorservice@1.0::ISensorManager/default
06-09 18:08:56.368 184 184 I hwservicemanager: getTransport: Cannot find entry android.frameworks.schedulerservice@1.0::ISchedulingPolicyService/default in either framework or device VINTF manifest.
06-09 18:08:56.368 475 576 W system_server: android.frameworks.schedulerservice@1.0::ISchedulingPolicyService is deprecated. Skipping registration.
06-09 18:08:56.368 475 576 D SystemServerInitThreadPool: Finished executing StartHidlServices
06-09 18:08:56.370 475 475 I InputManager: Enabling motion classifier because just booted: feature enabled, long press timeout = 400
06-09 18:08:56.370 475 475 I InputClassifier: Enabling motion classifier
06-09 18:08:56.374 184 184 I hwservicemanager: getTransport: Cannot find entry android.hardware.input.classifier@1.0::IInputClassifier/default in either framework or device VINTF manifest.
06-09 18:08:56.375 475 595 D EventHub: No input device configuration file found for device 'sunxi-ir-uinput'.
06-09 18:08:56.375 475 596 I InputClassifier: Could not obtain InputClassifier HAL
06-09 18:08:56.376 475 475 I SystemServerTiming: DisplayManagerWindowManagerAndInputReady
06-09 18:08:56.381 475 519 I LogicalDisplayMapper: Requesting Transition to state: 0
06-09 18:08:56.381 475 519 I LogicalDisplayMapper: Applying layout: [{addr: {port=0}, dispId: 0(ON)}], Previous layout: [{addr: {port=0}, dispId: 0(ON)}]
06-09 18:08:56.381 475 475 I SystemServerTiming: StartBluetoothService
06-09 18:08:56.381 475 475 I SystemServiceManager: Starting com.android.server.BluetoothService
06-09 18:08:56.384 475 475 D BluetoothManagerService: Loading stored name and address
06-09 18:08:56.384 475 475 D BluetoothManagerService: Stored bluetooth Name=DBBOX-A2,Address=B4:2F:03:15:73:2F
06-09 18:08:56.384 475 475 D BluetoothManagerService: Bluetooth persisted state: 1
06-09 18:08:56.384 475 475 D BluetoothManagerService: Startup: Bluetooth persisted state is ON.
06-09 18:08:56.385 320 323 D XM_HIDREAD: add@ add@/devices/virtual/wakeup/wakeup23
06-09 18:08:56.385 475 475 D BluetoothManagerService: Detected SystemUiUid: 10064
06-09 18:08:56.385 475 475 I SystemServerTiming: IpConnectivityMetrics
06-09 18:08:56.385 475 475 I SystemServiceManager: Starting com.android.server.connectivity.IpConnectivityMetrics
06-09 18:08:56.386 241 241 E ActivityRecognitionHardware: activity_recognition HAL is deprecated. class_init is effectively a no-op
06-09 18:08:56.386 475 595 I EventHub: usingClockIoctl=true
06-09 18:08:56.387 475 595 I EventHub: New device: id=1, fd=164, path='/dev/input/event1', name='sunxi-ir-uinput', classes=KEYBOARD | ALPHAKEY | CURSOR | DPAD, configuration='', keyLayout='/system/usr/keylayout/sunxi-ir-uinput.kl', keyCharacterMap='/system/usr/keychars/Generic.kcm', builtinKeyboard=false,
06-09 18:08:56.387 475 595 D EventHub: No input device configuration file found for device 'sunxi-ir'.
06-09 18:08:56.388 475 475 I SystemServerTiming: NetworkWatchlistService
06-09 18:08:56.388 475 475 I SystemServiceManager: Starting com.android.server.net.watchlist.NetworkWatchlistService$Lifecycle
06-09 18:08:56.393 320 323 D XM_HIDREAD: add@ add@/devices/virtual/wakeup/wakeup24
06-09 18:08:56.394 475 595 I EventHub: usingClockIoctl=true
06-09 18:08:56.394 475 595 I EventHub: New device: id=2, fd=165, path='/dev/input/event0', name='sunxi-ir', classes=KEYBOARD, configuration='', keyLayout='/system/usr/keylayout/sunxi-ir.kl', keyCharacterMap='/system/usr/keychars/Generic.kcm', builtinKeyboard=false,
06-09 18:08:56.400 475 475 I WatchlistSettings: Reload watchlist settings done
06-09 18:08:56.401 475 597 I WatchlistLoggingHandler: No need to aggregate record yet.
06-09 18:08:56.401 475 597 I WatchlistLoggingHandler: Milliseconds spent on tryAggregateRecords(): 0
06-09 18:08:56.402 475 475 I SystemServerTiming: PinnerService
06-09 18:08:56.402 475 475 I SystemServiceManager: Starting com.android.server.PinnerService
06-09 18:08:56.403 475 475 V HistoricalRegistry: Interaction before persistence initialized
06-09 18:08:56.405 475 595 I InputReader: Device added: id=-1, eventHubId=-1, name='Virtual', descriptor='a718a782d34bc767f4689c232d64d527998ea7fd',sources=0x00000301
06-09 18:08:56.406 475 595 I InputReader: Device added: id=2, eventHubId=2, name='sunxi-ir', descriptor='485d69228e24f5e46da1598745890b214130dbc4',sources=0x00000101
06-09 18:08:56.406 475 475 I SystemServerTiming: IorapForwardingService
06-09 18:08:56.406 475 475 I SystemServiceManager: Starting com.google.android.startop.iorap.IorapForwardingService
06-09 18:08:56.407 475 595 W InputReader: Can't find the designated viewport with ID 0 to update cursor input mapper. Fall back to default display
06-09 18:08:56.407 475 595 E InputReader: Still can't find a viable viewport to update cursor input mapper. Skip setting it to PointerController.
06-09 18:08:56.408 475 595 I InputReader: Device added: id=3, eventHubId=1, name='sunxi-ir-uinput', descriptor='0a253e777d1b2169367be63d7c9054e7991953a6',sources=0x00002303
06-09 18:08:56.408 475 475 W IorapForwardingService: No service published for: iorapd
06-09 18:08:56.409 475 475 I SystemServerTiming: SignedConfigService
06-09 18:08:56.409 475 475 I SystemServerTiming: AppIntegrityService
06-09 18:08:56.409 475 475 I SystemServiceManager: Starting com.android.server.integrity.AppIntegrityManagerService
06-09 18:08:56.413 475 475 E IntegrityFileManager: Error creating staging and rules directory
06-09 18:08:56.418 475 475 I WindowManager: SAFE MODE not enabled
06-09 18:08:56.418 475 475 I SystemServerTiming: StartInputMethodManagerLifecycle
06-09 18:08:56.418 475 475 I SystemServiceManager: Starting com.android.server.inputmethod.InputMethodManagerService$Lifecycle
06-09 18:08:56.416 311 311 I xiriservice_All: type=1400 audit(0.0:307): avc: denied { search } for name="com.android.cts.priv.ctsshim" dev="mmcblk0p25" ino=567 scontext=u:r:init:s0 tcontext=u:object_r:privapp_data_file:s0:c512,c768 tclass=dir permissive=1
06-09 18:08:56.421 311 311 D XiriService: check file name: /data/data/com.android.cts.priv.ctsshim/lib
06-09 18:08:56.422 311 311 D XiriService: check file name: /data/data/com.android.cts.priv.ctsshim/lib
06-09 18:08:56.416 311 311 I xiriservice_All: type=1400 audit(0.0:308): avc: denied { read } for name="lib" dev="mmcblk0p25" ino=9160 scontext=u:r:init:s0 tcontext=u:object_r:privapp_data_file:s0:c512,c768 tclass=lnk_file permissive=1
06-09 18:08:56.422 311 311 D XiriService: check file name: /data/data/com.android.cts.priv.ctsshim/lib
06-09 18:08:56.424 475 475 I SystemServerTiming: StartAccessibilityManagerService
06-09 18:08:56.424 475 475 I SystemServiceManager: Starting com.android.server.accessibility.AccessibilityManagerService$Lifecycle
06-09 18:08:56.432 311 311 D XiriService: check file name: /data/data/com.android.cts.priv.ctsshim/lib
06-09 18:08:56.432 311 311 D XiriService: check file name: /data/data/com.android.cts.priv.ctsshim/lib
