06-09 18:09:05.778 1089 1353 W System.err: Caused by: android.system.GaiException: android_getaddrinfo failed: EAI_NODATA (No address associated with hostname)
06-09 18:09:05.778 1089 1353 W System.err: at libcore.io.Linux.android_getaddrinfo(Native Method)
06-09 18:09:05.778 246 290 D audio_hw_primary: Mic get_audio_devices_active:
06-09 18:09:05.778 1089 1353 W System.err: at libcore.io.ForwardingOs.android_getaddrinfo(ForwardingOs.java:136)
06-09 18:09:05.778 1089 1353 W System.err: at libcore.io.BlockGuardOs.android_getaddrinfo(BlockGuardOs.java:221)
06-09 18:09:05.778 1089 1353 W System.err: at libcore.io.ForwardingOs.android_getaddrinfo(ForwardingOs.java:136)
06-09 18:09:05.778 1089 1353 W System.err: at java.net.Inet6AddressImpl.lookupHostByName(Inet6AddressImpl.java:135)
06-09 18:09:05.778 1089 1353 W System.err: ... 25 more
06-09 18:09:05.778 246 290 D audio_hw_primary: get_audio_devices_active: AUDIO_HDMI
06-09 18:09:05.778 371 392 I adbd : jdwp connection from 1436
06-09 18:09:05.787 1089 1089 I Choreographer: Skipped 151 frames! The application may be doing too much work on its main thread.
06-09 18:09:05.791 475 520 D CompatibilityChangeReporter: Compat change id reported: 158002302; UID 1000; state: ENABLED
06-09 18:09:05.794 246 290 D xm_audio: adev_get_parameters
06-09 18:09:05.795 475 751 W OverlayManager: service 'idmap' died
06-09 18:09:05.795 265 265 I hash_map_utils: system/bt/osi/src/hash_map_utils.cc:81 hash_map_utils_dump_string_keys_string_values: key: 'audio_devices_out_active' value: ''
06-09 18:09:05.807 475 475 D AudioManagerEx: type audio_devices_out_active list AUDIO_HDMI=
06-09 18:09:05.809 475 475 D AudioManagerEx: AudioManagerEx
06-09 18:09:05.810 1306 1306 W ContextImpl: Calling a method in the system process without a qualified user: android.app.ContextImpl.startService:1816 android.content.ContextWrapper.startService:774 com.dangbei.phrike.core.DownloadManager.register:294 com.dangbei.component_appcontrol.phrike.XPhrikeAppCreator.register:47 com.dangbei.component_appcontrol.AppControlComponent.onAttached:65
06-09 18:09:05.822 475 475 D AudioManagerPolicy: save audio is AUDIO_HDMI
06-09 18:09:05.828 475 475 D AudioManagerPolicy: get AUDIO_MANAGE_POLICY is 2
06-09 18:09:05.833 475 475 D AudioManagerPolicy: POLICY_2 Remove USB Audio or No USB Audio Output Device Connected!
06-09 18:09:05.831 1089 1440 D hq : NetWorkStateReceiver:::检查网络,并且持续更新 isConnect=false
06-09 18:09:05.842 475 475 D AudioManagerEx: state=audio_devices_out_active,dev=[AUDIO_HDMI]
06-09 18:09:05.847 669 669 V TvNotificationHandler: Notification not added because it isn't relevant for tv
06-09 18:09:05.847 475 475 D AudioManagerEx: enablePassThrough = true
06-09 18:09:05.849 475 475 D AudioManagerEx: Hdmi status true,true,1
06-09 18:09:05.849 475 475 D AudioManagerEx: HDMI AUDIO_HDMI
06-09 18:09:05.849 475 475 D AudioManagerEx: AUDIO_NAME_HDMI
06-09 18:09:05.853 1306 1306 I RockyManager: initSDKDelegate:
06-09 18:09:05.856 246 290 V audio_hw_primary: adev_set_parameters, mediasw.sft.rawdata=HDMI_RAW
06-09 18:09:05.860 1229 1243 I d.process.acor: Background young concurrent copying GC freed 53320(2417KB) AllocSpace objects, 4(72KB) LOS objects, 87% free, 3413KB/27MB, paused 9.532ms total 321.178ms
06-09 18:09:05.862 475 475 D AudioManagerEx: audio=AUDIO_HDMI
06-09 18:09:05.863 246 246 V audio_hw_primary: adev_set_parameters, audio_devices_out_active=AUDIO_HDMI
06-09 18:09:05.863 246 246 V audio_hw_primary: out AUDIO_PARAMETER_DEVICES_OUT_ACTIVE: AUDIO_HDMI
06-09 18:09:05.877 246 246 V audio_hw_primary: set property persist.vendor.audio.output.active: AUDIO_HDMI ok
06-09 18:09:05.877 246 246 V audio_hw_primary: AUDIO_HDMI output device will be active
06-09 18:09:05.879 475 475 D AudioManagerEx: Update Settings.System.AUDIO_OUTPUT_CHANNEL, now save audio is AUDIO_HDMI
06-09 18:09:05.880 475 475 D AudioManagerPolicy: get AUDIO_MANAGE_POLICY is 2
06-09 18:09:05.887 246 290 D audio_hw_primary: getAudioDevices()
06-09 18:09:05.887 246 290 D audio_hw_primary: out dev:AUDIO_CODEC
06-09 18:09:05.887 246 290 D audio_hw_primary: in dev:AUDIO_SPDIF
06-09 18:09:05.887 246 290 D audio_hw_primary: out dev:AUDIO_SPDIF
06-09 18:09:05.887 246 290 D audio_hw_primary: in dev:AUDIO_HDMI
06-09 18:09:05.887 246 290 D audio_hw_primary: out dev:AUDIO_HDMI
06-09 18:09:05.887 246 290 D audio_hw_primary: in dev:AUDIO_I2S2
06-09 18:09:05.887 246 290 D audio_hw_primary: in capture: AUDIO_SPDIF,AUDIO_HDMI,AUDIO_I2S2
06-09 18:09:05.888 246 246 D xm_audio: adev_get_parameters
06-09 18:09:05.888 265 265 I hash_map_utils: system/bt/osi/src/hash_map_utils.cc:81 hash_map_utils_dump_string_keys_string_values: key: 'audio_devices_in' value: ''
06-09 18:09:05.889 475 475 D AudioManagerEx: type audio_devices_in list AUDIO_SPDIF,AUDIO_HDMI,AUDIO_I2S2=
06-09 18:09:05.889 475 475 D AudioManagerEx: state=audio_devices_in_active,dev=[AUDIO_CODEC]
06-09 18:09:05.889 475 475 D AudioManagerEx: enablePassThrough = true
06-09 18:09:05.889 475 475 D AudioManagerEx: audio=AUDIO_CODEC
06-09 18:09:05.893 246 290 V audio_hw_primary: adev_set_parameters, audio_devices_in_active=AUDIO_CODEC
06-09 18:09:05.893 246 290 V audio_hw_primary: in AUDIO_PARAMETER_DEVICES_IN_ACTIVE: AUDIO_CODEC
06-09 18:09:05.903 246 290 V audio_hw_primary: set property persist.vendor.audio.input.active: AUDIO_CODEC ok
06-09 18:09:05.905 184 184 I hwservicemanager: getTransport: Cannot find entry android.hardware.configstore@1.0::ISurfaceFlingerConfigs/default in either framework or device VINTF manifest.
06-09 18:09:05.909 475 498 D CompatibilityChangeReporter: Compat change id reported: 168419799; UID 10016; state: DISABLED
06-09 18:09:05.929 475 475 W Looper : Slow dispatch took 382ms main h=android.app.ActivityThread$H c=android.app.LoadedApk$ReceiverDispatcher$Args$$ExternalSyntheticLambda0@cbbcacb m=0
06-09 18:09:05.937 475 475 I TransportClient: LocalTransportService#0: Notifying [TransportManager.registerTransport()] transport = IBackupTransport
06-09 18:09:05.938 475 475 W Looper : Slow delivery took 377ms main h=android.app.ActivityThread$H c=android.app.LoadedApk$ServiceDispatcher$RunConnection@a1e0154 m=0
06-09 18:09:05.936 1306 1306 I RxCachedThreadS: type=1400 audit(0.0:463): avc: denied { read } for name="address" dev="sysfs" ino=27449 scontext=u:r:system_app:s0 tcontext=u:object_r:sysfs:s0 tclass=file permissive=1
06-09 18:09:05.944 475 475 D AudioDeviceManagerObserver: name: AUDIO_HDMI, state: 0, type: 1
06-09 18:09:05.944 1306 1306 I RxCachedThreadS: type=1400 audit(0.0:464): avc: denied { open } for path="/sys/devices/platform/unisoc_wifi/net/wlan1/address" dev="sysfs" ino=27449 scontext=u:r:system_app:s0 tcontext=u:object_r:sysfs:s0 tclass=file permissive=1
06-09 18:09:05.944 1306 1306 I RxCachedThreadS: type=1400 audit(0.0:465): avc: denied { getattr } for path="/sys/devices/platform/unisoc_wifi/net/wlan1/address" dev="sysfs" ino=27449 scontext=u:r:system_app:s0 tcontext=u:object_r:sysfs:s0 tclass=file permissive=1
06-09 18:09:05.952 1436 1436 D CompatibilityChangeReporter: Compat change id reported: 171979766; UID 10016; state: ENABLED
06-09 18:09:05.953 271 327 E HWComposer: getSupportedContentTypes: getSupportedContentTypes failed for display 0: Unsupported (8)
06-09 18:09:05.967 184 184 I hwservicemanager: getTransport: Cannot find entry android.hardware.graphics.mapper@4.0::IMapper/default in either framework or device VINTF manifest.
06-09 18:09:05.968 475 475 D AudioManagerPolicy: On Audio device plug in/out receive,name=AUDIO_HDMI type=1 state=0 extra=null
06-09 18:09:05.968 475 475 V AudioManagerPolicy: chengkan------------- hdmi inactive
06-09 18:09:05.971 1089 1468 I Gralloc4: mapper 4.x is not supported
06-09 18:09:05.972 475 475 D AudioManagerPolicy: get AUDIO_MANAGE_POLICY is 2
06-09 18:09:05.972 475 475 D AudioManagerPolicy: Policy2 HDMI Plug Out/In Switch! Booting
06-09 18:09:05.975 184 184 I hwservicemanager: getTransport: Cannot find entry android.hardware.graphics.mapper@3.0::IMapper/default in either framework or device VINTF manifest.
06-09 18:09:05.975 475 475 D AudioManagerEx: AudioManagerEx
06-09 18:09:05.975 475 1017 D BackupTransportManager: Transport com.android.localtransport/.LocalTransportService registered
06-09 18:09:05.976 475 475 D AudioManagerPolicy: save audio is AUDIO_HDMI
06-09 18:09:05.976 1089 1468 W Gralloc3: mapper 3.x is not supported
06-09 18:09:05.976 475 1017 D BackupManagerService: [UserID:0] Transport com.android.localtransport/.LocalTransport registered 4200ms after first request (delay = 3000ms)
06-09 18:09:05.976 475 475 D AudioManagerPolicy: get AUDIO_MANAGE_POLICY is 2
06-09 18:09:05.976 475 475 D AudioManagerPolicy: POLICY_2 Remove USB Audio or No USB Audio Output Device Connected!
06-09 18:09:05.981 475 475 D AudioManagerEx: state=audio_devices_out_active,dev=[AUDIO_HDMI]
06-09 18:09:05.981 475 475 D AudioManagerEx: enablePassThrough = true
06-09 18:09:05.982 475 475 D AudioManagerEx: Hdmi status true,true,1
06-09 18:09:05.982 475 475 D AudioManagerEx: HDMI AUDIO_HDMI
06-09 18:09:05.982 475 475 D AudioManagerEx: AUDIO_NAME_HDMI
06-09 18:09:05.984 246 290 V audio_hw_primary: adev_set_parameters, mediasw.sft.rawdata=HDMI_RAW
06-09 18:09:05.987 475 475 D AudioManagerEx: audio=AUDIO_HDMI
06-09 18:09:05.988 246 290 V audio_hw_primary: adev_set_parameters, audio_devices_out_active=AUDIO_HDMI
06-09 18:09:05.989 246 290 V audio_hw_primary: out AUDIO_PARAMETER_DEVICES_OUT_ACTIVE: AUDIO_HDMI
06-09 18:09:05.996 1089 1468 E gralloc : Arm Module v1.0
06-09 18:09:06.002 246 290 V audio_hw_primary: set property persist.vendor.audio.output.active: AUDIO_HDMI ok
06-09 18:09:06.002 246 290 V audio_hw_primary: AUDIO_HDMI output device will be active
06-09 18:09:06.005 475 475 D AudioManagerEx: Update Settings.System.AUDIO_OUTPUT_CHANNEL, now save audio is AUDIO_HDMI
06-09 18:09:06.009 475 1017 I BackupManagerService: [UserID:0] Found 7 stale backup journal(s), scheduling.
06-09 18:09:06.011 475 1017 V BackupManagerConstants: getKeyValueBackupIntervalMilliseconds(...) returns 14400000
06-09 18:09:06.011 475 1017 V BackupManagerConstants: getKeyValueBackupFuzzMilliseconds(...) returns 600000
06-09 18:09:06.011 475 1017 V BackupManagerConstants: getKeyValueBackupRequiredNetworkType(...) returns 1
06-09 18:09:06.011 475 1017 V BackupManagerConstants: getKeyValueBackupRequireCharging(...) returns true
06-09 18:09:06.011 475 1017 V KeyValueBackupJob: Scheduling k/v pass in 247 minutes
06-09 18:09:06.013 184 184 I hwservicemanager: getTransport: Cannot find entry android.hardware.graphics.allocator@4.0::IAllocator/default in either framework or device VINTF manifest.
06-09 18:09:06.014 1089 1468 W Gralloc4: allocator 4.x is not supported
06-09 18:09:06.014 184 184 I hwservicemanager: getTransport: Cannot find entry android.hardware.graphics.allocator@3.0::IAllocator/default in either framework or device VINTF manifest.
06-09 18:09:06.016 1089 1468 W Gralloc3: allocator 3.x is not supported
06-09 18:09:06.025 254 254 I gralloc : alloc buffer:W:1920 H:1080 S:1920 PL[1920 1080] SZ:8294400 fmt:1 if:0 af:1 usg:20000b00 fg:00000004
06-09 18:09:06.026 1089 1468 E ion : ioctl c0044901 failed with code -1: Inappropriate ioctl for device
06-09 18:09:06.031 254 254 I gralloc : alloc buffer:W:1920 H:1080 S:1920 PL[1920 1080] SZ:8294400 fmt:1 if:0 af:1 usg:20000b00 fg:00000004
06-09 18:09:06.038 254 254 I gralloc : alloc buffer:W:1920 H:1080 S:1920 PL[1920 1080] SZ:8294400 fmt:1 if:0 af:1 usg:20000b00 fg:00000004
06-09 18:09:06.053 475 475 I ActivityManager: com.android.dynsystem is exempt from freezer
06-09 18:09:06.056 475 475 D CompatibilityChangeReporter: Compat change id reported: 135634846; UID 1000; state: DISABLED
06-09 18:09:06.073 1436 1436 V GraphicsEnvironment: ANGLE Developer option for 'com.android.providers.downloads' set to: 'default'
06-09 18:09:06.074 1436 1436 V GraphicsEnvironment: Neither updatable production driver nor prerelease driver is supported.
06-09 18:09:06.077 1229 1285 D ContactsDatabaseHelper: WAL enabled for profile.db: true
06-09 18:09:06.078 1436 1436 D NetworkSecurityConfig: No Network Security Config specified, using platform default
06-09 18:09:06.084 1436 1436 D NetworkSecurityConfig: No Network Security Config specified, using platform default
06-09 18:09:06.092 241 241 D Zygote : Forked child process 1480
06-09 18:09:06.097 475 537 I ActivityManager: app.processName = com.android.dynsystem
06-09 18:09:06.097 475 537 I ActivityManager: Start proc 1480:com.android.dynsystem/1000 for broadcast {com.android.dynsystem/com.android.dynsystem.BootCompletedReceiver}
06-09 18:09:06.096 1396 1396 I net_disconnect.: type=1400 audit(0.0:466): avc: denied { execute } for name="rgb_led_ctl" dev="dm-1" ino=188 scontext=u:r:init:s0 tcontext=u:object_r:vendor_file:s0 tclass=file permissive=1
06-09 18:09:06.100 1481 1481 I net_disconnect.: type=1400 audit(0.0:467): avc: denied { execute_no_trans } for path="/vendor/bin/rgb_led_ctl" dev="dm-1" ino=188 scontext=u:r:init:s0 tcontext=u:object_r:vendor_file:s0 tclass=file permissive=1
06-09 18:09:06.112 1480 1480 I Zygote : seccomp disabled by setenforce 0
06-09 18:09:06.118 475 1017 I BackupManagerService: [UserID:0] Stale backup journals: Scheduled 8 package(s) total
06-09 18:09:06.118 475 876 D BufferPoolAccessor2.0: bufferpool2 0xe70c1c98 : 0(0 size) total buffers - 0(0 size) used buffers - 2/7 (recycle/alloc) - 5/76 (fetch/transfer)
06-09 18:09:06.118 475 876 D BufferPoolAccessor2.0: bufferpool2 0xe70c22d8 : 0(0 size) total buffers - 0(0 size) used buffers - 2/7 (recycle/alloc) - 5/68 (fetch/transfer)
06-09 18:09:06.118 475 876 D BufferPoolAccessor2.0: evictor expired: 2, evicted: 2
06-09 18:09:06.128 365 745 D BufferPoolAccessor2.0: bufferpool2 0xf274c698 : 0(0 size) total buffers - 0(0 size) used buffers - 33/36 (recycle/alloc) - 3/35 (fetch/transfer)
06-09 18:09:06.128 365 745 D BufferPoolAccessor2.0: evictor expired: 1, evicted: 1
06-09 18:09:06.145 371 392 I adbd : jdwp connection from 1480
06-09 18:09:06.202 1089 1333 W SQLiteLog: (28) double-quoted string literal: "1749462968508"
06-09 18:09:06.202 1089 1333 W SQLiteLog: (28) double-quoted string literal: "205CD117ACBA36DFD79211B5AFC05FEB"
06-09 18:09:06.233 1480 1480 D CompatibilityChangeReporter: Compat change id reported: 171979766; UID 1000; state: ENABLED
06-09 18:09:06.261 1089 1089 E xxxxxxxxxxxxxxx: onReceive:mIsHDMIPlugged = false
06-09 18:09:06.261 1089 1089 E hq : USBReceiver:::USBReceiver onReceive: action=android.intent.action.MEDIA_MOUNTED
06-09 18:09:06.262 1089 1089 E hq : USBReceiver:::USBReceiver onReceive: action=android.intent.action.MEDIA_MOUNTED
06-09 18:09:06.272 1089 1289 E hq : ErrorCoroutineExceptionHandler:::runTry error:java.net.UnknownHostException: Unable to resolve host "ottdbui-tyapiqun7.yysh.mgtv.com": No address associated with hostname from=requestAppBarData_loadData
06-09 18:09:06.272 1027 1061 E ccc : cccccc etnaService addListener com.dangbei.lerad.etna.aidl.IEtnaAidlListener$Stub$Proxy@553d9c com.dangbei.leard.leradlauncher
06-09 18:09:06.273 1089 1089 E hq : Etna:::etnaClient connectState=true
06-09 18:09:06.273 1089 1089 E getHdmiStatus: sourceInputStatus=null mEtnaAdapter=com.dangbei.launcher.etna.EtnaAdapter@be0af91
06-09 18:09:06.274 1089 1089 E hq : AdHelper:::启动延迟检查,支持广告的最长播放时间:25000 isLoadAd=false
06-09 18:09:06.276 1089 1089 D OsInitLaunch: send cache: launchAd, playAd, start, null
06-09 18:09:06.281 1089 1089 I dangbei ad sdk: ADSDK::play splash ad
06-09 18:09:06.299 1 1 I init : processing action (vendor.led_switch=*) from (/vendor/etc/init/hw/init.oranth.rc:139)
06-09 18:09:06.300 1 1 I init : starting service 'exec 19 (/vendor/bin/led_switch.sh 5)'...
06-09 18:09:06.309 1 1 I init : SVC_EXEC service 'exec 19 (/vendor/bin/led_switch.sh 5)' pid 1509 (uid 0 gid 0+0 context default) started; waiting...
06-09 18:09:06.374 1 1 I init : Control message: Processed ctl.stop for 'rainbow_flow' from pid: 1512 (stop rainbow_flow voice breathe flow_led net_disconnect)
06-09 18:09:06.377 1 1 I init : Control message: Processed ctl.stop for 'voice' from pid: 1512 (stop rainbow_flow voice breathe flow_led net_disconnect)
06-09 18:09:06.288 475 520 E ActivityRecord: real home.....com.dangbei.leard.leradlauncher/com.dangbei.launcher.home.LauncherActivity
06-09 18:09:06.288 475 520 E +++ActivityRecord: pre led_switch = 5
06-09 18:09:06.291 1089 1089 I dangbei ad sdk: AdSplashView::show offline ad
06-09 18:09:06.385 1 1 I init : Control message: Processed ctl.stop for 'breathe' from pid: 1512 (stop rainbow_flow voice breathe flow_led net_disconnect)
06-09 18:09:06.389 1 1 I init : Control message: Processed ctl.stop for 'flow_led' from pid: 1512 (stop rainbow_flow voice breathe flow_led net_disconnect)
06-09 18:09:06.390 1 1 I init : Sending signal 9 to service 'net_disconnect' (pid 1396) process group...
06-09 18:09:06.329 475 520 W System.err: java.io.IOException: Cannot run program "su": error=2, No such file or directory
06-09 18:09:06.330 475 520 W System.err: at java.lang.ProcessBuilder.start(ProcessBuilder.java:1050)
06-09 18:09:06.330 475 520 W System.err: at java.lang.Runtime.exec(Runtime.java:694)
06-09 18:09:06.330 475 520 W System.err: at java.lang.Runtime.exec(Runtime.java:524)
06-09 18:09:06.330 475 520 W System.err: at java.lang.Runtime.exec(Runtime.java:421)
06-09 18:09:06.330 475 520 W System.err: at com.android.server.wm.ActivityRecord.executeCMD(ActivityRecord.java:5940)
06-09 18:09:06.330 475 520 W System.err: at com.android.server.wm.ActivityRecord.onWindowsDrawn(ActivityRecord.java:5992)
06-09 18:09:06.330 475 520 W System.err: at com.android.server.wm.ActivityRecord.updateReportedVisibilityLocked(ActivityRecord.java:6126)
06-09 18:09:06.330 475 520 W System.err: at com.android.server.wm.AppTransitionController.handleOpeningApps(AppTransitionController.java:757)
06-09 18:09:06.330 475 520 W System.err: at com.android.server.wm.AppTransitionController.handleAppTransitionReady(AppTransitionController.java:227)
06-09 18:09:06.330 475 520 W System.err: at com.android.server.wm.RootWindowContainer.checkAppTransitionReady(RootWindowContainer.java:1045)
06-09 18:09:06.330 475 520 W System.err: at com.android.server.wm.RootWindowContainer.performSurfacePlacementNoTrace(RootWindowContainer.java:884)
06-09 18:09:06.330 475 520 W System.err: at com.android.server.wm.RootWindowContainer.performSurfacePlacement(RootWindowContainer.java:820)
06-09 18:09:06.330 475 520 W System.err: at com.android.server.wm.WindowSurfacePlacer.performSurfacePlacementLoop(WindowSurfacePlacer.java:177)
06-09 18:09:06.330 475 520 W System.err: at com.android.server.wm.WindowSurfacePlacer.performSurfacePlacement(WindowSurfacePlacer.java:126)
06-09 18:09:06.330 475 520 W System.err: at com.android.server.wm.WindowSurfacePlacer.performSurfacePlacement(WindowSurfacePlacer.java:115)
06-09 18:09:06.330 475 520 W System.err: at com.android.server.wm.WindowSurfacePlacer$Traverser.run(WindowSurfacePlacer.java:57)
06-09 18:09:06.330 475 520 W System.err: at android.os.Handler.handleCallback(Handler.java:938)
06-09 18:09:06.330 475 520 W System.err: at android.os.Handler.dispatchMessage(Handler.java:99)
06-09 18:09:06.330 475 520 W System.err: at android.os.Looper.loopOnce(Looper.java:201)
06-09 18:09:06.330 475 520 W System.err: at android.os.Looper.loop(Looper.java:288)
06-09 18:09:06.330 475 520 W System.err: at android.os.HandlerThread.run(HandlerThread.java:67)
06-09 18:09:06.330 475 520 W System.err: at com.android.server.ServiceThread.run(ServiceThread.java:44)
06-09 18:09:06.330 475 520 W System.err: Caused by: java.io.IOException: error=2, No such file or directory
06-09 18:09:06.330 475 520 W System.err: at java.lang.UNIXProcess.forkAndExec(Native Method)
06-09 18:09:06.330 475 520 W System.err: at java.lang.UNIXProcess.(UNIXProcess.java:133)
06-09 18:09:06.330 475 520 W System.err: at java.lang.ProcessImpl.start(ProcessImpl.java:141)
06-09 18:09:06.330 475 520 W System.err: at java.lang.ProcessBuilder.start(ProcessBuilder.java:1029)
06-09 18:09:06.330 475 520 W System.err: ... 21 more
06-09 18:09:06.339 513 526 D BootAnimation: BootAnimationStopTiming start time: 25272ms
06-09 18:09:06.345 1089 1089 E hq : AdHelper:::notFetchAd: main
06-09 18:09:06.345 1089 1089 E hq : AdHelper:::onComplete:main
06-09 18:09:06.346 1089 1089 E hq : AdHelper:::adFinish: com.dangbei.launcher.home.callback.LauncherCallback$onAttach$1$1@db4f3b0
06-09 18:09:06.351 1089 1089 E hq : LauncherCallback:::onDetach
06-09 18:09:06.352 1089 1089 E hq : AdHelper:::handleFinishAd: true
06-09 18:09:06.365 475 520 W System.err: java.io.IOException: Cannot run program "su": error=2, No such file or directory
06-09 18:09:06.365 475 520 W System.err: at java.lang.ProcessBuilder.start(ProcessBuilder.java:1050)
06-09 18:09:06.365 475 520 W System.err: at java.lang.Runtime.exec(Runtime.java:694)
06-09 18:09:06.365 475 520 W System.err: at java.lang.Runtime.exec(Runtime.java:524)
06-09 18:09:06.365 475 520 W System.err: at java.lang.Runtime.exec(Runtime.java:421)
06-09 18:09:06.365 475 520 W System.err: at com.android.server.wm.ActivityRecord.executeCMD(ActivityRecord.java:5940)
06-09 18:09:06.365 475 520 W System.err: at com.android.server.wm.ActivityRecord.onWindowsDrawn(ActivityRecord.java:6001)
06-09 18:09:06.365 475 520 W System.err: at com.android.server.wm.ActivityRecord.updateReportedVisibilityLocked(ActivityRecord.java:6126)
06-09 18:09:06.365 475 520 W System.err: at com.android.server.wm.AppTransitionController.handleOpeningApps(AppTransitionController.java:757)
06-09 18:09:06.366 475 520 W System.err: at com.android.server.wm.AppTransitionController.handleAppTransitionReady(AppTransitionController.java:227)
06-09 18:09:06.366 475 520 W System.err: at com.android.server.wm.RootWindowContainer.checkAppTransitionReady(RootWindowContainer.java:1045)
06-09 18:09:06.366 475 520 W System.err: at com.android.server.wm.RootWindowContainer.performSurfacePlacementNoTrace(RootWindowContainer.java:884)
06-09 18:09:06.366 475 520 W System.err: at com.android.server.wm.RootWindowContainer.performSurfacePlacement(RootWindowContainer.java:820)
06-09 18:09:06.366 475 520 W System.err: at com.android.server.wm.WindowSurfacePlacer.performSurfacePlacementLoop(WindowSurfacePlacer.java:177)
06-09 18:09:06.366 475 520 W System.err: at com.android.server.wm.WindowSurfacePlacer.performSurfacePlacement(WindowSurfacePlacer.java:126)
06-09 18:09:06.366 475 520 W System.err: at com.android.server.wm.WindowSurfacePlacer.performSurfacePlacement(WindowSurfacePlacer.java:115)
06-09 18:09:06.366 475 520 W System.err: at com.android.server.wm.WindowSurfacePlacer$Traverser.run(WindowSurfacePlacer.java:57)
06-09 18:09:06.366 475 520 W System.err: at android.os.Handler.handleCallback(Handler.java:938)
06-09 18:09:06.366 475 520 W System.err: at android.os.Handler.dispatchMessage(Handler.java:99)
06-09 18:09:06.366 475 520 W System.err: at android.os.Looper.loopOnce(Looper.java:201)
06-09 18:09:06.366 475 520 W System.err: at android.os.Looper.loop(Looper.java:288)
06-09 18:09:06.366 475 520 W System.err: at android.os.HandlerThread.run(HandlerThread.java:67)
06-09 18:09:06.366 475 520 W System.err: at com.android.server.ServiceThread.run(ServiceThread.java:44)
06-09 18:09:06.366 475 520 W System.err: Caused by: java.io.IOException: error=2, No such file or directory
06-09 18:09:06.366 475 520 W System.err: at java.lang.UNIXProcess.forkAndExec(Native Method)
06-09 18:09:06.366 475 520 W System.err: at java.lang.UNIXProcess.(UNIXProcess.java:133)
06-09 18:09:06.366 475 520 W System.err: at java.lang.ProcessImpl.start(ProcessImpl.java:141)
06-09 18:09:06.366 475 520 W System.err: at java.lang.ProcessBuilder.start(ProcessBuilder.java:1029)
06-09 18:09:06.366 475 520 W System.err: ... 21 more
06-09 18:09:06.368 475 520 I WindowManager: ******* TELLING SURFACE FLINGER WE ARE BOOTED!
06-09 18:09:06.368 271 327 I SurfaceFlinger: Boot is finished (15832 ms)
06-09 18:09:06.374 1089 1089 E DangXiaoBeiManager: setMessageList: false
06-09 18:09:06.376 1089 1089 E hq : 当小贝:::显示消息type=SIMPLE_TEXT ,data.isShowInCur=false ,delay=60000 ,message.mandatoryMessage=null , message=null
06-09 18:09:06.377 182 182 I servicemanager: Found android.hardware.power.IPower/default in device VINTF manifest.
06-09 18:09:06.377 271 592 I PowerAdvisor: Loaded AIDL Power HAL service
06-09 18:09:06.377 258 258 I AW_PowerHAL: check: Mode 6 not Supported ,do nothing
06-09 18:09:06.397 1 1 I libprocessgroup: Successfully killed process cgroup uid 0 pid 1396 in 6ms
06-09 18:09:06.398 1 1 I init : Control message: Processed ctl.stop for 'net_disconnect' from pid: 1512 (stop rainbow_flow voice breathe flow_led net_disconnect)
06-09 18:09:06.378 258 258 I AW_PowerHAL: isBoostSupported: 1
06-09 18:09:06.378 1089 1089 E hq : 当小贝:::当前显示了消息,不显示新消息
06-09 18:09:06.409 1089 1089 D OsInitLaunch: send cache: launchAd, playAd, complete, null
06-09 18:09:06.423 475 475 W Looper : Drained
06-09 18:09:06.425 1089 1089 E SecondScreen: isShowSecondScreen()=0 getCurrentPageState()=com.monster.gamma.core.LoadService@80227e5
06-09 18:09:06.453 1480 1480 V GraphicsEnvironment: ANGLE Developer option for 'com.android.dynsystem' set to: 'default'
06-09 18:09:06.454 1480 1480 V GraphicsEnvironment: Neither updatable production driver nor prerelease driver is supported.
06-09 18:09:06.467 1480 1480 D NetworkSecurityConfig: No Network Security Config specified, using platform default
06-09 18:09:06.472 1480 1480 D NetworkSecurityConfig: No Network Security Config specified, using platform default
06-09 18:09:06.484 475 607 D chongyuzhao: reconnect again
06-09 18:09:06.492 475 748 I ActivityManager: com.android.dynsystem is exempt from freezer
06-09 18:09:06.502 475 518 W BluetoothManagerService: Unable to bind with intent: Intent { act=android.bluetooth.IBluetoothHeadset cmp=com.android.bluetooth/.hfp.HeadsetService }
06-09 18:09:06.503 475 748 D CompatibilityChangeReporter: Compat change id reported: 135634846; UID 1000; state: DISABLED
06-09 18:09:06.521 475 518 W IorapForwardingService: No service published for: iorapd
06-09 18:09:06.525 475 570 I ActivityManager: com.android.managedprovisioning is exempt from freezer
06-09 18:09:06.525 1089 1205 E hq : ErrorCoroutineExceptionHandler:::runTry error:java.net.UnknownHostException: Unable to resolve host "ottdbui-tyapiqun7.yysh.mgtv.com": No address associated with hostname from=requestMessageDialog
06-09 18:09:06.525 475 570 D CompatibilityChangeReporter: Compat change id reported: 135634846; UID 10031; state: DISABLED
06-09 18:09:06.525 475 570 D CompatibilityChangeReporter: Compat change id reported: 177438394; UID 10031; state: DISABLED
06-09 18:09:06.526 475 570 D CompatibilityChangeReporter: Compat change id reported: 135772972; UID 10031; state: DISABLED
06-09 18:09:06.526 475 570 D CompatibilityChangeReporter: Compat change id reported: 135754954; UID 10031; state: ENABLED
06-09 18:09:06.530 1520 1520 W audit : audit_lost=72 audit_rate_limit=5 audit_backlog_limit=64
06-09 18:09:06.530 1520 1520 E audit : rate limit exceeded
06-09 18:09:06.556 1306 1427 I UtilCommon: bluetoothMac=B4:2F:03:15:73:2F
06-09 18:09:06.556 241 241 D Zygote : Forked child process 1525
06-09 18:09:06.557 475 537 W ActivityManager: Slow operation: 66ms so far, now at startProcess: returned from zygote!
06-09 18:09:06.558 475 537 W ActivityManager: Slow operation: 67ms so far, now at startProcess: done updating battery stats
06-09 18:09:06.559 475 537 W ActivityManager: Slow operation: 67ms so far, now at startProcess: building log message
06-09 18:09:06.559 475 537 I ActivityManager: app.processName = com.android.dynsystem:dynsystem
06-09 18:09:06.559 475 537 I ActivityManager: Start proc 1525:com.android.dynsystem:dynsystem/1000 for service {com.android.dynsystem/com.android.dynsystem.DynamicSystemInstallationService}
06-09 18:09:06.559 475 537 W ActivityManager: Slow operation: 67ms so far, now at startProcess: starting to update pids map
06-09 18:09:06.559 475 537 W ActivityManager: Slow operation: 67ms so far, now at startProcess: done updating pids map
06-09 18:09:06.560 475 537 D CompatibilityChangeReporter: Compat change id reported: 143937733; UID 10031; state: ENABLED
06-09 18:09:06.560 1089 1205 E hq : ErrorCoroutineExceptionHandler:::runTry error:java.net.UnknownHostException: Unable to resolve host "ottdbui-tyapiqun7.yysh.mgtv.com": No address associated with hostname from=requestUserAgreement
06-09 18:09:06.561 1089 1205 E UserProtocolInterceptorImpl: isAgree: 20210615 20210615 true
06-09 18:09:06.569 1089 1205 E UserProtocolInterceptorImpl: version===>0
06-09 18:09:06.572 1525 1525 I Zygote : seccomp disabled by setenforce 0
06-09 18:09:06.578 247 973 E bt_upio : upio_set : /proc/bluetooth/sleep/btwrite(-1) incorrent
06-09 18:09:06.580 475 516 W Looper : Slow dispatch took 194ms android.fg h=android.os.Handler c=com.android.server.wm.ActivityMetricsLogger$$ExternalSyntheticLambda1@212ae50 m=0
06-09 18:09:06.580 475 516 I ActivityTaskManager: +++Displayed com.dangbei.leard.leradlauncher/com.dangbei.launcher.home.LauncherActivity: +4s448ms
06-09 18:09:06.586 241 241 D Zygote : Forked child process 1527
06-09 18:09:06.589 475 537 W ActivityManager: Slow operation: 64ms so far, now at startProcess: returned from zygote!
06-09 18:09:06.591 475 537 W ActivityManager: Slow operation: 66ms so far, now at startProcess: done updating battery stats
06-09 18:09:06.591 475 537 W ActivityManager: Slow operation: 67ms so far, now at startProcess: building log message
06-09 18:09:06.591 475 537 I ActivityManager: app.processName = com.android.managedprovisioning
06-09 18:09:06.591 475 537 I ActivityManager: Start proc 1527:com.android.managedprovisioning/u0a31 for broadcast {com.android.managedprovisioning/com.android.managedprovisioning.BootReminder}
06-09 18:09:06.592 475 537 W ActivityManager: Slow operation: 67ms so far, now at startProcess: starting to update pids map
06-09 18:09:06.592 475 537 W ActivityManager: Slow operation: 67ms so far, now at startProcess: done updating pids map
06-09 18:09:06.592 1089 1089 E hq : USBReceiver:::USBReceiver onReceive: list=1
06-09 18:09:06.608 1527 1527 I Zygote : seccomp disabled by setenforce 0
06-09 18:09:06.609 1306 1533 W System.err: java.net.UnknownHostException: Unable to resolve host "tyapi.qun7.com": No address associated with hostname
06-09 18:09:06.629 371 392 I adbd : jdwp connection from 1525
06-09 18:09:06.641 371 392 I adbd : jdwp connection from 1527
06-09 18:09:06.636 1306 1533 W System.err: at java.net.Inet6AddressImpl.lookupHostByName(Inet6AddressImpl.java:156)
06-09 18:09:06.646 1306 1533 W System.err: at java.net.Inet6AddressImpl.lookupAllHostAddr(Inet6AddressImpl.java:103)
06-09 18:09:06.646 1306 1533 W System.err: at java.net.InetAddress.getAllByName(InetAddress.java:1152)
06-09 18:09:06.646 1306 1533 W System.err: at com.android.okhttp.Dns$1.lookup(Dns.java:41)
06-09 18:09:06.646 1306 1533 W System.err: at com.android.okhttp.internal.http.RouteSelector.resetNextInetSocketAddress(RouteSelector.java:178)
06-09 18:09:06.646 1306 1533 W System.err: at com.android.okhttp.internal.http.RouteSelector.nextProxy(RouteSelector.java:144)
06-09 18:09:06.646 1306 1533 W System.err: at com.android.okhttp.internal.http.RouteSelector.next(RouteSelector.java:86)
06-09 18:09:06.646 1306 1533 W System.err: at com.android.okhttp.internal.http.StreamAllocation.findConnection(StreamAllocation.java:176)
06-09 18:09:06.646 1306 1533 W System.err: at com.android.okhttp.internal.http.StreamAllocation.findHealthyConnection(StreamAllocation.java:128)
06-09 18:09:06.646 1306 1533 W System.err: at com.android.okhttp.internal.http.StreamAllocation.newStream(StreamAllocation.java:97)
06-09 18:09:06.646 1306 1533 W System.err: at com.android.okhttp.internal.http.HttpEngine.connect(HttpEngine.java:289)
06-09 18:09:06.646 1306 1533 W System.err: at com.android.okhttp.internal.http.HttpEngine.sendRequest(HttpEngine.java:232)
06-09 18:09:06.646 1306 1533 W System.err: at com.android.okhttp.internal.huc.HttpURLConnectionImpl.execute(HttpURLConnectionImpl.java:465)
06-09 18:09:06.646 1306 1533 W System.err: at com.android.okhttp.internal.huc.HttpURLConnectionImpl.getResponse(HttpURLConnectionImpl.java:411)
06-09 18:09:06.646 1306 1533 W System.err: at com.android.okhttp.internal.huc.HttpURLConnectionImpl.getResponseCode(HttpURLConnectionImpl.java:542)
06-09 18:09:06.647 1306 1533 W System.err: at com.dangbei.statistics.UtilCommon.networkGetIp(UtilCommon.java:826)
06-09 18:09:06.647 1306 1533 W System.err: at com.dangbei.statistics.UtilCommon$1.accept(UtilCommon.java:807)
06-09 18:09:06.647 1306 1533 W System.err: at com.dangbei.statistics.UtilCommon$1.accept(UtilCommon.java:803)
06-09 18:09:06.647 1306 1533 W System.err: at io.reactivex.internal.operators.observable.ObservableDoOnEach$DoOnEachObserver.onNext(ObservableDoOnEach.java:93)
06-09 18:09:06.647 1306 1533 W System.err: at io.reactivex.internal.operators.observable.ObservableObserveOn$ObserveOnObserver.drainNormal(ObservableObserveOn.java:201)
06-09 18:09:06.647 1306 1533 W System.err: at io.reactivex.internal.operators.observable.ObservableObserveOn$ObserveOnObserver.run(ObservableObserveOn.java:255)
06-09 18:09:06.647 1306 1533 W System.err: at io.reactivex.internal.schedulers.ScheduledRunnable.run(ScheduledRunnable.java:66)
06-09 18:09:06.647 1306 1533 W System.err: at io.reactivex.internal.schedulers.ScheduledRunnable.call(ScheduledRunnable.java:57)
06-09 18:09:06.647 1306 1533 W System.err: at java.util.concurrent.FutureTask.run(FutureTask.java:266)
06-09 18:09:06.683 1306 1533 W System.err: at java.util.concurrent.ScheduledThreadPoolExecutor$ScheduledFutureTask.run(ScheduledThreadPoolExecutor.java:301)
06-09 18:09:06.683 1306 1533 W System.err: at java.util.concurrent.ThreadPoolExecutor.runWorker(ThreadPoolExecutor.java:1167)
06-09 18:09:06.683 1306 1533 W System.err: at java.util.concurrent.ThreadPoolExecutor$Worker.run(ThreadPoolExecutor.java:641)
06-09 18:09:06.683 1306 1533 W System.err: at java.lang.Thread.run(Thread.java:920)
06-09 18:09:06.684 1306 1533 W System.err: Caused by: android.system.GaiException: android_getaddrinfo failed: EAI_NODATA (No address associated with hostname)
06-09 18:09:06.684 1306 1533 W System.err: at libcore.io.Linux.android_getaddrinfo(Native Method)
06-09 18:09:06.684 1306 1533 W System.err: at libcore.io.ForwardingOs.android_getaddrinfo(ForwardingOs.java:136)
06-09 18:09:06.684 1306 1533 W System.err: at libcore.io.BlockGuardOs.android_getaddrinfo(BlockGuardOs.java:221)
06-09 18:09:06.684 1306 1533 W System.err: at libcore.io.ForwardingOs.android_getaddrinfo(ForwardingOs.java:136)
06-09 18:09:06.684 1306 1533 W System.err: at java.net.Inet6AddressImpl.lookupHostByName(Inet6AddressImpl.java:135)
06-09 18:09:06.684 1306 1533 W System.err: ... 27 more
06-09 18:09:06.702 475 570 D CompatibilityChangeReporter: Compat change id reported: 168419799; UID 10031; state: DISABLED
06-09 18:09:06.730 1527 1527 D CompatibilityChangeReporter: Compat change id reported: 171979766; UID 10031; state: ENABLED
06-09 18:09:06.772 1089 1333 W SQLiteLog: (28) double-quoted string literal: "1749462968508"
06-09 18:09:06.772 1089 1333 W SQLiteLog: (28) double-quoted string literal: "0"
06-09 18:09:06.772 1089 1333 W SQLiteLog: (28) double-quoted string literal: ""
06-09 18:09:06.772 1089 1333 W SQLiteLog: (28) double-quoted string literal: ""
06-09 18:09:06.772 1089 1333 W SQLiteLog: (28) double-quoted string literal: "205CD117ACBA36DFD79211B5AFC05FEB"
06-09 18:09:06.813 1306 1306 W bei.lerad.rock: Class com.iflytek.aiui.AIUIAgent failed lock verification and will run slower.
06-09 18:09:06.813 1306 1306 W bei.lerad.rock: Common causes for lock verification issues are non-optimized dex code
06-09 18:09:06.813 1306 1306 W bei.lerad.rock: and incorrect proguard optimizations.
06-09 18:09:06.826 475 570 W InputManager-JNI: Input channel object 'af9f99b com.android.tv.settings/com.android.tv.settings.system.FallbackHome (client)' was disposed without first being removed with the input manager!
06-09 18:09:06.841 1306 1306 I AiuiEngine: create aiui agent
06-09 18:09:06.841 1306 1306 D RockyVoice_AiUiDelegate: 初始化成功
06-09 18:09:06.849 1525 1525 D CompatibilityChangeReporter: Compat change id reported: 171979766; UID 1000; state: ENABLED
06-09 18:09:06.853 1026 1327 I MediaProvider: Scanned internal due to REASON_MOUNTED, found 5 items in 1827ms, 0 inserts 0 updates 0 deletes
06-09 18:09:06.877 1306 1306 D RockyNetMessageUtil: initTipsList tipEntity = null isRequestTipSuccess = false
06-09 18:09:06.884 1026 1327 W ModernMediaScanner: Failed to visit /oem/media: java.nio.file.NoSuchFileException: /oem/media
06-09 18:09:06.885 1306 1567 W bei.lerad.rock: Class com.iflytek.aiui.utils.c failed lock verification and will run slower.
06-09 18:09:06.888 1026 1327 I MediaProvider: Scanned internal due to REASON_MOUNTED, found 0 items in 6ms, 0 inserts 0 updates 0 deletes
06-09 18:09:06.904 1306 1567 W bei.lerad.rock: Class com.iflytek.aiui.utils.l failed lock verification and will run slower.
06-09 18:09:06.923 1306 1306 D RockyNetMessageUtil: initMediaControlPage pageEntity = null isRequestPageControlSuccess = false
06-09 18:09:06.924 1306 1578 D XHttpObservable: handleRequest: start https://tyapi.qun7.com/v1/voice/getsoundshowmsg ,,, isCache = false
06-09 18:09:06.941 1525 1525 V GraphicsEnvironment: ANGLE Developer option for 'com.android.dynsystem' set to: 'default'
06-09 18:09:06.941 1525 1525 V GraphicsEnvironment: Neither updatable production driver nor prerelease driver is supported.
06-09 18:09:06.944 1306 1580 D XHttpObservable: handleRequest: start https://tyapi.qun7.com/v1/voice/getResponseControlPage ,,, isCache = false
06-09 18:09:06.946 1525 1525 D NetworkSecurityConfig: No Network Security Config specified, using platform default
06-09 18:09:06.947 1525 1525 D NetworkSecurityConfig: No Network Security Config specified, using platform default
06-09 18:09:06.960 475 751 D WifiNl80211Manager: Scan result ready event
06-09 18:09:06.960 475 751 D WifiNative: Scan result ready event
06-09 18:09:06.956 1306 1306 I com.dangbei.lerad.rocky: type=1400 audit(0.0:485): avc: denied { read } for comm=5278546872656164204E4554202331 name="address" dev="sysfs" ino=27449 scontext=u:r:system_app:s0 tcontext=u:object_r:sysfs:s0 tclass=file permissive=1
06-09 18:09:06.956 1306 1306 I com.dangbei.lerad.rocky: type=1400 audit(0.0:486): avc: denied { open } for comm=5278546872656164204E4554202331 path="/sys/devices/platform/unisoc_wifi/net/wlan1/address" dev="sysfs" ino=27449 scontext=u:r:system_app:s0 tcontext=u:object_r:sysfs:s0 tclass=file permissive=1
06-09 18:09:06.956 1306 1306 I com.dangbei.lerad.rocky: type=1400 audit(0.0:487): avc: denied { getattr } for comm=5278546872656164204E4554202331 path="/sys/devices/platform/unisoc_wifi/net/wlan1/address" dev="sysfs" ino=27449 scontext=u:r:system_app:s0 tcontext=u:object_r:sysfs:s0 tclass=file permissive=1
06-09 18:09:06.968 1527 1527 I gedprovisioning: type=1400 audit(0.0:488): avc: denied { search } for name="com.android.managedprovisioning" dev="mmcblk0p25" ino=1063 scontext=u:r:platform_app:s0:c512,c768 tcontext=u:object_r:app_data_file:s0:c512,c768 tclass=dir permissive=1 app=com.android.managedprovisioning
06-09 18:09:06.977 1527 1527 V GraphicsEnvironment: ANGLE Developer option for 'com.android.managedprovisioning' set to: 'default'
06-09 18:09:06.978 1527 1527 V GraphicsEnvironment: Neither updatable production driver nor prerelease driver is supported.
06-09 18:09:06.981 1527 1527 D NetworkSecurityConfig: No Network Security Config specified, using platform default
06-09 18:09:06.982 1527 1527 D NetworkSecurityConfig: No Network Security Config specified, using platform default
06-09 18:09:06.983 1525 1525 D DynamicSystemInstallationService: onStartCommand(): action=android.os.image.action.NOTIFY_IF_IN_USE
06-09 18:09:06.992 475 816 I DynamicSystemService: isInstalled(): false
06-09 18:09:07.009 1306 1306 W SoundPool: Use of stream types is deprecated for operations other than volume control
06-09 18:09:07.009 1306 1306 W SoundPool: See the documentation of SoundPool() for what to use instead with android.media.AudioAttributes to qualify your playback use case
06-09 18:09:07.036 1518 1518 I net_disconnect.: type=1400 audit(0.0:489): avc: denied { execute } for name="rgb_led_ctl" dev="dm-1" ino=188 scontext=u:r:init:s0 tcontext=u:object_r:vendor_file:s0 tclass=file permissive=1
06-09 18:09:07.034 33 33 I binder : undelivered transaction 25793, process died.
06-09 18:09:07.038 1527 1527 I CarUiInstaller: CarUiInstaller started for com.android.managedprovisioning
06-09 18:09:07.077 475 498 D CompatibilityChangeReporter: Compat change id reported: 168419799; UID 10016; state: DISABLED
06-09 18:09:07.081 1436 1436 D NetworkSecurityConfig: No Network Security Config specified, using platform default
06-09 18:09:07.088 475 498 D CompatibilityChangeReporter: Compat change id reported: 135634846; UID 10055; state: DISABLED
06-09 18:09:07.089 475 498 D CompatibilityChangeReporter: Compat change id reported: 177438394; UID 10055; state: DISABLED
06-09 18:09:07.089 475 498 D CompatibilityChangeReporter: Compat change id reported: 135772972; UID 10055; state: DISABLED
06-09 18:09:07.089 475 498 D CompatibilityChangeReporter: Compat change id reported: 135754954; UID 10055; state: ENABLED
06-09 18:09:07.090 475 537 D CompatibilityChangeReporter: Compat change id reported: 143937733; UID 10055; state: ENABLED
06-09 18:09:07.108 1306 1306 D RockyReceiver: action: android.net.wifi.WIFI_STATE_CHANGED
06-09 18:09:07.113 475 816 E ConnectivityService: Exception = android.content.pm.PackageManager$NameNotFoundException: android.net.cts
06-09 18:09:07.117 241 241 D Zygote : Forked child process 1600
06-09 18:09:07.122 475 537 I ActivityManager: app.processName = com.android.onetimeinitializer
06-09 18:09:07.122 475 537 I ActivityManager: Start proc 1600:com.android.onetimeinitializer/u0a55 for broadcast {com.android.onetimeinitializer/com.android.onetimeinitializer.OneTimeInitializerReceiver}
06-09 18:09:07.133 1600 1600 I Zygote : seccomp disabled by setenforce 0
06-09 18:09:07.169 1089 1333 W SQLiteLog: (28) double-quoted string literal: "B09742584B2AA7ABACF69A4A2C8F156B"
06-09 18:09:07.169 1089 1333 W SQLiteLog: (28) double-quoted string literal: ""
06-09 18:09:07.170 1089 1333 W SQLiteLog: (28) double-quoted string literal: "B09742584B2AA7ABACF69A4A2C8F156B"
06-09 18:09:07.170 1089 1333 W SQLiteLog: (28) double-quoted string literal: "-1"
06-09 18:09:07.176 371 392 I adbd : jdwp connection from 1600
06-09 18:09:07.180 1089 1333 D MobclickAgent: 创建新会话: B09742584B2AA7ABACF69A4A2C8F156B
06-09 18:09:07.198 475 498 D CompatibilityChangeReporter: Compat change id reported: 168419799; UID 10055; state: DISABLED
06-09 18:09:07.207 1600 1600 D CompatibilityChangeReporter: Compat change id reported: 171979766; UID 10055; state: ENABLED
06-09 18:09:07.223 1306 1320 W System : A resource failed to call close.
06-09 18:09:07.231 1089 1089 E hq : NetWorkStateReceiver:::NetWorkStateReceiver onReceive: 网络变化广播 >>>> intent.action=android.net.wifi.SCAN_RESULTS
06-09 18:09:07.247 656 656 E WifiHAL : wifi_get_link_stats: requestResponse Error:-5
06-09 18:09:07.249 475 607 E WifiVendorHal: getWifiLinkLayerStats_1_5_Internal(l.1191) failed {.code = ERROR_INVALID_ARGS, .description = }
06-09 18:09:07.280 1600 1600 D nativeloader: classloader namespace configured for unbundled product apk. library_path=/product/priv-app/OneTimeInitializer/lib/arm:/product/lib:/system/product/lib
06-09 18:09:07.378 1600 1600 V GraphicsEnvironment: ANGLE Developer option for 'com.android.onetimeinitializer' set to: 'default'
06-09 18:09:07.378 1600 1600 V GraphicsEnvironment: Neither updatable production driver nor prerelease driver is supported.
06-09 18:09:07.381 1600 1600 D NetworkSecurityConfig: No Network Security Config specified, using platform default
06-09 18:09:07.382 1600 1600 D NetworkSecurityConfig: No Network Security Config specified, using platform default
06-09 18:09:07.389 1600 1600 V OneTimeInitializerReceiver: OneTimeInitializerReceiver.onReceive
06-09 18:09:07.418 475 816 I ActivityManager: com.android.packageinstaller is exempt from freezer
06-09 18:09:07.418 475 816 D CompatibilityChangeReporter: Compat change id reported: 135634846; UID 1000; state: DISABLED
06-09 18:09:07.449 241 241 D Zygote : Forked child process 1646
06-09 18:09:07.458 1123 1123 D aaa : LedStatusService onStartCommand begin
06-09 18:09:07.461 1123 1647 D aaa : topPkg is -------------- :com.dangbei.leard.leradlauncher
06-09 18:09:07.467 1646 1646 I Zygote : seccomp disabled by setenforce 0
06-09 18:09:07.471 475 537 W ActivityManager: Slow operation: 54ms so far, now at startProcess: done updating battery stats
06-09 18:09:07.471 475 537 W ActivityManager: Slow operation: 55ms so far, now at startProcess: building log message
06-09 18:09:07.472 475 537 I ActivityManager: app.processName = com.android.packageinstaller
06-09 18:09:07.472 475 537 I ActivityManager: Start proc 1646:com.android.packageinstaller/1000 for broadcast {com.android.packageinstaller/com.android.packageinstaller.TemporaryFileManager}
06-09 18:09:07.472 475 537 W ActivityManager: Slow operation: 55ms so far, now at startProcess: starting to update pids map
06-09 18:09:07.472 475 537 W ActivityManager: Slow operation: 56ms so far, now at startProcess: done updating pids map
06-09 18:09:07.487 1089 1107 I d.leradlaunche: Background concurrent copying GC freed 63905(7886KB) AllocSpace objects, 34(1000KB) LOS objects, 49% free, 7071KB/13MB, paused 17.291ms total 759.881ms
06-09 18:09:07.492 1169 1169 D bbb : onStartCommand begin !!!!!!! data分区剩余 24711MB
06-09 18:09:07.507 1089 1109 W System : A resource failed to call close.
06-09 18:09:07.514 475 751 D CompatibilityChangeReporter: Compat change id reported: 171306433; UID 1000; state: ENABLED
06-09 18:09:07.528 371 392 I adbd : jdwp connection from 1646
06-09 18:09:07.541 475 518 W IorapForwardingService: No service published for: iorapd
06-09 18:09:07.548 475 751 D CompatibilityChangeReporter: Compat change id reported: 168419799; UID 1000; state: DISABLED
06-09 18:09:07.553 475 607 W UnsafeUtil: platform method missing - proto runtime falling back to safer methods: java.lang.NoSuchMethodException: sun.misc.Unsafe.copyMemory [class java.lang.Object, long, class java.lang.Object, long, long]
06-09 18:09:07.555 816 816 W audit : audit_lost=98 audit_rate_limit=5 audit_backlog_limit=64
06-09 18:09:07.555 816 816 E audit : rate limit exceeded
06-09 18:09:07.565 1646 1646 D CompatibilityChangeReporter: Compat change id reported: 171979766; UID 1000; state: ENABLED
06-09 18:09:07.695 1089 1290 D AppManager: checkLocalAppsIsValid:
06-09 18:09:07.696 475 607 D WifiScoreReport: setShouldReduceNetworkScore=false mNetworkAgent is null? true
06-09 18:09:07.696 475 607 D WifiClientModeImpl[wlan0]: CMD_START_CONNECT my state DisconnectedState nid=0 roam=false
06-09 18:09:07.699 1089 1089 W eventbuscore: post Event:com.dangbei.leard.base.entity.event.NetWifiRssiEvent
06-09 18:09:07.735 475 607 W LastMileLogger: Failed to open free_buffer pseudo-file: /sys/kernel/debug/tracing/instances/wifi/free_buffer: open failed: ENOENT (No such file or directory)
06-09 18:09:07.736 475 607 W LastMileLogger: Failed to arm fail-safe.
06-09 18:09:07.744 475 607 I WifiClientModeImpl[wlan0]: Connecting with b4:2f:03:15:e8:b9 as the mac address
06-09 18:09:07.745 356 356 W wificond: Scan is not started. Ignore abort request
06-09 18:09:07.745 475 607 D SupplicantStaIfaceHal: connectToNetwork "DZNB"WPA_PSK
06-09 18:09:07.748 475 607 I SupplicantStaIfaceHal: addSupplicantStaNetwork via HIDL
06-09 18:09:07.790 475 607 D SupplicantStaNetworkHal: The target security params: Security Parameters:
06-09 18:09:07.790 475 607 D SupplicantStaNetworkHal: Type: 2
06-09 18:09:07.790 475 607 D SupplicantStaNetworkHal: Enabled: true
06-09 18:09:07.790 475 607 D SupplicantStaNetworkHal: KeyMgmt: WPA_PSK
06-09 18:09:07.790 475 607 D SupplicantStaNetworkHal: Protocols: WPA RSN
06-09 18:09:07.790 475 607 D SupplicantStaNetworkHal: AuthAlgorithms:
06-09 18:09:07.790 475 607 D SupplicantStaNetworkHal: PairwiseCiphers: TKIP CCMP
06-09 18:09:07.790 475 607 D SupplicantStaNetworkHal: GroupCiphers: WEP40 WEP104 TKIP CCMP
06-09 18:09:07.790 475 607 D SupplicantStaNetworkHal: GroupMgmtCiphers:
06-09 18:09:07.790 475 607 D SupplicantStaNetworkHal: SuiteBCiphers:
06-09 18:09:07.790 475 607 D SupplicantStaNetworkHal: RequirePmf: false
06-09 18:09:07.790 475 607 D SupplicantStaNetworkHal: IsAddedByAutoUpgrade: false
06-09 18:09:07.790 475 607 D SupplicantStaNetworkHal: IsSaeH2eOnlyMode: false
06-09 18:09:07.790 475 607 D SupplicantStaNetworkHal: IsSaePkOnlyMode: false
06-09 18:09:07.818 1646 1646 V GraphicsEnvironment: ANGLE Developer option for 'com.android.packageinstaller' set to: 'default'
06-09 18:09:07.819 1646 1646 V GraphicsEnvironment: Neither updatable production driver nor prerelease driver is supported.
06-09 18:09:07.834 1646 1646 D NetworkSecurityConfig: No Network Security Config specified, using platform default
06-09 18:09:07.836 1646 1646 D NetworkSecurityConfig: No Network Security Config specified, using platform default
06-09 18:09:07.857 1089 1558 D hq : NetWorkStateReceiver:::检查网络,并且持续更新 isConnect=false
06-09 18:09:07.865 1089 1403 E hq : ErrorCoroutineExceptionHandler:::runTry error:java.net.UnknownHostException: Unable to resolve host "ottdbui-tyapiqun7.yysh.mgtv.com": No address associated with hostname from=requestAppAdInfo
06-09 18:09:07.867 475 498 D CompatibilityChangeReporter: Compat change id reported: 135634846; UID 10073; state: DISABLED
06-09 18:09:07.867 475 498 D CompatibilityChangeReporter: Compat change id reported: 177438394; UID 10073; state: DISABLED
