06-09 18:09:47.639 475 607 E WifiVendorHal: getWifiLinkLayerStats_1_5_Internal(l.1191) failed {.code = ERROR_INVALID_ARGS, .description = }
06-09 18:09:47.659 475 518 W IorapForwardingService: No service published for: iorapd
06-09 18:09:47.808 320 2664 D XM_HIDREAD: poll ret=1, event=1
06-09 18:09:47.809 320 2664 D XM_HIDREAD: [9 bytes]:01 00 00 28 00 00 00 00 00
06-09 18:09:47.809 475 595 D TvWindowManager: key event key = KEYCODE_DPAD_CENTER down = true
06-09 18:09:47.818 475 594 D GpioService: mFlickerEnable = true
06-09 18:09:47.909 320 2664 D XM_HIDREAD: poll ret=1, event=1
06-09 18:09:47.909 320 2664 D XM_HIDREAD: [9 bytes]:01 00 00 00 00 00 00 00 00
06-09 18:09:47.909 475 595 D TvWindowManager: key event key = KEYCODE_DPAD_CENTER down = false
06-09 18:09:47.959 475 594 D GpioService: mFlickerEnable = true
06-09 18:09:47.960 2051 2051 I SogouIME: onKeyDown: keyoCode=23
06-09 18:09:47.961 2051 2051 I DefaultIMS: onKeyDown: keyoCode=23
06-09 18:09:47.964 2051 2051 I SogouIME: onKeyUp: keyoCode=23
06-09 18:09:47.964 2051 2051 I DefaultIMS: onKeyUp: keyoCode=23
06-09 18:09:47.982 1089 1089 W ContextImpl: Calling a method in the system process without a qualified user: android.app.ContextImpl.startActivity:1055 android.content.ContextWrapper.startActivity:411 je.b.f:119 je.a.b:75 he.a.c:71
06-09 18:09:47.983 1089 1089 W ContextImpl: Calling a method in the system process without a qualified user: android.app.ContextImpl.startActivity:1067 android.app.ContextImpl.startActivity:1056 android.content.ContextWrapper.startActivity:411 je.b.f:119 je.a.b:75
06-09 18:09:47.987 475 816 I ActivityStarter: ---START u0 {act=android.intent.action.MAIN cat=[android.intent.category.LAUNCHER] flg=0x10000000 pkg=com.dangbei.screencast cmp=com.dangbei.screencast/.applist.AppListActivity} from uid 1000
06-09 18:09:47.994 475 816 W ActivityTaskManager: Can't find TaskDisplayArea to determine support for multi window. Task id=64 attached=false
06-09 18:09:48.000 475 816 D CompatibilityChangeReporter: Compat change id reported: 174042980; UID 10013; state: DISABLED
06-09 18:09:48.000 475 816 D CompatibilityChangeReporter: Compat change id reported: 184838306; UID 10013; state: DISABLED
06-09 18:09:48.002 475 816 D CompatibilityChangeReporter: Compat change id reported: 185004937; UID 10013; state: DISABLED
06-09 18:09:48.002 475 816 D CompatibilityChangeReporter: Compat change id reported: 181136395; UID 10013; state: DISABLED
06-09 18:09:48.003 475 816 D CompatibilityChangeReporter: Compat change id reported: 174042936; UID 10013; state: DISABLED
06-09 18:09:48.007 258 258 I AW_PowerHAL: Power setMode: LAUNCH to: 1
06-09 18:09:48.009 475 816 V SplashScreenExceptionList: SplashScreen checking exception for package com.dangbei.screencast (target sdk:28) -> false
06-09 18:09:48.015 669 842 D StartingSurfaceDrawer: addSplashScreen com.dangbei.screencast theme=7f13000a task=64 suggestType=3
06-09 18:09:48.022 475 520 D CompatibilityChangeReporter: Compat change id reported: 158002302; UID 1000; state: ENABLED
06-09 18:09:48.024 2291 2291 I cling--ap-3: type=1400 audit(0.0:1011): avc: denied { read } for name="address" dev="sysfs" ino=16906 scontext=u:r:platform_app:s0:c512,c768 tcontext=u:object_r:sysfs_net:s0 tclass=file permissive=1 app=com.dangbei.screencast
06-09 18:09:48.028 2291 2291 I cling--ap-3: type=1400 audit(0.0:1012): avc: denied { open } for path="/sys/devices/virtual/net/dummy0/address" dev="sysfs" ino=16906 scontext=u:r:platform_app:s0:c512,c768 tcontext=u:object_r:sysfs_net:s0 tclass=file permissive=1 app=com.dangbei.screencast
06-09 18:09:48.028 2291 2291 I cling--ap-3: type=1400 audit(0.0:1013): avc: denied { getattr } for path="/sys/devices/virtual/net/dummy0/address" dev="sysfs" ino=16906 scontext=u:r:platform_app:s0:c512,c768 tcontext=u:object_r:sysfs_net:s0 tclass=file permissive=1 app=com.dangbei.screencast
06-09 18:09:48.032 669 842 D StartingSurfaceDrawer: addSplashScreen: creating context based on task Configuration {1.0 ?mcc?mnc [zh_CN] ldltr sw720dp w1280dp h696dp 240dpi lrg long land television -touch qwerty/v/v dpad/v winConfig={ mBounds=Rect(0, 0 - 1920, 1080) mAppBounds=Rect(0, 0 - 1920, 1080) mMaxBounds=Rect(0, 0 - 1920, 1080) mWindowingMode=fullscreen mDisplayWindowingMode=fullscreen mActivityType=standard mAlwaysOnTop=undefined mRotation=ROTATION_0} s.1 fontWeightAdjustment=0} for splash screen
06-09 18:09:48.037 475 816 D AW_CODE : rotation =0
06-09 18:09:48.051 258 258 I AW_PowerHAL: cur-mode:LAUNCH
06-09 18:09:48.056 2291 2291 D AndroidAutoSize: initScaledDensity = 1.5 on ConfigurationChanged
06-09 18:09:48.079 271 271 I BpBinder: onLastStrongRef automatically unlinking death recipients:
06-09 18:09:48.089 669 842 D StartingSurfaceDrawer: addSplashScreen: apply overrideConfig{1.0 ?mcc?mnc [zh_CN] ldltr sw720dp w1280dp h696dp 240dpi lrg long land television -touch qwerty/v/v dpad/v winConfig={ mBounds=Rect(0, 0 - 1920, 1080) mAppBounds=Rect(0, 0 - 1920, 1080) mMaxBounds=Rect(0, 0 - 1920, 1080) mWindowingMode=fullscreen mDisplayWindowingMode=fullscreen mActivityType=standard mAlwaysOnTop=undefined mRotation=ROTATION_0} s.1 fontWeightAdjustment=0} to starting window resId=2131689484
06-09 18:09:48.094 669 843 D StartingSurfaceDrawer: window attributes color: 0 icon null duration 0 brandImage null
06-09 18:09:48.104 1089 1089 E SecondScreen: isShowSecondScreen()=1 getCurrentPageState()=com.monster.gamma.core.LoadService@80227e5
06-09 18:09:48.104 1089 1089 E SecondScreen: isShowSecondScreen()=1 getCurrentPageState()=com.monster.gamma.core.LoadService@80227e5
06-09 18:09:48.143 669 843 W System : ClassLoader referenced unknown path:
06-09 18:09:48.153 669 843 D SplashScreenView: Build android.window.SplashScreenView{1340e3f V.E...... ......ID 0,0-0,0}
06-09 18:09:48.153 669 843 D SplashScreenView: Icon: view: null drawable: null size: 0
06-09 18:09:48.153 669 843 D SplashScreenView: Branding: view: android.view.View{33b730c G.ED..... ......I. 0,0-0,0 #10204a6 android:id/splashscreen_branding_view} drawable: null size w: 0 h: 0
06-09 18:09:48.153 669 843 D StartingSurfaceDrawer: fillViewWithIcon surfaceWindowView android.window.SplashScreenView{1340e3f V.E...... ......ID 0,0-0,0}
06-09 18:09:48.160 669 669 D TvPipController: onTaskStackChanged()
06-09 18:09:48.162 1089 1333 W SQLiteLog: (28) double-quoted string literal: "
06-09 18:09:48.162 1089 1333 W SQLiteLog: (28) double-quoted string literal: "B09742584B2AA7ABACF69A4A2C8F156B"
06-09 18:09:48.188 669 669 I RenderThread: type=1400 audit(0.0:1014): avc: denied { open } for path="/data/user_de/0/com.android.systemui/code_cache/com.android.skia.shaders_cache" dev="mmcblk0p25" ino=3997 scontext=u:r:platform_app:s0:c512,c768 tcontext=u:object_r:app_data_file:s0:c512,c768 tclass=file permissive=1 app=com.softwinner.screenshot
06-09 18:09:48.197 271 527 E HWComposer: getSupportedContentTypes: getSupportedContentTypes failed for display 0: Unsupported (8)
06-09 18:09:48.203 254 254 I gralloc : alloc buffer:W:1920 H:1080 S:1920 PL[1920 1080] SZ:8294400 fmt:1 if:0 af:1 usg:20000b00 fg:00000004
06-09 18:09:48.203 2291 2291 D AndroidAutoSize: com.dangbei.screencast.applist.AppListActivity used the global configuration.
06-09 18:09:48.204 2291 2291 D AndroidAutoSize: The com.dangbei.screencast.applist.AppListActivity has been adapted!
06-09 18:09:48.204 2291 2291 D AndroidAutoSize: AppListActivity Info: isBaseOnWidth = true, designWidthInDp = 1920.000000, designWidthInSubunits = 1920.000000, targetDensity = 1.000000, targetScaledDensity = 1.000000, targetDensityDpi = 160, targetXdpi = 1.000000, targetScreenWidthDp = 1920, targetScreenHeightDp = 1044
06-09 18:09:48.205 254 254 I gralloc : alloc buffer:W:1920 H:1080 S:1920 PL[1920 1080] SZ:8294400 fmt:1 if:0 af:1 usg:20000b00 fg:00000004
06-09 18:09:48.207 254 254 I gralloc : alloc buffer:W:1920 H:1080 S:1920 PL[1920 1080] SZ:8294400 fmt:1 if:0 af:1 usg:20000b00 fg:00000004
06-09 18:09:48.442 2291 2304 I gbei.screencas: Background concurrent copying GC freed 31510(2421KB) AllocSpace objects, 15(444KB) LOS objects, 49% free, 12MB/25MB, paused 172us total 142.483ms
06-09 18:09:48.532 475 577 I ActivityStarter: ---START u0 {cmp=com.dangbei.screencast/.settings.AgreementActivity} from uid 10013
06-09 18:09:48.603 2291 2291 D AndroidAutoSize: com.dangbei.screencast.applist.AppListActivity used the global configuration.
06-09 18:09:48.604 2291 2291 D AndroidAutoSize: The com.dangbei.screencast.applist.AppListActivity has been adapted!
06-09 18:09:48.604 2291 2291 D AndroidAutoSize: AppListActivity Info: isBaseOnWidth = true, designWidthInDp = 1920.000000, designWidthInSubunits = 1920.000000, targetDensity = 1.000000, targetScaledDensity = 1.000000, targetDensityDpi = 160, targetXdpi = 1.000000, targetScreenWidthDp = 1920, targetScreenHeightDp = 1044
06-09 18:09:48.610 2291 2291 I crashsdk: Unexp log not enabled, skip update unexp info!
06-09 18:09:48.616 2291 2291 I work_thread: type=1400 audit(0.0:1015): avc: denied { ioctl } for path="/data/user/0/com.dangbei.screencast/databases/ua.db" dev="mmcblk0p25" ino=8267 ioctlcmd=0xf50c scontext=u:r:platform_app:s0:c512,c768 tcontext=u:object_r:app_data_file:s0:c512,c768 tclass=file permissive=1 app=com.dangbei.screencast
06-09 18:09:48.616 2291 2291 I work_thread: type=1400 audit(0.0:1016): avc: denied { lock } for path="/data/user/0/com.dangbei.screencast/databases/ua.db" dev="mmcblk0p25" ino=8267 scontext=u:r:platform_app:s0:c512,c768 tcontext=u:object_r:app_data_file:s0:c512,c768 tclass=file permissive=1 app=com.dangbei.screencast
06-09 18:09:48.629 2362 2362 W audit : audit_lost=527 audit_rate_limit=5 audit_backlog_limit=64
06-09 18:09:48.629 2362 2362 E audit : rate limit exceeded
06-09 18:09:48.616 2291 2291 I work_thread: type=1400 audit(0.0:1017): avc: denied { write } for name="databases" dev="mmcblk0p25" ino=8232 scontext=u:r:platform_app:s0:c512,c768 tcontext=u:object_r:app_data_file:s0:c512,c768 tclass=dir permissive=1 app=com.dangbei.screencast
06-09 18:09:48.641 475 2790 W WindowManager: Failed looking up window session=Session{b1928cd 2291:u0a10013} callers=com.android.server.wm.WindowManagerService.windowForClientLocked:5702 com.android.server.wm.Session.insetsModified:629 android.view.IWindowSession$Stub.onTransact:1151
06-09 18:09:48.655 475 577 W ActivityTaskManager: Tried to set launchTime (0) < mLastActivityLaunchTime (66971)
06-09 18:09:48.656 475 577 D AW_CODE : rotation =0
06-09 18:09:48.660 475 518 W IorapForwardingService: No service published for: iorapd
06-09 18:09:48.703 475 520 D CompatibilityChangeReporter: Compat change id reported: 158002302; UID 10013; state: ENABLED
06-09 18:09:48.704 271 327 W ServiceManager: Permission failure: android.permission.ACCESS_SURFACE_FLINGER from uid=10013 pid=2291
06-09 18:09:48.704 271 327 D PermissionCache: checking android.permission.ACCESS_SURFACE_FLINGER for uid=10013 => denied (449 us)
06-09 18:09:48.705 271 327 W ServiceManager: Permission failure: android.permission.ROTATE_SURFACE_FLINGER from uid=10013 pid=2291
06-09 18:09:48.705 271 327 D PermissionCache: checking android.permission.ROTATE_SURFACE_FLINGER for uid=10013 => denied (172 us)
06-09 18:09:48.712 184 184 I hwservicemanager: getTransport: Cannot find entry android.hardware.configstore@1.0::ISurfaceFlingerConfigs/default in either framework or device VINTF manifest.
06-09 18:09:48.733 271 327 E HWComposer: getSupportedContentTypes: getSupportedContentTypes failed for display 0: Unsupported (8)
06-09 18:09:48.735 184 184 I hwservicemanager: getTransport: Cannot find entry android.hardware.graphics.mapper@4.0::IMapper/default in either framework or device VINTF manifest.
06-09 18:09:48.736 2291 2878 I Gralloc4: mapper 4.x is not supported
06-09 18:09:48.736 184 184 I hwservicemanager: getTransport: Cannot find entry android.hardware.graphics.mapper@3.0::IMapper/default in either framework or device VINTF manifest.
06-09 18:09:48.736 2291 2878 W Gralloc3: mapper 3.x is not supported
06-09 18:09:48.740 2291 2878 E gralloc : Arm Module v1.0
06-09 18:09:48.741 184 184 I hwservicemanager: getTransport: Cannot find entry android.hardware.graphics.allocator@4.0::IAllocator/default in either framework or device VINTF manifest.
06-09 18:09:48.742 2291 2878 W Gralloc4: allocator 4.x is not supported
06-09 18:09:48.742 184 184 I hwservicemanager: getTransport: Cannot find entry android.hardware.graphics.allocator@3.0::IAllocator/default in either framework or device VINTF manifest.
06-09 18:09:48.742 2291 2878 W Gralloc3: allocator 3.x is not supported
06-09 18:09:48.743 254 254 I gralloc : alloc buffer:W:1920 H:1080 S:1920 PL[1920 1080] SZ:8294400 fmt:1 if:0 af:1 usg:20000b00 fg:00000004
06-09 18:09:48.744 2291 2878 E ion : ioctl c0044901 failed with code -1: Inappropriate ioctl for device
06-09 18:09:48.745 254 254 I gralloc : alloc buffer:W:1920 H:1080 S:1920 PL[1920 1080] SZ:8294400 fmt:1 if:0 af:1 usg:20000b00 fg:00000004
06-09 18:09:48.746 254 254 I gralloc : alloc buffer:W:1920 H:1080 S:1920 PL[1920 1080] SZ:8294400 fmt:1 if:0 af:1 usg:20000b00 fg:00000004
06-09 18:09:48.764 669 669 D TvPipController: onTaskStackChanged()
06-09 18:09:49.007 2291 2291 E z : isUsbCastSupport getModel:DBBOX-A2
06-09 18:09:49.021 2291 2291 D AndroidAutoSize: com.dangbei.screencast.settings.AgreementActivity used the global configuration.
06-09 18:09:49.022 2291 2291 D AndroidAutoSize: The com.dangbei.screencast.settings.AgreementActivity has been adapted!
06-09 18:09:49.022 2291 2291 D AndroidAutoSize: AgreementActivity Info: isBaseOnWidth = true, designWidthInDp = 1920.000000, designWidthInSubunits = 1920.000000, targetDensity = 1.000000, targetScaledDensity = 1.000000, targetDensityDpi = 160, targetXdpi = 1.000000, targetScreenWidthDp = 1920, targetScreenHeightDp = 1044
06-09 18:09:49.058 2291 2291 D AndroidAutoSize: com.dangbei.screencast.settings.AgreementActivity used the global configuration.
06-09 18:09:49.059 2291 2291 D AndroidAutoSize: The com.dangbei.screencast.settings.AgreementActivity has been adapted!
06-09 18:09:49.059 2291 2291 D AndroidAutoSize: AgreementActivity Info: isBaseOnWidth = true, designWidthInDp = 1920.000000, designWidthInSubunits = 1920.000000, targetDensity = 1.000000, targetScaledDensity = 1.000000, targetDensityDpi = 160, targetXdpi = 1.000000, targetScreenWidthDp = 1920, targetScreenHeightDp = 1044
06-09 18:09:49.059 2291 2291 I crashsdk: Unexp log not enabled, skip update unexp info!
06-09 18:09:49.067 475 748 W WindowManager: Failed looking up window session=Session{b1928cd 2291:u0a10013} callers=com.android.server.wm.WindowManagerService.windowForClientLocked:5702 com.android.server.wm.Session.insetsModified:629 android.view.IWindowSession$Stub.onTransact:1151
06-09 18:09:49.339 2291 2291 W View : requestLayout() improperly called by android.widget.FrameLayout{3b39591 V.E...... ......ID 519,90-1319,800 #7f0b014b app:id/fl_guide} during layout: running second layout pass
06-09 18:09:49.423 254 254 I gralloc : alloc buffer:W:1920 H:1080 S:1920 PL[1920 1080] SZ:8294400 fmt:1 if:0 af:1 usg:20000b00 fg:00000004
06-09 18:09:49.424 254 254 I gralloc : alloc buffer:W:1920 H:1080 S:1920 PL[1920 1080] SZ:8294400 fmt:1 if:0 af:1 usg:20000b00 fg:00000004
06-09 18:09:49.425 254 254 I gralloc : alloc buffer:W:1920 H:1080 S:1920 PL[1920 1080] SZ:8294400 fmt:1 if:0 af:1 usg:20000b00 fg:00000004
06-09 18:09:49.491 669 842 D StartingSurfaceDrawer: Task start finish, remove starting surface for task 64
06-09 18:09:49.492 669 842 V StartingSurfaceDrawer: Removing splash screen window for task: 64
06-09 18:09:49.502 475 516 I ActivityTaskManager: +++Displayed com.dangbei.screencast/.settings.AgreementActivity: +1s503ms
06-09 18:09:49.534 258 258 I AW_PowerHAL: Power setMode: LAUNCH to: 0
06-09 18:09:49.535 2051 2051 I DefaultIMS: onStartInput attribute=android.view.inputmethod.EditorInfo@7aa8519 restarting=false inputType: 0
06-09 18:09:49.538 258 258 I AW_PowerHAL: cur-mode:SCHEDUTIL
06-09 18:09:49.595 2291 2291 W Glide : Failed to find GeneratedAppGlideModule. You should include an annotationProcessor compile dependency on com.github.bumptech.glide:compiler in your application and a @GlideModule annotated AppGlideModule implementation or LibraryGlideModules will be silently ignored
06-09 18:09:49.662 475 518 W IorapForwardingService: No service published for: iorapd
06-09 18:09:49.672 2291 2291 I glide-disk-cach: type=1400 audit(0.0:1024): avc: denied { create } for name="image_manager_disk_cache" scontext=u:r:platform_app:s0:c512,c768 tcontext=u:object_r:app_data_file:s0:c512,c768 tclass=dir permissive=1 app=com.dangbei.screencast
06-09 18:09:49.688 2291 2291 I glide-disk-cach: type=1400 audit(0.0:1025): avc: denied { append } for name="journal" dev="mmcblk0p25" ino=9561 scontext=u:r:platform_app:s0:c512,c768 tcontext=u:object_r:app_data_file:s0:c512,c768 tclass=file permissive=1 app=com.dangbei.screencast
06-09 18:09:49.833 475 577 W InputManager-JNI: Input channel object 'ee24388 Splash Screen com.dangbei.screencast (client)' was disposed without first being removed with the input manager!
06-09 18:09:49.872 2291 2304 I gbei.screencas: Background young concurrent copying GC freed 33651(4137KB) AllocSpace objects, 20(1088KB) LOS objects, 20% free, 20MB/25MB, paused 976us total 118.084ms
06-09 18:09:50.653 656 656 E WifiHAL : wifi_get_link_stats: requestResponse Error:-5
06-09 18:09:50.654 475 607 E WifiVendorHal: getWifiLinkLayerStats_1_5_Internal(l.1191) failed {.code = ERROR_INVALID_ARGS, .description = }
06-09 18:09:50.664 475 518 W IorapForwardingService: No service published for: iorapd
06-09 18:09:51.394 2149 2229 I TDLog : [APP] New data found, Submitting...
06-09 18:09:51.404 2149 2229 I TDLog : [APP] Failed to submit data!
06-09 18:09:51.666 475 518 W IorapForwardingService: No service published for: iorapd
06-09 18:09:52.668 475 518 W IorapForwardingService: No service published for: iorapd
06-09 18:09:53.197 2149 2231 D UtilLog : 日志批量上报 进行正常循环 !!!!!!本次有0次请求,共0条数据
06-09 18:09:53.666 656 656 E WifiHAL : wifi_get_link_stats: requestResponse Error:-5
06-09 18:09:53.668 475 607 E WifiVendorHal: getWifiLinkLayerStats_1_5_Internal(l.1191) failed {.code = ERROR_INVALID_ARGS, .description = }
06-09 18:09:53.671 475 518 W IorapForwardingService: No service published for: iorapd
06-09 18:09:54.329 246 290 D audio_hw_primary: out_standby
06-09 18:09:54.674 475 518 W IorapForwardingService: No service published for: iorapd
06-09 18:09:55.645 1123 1123 D aaa : LedStatusService onStartCommand begin
06-09 18:09:55.647 1123 2929 D aaa : topPkg is -------------- :com.dangbei.screencast
06-09 18:09:55.649 1169 1169 D bbb : onStartCommand begin !!!!!!! data分区剩余 24711MB
06-09 18:09:55.676 475 518 W IorapForwardingService: No service published for: iorapd
06-09 18:09:56.678 475 518 W IorapForwardingService: No service published for: iorapd
06-09 18:09:56.685 656 656 E WifiHAL : wifi_get_link_stats: requestResponse Error:-5
06-09 18:09:56.687 475 607 E WifiVendorHal: getWifiLinkLayerStats_1_5_Internal(l.1191) failed {.code = ERROR_INVALID_ARGS, .description = }
06-09 18:09:57.680 475 518 W IorapForwardingService: No service published for: iorapd
06-09 18:09:57.685 475 516 D CompatibilityChangeReporter: Compat change id reported: 168419799; UID 10073; state: DISABLED
06-09 18:09:57.695 1694 2934 I PermissionControllerServiceImpl: Updating user sensitive for user 0
06-09 18:09:58.682 475 518 W IorapForwardingService: No service published for: iorapd
06-09 18:09:59.344 261 284 D hdmi-cec: receive invalid cec message!
06-09 18:09:59.344 261 284 D hdmi-cec: receive poll message [04], skip!
06-09 18:09:59.684 475 518 W IorapForwardingService: No service published for: iorapd
06-09 18:09:59.702 656 656 E WifiHAL : wifi_get_link_stats: requestResponse Error:-5
06-09 18:09:59.704 475 607 E WifiVendorHal: getWifiLinkLayerStats_1_5_Internal(l.1191) failed {.code = ERROR_INVALID_ARGS, .description = }
06-09 18:09:59.902 320 2664 D XM_HIDREAD: poll ret=1, event=1
06-09 18:09:59.902 320 2664 D XM_HIDREAD: [9 bytes]:01 00 00 28 00 00 00 00 00
06-09 18:09:59.902 475 595 D TvWindowManager: key event key = KEYCODE_DPAD_CENTER down = true
06-09 18:09:59.909 475 594 D GpioService: mFlickerEnable = true
06-09 18:09:59.911 246 2747 D audio_hw_primary: start_output_stream out->format : 0x00000000
06-09 18:09:59.911 246 2747 V audio_hw_primary: start_output_stream, line: 1503
06-09 18:09:59.912 246 2747 V audio_hw_primary: use AUDIO_HDMI to playback audio
06-09 18:09:59.912 246 2747 D audio_hw_primary: open card=3, port=0
06-09 18:09:59.912 246 2747 D audio_hw_primary: config:2 44100 960 2 0 5760 1 0
06-09 18:09:59.912 246 2747 D audio_hw_primary: set_raw_flag(card=3, raw_flag=1)
06-09 18:09:59.912 246 2747 D audio_hw_primary: set_raw_flag control_name = audio data format control_value PCM)
06-09 18:09:59.912 246 2747 V audio_hw_primary: do not use out resampler
06-09 18:09:59.934 265 443 D AudioFlinger: mixer(0xf0180400) throttle end: throttle time(10)
06-09 18:10:00.014 320 2664 D XM_HIDREAD: poll ret=1, event=1
06-09 18:10:00.014 320 2664 D XM_HIDREAD: [9 bytes]:01 00 00 00 00 00 00 00 00
06-09 18:10:00.015 475 595 D TvWindowManager: key event key = KEYCODE_DPAD_CENTER down = false
06-09 18:10:00.053 475 594 D GpioService: mFlickerEnable = true
06-09 18:10:00.055 2051 2051 I SogouIME: onKeyDown: keyoCode=23
06-09 18:10:00.055 2051 2051 I DefaultIMS: onKeyDown: keyoCode=23
06-09 18:10:00.058 2051 2051 I SogouIME: onKeyUp: keyoCode=23
06-09 18:10:00.058 2051 2051 I DefaultIMS: onKeyUp: keyoCode=23
06-09 18:10:00.065 271 327 D PermissionCache: checking android.permission.READ_FRAME_BUFFER for uid=1000 => granted (310 us)
06-09 18:10:00.066 254 254 I gralloc : alloc buffer:W:1920 H:1080 S:1920 PL[1920 1080] SZ:8294400 fmt:1 if:0 af:1 usg:b66 fg:00000004
06-09 18:10:00.074 184 184 I hwservicemanager: getTransport: Cannot find entry android.hardware.graphics.mapper@4.0::IMapper/default in either framework or device VINTF manifest.
06-09 18:10:00.074 475 748 I Gralloc4: mapper 4.x is not supported
06-09 18:10:00.075 184 184 I hwservicemanager: getTransport: Cannot find entry android.hardware.graphics.mapper@3.0::IMapper/default in either framework or device VINTF manifest.
06-09 18:10:00.076 475 748 W Gralloc3: mapper 3.x is not supported
06-09 18:10:00.083 475 748 E gralloc : Arm Module v1.0
06-09 18:10:00.084 475 748 E ion : ioctl c0044901 failed with code -1: Inappropriate ioctl for device
06-09 18:10:00.102 475 570 D AW_CODE : rotation =0
06-09 18:10:00.113 271 271 I BpBinder: onLastStrongRef automatically unlinking death recipients:
06-09 18:10:00.122 184 184 I hwservicemanager: getTransport: Cannot find entry android.hardware.configstore@1.0::ISurfaceFlingerConfigs/default in either framework or device VINTF manifest.
06-09 18:10:00.132 475 617 D NsdService: unregister service
06-09 18:10:00.132 475 617 D NsdService: mdnssd [stop-register, 5]
06-09 18:10:00.133 240 304 W netd : dnssd_clientstub DNSServiceProcessResult called with NULL DNSServiceRef
06-09 18:10:00.134 475 617 D NsdService: unregister service
06-09 18:10:00.134 475 617 D NsdService: mdnssd [stop-register, 4]
06-09 18:10:00.135 240 304 W netd : dnssd_clientstub DNSServiceProcessResult called with NULL DNSServiceRef
06-09 18:10:00.136 475 617 D NsdService: unregister service
06-09 18:10:00.136 475 617 D NsdService: mdnssd [stop-register, 3]
06-09 18:10:00.136 240 304 W netd : dnssd_clientstub DNSServiceProcessResult called with NULL DNSServiceRef
06-09 18:10:00.138 2291 2665 W System.err: java.net.SocketException: Socket closed
06-09 18:10:00.138 2291 2665 W System.err: at java.net.PlainSocketImpl.socketAccept(PlainSocketImpl.java:213)
06-09 18:10:00.138 2291 2665 W System.err: at java.net.AbstractPlainSocketImpl.accept(AbstractPlainSocketImpl.java:451)
06-09 18:10:00.138 2291 2665 W System.err: at java.net.ServerSocket.implAccept(ServerSocket.java:547)
06-09 18:10:00.138 2291 2665 W System.err: at java.net.ServerSocket.accept(ServerSocket.java:515)
06-09 18:10:00.144 2291 2665 W System.err: at b.f.f.t.f.run(Unknown Source:40)
06-09 18:10:00.144 2291 2665 W System.err: at java.lang.Thread.run(Thread.java:920)
06-09 18:10:00.157 2291 2291 D HiSight-SinkService: setDiscoverable true
06-09 18:10:00.157 2291 2291 D HiSight-Discovery: set deviceInfo type:46
06-09 18:10:00.157 2291 2291 D HiSight-Discovery: startAdvertise 3
06-09 18:10:00.157 2291 2291 D HiSight-Discovery: stopAdvertise.
06-09 18:10:00.157 2291 2291 D NearFieldManager: StopListen moduleId: CastPlusDiscoveryModule
06-09 18:10:00.158 2556 2639 D NearFieldManagerImpl: stopListen: moduleId: CastPlusDiscoveryModule
06-09 18:10:00.159 2556 2639 D NearFieldManagerImpl: registerCapability() called with: capabilityBitmapNum = 1, capabilityBitmap = [0]
06-09 18:10:00.159 2556 2639 I HicomNf_java_to_c: registerCapability, capabilityBitmapNum: 1
06-09 18:10:00.159 2556 2639 I HicomNfMainCtrlManager: RegisterCapability: 1, 0
06-09 18:10:00.159 2556 2639 D NearFieldManagerImpl: Register capability succeed with capabilityBitmapNum = 1, capabilityBitmap = [0]
06-09 18:10:00.160 2291 2291 D HiSight-Discovery: nearFieldStartListen deviceType 46
06-09 18:10:00.161 2556 2639 D NearFieldManagerImpl: setServiceData, sServiceData=[32], serviceData=[32]
06-09 18:10:00.161 2556 2639 E NearFieldManagerImpl: setServiceData, serviceData exists
06-09 18:10:00.161 2291 2291 E NearFieldManager: setIdnNetworkPriority: networkPortPriority is empty
06-09 18:10:00.161 2291 2291 D NearFieldManager: StartListen moduleId: CastPlusDiscoveryModule
06-09 18:10:00.161 2556 2639 D NearFieldManagerImpl: startListen: moduleId: CastPlusDiscoveryModule
06-09 18:10:00.162 2556 2639 D NearFieldUtils: getPreferredIpAddress exec
06-09 18:10:00.162 2556 2639 D NearFieldUtils: getPreferredIpAddress by custom priority
06-09 18:10:00.162 2556 2639 D NearFieldUtils: getIpByInterfaceSetting customIdnNetworkPriority:[]
06-09 18:10:00.162 2556 2639 D NearFieldUtils: getPreferredIpAddress by default priority
06-09 18:10:00.163 1089 1559 D wenhc : getScreenInfo uri = content://com.dangbei.screencast.parts.info/screen_cast
06-09 18:10:00.179 2291 2670 W AbstractChannel: Can't invoke task later as EventLoop rejected it
06-09 18:10:00.179 2291 2670 W AbstractChannel: java.util.concurrent.RejectedExecutionException: event executor terminated
06-09 18:10:00.179 2291 2670 W AbstractChannel: at io.netty.util.concurrent.SingleThreadEventExecutor.reject(Unknown Source:4)
06-09 18:10:00.179 2291 2670 W AbstractChannel: at io.netty.util.concurrent.SingleThreadEventExecutor.offerTask(Unknown Source:6)
06-09 18:10:00.179 2291 2670 W AbstractChannel: at io.netty.util.concurrent.SingleThreadEventExecutor.addTask(Unknown Source:5)
06-09 18:10:00.179 2291 2670 W AbstractChannel: at io.netty.util.concurrent.SingleThreadEventExecutor.execute(Unknown Source:4)
06-09 18:10:00.179 2291 2670 W AbstractChannel: at io.netty.util.concurrent.SingleThreadEventExecutor.execute(Unknown Source:18)
06-09 18:10:00.179 2291 2670 W AbstractChannel: at io.netty.channel.AbstractChannel$AbstractUnsafe.invokeLater(Unknown Source:6)
06-09 18:10:00.179 2291 2670 W AbstractChannel: at io.netty.channel.AbstractChannel$AbstractUnsafe.deregister(Unknown Source:24)
06-09 18:10:00.179 2291 2670 W AbstractChannel: at io.netty.channel.AbstractChannel$AbstractUnsafe.fireChannelInactiveAndDeregister(Unknown Source:17)
06-09 18:10:00.179 2291 2670 W AbstractChannel: at io.netty.channel.AbstractChannel$AbstractUnsafe.close(Unknown Source:112)
06-09 18:10:00.179 2291 2670 W AbstractChannel: at io.netty.channel.AbstractChannel$AbstractUnsafe.close(Unknown Source:12)
06-09 18:10:00.179 2291 2670 W AbstractChannel: at io.netty.channel.nio.NioEventLoop.closeAll(Unknown Source:86)
06-09 18:10:00.179 2291 2670 W AbstractChannel: at io.netty.channel.nio.NioEventLoop.run(Unknown Source:202)
06-09 18:10:00.179 2291 2670 W AbstractChannel: at io.netty.util.concurrent.SingleThreadEventExecutor$4.run(Unknown Source:41)
06-09 18:10:00.179 2291 2670 W AbstractChannel: at io.netty.util.internal.ThreadExecutorMap$2.run(Unknown Source:8)
06-09 18:10:00.179 2291 2670 W AbstractChannel: at io.netty.util.concurrent.FastThreadLocalRunnable.run(Unknown Source:2)
06-09 18:10:00.179 2291 2670 W AbstractChannel: at java.lang.Thread.run(Thread.java:920)
06-09 18:10:00.200 1917 1917 I rainbow_flow: type=1400 audit(0.0:1026): avc: denied { ioctl } for path="/dev/spidev1.0" dev="tmpfs" ino=2502 ioctlcmd=0x6b00 scontext=u:r:init:s0 tcontext=u:object_r:device:s0 tclass=chr_file permissive=1
06-09 18:10:00.207 669 669 D TvPipController: onTaskStackChanged()
06-09 18:10:00.209 2556 2639 D NearFieldUtils: to get wlan0 ip address
06-09 18:10:00.210 2556 2639 D NearFieldUtils: get wlan0 IP succeed.
06-09 18:10:00.210 2556 2639 D NearFieldManagerImpl: sDeviceType: 46
06-09 18:10:00.210 2556 2639 D NearFieldManagerImpl: registerDevice() is called.
06-09 18:10:00.210 2556 2639 I HicomNfMainCtrlManager: NSTACKX_RegisterDevice is called
06-09 18:10:00.210 2556 2644 I nStackXDFinder: UpdateLocalNetworkInterface:[472] :UpdateLocalNetworkInterface exec,initerfaceName:wlan0
06-09 18:10:00.210 2556 2644 E nStackXDFinder: GetLocalIp:[401] :GetLocalIp exec
06-09 18:10:00.210 2556 2644 I nStackXDFinder: UpdateLocalNetworkInterface:[498] :UpdateLocalNetworkInterface copy ip value in default process
06-09 18:10:00.210 2556 2644 E nStackXDFinder: GetLocalIp:[401] :GetLocalIp exec
06-09 18:10:00.210 2556 2644 I nStackXDFinder: UpdateLocalNetworkInterface:[505] :UpdateLocalNetworkInterface: ip not change
06-09 18:10:00.210 2556 2639 D NearFieldManagerImpl: Register device success.
06-09 18:10:00.210 2556 2639 I NearFieldManagerImpl: serviceName is castPlus
06-09 18:10:00.211 2556 2639 D NearFieldManagerImpl: registerCapability() called with: capabilityBitmapNum = 1, capabilityBitmap = [8]
06-09 18:10:00.211 2556 2639 I HicomNf_java_to_c: registerCapability, capabilityBitmapNum: 1
06-09 18:10:00.211 2556 2639 I HicomNfMainCtrlManager: RegisterCapability: 1, 8
06-09 18:10:00.211 2556 2639 D NearFieldManagerImpl: Register capability succeed with capabilityBitmapNum = 1, capabilityBitmap = [8]
06-09 18:10:00.211 2556 2639 D NearFieldManagerImpl: registerServiceData() called with: serviceData = 32
06-09 18:10:00.211 2556 2644 I nStackXDFinder: RegisterServiceData:[728] :RegisterServiceData, serviceData=[32]
06-09 18:10:00.211 2556 2639 D NearFieldManagerImpl: registerModule() called with: packageModuleName = com.huawei.connection+CastPlusDiscoveryModule
06-09 18:10:00.211 2556 2639 D NearFieldManagerImpl: registerModule, registered before
06-09 18:10:00.211 2556 2639 I HicomNf_java_to_c: registerModule, moduleName: com.huawei.connection+CastPlusDiscoveryModule
06-09 18:10:00.211 2556 2639 I HicomNfMainCtrlManager: Enter RegisterModule
06-09 18:10:00.211 2556 2639 I HicomNfRegManager: RegisterModule OK, already registered com.huawei.connection+CastPlusDiscoveryModule
06-09 18:10:00.213 2291 2981 W UpnpServiceImpl: >>> Shutting down UPnP service...
06-09 18:10:00.221 2291 2388 E raop : httpd_stop running 1 joined 0
06-09 18:10:00.221 2291 2388 E raop : httpd_stop connection->socket_fd=0
06-09 18:10:00.221 2291 2388 E raop : httpd_stop connection->socket_fd=0
06-09 18:10:00.221 2291 2388 E raop : httpd_stop connection->socket_fd=0
06-09 18:10:00.221 2291 2388 E raop : httpd_stop connection->socket_fd=0
06-09 18:10:00.221 2291 2388 E raop : httpd_stop connection->socket_fd=0
06-09 18:10:00.221 2291 2388 E raop : httpd_stop connection->socket_fd=0
06-09 18:10:00.221 2291 2388 E raop : httpd_stop connection->socket_fd=0
06-09 18:10:00.221 2291 2388 E raop : httpd_stop connection->socket_fd=0
06-09 18:10:00.221 2291 2388 E raop : httpd_stop connection->socket_fd=0
06-09 18:10:00.221 2291 2388 E raop : httpd_stop connection->socket_fd=0
06-09 18:10:00.224 2291 2291 D AndroidAutoSize: com.dangbei.screencast.applist.AppListActivity used the global configuration.
06-09 18:10:00.225 2291 2291 D AndroidAutoSize: The com.dangbei.screencast.applist.AppListActivity has been adapted!
06-09 18:10:00.225 2291 2291 D AndroidAutoSize: AppListActivity Info: isBaseOnWidth = true, designWidthInDp = 1920.000000, designWidthInSubunits = 1920.000000, targetDensity = 1.000000, targetScaledDensity = 1.000000, targetDensityDpi = 160, targetXdpi = 1.000000, targetScreenWidthDp = 1920, targetScreenHeightDp = 1044
06-09 18:10:00.225 2291 2291 I crashsdk: Unexp log not enabled, skip update unexp info!
06-09 18:10:00.232 475 748 D ConnectivityService: requestNetwork for uid/pid:10013/2291 activeRequest: null callbackRequest: 35 [NetworkRequest [ REQUEST id=36, [ Capabilities: INTERNET&NOT_RESTRICTED&TRUSTED&NOT_VCN_MANAGED Uid: 10013 RequestorUid: 10013 RequestorPkg: com.dangbei.screencast] ]] callback flags: 0 priority: 2147483647
06-09 18:10:00.235 475 614 D ConnectivityService: NetReassign [36 : null → 100]
06-09 18:10:00.237 475 650 D Ethernet: got request NetworkRequest [ REQUEST id=36, [ Capabilities: INTERNET&NOT_RESTRICTED&TRUSTED&NOT_VCN_MANAGED Uid: 10013 RequestorUid: 10013 RequestorPkg: com.dangbei.screencast] ]
06-09 18:10:00.237 475 650 D EthernetNetworkFactory: acceptRequest, request: NetworkRequest [ REQUEST id=36, [ Capabilities: INTERNET&NOT_RESTRICTED&TRUSTED&NOT_VCN_MANAGED Uid: 10013 RequestorUid: 10013 RequestorPkg: com.dangbei.screencast] ]
06-09 18:10:00.240 475 650 I EthernetNetworkFactory: networkForRequest, request: NetworkRequest [ REQUEST id=36, [ Capabilities: INTERNET&NOT_RESTRICTED&TRUSTED&NOT_VCN_MANAGED Uid: 10013 RequestorUid: 10013 RequestorPkg: com.dangbei.screencast] ], network: null
06-09 18:10:00.251 475 607 D WifiNetworkFactory: got request NetworkRequest [ REQUEST id=36, [ Capabilities: INTERNET&NOT_RESTRICTED&TRUSTED&NOT_VCN_MANAGED Uid: 10013 RequestorUid: 10013 RequestorPkg: com.dangbei.screencast] ]
06-09 18:10:00.252 475 607 D UntrustedWifiNetworkFactory: got request NetworkRequest [ REQUEST id=36, [ Capabilities: INTERNET&NOT_RESTRICTED&TRUSTED&NOT_VCN_MANAGED Uid: 10013 RequestorUid: 10013 RequestorPkg: com.dangbei.screencast] ]
06-09 18:10:00.252 475 607 D OemPaidWifiNetworkFactory: got request NetworkRequest [ REQUEST id=36, [ Capabilities: INTERNET&NOT_RESTRICTED&TRUSTED&NOT_VCN_MANAGED Uid: 10013 RequestorUid: 10013 RequestorPkg: com.dangbei.screencast] ]
06-09 18:10:00.272 2291 2362 W SQLiteLog: (28) double-quoted string literal: "1749463800247"
06-09 18:10:00.272 2291 2362 W SQLiteLog: (28) double-quoted string literal: "0"
06-09 18:10:00.272 2291 2362 W SQLiteLog: (28) double-quoted string literal: ""
06-09 18:10:00.272 2291 2362 W SQLiteLog: (28) double-quoted string literal: ""
06-09 18:10:00.272 2291 2362 W SQLiteLog: (28) double-quoted string literal: ""
06-09 18:10:00.277 254 254 I gralloc : alloc buffer:W:1920 H:1080 S:1920 PL[1920 1080] SZ:8294400 fmt:1 if:0 af:1 usg:20000b00 fg:00000004
06-09 18:10:00.282 254 254 I gralloc : alloc buffer:W:1920 H:1080 S:1920 PL[1920 1080] SZ:8294400 fmt:1 if:0 af:1 usg:20000b00 fg:00000004
06-09 18:10:00.287 254 254 I gralloc : alloc buffer:W:1920 H:1080 S:1920 PL[1920 1080] SZ:8294400 fmt:1 if:0 af:1 usg:20000b00 fg:00000004
06-09 18:10:00.337 2291 2291 D HiSight-SinkService: setDiscoverable true
06-09 18:10:00.338 2291 2291 D HiSight-Discovery: set deviceInfo type:46
06-09 18:10:00.338 2291 2291 D HiSight-Discovery: startAdvertise 3
06-09 18:10:00.338 2291 2291 D HiSight-Discovery: stopAdvertise.
06-09 18:10:00.338 2291 2291 D NearFieldManager: StopListen moduleId: CastPlusDiscoveryModule
06-09 18:10:00.339 2556 2639 D NearFieldManagerImpl: stopListen: moduleId: CastPlusDiscoveryModule
06-09 18:10:00.339 2556 2639 D NearFieldManagerImpl: registerCapability() called with: capabilityBitmapNum = 1, capabilityBitmap = [0]
06-09 18:10:00.339 2556 2639 I HicomNf_java_to_c: registerCapability, capabilityBitmapNum: 1
06-09 18:10:00.339 2556 2639 I HicomNfMainCtrlManager: RegisterCapability: 1, 0
06-09 18:10:00.339 2556 2639 D NearFieldManagerImpl: Register capability succeed with capabilityBitmapNum = 1, capabilityBitmap = [0]
06-09 18:10:00.340 1089 1559 D wenhc : getScreenInfo uri = content://com.dangbei.screencast.parts.info/screen_cast
06-09 18:10:00.342 2291 2291 D HiSight-Discovery: nearFieldStartListen deviceType 46
06-09 18:10:00.343 2556 2639 D NearFieldManagerImpl: setServiceData, sServiceData=[32], serviceData=[32]
06-09 18:10:00.343 2556 2639 E NearFieldManagerImpl: setServiceData, serviceData exists
06-09 18:10:00.343 2291 2291 E NearFieldManager: setIdnNetworkPriority: networkPortPriority is empty
06-09 18:10:00.343 2291 2291 D NearFieldManager: StartListen moduleId: CastPlusDiscoveryModule
06-09 18:10:00.340 261 261 I EventThread: type=1400 audit(0.0:1027): avc: denied { search } for name="extcon" dev="sysfs" ino=18109 scontext=u:r:hal_tv_cec_default:s0 tcontext=u:object_r:sysfs_extcon:s0 tclass=dir permissive=1
06-09 18:10:00.344 2556 2639 D NearFieldManagerImpl: startListen: moduleId: CastPlusDiscoveryModule
06-09 18:10:00.344 2556 2639 D NearFieldUtils: getPreferredIpAddress exec
06-09 18:10:00.344 2556 2639 D NearFieldUtils: getPreferredIpAddress by custom priority
06-09 18:10:00.344 2556 2639 D NearFieldUtils: getIpByInterfaceSetting customIdnNetworkPriority:[]
06-09 18:10:00.344 2556 2639 D NearFieldUtils: getPreferredIpAddress by default priority
06-09 18:10:00.378 2556 2639 D NearFieldUtils: to get wlan0 ip address
06-09 18:10:00.378 2556 2639 D NearFieldUtils: get wlan0 IP succeed.
06-09 18:10:00.378 2556 2639 D NearFieldManagerImpl: sDeviceType: 46
06-09 18:10:00.378 2556 2639 D NearFieldManagerImpl: registerDevice() is called.
06-09 18:10:00.378 2556 2639 I HicomNfMainCtrlManager: NSTACKX_RegisterDevice is called
06-09 18:10:00.378 2556 2644 I nStackXDFinder: UpdateLocalNetworkInterface:[472] :UpdateLocalNetworkInterface exec,initerfaceName:wlan0
06-09 18:10:00.378 2556 2644 E nStackXDFinder: GetLocalIp:[401] :GetLocalIp exec
06-09 18:10:00.378 2556 2644 I nStackXDFinder: UpdateLocalNetworkInterface:[498] :UpdateLocalNetworkInterface copy ip value in default process
06-09 18:10:00.378 2556 2644 E nStackXDFinder: GetLocalIp:[401] :GetLocalIp exec
06-09 18:10:00.378 2556 2644 I nStackXDFinder: UpdateLocalNetworkInterface:[505] :UpdateLocalNetworkInterface: ip not change
06-09 18:10:00.378 2556 2639 D NearFieldManagerImpl: Register device success.
06-09 18:10:00.382 2556 2639 I NearFieldManagerImpl: serviceName is castPlus
06-09 18:10:00.382 2556 2639 D NearFieldManagerImpl: registerCapability() called with: capabilityBitmapNum = 1, capabilityBitmap = [8]
06-09 18:10:00.382 2556 2639 I HicomNf_java_to_c: registerCapability, capabilityBitmapNum: 1
06-09 18:10:00.382 2556 2639 I HicomNfMainCtrlManager: RegisterCapability: 1, 8
06-09 18:10:00.382 2556 2639 D NearFieldManagerImpl: Register capability succeed with capabilityBitmapNum = 1, capabilityBitmap = [8]
06-09 18:10:00.382 2556 2639 D NearFieldManagerImpl: registerServiceData() called with: serviceData = 32
06-09 18:10:00.383 2556 2644 I nStackXDFinder: RegisterServiceData:[728] :RegisterServiceData, serviceData=[32]
06-09 18:10:00.383 2556 2639 D NearFieldManagerImpl: registerModule() called with: packageModuleName = com.huawei.connection+CastPlusDiscoveryModule
06-09 18:10:00.383 2556 2639 D NearFieldManagerImpl: registerModule, registered before
06-09 18:10:00.383 2556 2639 I HicomNf_java_to_c: registerModule, moduleName: com.huawei.connection+CastPlusDiscoveryModule
06-09 18:10:00.383 2556 2639 I HicomNfMainCtrlManager: Enter RegisterModule
06-09 18:10:00.383 2556 2639 I HicomNfRegManager: RegisterModule OK, already registered com.huawei.connection+CastPlusDiscoveryModule
06-09 18:10:00.390 2291 2291 E HuaweiCastService: onStartCommand in 0
06-09 18:10:00.426 2051 2051 I DefaultIMS: onStartInput attribute=android.view.inputmethod.EditorInfo@27e79de restarting=false inputType: 0
06-09 18:10:00.573 2291 2362 W SQLiteLog: (28) double-quoted string literal: "0771BA290BF138128B947C280DF0772D"
06-09 18:10:00.594 2291 2362 W SQLiteLog: (28) double-quoted string literal: "0771BA290BF138128B947C280DF0772D"
06-09 18:10:00.594 2291 2362 W SQLiteLog: (28) double-quoted string literal: ""
06-09 18:10:00.596 2291 2362 W SQLiteLog: (28) double-quoted string literal: "0771BA290BF138128B947C280DF0772D"
06-09 18:10:00.596 2291 2362 W SQLiteLog: (28) double-quoted string literal: "-1"
06-09 18:10:00.627 475 475 D CompatibilityChangeReporter: Compat change id reported: 168419799; UID 10057; state: DISABLED
06-09 18:10:00.642 475 991 W ZramWriteback: Writeback device is not set
06-09 18:10:00.642 475 991 D ZramWriteback: wait to flush
06-09 18:10:00.667 2291 2981 W Router : disable lock:org.fourthline.cling.android.AndroidRouter@8bf3832_java.util.concurrent.locks.ReentrantReadWriteLock$WriteLock@5365983[Unlocked]
06-09 18:10:00.667 2291 2981 I Router : WiFi multicast lock released
06-09 18:10:00.668 475 748 I WifiService: releaseMulticastLock uid=10013
06-09 18:10:00.676 2291 2981 I Router : WiFi lock released
06-09 18:10:00.676 475 748 I WifiService: releaseWifiLock uid=10013
06-09 18:10:00.678 2291 2304 I gbei.screencas: Background concurrent copying GC freed 59420(6638KB) AllocSpace objects, 16(832KB) LOS objects, 49% free, 22MB/44MB, paused 26.535ms total 544.206ms
06-09 18:10:00.687 475 518 W IorapForwardingService: No service published for: iorapd
06-09 18:10:00.701 2291 2981 I JettyServletContainer: No more connectors, stopping Jetty server
06-09 18:10:00.701 2291 2981 I JettyServletContainer: Stopping Jetty server...
06-09 18:10:00.701 2291 2692 E JettyServletContainer: error:java.net.SocketException: Socket closed
06-09 18:10:00.702 2291 2692 W System.err: java.net.SocketException: Socket closed
06-09 18:10:00.702 2291 2692 W System.err: at java.net.PlainSocketImpl.socketAccept(PlainSocketImpl.java:213)
06-09 18:10:00.702 2291 2692 W System.err: at java.net.AbstractPlainSocketImpl.accept(AbstractPlainSocketImpl.java:451)
06-09 18:10:00.702 2291 2692 W System.err: at java.net.ServerSocket.implAccept(ServerSocket.java:547)
06-09 18:10:00.702 2291 2692 W System.err: at java.net.ServerSocket.accept(ServerSocket.java:515)
06-09 18:10:00.702 2291 2692 W System.err: at l.c.a.f.w.a.accept(Unknown Source:2)
06-09 18:10:00.702 2291 2692 W System.err: at org.fourthline.cling.transport.impl.jetty.JettyServletContainer$2.accept(Unknown Source:1)
06-09 18:10:00.702 2291 2692 W System.err: at l.c.a.f.a$a.run(Unknown Source:113)
06-09 18:10:00.702 2291 2692 W System.err: at java.util.concurrent.ThreadPoolExecutor.runWorker(ThreadPoolExecutor.java:1167)
06-09 18:10:00.702 2291 2692 W System.err: at java.util.concurrent.ThreadPoolExecutor$Worker.run(ThreadPoolExecutor.java:641)
06-09 18:10:00.702 2291 2692 W System.err: at java.lang.Thread.run(Thread.java:920)
06-09 18:10:00.702 2291 2981 W System.err: 2025-06-09 18:10:00.701:INFO:lcaf.p:Graceful shutdown l.c.a.g.d{/upnp,null}
06-09 18:10:00.786 2291 2291 E Application: onActivityDestroyed:isMainProcess: true
06-09 18:10:00.790 475 577 W InputManager-JNI: Input channel object '437c2da com.dangbei.screencast/com.dangbei.screencast.settings.AgreementActivity (client)' was disposed without first being removed with the input manager!
06-09 18:10:00.857 475 492 I system_server: NativeAlloc concurrent copying GC freed 175315(8422KB) AllocSpace objects, 28(572KB) LOS objects, 49% free, 11MB/23MB, paused 465us total 554.561ms
06-09 18:10:00.866 475 494 W System : A resource failed to call release.
06-09 18:10:01.111 2291 2388 E raop : httpd_stop running 0 joined 1
06-09 18:10:01.328 2291 2388 E raop : JavaCallback init
06-09 18:10:01.689 475 518 W IorapForwardingService: No service published for: iorapd
06-09 18:10:01.703 2291 2981 W System.err: 2025-06-09 18:10:01.703:INFO:lcafx.c:stopped l.c.a.g.d{/upnp,null}
06-09 18:10:01.705 2291 2981 W Router : disable unlock:org.fourthline.cling.android.AndroidRouter@8bf3832
06-09 18:10:01.706 2291 2981 W UpnpServiceImpl: <<< UPnP service shutdown completed
06-09 18:10:02.689 475 518 W IorapForwardingService: No service published for: iorapd
06-09 18:10:02.720 656 656 E WifiHAL : wifi_get_link_stats: requestResponse Error:-5
06-09 18:10:02.723 475 607 E WifiVendorHal: getWifiLinkLayerStats_1_5_Internal(l.1191) failed {.code = ERROR_INVALID_ARGS, .description = }
06-09 18:10:03.196 2149 2231 D UtilLog : 日志批量上报 进行正常循环 !!!!!!本次有0次请求,共0条数据
06-09 18:10:03.334 475 617 D NsdService: Register service
06-09 18:10:03.334 475 617 D NsdService: registerService: 6 name: 当贝投屏P2, type: _airplay._tcp, host: null, port: 39253, txtRecord: srcvers=220.68features=0x527FFFF7,0x1E'pi=2e388006-13ba-4041-9a67-25dd4a43d536Cpk=b07727d6f6cd6e08b58ede525ec3cdeaa252ad9f683feb212ef8a205246554e7vv=2 flags=0x4model=AppleTV2,1deviceid=b4:2f:03:15:e8:b9
06-09 18:10:03.334 475 617 D NsdService: mdnssd [register, 6, 当贝投屏P2, _airplay._tcp, 39253, DnNyY3ZlcnM9MjIwLjY4GGZlYXR1cmVzPTB4NTI3RkZGRjcsMHgxRSdwaT0yZTM4ODAwNi0xM2JhLTQwNDEtOWE2Ny0yNWRkNGE0M2Q1MzZDcGs9YjA3NzI3ZDZmNmNkNmUwOGI1OGVkZTUyNWVjM2NkZWFhMjUyYWQ5ZjY4M2ZlYjIxMmVmOGEyMDUyNDY1NTRlNwR2dj0yCWZsYWdzPTB4NBBtb2RlbD1BcHBsZVRWMiwxGmRldmljZWlkPWI0OjJmOjAzOjE1OmU4OmI5]
06-09 18:10:03.337 475 617 D NsdService: Register 5 6
06-09 18:10:03.345 475 617 D NsdService: Register service
06-09 18:10:03.346 475 617 D NsdService: registerService: 7 name: b42f0315e8b9@当贝投屏P2, type: _raop._tcp, host: null, port: 44997, txtRecord: txtvers=1 am=AppleTV2,1ch=2
06-09 18:10:03.346 475 617 D NsdService: cn=0,1,2,3da=trueet=0,3,5ft=0x527FFFF7,0x1Emd=0,1,2Cpk=b07727d6f6cd6e08b58ede525ec3cdeaa252ad9f683feb212ef8a205246554e7pw=falsesf=0x4sr=44100ss=16sv=falsetp=UDPvn=65537 vs=220.68vv=2 rhd=5.6.0.0
06-09 18:10:03.346 475 617 D NsdService: mdnssd [register, 7, b42f0315e8b9@当贝投屏P2, _raop._tcp, 44997, CXR4dHZlcnM9MQ1hbT1BcHBsZVRWMiwxBGNoPTIKY249MCwxLDIsMwdkYT10cnVlCGV0PTAsMyw1EmZ0PTB4NTI3RkZGRjcsMHgxRQhtZD0wLDEsMkNwaz1iMDc3MjdkNmY2Y2Q2ZTA4YjU4ZWRlNTI1ZWMzY2RlYWEyNTJhZDlmNjgzZmViMjEyZWY4YTIwNTI0NjU1NGU3CHB3PWZhbHNlBnNmPTB4NAhzcj00NDEwMAVzcz0xNghzdj1mYWxzZQZ0cD1VRFAIdm49NjU1MzcJdnM9MjIwLjY4BHZ2PTILcmhkPTUuNi4wLjA=]
06-09 18:10:03.348 475 617 D NsdService: Register 6 7
06-09 18:10:03.344 2291 2291 I Thread-71: type=1400 audit(0.0:1028): avc: denied { read } for name="address" dev="sysfs" ino=27449 scontext=u:r:platform_app:s0:c512,c768 tcontext=u:object_r:sysfs:s0 tclass=file permissive=1 app=com.dangbei.screencast
06-09 18:10:03.344 2291 2291 I Thread-71: type=1400 audit(0.0:1029): avc: denied { open } for path="/sys/devices/platform/unisoc_wifi/net/wlan1/address" dev="sysfs" ino=27449 scontext=u:r:platform_app:s0:c512,c768 tcontext=u:object_r:sysfs:s0 tclass=file permissive=1 app=com.dangbei.screencast
06-09 18:10:03.344 2291 2291 I Thread-71: type=1400 audit(0.0:1030): avc: denied { getattr } for path="/sys/devices/platform/unisoc_wifi/net/wlan1/address" dev="sysfs" ino=27449 scontext=u:r:platform_app:s0:c512,c768 tcontext=u:object_r:sysfs:s0 tclass=file permissive=1 app=com.dangbei.screencast
06-09 18:10:03.608 3024 3024 I Thread-2: type=1400 audit(0.0:1031): avc: denied { execute } for name="am" dev="dm-1" ino=1160 scontext=u:r:system_app:s0 tcontext=u:object_r:vendor_file:s0 tclass=file permissive=1
06-09 18:10:03.608 3024 3024 I Thread-2: type=1400 audit(0.0:1032): avc: denied { read open } for path="/vendor/xbin/am" dev="dm-1" ino=1160 scontext=u:r:system_app:s0 tcontext=u:object_r:vendor_file:s0 tclass=file permissive=1
06-09 18:10:03.608 3024 3024 I Thread-2: type=1400 audit(0.0:1033): avc: denied { execute_no_trans } for path="/vendor/xbin/am" dev="dm-1" ino=1160 scontext=u:r:system_app:s0 tcontext=u:object_r:vendor_file:s0 tclass=file permissive=1
06-09 18:10:03.674 1169 1169 D bbb : onStartCommand begin !!!!!!! data分区剩余 24711MB
06-09 18:10:03.678 1123 1123 D aaa : LedStatusService onStartCommand begin
06-09 18:10:03.680 1123 3032 D aaa : topPkg is -------------- :com.dangbei.screencast
06-09 18:10:03.691 475 518 W IorapForwardingService: No service published for: iorapd
06-09 18:10:03.831 475 617 D NsdService: Register service
06-09 18:10:03.831 475 617 D NsdService: registerService: 8 name: 当贝投屏P2, type: _db_cast_screen._tcp, host: null, port: 42817, txtRecord: au=1cV=20830mV=100h265=0maxR=4096-3152model=DBBOX-A2deviceid=20:02:FE:19:C2:0E
06-09 18:10:03.831 475 617 D NsdService: mdnssd [register, 8, 当贝投屏P2, _db_cast_screen._tcp, 42817, BGF1PTEIY1Y9MjA4MzAGbVY9MTAwBmgyNjU9MA5tYXhSPTQwOTYtMzE1Mg5tb2RlbD1EQkJPWC1BMhpkZXZpY2VpZD0yMDowMjpGRToxOTpDMjowRQ==]
06-09 18:10:03.833 475 617 D NsdService: Register 7 8
06-09 18:10:03.984 475 617 D NsdService: Native daemon message SERVICE_REGISTERED: 606 7 "b42f0315e8b9@当贝投屏P2"
06-09 18:10:03.985 475 617 D NsdService: Native daemon message SERVICE_REGISTERED: 606 6 "当贝投屏P2"
06-09 18:10:04.350 2291 2400 E accept : myIp:192.168.3.187
06-09 18:10:04.353 2291 2400 E accept : connect error
06-09 18:10:04.355 2291 2400 I UpnpServiceImpl: >>> Starting UPnP service...
06-09 18:10:04.355 2291 2400 I UpnpServiceImpl: Using configuration: org.fourthline.cling.android.AndroidUpnpServiceConfiguration
06-09 18:10:04.356 2291 2400 I Router : Creating Router: org.fourthline.cling.android.AndroidRouter
06-09 18:10:04.358 2291 2400 W Router : enable lock:org.fourthline.cling.android.AndroidRouter@9180486_java.util.concurrent.locks.ReentrantReadWriteLock$WriteLock@63ef147[Unlocked]
06-09 18:10:04.375 2291 2400 W tworkAddressFactoryImpl: Network interface may not be multicast capable: dummy0
06-09 18:10:04.379 2291 2400 I MulticastReceiver: Creating wildcard socket (for receiving multicast datagrams) on port: 1900
06-09 18:10:04.380 2291 2400 I MulticastReceiver: Joining multicast group: /239.255.255.250:1900 on network interface: wlan0
06-09 18:10:04.381 2291 2400 E accept : Adding connector try: 192.168.3.187/192.168.3.187:45471
06-09 18:10:04.382 2291 2400 E accept : Adding connector result: 192.168.3.187/192.168.3.187:45471
06-09 18:10:04.383 2291 2400 I JettyServletContainer: Registering UPnP servlet under context path: /upnp
