06-09 18:08:57.775 475 567 D SystemServerInitThreadPool: Started executing Update app-ops uidState in case package com.sohu.inputmethod.sogou.tv changed
06-09 18:08:57.775 475 475 I SystemServerTiming: registerActivityLaunchObserver
06-09 18:08:57.775 475 567 D SystemServerInitThreadPool: Finished executing Update app-ops uidState in case package com.sohu.inputmethod.sogou.tv changed
06-09 18:08:57.775 475 567 I SystemServerTimingAsync: InitThreadPoolExec:Update app-ops uidState in case package com.softwinner.miracastReceiver changed
06-09 18:08:57.775 475 567 D SystemServerInitThreadPool: Started executing Update app-ops uidState in case package com.softwinner.miracastReceiver changed
06-09 18:08:57.775 475 567 D SystemServerInitThreadPool: Finished executing Update app-ops uidState in case package com.softwinner.miracastReceiver changed
06-09 18:08:57.775 475 475 I SystemServerTiming: watchDeviceProvisioning
06-09 18:08:57.775 475 576 I SystemServerTimingAsync: InitThreadPoolExec:Update app-ops uidState in case package com.dangbei.lerad.etna.haqu changed
06-09 18:08:57.775 475 576 D SystemServerInitThreadPool: Started executing Update app-ops uidState in case package com.dangbei.lerad.etna.haqu changed
06-09 18:08:57.776 475 576 D SystemServerInitThreadPool: Finished executing Update app-ops uidState in case package com.dangbei.lerad.etna.haqu changed
06-09 18:08:57.776 475 523 D SystemServerInitThreadPool: Finished executing Update app-ops uidState in case package com.dangbei.haqusetting changed
06-09 18:08:57.776 475 515 I SystemServerTimingAsync: InitThreadPoolExec:Update app-ops uidState in case package com.dangbei.lerad.rocky changed
06-09 18:08:57.776 475 515 D SystemServerInitThreadPool: Started executing Update app-ops uidState in case package com.dangbei.lerad.rocky changed
06-09 18:08:57.776 475 515 D SystemServerInitThreadPool: Finished executing Update app-ops uidState in case package com.dangbei.lerad.rocky changed
06-09 18:08:57.784 475 475 I SystemServerTiming: retrieveSettings
06-09 18:08:57.785 475 475 I ActivityTaskManager: Config changes=10000000 {1.0 ?mcc?mnc [zh_CN] ldltr sw720dp w1280dp h696dp 240dpi xlrg long land television -touch qwerty/v/v dpad/v winConfig={ mBounds=Rect(0, 0 - 1920, 1080) mAppBounds=Rect(0, 0 - 1920, 1080) mMaxBounds=Rect(0, 0 - 1920, 1080) mWindowingMode=fullscreen mDisplayWindowingMode=fullscreen mActivityType=undefined mAlwaysOnTop=undefined mRotation=ROTATION_0} s.6 fontWeightAdjustment=0}
06-09 18:08:57.786 475 475 I WindowManager: Override config changes=10000000 {1.0 ?mcc?mnc [zh_CN] ldltr sw720dp w1280dp h696dp 240dpi xlrg long land television -touch qwerty/v/v dpad/v winConfig={ mBounds=Rect(0, 0 - 1920, 1080) mAppBounds=Rect(0, 0 - 1920, 1080) mMaxBounds=Rect(0, 0 - 1920, 1080) mWindowingMode=fullscreen mDisplayWindowingMode=fullscreen mActivityType=undefined mAlwaysOnTop=undefined mRotation=ROTATION_0} s.6 fontWeightAdjustment=0} for displayId=0
06-09 18:08:57.789 475 475 I SystemServerTiming: Ugm.onSystemReady
06-09 18:08:57.790 475 475 I SystemServerTiming: updateForceBackgroundCheck
06-09 18:08:57.790 475 475 I SystemServer: Making services ready
06-09 18:08:57.790 475 475 I SystemServerTiming: StartActivityManagerReadyPhase
06-09 18:08:57.790 475 475 I SystemServiceManager: Starting phase 550
06-09 18:08:57.790 475 475 I SystemServerTiming: OnBootPhase_550
06-09 18:08:57.792 184 184 I hwservicemanager: getTransport: Cannot find entry android.hardware.thermal@2.0::IThermal/default in either framework or device VINTF manifest.
06-09 18:08:57.792 475 475 E ThermalHalWrapper: Thermal HAL 2.0 service not connected.
06-09 18:08:57.794 184 184 I hwservicemanager: getTransport: Cannot find entry android.hardware.thermal@1.1::IThermal/default in either framework or device VINTF manifest.
06-09 18:08:57.794 475 475 E ThermalHalWrapper: Thermal HAL 1.1 service not connected.
06-09 18:08:57.795 184 184 I hwservicemanager: getTransport: Cannot find entry android.hardware.thermal@1.0::IThermal/default in either framework or device VINTF manifest.
06-09 18:08:57.795 475 475 E ThermalHalWrapper: Thermal HAL 1.0 service not connected.
06-09 18:08:57.795 475 475 W ThermalManagerService: No Thermal HAL service on this device
06-09 18:08:57.800 475 475 W ActivityManager: Unable to start service Intent { act=com.android.ITelecomService cmp=com.android.server.telecom/.components.TelecomService } U=0: not found
06-09 18:08:57.803 475 475 I SyncManager: No initial accounts
06-09 18:08:57.808 475 584 E NativeTombstoneManager: Tombstone's UID (1046) not an app, ignoring
06-09 18:08:57.808 475 475 D BluetoothManagerService: Bluetooth boot completed
06-09 18:08:57.809 475 475 D BluetoothManagerService: Auto-enabling Bluetooth.
06-09 18:08:57.809 475 584 I DropBoxManagerService: add tag=SYSTEM_TOMBSTONE_PROTO isTagEnabled=true flags=0x4
06-09 18:08:57.810 475 475 D BluetoothA2dp: Binding service...
06-09 18:08:57.814 475 475 I BluetoothAirplaneModeListener: start
06-09 18:08:57.814 475 518 D BluetoothManagerService: MESSAGE_ENABLE(0): mBluetooth = null
06-09 18:08:57.815 475 518 D BluetoothManagerService: binding Bluetooth service
06-09 18:08:57.818 475 518 D CompatibilityChangeReporter: Compat change id reported: 135634846; UID 1002; state: DISABLED
06-09 18:08:57.835 241 241 D Zygote : Forked child process 663
06-09 18:08:57.837 475 537 I ActivityManager: app.processName = com.android.bluetooth
06-09 18:08:57.837 475 537 I ActivityManager: Start proc 663:com.android.bluetooth/1002 for service {com.android.bluetooth/com.android.bluetooth.btservice.AdapterService}
06-09 18:08:57.838 475 475 W InputMethodUtils: Found no fallback locale. imis=[InputMethodInfo{com.sohu.inputmethod.sogou.tv/.SogouIME, settings: com.sohu.inputmethod.sogou.SogouIMESettingsLauncher}]
06-09 18:08:57.839 475 475 W InputMethodUtils: No software keyboard is found. imis=[InputMethodInfo{com.sohu.inputmethod.sogou.tv/.SogouIME, settings: com.sohu.inputmethod.sogou.SogouIMESettingsLauncher}] systemLocale=zh_CN fallbackLocale=null
06-09 18:08:57.842 475 475 I RebootEscrowManager: No reboot escrow data found for users, skipping loading escrow data
06-09 18:08:57.844 663 663 I Zygote : seccomp disabled by setenforce 0
06-09 18:08:57.848 475 475 I WallpaperManagerService: No static wallpaper imagery; defaults will be shown
06-09 18:08:57.848 475 475 V WallpaperManagerService: bindWallpaperComponentLocked: componentName=ComponentInfo{com.android.systemui/com.android.systemui.ImageWallpaper}
06-09 18:08:57.853 475 475 D CompatibilityChangeReporter: Compat change id reported: 135634846; UID 10064; state: DISABLED
06-09 18:08:57.854 475 475 D CompatibilityChangeReporter: Compat change id reported: 177438394; UID 10064; state: DISABLED
06-09 18:08:57.854 475 475 D CompatibilityChangeReporter: Compat change id reported: 135772972; UID 10064; state: DISABLED
06-09 18:08:57.854 475 475 D CompatibilityChangeReporter: Compat change id reported: 135754954; UID 10064; state: ENABLED
06-09 18:08:57.854 475 537 D CompatibilityChangeReporter: Compat change id reported: 143937733; UID 10064; state: ENABLED
06-09 18:08:57.865 241 241 D Zygote : Forked child process 669
06-09 18:08:57.868 475 537 I ActivityManager: app.processName = com.android.systemui
06-09 18:08:57.868 475 537 I ActivityManager: Start proc 669:com.android.systemui/u0a64 for service {com.android.systemui/com.android.systemui.ImageWallpaper}
06-09 18:08:57.871 475 475 E BitmapFactory: Unable to decode stream: java.io.FileNotFoundException: /data/system/users/0/wallpaper_orig: open failed: ENOENT (No such file or directory)
06-09 18:08:57.872 475 475 W WallpaperManagerService: Invalid wallpaper data
06-09 18:08:57.872 475 475 E WallpaperManagerService: Unable to apply new wallpaper
06-09 18:08:57.876 371 392 I adbd : jdwp connection from 663
06-09 18:08:57.876 246 290 V audio_hw_primary: adev_set_parameters, A2dpSuspended=false
06-09 18:08:57.876 475 475 D AdbService: systemReady
06-09 18:08:57.878 475 624 D BluetoothManagerService: Trying to bind to profile: 1, while Bluetooth was disabled
06-09 18:08:57.879 475 624 D BluetoothA2dp: Binding service...
06-09 18:08:57.879 669 669 I Zygote : seccomp disabled by setenforce 0
06-09 18:08:57.884 246 290 V audio_hw_primary: adev_set_parameters, BT_SCO=off
06-09 18:08:57.885 475 625 I AS.AudioDeviceInventory: removePreferredDevicesForStrategySync, strategy: 14
06-09 18:08:57.889 246 290 D audio_hw_primary: Mic get_audio_devices_active:
06-09 18:08:57.889 246 290 D audio_hw_primary: get_audio_devices_active: AUDIO_HDMI
06-09 18:08:57.890 246 290 D xm_audio: adev_get_parameters
06-09 18:08:57.890 265 265 I hash_map_utils: system/bt/osi/src/hash_map_utils.cc:81 hash_map_utils_dump_string_keys_string_values: key: 'audio_devices_out_active' value: ''
06-09 18:08:57.891 475 475 D SoundTriggerService: onBootPhase: 550 : false
06-09 18:08:57.892 475 567 I SystemServerTimingAsync: InitThreadPoolExec:UsbService$Lifecycle#onBootPhase
06-09 18:08:57.892 475 567 D SystemServerInitThreadPool: Started executing UsbService$Lifecycle#onBootPhase
06-09 18:08:57.888 319 319 I rainbow_flow: type=1400 audit(0.0:329): avc: denied { ioctl } for path="/dev/spidev1.0" dev="tmpfs" ino=2502 ioctlcmd=0x6b00 scontext=u:r:init:s0 tcontext=u:object_r:device:s0 tclass=chr_file permissive=1
06-09 18:08:57.893 246 290 V audio_hw_primary: adev_set_parameters, mediasw.sft.rawdata=HDMI_RAW
06-09 18:08:57.888 1 1 I /system/bin/init: type=1107 audit(0.0:330): uid=0 auid=4294967295 ses=4294967295 subj=u:r:init:s0 msg='avc: denied { set } for property=vendor.mediasw.sft.rawdata pid=246 uid=1041 gid=1005 scontext=u:r:hal_audio_default:s0 tcontext=u:object_r:vendor_audio_prop:s0 tclass=property_service permissive=1'
06-09 18:08:57.896 475 567 D SystemServerInitThreadPool: Finished executing UsbService$Lifecycle#onBootPhase
06-09 18:08:57.896 262 262 E android.hardware.usb@1.0-service: Failed to open /sys/class/typec
06-09 18:08:57.896 475 635 E UsbPortManager: port status enquiry failed
06-09 18:08:57.899 475 497 D CompatibilityChangeReporter: Compat change id reported: 168419799; UID 1002; state: DISABLED
06-09 18:08:57.900 265 265 I AudioFlinger: systemReady
06-09 18:08:57.904 475 624 D AS.AudioService: No vibrator found
06-09 18:08:57.909 371 392 I adbd : jdwp connection from 669
06-09 18:08:57.913 475 475 I AppBindingService: Updating constants with: null
06-09 18:08:57.918 663 663 D CompatibilityChangeReporter: Compat change id reported: 171979766; UID 1002; state: ENABLED
06-09 18:08:57.934 475 475 I PackageManager: Permission ownership changed. Updating all permissions.
06-09 18:08:57.940 350 465 D MediaCodecList: Allowing all OMX codecs
06-09 18:08:57.943 350 465 E cutils-trace: Error opening trace file: No such file or directory (2)
06-09 18:08:57.948 350 465 I OMXClient: IOmx service obtained
06-09 18:08:57.949 360 360 I OMXStore: makeComponentInstance(OMX.allwinner.video.decoder.avc) in android.hardwar process
06-09 18:08:57.959 360 360 I omx_vdec_aw: : OmxDecoderCreate.
06-09 18:08:57.960 360 360 W omx_vdec: <__AwOmxVdecSetParameter:1561>: Set Parameter called in valid state
06-09 18:08:57.960 360 360 W omx_vdec: : pParamProfileLevel->nProfileIndex[0x3] error!
06-09 18:08:57.960 360 360 E OMXNodeInstance: getParameter(0xe8b24000:allwinner.decoder.avc, ParamVideoProfileLevelQuerySupported(0x600000f)) ERROR: BadParameter(0x80001005)
06-09 18:08:57.961 360 360 W omx_vdec: <__AwOmxVdecGetExtensionIndex:1737>: GetExtensionIndex OMX.google.android.index.describeColorFormat, err [0x80001001].
06-09 18:08:57.961 360 360 W omx_vdec: <__AwOmxVdecGetExtensionIndex:1737>: GetExtensionIndex OMX.google.android.index.describeColorFormat2, err [0x80001001].
06-09 18:08:57.961 360 360 E omx_vdec: : erro: pParamData->nIndex > m_sPortFormatType.nIndex
06-09 18:08:57.961 360 360 W omx_vdec: <__AwOmxVdecGetExtensionIndex:1737>: GetExtensionIndex OMX.google.android.index.describeColorFormat, err [0x80001001].
06-09 18:08:57.961 360 360 W omx_vdec: <__AwOmxVdecGetExtensionIndex:1737>: GetExtensionIndex OMX.google.android.index.describeColorFormat2, err [0x80001001].
06-09 18:08:57.961 360 360 E omx_vdec: : erro: pParamData->nIndex > m_sPortFormatType.nIndex
06-09 18:08:57.961 360 360 W omx_vdec: <__AwOmxVdecGetExtensionIndex:1737>: GetExtensionIndex OMX.google.android.index.describeColorFormat, err [0x80001001].
06-09 18:08:57.962 360 360 W omx_vdec: <__AwOmxVdecGetExtensionIndex:1737>: GetExtensionIndex OMX.google.android.index.describeColorFormat2, err [0x80001001].
06-09 18:08:57.962 360 360 E omx_vdec: : erro: pParamData->nIndex > m_sPortFormatType.nIndex
06-09 18:08:57.962 360 360 W omx_vdec: <__AwOmxVdecGetExtensionIndex:1737>: GetExtensionIndex OMX.google.android.index.describeColorFormat, err [0x80001001].
06-09 18:08:57.962 360 360 W omx_vdec: <__AwOmxVdecGetExtensionIndex:1737>: GetExtensionIndex OMX.google.android.index.describeColorFormat2, err [0x80001001].
06-09 18:08:57.962 360 360 E omx_vdec: : erro: pParamData->nIndex > m_sPortFormatType.nIndex
06-09 18:08:57.962 360 360 W omx_vdec: <__AwOmxVdecGetExtensionIndex:1737>: GetExtensionIndex OMX.google.android.index.describeColorFormat, err [0x80001001].
06-09 18:08:57.963 360 360 W omx_vdec: <__AwOmxVdecGetExtensionIndex:1737>: GetExtensionIndex OMX.google.android.index.describeColorFormat2, err [0x80001001].
06-09 18:08:57.964 360 360 E omx_vdec: : erro: pParamData->nIndex > m_sPortFormatType.nIndex
06-09 18:08:57.964 360 360 W omx_vdec: <__AwOmxVdecGetExtensionIndex:1737>: GetExtensionIndex OMX.google.android.index.describeColorFormat, err [0x80001001].
06-09 18:08:57.964 360 360 W omx_vdec: <__AwOmxVdecGetExtensionIndex:1737>: GetExtensionIndex OMX.google.android.index.describeColorFormat2, err [0x80001001].
06-09 18:08:57.965 360 360 E omx_vdec: : erro: pParamData->nIndex > m_sPortFormatType.nIndex
06-09 18:08:57.965 360 360 W omx_vdec: <__AwOmxVdecGetExtensionIndex:1737>: GetExtensionIndex OMX.google.android.index.describeColorFormat, err [0x80001001].
06-09 18:08:57.965 360 360 W omx_vdec: <__AwOmxVdecGetExtensionIndex:1737>: GetExtensionIndex OMX.google.android.index.describeColorFormat2, err [0x80001001].
06-09 18:08:57.965 360 360 E omx_vdec: : erro: pParamData->nIndex > m_sPortFormatType.nIndex
06-09 18:08:57.965 360 360 W omx_vdec: <__AwOmxVdecGetExtensionIndex:1737>: GetExtensionIndex OMX.google.android.index.describeColorFormat, err [0x80001001].
06-09 18:08:57.965 360 360 W omx_vdec: <__AwOmxVdecGetExtensionIndex:1737>: GetExtensionIndex OMX.google.android.index.describeColorFormat2, err [0x80001001].
06-09 18:08:57.965 360 360 E omx_vdec: : erro: pParamData->nIndex > m_sPortFormatType.nIndex
06-09 18:08:57.965 360 360 W omx_vdec: <__AwOmxVdecGetExtensionIndex:1737>: GetExtensionIndex OMX.google.android.index.describeColorFormat, err [0x80001001].
06-09 18:08:57.965 360 360 W omx_vdec: <__AwOmxVdecGetExtensionIndex:1737>: GetExtensionIndex OMX.google.android.index.describeColorFormat2, err [0x80001001].
06-09 18:08:57.965 360 360 E omx_vdec: : erro: pParamData->nIndex > m_sPortFormatType.nIndex
06-09 18:08:57.965 360 360 W omx_vdec: <__AwOmxVdecGetExtensionIndex:1737>: GetExtensionIndex OMX.google.android.index.describeColorFormat, err [0x80001001].
06-09 18:08:57.966 360 360 W omx_vdec: <__AwOmxVdecGetExtensionIndex:1737>: GetExtensionIndex OMX.google.android.index.describeColorFormat2, err [0x80001001].
06-09 18:08:57.966 360 360 E omx_vdec: : erro: pParamData->nIndex > m_sPortFormatType.nIndex
06-09 18:08:57.966 360 360 W omx_vdec: <__AwOmxVdecGetExtensionIndex:1737>: GetExtensionIndex OMX.google.android.index.describeColorFormat, err [0x80001001].
06-09 18:08:57.966 360 360 W omx_vdec: <__AwOmxVdecGetExtensionIndex:1737>: GetExtensionIndex OMX.google.android.index.describeColorFormat2, err [0x80001001].
06-09 18:08:57.966 360 360 E omx_vdec: : erro: pParamData->nIndex > m_sPortFormatType.nIndex
06-09 18:08:57.966 360 360 W omx_vdec: <__AwOmxVdecGetExtensionIndex:1737>: GetExtensionIndex OMX.google.android.index.describeColorFormat, err [0x80001001].
06-09 18:08:57.966 360 360 W omx_vdec: <__AwOmxVdecGetExtensionIndex:1737>: GetExtensionIndex OMX.google.android.index.describeColorFormat2, err [0x80001001].
06-09 18:08:57.966 360 360 E omx_vdec: : erro: pParamData->nIndex > m_sPortFormatType.nIndex
06-09 18:08:57.966 360 360 W omx_vdec: <__AwOmxVdecGetExtensionIndex:1737>: GetExtensionIndex OMX.google.android.index.describeColorFormat, err [0x80001001].
06-09 18:08:57.966 360 360 W omx_vdec: <__AwOmxVdecGetExtensionIndex:1737>: GetExtensionIndex OMX.google.android.index.describeColorFormat2, err [0x80001001].
06-09 18:08:57.966 360 360 E omx_vdec: : erro: pParamData->nIndex > m_sPortFormatType.nIndex
06-09 18:08:57.967 360 360 W omx_vdec: <__AwOmxVdecGetExtensionIndex:1737>: GetExtensionIndex OMX.google.android.index.describeColorFormat, err [0x80001001].
06-09 18:08:57.967 360 360 W omx_vdec: <__AwOmxVdecGetExtensionIndex:1737>: GetExtensionIndex OMX.google.android.index.describeColorFormat2, err [0x80001001].
06-09 18:08:57.967 360 360 E omx_vdec: : erro: pParamData->nIndex > m_sPortFormatType.nIndex
06-09 18:08:57.967 360 360 W omx_vdec: <__AwOmxVdecGetExtensionIndex:1737>: GetExtensionIndex OMX.google.android.index.describeColorFormat, err [0x80001001].
06-09 18:08:57.967 360 360 W omx_vdec: <__AwOmxVdecGetExtensionIndex:1737>: GetExtensionIndex OMX.google.android.index.describeColorFormat2, err [0x80001001].
06-09 18:08:57.967 360 360 E omx_vdec: : erro: pParamData->nIndex > m_sPortFormatType.nIndex
06-09 18:08:57.967 360 360 W omx_vdec: <__AwOmxVdecGetExtensionIndex:1737>: GetExtensionIndex OMX.google.android.index.describeColorFormat, err [0x80001001].
06-09 18:08:57.967 360 360 W omx_vdec: <__AwOmxVdecGetExtensionIndex:1737>: GetExtensionIndex OMX.google.android.index.describeColorFormat2, err [0x80001001].
06-09 18:08:57.967 360 360 E omx_vdec: : erro: pParamData->nIndex > m_sPortFormatType.nIndex
06-09 18:08:57.967 360 360 W omx_vdec: <__AwOmxVdecGetExtensionIndex:1737>: GetExtensionIndex OMX.google.android.index.describeColorFormat, err [0x80001001].
06-09 18:08:57.968 360 360 W omx_vdec: <__AwOmxVdecGetExtensionIndex:1737>: GetExtensionIndex OMX.google.android.index.describeColorFormat2, err [0x80001001].
06-09 18:08:57.968 360 360 E omx_vdec: : erro: pParamData->nIndex > m_sPortFormatType.nIndex
06-09 18:08:57.968 360 360 W omx_vdec: <__AwOmxVdecGetExtensionIndex:1737>: GetExtensionIndex OMX.google.android.index.describeColorFormat, err [0x80001001].
06-09 18:08:57.968 360 360 W omx_vdec: <__AwOmxVdecGetExtensionIndex:1737>: GetExtensionIndex OMX.google.android.index.describeColorFormat2, err [0x80001001].
06-09 18:08:57.968 360 360 E omx_vdec: : erro: pParamData->nIndex > m_sPortFormatType.nIndex
06-09 18:08:57.968 360 360 W omx_vdec: <__AwOmxVdecGetExtensionIndex:1737>: GetExtensionIndex OMX.google.android.index.describeColorFormat, err [0x80001001].
06-09 18:08:57.968 360 360 W omx_vdec: <__AwOmxVdecGetExtensionIndex:1737>: GetExtensionIndex OMX.google.android.index.describeColorFormat2, err [0x80001001].
06-09 18:08:57.968 360 360 E omx_vdec: : erro: pParamData->nIndex > m_sPortFormatType.nIndex
06-09 18:08:57.968 360 360 W omx_vdec: <__AwOmxVdecGetExtensionIndex:1737>: GetExtensionIndex OMX.google.android.index.describeColorFormat, err [0x80001001].
06-09 18:08:57.968 360 360 W omx_vdec: <__AwOmxVdecGetExtensionIndex:1737>: GetExtensionIndex OMX.google.android.index.describeColorFormat2, err [0x80001001].
06-09 18:08:57.969 360 360 E omx_vdec: : erro: pParamData->nIndex > m_sPortFormatType.nIndex
06-09 18:08:57.969 360 360 W omx_vdec: <__AwOmxVdecGetExtensionIndex:1737>: GetExtensionIndex OMX.google.android.index.describeColorFormat, err [0x80001001].
06-09 18:08:57.969 360 360 W omx_vdec: <__AwOmxVdecGetExtensionIndex:1737>: GetExtensionIndex OMX.google.android.index.describeColorFormat2, err [0x80001001].
06-09 18:08:57.969 360 360 E omx_vdec: : erro: pParamData->nIndex > m_sPortFormatType.nIndex
06-09 18:08:57.969 360 360 W omx_vdec: <__AwOmxVdecGetExtensionIndex:1737>: GetExtensionIndex OMX.google.android.index.describeColorFormat, err [0x80001001].
06-09 18:08:57.969 360 360 W omx_vdec: <__AwOmxVdecGetExtensionIndex:1737>: GetExtensionIndex OMX.google.android.index.describeColorFormat2, err [0x80001001].
06-09 18:08:57.969 360 360 E omx_vdec: : erro: pParamData->nIndex > m_sPortFormatType.nIndex
06-09 18:08:57.969 360 360 W omx_vdec: <__AwOmxVdecGetExtensionIndex:1737>: GetExtensionIndex OMX.google.android.index.describeColorFormat, err [0x80001001].
06-09 18:08:57.969 360 360 W omx_vdec: <__AwOmxVdecGetExtensionIndex:1737>: GetExtensionIndex OMX.google.android.index.describeColorFormat2, err [0x80001001].
06-09 18:08:57.969 360 360 E omx_vdec: : erro: pParamData->nIndex > m_sPortFormatType.nIndex
06-09 18:08:57.970 360 360 W omx_vdec: <__AwOmxVdecGetExtensionIndex:1737>: GetExtensionIndex OMX.google.android.index.describeColorFormat, err [0x80001001].
06-09 18:08:57.970 360 360 W omx_vdec: <__AwOmxVdecGetExtensionIndex:1737>: GetExtensionIndex OMX.google.android.index.describeColorFormat2, err [0x80001001].
06-09 18:08:57.970 360 360 E omx_vdec: : erro: pParamData->nIndex > m_sPortFormatType.nIndex
06-09 18:08:57.970 360 360 W omx_vdec: <__AwOmxVdecGetExtensionIndex:1737>: GetExtensionIndex OMX.google.android.index.describeColorFormat, err [0x80001001].
06-09 18:08:57.970 360 360 W omx_vdec: <__AwOmxVdecGetExtensionIndex:1737>: GetExtensionIndex OMX.google.android.index.describeColorFormat2, err [0x80001001].
06-09 18:08:57.970 360 360 E omx_vdec: : erro: pParamData->nIndex > m_sPortFormatType.nIndex
06-09 18:08:57.970 360 360 W omx_vdec: <__AwOmxVdecGetExtensionIndex:1737>: GetExtensionIndex OMX.google.android.index.describeColorFormat, err [0x80001001].
06-09 18:08:57.970 360 360 W omx_vdec: <__AwOmxVdecGetExtensionIndex:1737>: GetExtensionIndex OMX.google.android.index.describeColorFormat2, err [0x80001001].
06-09 18:08:57.970 360 360 E omx_vdec: : erro: pParamData->nIndex > m_sPortFormatType.nIndex
06-09 18:08:57.970 360 360 W omx_vdec: <__AwOmxVdecGetExtensionIndex:1737>: GetExtensionIndex OMX.google.android.index.describeColorFormat, err [0x80001001].
06-09 18:08:57.970 360 360 W omx_vdec: <__AwOmxVdecGetExtensionIndex:1737>: GetExtensionIndex OMX.google.android.index.describeColorFormat2, err [0x80001001].
06-09 18:08:57.971 360 360 E omx_vdec: : erro: pParamData->nIndex > m_sPortFormatType.nIndex
06-09 18:08:57.971 360 360 W omx_vdec: <__AwOmxVdecGetExtensionIndex:1737>: GetExtensionIndex OMX.google.android.index.describeColorFormat, err [0x80001001].
06-09 18:08:57.971 360 360 W omx_vdec: <__AwOmxVdecGetExtensionIndex:1737>: GetExtensionIndex OMX.google.android.index.describeColorFormat2, err [0x80001001].
06-09 18:08:57.971 360 360 E omx_vdec: : erro: pParamData->nIndex > m_sPortFormatType.nIndex
06-09 18:08:57.971 360 360 W omx_vdec: <__AwOmxVdecGetExtensionIndex:1737>: GetExtensionIndex OMX.google.android.index.describeColorFormat, err [0x80001001].
06-09 18:08:57.971 360 360 W omx_vdec: <__AwOmxVdecGetExtensionIndex:1737>: GetExtensionIndex OMX.google.android.index.describeColorFormat2, err [0x80001001].
06-09 18:08:57.971 360 360 E omx_vdec: : erro: pParamData->nIndex > m_sPortFormatType.nIndex
06-09 18:08:57.971 360 417 W omx_vdec: <__AwOmxVdecGetExtensionIndex:1737>: GetExtensionIndex OMX.google.android.index.describeColorFormat, err [0x80001001].
06-09 18:08:57.971 360 417 W omx_vdec: <__AwOmxVdecGetExtensionIndex:1737>: GetExtensionIndex OMX.google.android.index.describeColorFormat2, err [0x80001001].
06-09 18:08:57.971 360 417 E omx_vdec: : erro: pParamData->nIndex > m_sPortFormatType.nIndex
06-09 18:08:57.972 360 417 W omx_vdec: <__AwOmxVdecGetExtensionIndex:1737>: GetExtensionIndex OMX.google.android.index.describeColorFormat, err [0x80001001].
06-09 18:08:57.972 360 417 W omx_vdec: <__AwOmxVdecGetExtensionIndex:1737>: GetExtensionIndex OMX.google.android.index.describeColorFormat2, err [0x80001001].
06-09 18:08:57.972 360 417 E omx_vdec: : erro: pParamData->nIndex > m_sPortFormatType.nIndex
06-09 18:08:57.972 360 417 W omx_vdec: <__AwOmxVdecGetExtensionIndex:1737>: GetExtensionIndex OMX.google.android.index.describeColorFormat, err [0x80001001].
06-09 18:08:57.972 360 417 W omx_vdec: <__AwOmxVdecGetExtensionIndex:1737>: GetExtensionIndex OMX.google.android.index.describeColorFormat2, err [0x80001001].
06-09 18:08:57.972 360 417 E omx_vdec: : erro: pParamData->nIndex > m_sPortFormatType.nIndex
06-09 18:08:57.972 360 417 W omx_vdec: <__AwOmxVdecGetExtensionIndex:1737>: GetExtensionIndex OMX.google.android.index.describeColorFormat, err [0x80001001].
06-09 18:08:57.972 360 417 W omx_vdec: <__AwOmxVdecGetExtensionIndex:1737>: GetExtensionIndex OMX.google.android.index.describeColorFormat2, err [0x80001001].
06-09 18:08:57.972 350 465 W ACodec : [OMX.allwinner.video.decoder.avc] stopping checking formats after 32: COLOR_FormatYUV420Planar(13)
06-09 18:08:57.972 360 417 W omx_vdec: <__AwOmxVdecGetExtensionIndex:1737>: GetExtensionIndex OMX.google.android.index.configureVideoTunnelMode, err [0x80001001].
06-09 18:08:57.972 360 417 E OMXNodeInstance: getExtensionIndex(0xe8b24000:allwinner.decoder.avc, OMX.google.android.index.configureVideoTunnelMode) ERROR: Undefined(0x80001001)
06-09 18:08:57.972 350 465 D MediaCodecInfo: detail feature-tunneled-playback wasn't present to remove
06-09 18:08:57.973 360 417 W omx_vdec: <__AwOmxVdecGetExtensionIndex:1737>: GetExtensionIndex OMX.google.android.index.storeANWBufferInMetadata, err [0x80001001].
06-09 18:08:57.973 360 417 W omx_vdec_aw: <__anSetExtPara:3011>: Setparameter: unknown param 2131755011
06-09 18:08:57.973 360 417 W OMXNodeInstance: [0xe8b24000:allwinner.decoder.avc] component does not support metadata mode; using fallback
06-09 18:08:57.973 360 702 W libc : invalid pthread_t (0) passed to pthread_join
06-09 18:08:57.973 360 702 W libc : invalid pthread_t (0) passed to pthread_join
06-09 18:08:57.973 360 702 W libc : invalid pthread_t (0) passed to pthread_join
06-09 18:08:57.976 350 465 I OMXClient: IOmx service obtained
06-09 18:08:57.976 360 360 I OMXStore: makeComponentInstance(OMX.allwinner.video.decoder.avc.secure) in android.hardwar process
06-09 18:08:57.980 475 475 W SystemServiceManager: Service com.android.server.policy.PermissionPolicyService took 66 ms in onBootPhase
06-09 18:08:57.980 475 475 I SystemServerTiming: StartObservingNativeCrashes
06-09 18:08:57.981 475 475 I SystemServerTiming: RegisterAppOpsPolicy
06-09 18:08:57.982 360 360 E omx_vdec: : This platform does not support secure video playback
06-09 18:08:57.982 360 360 E omx_sem : : handle is null
06-09 18:08:57.982 360 360 E omx_sem : : handle is null
06-09 18:08:57.982 360 360 E omx_sem : : handle is null
06-09 18:08:57.982 360 360 E omx_sem : : handle is null
06-09 18:08:57.982 360 360 E omx_sem : : handle is null
06-09 18:08:57.982 360 360 W omx_vdec_aw: : pdec is null
06-09 18:08:57.982 360 360 E android.hardware.media.omx@1.0-service: Failed to allocate omx component 'OMX.allwinner.video.decoder.avc.secure' err=InvalidComponentName(0x80001002)
06-09 18:08:57.982 350 465 W OmxInfoBuilder: Fail to add media type video/avc to codec OMX.allwinner.video.decoder.avc.secure
06-09 18:08:57.983 475 577 D CompatibilityChangeReporter: Compat change id reported: 168419799; UID 10064; state: DISABLED
06-09 18:08:57.983 475 577 W ActivityManager: Slow operation: 65ms so far, now at attachApplicationLocked: immediately before bindApplication
06-09 18:08:57.984 350 465 I OMXClient: IOmx service obtained
06-09 18:08:57.985 475 577 W ActivityManager: Slow operation: 67ms so far, now at attachApplicationLocked: immediately after bindApplication
06-09 18:08:57.985 475 577 W ActivityManager: Slow operation: 67ms so far, now at attachApplicationLocked: after updateLruProcessLocked
06-09 18:08:57.985 360 360 I OMXStore: makeComponentInstance(OMX.allwinner.video.decoder.hevc) in android.hardwar process
06-09 18:08:57.986 360 360 I omx_vdec_aw: : OmxDecoderCreate.
06-09 18:08:57.987 360 360 W omx_vdec: <__AwOmxVdecSetParameter:1561>: Set Parameter called in valid state
06-09 18:08:57.988 360 360 W omx_vdec: : pParamProfileLevel->nProfileIndex[0x1] error!
06-09 18:08:57.988 360 360 E OMXNodeInstance: getParameter(0xe8b24000:allwinner.decoder.hevc, ParamVideoProfileLevelQuerySupported(0x600000f)) ERROR: BadParameter(0x80001005)
06-09 18:08:57.988 360 360 W omx_vdec: <__AwOmxVdecGetExtensionIndex:1737>: GetExtensionIndex OMX.google.android.index.describeColorFormat, err [0x80001001].
06-09 18:08:57.988 360 360 W omx_vdec: <__AwOmxVdecGetExtensionIndex:1737>: GetExtensionIndex OMX.google.android.index.describeColorFormat2, err [0x80001001].
06-09 18:08:57.988 360 360 E omx_vdec: : erro: pParamData->nIndex > m_sPortFormatType.nIndex
06-09 18:08:57.988 360 360 W omx_vdec: <__AwOmxVdecGetExtensionIndex:1737>: GetExtensionIndex OMX.google.android.index.describeColorFormat, err [0x80001001].
06-09 18:08:57.988 360 360 W omx_vdec: <__AwOmxVdecGetExtensionIndex:1737>: GetExtensionIndex OMX.google.android.index.describeColorFormat2, err [0x80001001].
06-09 18:08:57.988 360 360 E omx_vdec: : erro: pParamData->nIndex > m_sPortFormatType.nIndex
06-09 18:08:57.989 360 360 W omx_vdec: <__AwOmxVdecGetExtensionIndex:1737>: GetExtensionIndex OMX.google.android.index.describeColorFormat, err [0x80001001].
06-09 18:08:57.989 360 360 W omx_vdec: <__AwOmxVdecGetExtensionIndex:1737>: GetExtensionIndex OMX.google.android.index.describeColorFormat2, err [0x80001001].
06-09 18:08:57.989 360 360 E omx_vdec: : erro: pParamData->nIndex > m_sPortFormatType.nIndex
06-09 18:08:57.989 360 360 W omx_vdec: <__AwOmxVdecGetExtensionIndex:1737>: GetExtensionIndex OMX.google.android.index.describeColorFormat, err [0x80001001].
06-09 18:08:57.989 360 360 W omx_vdec: <__AwOmxVdecGetExtensionIndex:1737>: GetExtensionIndex OMX.google.android.index.describeColorFormat2, err [0x80001001].
06-09 18:08:57.989 360 360 E omx_vdec: : erro: pParamData->nIndex > m_sPortFormatType.nIndex
06-09 18:08:57.989 360 360 W omx_vdec: <__AwOmxVdecGetExtensionIndex:1737>: GetExtensionIndex OMX.google.android.index.describeColorFormat, err [0x80001001].
06-09 18:08:57.989 360 360 W omx_vdec: <__AwOmxVdecGetExtensionIndex:1737>: GetExtensionIndex OMX.google.android.index.describeColorFormat2, err [0x80001001].
06-09 18:08:57.989 360 360 E omx_vdec: : erro: pParamData->nIndex > m_sPortFormatType.nIndex
06-09 18:08:57.990 360 360 W omx_vdec: <__AwOmxVdecGetExtensionIndex:1737>: GetExtensionIndex OMX.google.android.index.describeColorFormat, err [0x80001001].
06-09 18:08:57.990 360 360 W omx_vdec: <__AwOmxVdecGetExtensionIndex:1737>: GetExtensionIndex OMX.google.android.index.describeColorFormat2, err [0x80001001].
06-09 18:08:57.990 360 360 E omx_vdec: : erro: pParamData->nIndex > m_sPortFormatType.nIndex
06-09 18:08:57.990 360 360 W omx_vdec: <__AwOmxVdecGetExtensionIndex:1737>: GetExtensionIndex OMX.google.android.index.describeColorFormat, err [0x80001001].
06-09 18:08:57.990 360 360 W omx_vdec: <__AwOmxVdecGetExtensionIndex:1737>: GetExtensionIndex OMX.google.android.index.describeColorFormat2, err [0x80001001].
06-09 18:08:57.990 475 577 W ActivityManager: Slow operation: 73ms so far, now at attachApplicationLocked: after mServices.attachApplicationLocked
06-09 18:08:57.990 360 360 E omx_vdec: : erro: pParamData->nIndex > m_sPortFormatType.nIndex
06-09 18:08:57.990 360 360 W omx_vdec: <__AwOmxVdecGetExtensionIndex:1737>: GetExtensionIndex OMX.google.android.index.describeColorFormat, err [0x80001001].
06-09 18:08:57.991 360 360 W omx_vdec: <__AwOmxVdecGetExtensionIndex:1737>: GetExtensionIndex OMX.google.android.index.describeColorFormat2, err [0x80001001].
06-09 18:08:57.991 360 360 E omx_vdec: : erro: pParamData->nIndex > m_sPortFormatType.nIndex
06-09 18:08:57.991 360 360 W omx_vdec: <__AwOmxVdecGetExtensionIndex:1737>: GetExtensionIndex OMX.google.android.index.describeColorFormat, err [0x80001001].
06-09 18:08:57.991 360 360 W omx_vdec: <__AwOmxVdecGetExtensionIndex:1737>: GetExtensionIndex OMX.google.android.index.describeColorFormat2, err [0x80001001].
06-09 18:08:57.991 360 360 E omx_vdec: : erro: pParamData->nIndex > m_sPortFormatType.nIndex
06-09 18:08:57.991 360 360 W omx_vdec: <__AwOmxVdecGetExtensionIndex:1737>: GetExtensionIndex OMX.google.android.index.describeColorFormat, err [0x80001001].
06-09 18:08:57.991 360 360 W omx_vdec: <__AwOmxVdecGetExtensionIndex:1737>: GetExtensionIndex OMX.google.android.index.describeColorFormat2, err [0x80001001].
06-09 18:08:57.991 360 360 E omx_vdec: : erro: pParamData->nIndex > m_sPortFormatType.nIndex
06-09 18:08:57.991 360 360 W omx_vdec: <__AwOmxVdecGetExtensionIndex:1737>: GetExtensionIndex OMX.google.android.index.describeColorFormat, err [0x80001001].
06-09 18:08:57.991 360 360 W omx_vdec: <__AwOmxVdecGetExtensionIndex:1737>: GetExtensionIndex OMX.google.android.index.describeColorFormat2, err [0x80001001].
06-09 18:08:57.991 360 360 E omx_vdec: : erro: pParamData->nIndex > m_sPortFormatType.nIndex
06-09 18:08:57.992 360 360 W omx_vdec: <__AwOmxVdecGetExtensionIndex:1737>: GetExtensionIndex OMX.google.android.index.describeColorFormat, err [0x80001001].
06-09 18:08:57.992 360 360 W omx_vdec: <__AwOmxVdecGetExtensionIndex:1737>: GetExtensionIndex OMX.google.android.index.describeColorFormat2, err [0x80001001].
06-09 18:08:57.992 360 360 E omx_vdec: : erro: pParamData->nIndex > m_sPortFormatType.nIndex
06-09 18:08:57.992 360 360 W omx_vdec: <__AwOmxVdecGetExtensionIndex:1737>: GetExtensionIndex OMX.google.android.index.describeColorFormat, err [0x80001001].
06-09 18:08:57.992 360 360 W omx_vdec: <__AwOmxVdecGetExtensionIndex:1737>: GetExtensionIndex OMX.google.android.index.describeColorFormat2, err [0x80001001].
06-09 18:08:57.992 360 360 E omx_vdec: : erro: pParamData->nIndex > m_sPortFormatType.nIndex
06-09 18:08:57.992 360 360 W omx_vdec: <__AwOmxVdecGetExtensionIndex:1737>: GetExtensionIndex OMX.google.android.index.describeColorFormat, err [0x80001001].
06-09 18:08:57.992 360 360 W omx_vdec: <__AwOmxVdecGetExtensionIndex:1737>: GetExtensionIndex OMX.google.android.index.describeColorFormat2, err [0x80001001].
06-09 18:08:57.992 360 360 E omx_vdec: : erro: pParamData->nIndex > m_sPortFormatType.nIndex
06-09 18:08:57.993 360 360 W omx_vdec: <__AwOmxVdecGetExtensionIndex:1737>: GetExtensionIndex OMX.google.android.index.describeColorFormat, err [0x80001001].
06-09 18:08:57.993 360 360 W omx_vdec: <__AwOmxVdecGetExtensionIndex:1737>: GetExtensionIndex OMX.google.android.index.describeColorFormat2, err [0x80001001].
06-09 18:08:57.993 360 360 E omx_vdec: : erro: pParamData->nIndex > m_sPortFormatType.nIndex
06-09 18:08:57.993 360 360 W omx_vdec: <__AwOmxVdecGetExtensionIndex:1737>: GetExtensionIndex OMX.google.android.index.describeColorFormat, err [0x80001001].
06-09 18:08:57.993 360 360 W omx_vdec: <__AwOmxVdecGetExtensionIndex:1737>: GetExtensionIndex OMX.google.android.index.describeColorFormat2, err [0x80001001].
06-09 18:08:57.994 669 669 D CompatibilityChangeReporter: Compat change id reported: 171979766; UID 10064; state: ENABLED
06-09 18:08:57.994 475 475 I SystemServerTiming: MakeNetworkManagementServiceReady
06-09 18:08:57.996 475 475 W NetworkManagement: setDataSaverMode(): already false
06-09 18:08:57.996 475 576 I SystemServerTimingAsync: InitThreadPoolExec:WebViewFactoryPreparation
06-09 18:08:57.996 475 576 D SystemServerInitThreadPool: Started executing WebViewFactoryPreparation
06-09 18:08:57.996 475 576 I SystemServer: WebViewFactoryPreparation
06-09 18:08:57.996 475 576 I SystemServerTimingAsync: WebViewFactoryPreparation
06-09 18:08:57.999 360 360 E omx_vdec: : erro: pParamData->nIndex > m_sPortFormatType.nIndex
06-09 18:08:57.999 360 360 W omx_vdec: <__AwOmxVdecGetExtensionIndex:1737>: GetExtensionIndex OMX.google.android.index.describeColorFormat, err [0x80001001].
06-09 18:08:57.999 360 360 W omx_vdec: <__AwOmxVdecGetExtensionIndex:1737>: GetExtensionIndex OMX.google.android.index.describeColorFormat2, err [0x80001001].
06-09 18:08:58.001 360 360 E omx_vdec: : erro: pParamData->nIndex > m_sPortFormatType.nIndex
06-09 18:08:58.001 360 360 W omx_vdec: <__AwOmxVdecGetExtensionIndex:1737>: GetExtensionIndex OMX.google.android.index.describeColorFormat, err [0x80001001].
06-09 18:08:58.001 360 360 W omx_vdec: <__AwOmxVdecGetExtensionIndex:1737>: GetExtensionIndex OMX.google.android.index.describeColorFormat2, err [0x80001001].
06-09 18:08:58.002 360 360 E omx_vdec: : erro: pParamData->nIndex > m_sPortFormatType.nIndex
06-09 18:08:58.002 475 576 D CompatibilityChangeReporter: Compat change id reported: 135634846; UID 1000; state: DISABLED
06-09 18:08:58.002 360 360 W omx_vdec: <__AwOmxVdecGetExtensionIndex:1737>: GetExtensionIndex OMX.google.android.index.describeColorFormat, err [0x80001001].
06-09 18:08:58.003 360 360 W omx_vdec: <__AwOmxVdecGetExtensionIndex:1737>: GetExtensionIndex OMX.google.android.index.describeColorFormat2, err [0x80001001].
06-09 18:08:58.003 360 360 E omx_vdec: : erro: pParamData->nIndex > m_sPortFormatType.nIndex
06-09 18:08:58.003 360 360 W omx_vdec: <__AwOmxVdecGetExtensionIndex:1737>: GetExtensionIndex OMX.google.android.index.describeColorFormat, err [0x80001001].
06-09 18:08:58.003 360 360 W omx_vdec: <__AwOmxVdecGetExtensionIndex:1737>: GetExtensionIndex OMX.google.android.index.describeColorFormat2, err [0x80001001].
06-09 18:08:58.003 475 576 D CompatibilityChangeReporter: Compat change id reported: 177438394; UID 1000; state: DISABLED
06-09 18:08:58.003 360 360 E omx_vdec: : erro: pParamData->nIndex > m_sPortFormatType.nIndex
06-09 18:08:58.003 360 360 W omx_vdec: <__AwOmxVdecGetExtensionIndex:1737>: GetExtensionIndex OMX.google.android.index.describeColorFormat, err [0x80001001].
06-09 18:08:58.004 360 360 W omx_vdec: <__AwOmxVdecGetExtensionIndex:1737>: GetExtensionIndex OMX.google.android.index.describeColorFormat2, err [0x80001001].
06-09 18:08:58.004 475 576 D CompatibilityChangeReporter: Compat change id reported: 135772972; UID 1000; state: DISABLED
06-09 18:08:58.004 360 360 E omx_vdec: : erro: pParamData->nIndex > m_sPortFormatType.nIndex
06-09 18:08:58.004 475 475 I SystemServerTiming: MakeIpSecServiceReady
06-09 18:08:58.004 360 360 W omx_vdec: <__AwOmxVdecGetExtensionIndex:1737>: GetExtensionIndex OMX.google.android.index.describeColorFormat, err [0x80001001].
06-09 18:08:58.005 475 576 D CompatibilityChangeReporter: Compat change id reported: 178038272; UID 1000; state: DISABLED
06-09 18:08:58.005 360 360 W omx_vdec: <__AwOmxVdecGetExtensionIndex:1737>: GetExtensionIndex OMX.google.android.index.describeColorFormat2, err [0x80001001].
06-09 18:08:58.005 360 360 E omx_vdec: : erro: pParamData->nIndex > m_sPortFormatType.nIndex
06-09 18:08:58.005 475 544 W BatteryExternalStatsWorker: error reading modem stats:ERROR_PHONE_NOT_AVAILABLE
06-09 18:08:58.005 475 605 W NetworkPolicy: setRestrictBackgroundUL: already false
06-09 18:08:58.005 360 360 W omx_vdec: <__AwOmxVdecGetExtensionIndex:1737>: GetExtensionIndex OMX.google.android.index.describeColorFormat, err [0x80001001].
06-09 18:08:58.006 360 360 W omx_vdec: <__AwOmxVdecGetExtensionIndex:1737>: GetExtensionIndex OMX.google.android.index.describeColorFormat2, err [0x80001001].
06-09 18:08:58.007 663 663 V GraphicsEnvironment: ANGLE Developer option for 'com.android.bluetooth' set to: 'default'
06-09 18:08:58.008 663 663 V GraphicsEnvironment: Neither updatable production driver nor prerelease driver is supported.
06-09 18:08:58.010 663 663 D NetworkSecurityConfig: No Network Security Config specified, using platform default
06-09 18:08:58.011 663 663 D NetworkSecurityConfig: No Network Security Config specified, using platform default
06-09 18:08:58.013 475 475 D IpSecService: IpSecService is ready
06-09 18:08:58.013 475 475 I SystemServerTiming: MakeNetworkStatsServiceReady
06-09 18:08:58.015 475 576 D SystemServerInitThreadPool: Finished executing WebViewFactoryPreparation
06-09 18:08:58.016 360 360 E omx_vdec: : erro: pParamData->nIndex > m_sPortFormatType.nIndex
06-09 18:08:58.016 360 360 W omx_vdec: <__AwOmxVdecGetExtensionIndex:1737>: GetExtensionIndex OMX.google.android.index.describeColorFormat, err [0x80001001].
06-09 18:08:58.016 360 360 W omx_vdec: <__AwOmxVdecGetExtensionIndex:1737>: GetExtensionIndex OMX.google.android.index.describeColorFormat2, err [0x80001001].
06-09 18:08:58.016 360 360 E omx_vdec: : erro: pParamData->nIndex > m_sPortFormatType.nIndex
06-09 18:08:58.016 360 360 W omx_vdec: <__AwOmxVdecGetExtensionIndex:1737>: GetExtensionIndex OMX.google.android.index.describeColorFormat, err [0x80001001].
06-09 18:08:58.016 360 360 W omx_vdec: <__AwOmxVdecGetExtensionIndex:1737>: GetExtensionIndex OMX.google.android.index.describeColorFormat2, err [0x80001001].
06-09 18:08:58.016 360 360 E omx_vdec: : erro: pParamData->nIndex > m_sPortFormatType.nIndex
06-09 18:08:58.017 360 360 W omx_vdec: <__AwOmxVdecGetExtensionIndex:1737>: GetExtensionIndex OMX.google.android.index.describeColorFormat, err [0x80001001].
06-09 18:08:58.017 360 360 W omx_vdec: <__AwOmxVdecGetExtensionIndex:1737>: GetExtensionIndex OMX.google.android.index.describeColorFormat2, err [0x80001001].
06-09 18:08:58.017 360 360 E omx_vdec: : erro: pParamData->nIndex > m_sPortFormatType.nIndex
06-09 18:08:58.017 360 360 W omx_vdec: <__AwOmxVdecGetExtensionIndex:1737>: GetExtensionIndex OMX.google.android.index.describeColorFormat, err [0x80001001].
06-09 18:08:58.017 360 360 W omx_vdec: <__AwOmxVdecGetExtensionIndex:1737>: GetExtensionIndex OMX.google.android.index.describeColorFormat2, err [0x80001001].
06-09 18:08:58.017 360 360 E omx_vdec: : erro: pParamData->nIndex > m_sPortFormatType.nIndex
06-09 18:08:58.017 360 360 W omx_vdec: <__AwOmxVdecGetExtensionIndex:1737>: GetExtensionIndex OMX.google.android.index.describeColorFormat, err [0x80001001].
06-09 18:08:58.017 360 360 W omx_vdec: <__AwOmxVdecGetExtensionIndex:1737>: GetExtensionIndex OMX.google.android.index.describeColorFormat2, err [0x80001001].
06-09 18:08:58.017 360 360 E omx_vdec: : erro: pParamData->nIndex > m_sPortFormatType.nIndex
06-09 18:08:58.018 360 360 W omx_vdec: <__AwOmxVdecGetExtensionIndex:1737>: GetExtensionIndex OMX.google.android.index.describeColorFormat, err [0x80001001].
06-09 18:08:58.018 360 360 W omx_vdec: <__AwOmxVdecGetExtensionIndex:1737>: GetExtensionIndex OMX.google.android.index.describeColorFormat2, err [0x80001001].
06-09 18:08:58.018 360 360 E omx_vdec: : erro: pParamData->nIndex > m_sPortFormatType.nIndex
06-09 18:08:58.018 360 360 W omx_vdec: <__AwOmxVdecGetExtensionIndex:1737>: GetExtensionIndex OMX.google.android.index.describeColorFormat, err [0x80001001].
06-09 18:08:58.018 360 360 W omx_vdec: <__AwOmxVdecGetExtensionIndex:1737>: GetExtensionIndex OMX.google.android.index.describeColorFormat2, err [0x80001001].
06-09 18:08:58.018 360 360 E omx_vdec: : erro: pParamData->nIndex > m_sPortFormatType.nIndex
06-09 18:08:58.018 360 360 W omx_vdec: <__AwOmxVdecGetExtensionIndex:1737>: GetExtensionIndex OMX.google.android.index.describeColorFormat, err [0x80001001].
06-09 18:08:58.018 360 360 W omx_vdec: <__AwOmxVdecGetExtensionIndex:1737>: GetExtensionIndex OMX.google.android.index.describeColorFormat2, err [0x80001001].
06-09 18:08:58.019 360 360 E omx_vdec: : erro: pParamData->nIndex > m_sPortFormatType.nIndex
06-09 18:08:58.019 360 360 W omx_vdec: <__AwOmxVdecGetExtensionIndex:1737>: GetExtensionIndex OMX.google.android.index.describeColorFormat, err [0x80001001].
06-09 18:08:58.019 360 360 W omx_vdec: <__AwOmxVdecGetExtensionIndex:1737>: GetExtensionIndex OMX.google.android.index.describeColorFormat2, err [0x80001001].
06-09 18:08:58.019 360 360 E omx_vdec: : erro: pParamData->nIndex > m_sPortFormatType.nIndex
06-09 18:08:58.019 360 360 W omx_vdec: <__AwOmxVdecGetExtensionIndex:1737>: GetExtensionIndex OMX.google.android.index.describeColorFormat, err [0x80001001].
06-09 18:08:58.019 360 360 W omx_vdec: <__AwOmxVdecGetExtensionIndex:1737>: GetExtensionIndex OMX.google.android.index.describeColorFormat2, err [0x80001001].
06-09 18:08:58.020 350 465 W ACodec : [OMX.allwinner.video.decoder.hevc] stopping checking formats after 32: COLOR_FormatYUV420Planar(13)
06-09 18:08:58.020 360 360 W omx_vdec: <__AwOmxVdecGetExtensionIndex:1737>: GetExtensionIndex OMX.google.android.index.configureVideoTunnelMode, err [0x80001001].
06-09 18:08:58.020 360 360 E OMXNodeInstance: getExtensionIndex(0xe8b24000:allwinner.decoder.hevc, OMX.google.android.index.configureVideoTunnelMode) ERROR: Undefined(0x80001001)
06-09 18:08:58.020 350 465 D MediaCodecInfo: detail feature-tunneled-playback wasn't present to remove
06-09 18:08:58.020 360 360 W omx_vdec: <__AwOmxVdecGetExtensionIndex:1737>: GetExtensionIndex OMX.google.android.index.storeANWBufferInMetadata, err [0x80001001].
06-09 18:08:58.020 360 360 W omx_vdec_aw: <__anSetExtPara:3011>: Setparameter: unknown param 2131755011
06-09 18:08:58.020 360 360 W OMXNodeInstance: [0xe8b24000:allwinner.decoder.hevc] component does not support metadata mode; using fallback
06-09 18:08:58.021 360 707 W libc : invalid pthread_t (0) passed to pthread_join
06-09 18:08:58.021 360 707 W libc : invalid pthread_t (0) passed to pthread_join
06-09 18:08:58.021 360 707 W libc : invalid pthread_t (0) passed to pthread_join
06-09 18:08:58.021 241 241 D Zygote : Forked child process 712
06-09 18:08:58.023 475 537 I ActivityManager: app.processName = WebViewLoader-armeabi-v7a
06-09 18:08:58.023 475 537 I ActivityManager: Start proc 712:WebViewLoader-armeabi-v7a/1037 [android.webkit.WebViewLibraryLoader$RelroFileCreator] for null
06-09 18:08:58.024 475 475 W BestClock: java.time.DateTimeException: Missing NTP fix
06-09 18:08:58.026 350 465 I OMXClient: IOmx service obtained
06-09 18:08:58.026 360 360 I OMXStore: makeComponentInstance(OMX.allwinner.video.decoder.hevc.secure) in android.hardwar process
06-09 18:08:58.027 360 360 E omx_vdec: : This platform does not support secure video playback
06-09 18:08:58.028 360 360 E omx_sem : : handle is null
06-09 18:08:58.028 360 360 E omx_sem : : handle is null
06-09 18:08:58.028 360 360 E omx_sem : : handle is null
06-09 18:08:58.028 360 360 E omx_sem : : handle is null
06-09 18:08:58.028 360 360 E omx_sem : : handle is null
06-09 18:08:58.028 360 360 W omx_vdec_aw: : pdec is null
06-09 18:08:58.028 360 360 E android.hardware.media.omx@1.0-service: Failed to allocate omx component 'OMX.allwinner.video.decoder.hevc.secure' err=InvalidComponentName(0x80001002)
06-09 18:08:58.028 350 465 W OmxInfoBuilder: Fail to add media type video/hevc to codec OMX.allwinner.video.decoder.hevc.secure
06-09 18:08:58.029 712 712 I Zygote : seccomp disabled by setenforce 0
06-09 18:08:58.029 350 465 I OMXClient: IOmx service obtained
06-09 18:08:58.030 360 360 I OMXStore: makeComponentInstance(OMX.allwinner.video.decoder.mpeg2) in android.hardwar process
06-09 18:08:58.031 360 360 I omx_vdec_aw: : OmxDecoderCreate.
06-09 18:08:58.031 475 605 W BestClock: java.time.DateTimeException: Missing NTP fix
06-09 18:08:58.035 360 360 W omx_vdec: <__AwOmxVdecSetParameter:1561>: Set Parameter called in valid state
06-09 18:08:58.036 475 614 D ConnectivityService: NetReassign [no changes]
06-09 18:08:58.039 360 360 W omx_vdec: : pParamProfileLevel->nProfileIndex[0x2] error!
06-09 18:08:58.039 360 360 E OMXNodeInstance: getParameter(0xe8b24000:allwinner.decoder.mpeg2, ParamVideoProfileLevelQuerySupported(0x600000f)) ERROR: BadParameter(0x80001005)
06-09 18:08:58.040 360 360 W omx_vdec: <__AwOmxVdecGetExtensionIndex:1737>: GetExtensionIndex OMX.google.android.index.describeColorFormat, err [0x80001001].
06-09 18:08:58.040 360 360 W omx_vdec: <__AwOmxVdecGetExtensionIndex:1737>: GetExtensionIndex OMX.google.android.index.describeColorFormat2, err [0x80001001].
06-09 18:08:58.040 360 360 E omx_vdec: : erro: pParamData->nIndex > m_sPortFormatType.nIndex
06-09 18:08:58.040 360 360 W omx_vdec: <__AwOmxVdecGetExtensionIndex:1737>: GetExtensionIndex OMX.google.android.index.describeColorFormat, err [0x80001001].
06-09 18:08:58.041 360 360 W omx_vdec: <__AwOmxVdecGetExtensionIndex:1737>: GetExtensionIndex OMX.google.android.index.describeColorFormat2, err [0x80001001].
06-09 18:08:58.041 360 360 E omx_vdec: : erro: pParamData->nIndex > m_sPortFormatType.nIndex
06-09 18:08:58.041 360 360 W omx_vdec: <__AwOmxVdecGetExtensionIndex:1737>: GetExtensionIndex OMX.google.android.index.describeColorFormat, err [0x80001001].
06-09 18:08:58.041 360 360 W omx_vdec: <__AwOmxVdecGetExtensionIndex:1737>: GetExtensionIndex OMX.google.android.index.describeColorFormat2, err [0x80001001].
06-09 18:08:58.041 360 360 E omx_vdec: : erro: pParamData->nIndex > m_sPortFormatType.nIndex
06-09 18:08:58.041 360 360 W omx_vdec: <__AwOmxVdecGetExtensionIndex:1737>: GetExtensionIndex OMX.google.android.index.describeColorFormat, err [0x80001001].
06-09 18:08:58.041 360 360 W omx_vdec: <__AwOmxVdecGetExtensionIndex:1737>: GetExtensionIndex OMX.google.android.index.describeColorFormat2, err [0x80001001].
06-09 18:08:58.041 360 360 E omx_vdec: : erro: pParamData->nIndex > m_sPortFormatType.nIndex
06-09 18:08:58.041 360 360 W omx_vdec: <__AwOmxVdecGetExtensionIndex:1737>: GetExtensionIndex OMX.google.android.index.describeColorFormat, err [0x80001001].
06-09 18:08:58.042 360 360 W omx_vdec: <__AwOmxVdecGetExtensionIndex:1737>: GetExtensionIndex OMX.google.android.index.describeColorFormat2, err [0x80001001].
06-09 18:08:58.042 360 360 E omx_vdec: : erro: pParamData->nIndex > m_sPortFormatType.nIndex
06-09 18:08:58.042 360 360 W omx_vdec: <__AwOmxVdecGetExtensionIndex:1737>: GetExtensionIndex OMX.google.android.index.describeColorFormat, err [0x80001001].
06-09 18:08:58.042 360 360 W omx_vdec: <__AwOmxVdecGetExtensionIndex:1737>: GetExtensionIndex OMX.google.android.index.describeColorFormat2, err [0x80001001].
06-09 18:08:58.042 360 360 E omx_vdec: : erro: pParamData->nIndex > m_sPortFormatType.nIndex
