06-09 18:08:59.104 407 407 I : DVI mode selected: packets not configured
06-09 18:08:59.104 407 407 I : Error: set vsif failed
06-09 18:08:59.099 475 698 I CCodecConfig: query failed after returning 7 values (BAD_INDEX)
06-09 18:08:59.099 475 699 D CCodec : [c2.android.vorbis.decoder] buffers are bound to CCodec for this session
06-09 18:08:59.100 475 699 D CCodecConfig: no c2 equivalents for durationUs
06-09 18:08:59.100 475 699 D CCodecConfig: no c2 equivalents for track-id
06-09 18:08:59.100 475 699 D CCodecConfig: no c2 equivalents for csd-1
06-09 18:08:59.100 475 698 D CCodecConfig: c2 config diff is Dict {
06-09 18:08:59.100 475 698 D CCodecConfig: c2::u32 coded.bitrate.value = 64000
06-09 18:08:59.100 475 698 D CCodecConfig: c2::u32 input.buffers.max-size.value = 32768
06-09 18:08:59.100 475 698 D CCodecConfig: c2::u32 input.delay.value = 0
06-09 18:08:59.100 475 698 D CCodecConfig: string input.media-type.value = "audio/vorbis"
06-09 18:08:59.100 475 698 D CCodecConfig: string output.media-type.value = "audio/raw"
06-09 18:08:59.100 475 698 D CCodecConfig: c2::u32 raw.channel-count.value = 1
06-09 18:08:59.100 475 698 D CCodecConfig: c2::u32 raw.sample-rate.value = 48000
06-09 18:08:59.100 475 698 D CCodecConfig: }
06-09 18:08:59.100 475 699 D CCodecConfig: no c2 equivalents for channel-mask
06-09 18:08:59.100 475 699 D CCodecConfig: no c2 equivalents for flags
06-09 18:08:59.101 475 699 D CCodecConfig: c2 config diff is c2::u32 raw.channel-count.value = 2
06-09 18:08:59.101 475 699 D CCodecConfig: c2::u32 raw.sample-rate.value = 44100
06-09 18:08:59.102 475 699 W Codec2Client: query -- param skipped: index = 1107298332.
06-09 18:08:59.103 475 699 D CCodec : setup formats input: AMessage(what = 0x00000000) = {
06-09 18:08:59.103 475 699 D CCodec : int32_t bitrate = 64000
06-09 18:08:59.103 475 699 D CCodec : int32_t channel-count = 2
06-09 18:08:59.103 475 699 D CCodec : int32_t max-input-size = 32768
06-09 18:08:59.103 475 699 D CCodec : string mime = "audio/vorbis"
06-09 18:08:59.103 475 699 D CCodec : int32_t sample-rate = 44100
06-09 18:08:59.103 475 699 D CCodec : }
06-09 18:08:59.103 475 699 D CCodec : setup formats output: AMessage(what = 0x00000000) = {
06-09 18:08:59.103 475 699 D CCodec : int32_t channel-count = 2
06-09 18:08:59.103 475 699 D CCodec : string mime = "audio/raw"
06-09 18:08:59.103 475 699 D CCodec : int32_t sample-rate = 44100
06-09 18:08:59.103 475 699 D CCodec : int32_t channel-mask = 3
06-09 18:08:59.103 475 699 D CCodec : }
06-09 18:08:59.103 475 698 D CCodec : [c2.android.vorbis.decoder] buffers are bound to CCodec for this session
06-09 18:08:59.103 475 699 I CCodecConfig: query failed after returning 7 values (BAD_INDEX)
06-09 18:08:59.104 475 698 D CCodecConfig: no c2 equivalents for durationUs
06-09 18:08:59.104 475 698 D CCodecConfig: no c2 equivalents for track-id
06-09 18:08:59.104 475 699 W Codec2Client: query -- param skipped: index = 1342179345.
06-09 18:08:59.104 475 699 W Codec2Client: query -- param skipped: index = 2415921170.
06-09 18:08:59.104 475 698 D CCodecConfig: no c2 equivalents for csd-1
06-09 18:08:59.104 475 698 D CCodecConfig: no c2 equivalents for channel-mask
06-09 18:08:59.104 475 698 D CCodecConfig: no c2 equivalents for flags
06-09 18:08:59.105 475 699 D C2Store : Using ION
06-09 18:08:59.106 475 698 D CCodecConfig: c2 config diff is c2::u32 raw.channel-count.value = 2
06-09 18:08:59.106 475 698 D CCodecConfig: c2::u32 raw.sample-rate.value = 44100
06-09 18:08:59.100 845 845 I id.ext.services: type=1400 audit(0.0:342): avc: denied { search } for name="android.ext.services" dev="mmcblk0p25" ino=436 scontext=u:r:platform_app:s0:c512,c768 tcontext=u:object_r:app_data_file:s0:c512,c768 tclass=dir permissive=1 app=android.ext.services
06-09 18:08:59.106 475 699 D CCodecBufferChannel: [c2.android.vorbis.decoder#846] Created input block pool with allocatorID 16 => poolID 17 - OK (0)
06-09 18:08:59.107 365 383 D C2Store : Using ION
06-09 18:08:59.109 475 699 I CCodecBufferChannel: [c2.android.vorbis.decoder#846] Created output block pool with allocatorID 16 => poolID 17 - OK
06-09 18:08:59.109 475 699 D CCodecBufferChannel: [c2.android.vorbis.decoder#846] Configured output block pool ids 17 => OK
06-09 18:08:59.110 475 699 E ion : ioctl c0044901 failed with code -1: Inappropriate ioctl for device
06-09 18:08:59.113 752 752 D CompatibilityChangeReporter: Compat change id reported: 147600208; UID 1073; state: ENABLED
06-09 18:08:59.112 475 698 W Codec2Client: query -- param skipped: index = 1107298332.
06-09 18:08:59.114 475 698 D CCodec : setup formats input: AMessage(what = 0x00000000) = {
06-09 18:08:59.114 475 698 D CCodec : int32_t bitrate = 64000
06-09 18:08:59.114 475 698 D CCodec : int32_t channel-count = 2
06-09 18:08:59.114 475 698 D CCodec : int32_t max-input-size = 32768
06-09 18:08:59.114 475 698 D CCodec : string mime = "audio/vorbis"
06-09 18:08:59.114 475 698 D CCodec : int32_t sample-rate = 44100
06-09 18:08:59.114 475 698 D CCodec : }
06-09 18:08:59.114 475 698 D CCodec : setup formats output: AMessage(what = 0x00000000) = {
06-09 18:08:59.114 475 698 D CCodec : int32_t channel-count = 2
06-09 18:08:59.114 475 698 D CCodec : string mime = "audio/raw"
06-09 18:08:59.114 475 698 D CCodec : int32_t sample-rate = 44100
06-09 18:08:59.114 475 698 D CCodec : int32_t channel-mask = 3
06-09 18:08:59.114 475 698 D CCodec : }
06-09 18:08:59.115 475 698 I CCodecConfig: query failed after returning 7 values (BAD_INDEX)
06-09 18:08:59.116 365 878 D SimpleC2Component: Using output block pool with poolID 17 => got 17 - 0
06-09 18:08:59.117 475 570 D CompatibilityChangeReporter: Compat change id reported: 182478738; UID 1073; state: DISABLED
06-09 18:08:59.119 845 845 V GraphicsEnvironment: ANGLE Developer option for 'android.ext.services' set to: 'default'
06-09 18:08:59.119 845 845 V GraphicsEnvironment: Neither updatable production driver nor prerelease driver is supported.
06-09 18:08:59.123 365 383 E ion : ioctl c0044901 failed with code -1: Inappropriate ioctl for device
06-09 18:08:59.123 475 475 I SystemServerTiming: ManagedServices.unbindOtherUserServices_current0
06-09 18:08:59.124 475 475 I SystemServerTiming: ManagedServices.unbindOtherUserServices_current0
06-09 18:08:59.124 475 475 I SystemServerTiming: ManagedServices.unbindOtherUserServices_current0
06-09 18:08:59.126 475 475 V NotificationAssistants: enabling notification assistant for 0: ComponentInfo{android.ext.services/android.ext.services.notification.Assistant}
06-09 18:08:59.127 475 475 V NotificationAssistants: binding: Intent { act=android.service.notification.NotificationAssistantService cmp=android.ext.services/.notification.Assistant (has extras) }
06-09 18:08:59.127 475 698 W Codec2Client: query -- param skipped: index = 1342179345.
06-09 18:08:59.127 475 698 W Codec2Client: query -- param skipped: index = 2415921170.
06-09 18:08:59.129 475 698 D CCodecBufferChannel: [c2.android.vorbis.decoder#723] Created input block pool with allocatorID 16 => poolID 18 - OK (0)
06-09 18:08:59.137 407 407 I : DVI mode selected: packets not configured
06-09 18:08:59.137 407 407 I : Error: set vsif failed
06-09 18:08:59.132 475 698 I CCodecBufferChannel: [c2.android.vorbis.decoder#723] Created output block pool with allocatorID 16 => poolID 18 - OK
06-09 18:08:59.132 475 698 D CCodecBufferChannel: [c2.android.vorbis.decoder#723] Configured output block pool ids 18 => OK
06-09 18:08:59.136 365 877 D SimpleC2Component: Using output block pool with poolID 18 => got 18 - 0
06-09 18:08:59.142 269 293 E cutils-trace: Error opening trace file: No such file or directory (2)
06-09 18:08:59.144 319 319 I rainbow_flow: type=1400 audit(0.0:343): avc: denied { ioctl } for path="/dev/spidev1.0" dev="tmpfs" ino=2502 ioctlcmd=0x6b00 scontext=u:r:init:s0 tcontext=u:object_r:device:s0 tclass=chr_file permissive=1
06-09 18:08:59.158 845 845 D NetworkSecurityConfig: No Network Security Config specified, using platform default
06-09 18:08:59.160 752 752 V WifiManager: registerSoftApCallback: callback=com.android.networkstack.tethering.Tethering$TetheringSoftApCallback@9716374, executor=com.android.networkstack.tethering.Tethering$TetheringThreadExecutor@14ce09d
06-09 18:08:59.164 475 607 D ApConfigUtil: Update Softap capability, add client control feature support
06-09 18:08:59.164 475 607 D ApConfigUtil: Update Softap capability, add MAC customization support
06-09 18:08:59.164 475 607 D ApConfigUtil: Update Softap capability, add 2.4G support
06-09 18:08:59.164 475 607 D ApConfigUtil: Update Softap capability, max client = 16
06-09 18:08:59.165 752 782 V WifiManager: SoftApCallbackProxy: send InfoChanged, newInfo: SoftApInfo{bandwidth= 0, frequency= 0, wifiStandard= 0, mApInstanceIdentifier= null, mIdleShutdownTimeoutMillis= 0}
06-09 18:08:59.165 752 782 V WifiManager: SoftApCallbackProxy: send InfoChanged, changedInfoList: []
06-09 18:08:59.166 752 782 V WifiManager: SoftApCallbackProxy: send onConnectedClientsChanged(clients): []
06-09 18:08:59.170 475 570 D ConnectivityService: requestNetwork for uid/pid:1073/752 activeRequest: null callbackRequest: 21 [NetworkRequest [ TRACK_SYSTEM_DEFAULT id=21, [ Capabilities: INTERNET&NOT_RESTRICTED&TRUSTED&NOT_VPN&NOT_VCN_MANAGED RequestorUid: 1073 RequestorPkg: com.android.networkstack.tethering] ]] callback flags: 0 priority: 2147483647
06-09 18:08:59.171 475 614 D ConnectivityService: NetReassign [no changes]
06-09 18:08:59.177 845 845 D NetworkSecurityConfig: No Network Security Config specified, using platform default
06-09 18:08:59.187 407 407 I : DVI mode selected: packets not configured
06-09 18:08:59.187 407 407 I : Error: set vsif failed
06-09 18:08:59.220 407 407 I : DVI mode selected: packets not configured
06-09 18:08:59.220 407 407 I : Error: set vsif failed
06-09 18:08:59.232 891 891 I Thread-2: type=1400 audit(0.0:344): avc: denied { execute } for name="am" dev="dm-1" ino=1160 scontext=u:r:system_app:s0 tcontext=u:object_r:vendor_file:s0 tclass=file permissive=1
06-09 18:08:59.232 891 891 I Thread-2: type=1400 audit(0.0:345): avc: denied { read open } for path="/vendor/xbin/am" dev="dm-1" ino=1160 scontext=u:r:system_app:s0 tcontext=u:object_r:vendor_file:s0 tclass=file permissive=1
06-09 18:08:59.232 891 891 I Thread-2: type=1400 audit(0.0:346): avc: denied { execute_no_trans } for path="/vendor/xbin/am" dev="dm-1" ino=1160 scontext=u:r:system_app:s0 tcontext=u:object_r:vendor_file:s0 tclass=file permissive=1
06-09 18:08:59.236 261 261 I EventThread: type=1400 audit(0.0:347): avc: denied { search } for name="extcon" dev="sysfs" ino=18109 scontext=u:r:hal_tv_cec_default:s0 tcontext=u:object_r:sysfs_extcon:s0 tclass=dir permissive=1
06-09 18:08:59.274 475 748 D CompatibilityChangeReporter: Compat change id reported: 171306433; UID 1000; state: ENABLED
06-09 18:08:59.304 821 895 D MediaCodecList: codecHandlesFormat: no format, so no extra checks
06-09 18:08:59.308 821 898 D MediaCodecList: codecHandlesFormat: no format, so no extra checks
06-09 18:08:59.320 821 900 D CCodec : allocate(c2.android.vorbis.decoder)
06-09 18:08:59.316 475 475 I Binder:475_1: type=1400 audit(0.0:348): avc: denied { read } for name="u:object_r:vendor_default_prop:s0" dev="tmpfs" ino=2336 scontext=u:r:system_server:s0 tcontext=u:object_r:vendor_default_prop:s0 tclass=file permissive=1
06-09 18:08:59.316 475 475 I Binder:475_1: type=1400 audit(0.0:349): avc: denied { open } for path="/dev/__properties__/u:object_r:vendor_default_prop:s0" dev="tmpfs" ino=2336 scontext=u:r:system_server:s0 tcontext=u:object_r:vendor_default_prop:s0 tclass=file permissive=1
06-09 18:08:59.316 475 475 I Binder:475_1: type=1400 audit(0.0:350): avc: denied { getattr } for path="/dev/__properties__/u:object_r:vendor_default_prop:s0" dev="tmpfs" ino=2336 scontext=u:r:system_server:s0 tcontext=u:object_r:vendor_default_prop:s0 tclass=file permissive=1
06-09 18:08:59.316 475 475 I Binder:475_1: type=1400 audit(0.0:351): avc: denied { map } for path="/dev/__properties__/u:object_r:vendor_default_prop:s0" dev="tmpfs" ino=2336 scontext=u:r:system_server:s0 tcontext=u:object_r:vendor_default_prop:s0 tclass=file permissive=1
06-09 18:08:59.327 821 901 D CCodec : allocate(c2.android.vorbis.decoder)
06-09 18:08:59.327 821 900 I Codec2Client: Available Codec2 services: "software"
06-09 18:08:59.329 475 497 W ActivityManager: Unable to start service Intent { cmp=com.oranth.storage/.MainService } U=0: not found
06-09 18:08:59.333 475 520 D CompatibilityChangeReporter: Compat change id reported: 158002302; UID 1000; state: ENABLED
06-09 18:08:59.338 343 343 D incidentd: WorkDirectory::getReports
06-09 18:08:59.341 821 901 I CCodec : Created component [c2.android.vorbis.decoder]
06-09 18:08:59.342 821 901 D CCodecConfig: read media type: audio/vorbis
06-09 18:08:59.346 184 184 I hwservicemanager: getTransport: Cannot find entry android.hardware.configstore@1.0::ISurfaceFlingerConfigs/default in either framework or device VINTF manifest.
06-09 18:08:59.351 821 900 I CCodec : Created component [c2.android.vorbis.decoder]
06-09 18:08:59.352 821 900 D CCodecConfig: read media type: audio/vorbis
06-09 18:08:59.354 821 901 D ReflectedParamUpdater: extent() != 1 for single value type: algo.buffers.max-count.values
06-09 18:08:59.354 821 901 D ReflectedParamUpdater: extent() != 1 for single value type: output.subscribed-indices.values
06-09 18:08:59.356 821 901 D ReflectedParamUpdater: extent() != 1 for single value type: input.buffers.allocator-ids.values
06-09 18:08:59.356 821 901 D ReflectedParamUpdater: extent() != 1 for single value type: output.buffers.allocator-ids.values
06-09 18:08:59.356 821 901 D ReflectedParamUpdater: extent() != 1 for single value type: algo.buffers.allocator-ids.values
06-09 18:08:59.357 821 901 D ReflectedParamUpdater: extent() != 1 for single value type: output.buffers.pool-ids.values
06-09 18:08:59.357 821 901 D ReflectedParamUpdater: extent() != 1 for single value type: algo.buffers.pool-ids.values
06-09 18:08:59.363 821 901 I CCodecConfig: query failed after returning 7 values (BAD_INDEX)
06-09 18:08:59.363 821 901 D CCodecConfig: c2 config diff is Dict {
06-09 18:08:59.363 821 901 D CCodecConfig: c2::u32 coded.bitrate.value = 64000
06-09 18:08:59.363 821 901 D CCodecConfig: c2::u32 input.buffers.max-size.value = 32768
06-09 18:08:59.363 821 901 D CCodecConfig: c2::u32 input.delay.value = 0
06-09 18:08:59.363 821 901 D CCodecConfig: string input.media-type.value = "audio/vorbis"
06-09 18:08:59.363 821 901 D CCodecConfig: string output.media-type.value = "audio/raw"
06-09 18:08:59.363 821 901 D CCodecConfig: c2::u32 raw.channel-count.value = 1
06-09 18:08:59.363 821 901 D CCodecConfig: c2::u32 raw.sample-rate.value = 48000
06-09 18:08:59.363 821 901 D CCodecConfig: }
06-09 18:08:59.364 475 497 W ActivityManager: Unable to start service Intent { cmp=com.oranth.ledstatus/.LedStatusService } U=0: not found
06-09 18:08:59.366 821 900 D ReflectedParamUpdater: extent() != 1 for single value type: algo.buffers.max-count.values
06-09 18:08:59.367 669 669 W SystemServiceRegistry: No service published for: fingerprint
06-09 18:08:59.367 821 900 D ReflectedParamUpdater: extent() != 1 for single value type: output.subscribed-indices.values
06-09 18:08:59.368 821 901 D CCodec : [c2.android.vorbis.decoder] buffers are bound to CCodec for this session
06-09 18:08:59.368 821 901 D CCodecConfig: no c2 equivalents for durationUs
06-09 18:08:59.368 821 901 D CCodecConfig: no c2 equivalents for track-id
06-09 18:08:59.368 821 901 D CCodecConfig: no c2 equivalents for csd-1
06-09 18:08:59.368 821 901 D CCodecConfig: no c2 equivalents for channel-mask
06-09 18:08:59.368 821 901 D CCodecConfig: no c2 equivalents for flags
06-09 18:08:59.368 821 900 D ReflectedParamUpdater: extent() != 1 for single value type: input.buffers.allocator-ids.values
06-09 18:08:59.368 669 669 W SystemServiceRegistry: No service published for: face
06-09 18:08:59.369 821 900 D ReflectedParamUpdater: extent() != 1 for single value type: output.buffers.allocator-ids.values
06-09 18:08:59.369 821 900 D ReflectedParamUpdater: extent() != 1 for single value type: algo.buffers.allocator-ids.values
06-09 18:08:59.369 821 901 D CCodecConfig: c2 config diff is c2::u32 coded.bitrate.value = 224000
06-09 18:08:59.369 821 901 D CCodecConfig: c2::u32 raw.channel-count.value = 2
06-09 18:08:59.373 821 900 D ReflectedParamUpdater: extent() != 1 for single value type: output.buffers.pool-ids.values
06-09 18:08:59.374 821 901 W Codec2Client: query -- param skipped: index = 1107298332.
06-09 18:08:59.374 821 901 D CCodec : setup formats input: AMessage(what = 0x00000000) = {
06-09 18:08:59.374 821 901 D CCodec : int32_t bitrate = 224000
06-09 18:08:59.374 821 901 D CCodec : int32_t channel-count = 2
06-09 18:08:59.374 821 901 D CCodec : int32_t max-input-size = 32768
06-09 18:08:59.374 821 901 D CCodec : string mime = "audio/vorbis"
06-09 18:08:59.374 821 901 D CCodec : int32_t sample-rate = 48000
06-09 18:08:59.374 821 901 D CCodec : }
06-09 18:08:59.374 821 901 D CCodec : setup formats output: AMessage(what = 0x00000000) = {
06-09 18:08:59.374 821 901 D CCodec : int32_t channel-count = 2
06-09 18:08:59.374 821 901 D CCodec : string mime = "audio/raw"
06-09 18:08:59.374 821 901 D CCodec : int32_t sample-rate = 48000
06-09 18:08:59.374 821 901 D CCodec : int32_t channel-mask = 3
06-09 18:08:59.374 821 901 D CCodec : }
06-09 18:08:59.376 821 900 D ReflectedParamUpdater: extent() != 1 for single value type: algo.buffers.pool-ids.values
06-09 18:08:59.376 821 901 I CCodecConfig: query failed after returning 7 values (BAD_INDEX)
06-09 18:08:59.382 821 901 W Codec2Client: query -- param skipped: index = 1342179345.
06-09 18:08:59.382 821 901 W Codec2Client: query -- param skipped: index = 2415921170.
06-09 18:08:59.384 821 900 I CCodecConfig: query failed after returning 7 values (BAD_INDEX)
06-09 18:08:59.385 821 900 D CCodecConfig: c2 config diff is Dict {
06-09 18:08:59.385 821 900 D CCodecConfig: c2::u32 coded.bitrate.value = 64000
06-09 18:08:59.385 821 900 D CCodecConfig: c2::u32 input.buffers.max-size.value = 32768
06-09 18:08:59.385 821 900 D CCodecConfig: c2::u32 input.delay.value = 0
06-09 18:08:59.385 821 900 D CCodecConfig: string input.media-type.value = "audio/vorbis"
06-09 18:08:59.385 821 900 D CCodecConfig: string output.media-type.value = "audio/raw"
06-09 18:08:59.385 821 900 D CCodecConfig: c2::u32 raw.channel-count.value = 1
06-09 18:08:59.385 821 900 D CCodecConfig: c2::u32 raw.sample-rate.value = 48000
06-09 18:08:59.385 821 900 D CCodecConfig: }
06-09 18:08:59.385 821 901 D C2Store : Using ION
06-09 18:08:59.386 821 901 D CCodecBufferChannel: [c2.android.vorbis.decoder#670] Created input block pool with allocatorID 16 => poolID 17 - OK (0)
06-09 18:08:59.388 821 900 D CCodec : [c2.android.vorbis.decoder] buffers are bound to CCodec for this session
06-09 18:08:59.388 821 900 D CCodecConfig: no c2 equivalents for durationUs
06-09 18:08:59.388 821 900 D CCodecConfig: no c2 equivalents for track-id
06-09 18:08:59.388 821 900 D CCodecConfig: no c2 equivalents for csd-1
06-09 18:08:59.388 821 900 D CCodecConfig: no c2 equivalents for channel-mask
06-09 18:08:59.388 821 900 D CCodecConfig: no c2 equivalents for flags
06-09 18:08:59.390 821 900 D CCodecConfig: c2 config diff is c2::u32 coded.bitrate.value = 224000
06-09 18:08:59.390 821 900 D CCodecConfig: c2::u32 raw.channel-count.value = 2
06-09 18:08:59.390 821 901 I CCodecBufferChannel: [c2.android.vorbis.decoder#670] Created output block pool with allocatorID 16 => poolID 19 - OK
06-09 18:08:59.391 821 901 D CCodecBufferChannel: [c2.android.vorbis.decoder#670] Configured output block pool ids 19 => OK
06-09 18:08:59.393 821 901 E ion : ioctl c0044901 failed with code -1: Inappropriate ioctl for device
06-09 18:08:59.393 821 900 W Codec2Client: query -- param skipped: index = 1107298332.
06-09 18:08:59.394 821 900 D CCodec : setup formats input: AMessage(what = 0x00000000) = {
06-09 18:08:59.394 821 900 D CCodec : int32_t bitrate = 224000
06-09 18:08:59.394 821 900 D CCodec : int32_t channel-count = 2
06-09 18:08:59.394 821 900 D CCodec : int32_t max-input-size = 32768
06-09 18:08:59.394 821 900 D CCodec : string mime = "audio/vorbis"
06-09 18:08:59.394 821 900 D CCodec : int32_t sample-rate = 48000
06-09 18:08:59.394 821 900 D CCodec : }
06-09 18:08:59.394 821 900 D CCodec : setup formats output: AMessage(what = 0x00000000) = {
06-09 18:08:59.394 821 900 D CCodec : int32_t channel-count = 2
06-09 18:08:59.394 821 900 D CCodec : string mime = "audio/raw"
06-09 18:08:59.394 821 900 D CCodec : int32_t sample-rate = 48000
06-09 18:08:59.394 821 900 D CCodec : int32_t channel-mask = 3
06-09 18:08:59.394 821 900 D CCodec : }
06-09 18:08:59.394 821 900 I CCodecConfig: query failed after returning 7 values (BAD_INDEX)
06-09 18:08:59.396 821 900 W Codec2Client: query -- param skipped: index = 1342179345.
06-09 18:08:59.396 821 900 W Codec2Client: query -- param skipped: index = 2415921170.
06-09 18:08:59.398 271 327 E HWComposer: getSupportedContentTypes: getSupportedContentTypes failed for display 0: Unsupported (8)
06-09 18:08:59.400 475 475 W Looper : Slow dispatch took 261ms main h=android.app.ActivityThread$H c=android.app.LoadedApk$ReceiverDispatcher$Args$$ExternalSyntheticLambda0@3cf5503 m=0
06-09 18:08:59.402 365 910 D SimpleC2Component: Using output block pool with poolID 19 => got 19 - 0
06-09 18:08:59.404 821 900 D CCodecBufferChannel: [c2.android.vorbis.decoder#838] Created input block pool with allocatorID 16 => poolID 18 - OK (0)
06-09 18:08:59.405 475 475 I ConnectivityModuleConnector: Networking module service connected
06-09 18:08:59.406 475 475 I ConnectivityModuleConnector: Networking module service connected
06-09 18:08:59.406 475 475 I NetworkStackClient: Network stack service connected
06-09 18:08:59.407 821 900 I CCodecBufferChannel: [c2.android.vorbis.decoder#838] Created output block pool with allocatorID 16 => poolID 20 - OK
06-09 18:08:59.409 821 900 D CCodecBufferChannel: [c2.android.vorbis.decoder#838] Configured output block pool ids 20 => OK
06-09 18:08:59.415 475 518 W IorapForwardingService: No service published for: iorapd
06-09 18:08:59.419 184 184 I hwservicemanager: getTransport: Cannot find entry android.hardware.graphics.mapper@4.0::IMapper/default in either framework or device VINTF manifest.
06-09 18:08:59.422 821 922 I Gralloc4: mapper 4.x is not supported
06-09 18:08:59.431 184 184 I hwservicemanager: getTransport: Cannot find entry android.hardware.graphics.mapper@3.0::IMapper/default in either framework or device VINTF manifest.
06-09 18:08:59.432 821 922 W Gralloc3: mapper 3.x is not supported
06-09 18:08:59.426 900 900 E cma : cma_alloc: alloc failed, req-size: 8 pages, ret: -16
06-09 18:08:59.456 475 497 D CompatibilityChangeReporter: Compat change id reported: 157233955; UID 10064; state: ENABLED
06-09 18:08:59.474 821 922 E gralloc : Arm Module v1.0
06-09 18:08:59.475 365 915 D SimpleC2Component: Using output block pool with poolID 20 => got 20 - 0
06-09 18:08:59.477 475 475 D ConditionProviders.SCP: onSubscribe condition://android/schedule?days=1.2.3.4.5.6.7&start=22.0&end=7.0&exitAtAlarm=true
06-09 18:08:59.478 184 184 I hwservicemanager: getTransport: Cannot find entry android.hardware.graphics.allocator@4.0::IAllocator/default in either framework or device VINTF manifest.
06-09 18:08:59.478 475 475 D ConditionProviders.SCP: setRegistered true
06-09 18:08:59.478 821 922 W Gralloc4: allocator 4.x is not supported
06-09 18:08:59.480 184 184 I hwservicemanager: getTransport: Cannot find entry android.hardware.graphics.allocator@3.0::IAllocator/default in either framework or device VINTF manifest.
06-09 18:08:59.480 821 922 W Gralloc3: allocator 3.x is not supported
06-09 18:08:59.498 475 475 D ConditionProviders.SCP: evaluateSubscriptionLocked cal=ScheduleCalendar[mDays={1, 2, 3, 4, 5, 6, 7}, mSchedule=ScheduleInfo{days=[1, 2, 3, 4, 5, 6, 7], startHour=22, startMinute=0, endHour=7, endMinute=0, exitAtAlarm=true, nextAlarm=Thu Jan 01 08:00:00 GMT+08:00 1970 (0)}], now=Mon Jun 09 18:08:59 GMT+08:00 2025 (1749463739478), nextUserAlarmTime=Thu Jan 01 08:00:00 GMT+08:00 1970 (0)
06-09 18:08:59.498 475 475 D ConditionProviders.SCP: notifyCondition condition://android/schedule?days=1.2.3.4.5.6.7&start=22.0&end=7.0&exitAtAlarm=true STATE_FALSE reason=!meetsSchedule
06-09 18:08:59.499 254 254 I gralloc : alloc buffer:W:1920 H:1080 S:1920 PL[1920 1080] SZ:8294400 fmt:1 if:0 af:1 usg:20000b00 fg:00000004
06-09 18:08:59.501 475 475 D ConditionProviders.SCP: Scheduling evaluate for Mon Jun 09 22:00:00 GMT+08:00 2025 (1749477600000), in +3h51m0s522ms, now=Mon Jun 09 18:08:59 GMT+08:00 2025 (1749463739478)
06-09 18:08:59.501 821 922 E ion : ioctl c0044901 failed with code -1: Inappropriate ioctl for device
06-09 18:08:59.509 475 620 W ActivityThread: Failed to find provider info for com.android.calendar (user not unlocked)
06-09 18:08:59.512 475 620 W ActivityThread: Failed to find provider info for com.android.calendar (user not unlocked)
06-09 18:08:59.520 254 254 I gralloc : alloc buffer:W:1920 H:1080 S:1920 PL[1920 1080] SZ:8294400 fmt:1 if:0 af:1 usg:20000b00 fg:00000004
06-09 18:08:59.534 254 254 I gralloc : alloc buffer:W:1920 H:1080 S:1920 PL[1920 1080] SZ:8294400 fmt:1 if:0 af:1 usg:20000b00 fg:00000004
06-09 18:08:59.556 475 475 D BluetoothManagerService: BluetoothServiceConnection: com.android.bluetooth.btservice.AdapterService
06-09 18:08:59.556 475 518 D BluetoothManagerService: MESSAGE_BLUETOOTH_SERVICE_CONNECTED: 1
06-09 18:08:59.559 258 258 I AW_PowerHAL: Power setMode: SUSTAINED_PERFORMANCE to: 0
06-09 18:08:59.559 367 367 I update_engine: [INFO:cleanup_previous_update_action.cc(112)] Executing task 5
06-09 18:08:59.559 258 258 I AW_PowerHAL: BootCompleted
06-09 18:08:59.561 475 519 I ActivityManagerTiming: FinishBooting
06-09 18:08:59.561 367 367 I update_engine: [INFO:cleanup_previous_update_action.cc(124)] CleanupPreviousUpdateAction scheduled task ID 6 for WaitBootCompleted
06-09 18:08:59.567 261 261 D hdmi-cec: cec physical address: 2.0.0.0
06-09 18:08:59.569 261 261 D hdmi-cec: cec physical address: 2.0.0.0
06-09 18:08:59.569 261 261 D hdmi-cec: cec physical address: 2.0.0.0
06-09 18:08:59.570 261 261 D hdmi-cec: addLogicalAddress (4)
06-09 18:08:59.572 261 261 D hdmi-cec: cec physical address: 2.0.0.0
06-09 18:08:59.585 258 258 I AW_PowerHAL: cur-mode:SCHEDUTIL-Home
06-09 18:08:59.588 669 669 D MediaResumeListener: loaded resume components []
06-09 18:08:59.597 475 518 D BluetoothManagerService: Broadcasting onBluetoothServiceUp() to 3 receivers.
06-09 18:08:59.597 475 518 D BluetoothAdapter: onBluetoothServiceUp: android.bluetooth.IBluetooth$Stub$Proxy@14e8dcc
06-09 18:08:59.599 663 677 D BluetoothAdapter: onBluetoothServiceUp: com.android.bluetooth.btservice.AdapterService$AdapterServiceBinder@b228df8
06-09 18:08:59.609 669 692 D BluetoothAdapter: onBluetoothServiceUp: android.bluetooth.IBluetooth$Stub$Proxy@43e55f
06-09 18:08:59.626 663 930 D BluetoothAdapterService: enable() - Enable called with quiet mode status = false
06-09 18:08:59.628 663 787 I AdapterState: BLE_TURNING_ON : entered
06-09 18:08:59.628 663 787 D AdapterProperties: Setting state to BLE_TURNING_ON
06-09 18:08:59.629 663 787 D BluetoothAdapterService: updateAdapterState() - Broadcasting state BLE_TURNING_ON to 1 receivers.
06-09 18:08:59.630 475 519 W KeyguardServiceDelegate: onScreenTurningOn(): no keyguard service!
06-09 18:08:59.641 663 787 D BluetoothAdapterService: bleOnProcessStart()
06-09 18:08:59.649 475 518 D BluetoothManagerService: MESSAGE_BLUETOOTH_STATE_CHANGE: OFF > BLE_TURNING_ON
06-09 18:08:59.650 475 518 D BluetoothManagerService: Sending BLE State Change: OFF > BLE_TURNING_ON
06-09 18:08:59.651 663 787 I AdapterProperties: init(), maxConnectedAudioDevices, default=5, propertyOverlayed=5, finalValue=5
06-09 18:08:59.661 669 669 D LocalBluetoothProfileManager: LocalBluetoothProfileManager construction complete
06-09 18:08:59.664 821 901 D CCodecBufferChannel: [c2.android.vorbis.decoder#670] MediaCodec discarded an unknown buffer
06-09 18:08:59.664 821 901 D CCodecBufferChannel: [c2.android.vorbis.decoder#670] MediaCodec discarded an unknown buffer
06-09 18:08:59.669 669 669 D LocalBluetoothProfileManager: Adding local A2DP profile
06-09 18:08:59.671 669 669 D BluetoothA2dp: Binding service...
06-09 18:08:59.671 821 900 D CCodecBufferChannel: [c2.android.vorbis.decoder#838] MediaCodec discarded an unknown buffer
06-09 18:08:59.671 821 900 D CCodecBufferChannel: [c2.android.vorbis.decoder#838] MediaCodec discarded an unknown buffer
06-09 18:08:59.673 663 787 D BluetoothAdapterService: bleOnProcessStart() - Make Bond State Machine
06-09 18:08:59.674 821 900 I hw-BpHwBinder: onLastStrongRef automatically unlinking death recipients
06-09 18:08:59.675 663 787 D BluetoothBondStateMachine: make
06-09 18:08:59.676 821 901 I hw-BpHwBinder: onLastStrongRef automatically unlinking death recipients
06-09 18:08:59.676 365 868 I hw-BpHwBinder: onLastStrongRef automatically unlinking death recipients
06-09 18:08:59.689 663 933 I BluetoothBondStateMachine: StableState(): Entering Off State
06-09 18:08:59.696 669 669 D LocalBluetoothProfileManager: Adding local HEADSET profile
06-09 18:08:59.700 475 751 D BluetoothManagerService: Trying to bind to profile: 1, while Bluetooth was disabled
06-09 18:08:59.701 669 669 D LocalBluetoothProfileManager: Adding local MAP profile
06-09 18:08:59.702 669 669 D BluetoothMap: Create BluetoothMap proxy object
06-09 18:08:59.703 669 669 D BluetoothMap: Binding service...
06-09 18:08:59.706 663 663 I BtGatt.JNI: classInitNative(L1073): classInitNative: Success!
06-09 18:08:59.707 669 669 D LocalBluetoothProfileManager: Adding local OPP profile
06-09 18:08:59.707 669 669 D LocalBluetoothProfileManager: Adding local HID_HOST profile
06-09 18:08:59.708 669 669 D BluetoothHidHost: Binding service...
06-09 18:08:59.714 669 669 D LocalBluetoothProfileManager: Adding local HID_DEVICE profile
06-09 18:08:59.715 669 669 D BluetoothHidDevice: Binding service...
06-09 18:08:59.719 669 669 D LocalBluetoothProfileManager: Adding local PAN profile
06-09 18:08:59.719 663 663 D BtGatt.DebugUtils: handleDebugAction() action=null
06-09 18:08:59.720 669 669 D BluetoothPan: Binding service...
06-09 18:08:59.724 669 669 D LocalBluetoothProfileManager: Adding local PBAP profile
06-09 18:08:59.730 475 475 W Looper : Slow dispatch took 163ms main h=android.os.Handler c=com.android.server.hdmi.WorkSourceUidPreservingRunnable@cfb528a m=0
06-09 18:08:59.732 475 475 D AutofillManagerService: Restriction did not change for user 0
06-09 18:08:59.734 475 475 I ConnectivityModuleConnector: Networking module service connected
06-09 18:08:59.734 475 475 I ConnectivityModuleConnector: Networking module service connected
06-09 18:08:59.739 475 475 I ExplicitHealthCheckController: Explicit health check service is connected ComponentInfo{android.ext.services/android.ext.services.watchdog.ExplicitHealthCheckServiceImpl}
06-09 18:08:59.740 475 475 I ExplicitHealthCheckController: Service initialized, syncing requests
06-09 18:08:59.741 475 475 V NotificationAssistants: 0 notification assistant service connected: ComponentInfo{android.ext.services/android.ext.services.notification.Assistant}
06-09 18:08:59.751 475 475 I PackageWatchdog: Syncing health check requests for packages: {}
06-09 18:08:59.751 475 475 D ExplicitHealthCheckController: Getting health check supported packages
06-09 18:08:59.755 475 748 I ExplicitHealthCheckController: Explicit health check supported packages [PackageConfig{com.android.networkstack, 86400000}]
06-09 18:08:59.755 475 748 D PackageWatchdog: Received supported packages [PackageConfig{com.android.networkstack, 86400000}]
06-09 18:08:59.755 475 748 D ExplicitHealthCheckController: Getting health check requested packages
06-09 18:08:59.756 663 663 I bt_btif : system/bt/btif/src/bluetooth.cc:417 get_profile_interface: get_profile_interface: id = gatt
06-09 18:08:59.758 475 751 I ExplicitHealthCheckController: Explicit health check requested packages []
06-09 18:08:59.758 475 751 I ExplicitHealthCheckController: No more health check requests, unbinding...
06-09 18:08:59.762 475 751 I ExplicitHealthCheckController: Explicit health check service is unbound
06-09 18:08:59.772 663 663 D CompatibilityChangeReporter: Compat change id reported: 160794467; UID 1002; state: ENABLED
06-09 18:08:59.798 663 807 I bt_stack_manager: system/bt/btif/src/stack_manager.cc:246 event_start_up_stack: event_start_up_stack is bringing up the stack
06-09 18:08:59.801 663 807 I bt_core_module: system/bt/btcore/src/module.cc:85 module_start_up: module_start_up Starting module "btif_config_module"
06-09 18:08:59.801 663 807 I bt_core_module: system/bt/btcore/src/module.cc:90 module_start_up: module_start_up Started module "btif_config_module"
06-09 18:08:59.803 663 807 I bt_core_module: system/bt/btcore/src/module.cc:85 module_start_up: module_start_up Starting module "btsnoop_module"
06-09 18:08:59.804 663 807 I droid.bluetoot: [0609/180859.804008:INFO:btsnoop.cc(209)] start_up: Snoop Logs disabled
06-09 18:08:59.804 663 807 I droid.bluetoot: [0609/180859.804380:INFO:btsnoop.cc(356)] delete_btsnoop_files: Deleting snoop logs if they exist. filtered = 1
06-09 18:08:59.805 663 807 I droid.bluetoot: [0609/180859.805134:INFO:btsnoop.cc(356)] delete_btsnoop_files: Deleting snoop logs if they exist. filtered = 0
06-09 18:08:59.805 663 807 I bt_core_module: system/bt/btcore/src/module.cc:90 module_start_up: module_start_up Started module "btsnoop_module"
06-09 18:08:59.805 663 807 I bt_core_module: system/bt/btcore/src/module.cc:85 module_start_up: module_start_up Starting module "hci_module"
06-09 18:08:59.805 663 807 I bt_hci : system/bt/hci/src/hci_layer.cc:200 hci_module_start_up: hci_module_start_up
06-09 18:08:59.805 475 699 D CCodecBufferChannel: [c2.android.vorbis.decoder#846] MediaCodec discarded an unknown buffer
06-09 18:08:59.806 475 699 D CCodecBufferChannel: [c2.android.vorbis.decoder#846] MediaCodec discarded an unknown buffer
06-09 18:08:59.806 475 699 D CCodecBufferChannel: [c2.android.vorbis.decoder#846] MediaCodec discarded an unknown buffer
06-09 18:08:59.807 663 940 I droid.bluetoot: [0609/180859.807382:INFO:message_loop_thread.cc(224)] Run: message loop starting for thread bt_hci_thread
06-09 18:08:59.808 475 941 I hw-BpHwBinder: onLastStrongRef automatically unlinking death recipients
06-09 18:08:59.810 663 940 I bt_hci : system/bt/hci/src/hci_layer_android.cc:159 hci_initialize: hci_initialize
06-09 18:08:59.811 184 184 I hwservicemanager: getTransport: Cannot find entry android.hardware.bluetooth@1.1::IBluetoothHci/default in either framework or device VINTF manifest.
06-09 18:08:59.811 663 807 I bt_hci : system/bt/hci/src/hci_layer.cc:257 hci_module_start_up: hci_module_start_up starting async portion
06-09 18:08:59.818 663 940 I bt_hci : system/bt/hci/src/hci_layer_android.cc:178 hci_initialize: hci_initialize: IBluetoothHci::getService() returned 0xe7dd9980 (remote)
06-09 18:08:59.818 663 940 E cutils-trace: Error opening trace file: No such file or directory (2)
06-09 18:08:59.819 247 266 I android.hardware.bluetooth@1.0-impl: BluetoothHci::initialize()
06-09 18:08:59.821 247 266 D android.hardware.bluetooth@1.0-service: get_local_address: Trying /sys/class/addr_mgt/addr_bt
06-09 18:08:59.821 247 266 D android.hardware.bluetooth@1.0-service: get_local_address: Got Factory BDA 8B:66:39:99:6E:AE
06-09 18:08:59.822 247 266 D WifiHWInfo: Start to load wireless module hardware info table...
06-09 18:08:59.822 247 266 D WifiHWInfo: Entry [01], BUS: SDIO, ID: 0x024C8179, Name: rtl8189es.
06-09 18:08:59.822 247 266 D WifiHWInfo: Entry [02], BUS: SDIO, ID: 0x024CB723, Name: rtl8723bs_vq0.
06-09 18:08:59.822 247 266 D WifiHWInfo: Entry [03], BUS: SDIO, ID: 0x024CB703, Name: rtl8723cs.
06-09 18:08:59.822 247 266 D WifiHWInfo: Entry [04], BUS: SDIO, ID: 0x024CD723, Name: rtl8723ds.
06-09 18:08:59.822 247 266 D WifiHWInfo: Entry [05], BUS: SDIO, ID: 0x024CF179, Name: rtl8189fs.
06-09 18:08:59.822 247 266 D WifiHWInfo: Entry [06], BUS: SDIO, ID: 0x024CB822, Name: rtl88x2bs.
06-09 18:08:59.822 247 266 D WifiHWInfo: Entry [07], BUS: USB, ID: 0x0BDAD723, Name: rtl8723du.
06-09 18:08:59.822 247 266 D WifiHWInfo: Entry [08], BUS: USB, ID: 0x0BDA8179, Name: rtl8188etv.
06-09 18:08:59.822 247 266 D WifiHWInfo: Entry [09], BUS: USB, ID: 0x0BDA0179, Name: rtl8188eu.
06-09 18:08:59.822 247 266 D WifiHWInfo: Entry [10], BUS: USB, ID: 0x0BDA818B, Name: rtl8192eu.
06-09 18:08:59.822 247 266 D WifiHWInfo: Entry [11], BUS: USB, ID: 0x0BDAB720, Name: rtl8723bu.
06-09 18:08:59.822 247 266 D WifiHWInfo: Entry [12], BUS: USB, ID: 0x0BDAC82C, Name: rtl8822cu.
06-09 18:08:59.822 247 266 D WifiHWInfo: Entry [13], BUS: USB, ID: 0x0BDAF179, Name: rtl8188fu.
06-09 18:08:59.822 247 266 D WifiHWInfo: Entry [14], BUS: SDIO, ID: 0x02D0A9A6, Name: ap6212.
06-09 18:08:59.822 247 266 D WifiHWInfo: Entry [15], BUS: SDIO, ID: 0x02D04330, Name: ap6330.
06-09 18:08:59.822 247 266 D WifiHWInfo: Entry [16], BUS: SDIO, ID: 0x02D04356, Name: ap6356s.
06-09 18:08:59.822 247 266 D WifiHWInfo: Entry [17], BUS: SDIO, ID: 0x02D0A9BF, Name: ap6255.
06-09 18:08:59.822 247 266 D WifiHWInfo: Entry [18], BUS: SDIO, ID: 0x02D04334, Name: bcm43342.
06-09 18:08:59.822 247 266 D WifiHWInfo: Entry [19], BUS: SDIO, ID: 0x00202281, Name: xr819.
06-09 18:08:59.822 247 266 D WifiHWInfo: Entry [20], BUS: SDIO, ID: 0x0A9E2282, Name: xr829.
06-09 18:08:59.822 247 266 D WifiHWInfo: Entry [21], BUS: SDIO, ID: 0x0271050A, Name: qca6174a.
06-09 18:08:59.822 247 266 D WifiHWInfo: Entry [22], BUS: SDIO, ID: 0x30303030, Name: ssv6x5x.
06-09 18:08:59.822 247 266 D WifiHWInfo: Entry [23], BUS: SDIO, ID: 0x00000000, Name: uwe5621.
06-09 18:08:59.822 247 266 D WifiHWInfo: Entry [24], BUS: SDIO, ID: 0x54490145, Name: aic8800.
06-09 18:08:59.822 247 266 D WifiHWInfo: Entry [25], BUS: SDIO, ID: 0xC8A1C08D, Name: aic8800.
06-09 18:08:59.822 247 266 D WifiHWInfo: Entry [26], BUS: USB, ID: 0xA69C8800, Name: aic8800.
06-09 18:08:59.822 247 266 D WifiHWInfo: Entry [27], BUS: USB, ID: 0x007A8888, Name: atbm6023is.
06-09 18:08:59.822 247 266 D WifiHWInfo: Entry [28], BUS: SDIO, ID: 0x02E79086, Name: 9012p.
06-09 18:08:59.822 247 266 D WifiHWInfo: Entry [29], BUS: SDIO, ID: 0x007A6011, Name: atbm613x_wifi_sdio.
06-09 18:08:59.822 247 266 D WifiHWInfo: Entry [30], BUS: SDIO, ID: 0x024CC822, Name: 88x2cs.
06-09 18:08:59.822 247 266 D WifiHWInfo: Entry [31], BUS: SDIO, ID: 0x000018F0, Name: dummy.
06-09 18:08:59.822 247 266 D libbt-auto-detect: init, get libbt name: libbt-sprd.so.
06-09 18:08:59.825 247 266 I bt_vendor: init
06-09 18:08:59.826 475 698 D CCodecBufferChannel: [c2.android.vorbis.decoder#723] MediaCodec discarded an unknown buffer
06-09 18:08:59.826 475 698 D CCodecBufferChannel: [c2.android.vorbis.decoder#723] MediaCodec discarded an unknown buffer
06-09 18:08:59.826 475 698 D CCodecBufferChannel: [c2.android.vorbis.decoder#723] MediaCodec discarded an unknown buffer
06-09 18:08:59.820 1 1 I /system/bin/init: type=1107 audit(0.0:352): uid=0 auid=4294967295 ses=4294967295 subj=u:r:init:s0 msg='avc: denied { set } for property=vendor.driver.lpm.load pid=247 uid=1002 gid=1002 scontext=u:r:hal_bluetooth_default:s0 tcontext=u:object_r:vendor_wireless_prop:s0 tclass=property_service permissive=1'
06-09 18:08:59.827 247 266 D bt_vnd_hci: sprd_vendor_hci_init
06-09 18:08:59.827 247 266 I bt_chip_vendor: marlin3_init
06-09 18:08:59.827 247 266 I bt_vnd_conf: Attempt to load conf from /vendor/etc/bt_configure_pskey.ini
06-09 18:08:59.828 247 266 D bt_vnd_conf: device_class -> 0x001F00
06-09 18:08:59.828 247 266 D bt_vnd_conf: feature_set -> 0xBF, 0xFE, 0x8D, 0xFE, 0xDB, 0x3D, 0x7B, 0x87, 0xFF, 0xA7, 0xFF, 0x7F, 0x00, 0xE0, 0xF7, 0x3E
06-09 18:08:59.828 247 266 D bt_vnd_conf: device_addr -> 0x6D, 0x6D, 0x8E, 0x8E, 0x8F, 0x8F
06-09 18:08:59.828 247 266 D bt_vnd_conf: comp_id -> 0x01EC
06-09 18:08:59.828 247 266 D bt_vnd_conf: g_sys_uart0_communication_supported -> 1
06-09 18:08:59.828 247 266 D bt_vnd_conf: cp2_log_mode -> 1
06-09 18:08:59.828 247 266 D bt_vnd_conf: LogLevel -> 0xFF
06-09 18:08:59.828 247 266 D bt_vnd_conf: g_central_or_perpheral -> 0
06-09 18:08:59.828 247 266 D bt_vnd_conf: Log_BitMask -> 0xFFFF
06-09 18:08:59.828 247 266 D bt_vnd_conf: super_ssp_enable -> 0
06-09 18:08:59.828 247 266 D bt_vnd_conf: common_rfu_b3 -> 2
06-09 18:08:59.828 247 266 D bt_vnd_conf: common_rfu_w -> 0x00000000, 0x00000000
06-09 18:08:59.828 247 266 D bt_vnd_conf: le_rfu_w -> 0x00000000, 0x000000000
06-09 18:08:59.828 247 943 D bt_vnd_hci: hci_server_thread
06-09 18:08:59.828 247 266 D bt_vnd_conf: lmp_rfu_w -> 0x00000000, 0x000000000
06-09 18:08:59.828 247 266 D bt_vnd_conf: lc_rfu_w -> 0x00000000, 0x000000000
06-09 18:08:59.828 247 943 D bt_vnd_hci: name: bt_vendor_sprd_hci
06-09 18:08:59.828 247 266 D bt_vnd_conf: g_wbs_nv_117 -> 0x004D
06-09 18:08:59.828 247 266 D bt_vnd_conf: g_wbs_nv_118 -> 0x0066
06-09 18:08:59.828 247 266 D bt_vnd_conf: g_nbv_nv_117 -> 0x009B
06-09 18:08:59.828 247 943 D bt_vnd_hci: listen socket: bt_vendor_sprd_hci, fd: 6
06-09 18:08:59.828 247 266 D bt_vnd_conf: g_nbv_nv_118 -> 0x0066
06-09 18:08:59.828 247 943 D bt_vnd_hci: hci_server_thread wati for btools
06-09 18:08:59.828 247 266 D bt_vnd_conf: g_sys_sco_transmit_mode -> 0
06-09 18:08:59.828 247 266 D bt_vnd_conf: audio_rfu_b1 -> 0
06-09 18:08:59.828 247 266 D bt_vnd_conf: audio_rfu_b2 -> 0
06-09 18:08:59.828 247 266 D bt_vnd_conf: audio_rfu_b3 -> 0
06-09 18:08:59.828 247 266 D bt_vnd_conf: audio_rfu_w -> 0x00000000, 0x00000000
06-09 18:08:59.828 247 266 D bt_vnd_conf: g_sys_sleep_in_standby_supported -> 1
06-09 18:08:59.828 247 266 D bt_vnd_conf: g_sys_sleep_master_supported -> 1
06-09 18:08:59.828 247 266 D bt_vnd_conf: g_sys_sleep_slave_supported -> 1
06-09 18:08:59.828 247 266 D bt_vnd_conf: power_rfu_b1 -> 0
06-09 18:08:59.828 247 266 D bt_vnd_conf: power_rfu_w -> 0x00000000, 0x00000000
06-09 18:08:59.828 247 266 D bt_vnd_conf: win_ext -> 40
06-09 18:08:59.829 247 266 D bt_vnd_conf: edr_tx_edr_delay -> 6
06-09 18:08:59.829 247 266 D bt_vnd_conf: edr_rx_edr_delay -> 8
06-09 18:08:59.829 247 266 D bt_vnd_conf: tx_delay -> 12
06-09 18:08:59.829 247 266 D bt_vnd_conf: rx_delay -> 34
06-09 18:08:59.829 247 266 D bt_vnd_conf: bb_rfu_w -> 0x00000000, 0x00000000
06-09 18:08:59.829 247 266 D bt_vnd_conf: agc_mode -> 0
06-09 18:08:59.829 247 266 D bt_vnd_conf: diff_or_eq -> 0xFF
06-09 18:08:59.829 247 266 D bt_vnd_conf: ramp_mode -> 0
06-09 18:08:59.829 247 266 D bt_vnd_conf: modem_rfu_b1 -> 0
06-09 18:08:59.829 247 266 D bt_vnd_conf: modem_rfu_w -> 0x00000000, 0x00000000
06-09 18:08:59.829 247 266 D bt_vnd_conf: BQB_BitMask_1 -> 0x00000000
06-09 18:08:59.829 247 266 D bt_vnd_conf: BQB_BitMask_2 -> 0x00000000
06-09 18:08:59.829 247 266 D bt_vnd_conf: bt_coex_threshold -> 0x04E2, 0x1F40, 0x0020, 0x00C8, 0x000A, 0x0000, 0x0000, 0x0000
06-09 18:08:59.829 247 266 D bt_vnd_conf: other_rfu_w -> 0x00000000, 0x00000000
06-09 18:08:59.829 247 266 I bt_vnd_conf: Attempt to load conf from /vendor/etc/bt_configure_rf.ini
06-09 18:08:59.833 1 1 I init : processing action (vendor.driver.lpm.load=1) from (/vendor/etc/init/init.bluetooth.common.rc:68)
06-09 18:08:59.835 1 1 I init : processing action (vendor.init.lpm.load=1) from (/vendor/etc/init/init.bluetooth.common.rc:71)
06-09 18:08:59.837 266 266 I : mtty_open probe is success!
06-09 18:08:59.837 266 266 E bluetooth_set_power: start_block=0
06-09 18:08:59.830 247 266 D bt_vnd_conf: g_GainValue_A -> 0xE000, 0xE000, 0xE000, 0xE000, 0xE000, 0xE000
06-09 18:08:59.830 247 266 D bt_vnd_conf: g_ClassicPowerValue_A -> 0x4115, 0x3A15, 0x3415, 0x2E15, 0x2715, 0x2115, 0x1A15, 0x1315, 0x0D15, 0x0715
06-09 18:08:59.830 247 266 D bt_vnd_conf: g_LEPowerValue_A -> 0x3B15, 0x3715, 0x3315, 0x2F15, 0x2B15, 0x2715, 0x2315, 0x1F15, 0x1B15, 0x1715, 0x1315, 0x0F15, 0x0B15, 0x0815, 0x0415, 0x0015
06-09 18:08:59.830 247 266 D bt_vnd_conf: g_BRChannelpwrvalue_A -> 0x0915, 0x0915, 0x0815, 0x0815, 0x0815, 0x0815, 0x0715, 0x0715
06-09 18:08:59.830 247 266 D bt_vnd_conf: g_EDRChannelpwrvalue_A -> 0x0D15, 0x0D15, 0x0C15, 0x0C15, 0x0B15, 0x0B15, 0x0B15, 0x0B15
06-09 18:08:59.830 247 266 D bt_vnd_conf: g_LEChannelpwrvalue_A -> 0x1015,0x1015,0x0F15,0x0F15,0x0F15,0x0F15,0x0F15,0x0F15
06-09 18:08:59.830 247 266 D bt_vnd_conf: g_GainValue_B -> 0xE000, 0xE000, 0xE000, 0xE000, 0xE000, 0xE000
06-09 18:08:59.830 247 266 D bt_vnd_conf: g_ClassicPowerValue_B -> 0x4D15, 0x4615, 0x3D15, 0x3615, 0x2D15, 0x2615, 0x1F15, 0x1815, 0x0F15, 0x0815
06-09 18:08:59.830 247 266 D bt_vnd_conf: g_LEPowerValue_B -> 0x4B15, 0x4B15, 0x4B15, 0x4B15, 0x4B15, 0x4615, 0x4015, 0x3B15, 0x3615, 0x3015, 0x2B15, 0x2615, 0x2015, 0x1A15, 0x1415, 0x0E15
06-09 18:08:59.830 247 266 D bt_vnd_conf: g_BRChannelpwrvalue_B -> 0x0915, 0x0915, 0x0815, 0x0815, 0x0815, 0x0815, 0x0715, 0x0715
06-09 18:08:59.830 247 266 D bt_vnd_conf: g_EDRChannelpwrvalue_B -> 0x0D15, 0x0D15, 0x0C15, 0x0C15, 0x0B15, 0x0B15, 0x0B15, 0x0B15
06-09 18:08:59.830 247 266 D bt_vnd_conf: g_LEChannelpwrvalue_B -> 0x1015,0x1015,0x0F15,0x0F15,0x0F15,0x0F15,0x0F15,0x0F15
06-09 18:08:59.830 247 266 D bt_vnd_conf: LE_fix_powerword -> 0x00
06-09 18:08:59.830 247 266 D bt_vnd_conf: Classic_pc_by_channel -> 0xFF
06-09 18:08:59.830 247 266 D bt_vnd_conf: LE_pc_by_channel -> 0xFF
06-09 18:08:59.830 247 266 D bt_vnd_conf: RF_switch_mode -> 0x01
06-09 18:08:59.830 247 266 D bt_vnd_conf: Data_Capture_Mode -> 0x00
06-09 18:08:59.830 247 266 D bt_vnd_conf: Analog_IQ_Debug_Mode -> 0x00
06-09 18:08:59.830 247 266 D bt_vnd_conf: RF_common_rfu_b3 -> 0x55
06-09 18:08:59.830 247 266 D bt_vnd_conf: RF_common_rfu_w -> 0x555F4344, 0x5555C855, 0x55555555, 0x55555555, 0x55555555
06-09 18:08:59.831 247 266 I bt_vnd_conf: set_mac_address
06-09 18:08:59.831 247 266 D bt_vendor: marlin3 start up
06-09 18:08:59.831 247 266 D android.hardware.bluetooth@1.0-impl: Open vendor library loaded
06-09 18:08:59.831 247 266 E bt_upio : init_rfkill: No rfkill control node found
06-09 18:08:59.831 247 266 I bt_userial_vendor: userial vendor open: opening /dev/ttyBT0, baud 14
06-09 18:08:59.831 247 266 D bt_vendor: check_access, /dev/ttyBT0 R/W access OK after wait 0ms
06-09 18:08:59.838 475 698 I hw-BpHwBinder: onLastStrongRef automatically unlinking death recipients
06-09 18:08:59.838 365 819 I hw-BpHwBinder: onLastStrongRef automatically unlinking death recipients
06-09 18:08:59.843 266 266 I WCN : start_marlin [MARLIN_BLUETOOTH]
06-09 18:08:59.843 266 266 D : CPU: 2 PID: 266 Comm: HwBinder:247_1 Tainted: G O 5.4.125+ #9
06-09 18:08:59.843 266 266 D Hardware name: sun50iw9 (DT)
06-09 18:08:59.843 266 266 D Call trace:
06-09 18:08:59.843 266 266 D : dump_backtrace.cfi_jt+0x0/0x4
06-09 18:08:59.843 266 266 D : dump_stack+0xbc/0x104
06-09 18:08:59.843 266 266 D : marlin_set_power+0x2c/0x78c [uwe5621_bsp_sdio]
06-09 18:08:59.843 266 266 D : start_marlin+0xbc/0x14c [uwe5621_bsp_sdio]
06-09 18:08:59.843 266 266 D : bluetooth_set_power+0x44/0x70 [sprdbt_tty]
06-09 18:08:59.843 266 266 D : mtty_open+0xb0/0x150 [sprdbt_tty]
06-09 18:08:59.843 266 266 D : tty_open+0x350/0x550
06-09 18:08:59.843 266 266 D : chrdev_open+0x1d8/0x254
06-09 18:08:59.843 266 266 D : do_dentry_open+0x270/0x3ac
06-09 18:08:59.843 266 266 D : vfs_open+0x2c/0x38
06-09 18:08:59.843 266 266 D : path_openat+0x6a8/0xf78
06-09 18:08:59.843 266 266 D : do_filp_open+0x78/0x124
06-09 18:08:59.843 266 266 D : do_sys_open+0x13c/0x290
06-09 18:08:59.843 266 266 D : __arm64_compat_sys_openat+0x24/0x30
06-09 18:08:59.843 266 266 D : el0_svc_common+0xb8/0x1cc
06-09 18:08:59.843 266 266 D : el0_svc_compat_handler+0x1c/0x28
06-09 18:08:59.843 266 266 D : el0_svc_compat+0x8/0x24
06-09 18:08:59.843 266 266 I WCN : marlin power state:0, subsys: [MARLIN_BLUETOOTH] power 1
06-09 18:08:59.843 266 266 I WCN : the first power on start
06-09 18:08:59.840 365 819 V C2Store : in ~ComponentModule
06-09 18:08:59.841 365 819 V C2Store : unloading dll
06-09 18:08:59.850 475 694 D MediaCodecList: codecHandlesFormat: no format, so no extra checks
06-09 18:08:59.854 475 945 D CCodec : allocate(c2.android.vorbis.decoder)
06-09 18:08:59.855 365 819 V C2Store : in init
06-09 18:08:59.855 365 819 V C2Store : loading dll
06-09 18:08:59.868 475 945 I CCodec : Created component [c2.android.vorbis.decoder]
06-09 18:08:59.869 475 945 D CCodecConfig: read media type: audio/vorbis
06-09 18:08:59.869 475 695 D MediaCodecList: codecHandlesFormat: no format, so no extra checks
06-09 18:08:59.872 475 945 D ReflectedParamUpdater: extent() != 1 for single value type: algo.buffers.max-count.values
06-09 18:08:59.872 475 945 D ReflectedParamUpdater: extent() != 1 for single value type: output.subscribed-indices.values
06-09 18:08:59.873 475 945 D ReflectedParamUpdater: extent() != 1 for single value type: input.buffers.allocator-ids.values
06-09 18:08:59.873 475 945 D ReflectedParamUpdater: extent() != 1 for single value type: output.buffers.allocator-ids.values
06-09 18:08:59.873 475 945 D ReflectedParamUpdater: extent() != 1 for single value type: algo.buffers.allocator-ids.values
06-09 18:08:59.873 475 945 D ReflectedParamUpdater: extent() != 1 for single value type: output.buffers.pool-ids.values
06-09 18:08:59.873 475 945 D ReflectedParamUpdater: extent() != 1 for single value type: algo.buffers.pool-ids.values
06-09 18:08:59.875 475 947 D CCodec : allocate(c2.android.vorbis.decoder)
06-09 18:08:59.876 475 945 I CCodecConfig: query failed after returning 7 values (BAD_INDEX)
06-09 18:08:59.876 475 945 D CCodecConfig: c2 config diff is Dict {
06-09 18:08:59.876 475 945 D CCodecConfig: c2::u32 coded.bitrate.value = 64000
06-09 18:08:59.876 475 945 D CCodecConfig: c2::u32 input.buffers.max-size.value = 32768
06-09 18:08:59.876 475 945 D CCodecConfig: c2::u32 input.delay.value = 0
06-09 18:08:59.876 475 945 D CCodecConfig: string input.media-type.value = "audio/vorbis"
