06-09 18:09:20.368 2556 2579 I TDLog : TalkingData SDK init...
06-09 18:09:20.368 2556 2579 I TDLog : SDK_VERSION is: Android+TD+V5.0.7 gp Type:Native Build_Num:2141
06-09 18:09:20.368 2556 2579 I TDLog : App ID is: B9D7815EC975466AB1332111FCE62DF5
06-09 18:09:20.368 2556 2579 I TDLog : App Channel is: os
06-09 18:09:20.368 2556 2579 I TDLog : App Custom is:
06-09 18:09:20.368 2556 2579 I TDLog : SDK_OVC is: TDOVC+a3bb7754719798526508b6caad480dd7+SaaS
06-09 18:09:20.369 2556 2603 I efs.config: load config from storage and notify observer
06-09 18:09:20.459 656 656 E WifiHAL : wifi_get_link_stats: requestResponse Error:-5
06-09 18:09:20.460 475 607 E WifiVendorHal: getWifiLinkLayerStats_1_5_Internal(l.1191) failed {.code = ERROR_INVALID_ARGS, .description = }
06-09 18:09:20.474 2556 2556 D NearFieldUtils: to get wlan0 ip address
06-09 18:09:20.474 2556 2556 D NearFieldUtils: get wlan0 IP succeed.
06-09 18:09:20.474 2556 2556 E NearFieldManagerImpl: notifyByPriority: interfaceNameInUse is null
06-09 18:09:20.474 2556 2556 D NearFieldManagerImpl: handleConnectivityAction: notified by default
06-09 18:09:20.514 2556 2556 D NearFieldUtils: to get wlan0 ip address
06-09 18:09:20.514 2556 2556 D NearFieldUtils: get wlan0 IP succeed.
06-09 18:09:20.514 2556 2556 I NearFieldManagerImpl: wlan Connected
06-09 18:09:20.514 2556 2556 E NearFieldManagerUtilsNative: Begin System.loadLibrary()
06-09 18:09:20.509 1041 1041 E sprdwl : sprdwl_rx_rsp_process ctx_id 0 recv rsp[WIFI_CMD_TX_DATA] status[SPRDWL_CMD_STATUS_ERROR]
06-09 18:09:20.527 1041 1041 E sprdwl : sprdwl_rx_rsp_process ctx_id 0 recv rsp[WIFI_CMD_TX_DATA] status[SPRDWL_CMD_STATUS_ERROR]
06-09 18:09:20.528 2556 2572 D NearFieldUtils: to get wlan0 ip address
06-09 18:09:20.528 2556 2572 D NearFieldUtils: get wlan0 IP succeed.
06-09 18:09:20.528 2556 2572 D NearFieldManagerImpl: sDeviceType: 46
06-09 18:09:20.528 2556 2572 D NearFieldManagerImpl: registerDevice() is called.
06-09 18:09:20.550 1041 1041 E sprdwl : sprdwl_rx_rsp_process ctx_id 0 recv rsp[WIFI_CMD_TX_DATA] status[SPRDWL_CMD_STATUS_ERROR]
06-09 18:09:20.600 475 518 W IorapForwardingService: No service published for: iorapd
06-09 18:09:20.619 2556 2556 I HicomNfTimerManager: epoll fd:126 create success
06-09 18:09:20.620 2556 2556 I HicomNfTimerManager: epoll add fd:131--->126 success
06-09 18:09:20.620 2556 2556 I HicomNfTimerManager: time fd:131 add to epoll success
06-09 18:09:20.649 1 1 I init : processing action (debug.launcher3.exit=1) from (/vendor/etc/init/init.scheduler.rc:1)
06-09 18:09:20.646 2556 2572 D nStackXDFinder: NSTACKX_Init:[146] :nstack ctrl creat epollfd 134
06-09 18:09:20.647 2556 2572 I nStackXDFinder: InitDefaultInterfaceName:[779] :InitDefaultInterfaceName exec
06-09 18:09:20.647 2556 2572 D nStackXCoAP: CoapServerInit:[174] :CoapServerInit is called
06-09 18:09:20.647 2556 2572 E nStackXDFinder: GetLocalIp:[401] :GetLocalIp exec
06-09 18:09:20.647 2556 2572 E nStackXDFinder: GetLocalIp:[407] :GetLocalIp, ifInfo is null
06-09 18:09:20.647 2556 2572 I HicomNfMainCtrlManager: NSTACKX_RegisterDevice is called
06-09 18:09:20.648 2556 2572 D NearFieldManagerImpl: Register device success.
06-09 18:09:20.648 2556 2572 I NearFieldManagerImpl: serviceName is castPlus
06-09 18:09:20.648 2556 2572 D NearFieldManagerImpl: registerCapability() called with: capabilityBitmapNum = 1, capabilityBitmap = [8]
06-09 18:09:20.648 2556 2572 I HicomNf_java_to_c: registerCapability, capabilityBitmapNum: 1
06-09 18:09:20.648 2556 2572 I HicomNfMainCtrlManager: RegisterCapability: 1, 8
06-09 18:09:20.649 2556 2572 D NearFieldManagerImpl: Register capability succeed with capabilityBitmapNum = 1, capabilityBitmap = [8]
06-09 18:09:20.649 2556 2572 D NearFieldManagerImpl: registerServiceData() called with: serviceData = 32
06-09 18:09:20.649 2556 2572 D NearFieldManagerImpl: registerModule() called with: packageModuleName = com.huawei.connection+CastPlusDiscoveryModule
06-09 18:09:20.649 2556 2572 I HicomNf_java_to_c: registerModule, moduleName: com.huawei.connection+CastPlusDiscoveryModule
06-09 18:09:20.649 2556 2572 I HicomNfMainCtrlManager: Enter RegisterModule
06-09 18:09:20.649 2556 2572 I HicomNfRegManager: RegisterModule OK, add module name com.huawei.connection+CastPlusDiscoveryModule
06-09 18:09:20.654 2556 2556 I HicomNf_java_to_c: notifyNetworkStateChanged with maskStr, networkType: 0, networkState: 0, mask:
06-09 18:09:20.654 2556 2556 I HicomNfMainCtrlManager: NotifyNetworkStateChanged is called with networkState: 0
06-09 18:09:20.654 2556 2556 I HicomNfMainCtrlManager: P2P and USB are both disconnected
06-09 18:09:20.654 2556 2556 I HicomNfSecureManager: stop listening
06-09 18:09:20.654 2556 2556 I HicomNfSecureManager: StopListening, m_sessionInfoLock out, before calling NSTACKX_DMsgClose 2
06-09 18:09:20.654 2556 2556 I HicomNfSecureManager: StopListening, after calling NSTACKX_DMsgClose 2
06-09 18:09:20.656 2556 2644 I nStackXDFinder: UpdateLocalNetworkInterface:[472] :UpdateLocalNetworkInterface exec,initerfaceName:wlan0
06-09 18:09:20.656 2556 2644 E nStackXDFinder: GetLocalIp:[401] :GetLocalIp exec
06-09 18:09:20.656 2556 2644 E nStackXDFinder: GetLocalIp:[407] :GetLocalIp, ifInfo is null
06-09 18:09:20.656 2556 2644 I nStackXDFinder: UpdateLocalNetworkInterface:[498] :UpdateLocalNetworkInterface copy ip value in default process
06-09 18:09:20.656 2556 2644 E nStackXDFinder: GetLocalIp:[401] :GetLocalIp exec
06-09 18:09:20.656 2556 2644 D nStackXCoAP: CoapServerInit:[174] :CoapServerInit is called
06-09 18:09:20.656 2556 2644 E nStackXDFinder: GetLocalIp:[401] :GetLocalIp exec
06-09 18:09:20.657 2291 2555 I Hisight-DeviceListManager: init DeviceListManager.
06-09 18:09:20.663 2556 2644 I nStackXUtil: BindToDevice:[352] :BindToDevice exec
06-09 18:09:20.664 2556 2644 I nStackXUtil: GetInterfaceByPriority:[279] :GetInterfaceByPriority exec
06-09 18:09:20.664 2556 2644 I nStackXUtil: GetInterfaceByDefault:[309] :GetInterfaceByDefault exec
06-09 18:09:20.664 2556 2644 I nStackXUtil: GetInterfaceByDefault:[316] :GetInterfaceByDefault, ndevice name: lo
06-09 18:09:20.664 2556 2644 I nStackXUtil: GetInterfaceByDefault:[316] :GetInterfaceByDefault, ndevice name: wlan0
06-09 18:09:20.660 2556 2556 I awei.connection: type=1400 audit(0.0:977): avc: denied { read } for name="address" dev="sysfs" ino=18659 scontext=u:r:platform_app:s0:c512,c768 tcontext=u:object_r:sysfs_net:s0 tclass=file permissive=1 app=com.dangbei.screencast
06-09 18:09:20.660 2556 2556 I awei.connection: type=1400 audit(0.0:978): avc: denied { open } for path="/sys/devices/virtual/net/ip_vti0/address" dev="sysfs" ino=18659 scontext=u:r:platform_app:s0:c512,c768 tcontext=u:object_r:sysfs_net:s0 tclass=file permissive=1 app=com.dangbei.screencast
06-09 18:09:20.660 2556 2556 I awei.connection: type=1400 audit(0.0:979): avc: denied { getattr } for path="/sys/devices/virtual/net/ip_vti0/address" dev="sysfs" ino=18659 scontext=u:r:platform_app:s0:c512,c768 tcontext=u:object_r:sysfs_net:s0 tclass=file permissive=1 app=com.dangbei.screencast
06-09 18:09:20.667 2556 2644 I nStackXUtil: BindToDevice:[374] :BindToDevice, Bind localAddr name: wlan0
06-09 18:09:20.667 2556 2644 E nStackXUtil: BindToDeviceInner:[188] :setsockopt fail, errno = 1
06-09 18:09:20.667 2556 2644 E nStackXCoAP: CoapGetContext:[250] :bind to device fail
06-09 18:09:20.668 2556 2644 D nStackXCoAP: CoapInitResources:[744] :CoapInitResources g_wlanOrEthContext update
06-09 18:09:20.668 2556 2644 I nStackXDFinder: RegisterServiceData:[728] :RegisterServiceData, serviceData=[32]
06-09 18:09:20.670 2291 2555 D Hisight-DeviceListManager: get old secret key
06-09 18:09:20.684 2291 2555 E Hisight-ConnectAuthCallBack: readSecureFile failed, no such file
06-09 18:09:20.684 2291 2555 W Hisight-DeviceListManager: deviceRecords is empty
06-09 18:09:20.684 2291 2555 W Hisight-DeviceListManager: occur error, clear all the list
06-09 18:09:20.685 2291 2555 D Hisight-HiChainAuthControl: start HiChainAuthControl
06-09 18:09:20.696 2556 2556 I HicomNf_java_to_c: notifyNetworkStateChanged with maskStr, networkType: 0, networkState: 1, mask: 255.255.254.0
06-09 18:09:20.696 2556 2556 I HicomNfMainCtrlManager: NotifyNetworkStateChanged is called with networkState: 1
06-09 18:09:20.696 2556 2556 I HicomNfSecureManager: StartListening, before calling NSTACKX_DMsgServer
06-09 18:09:20.696 2556 2556 I nStackXDMsg: NSTACKX_DMsgServer:[1335] :msgReceiver is not NULL
06-09 18:09:20.696 2556 2556 D nStackXDMsg: StartDMsgMainThread:[1274] :pthread_create
06-09 18:09:20.697 2556 2556 I HicomNfSecureManager: StartListening, after calling NSTACKX_DMsgServer
06-09 18:09:20.697 2556 2556 I HicomNfSecureManager: OnehopSecureCtrlManager: succeeded to StartListening with type 0
06-09 18:09:20.701 2291 2555 I ConnectAuthJNI: JNI_OnLoad begin load
06-09 18:09:20.701 2291 2555 I ConnectAuthJNI: RegisterNativeMethod begin
06-09 18:09:20.702 2291 2555 I ConnectAuthJNI: RegisterNativeMethod end
06-09 18:09:20.702 2291 2555 I ConnectAuthJNI: RegisterNativeMethod 1004 methodLen=10
06-09 18:09:20.702 2291 2555 I ConnectAuthJNI: RegisterNativeMethod 1007 RegisterNatives=0
06-09 18:09:20.702 2291 2555 I ConnectAuthJNI: InitArraylist 1013
06-09 18:09:20.702 2291 2555 I ConnectAuthJNI: InitConnectAuthStaticJNIMethod 1114 methodRet=0
06-09 18:09:20.702 2291 2555 E ConnectAuthJNI: JNI_OnLoad finish....1138
06-09 18:09:20.702 2291 2555 D Hisight-HiChainAuthControl: setupAuthIfNeeded, HiChainInstance hasn't been initialized
06-09 18:09:20.702 2291 2555 I ConnectAuthJNI: Java_com_huawei_hisight_security_ConnectAuthNative_nativeSetup 795 call HiChainNativeSetup
06-09 18:09:20.706 2291 2555 I ConnectAuthJNI: HiChainNativeSetup 565 registe_log
06-09 18:09:20.706 2291 2555 I ConnectAuthJNI: HksStorageRegisterFileCallbacks 245 register hks file callback status =0
06-09 18:09:20.706 2291 2555 I ConnectAuthJNI: HksRegisterGetDeviceIdCallback 268 register hks get hardware udid callback status =0
06-09 18:09:20.706 2291 2555 D ConnectAuthJNI: [HiChain] get_instance Begin get instance
06-09 18:09:20.707 2291 2555 I ConnectAuthJNI: [HKS] hks_service_key_info_init hks init : begin
06-09 18:09:20.707 2291 2555 I ConnectAuthJNI: FileRead 113 FileRead
06-09 18:09:20.707 2291 2555 I ConnectAuthJNI: FileRead 122 FileRead call readSecureFile begin
06-09 18:09:20.708 2291 2555 E Hisight-ConnectAuthCallBack: readSecureFile failed, no such file
06-09 18:09:20.708 2291 2555 W ConnectAuthJNI: FileRead 132 FileRead call readSecureFile byteArray is null
06-09 18:09:20.711 2291 2555 I ConnectAuthJNI: [HKS] hks_rkc_init RKC init:begin, is_key_info_exist=0
06-09 18:09:20.711 2291 2555 I ConnectAuthJNI: [HKS] hks_rkc_init_entropy the entropy is empty
06-09 18:09:20.711 2291 2555 I ConnectAuthJNI: FileSize 214 FileSize
06-09 18:09:20.716 2291 2555 I ConnectAuthJNI: FileSize 230 fileSize=258
06-09 18:09:20.716 2291 2555 I ConnectAuthJNI: FileRead 113 FileRead
06-09 18:09:20.716 2291 2555 I ConnectAuthJNI: FileRead 122 FileRead call readSecureFile begin
06-09 18:09:20.716 2291 2555 I ConnectAuthJNI: FileRead 135 FileRead call readSecureFile end
06-09 18:09:20.717 2291 2555 I ConnectAuthJNI: FileRead 150 fileBuff size 258, buf len 258
06-09 18:09:20.717 2291 2555 I ConnectAuthJNI: FileSize 214 FileSize
06-09 18:09:20.720 2291 2555 I ConnectAuthJNI: FileSize 230 fileSize=258
06-09 18:09:20.720 2291 2555 I ConnectAuthJNI: FileRead 113 FileRead
06-09 18:09:20.720 2291 2555 I ConnectAuthJNI: FileRead 122 FileRead call readSecureFile begin
06-09 18:09:20.727 2291 2555 I ConnectAuthJNI: FileRead 135 FileRead call readSecureFile end
06-09 18:09:20.727 2291 2555 I ConnectAuthJNI: FileRead 150 fileBuff size 258, buf len 258
06-09 18:09:20.727 2556 2644 D nStackXCoAP: IsInSameNetwork:[276] :IsInSameNetwork exec
06-09 18:09:20.727 2556 2644 I nStackXDFinder: GetLocalInterfaceDetail:[461] :GetLocalInterfaceDetail in
06-09 18:09:20.727 2556 2644 E nStackXCoAP: IsInSameNetwork:[281] :IsInSameNetwork: not priority process
06-09 18:09:20.727 2556 2644 D nStackXCoAP: ParseServiceDiscover:[330] :new device join
06-09 18:09:20.727 2556 2644 I nStackXDFinder: NotifyDeviceListChanged:[540] :notify callback: device list changed callback is null
06-09 18:09:20.727 2556 2644 E nStackXDFinder: GetLocalIp:[401] :GetLocalIp exec
06-09 18:09:20.727 2291 2555 I ConnectAuthJNI: [HKS] hks_rkc_load_ksf load ksf success
06-09 18:09:20.727 2291 2555 I ConnectAuthJNI: [HKS] hks_rkc_init root key component init success
06-09 18:09:20.728 2291 2555 I ConnectAuthJNI: [HKS] hks_rkc_init RKC init:end,rc=0
06-09 18:09:20.728 2291 2555 I ConnectAuthJNI: [HKS] hks_service_key_info_init hks init : end
06-09 18:09:20.728 2291 2555 I ConnectAuthJNI: GetHiChainProtocolParamsCallback 371 GetHiChainProtocolParamsCallback operation_code= 99
06-09 18:09:20.728 2291 2555 I ConnectAuthJNI: paramLen is ,=0
06-09 18:09:20.728 2291 2555 I ConnectAuthJNI: paramLen is ,=0
06-09 18:09:20.728 2291 2555 I ConnectAuthJNI: GetHiChainProtocolParamsCallback 402 GetHiChainProtocolParamsCallback end
06-09 18:09:20.728 2291 2555 I ConnectAuthJNI: [HiChain] get_instance Get instance success
06-09 18:09:20.728 2291 2555 I ConnectAuthJNI: Java_com_huawei_hisight_security_ConnectAuthNative_nativeGetHiChainInstance 598 get instance success
06-09 18:09:20.728 2291 2555 D Hisight-HiChainAuthControl: destroyAuth
06-09 18:09:20.728 2291 2555 I ConnectAuthJNI: Java_com_huawei_hisight_security_ConnectAuthNative_nativeDestroy 603 destroy
06-09 18:09:20.728 2291 2555 D Hisight-HiChainAuthControl: setupAuthIfNeeded, HiChainInstance hasn't been initialized
06-09 18:09:20.728 2291 2555 I ConnectAuthJNI: Java_com_huawei_hisight_security_ConnectAuthNative_nativeSetup 795 call HiChainNativeSetup
06-09 18:09:20.728 2291 2555 I ConnectAuthJNI: HiChainNativeSetup 565 registe_log
06-09 18:09:20.728 2291 2555 I ConnectAuthJNI: HksStorageRegisterFileCallbacks 245 register hks file callback status =0
06-09 18:09:20.728 2291 2555 I ConnectAuthJNI: HksRegisterGetDeviceIdCallback 268 register hks get hardware udid callback status =0
06-09 18:09:20.728 2291 2555 D ConnectAuthJNI: [HiChain] get_instance Begin get instance
06-09 18:09:20.728 2291 2555 I ConnectAuthJNI: [HKS] hks_service_key_info_init hks init : begin
06-09 18:09:20.729 2291 2555 I ConnectAuthJNI: [HKS] hks_service_key_info_init hks init : end
06-09 18:09:20.729 2291 2555 I ConnectAuthJNI: GetHiChainProtocolParamsCallback 371 GetHiChainProtocolParamsCallback operation_code= 99
06-09 18:09:20.729 2291 2555 I ConnectAuthJNI: paramLen is ,=0
06-09 18:09:20.729 2291 2555 I ConnectAuthJNI: paramLen is ,=0
06-09 18:09:20.729 2291 2555 I ConnectAuthJNI: GetHiChainProtocolParamsCallback 402 GetHiChainProtocolParamsCallback end
06-09 18:09:20.729 2291 2555 I ConnectAuthJNI: [HiChain] get_instance Get instance success
06-09 18:09:20.729 2291 2555 I ConnectAuthJNI: Java_com_huawei_hisight_security_ConnectAuthNative_nativeGetHiChainInstance 598 get instance success
06-09 18:09:20.729 2291 2555 W ConnectAuthJNI: GetListTrustPeers 899 trustPeerSize=0
06-09 18:09:20.729 2291 2555 D Hisight-HiChainAuthControl: destroyAuth
06-09 18:09:20.729 2291 2555 I ConnectAuthJNI: Java_com_huawei_hisight_security_ConnectAuthNative_nativeDestroy 603 destroy
06-09 18:09:20.729 2291 2555 D Hisight-HiChainAuthControl: setupAuthIfNeeded, HiChainInstance hasn't been initialized
06-09 18:09:20.729 2291 2555 I ConnectAuthJNI: Java_com_huawei_hisight_security_ConnectAuthNative_nativeSetup 795 call HiChainNativeSetup
06-09 18:09:20.729 2291 2555 I ConnectAuthJNI: HiChainNativeSetup 565 registe_log
06-09 18:09:20.729 2291 2555 I ConnectAuthJNI: HksStorageRegisterFileCallbacks 245 register hks file callback status =0
06-09 18:09:20.729 2291 2555 I ConnectAuthJNI: HksRegisterGetDeviceIdCallback 268 register hks get hardware udid callback status =0
06-09 18:09:20.729 2291 2555 D ConnectAuthJNI: [HiChain] get_instance Begin get instance
06-09 18:09:20.729 2291 2555 I ConnectAuthJNI: [HKS] hks_service_key_info_init hks init : begin
06-09 18:09:20.729 2291 2555 I ConnectAuthJNI: [HKS] hks_service_key_info_init hks init : end
06-09 18:09:20.729 2291 2555 I ConnectAuthJNI: GetHiChainProtocolParamsCallback 371 GetHiChainProtocolParamsCallback operation_code= 99
06-09 18:09:20.729 2291 2555 I ConnectAuthJNI: paramLen is ,=0
06-09 18:09:20.729 2291 2555 I ConnectAuthJNI: paramLen is ,=0
06-09 18:09:20.729 2291 2555 I ConnectAuthJNI: GetHiChainProtocolParamsCallback 402 GetHiChainProtocolParamsCallback end
06-09 18:09:20.729 2291 2555 I ConnectAuthJNI: [HiChain] get_instance Get instance success
06-09 18:09:20.729 2291 2555 I ConnectAuthJNI: Java_com_huawei_hisight_security_ConnectAuthNative_nativeGetHiChainInstance 598 get instance success
06-09 18:09:20.729 2291 2555 W ConnectAuthJNI: GetListTrustPeers 899 trustPeerSize=0
06-09 18:09:20.730 2291 2555 D Hisight-DeviceListManager: init trusted list size: 0
06-09 18:09:20.730 2291 2555 D HiSight-ConnectionManager: setAuthInfo, authMode: 1
06-09 18:09:20.763 2556 2644 D nStackXCoAP: CoapMessageHandler:[133] :2.01
06-09 18:09:20.828 2556 2644 D nStackXCoAP: IsInSameNetwork:[276] :IsInSameNetwork exec
06-09 18:09:20.828 2556 2644 I nStackXDFinder: GetLocalInterfaceDetail:[461] :GetLocalInterfaceDetail in
06-09 18:09:20.828 2556 2644 E nStackXCoAP: IsInSameNetwork:[281] :IsInSameNetwork: not priority process
06-09 18:09:20.828 2556 2644 D nStackXCoAP: ParseServiceDiscover:[330] :new device join
06-09 18:09:20.828 2556 2644 E nStackXDFinder: GetLocalIp:[401] :GetLocalIp exec
06-09 18:09:20.832 2291 2291 I ModuleDataForwa: type=1400 audit(0.0:980): avc: denied { remove_name } for name="TD_IP_CACHE.xml" dev="mmcblk0p25" ino=9103 scontext=u:r:platform_app:s0:c512,c768 tcontext=u:object_r:app_data_file:s0:c512,c768 tclass=dir permissive=1 app=com.dangbei.screencast
06-09 18:09:20.832 2291 2291 I ModuleDataForwa: type=1400 audit(0.0:981): avc: denied { rename } for name="TD_IP_CACHE.xml" dev="mmcblk0p25" ino=9103 scontext=u:r:platform_app:s0:c512,c768 tcontext=u:object_r:app_data_file:s0:c512,c768 tclass=file permissive=1 app=com.dangbei.screencast
06-09 18:09:20.843 2365 2365 W audit : audit_lost=521 audit_rate_limit=5 audit_backlog_limit=64
06-09 18:09:20.843 2365 2365 E audit : rate limit exceeded
06-09 18:09:20.863 2556 2644 D nStackXCoAP: CoapMessageHandler:[133] :2.01
06-09 18:09:20.868 2291 2388 E raop : JavaCallback init
06-09 18:09:20.923 663 974 I bluetooth: system/bt/stack/gatt/connection_manager.cc:185 on_connection_complete: Le connection completed to device:e4:bb:d3:57:c0:18
06-09 18:09:20.923 663 974 I bt_btm_ble: system/bt/stack/btm/btm_ble.cc:1699 btm_ble_connected: Updating device record timestamp for existing ble connection
06-09 18:09:20.923 247 1151 E bt_upio : upio_set : /proc/bluetooth/sleep/btwrite(-1) incorrent
06-09 18:09:21.032 2556 2644 D nStackXCoAP: IsInSameNetwork:[276] :IsInSameNetwork exec
06-09 18:09:21.032 2556 2644 I nStackXDFinder: GetLocalInterfaceDetail:[461] :GetLocalInterfaceDetail in
06-09 18:09:21.032 2556 2644 E nStackXCoAP: IsInSameNetwork:[281] :IsInSameNetwork: not priority process
06-09 18:09:21.032 2556 2644 D nStackXCoAP: ParseServiceDiscover:[330] :new device join
06-09 18:09:21.032 2556 2644 E nStackXDFinder: GetLocalIp:[401] :GetLocalIp exec
06-09 18:09:21.047 2556 2644 D nStackXCoAP: CoapMessageHandler:[133] :2.01
06-09 18:09:21.148 663 974 I bt_stack: [INFO:gatt_attr.cc(880)] gatt_sr_init_cl_status: bda=e4:bb:d3:57:c0:18, cl_supp_feat=0000, aware=1
06-09 18:09:21.148 663 974 I bluetooth: system/bt/stack/gap/gap_ble.cc:298 client_connect_cback: No active GAP service found for peer:xx:xx:xx:xx:c0:18 callback:Connected
06-09 18:09:21.148 663 974 I bt_bta_gattc: system/bt/bta/gatt/bta_gattc_act.cc:1110 bta_gattc_conn_cback: Connected att_id:3 transport:le reason:GATT_CONN_OK
06-09 18:09:21.148 663 974 I bt_bta_gattc: system/bt/bta/gatt/bta_gattc_act.cc:1110 bta_gattc_conn_cback: Connected att_id:4 transport:le reason:GATT_CONN_OK
06-09 18:09:21.148 663 974 I bt_bta_gattc: system/bt/bta/gatt/bta_gattc_act.cc:1110 bta_gattc_conn_cback: Connected att_id:5 transport:le reason:GATT_CONN_OK
06-09 18:09:21.148 663 974 I bluetooth: system/bt/stack/gatt/connection_manager.cc:185 on_connection_complete: Le connection completed to device:e4:bb:d3:57:c0:18
06-09 18:09:21.149 663 974 I bt_stack: [INFO:eatt_impl.h(634)] connect device e4:bb:d3:57:c0:18 rolecentral
06-09 18:09:21.149 663 974 I bt_btif_dm: system/bt/btif/src/btif_dm.cc:497 btif_update_remote_version_property: Remote version info valid:true [xx:xx:xx:xx:c0:18]: 9, 1bf, 9
06-09 18:09:21.169 663 663 E BluetoothPhonePolicy: Received unexpected intent, action=android.bluetooth.device.action.ACL_CONNECTED
06-09 18:09:21.169 663 663 I BluetoothPhonePolicy: processDeviceConnected, device=E4:BB:D3:57:C0:18
06-09 18:09:21.170 663 663 D BluetoothDatabase: setConnection: device=E4:BB:D3:57:C0:18 and isA2dpDevice=false
06-09 18:09:21.170 663 663 D BluetoothDatabase: Updating last connected time for device: E4:BB:D3:57:C0:18 to 1
06-09 18:09:21.170 663 663 D BluetoothDatabase: updateDatabase E4:BB:D3:57:C0:18
06-09 18:09:21.175 1027 1027 I dangbei111: cccccc on receiver=android.bluetooth.device.action.ACL_CONNECTED,mac=E4:BB:D3:57:C0:18
06-09 18:09:21.175 1027 1027 E dangbei111: cccccc cancelDiscovery begin
06-09 18:09:21.177 663 974 I bt_stack: [INFO:eatt_impl.h(578)] supported_features_cb e4:bb:d3:57:c0:18 is_eatt_supported = 0
06-09 18:09:21.181 1027 1027 E dangbei111: cccccc 检查遥控器是否连接: Dangbei E4:BB:D3:57:C0:18
06-09 18:09:21.185 1027 1027 E dangbei111: cccccc 检查遥控器是否连接: 蓝牙的结果 Dangbei E4:BB:D3:57:C0:18 true
06-09 18:09:21.185 1027 1027 E dangbei111: cccccc input中没有遥控器存在
06-09 18:09:21.185 1027 1027 E dangbei111: cccccc 蓝牙状态连接 开启10s check任务
06-09 18:09:21.187 1027 1027 E dangbei111: cccccc 开始扫描
06-09 18:09:21.187 1027 1027 D BluetoothAdapter: isLeEnabled(): ON
06-09 18:09:21.237 663 974 W bt_stack: [WARNING:bta_gattc_api.cc(659)] notification already registered
06-09 18:09:21.237 663 974 W bt_stack: [WARNING:bta_gattc_api.cc(659)] notification already registered
06-09 18:09:21.237 663 974 W bt_stack: [WARNING:bta_gattc_api.cc(659)] notification already registered
06-09 18:09:21.238 663 813 W bt_btif : system/bt/main/bte_logmsg.cc:194 LogMsg: btif_hh_upstreams_evt: BTA_HH_OPN_EVT: handle=16, status =0
06-09 18:09:21.238 663 813 W bt_btif : system/bt/main/bte_logmsg.cc:194 LogMsg: BTA_HH_OPEN_EVT: Found device...Getting dscp info for handle ... 16
06-09 18:09:21.238 663 813 I bt_btif_dm: system/bt/btif/src/btif_dm.cc:384 get_cod: get_cod remote_cod = 0x00001f00
06-09 18:09:21.238 663 813 I bt_btif_dm: system/bt/btif/src/btif_dm.cc:384 get_cod: get_cod remote_cod = 0x00001f00
06-09 18:09:21.239 663 813 W bt_btif : system/bt/main/bte_logmsg.cc:194 LogMsg: btif_hh_upstreams_evt: name = Dangbei
06-09 18:09:21.239 2556 2644 D nStackXCoAP: IsInSameNetwork:[276] :IsInSameNetwork exec
06-09 18:09:21.239 663 813 W bt_btif : system/bt/main/bte_logmsg.cc:194 LogMsg: bta_hh_co_send_hid_info: fd = 210, name = [Dangbei], dscp_len = 80
06-09 18:09:21.239 2556 2644 I nStackXDFinder: GetLocalInterfaceDetail:[461] :GetLocalInterfaceDetail in
06-09 18:09:21.239 663 813 W bt_btif : system/bt/main/bte_logmsg.cc:194 LogMsg: bta_hh_co_send_hid_info: vendor_id = 0x000d, product_id = 0x3838, version= 0x0000,ctry_code=0x00
06-09 18:09:21.239 2556 2644 E nStackXCoAP: IsInSameNetwork:[281] :IsInSameNetwork: not priority process
06-09 18:09:21.239 2556 2644 D nStackXCoAP: ParseServiceDiscover:[330] :new device join
06-09 18:09:21.239 2556 2644 E nStackXDFinder: GetLocalIp:[401] :GetLocalIp exec
06-09 18:09:21.240 663 663 D BluetoothAdapterService: isQuetModeEnabled() - Enabled = false
06-09 18:09:21.240 663 663 V BluetoothDatabase: getProfileConnectionPolicy: E4:BB:D3:57:C0:18, profile=4, connectionPolicy = 100
06-09 18:09:21.240 663 813 W bt_btif : system/bt/main/bte_logmsg.cc:194 LogMsg: bta_hh_co_send_hid_info: wrote descriptor to fd = 210, dscp_len = 80, result = 0
06-09 18:09:21.240 663 813 W bt_stack: [WARNING:btif_hh.cc(397)] Device e4:bb:d3:57:c0:18 already added
06-09 18:09:21.242 320 323 D XM_HIDREAD: add@ add@/devices/virtual/misc/uhid/0005:000D:3838.0001
06-09 18:09:21.243 663 663 D BluetoothHidHostService: Connection state E4:BB:D3:57:C0:18: 0->2
06-09 18:09:21.249 35 35 I input : Dangbei as /devices/virtual/misc/uhid/0005:000D:3838.0001/input/input2
06-09 18:09:21.250 35 35 I input : Dangbei Consumer Control as /devices/virtual/misc/uhid/0005:000D:3838.0001/input/input4
06-09 18:09:21.246 320 323 D XM_HIDREAD: add@ add@/devices/virtual/misc/uhid/0005:000D:3838.0001/input/input2
06-09 18:09:21.247 320 323 D XM_HIDREAD: add@ add@/devices/virtual/misc/uhid/0005:000D:3838.0001/input/input2/event2
06-09 18:09:21.247 320 323 D XM_HIDREAD: add@ add@/devices/virtual/misc/uhid/0005:000D:3838.0001/input/input4
06-09 18:09:21.247 320 323 D XM_HIDREAD: add@ add@/devices/virtual/misc/uhid/0005:000D:3838.0001/input/input4/event3
06-09 18:09:21.247 320 323 D XM_HIDREAD: add@ add@/devices/virtual/misc/uhid/0005:000D:3838.0001/hidraw/hidraw0
06-09 18:09:21.247 320 323 D XM_HIDREAD: ready open:/dev/hidraw0
06-09 18:09:21.247 320 323 D XM_HIDREAD: open:/dev/hidraw0 resultFD:-1
06-09 18:09:21.247 320 323 E XM_HIDREAD: open hidraw error: No such file or directory, wait to retry...
06-09 18:09:21.248 663 663 D AdapterProperties: PROFILE_CONNECTION_STATE_CHANGE: profile=4, device=E4:BB:D3:57:C0:18, 0 -> 2
06-09 18:09:21.250 35 35 I hid-generic 0005: 000D:3838.0001: input,hidraw0: BLUETOOTH HID v0.00 Keyboard [Dangbei] on
06-09 18:09:21.248 663 663 W AdapterProperties: PROFILE_CONNECTION_STATE_CHANGE: unexpected transition for profile=4, device=E4:BB:D3:57:C0:18, 0 -> 2
06-09 18:09:21.251 663 663 D AdapterProperties: ADAPTER_CONNECTION_STATE_CHANGE: E4:BB:D3:57:C0:18: 0 -> 2
06-09 18:09:21.251 663 663 W AdapterProperties: ADAPTER_CONNECTION_STATE_CHANGE: unexpected transition for profile=4, device=E4:BB:D3:57:C0:18, 0 -> 2
06-09 18:09:21.252 663 974 I bt_stack: [INFO:gatt_sr.cc(815)] MTU request PDU with MTU size 247
06-09 18:09:21.252 663 813 W bt_btif : system/bt/main/bte_logmsg.cc:194 LogMsg: btif_hh_upstreams_evt: Device already added
06-09 18:09:21.252 663 974 W bt_stack: [WARNING:gatt_utils.cc(790)] Call back not found for application conn_id=3
06-09 18:09:21.252 663 974 W bt_stack: [WARNING:gatt_utils.cc(790)] Call back not found for application conn_id=4
06-09 18:09:21.252 663 974 W bt_stack: [WARNING:gatt_utils.cc(790)] Call back not found for application conn_id=5
06-09 18:09:21.256 475 595 D EventHub: No input device configuration file found for device 'Dangbei'.
06-09 18:09:21.263 669 888 D CachedBluetoothDevice: onProfileStateChanged: profile HID, device Dangbei, newProfileState 2
06-09 18:09:21.266 475 595 I EventHub: usingClockIoctl=true
06-09 18:09:21.266 475 595 I EventHub: New device: id=3, fd=342, path='/dev/input/event2', name='Dangbei', classes=KEYBOARD | EXTERNAL, configuration='', keyLayout='/system/usr/keylayout/Vendor_000d_Product_3838.kl', keyCharacterMap='/system/usr/keychars/Generic.kcm', builtinKeyboard=false,
06-09 18:09:21.266 475 595 I InputReader: Device added: id=4, eventHubId=3, name='Dangbei', descriptor='d7b6aedb6b668d9ab2625cf87b9fa435ea003ff4',sources=0x00000101
06-09 18:09:21.268 328 329 D DONGLE_SERVICE: check_smartctrl_hidraw_node, vid=13, pid =14392
06-09 18:09:21.268 328 329 E DONGLE_SERVICE: not supported: /dev/hidraw0
06-09 18:09:21.269 475 595 D EventHub: No input device configuration file found for device 'Dangbei Consumer Control'.
06-09 18:09:21.275 475 595 W EventHub: Unable to disable kernel key repeat for /dev/input/event3: Function not implemented
06-09 18:09:21.275 475 595 I EventHub: usingClockIoctl=true
06-09 18:09:21.275 475 595 I EventHub: New device: id=4, fd=344, path='/dev/input/event3', name='Dangbei Consumer Control', classes=KEYBOARD | JOYSTICK | EXTERNAL, configuration='', keyLayout='/system/usr/keylayout/Vendor_000d_Product_3838.kl', keyCharacterMap='/system/usr/keychars/Generic.kcm', builtinKeyboard=false,
06-09 18:09:21.275 475 595 I InputReader: Device added: id=4, eventHubId=4, name='Dangbei Consumer Control', descriptor='d7b6aedb6b668d9ab2625cf87b9fa435ea003ff4',sources=0x01000111
06-09 18:09:21.283 2556 2644 D nStackXCoAP: CoapMessageHandler:[133] :2.01
06-09 18:09:21.348 320 323 E XM_HIDREAD: trying to reopen hidraw: /dev/hidraw0
06-09 18:09:21.348 320 323 D XM_HIDREAD: ready open:/dev/hidraw0
06-09 18:09:21.348 320 323 D XM_HIDREAD: open:/dev/hidraw0 resultFD:8
06-09 18:09:21.348 320 323 D XM_HIDREAD: 1 ready ioctl hidrawFD 8
06-09 18:09:21.348 320 323 D XM_HIDREAD: 2 ready ioctl hidrawFD 8
06-09 18:09:21.348 320 323 D XM_HIDREAD: 3 ready ioctl hidrawFD 8
06-09 18:09:21.348 320 323 D XM_HIDREAD: 4 ready ioctl hidrawFD 8
06-09 18:09:21.348 320 323 D XM_HIDREAD: ioctl hidrawFD HIDIOCGRDESC ret 0
06-09 18:09:21.348 320 323 D XM_HIDREAD: dinfo.vendor:13,dinfo.product:14392
06-09 18:09:21.348 320 323 D XM_HIDREAD: m_pid:0x3838,m_vid:0x000d
06-09 18:09:21.348 320 323 D XM_HIDREAD: /dev/hidraw0 open succussfully!
06-09 18:09:21.348 320 323 D XM_HIDREAD: add@ add@/devices/virtual/wakeup/wakeup26
06-09 18:09:21.348 320 323 D XM_HIDREAD: add@ add@/devices/virtual/wakeup/wakeup27
06-09 18:09:21.442 2556 2644 D nStackXCoAP: IsInSameNetwork:[276] :IsInSameNetwork exec
06-09 18:09:21.442 2556 2644 I nStackXDFinder: GetLocalInterfaceDetail:[461] :GetLocalInterfaceDetail in
06-09 18:09:21.442 2556 2644 E nStackXCoAP: IsInSameNetwork:[281] :IsInSameNetwork: not priority process
06-09 18:09:21.442 2556 2644 D nStackXCoAP: ParseServiceDiscover:[330] :new device join
06-09 18:09:21.442 2556 2644 E nStackXDFinder: GetLocalIp:[401] :GetLocalIp exec
06-09 18:09:21.481 475 475 W NotificationHistory: Attempted to add notif for locked/gone/disabled user 0
06-09 18:09:21.484 2556 2644 D nStackXCoAP: CoapMessageHandler:[133] :2.01
06-09 18:09:21.486 669 669 V TvNotificationHandler: Notification not added because it isn't relevant for tv
06-09 18:09:21.548 2556 2644 D nStackXCoAP: IsInSameNetwork:[276] :IsInSameNetwork exec
06-09 18:09:21.548 2556 2644 I nStackXDFinder: GetLocalInterfaceDetail:[461] :GetLocalInterfaceDetail in
06-09 18:09:21.548 2556 2644 E nStackXCoAP: IsInSameNetwork:[281] :IsInSameNetwork: not priority process
06-09 18:09:21.548 2556 2644 D nStackXCoAP: ParseServiceDiscover:[330] :new device join
06-09 18:09:21.548 2556 2644 E nStackXDFinder: GetLocalIp:[401] :GetLocalIp exec
06-09 18:09:21.601 475 518 W IorapForwardingService: No service published for: iorapd
06-09 18:09:21.750 2556 2644 D nStackXCoAP: IsInSameNetwork:[276] :IsInSameNetwork exec
06-09 18:09:21.750 2556 2644 I nStackXDFinder: GetLocalInterfaceDetail:[461] :GetLocalInterfaceDetail in
06-09 18:09:21.750 2556 2644 E nStackXCoAP: IsInSameNetwork:[281] :IsInSameNetwork: not priority process
06-09 18:09:21.750 2556 2644 D nStackXCoAP: ParseServiceDiscover:[330] :new device join
06-09 18:09:21.750 2556 2644 E nStackXDFinder: GetLocalIp:[401] :GetLocalIp exec
06-09 18:09:21.776 2556 2644 D nStackXCoAP: CoapMessageHandler:[133] :2.01
06-09 18:09:21.864 2556 2644 D nStackXCoAP: IsInSameNetwork:[276] :IsInSameNetwork exec
06-09 18:09:21.864 2556 2644 I nStackXDFinder: GetLocalInterfaceDetail:[461] :GetLocalInterfaceDetail in
06-09 18:09:21.864 2556 2644 E nStackXCoAP: IsInSameNetwork:[281] :IsInSameNetwork: not priority process
06-09 18:09:21.864 2556 2644 D nStackXCoAP: ParseServiceDiscover:[330] :new device join
06-09 18:09:21.865 2556 2644 E nStackXDFinder: GetLocalIp:[401] :GetLocalIp exec
06-09 18:09:21.914 2556 2644 D nStackXCoAP: CoapMessageHandler:[133] :2.01
06-09 18:09:21.927 663 974 I bt_stack: [INFO:hearing_aid.cc(1796)] GetDeviceCount: Not initialized yet
06-09 18:09:21.970 2556 2644 D nStackXCoAP: IsInSameNetwork:[276] :IsInSameNetwork exec
06-09 18:09:21.970 2556 2644 I nStackXDFinder: GetLocalInterfaceDetail:[461] :GetLocalInterfaceDetail in
06-09 18:09:21.970 2556 2644 E nStackXCoAP: IsInSameNetwork:[281] :IsInSameNetwork: not priority process
06-09 18:09:21.971 2556 2644 D nStackXCoAP: ParseServiceDiscover:[330] :new device join
06-09 18:09:21.971 2556 2644 E nStackXDFinder: GetLocalIp:[401] :GetLocalIp exec
06-09 18:09:21.988 2556 2644 D nStackXCoAP: CoapMessageHandler:[133] :2.01
06-09 18:09:22.078 2556 2565 I awei.connectio: Background young concurrent copying GC freed 62562(4637KB) AllocSpace objects, 22(440KB) LOS objects, 87% free, 3509KB/27MB, paused 298us total 126.886ms
06-09 18:09:22.160 2556 2644 D nStackXCoAP: IsInSameNetwork:[276] :IsInSameNetwork exec
06-09 18:09:22.160 2556 2644 I nStackXDFinder: GetLocalInterfaceDetail:[461] :GetLocalInterfaceDetail in
06-09 18:09:22.160 2556 2644 E nStackXCoAP: IsInSameNetwork:[281] :IsInSameNetwork: not priority process
06-09 18:09:22.160 2556 2644 D nStackXCoAP: ParseServiceDiscover:[330] :new device join
06-09 18:09:22.161 2556 2644 E nStackXDFinder: GetLocalIp:[401] :GetLocalIp exec
06-09 18:09:22.175 2556 2644 D nStackXCoAP: CoapMessageHandler:[133] :2.01
06-09 18:09:22.262 2556 2644 D nStackXCoAP: IsInSameNetwork:[276] :IsInSameNetwork exec
06-09 18:09:22.262 2556 2644 I nStackXDFinder: GetLocalInterfaceDetail:[461] :GetLocalInterfaceDetail in
06-09 18:09:22.262 2556 2644 E nStackXCoAP: IsInSameNetwork:[281] :IsInSameNetwork: not priority process
06-09 18:09:22.262 2556 2644 D nStackXCoAP: ParseServiceDiscover:[330] :new device join
06-09 18:09:22.262 2556 2644 E nStackXDFinder: GetLocalIp:[401] :GetLocalIp exec
06-09 18:09:22.289 2556 2644 D nStackXCoAP: CoapMessageHandler:[133] :2.01
06-09 18:09:22.606 475 518 W IorapForwardingService: No service published for: iorapd
06-09 18:09:22.910 2149 2181 D UtilLog : 日志批量上报 进行正常循环 !!!!!!本次有0次请求,共0条数据
06-09 18:09:22.920 2291 2668 I PlatformDependent: Your platform does not provide complete low-level API for accessing direct buffers reliably. Unless explicitly requested, heap buffer will always be preferred to avoid potential system instability.
06-09 18:09:22.956 2291 2388 W VideoCapabilities: Unrecognized profile/level 0/3 for video/mpeg2
06-09 18:09:22.968 475 617 D NsdService: Register service
06-09 18:09:22.968 475 617 D NsdService: registerService: 3 name: 当贝投屏P2, type: _airplay._tcp, host: null, port: 44707, txtRecord: srcvers=220.68features=0x527FFFF7,0x1E'pi=2e388006-13ba-4041-9a67-25dd4a43d536Cpk=b07727d6f6cd6e08b58ede525ec3cdeaa252ad9f683feb212ef8a205246554e7vv=2 flags=0x4model=AppleTV2,1deviceid=b4:2f:03:15:e8:b9
06-09 18:09:22.968 475 617 D NsdService: mdnssd [register, 3, 当贝投屏P2, _airplay._tcp, 44707, DnNyY3ZlcnM9MjIwLjY4GGZlYXR1cmVzPTB4NTI3RkZGRjcsMHgxRSdwaT0yZTM4ODAwNi0xM2JhLTQwNDEtOWE2Ny0yNWRkNGE0M2Q1MzZDcGs9YjA3NzI3ZDZmNmNkNmUwOGI1OGVkZTUyNWVjM2NkZWFhMjUyYWQ5ZjY4M2ZlYjIxMmVmOGEyMDUyNDY1NTRlNwR2dj0yCWZsYWdzPTB4NBBtb2RlbD1BcHBsZVRWMiwxGmRldmljZWlkPWI0OjJmOjAzOjE1OmU4OmI5]
06-09 18:09:22.970 475 617 D NsdService: Register 2 3
06-09 18:09:22.979 475 617 D NsdService: Register service
06-09 18:09:22.979 475 617 D NsdService: registerService: 4 name: b42f0315e8b9@当贝投屏P2, type: _raop._tcp, host: null, port: 46517, txtRecord: txtvers=1 am=AppleTV2,1ch=2
06-09 18:09:22.979 475 617 D NsdService: cn=0,1,2,3da=trueet=0,3,5ft=0x527FFFF7,0x1Emd=0,1,2Cpk=b07727d6f6cd6e08b58ede525ec3cdeaa252ad9f683feb212ef8a205246554e7pw=falsesf=0x4sr=44100ss=16sv=falsetp=UDPvn=65537 vs=220.68vv=2 rhd=5.6.0.0
06-09 18:09:22.979 475 617 D NsdService: mdnssd [register, 4, b42f0315e8b9@当贝投屏P2, _raop._tcp, 46517, CXR4dHZlcnM9MQ1hbT1BcHBsZVRWMiwxBGNoPTIKY249MCwxLDIsMwdkYT10cnVlCGV0PTAsMyw1EmZ0PTB4NTI3RkZGRjcsMHgxRQhtZD0wLDEsMkNwaz1iMDc3MjdkNmY2Y2Q2ZTA4YjU4ZWRlNTI1ZWMzY2RlYWEyNTJhZDlmNjgzZmViMjEyZWY4YTIwNTI0NjU1NGU3CHB3PWZhbHNlBnNmPTB4NAhzcj00NDEwMAVzcz0xNghzdj1mYWxzZQZ0cD1VRFAIdm49NjU1MzcJdnM9MjIwLjY4BHZ2PTILcmhkPTUuNi4wLjA=]
06-09 18:09:22.981 475 617 D NsdService: Register 3 4
06-09 18:09:23.208 2149 2231 D UtilLog : 日志批量上报 进行正常循环 !!!!!!本次有0次请求,共0条数据
06-09 18:09:23.404 2673 2673 I Thread-2: type=1400 audit(0.0:988): avc: denied { execute } for name="am" dev="dm-1" ino=1160 scontext=u:r:system_app:s0 tcontext=u:object_r:vendor_file:s0 tclass=file permissive=1
06-09 18:09:23.404 2673 2673 I Thread-2: type=1400 audit(0.0:989): avc: denied { read open } for path="/vendor/xbin/am" dev="dm-1" ino=1160 scontext=u:r:system_app:s0 tcontext=u:object_r:vendor_file:s0 tclass=file permissive=1
06-09 18:09:23.404 2673 2673 I Thread-2: type=1400 audit(0.0:990): avc: denied { execute_no_trans } for path="/vendor/xbin/am" dev="dm-1" ino=1160 scontext=u:r:system_app:s0 tcontext=u:object_r:vendor_file:s0 tclass=file permissive=1
06-09 18:09:23.442 475 617 D NsdService: Register service
06-09 18:09:23.443 475 617 D NsdService: registerService: 5 name: 当贝投屏P2, type: _db_cast_screen._tcp, host: null, port: 33129, txtRecord: au=1cV=20830mV=100h265=0maxR=4096-3152model=DBBOX-A2deviceid=20:02:FE:19:C2:0E
06-09 18:09:23.443 475 617 D NsdService: mdnssd [register, 5, 当贝投屏P2, _db_cast_screen._tcp, 33129, BGF1PTEIY1Y9MjA4MzAGbVY9MTAwBmgyNjU9MA5tYXhSPTQwOTYtMzE1Mg5tb2RlbD1EQkJPWC1BMhpkZXZpY2VpZD0yMDowMjpGRToxOTpDMjowRQ==]
06-09 18:09:23.445 475 617 D NsdService: Register 4 5
06-09 18:09:23.485 656 656 E WifiHAL : wifi_get_link_stats: requestResponse Error:-5
06-09 18:09:23.488 475 607 E WifiVendorHal: getWifiLinkLayerStats_1_5_Internal(l.1191) failed {.code = ERROR_INVALID_ARGS, .description = }
06-09 18:09:23.492 1123 1123 D aaa : LedStatusService onStartCommand begin
06-09 18:09:23.494 1169 1169 D bbb : onStartCommand begin !!!!!!! data分区剩余 24711MB
06-09 18:09:23.507 1123 2682 D aaa : topPkg is -------------- :com.dangbei.leard.leradlauncher
06-09 18:09:23.510 1123 2682 D aaa : WiFi is connect
06-09 18:09:23.609 475 518 W IorapForwardingService: No service published for: iorapd
06-09 18:09:23.611 475 617 D NsdService: Native daemon message SERVICE_REGISTERED: 606 3 "当贝投屏P2"
06-09 18:09:23.617 475 617 D NsdService: Native daemon message SERVICE_REGISTERED: 606 4 "b42f0315e8b9@当贝投屏P2"
06-09 18:09:23.906 2291 2400 E accept : myIp:192.168.3.187
06-09 18:09:23.910 2291 2400 E accept : connect error
06-09 18:09:23.917 2291 2400 I UpnpServiceImpl: >>> Starting UPnP service...
06-09 18:09:23.918 2291 2400 I UpnpServiceImpl: Using configuration: org.fourthline.cling.android.AndroidUpnpServiceConfiguration
06-09 18:09:23.920 2291 2400 I Router : Creating Router: org.fourthline.cling.android.AndroidRouter
06-09 18:09:23.921 2291 2400 W Router : enable lock:org.fourthline.cling.android.AndroidRouter@8bf3832_java.util.concurrent.locks.ReentrantReadWriteLock$WriteLock@5365983[Unlocked]
06-09 18:09:23.938 2291 2400 W tworkAddressFactoryImpl: Network interface may not be multicast capable: dummy0
06-09 18:09:23.942 2291 2400 I MulticastReceiver: Creating wildcard socket (for receiving multicast datagrams) on port: 1900
06-09 18:09:23.944 2291 2400 I MulticastReceiver: Joining multicast group: /239.255.255.250:1900 on network interface: wlan0
06-09 18:09:23.966 2291 2400 E accept : Adding connector try: 192.168.3.187/192.168.3.187:45471
06-09 18:09:23.971 2291 2400 E accept : Adding connector result: 192.168.3.187/192.168.3.187:45471
06-09 18:09:24.095 2291 2400 I JettyServletContainer: Registering UPnP servlet under context path: /upnp
06-09 18:09:24.099 2291 2400 I DatagramIO: Creating bound socket (for datagram input/output) on: 192.168.3.187/192.168.3.187
06-09 18:09:24.100 2291 2687 E JettyServletContainer: gogogo
06-09 18:09:24.101 2291 2687 I JettyServletContainer: Starting Jetty server...
06-09 18:09:24.102 2291 2687 W System.err: 2025-06-09 18:09:24.101:INFO:lcaf.p:jetty-8.y.z-SNAPSHOT
06-09 18:09:24.105 2291 2400 I Router : WiFi multicast lock acquired
06-09 18:09:24.106 475 498 I WifiService: acquireMulticastLock uid=10013
06-09 18:09:24.110 475 617 D NsdService: Native daemon message SERVICE_REGISTERED: 606 5 "当贝投屏P2"
06-09 18:09:24.112 2291 2400 I Router : WiFi lock acquired
06-09 18:09:24.113 475 497 I WifiService: acquireWifiLock uid=10013 lockMode=3
06-09 18:09:24.118 2291 2400 W Router : enable unlock:org.fourthline.cling.android.AndroidRouter@8bf3832
06-09 18:09:24.119 2291 2400 I UpnpServiceImpl: <<< UPnP service started successfully
06-09 18:09:24.160 2291 2687 W System.err: 2025-06-09 18:09:24.159:INFO:lcaf.a:Started @192.168.3.187:45471
06-09 18:09:24.201 2291 2400 E g : channel :os
06-09 18:09:24.436 475 753 D SntpClient: request time failed: java.net.SocketTimeoutException: Poll timed out
06-09 18:09:24.611 475 518 W IorapForwardingService: No service published for: iorapd
06-09 18:09:24.652 2291 2291 I efs-base: type=1400 audit(0.0:991): avc: denied { rmdir } for name="2278" dev="mmcblk0p25" ino=9065 scontext=u:r:platform_app:s0:c512,c768 tcontext=u:object_r:app_data_file:s0:c512,c768 tclass=dir permissive=1 app=com.dangbei.screencast
06-09 18:09:24.659 2291 2377 I efs.base: lt=event`ev_ct=efs_core`ev_ac=log_lag`tm=2025-06-09 18:09:65`dn=2bd83102-4ff9-4ab2-a207-0930c553a9db`ps=com.dangbei.screencast`um_os=android`stime=1749463754204`pid=2291`fr=android`pkg=com.dangbei.screencast`vcode=20830`dsp_w=1920`uid=2bd83102-4ff9-4ab2-a207-0930c553a9db`rom=12`wid=2bd83102-4ff9-4ab2-a207-0930c553a9db`um_app_carrier=`um_access=wifi`um_app_channel=os`um_crash_sdk_version=1.4.0`ctime=1749463764`model=dbbox-a2`lang=zh`net=wifi`brand=dangbei`dsp_h=1080`um_network_type=0`ver=v2.8.3`cnt=0`build_model=DBBOX-A2`w_tm=1749463764`appid=5fc60c21094d637f3130af19`um_umid_header=aidfe9ec24e9199c682f068427cca8622f`sdk=31`tzone=Asia/Shanghai`sdk_ver=1.3.6.umeng
06-09 18:09:24.954 475 475 W NotificationHistory: Attempted to add notif for locked/gone/disabled user 0
06-09 18:09:24.959 669 669 V TvNotificationHandler: Notification not added because it isn't relevant for tv
06-09 18:09:25.452 475 498 W TelephonyPermissions: reportAccessDeniedToReadIdentifiers:com.dangbei.screencast:getSerial:-1
06-09 18:09:25.533 2556 2628 V NFC : this device does not have NFC support
06-09 18:09:25.613 475 518 W IorapForwardingService: No service published for: iorapd
06-09 18:09:25.756 0 0 I [ C1] nf_conntrack: default automatic helper assignment has been turned off for security reasons and CT-based firewall rule not found. Use the iptables CT target to attach helpers instead.
06-09 18:09:26.038 407 407 W hdr10p_Configure: 65 callbacks suppressed
06-09 18:09:26.038 407 407 I : DVI mode selected: packets not configured
06-09 18:09:26.038 407 407 W set_vsif_config: 65 callbacks suppressed
06-09 18:09:26.038 407 407 I : Error: set vsif failed
06-09 18:09:26.073 407 407 I : DVI mode selected: packets not configured
06-09 18:09:26.073 407 407 I : Error: set vsif failed
06-09 18:09:26.088 407 407 I : DVI mode selected: packets not configured
06-09 18:09:26.088 407 407 I : Error: set vsif failed
06-09 18:09:26.104 407 407 I : DVI mode selected: packets not configured
06-09 18:09:26.104 407 407 I : Error: set vsif failed
06-09 18:09:26.121 407 407 I : DVI mode selected: packets not configured
06-09 18:09:26.121 407 407 I : Error: set vsif failed
06-09 18:09:26.138 407 407 I : DVI mode selected: packets not configured
06-09 18:09:26.138 407 407 I : Error: set vsif failed
06-09 18:09:26.154 407 407 I : DVI mode selected: packets not configured
06-09 18:09:26.154 407 407 I : Error: set vsif failed
06-09 18:09:26.171 407 407 I : DVI mode selected: packets not configured
06-09 18:09:26.171 407 407 I : Error: set vsif failed
06-09 18:09:26.188 407 407 I : DVI mode selected: packets not configured
06-09 18:09:26.188 407 407 I : Error: set vsif failed
06-09 18:09:26.204 407 407 I : DVI mode selected: packets not configured
06-09 18:09:26.204 407 407 I : Error: set vsif failed
06-09 18:09:26.499 475 518 D CompatibilityChangeReporter: Compat change id reported: 168419799; UID 10075; state: DISABLED
06-09 18:09:26.506 656 656 E WifiHAL : wifi_get_link_stats: requestResponse Error:-5
06-09 18:09:26.508 475 607 E WifiVendorHal: getWifiLinkLayerStats_1_5_Internal(l.1191) failed {.code = ERROR_INVALID_ARGS, .description = }
06-09 18:09:26.615 475 518 W IorapForwardingService: No service published for: iorapd
06-09 18:09:27.617 475 518 W IorapForwardingService: No service published for: iorapd
06-09 18:09:28.288 261 261 I EventThread: type=1400 audit(0.0:992): avc: denied { search } for name="extcon" dev="sysfs" ino=18109 scontext=u:r:hal_tv_cec_default:s0 tcontext=u:object_r:sysfs_extcon:s0 tclass=dir permissive=1
06-09 18:09:28.620 475 518 W IorapForwardingService: No service published for: iorapd
06-09 18:09:29.293 261 284 D hdmi-cec: receive invalid cec message!
06-09 18:09:29.294 261 284 D hdmi-cec: receive poll message [04], skip!
06-09 18:09:29.443 475 753 D SntpClient: request time failed: java.net.SocketTimeoutException: Poll timed out
06-09 18:09:29.443 475 753 D SntpClient: request time failed
06-09 18:09:29.478 475 753 D SntpClient: round trip: 16ms, clock offset: -603ms
06-09 18:09:29.525 656 656 E WifiHAL : wifi_get_link_stats: requestResponse Error:-5
06-09 18:09:29.528 475 607 E WifiVendorHal: getWifiLinkLayerStats_1_5_Internal(l.1191) failed {.code = ERROR_INVALID_ARGS, .description = }
06-09 18:09:29.592 2291 2345 I crashsdk: crashsdk uploading logs
06-09 18:09:29.621 475 518 W IorapForwardingService: No service published for: iorapd
06-09 18:09:30.624 475 518 W IorapForwardingService: No service published for: iorapd
06-09 18:09:30.641 475 991 W ZramWriteback: Writeback device is not set
06-09 18:09:30.641 475 991 D ZramWriteback: wait to flush
06-09 18:09:30.636 1917 1917 I rainbow_flow: type=1400 audit(0.0:993): avc: denied { ioctl } for path="/dev/spidev1.0" dev="tmpfs" ino=2502 ioctlcmd=0x6b00 scontext=u:r:init:s0 tcontext=u:object_r:device:s0 tclass=chr_file permissive=1
06-09 18:09:30.682 206 221 I keystore2: keystore2::watchdog: Watchdog thread idle -> terminating. Have a great day.
06-09 18:09:31.198 1027 1027 E ccc : cccccc 有设备 取消移除任务
06-09 18:09:31.502 1123 1123 D aaa : LedStatusService onStartCommand begin
06-09 18:09:31.503 1123 2722 D aaa : topPkg is -------------- :com.dangbei.leard.leradlauncher
06-09 18:09:31.505 1169 1169 D bbb : onStartCommand begin !!!!!!! data分区剩余 24711MB
06-09 18:09:31.513 1123 2722 D aaa : WiFi is connect
06-09 18:09:31.626 475 518 W IorapForwardingService: No service published for: iorapd
06-09 18:09:32.032 407 407 W hdr10p_Configure: 64 callbacks suppressed
06-09 18:09:32.032 407 407 I : DVI mode selected: packets not configured
06-09 18:09:32.032 407 407 W set_vsif_config: 64 callbacks suppressed
06-09 18:09:32.032 407 407 I : Error: set vsif failed
06-09 18:09:32.056 407 407 I : DVI mode selected: packets not configured
06-09 18:09:32.056 407 407 I : Error: set vsif failed
06-09 18:09:32.071 407 407 I : DVI mode selected: packets not configured
06-09 18:09:32.071 407 407 I : Error: set vsif failed
06-09 18:09:32.088 407 407 I : DVI mode selected: packets not configured
06-09 18:09:32.088 407 407 I : Error: set vsif failed
06-09 18:09:32.105 407 407 I : DVI mode selected: packets not configured
06-09 18:09:32.105 407 407 I : Error: set vsif failed
06-09 18:09:32.122 407 407 I : DVI mode selected: packets not configured
06-09 18:09:32.122 407 407 I : Error: set vsif failed
06-09 18:09:32.139 407 407 I : DVI mode selected: packets not configured
06-09 18:09:32.139 407 407 I : Error: set vsif failed
06-09 18:09:32.154 407 407 I : DVI mode selected: packets not configured
06-09 18:09:32.154 407 407 I : Error: set vsif failed
06-09 18:09:32.171 407 407 I : DVI mode selected: packets not configured
06-09 18:09:32.171 407 407 I : Error: set vsif failed
06-09 18:09:32.188 407 407 I : DVI mode selected: packets not configured
06-09 18:09:32.188 407 407 I : Error: set vsif failed
06-09 18:09:32.543 656 656 E WifiHAL : wifi_get_link_stats: requestResponse Error:-5
06-09 18:09:32.546 475 607 E WifiVendorHal: getWifiLinkLayerStats_1_5_Internal(l.1191) failed {.code = ERROR_INVALID_ARGS, .description = }
06-09 18:09:32.628 475 518 W IorapForwardingService: No service published for: iorapd
06-09 18:09:33.207 2149 2231 D UtilLog : 日志批量上报 进行正常循环 !!!!!!本次有0次请求,共0条数据
06-09 18:09:33.630 475 518 W IorapForwardingService: No service published for: iorapd
06-09 18:09:34.633 475 518 W IorapForwardingService: No service published for: iorapd
06-09 18:09:35.406 475 589 D CompatibilityChangeReporter: Compat change id reported: 168419799; UID 10026; state: DISABLED
06-09 18:09:35.414 1834 2726 D EpgDataCleanupService: Received intent: Intent { act=com.android.providers.tv.intent.CLEAN_UP_EPG_DATA cmp=com.android.providers.tv/.EpgDataCleanupService }
06-09 18:09:35.434 475 607 E WifiHealthMonitor: Hit PackageManager exception
06-09 18:09:35.434 475 607 E WifiHealthMonitor: android.content.pm.PackageManager$NameNotFoundException: No module info for package: com.android.wifi
06-09 18:09:35.434 475 607 E WifiHealthMonitor: at android.app.ApplicationPackageManager.getModuleInfo(ApplicationPackageManager.java:1079)
06-09 18:09:35.434 475 607 E WifiHealthMonitor: at com.android.server.wifi.WifiHealthMonitor.getWifiStackVersion(WifiHealthMonitor.java:366)
06-09 18:09:35.434 475 607 E WifiHealthMonitor: at com.android.server.wifi.WifiHealthMonitor.extractCurrentSoftwareBuildInfo(WifiHealthMonitor.java:587)
06-09 18:09:35.434 475 607 E WifiHealthMonitor: at com.android.server.wifi.WifiHealthMonitor.postBootSwBuildCheck(WifiHealthMonitor.java:522)
06-09 18:09:35.434 475 607 E WifiHealthMonitor: at com.android.server.wifi.WifiHealthMonitor.postBootDetectionHandler(WifiHealthMonitor.java:513)
06-09 18:09:35.434 475 607 E WifiHealthMonitor: at com.android.server.wifi.WifiHealthMonitor.access$500(WifiHealthMonitor.java:71)
06-09 18:09:35.434 475 607 E WifiHealthMonitor: at com.android.server.wifi.WifiHealthMonitor$2.onAlarm(WifiHealthMonitor.java:190)
06-09 18:09:35.434 475 607 E WifiHealthMonitor: at android.app.AlarmManager$ListenerWrapper.run(AlarmManager.java:323)
06-09 18:09:35.434 475 607 E WifiHealthMonitor: at android.os.Handler.handleCallback(Handler.java:938)
