06-09 18:09:02.873 656 656 E WifiHAL : wifi_get_logger_supported_feature_set: Error -5 happened.
06-09 18:09:02.875 1123 1123 I aaa : BootCompleteService is start !!!
06-09 18:09:02.878 656 656 I ieee80211 phy0: sprdwl_vendor_get_support_feature
06-09 18:09:02.877 1123 1123 W ContextImpl: Calling a method in the system process without a qualified user: android.app.ContextImpl.startService:1816 android.content.ContextWrapper.startService:774 android.content.ContextWrapper.startService:774 com.oranth.ledstatus.BootCompletedReceiver.onReceive:15 android.app.ActivityThread.handleReceiver:4308
06-09 18:09:02.878 475 604 W BestClock: java.time.DateTimeException: Missing NTP fix
06-09 18:09:02.878 475 816 W StorageManagerService: Reporting emulated;0 unmounted due to system locked
06-09 18:09:02.881 475 816 W StorageManagerService: Reporting emulated;0 unmounted due to system locked
06-09 18:09:02.897 656 656 I ieee80211 phy0: sprdwl_vendor_get_support_feature
06-09 18:09:02.891 656 656 E WifiHAL : wifi_get_logger_supported_feature_set: Error -5 happened.
06-09 18:09:02.897 1123 1123 D aaa : onCreate()
06-09 18:09:02.899 182 182 E SELinux : avc: denied { find } for pid=1123 uid=1000 name=MyLedService scontext=u:r:system_app:s0 tcontext=u:object_r:default_android_service:s0 tclass=service_manager permissive=1
06-09 18:09:02.899 475 605 W BestClock: java.time.DateTimeException: Missing NTP fix
06-09 18:09:02.900 475 497 I ActivityManager: com.oranth.storage is exempt from freezer
06-09 18:09:02.902 182 182 E SELinux : avc: denied { add } for pid=1123 uid=1000 name=MyLedService scontext=u:r:system_app:s0 tcontext=u:object_r:default_android_service:s0 tclass=service_manager permissive=1
06-09 18:09:02.902 475 605 W BestClock: java.time.DateTimeException: Missing NTP fix
06-09 18:09:02.904 475 956 W StorageManagerService: Reporting emulated;0 unmounted due to system locked
06-09 18:09:02.905 475 577 W StorageManagerService: Reporting emulated;0 unmounted due to system locked
06-09 18:09:02.907 475 497 D CompatibilityChangeReporter: Compat change id reported: 135634846; UID 1000; state: DISABLED
06-09 18:09:02.911 475 607 E SupplicantStaIfaceHal: checkHalVersionByInterfaceName: called but mServiceManager is null
06-09 18:09:02.911 475 607 E SupplicantStaIfaceHal: checkHalVersionByInterfaceName: called but mServiceManager is null
06-09 18:09:02.911 475 607 I SupplicantStaIfaceHal: Method getWpaDriverFeatureSet is not supported in existing HAL
06-09 18:09:02.912 475 607 D WifiClientModeManager[wlan0]: entering StartedState
06-09 18:09:02.914 475 607 D WifiNetworkFactory: got request NetworkRequest [ REQUEST id=23, [ Capabilities: INTERNET&NOT_RESTRICTED&TRUSTED&NOT_VCN_MANAGED Uid: 1000 RequestorUid: 1000 RequestorPkg: android] ]
06-09 18:09:02.915 475 607 D UntrustedWifiNetworkFactory: got request NetworkRequest [ REQUEST id=23, [ Capabilities: INTERNET&NOT_RESTRICTED&TRUSTED&NOT_VCN_MANAGED Uid: 1000 RequestorUid: 1000 RequestorPkg: android] ]
06-09 18:09:02.916 475 607 D OemPaidWifiNetworkFactory: got request NetworkRequest [ REQUEST id=23, [ Capabilities: INTERNET&NOT_RESTRICTED&TRUSTED&NOT_VCN_MANAGED Uid: 1000 RequestorUid: 1000 RequestorPkg: android] ]
06-09 18:09:02.922 475 607 D WifiService: updateInterfaceIpState: ifaceName=wlan0 mode=-1 previous LOHS mode= -1
06-09 18:09:02.922 475 607 D WifiService: updateInterfaceIpState: ifaceName=wlan1 mode=-1 previous LOHS mode= -1
06-09 18:09:02.926 663 663 I BluetoothHeadsetServiceJni: classInitNative: succeeds
06-09 18:09:02.926 663 663 I bt_btif : system/bt/btif/src/bluetooth.cc:417 get_profile_interface: get_profile_interface: id = handsfree
06-09 18:09:02.926 663 663 I bt_stack: [INFO:btif_hf.cc(1491)] GetInterface
06-09 18:09:02.928 241 241 D Zygote : Forked child process 1169
06-09 18:09:02.932 475 537 I ActivityManager: app.processName = com.oranth.storage
06-09 18:09:02.932 475 537 I ActivityManager: Start proc 1169:com.oranth.storage/1000 for broadcast {com.oranth.storage/com.oranth.storage.BootCompletedReceiver}
06-09 18:09:02.934 663 663 I bt_btif_storage: system/bt/btif/src/btif_storage.cc:661 btif_storage_get_adapter_property: btif_storage_get_adapter_property service_mask:0x20000040
06-09 18:09:02.934 663 974 I bt_bta_dm: system/bt/bta/dm/bta_dm_act.cc:3191 bta_dm_eir_update_uuid: EIR Adding UUID=0x1112 into extended inquiry response
06-09 18:09:02.934 663 974 I bt_bta_dm: system/bt/bta/dm/bta_dm_act.cc:2890 bta_dm_set_eir: Generating extended inquiry response packet EIR
06-09 18:09:02.934 663 974 I bt_bta_dm: system/bt/bta/dm/bta_dm_act.cc:3191 bta_dm_eir_update_uuid: EIR Adding UUID=0x111F into extended inquiry response
06-09 18:09:02.934 663 974 I bt_bta_dm: system/bt/bta/dm/bta_dm_act.cc:2890 bta_dm_set_eir: Generating extended inquiry response packet EIR
06-09 18:09:02.934 663 974 I bt_stack: [INFO:port_api.cc(234)] RFCOMM_CreateConnection: bd_addr=ff:ff:ff:ff:ff:ff, scn=2, is_server=1, mtu=256, uuid=0x1112, dlci=4, signal_state=0x0b, p_port=0xbc764524
06-09 18:09:02.934 663 974 I bt_stack: [INFO:port_api.cc(234)] RFCOMM_CreateConnection: bd_addr=ff:ff:ff:ff:ff:ff, scn=3, is_server=1, mtu=256, uuid=0x111f, dlci=6, signal_state=0x0b, p_port=0xbc7645ac
06-09 18:09:02.935 663 813 I bt_stack: [INFO:btif_hf.cc(289)] btif_hf_upstreams_evt: AG enable/disable event 0
06-09 18:09:02.935 663 974 I bt_stack: [INFO:port_api.cc(234)] RFCOMM_CreateConnection: bd_addr=ff:ff:ff:ff:ff:ff, scn=2, is_server=1, mtu=256, uuid=0x1112, dlci=4, signal_state=0x0b, p_port=0xbc764634
06-09 18:09:02.935 663 974 I bt_stack: [INFO:port_api.cc(234)] RFCOMM_CreateConnection: bd_addr=ff:ff:ff:ff:ff:ff, scn=3, is_server=1, mtu=256, uuid=0x111f, dlci=6, signal_state=0x0b, p_port=0xbc7646bc
06-09 18:09:02.936 475 605 W BestClock: java.time.DateTimeException: Missing NTP fix
06-09 18:09:02.939 475 605 W BestClock: java.time.DateTimeException: Missing NTP fix
06-09 18:09:02.940 1123 1123 D aaa : LedStatusService onStartCommand begin
06-09 18:09:02.944 1123 1170 D aaa : topPkg is -------------- :com.android.tv.settings
06-09 18:09:02.944 1169 1169 I Zygote : seccomp disabled by setenforce 0
06-09 18:09:02.952 475 607 I android_os_HwBinder: HwBinder: Starting thread pool for getting: android.hidl.manager@1.0::IServiceManager/default
06-09 18:09:02.953 475 816 W StorageManagerService: Reporting emulated;0 unmounted due to system locked
06-09 18:09:02.956 663 974 I bt_stack: [INFO:port_api.cc(234)] RFCOMM_CreateConnection: bd_addr=ff:ff:ff:ff:ff:ff, scn=2, is_server=1, mtu=256, uuid=0x1112, dlci=4, signal_state=0x0b, p_port=0xbc764744
06-09 18:09:02.956 663 974 I bt_stack: [INFO:port_api.cc(234)] RFCOMM_CreateConnection: bd_addr=ff:ff:ff:ff:ff:ff, scn=3, is_server=1, mtu=256, uuid=0x111f, dlci=6, signal_state=0x0b, p_port=0xbc7647cc
06-09 18:09:02.956 663 974 I bt_stack: [INFO:port_api.cc(234)] RFCOMM_CreateConnection: bd_addr=ff:ff:ff:ff:ff:ff, scn=2, is_server=1, mtu=256, uuid=0x1112, dlci=4, signal_state=0x0b, p_port=0xbc764854
06-09 18:09:02.956 663 974 I bt_stack: [INFO:port_api.cc(234)] RFCOMM_CreateConnection: bd_addr=ff:ff:ff:ff:ff:ff, scn=3, is_server=1, mtu=256, uuid=0x111f, dlci=6, signal_state=0x0b, p_port=0xbc7648dc
06-09 18:09:02.956 663 974 I bt_stack: [INFO:port_api.cc(234)] RFCOMM_CreateConnection: bd_addr=ff:ff:ff:ff:ff:ff, scn=2, is_server=1, mtu=256, uuid=0x1112, dlci=4, signal_state=0x0b, p_port=0xbc764964
06-09 18:09:02.956 663 974 I bt_stack: [INFO:port_api.cc(234)] RFCOMM_CreateConnection: bd_addr=ff:ff:ff:ff:ff:ff, scn=3, is_server=1, mtu=256, uuid=0x111f, dlci=6, signal_state=0x0b, p_port=0xbc7649ec
06-09 18:09:02.957 663 974 I bt_stack: [INFO:port_api.cc(234)] RFCOMM_CreateConnection: bd_addr=ff:ff:ff:ff:ff:ff, scn=2, is_server=1, mtu=256, uuid=0x1112, dlci=4, signal_state=0x0b, p_port=0xbc764a74
06-09 18:09:02.957 663 974 I bt_stack: [INFO:port_api.cc(234)] RFCOMM_CreateConnection: bd_addr=ff:ff:ff:ff:ff:ff, scn=3, is_server=1, mtu=256, uuid=0x111f, dlci=6, signal_state=0x0b, p_port=0xbc764afc
06-09 18:09:02.959 475 475 D WifiP2pService: Wifi enabled=false
06-09 18:09:02.960 1169 1169 I .oranth.storag: Late-enabling -Xcheck:jni
06-09 18:09:02.960 663 663 I A2dpService: create()
06-09 18:09:02.962 475 475 D BluetoothA2dp: Proxy object connected
06-09 18:09:02.962 475 475 D BluetoothA2dp: Proxy object connected
06-09 18:09:02.962 669 669 D BluetoothA2dp: Proxy object connected
06-09 18:09:02.964 475 475 D BluetoothA2dp: Proxy object connected
06-09 18:09:02.968 663 663 I A2dpService: start()
06-09 18:09:02.971 663 663 I BluetoothA2dpServiceJni: classInitNative: succeeds
06-09 18:09:02.972 663 663 I A2dpService: Max connected audio devices set to 5
06-09 18:09:02.976 475 497 W StorageManagerService: Reporting emulated;0 unmounted due to system locked
06-09 18:09:02.986 475 607 I SupplicantStaIfaceHal: Starting supplicant using HIDL
06-09 18:09:02.990 663 663 I bt_btif : system/bt/btif/src/bluetooth.cc:417 get_profile_interface: get_profile_interface: id = a2dp
06-09 18:09:02.990 663 663 I btif_av : system/bt/btif/src/btif_av.cc:965 Init: bt_status_t BtifAvSource::Init(btav_source_callbacks_t *, int, const std::vector &, const std::vector &): max_connected_audio_devices=5
06-09 18:09:02.990 663 663 I a2dp_codec: system/bt/stack/a2dp/a2dp_codec_config.cc:569 init: init
06-09 18:09:02.992 184 184 I hwservicemanager: Since android.hardware.wifi.supplicant@1.0::ISupplicant/default is not registered, trying to start it as a lazy HAL.
06-09 18:09:02.993 475 607 D SupplicantStaIfaceHal: Successfully triggered start of supplicant using HIDL
06-09 18:09:02.999 663 663 I a2dp_codec: system/bt/stack/a2dp/a2dp_codec_config.cc:113 createCodec: createCodec: codec SBC
06-09 18:09:03.000 663 663 I a2dp_codec: system/bt/stack/a2dp/a2dp_codec_config.cc:633 init: init: updated SBC codec priority to 1001
06-09 18:09:03.000 663 663 I a2dp_codec: system/bt/stack/a2dp/a2dp_codec_config.cc:113 createCodec: createCodec: codec AAC
06-09 18:09:03.000 663 663 I a2dp_codec: system/bt/stack/a2dp/a2dp_codec_config.cc:633 init: init: updated AAC codec priority to 2001
06-09 18:09:03.000 663 663 I a2dp_codec: system/bt/stack/a2dp/a2dp_codec_config.cc:113 createCodec: createCodec: codec aptX
06-09 18:09:03.022 663 663 E a2dp_vendor_aptx_encoder: system/bt/stack/a2dp/a2dp_vendor_aptx_encoder.cc:123 A2DP_VendorLoadEncoderAptx: A2DP_VendorLoadEncoderAptx: cannot open aptX encoder library libaptX_encoder.so: dlopen failed: library "libaptX_encoder.so" not found
06-09 18:09:03.022 663 663 E a2dp_vendor_aptx: system/bt/stack/a2dp/a2dp_vendor_aptx.cc:465 init: init: cannot load the encoder
06-09 18:09:03.022 663 663 I a2dp_codec: system/bt/stack/a2dp/a2dp_codec_config.cc:113 createCodec: createCodec: codec aptX-HD
06-09 18:09:03.027 663 663 E a2dp_vendor_aptx_hd_encoder: system/bt/stack/a2dp/a2dp_vendor_aptx_hd_encoder.cc:123 A2DP_VendorLoadEncoderAptxHd: A2DP_VendorLoadEncoderAptxHd: cannot open aptX-HD encoder library libaptXHD_encoder.so: dlopen failed: library "libaptXHD_encoder.so" not found
06-09 18:09:03.027 663 663 E a2dp_vendor_aptx_hd: system/bt/stack/a2dp/a2dp_vendor_aptx_hd.cc:483 init: init: cannot load the encoder
06-09 18:09:03.027 663 663 I a2dp_codec: system/bt/stack/a2dp/a2dp_codec_config.cc:113 createCodec: createCodec: codec LDAC
06-09 18:09:03.032 1027 1027 E ccc : cccccc etna EtnaApplication init com.dangbei.lerad.etna.haqu.EtnaApplication@2d0bfbd
06-09 18:09:03.042 1027 1027 I MMKV : Disable checkProcessMode()
06-09 18:09:03.044 663 663 I a2dp_codec: system/bt/stack/a2dp/a2dp_codec_config.cc:633 init: init: updated LDAC codec priority to 5001
06-09 18:09:03.045 663 663 I a2dp_codec: system/bt/stack/a2dp/a2dp_codec_config.cc:113 createCodec: createCodec: codec SBC SINK
06-09 18:09:03.045 663 663 I a2dp_codec: system/bt/stack/a2dp/a2dp_codec_config.cc:113 createCodec: createCodec: codec AAC SINK
06-09 18:09:03.045 663 663 I a2dp_codec: system/bt/stack/a2dp/a2dp_codec_config.cc:113 createCodec: createCodec: codec LDAC SINK
06-09 18:09:03.056 663 663 E a2dp_vendor_ldac_decoder: system/bt/stack/a2dp/a2dp_vendor_ldac_decoder.cc:134 A2DP_VendorLoadDecoderLdac: A2DP_VendorLoadDecoderLdac: cannot open LDAC decoder library libldacBT_bco.so: dlopen failed: library "libldacBT_bco.so" not found
06-09 18:09:03.056 663 663 E a2dp_vendor_ldac: system/bt/stack/a2dp/a2dp_vendor_ldac.cc:1418 init: init: cannot load the decoder
06-09 18:09:03.056 663 663 I a2dp_codec: system/bt/stack/a2dp/a2dp_codec_config.cc:658 init: init: initialized Source codec LDAC
06-09 18:09:03.056 663 663 I a2dp_codec: system/bt/stack/a2dp/a2dp_codec_config.cc:658 init: init: initialized Source codec AAC
06-09 18:09:03.056 663 663 I a2dp_codec: system/bt/stack/a2dp/a2dp_codec_config.cc:658 init: init: initialized Source codec SBC
06-09 18:09:03.056 663 663 I a2dp_codec: system/bt/stack/a2dp/a2dp_codec_config.cc:665 init: init: initialized Sink codec AAC SINK
06-09 18:09:03.056 663 663 I a2dp_codec: system/bt/stack/a2dp/a2dp_codec_config.cc:665 init: init: initialized Sink codec SBC SINK
06-09 18:09:03.056 663 663 I a2dp_codec: system/bt/stack/a2dp/a2dp_codec_config.cc:569 init: init
06-09 18:09:03.056 663 663 I a2dp_codec: system/bt/stack/a2dp/a2dp_codec_config.cc:113 createCodec: createCodec: codec SBC
06-09 18:09:03.056 663 663 I a2dp_codec: system/bt/stack/a2dp/a2dp_codec_config.cc:633 init: init: updated SBC codec priority to 1001
06-09 18:09:03.056 663 663 I a2dp_codec: system/bt/stack/a2dp/a2dp_codec_config.cc:113 createCodec: createCodec: codec AAC
06-09 18:09:03.056 663 663 I a2dp_codec: system/bt/stack/a2dp/a2dp_codec_config.cc:633 init: init: updated AAC codec priority to 2001
06-09 18:09:03.056 663 663 I a2dp_codec: system/bt/stack/a2dp/a2dp_codec_config.cc:113 createCodec: createCodec: codec aptX
06-09 18:09:03.057 475 497 W StorageManagerService: Reporting emulated;0 unmounted due to system locked
06-09 18:09:03.058 663 663 E a2dp_vendor_aptx_encoder: system/bt/stack/a2dp/a2dp_vendor_aptx_encoder.cc:123 A2DP_VendorLoadEncoderAptx: A2DP_VendorLoadEncoderAptx: cannot open aptX encoder library libaptX_encoder.so: dlopen failed: library "libaptX_encoder.so" not found
06-09 18:09:03.058 663 663 E a2dp_vendor_aptx: system/bt/stack/a2dp/a2dp_vendor_aptx.cc:465 init: init: cannot load the encoder
06-09 18:09:03.058 663 663 I a2dp_codec: system/bt/stack/a2dp/a2dp_codec_config.cc:113 createCodec: createCodec: codec aptX-HD
06-09 18:09:03.060 475 956 W StorageManagerService: Reporting emulated;0 unmounted due to system locked
06-09 18:09:03.062 663 663 E a2dp_vendor_aptx_hd_encoder: system/bt/stack/a2dp/a2dp_vendor_aptx_hd_encoder.cc:123 A2DP_VendorLoadEncoderAptxHd: A2DP_VendorLoadEncoderAptxHd: cannot open aptX-HD encoder library libaptXHD_encoder.so: dlopen failed: library "libaptXHD_encoder.so" not found
06-09 18:09:03.067 475 492 I system_server: Background young concurrent copying GC freed 268458(8754KB) AllocSpace objects, 48(2984KB) LOS objects, 50% free, 10MB/21MB, paused 458us total 728.693ms
06-09 18:09:03.074 371 392 I adbd : jdwp connection from 1169
06-09 18:09:03.074 1027 1027 I MMKV : current API level = 31
06-09 18:09:03.075 1027 1027 I MMKV : version v1.2.8 page size:4096
06-09 18:09:03.075 663 663 E a2dp_vendor_aptx_hd: system/bt/stack/a2dp/a2dp_vendor_aptx_hd.cc:483 init: init: cannot load the encoder
06-09 18:09:03.075 663 663 I a2dp_codec: system/bt/stack/a2dp/a2dp_codec_config.cc:113 createCodec: createCodec: codec LDAC
06-09 18:09:03.075 663 663 I a2dp_codec: system/bt/stack/a2dp/a2dp_codec_config.cc:633 init: init: updated LDAC codec priority to 5001
06-09 18:09:03.075 663 663 I a2dp_codec: system/bt/stack/a2dp/a2dp_codec_config.cc:113 createCodec: createCodec: codec SBC SINK
06-09 18:09:03.075 663 663 I a2dp_codec: system/bt/stack/a2dp/a2dp_codec_config.cc:113 createCodec: createCodec: codec AAC SINK
06-09 18:09:03.075 663 663 I a2dp_codec: system/bt/stack/a2dp/a2dp_codec_config.cc:113 createCodec: createCodec: codec LDAC SINK
06-09 18:09:03.077 1027 1027 I MMKV : root dir: /data/user/0/com.dangbei.lerad.etna.haqu/files/mmkv
06-09 18:09:03.077 663 663 E a2dp_vendor_ldac_decoder: system/bt/stack/a2dp/a2dp_vendor_ldac_decoder.cc:134 A2DP_VendorLoadDecoderLdac: A2DP_VendorLoadDecoderLdac: cannot open LDAC decoder library libldacBT_bco.so: dlopen failed: library "libldacBT_bco.so" not found
06-09 18:09:03.077 663 663 E a2dp_vendor_ldac: system/bt/stack/a2dp/a2dp_vendor_ldac.cc:1418 init: init: cannot load the decoder
06-09 18:09:03.077 663 663 I a2dp_codec: system/bt/stack/a2dp/a2dp_codec_config.cc:658 init: init: initialized Source codec LDAC
06-09 18:09:03.077 663 663 I a2dp_codec: system/bt/stack/a2dp/a2dp_codec_config.cc:658 init: init: initialized Source codec AAC
06-09 18:09:03.077 663 663 I a2dp_codec: system/bt/stack/a2dp/a2dp_codec_config.cc:658 init: init: initialized Source codec SBC
06-09 18:09:03.077 663 663 I a2dp_codec: system/bt/stack/a2dp/a2dp_codec_config.cc:665 init: init: initialized Sink codec AAC SINK
06-09 18:09:03.077 663 663 I a2dp_codec: system/bt/stack/a2dp/a2dp_codec_config.cc:665 init: init: initialized Sink codec SBC SINK
06-09 18:09:03.077 663 663 I a2dp_codec: system/bt/stack/a2dp/a2dp_codec_config.cc:569 init: init
06-09 18:09:03.077 663 663 I a2dp_codec: system/bt/stack/a2dp/a2dp_codec_config.cc:113 createCodec: createCodec: codec SBC
06-09 18:09:03.077 663 663 I a2dp_codec: system/bt/stack/a2dp/a2dp_codec_config.cc:633 init: init: updated SBC codec priority to 1001
06-09 18:09:03.077 663 663 I a2dp_codec: system/bt/stack/a2dp/a2dp_codec_config.cc:113 createCodec: createCodec: codec AAC
06-09 18:09:03.080 475 956 W StorageManagerService: Reporting emulated;0 unmounted due to system locked
06-09 18:09:03.082 475 494 W System : A resource failed to call release.
06-09 18:09:03.082 475 494 W System : A resource failed to call release.
06-09 18:09:03.084 663 663 I a2dp_codec: system/bt/stack/a2dp/a2dp_codec_config.cc:633 init: init: updated AAC codec priority to 2001
06-09 18:09:03.084 663 663 I a2dp_codec: system/bt/stack/a2dp/a2dp_codec_config.cc:113 createCodec: createCodec: codec aptX
06-09 18:09:03.086 663 663 E a2dp_vendor_aptx_encoder: system/bt/stack/a2dp/a2dp_vendor_aptx_encoder.cc:123 A2DP_VendorLoadEncoderAptx: A2DP_VendorLoadEncoderAptx: cannot open aptX encoder library libaptX_encoder.so: dlopen failed: library "libaptX_encoder.so" not found
06-09 18:09:03.086 663 663 E a2dp_vendor_aptx: system/bt/stack/a2dp/a2dp_vendor_aptx.cc:465 init: init: cannot load the encoder
06-09 18:09:03.086 663 663 I a2dp_codec: system/bt/stack/a2dp/a2dp_codec_config.cc:113 createCodec: createCodec: codec aptX-HD
06-09 18:09:03.089 475 956 W StorageManagerService: Reporting emulated;0 unmounted due to system locked
06-09 18:09:03.090 663 663 E a2dp_vendor_aptx_hd_encoder: system/bt/stack/a2dp/a2dp_vendor_aptx_hd_encoder.cc:123 A2DP_VendorLoadEncoderAptxHd: A2DP_VendorLoadEncoderAptxHd: cannot open aptX-HD encoder library libaptXHD_encoder.so: dlopen failed: library "libaptXHD_encoder.so" not found
06-09 18:09:03.091 663 663 E a2dp_vendor_aptx_hd: system/bt/stack/a2dp/a2dp_vendor_aptx_hd.cc:483 init: init: cannot load the encoder
06-09 18:09:03.091 663 663 I a2dp_codec: system/bt/stack/a2dp/a2dp_codec_config.cc:113 createCodec: createCodec: codec LDAC
06-09 18:09:03.092 663 663 I a2dp_codec: system/bt/stack/a2dp/a2dp_codec_config.cc:633 init: init: updated LDAC codec priority to 5001
06-09 18:09:03.092 663 663 I a2dp_codec: system/bt/stack/a2dp/a2dp_codec_config.cc:113 createCodec: createCodec: codec SBC SINK
06-09 18:09:03.092 663 663 I a2dp_codec: system/bt/stack/a2dp/a2dp_codec_config.cc:113 createCodec: createCodec: codec AAC SINK
06-09 18:09:03.092 663 663 I a2dp_codec: system/bt/stack/a2dp/a2dp_codec_config.cc:113 createCodec: createCodec: codec LDAC SINK
06-09 18:09:03.094 663 663 E a2dp_vendor_ldac_decoder: system/bt/stack/a2dp/a2dp_vendor_ldac_decoder.cc:134 A2DP_VendorLoadDecoderLdac: A2DP_VendorLoadDecoderLdac: cannot open LDAC decoder library libldacBT_bco.so: dlopen failed: library "libldacBT_bco.so" not found
06-09 18:09:03.094 663 663 E a2dp_vendor_ldac: system/bt/stack/a2dp/a2dp_vendor_ldac.cc:1418 init: init: cannot load the decoder
06-09 18:09:03.094 663 663 I a2dp_codec: system/bt/stack/a2dp/a2dp_codec_config.cc:658 init: init: initialized Source codec LDAC
06-09 18:09:03.094 663 663 I a2dp_codec: system/bt/stack/a2dp/a2dp_codec_config.cc:658 init: init: initialized Source codec AAC
06-09 18:09:03.094 663 663 I a2dp_codec: system/bt/stack/a2dp/a2dp_codec_config.cc:658 init: init: initialized Source codec SBC
06-09 18:09:03.094 663 663 I a2dp_codec: system/bt/stack/a2dp/a2dp_codec_config.cc:665 init: init: initialized Sink codec AAC SINK
06-09 18:09:03.094 663 663 I a2dp_codec: system/bt/stack/a2dp/a2dp_codec_config.cc:665 init: init: initialized Sink codec SBC SINK
06-09 18:09:03.094 663 663 I a2dp_codec: system/bt/stack/a2dp/a2dp_codec_config.cc:569 init: init
06-09 18:09:03.094 663 663 I a2dp_codec: system/bt/stack/a2dp/a2dp_codec_config.cc:113 createCodec: createCodec: codec SBC
06-09 18:09:03.094 663 663 I a2dp_codec: system/bt/stack/a2dp/a2dp_codec_config.cc:633 init: init: updated SBC codec priority to 1001
06-09 18:09:03.094 663 663 I a2dp_codec: system/bt/stack/a2dp/a2dp_codec_config.cc:113 createCodec: createCodec: codec AAC
06-09 18:09:03.094 663 663 I a2dp_codec: system/bt/stack/a2dp/a2dp_codec_config.cc:633 init: init: updated AAC codec priority to 2001
06-09 18:09:03.094 663 663 I a2dp_codec: system/bt/stack/a2dp/a2dp_codec_config.cc:113 createCodec: createCodec: codec aptX
06-09 18:09:03.096 663 663 E a2dp_vendor_aptx_encoder: system/bt/stack/a2dp/a2dp_vendor_aptx_encoder.cc:123 A2DP_VendorLoadEncoderAptx: A2DP_VendorLoadEncoderAptx: cannot open aptX encoder library libaptX_encoder.so: dlopen failed: library "libaptX_encoder.so" not found
06-09 18:09:03.096 663 663 E a2dp_vendor_aptx: system/bt/stack/a2dp/a2dp_vendor_aptx.cc:465 init: init: cannot load the encoder
06-09 18:09:03.096 663 663 I a2dp_codec: system/bt/stack/a2dp/a2dp_codec_config.cc:113 createCodec: createCodec: codec aptX-HD
06-09 18:09:03.099 663 663 E a2dp_vendor_aptx_hd_encoder: system/bt/stack/a2dp/a2dp_vendor_aptx_hd_encoder.cc:123 A2DP_VendorLoadEncoderAptxHd: A2DP_VendorLoadEncoderAptxHd: cannot open aptX-HD encoder library libaptXHD_encoder.so: dlopen failed: library "libaptXHD_encoder.so" not found
06-09 18:09:03.099 663 663 E a2dp_vendor_aptx_hd: system/bt/stack/a2dp/a2dp_vendor_aptx_hd.cc:483 init: init: cannot load the encoder
06-09 18:09:03.099 663 663 I a2dp_codec: system/bt/stack/a2dp/a2dp_codec_config.cc:113 createCodec: createCodec: codec LDAC
06-09 18:09:03.099 663 663 I a2dp_codec: system/bt/stack/a2dp/a2dp_codec_config.cc:633 init: init: updated LDAC codec priority to 5001
06-09 18:09:03.099 663 663 I a2dp_codec: system/bt/stack/a2dp/a2dp_codec_config.cc:113 createCodec: createCodec: codec SBC SINK
06-09 18:09:03.099 663 663 I a2dp_codec: system/bt/stack/a2dp/a2dp_codec_config.cc:113 createCodec: createCodec: codec AAC SINK
06-09 18:09:03.099 663 663 I a2dp_codec: system/bt/stack/a2dp/a2dp_codec_config.cc:113 createCodec: createCodec: codec LDAC SINK
06-09 18:09:03.103 663 663 E a2dp_vendor_ldac_decoder: system/bt/stack/a2dp/a2dp_vendor_ldac_decoder.cc:134 A2DP_VendorLoadDecoderLdac: A2DP_VendorLoadDecoderLdac: cannot open LDAC decoder library libldacBT_bco.so: dlopen failed: library "libldacBT_bco.so" not found
06-09 18:09:03.103 663 663 E a2dp_vendor_ldac: system/bt/stack/a2dp/a2dp_vendor_ldac.cc:1418 init: init: cannot load the decoder
06-09 18:09:03.103 663 663 I a2dp_codec: system/bt/stack/a2dp/a2dp_codec_config.cc:658 init: init: initialized Source codec LDAC
06-09 18:09:03.103 663 663 I a2dp_codec: system/bt/stack/a2dp/a2dp_codec_config.cc:658 init: init: initialized Source codec AAC
06-09 18:09:03.103 663 663 I a2dp_codec: system/bt/stack/a2dp/a2dp_codec_config.cc:658 init: init: initialized Source codec SBC
06-09 18:09:03.103 663 663 I a2dp_codec: system/bt/stack/a2dp/a2dp_codec_config.cc:665 init: init: initialized Sink codec AAC SINK
06-09 18:09:03.103 663 663 I a2dp_codec: system/bt/stack/a2dp/a2dp_codec_config.cc:665 init: init: initialized Sink codec SBC SINK
06-09 18:09:03.103 663 663 I a2dp_codec: system/bt/stack/a2dp/a2dp_codec_config.cc:569 init: init
06-09 18:09:03.103 663 663 I a2dp_codec: system/bt/stack/a2dp/a2dp_codec_config.cc:113 createCodec: createCodec: codec SBC
06-09 18:09:03.103 663 663 I a2dp_codec: system/bt/stack/a2dp/a2dp_codec_config.cc:633 init: init: updated SBC codec priority to 1001
06-09 18:09:03.103 663 663 I a2dp_codec: system/bt/stack/a2dp/a2dp_codec_config.cc:113 createCodec: createCodec: codec AAC
06-09 18:09:03.103 663 663 I a2dp_codec: system/bt/stack/a2dp/a2dp_codec_config.cc:633 init: init: updated AAC codec priority to 2001
06-09 18:09:03.103 663 663 I a2dp_codec: system/bt/stack/a2dp/a2dp_codec_config.cc:113 createCodec: createCodec: codec aptX
06-09 18:09:03.105 663 663 E a2dp_vendor_aptx_encoder: system/bt/stack/a2dp/a2dp_vendor_aptx_encoder.cc:123 A2DP_VendorLoadEncoderAptx: A2DP_VendorLoadEncoderAptx: cannot open aptX encoder library libaptX_encoder.so: dlopen failed: library "libaptX_encoder.so" not found
06-09 18:09:03.105 663 663 E a2dp_vendor_aptx: system/bt/stack/a2dp/a2dp_vendor_aptx.cc:465 init: init: cannot load the encoder
06-09 18:09:03.105 663 663 I a2dp_codec: system/bt/stack/a2dp/a2dp_codec_config.cc:113 createCodec: createCodec: codec aptX-HD
06-09 18:09:03.106 663 663 E a2dp_vendor_aptx_hd_encoder: system/bt/stack/a2dp/a2dp_vendor_aptx_hd_encoder.cc:123 A2DP_VendorLoadEncoderAptxHd: A2DP_VendorLoadEncoderAptxHd: cannot open aptX-HD encoder library libaptXHD_encoder.so: dlopen failed: library "libaptXHD_encoder.so" not found
06-09 18:09:03.106 663 663 E a2dp_vendor_aptx_hd: system/bt/stack/a2dp/a2dp_vendor_aptx_hd.cc:483 init: init: cannot load the encoder
06-09 18:09:03.106 663 663 I a2dp_codec: system/bt/stack/a2dp/a2dp_codec_config.cc:113 createCodec: createCodec: codec LDAC
06-09 18:09:03.106 663 663 I a2dp_codec: system/bt/stack/a2dp/a2dp_codec_config.cc:633 init: init: updated LDAC codec priority to 5001
06-09 18:09:03.106 663 663 I a2dp_codec: system/bt/stack/a2dp/a2dp_codec_config.cc:113 createCodec: createCodec: codec SBC SINK
06-09 18:09:03.106 663 663 I a2dp_codec: system/bt/stack/a2dp/a2dp_codec_config.cc:113 createCodec: createCodec: codec AAC SINK
06-09 18:09:03.107 663 663 I a2dp_codec: system/bt/stack/a2dp/a2dp_codec_config.cc:113 createCodec: createCodec: codec LDAC SINK
06-09 18:09:03.107 663 663 E a2dp_vendor_ldac_decoder: system/bt/stack/a2dp/a2dp_vendor_ldac_decoder.cc:134 A2DP_VendorLoadDecoderLdac: A2DP_VendorLoadDecoderLdac: cannot open LDAC decoder library libldacBT_bco.so: dlopen failed: library "libldacBT_bco.so" not found
06-09 18:09:03.107 663 663 E a2dp_vendor_ldac: system/bt/stack/a2dp/a2dp_vendor_ldac.cc:1418 init: init: cannot load the decoder
06-09 18:09:03.107 663 663 I a2dp_codec: system/bt/stack/a2dp/a2dp_codec_config.cc:658 init: init: initialized Source codec LDAC
06-09 18:09:03.107 663 663 I a2dp_codec: system/bt/stack/a2dp/a2dp_codec_config.cc:658 init: init: initialized Source codec AAC
06-09 18:09:03.108 663 663 I a2dp_codec: system/bt/stack/a2dp/a2dp_codec_config.cc:658 init: init: initialized Source codec SBC
06-09 18:09:03.108 663 663 I a2dp_codec: system/bt/stack/a2dp/a2dp_codec_config.cc:665 init: init: initialized Sink codec AAC SINK
06-09 18:09:03.108 663 663 I a2dp_codec: system/bt/stack/a2dp/a2dp_codec_config.cc:665 init: init: initialized Sink codec SBC SINK
06-09 18:09:03.108 663 663 I a2dp_codec: system/bt/stack/a2dp/a2dp_codec_config.cc:569 init: init
06-09 18:09:03.108 663 663 I a2dp_codec: system/bt/stack/a2dp/a2dp_codec_config.cc:113 createCodec: createCodec: codec SBC
06-09 18:09:03.108 663 663 I a2dp_codec: system/bt/stack/a2dp/a2dp_codec_config.cc:633 init: init: updated SBC codec priority to 1001
06-09 18:09:03.108 663 663 I a2dp_codec: system/bt/stack/a2dp/a2dp_codec_config.cc:113 createCodec: createCodec: codec AAC
06-09 18:09:03.108 663 663 I a2dp_codec: system/bt/stack/a2dp/a2dp_codec_config.cc:633 init: init: updated AAC codec priority to 2001
06-09 18:09:03.108 663 663 I a2dp_codec: system/bt/stack/a2dp/a2dp_codec_config.cc:113 createCodec: createCodec: codec aptX
06-09 18:09:03.109 663 663 E a2dp_vendor_aptx_encoder: system/bt/stack/a2dp/a2dp_vendor_aptx_encoder.cc:123 A2DP_VendorLoadEncoderAptx: A2DP_VendorLoadEncoderAptx: cannot open aptX encoder library libaptX_encoder.so: dlopen failed: library "libaptX_encoder.so" not found
06-09 18:09:03.109 663 663 E a2dp_vendor_aptx: system/bt/stack/a2dp/a2dp_vendor_aptx.cc:465 init: init: cannot load the encoder
06-09 18:09:03.109 663 663 I a2dp_codec: system/bt/stack/a2dp/a2dp_codec_config.cc:113 createCodec: createCodec: codec aptX-HD
06-09 18:09:03.109 663 663 E a2dp_vendor_aptx_hd_encoder: system/bt/stack/a2dp/a2dp_vendor_aptx_hd_encoder.cc:123 A2DP_VendorLoadEncoderAptxHd: A2DP_VendorLoadEncoderAptxHd: cannot open aptX-HD encoder library libaptXHD_encoder.so: dlopen failed: library "libaptXHD_encoder.so" not found
06-09 18:09:03.109 663 663 E a2dp_vendor_aptx_hd: system/bt/stack/a2dp/a2dp_vendor_aptx_hd.cc:483 init: init: cannot load the encoder
06-09 18:09:03.110 663 663 I a2dp_codec: system/bt/stack/a2dp/a2dp_codec_config.cc:113 createCodec: createCodec: codec LDAC
06-09 18:09:03.110 663 663 I a2dp_codec: system/bt/stack/a2dp/a2dp_codec_config.cc:633 init: init: updated LDAC codec priority to 5001
06-09 18:09:03.110 663 663 I a2dp_codec: system/bt/stack/a2dp/a2dp_codec_config.cc:113 createCodec: createCodec: codec SBC SINK
06-09 18:09:03.110 663 663 I a2dp_codec: system/bt/stack/a2dp/a2dp_codec_config.cc:113 createCodec: createCodec: codec AAC SINK
06-09 18:09:03.110 663 663 I a2dp_codec: system/bt/stack/a2dp/a2dp_codec_config.cc:113 createCodec: createCodec: codec LDAC SINK
06-09 18:09:03.110 663 663 E a2dp_vendor_ldac_decoder: system/bt/stack/a2dp/a2dp_vendor_ldac_decoder.cc:134 A2DP_VendorLoadDecoderLdac: A2DP_VendorLoadDecoderLdac: cannot open LDAC decoder library libldacBT_bco.so: dlopen failed: library "libldacBT_bco.so" not found
06-09 18:09:03.110 663 663 E a2dp_vendor_ldac: system/bt/stack/a2dp/a2dp_vendor_ldac.cc:1418 init: init: cannot load the decoder
06-09 18:09:03.110 663 663 I a2dp_codec: system/bt/stack/a2dp/a2dp_codec_config.cc:658 init: init: initialized Source codec LDAC
06-09 18:09:03.110 663 663 I a2dp_codec: system/bt/stack/a2dp/a2dp_codec_config.cc:658 init: init: initialized Source codec AAC
06-09 18:09:03.110 663 663 I a2dp_codec: system/bt/stack/a2dp/a2dp_codec_config.cc:658 init: init: initialized Source codec SBC
06-09 18:09:03.110 663 663 I a2dp_codec: system/bt/stack/a2dp/a2dp_codec_config.cc:665 init: init: initialized Sink codec AAC SINK
06-09 18:09:03.110 663 663 I a2dp_codec: system/bt/stack/a2dp/a2dp_codec_config.cc:665 init: init: initialized Sink codec SBC SINK
06-09 18:09:03.110 663 663 I bt_btif_a2dp_source: system/bt/btif/src/btif_a2dp_source.cc:325 btif_a2dp_source_init: btif_a2dp_source_init
06-09 18:09:03.111 663 1192 I bt_stack: [INFO:message_loop_thread.cc(224)] Run: message loop starting for thread bt_a2dp_source_worker_thread
06-09 18:09:03.111 663 663 I bt_btif_storage: system/bt/btif/src/btif_storage.cc:661 btif_storage_get_adapter_property: btif_storage_get_adapter_property service_mask:0x20000048
06-09 18:09:03.111 663 974 I bt_bta_av: system/bt/bta/av/bta_av_main.cc:418 bta_av_api_register: bta_av_api_register: AVRCP version used for sdp: "avrcp15"
06-09 18:09:03.111 663 974 I bt_l2cap: system/bt/stack/l2cap/l2c_api.cc:134 L2CA_Register: L2CAP Registered service classic PSM: 0x0019
06-09 18:09:03.111 663 974 I bt_l2cap: system/bt/stack/l2cap/l2c_api.cc:134 L2CA_Register: L2CAP Registered service classic PSM: 0x0017
06-09 18:09:03.111 663 974 I bt_l2cap: system/bt/stack/l2cap/l2c_api.cc:134 L2CA_Register: L2CAP Registered service classic PSM: 0x001b
06-09 18:09:03.112 663 974 I bt_bta_dm: system/bt/bta/dm/bta_dm_act.cc:3191 bta_dm_eir_update_uuid: EIR Adding UUID=0x110A into extended inquiry response
06-09 18:09:03.112 663 663 D A2dpService: A2DP offload flag set to false
06-09 18:09:03.112 663 974 I bt_bta_dm: system/bt/bta/dm/bta_dm_act.cc:2890 bta_dm_set_eir: Generating extended inquiry response packet EIR
06-09 18:09:03.112 663 974 I bt_bta_av: system/bt/bta/av/bta_av_act.cc:304 bta_av_rc_create: Skipping RC creation for the old AVRCP profile
06-09 18:09:03.112 663 974 I bt_bta_dm: system/bt/bta/dm/bta_dm_act.cc:3191 bta_dm_eir_update_uuid: EIR Adding UUID=0x110E into extended inquiry response
06-09 18:09:03.112 663 974 I bt_bta_dm: system/bt/bta/dm/bta_dm_act.cc:2890 bta_dm_set_eir: Generating extended inquiry response packet EIR
06-09 18:09:03.112 663 974 I bt_bta_av: system/bt/bta/av/bta_av_main.cc:418 bta_av_api_register: bta_av_api_register: AVRCP version used for sdp: "avrcp15"
06-09 18:09:03.112 663 974 I bt_bta_av: system/bt/bta/av/bta_av_main.cc:418 bta_av_api_register: bta_av_api_register: AVRCP version used for sdp: "avrcp15"
06-09 18:09:03.112 663 974 I bt_bta_av: system/bt/bta/av/bta_av_main.cc:418 bta_av_api_register: bta_av_api_register: AVRCP version used for sdp: "avrcp15"
06-09 18:09:03.112 663 974 I bt_bta_av: system/bt/bta/av/bta_av_main.cc:418 bta_av_api_register: bta_av_api_register: AVRCP version used for sdp: "avrcp15"
06-09 18:09:03.112 663 974 I bt_bta_av: system/bt/bta/av/bta_av_main.cc:418 bta_av_api_register: bta_av_api_register: AVRCP version used for sdp: "avrcp15"
06-09 18:09:03.113 663 1192 I bt_btif_a2dp_source: system/bt/btif/src/btif_a2dp_source.cc:335 btif_a2dp_source_init_delayed: btif_a2dp_source_init_delayed
06-09 18:09:03.123 663 663 D A2dpService: setA2dpService(): set to: com.android.bluetooth.a2dp.A2dpService@6e17a1f
06-09 18:09:03.131 663 663 I BluetoothHidHostServiceJni: classInitNative: succeeds
06-09 18:09:03.139 669 669 D BluetoothHidHost: Proxy object connected
06-09 18:09:03.140 475 497 D CompatibilityChangeReporter: Compat change id reported: 168419799; UID 1000; state: DISABLED
06-09 18:09:03.156 663 663 I bt_btif : system/bt/btif/src/bluetooth.cc:417 get_profile_interface: get_profile_interface: id = hidhost
06-09 18:09:03.156 663 663 I bt_btif_storage: system/bt/btif/src/btif_storage.cc:661 btif_storage_get_adapter_property: btif_storage_get_adapter_property service_mask:0x20100048
06-09 18:09:03.156 663 974 I bt_l2cap: system/bt/stack/l2cap/l2c_api.cc:134 L2CA_Register: L2CAP Registered service classic PSM: 0x0011
06-09 18:09:03.156 663 974 I bt_l2cap: system/bt/stack/l2cap/l2c_api.cc:134 L2CA_Register: L2CAP Registered service classic PSM: 0x0013
06-09 18:09:03.156 663 974 I bluetooth: system/bt/stack/gatt/gatt_api.cc:1019 GATT_Register: Allocated name:GattClient uuid:c16f80aa-523f-9e2b-32c1-8c457ef4592a gatt_if:4 eatt_support:0
06-09 18:09:03.157 663 813 W bt_stack: [WARNING:btif_hh.cc(403)] Added device e4:bb:d3:57:c0:18
06-09 18:09:03.157 663 813 W bt_btif : system/bt/main/bte_logmsg.cc:194 LogMsg: BTA_HH_ADD_DEV_EVT: status = 0, handle = 16
06-09 18:09:03.158 663 663 I BluetoothPanServiceJni: classInitNative(L110): succeeds
06-09 18:09:03.176 663 663 D BluetoothPanServiceJni: initializeNative(L115): pan
06-09 18:09:03.176 663 663 I bt_btif : system/bt/btif/src/bluetooth.cc:417 get_profile_interface: get_profile_interface: id = pan
06-09 18:09:03.176 663 974 I bt_l2cap: system/bt/stack/l2cap/l2c_api.cc:134 L2CA_Register: L2CAP Registered service classic PSM: 0x000f
06-09 18:09:03.177 663 974 I bt_bta_dm: system/bt/bta/dm/bta_dm_act.cc:3191 bta_dm_eir_update_uuid: EIR Adding UUID=0x1116 into extended inquiry response
06-09 18:09:03.177 663 974 I bt_bta_dm: system/bt/bta/dm/bta_dm_act.cc:2890 bta_dm_set_eir: Generating extended inquiry response packet EIR
06-09 18:09:03.177 663 974 I bt_bta_dm: system/bt/bta/dm/bta_dm_act.cc:3191 bta_dm_eir_update_uuid: EIR Adding UUID=0x1115 into extended inquiry response
06-09 18:09:03.177 663 974 I bt_bta_dm: system/bt/bta/dm/bta_dm_act.cc:2890 bta_dm_set_eir: Generating extended inquiry response packet EIR
06-09 18:09:03.177 663 974 I bt_bta_dm: system/bt/bta/dm/bta_dm_act.cc:3191 bta_dm_eir_update_uuid: EIR Adding UUID=0x1116 into extended inquiry response
06-09 18:09:03.177 663 974 I bt_bta_dm: system/bt/bta/dm/bta_dm_act.cc:2890 bta_dm_set_eir: Generating extended inquiry response packet EIR
06-09 18:09:03.177 663 974 I bt_bta_dm: system/bt/bta/dm/bta_dm_act.cc:3191 bta_dm_eir_update_uuid: EIR Adding UUID=0x1115 into extended inquiry response
06-09 18:09:03.177 663 974 I bt_bta_dm: system/bt/bta/dm/bta_dm_act.cc:2890 bta_dm_set_eir: Generating extended inquiry response packet EIR
06-09 18:09:03.179 663 813 D BluetoothPanServiceJni: control_state_callback(L62): state:0, local_role:3, ifname:bt-pan
06-09 18:09:03.180 669 669 D BluetoothPan: Proxy object connected
06-09 18:09:03.191 669 669 D BluetoothMap: Proxy object connected
06-09 18:09:03.193 669 669 D BluetoothMap: getConnectedDevices()
06-09 18:09:03.208 1169 1169 D CompatibilityChangeReporter: Compat change id reported: 171979766; UID 1000; state: ENABLED
06-09 18:09:03.210 663 663 I AvrcpTargetService: User unlocked, initializing the service
06-09 18:09:03.210 663 663 I AvrcpTargetService: Starting the AVRCP Target Service
06-09 18:09:03.219 663 663 V MediaPlayerList: Creating MediaPlayerList
06-09 18:09:03.230 475 956 D MediaSessionService: The MediaKeyEventSessionChangedListener (android.os.BinderProxy@80acb97) is added by com.android.bluetooth
06-09 18:09:03.232 663 663 I AvrcpTargetJni: classInitNative: AvrcpTargetJni initialized!
06-09 18:09:03.232 663 663 D AvrcpNativeInterface: Init AvrcpNativeInterface
06-09 18:09:03.232 663 663 D AvrcpTargetJni: initNative
06-09 18:09:03.233 663 974 I bt_stack: [INFO:avrcp_service.cc(287)] AVRCP Target Service started
06-09 18:09:03.233 663 974 I bt_bta_dm: system/bt/bta/dm/bta_dm_act.cc:3191 bta_dm_eir_update_uuid: EIR Adding UUID=0x110C into extended inquiry response
06-09 18:09:03.233 663 974 I bt_bta_dm: system/bt/bta/dm/bta_dm_act.cc:2890 bta_dm_set_eir: Generating extended inquiry response packet EIR
06-09 18:09:03.233 663 974 I bt_stack: [INFO:connection_handler.cc(197)] Connect to device ff:ff:ff:ff:ff:ff
06-09 18:09:03.233 663 974 I bt_stack: [INFO:connection_handler.cc(219)] virtual bool bluetooth::avrcp::ConnectionHandler::AvrcpConnect(bool, const RawAddress &): handle=0000 status= 000000
06-09 18:09:03.250 1174 1174 I capability: warning: `wpa_supplicant' uses 32-bit capabilities (legacy support in use)
06-09 18:09:03.250 1174 1174 D wpa_supplicant: wpa_supplicant v2.10-devel-12
06-09 18:09:03.252 1174 1174 D wpa_supplicant: Global control interface '@android:wpa_wlan0'
06-09 18:09:03.252 1174 1174 D wpa_supplicant: Using Android control socket 'wpa_wlan0'
06-09 18:09:03.252 1174 1174 D wpa_supplicant: Initing hidl control
06-09 18:09:03.253 1174 1174 I wpa_supplicant: Processing hidl events on FD 4
06-09 18:09:03.253 1174 1174 E cutils-trace: Error opening trace file: No such file or directory (2)
06-09 18:09:03.256 663 663 V MediaPlayerList: Initializing MediaPlayerList
06-09 18:09:03.259 1174 1174 I HidlServiceManagement: Registered android.hardware.wifi.supplicant@1.4::ISupplicant/default
06-09 18:09:03.260 1174 1174 I wpa_supplicant: Successfully initialized wpa_supplicant
06-09 18:09:03.263 663 663 I AvrcpBrowsedPlayerWrapper: Wrapping Media Browser com.android.music
06-09 18:09:03.269 663 663 E AvrcpTargetService: Please use AVRCP version 1.6 to enable cover art
06-09 18:09:03.271 1089 1089 I FrameWorkHelper: userHttps:
06-09 18:09:03.273 475 808 I android_os_HwBinder: HwBinder: Starting thread pool for getting: android.hardware.wifi.supplicant@1.0::ISupplicant/default
06-09 18:09:03.278 475 808 I SupplicantStaIfaceHal: Completed initialization of ISupplicant.
06-09 18:09:03.283 663 663 V BluetoothHidDeviceServiceJni: classInitNative: done
06-09 18:09:03.283 663 663 V BluetoothHidDeviceServiceJni: initNative enter
06-09 18:09:03.283 669 669 D BluetoothHidDevice: Proxy object connected
06-09 18:09:03.283 663 663 I bt_btif : system/bt/btif/src/bluetooth.cc:417 get_profile_interface: get_profile_interface: id = hiddev
06-09 18:09:03.283 663 663 I bt_btif_storage: system/bt/btif/src/btif_storage.cc:661 btif_storage_get_adapter_property: btif_storage_get_adapter_property service_mask:0x60100048
06-09 18:09:03.283 663 663 V BluetoothHidDeviceServiceJni: initNative done
06-09 18:09:03.284 663 678 W BluetoothUtils: BluetoothHidDeviceBinder - Not available
06-09 18:09:03.302 663 663 D BtOppService: setBluetoothOppService(): set to: com.android.bluetooth.opp.BluetoothOppService@c27b7d2
06-09 18:09:03.305 1027 1027 E ccc : cccccc ota-path is cache/recovery/
06-09 18:09:03.307 475 498 W StorageManagerService: Reporting emulated;0 unmounted due to system locked
06-09 18:09:03.310 475 607 E SupplicantStaIfaceHal: Can't call setupIface, ISupplicantStaIface is null for iface=wlan0
06-09 18:09:03.317 1027 1027 W ContextImpl: Calling a method in the system process without a qualified user: android.app.ContextImpl.startService:1816 android.content.ContextWrapper.startService:774 com.dangbei.lerad.etna.core.EtnaManager.startService:64 com.dangbei.lerad.etna.core.EtnaManager.init:39 com.dangbei.lerad.etna.haqu.EtnaApplication.init:87
06-09 18:09:03.321 663 663 I BluetoothPbapService: setCurrentUser(0)
06-09 18:09:03.322 663 663 I BluetoothPbapService: setUserUnlocked(0)
06-09 18:09:03.322 663 663 I BluetoothPbapService: setUserUnlocked(0)
06-09 18:09:03.327 475 607 I android_os_HwBinder: HwBinder: Starting thread pool for getting: android.hardware.wifi.supplicant@1.0::ISupplicant/default
06-09 18:09:03.336 1027 1027 W ContextImpl: Calling a method in the system process without a qualified user: android.app.ContextImpl.startService:1816 android.content.ContextWrapper.startService:774 com.dangbei.andes.CoreService$Companion.start:29 com.dangbei.lerad.etna.haqu.EtnaApplication.init:88 com.dangbei.lerad.etna.haqu.EtnaApplication.onCreate:59
06-09 18:09:03.340 1174 1174 D wpa_supplicant: Override interface parameter: ctrl_interface ('(null)' -> '/data/vendor/wifi/wpa/sockets')
06-09 18:09:03.340 1174 1174 D wpa_supplicant: Initializing interface 'wlan0' conf '/data/vendor/wifi/wpa/wpa_supplicant.conf' driver 'nl80211' ctrl_interface '/data/vendor/wifi/wpa/sockets' bridge 'N/A'
06-09 18:09:03.340 1174 1174 D wpa_supplicant: Configuration file '/data/vendor/wifi/wpa/wpa_supplicant.conf' -> '/data/vendor/wifi/wpa/wpa_supplicant.conf'
06-09 18:09:03.340 1174 1174 D wpa_supplicant: Reading configuration file '/data/vendor/wifi/wpa/wpa_supplicant.conf'
06-09 18:09:03.340 1174 1174 D wpa_supplicant: update_config=1
06-09 18:09:03.340 1174 1174 D wpa_supplicant: eapol_version=1
06-09 18:09:03.340 1174 1174 D wpa_supplicant: ap_scan=1
06-09 18:09:03.340 1174 1174 D wpa_supplicant: fast_reauth=1
06-09 18:09:03.340 1174 1174 D wpa_supplicant: pmf=1
06-09 18:09:03.340 1174 1174 D wpa_supplicant: p2p_add_cli_chan=1
06-09 18:09:03.340 1174 1174 D wpa_supplicant: oce=1
06-09 18:09:03.340 1174 1174 D wpa_supplicant: sae_pwe=2
06-09 18:09:03.340 1174 1174 D wpa_supplicant: Reading configuration file '/vendor/etc/wifi/wpa_supplicant_overlay.conf'
06-09 18:09:03.341 1174 1174 D wpa_supplicant: disable_scan_offload=1
06-09 18:09:03.341 1174 1174 D wpa_supplicant: wowlan_triggers='any'
06-09 18:09:03.341 1174 1174 D wpa_supplicant: p2p_disabled=0
06-09 18:09:03.341 1174 1174 D wpa_supplicant: filter_rssi=-75
06-09 18:09:03.341 1174 1174 D wpa_supplicant: no_ctrl_interface -> ctrl_interface=NULL
06-09 18:09:03.346 1174 1174 D wpa_supplicant: nl80211: Supported cipher 00-0f-ac:1
06-09 18:09:03.346 1174 1174 D wpa_supplicant: nl80211: Supported cipher 00-0f-ac:5
06-09 18:09:03.346 1174 1174 D wpa_supplicant: nl80211: Supported cipher 00-0f-ac:2
06-09 18:09:03.346 1174 1174 D wpa_supplicant: nl80211: Supported cipher 00-0f-ac:4
06-09 18:09:03.346 1174 1174 D wpa_supplicant: nl80211: Supported cipher 00-14-72:1
06-09 18:09:03.346 1174 1174 D wpa_supplicant: nl80211: Supported cipher 00-0f-ac:6
06-09 18:09:03.347 1174 1174 D wpa_supplicant: nl80211: Supported cipher 00-0f-ac:255
06-09 18:09:03.348 1174 1174 D wpa_supplicant: nl80211: Supported vendor command: vendor_id=0x1374 subcmd=9
06-09 18:09:03.348 1174 1174 D wpa_supplicant: nl80211: Supported vendor command: vendor_id=0x1374 subcmd=12
06-09 18:09:03.348 1174 1174 D wpa_supplicant: nl80211: Supported vendor command: vendor_id=0x1374 subcmd=14
06-09 18:09:03.348 1174 1174 D wpa_supplicant: nl80211: Supported vendor command: vendor_id=0x1374 subcmd=15
06-09 18:09:03.348 1174 1174 D wpa_supplicant: nl80211: Supported vendor command: vendor_id=0x1374 subcmd=16
06-09 18:09:03.348 1174 1174 D wpa_supplicant: nl80211: Supported vendor command: vendor_id=0x1374 subcmd=20
06-09 18:09:03.348 1174 1174 D wpa_supplicant: nl80211: Supported vendor command: vendor_id=0x1a11 subcmd=6
06-09 18:09:03.348 1174 1174 D wpa_supplicant: nl80211: Supported vendor command: vendor_id=0x1374 subcmd=21
06-09 18:09:03.348 1174 1174 D wpa_supplicant: nl80211: Supported vendor command: vendor_id=0x1374 subcmd=22
06-09 18:09:03.348 1174 1174 D wpa_supplicant: nl80211: Supported vendor command: vendor_id=0x1374 subcmd=23
06-09 18:09:03.348 1174 1174 D wpa_supplicant: nl80211: Supported vendor command: vendor_id=0x1374 subcmd=24
06-09 18:09:03.348 1174 1174 D wpa_supplicant: nl80211: Supported vendor command: vendor_id=0x1374 subcmd=29
06-09 18:09:03.348 1174 1174 D wpa_supplicant: nl80211: Supported vendor command: vendor_id=0x1374 subcmd=30
06-09 18:09:03.348 1174 1174 D wpa_supplicant: nl80211: Supported vendor command: vendor_id=0x1374 subcmd=32
06-09 18:09:03.348 1174 1174 D wpa_supplicant: nl80211: Supported vendor command: vendor_id=0x1374 subcmd=33
06-09 18:09:03.348 1174 1174 D wpa_supplicant: nl80211: Supported vendor command: vendor_id=0x1374 subcmd=38
06-09 18:09:03.348 1174 1174 D wpa_supplicant: nl80211: Supported vendor command: vendor_id=0x1374 subcmd=39
06-09 18:09:03.348 1174 1174 D wpa_supplicant: nl80211: Supported vendor command: vendor_id=0x1374 subcmd=42
06-09 18:09:03.348 1174 1174 D wpa_supplicant: nl80211: Supported vendor command: vendor_id=0x1374 subcmd=55
06-09 18:09:03.348 1174 1174 D wpa_supplicant: nl80211: Supported vendor command: vendor_id=0x1374 subcmd=61
06-09 18:09:03.348 1174 1174 D wpa_supplicant: nl80211: Supported vendor command: vendor_id=0x1374 subcmd=62
06-09 18:09:03.348 1174 1174 D wpa_supplicant: nl80211: Supported vendor command: vendor_id=0x1374 subcmd=63
06-09 18:09:03.348 1174 1174 D wpa_supplicant: nl80211: Supported vendor command: vendor_id=0x1374 subcmd=64
06-09 18:09:03.348 1174 1174 D wpa_supplicant: nl80211: Supported vendor command: vendor_id=0x1374 subcmd=65
06-09 18:09:03.348 1174 1174 D wpa_supplicant: nl80211: Supported vendor command: vendor_id=0x1374 subcmd=66
06-09 18:09:03.348 1174 1174 D wpa_supplicant: nl80211: Supported vendor command: vendor_id=0x1374 subcmd=69
06-09 18:09:03.348 1174 1174 D wpa_supplicant: nl80211: Supported vendor command: vendor_id=0x1374 subcmd=70
06-09 18:09:03.348 1174 1174 D wpa_supplicant: nl80211: Supported vendor command: vendor_id=0x1374 subcmd=71
06-09 18:09:03.348 1174 1174 D wpa_supplicant: nl80211: Supported vendor command: vendor_id=0x1374 subcmd=76
06-09 18:09:03.348 1174 1174 D wpa_supplicant: nl80211: Supported vendor command: vendor_id=0x1374 subcmd=77
06-09 18:09:03.348 1174 1174 D wpa_supplicant: nl80211: Supported vendor command: vendor_id=0x1374 subcmd=79
06-09 18:09:03.348 1174 1174 D wpa_supplicant: nl80211: Supported vendor command: vendor_id=0x1374 subcmd=80
06-09 18:09:03.348 1174 1174 D wpa_supplicant: nl80211: Supported vendor command: vendor_id=0x1374 subcmd=82
06-09 18:09:03.348 1174 1174 D wpa_supplicant: nl80211: Supported vendor command: vendor_id=0x1374 subcmd=85
06-09 18:09:03.348 1174 1174 D wpa_supplicant: nl80211: Supported vendor command: vendor_id=0x1374 subcmd=146
06-09 18:09:03.348 1174 1174 D wpa_supplicant: nl80211: Supported vendor command: vendor_id=0x1374 subcmd=12
06-09 18:09:03.348 1174 1174 D wpa_supplicant: nl80211: Supported vendor command: vendor_id=0x1374 subcmd=128
06-09 18:09:03.348 1174 1174 D wpa_supplicant: nl80211: Supported vendor command: vendor_id=0x1374 subcmd=129
06-09 18:09:03.348 1174 1174 D wpa_supplicant: nl80211: Supported vendor command: vendor_id=0x1374 subcmd=130
06-09 18:09:03.348 1174 1174 D wpa_supplicant: nl80211: Supported vendor command: vendor_id=0x1374 subcmd=133
06-09 18:09:03.348 1174 1174 D wpa_supplicant: nl80211: Supported vendor command: vendor_id=0x1374 subcmd=176
06-09 18:09:03.348 1174 1174 D wpa_supplicant: nl80211: Supported vendor event: vendor_id=0x1374 subcmd=80
06-09 18:09:03.348 1174 1174 D wpa_supplicant: nl80211: Supported vendor event: vendor_id=0x1374 subcmd=1
06-09 18:09:03.348 1174 1174 D wpa_supplicant: nl80211: Supported vendor event: vendor_id=0x1374 subcmd=1
06-09 18:09:03.348 1174 1174 D wpa_supplicant: nl80211: Supported vendor event: vendor_id=0x1374 subcmd=1
06-09 18:09:03.348 1174 1174 D wpa_supplicant: nl80211: Supported vendor event: vendor_id=0x1374 subcmd=1
06-09 18:09:03.348 1174 1174 D wpa_supplicant: nl80211: Supported vendor event: vendor_id=0x1374 subcmd=1
06-09 18:09:03.348 1174 1174 D wpa_supplicant: nl80211: Supported vendor event: vendor_id=0x1374 subcmd=20
06-09 18:09:03.348 1174 1174 D wpa_supplicant: nl80211: Supported vendor event: vendor_id=0x1374 subcmd=21
06-09 18:09:03.348 1174 1174 D wpa_supplicant: nl80211: Supported vendor event: vendor_id=0x1374 subcmd=23
06-09 18:09:03.348 1174 1174 D wpa_supplicant: nl80211: Supported vendor event: vendor_id=0x1374 subcmd=24
06-09 18:09:03.348 1174 1174 D wpa_supplicant: nl80211: Supported vendor event: vendor_id=0x1374 subcmd=25
06-09 18:09:03.348 1174 1174 D wpa_supplicant: nl80211: Supported vendor event: vendor_id=0x1374 subcmd=26
