06-09 18:08:49.585 237 237 D LibBpfLoader: applying relo to instruction at byte offset: 248, insn offset 31 , insn 118
06-09 18:08:49.586 237 237 D LibBpfLoader: applying relo to instruction at byte offset: 640, insn offset 80 , insn 118
06-09 18:08:49.586 237 237 D LibBpfLoader: applying relo to instruction at byte offset: 712, insn offset 89 , insn 118
06-09 18:08:49.586 237 237 D LibBpfLoader: applying relo to instruction at byte offset: 784, insn offset 98 , insn 118
06-09 18:08:49.586 237 237 D LibBpfLoader: applying relo to instruction at byte offset: 872, insn offset 109 , insn 118
06-09 18:08:49.587 237 237 D LibBpfLoader: applying relo to instruction at byte offset: 960, insn offset 120 , insn 118
06-09 18:08:49.587 237 237 D LibBpfLoader: applying relo to instruction at byte offset: 1056, insn offset 132 , insn 118
06-09 18:08:49.587 237 237 D LibBpfLoader: applying relo to instruction at byte offset: 1184, insn offset 148 , insn 118
06-09 18:08:49.587 237 237 D LibBpfLoader: applying relo to instruction at byte offset: 1256, insn offset 157 , insn 118
06-09 18:08:49.588 237 237 D LibBpfLoader: applying relo to instruction at byte offset: 1352, insn offset 169 , insn 118
06-09 18:08:49.588 237 237 D LibBpfLoader: applying relo to instruction at byte offset: 1528, insn offset 191 , insn 118
06-09 18:08:49.588 237 237 D LibBpfLoader: applying relo to instruction at byte offset: 1600, insn offset 200 , insn 118
06-09 18:08:49.588 237 237 D LibBpfLoader: applying relo to instruction at byte offset: 1672, insn offset 209 , insn 118
06-09 18:08:49.588 237 237 D LibBpfLoader: applying relo to instruction at byte offset: 1752, insn offset 219 , insn 118
06-09 18:08:49.589 237 237 D LibBpfLoader: applying relo to instruction at byte offset: 1816, insn offset 227 , insn 118
06-09 18:08:49.589 237 237 D LibBpfLoader: applying relo to instruction at byte offset: 1904, insn offset 238 , insn 118
06-09 18:08:49.589 237 237 D LibBpfLoader: applying relo to instruction at byte offset: 2176, insn offset 272 , insn 118
06-09 18:08:49.589 237 237 D LibBpfLoader: applying relo to instruction at byte offset: 2328, insn offset 291 , insn 118
06-09 18:08:49.590 237 237 D LibBpfLoader: applying relo to instruction at byte offset: 2472, insn offset 309 , insn 118
06-09 18:08:49.590 237 237 D LibBpfLoader: applying relo to instruction at byte offset: 304, insn offset 38 , insn 118
06-09 18:08:49.590 237 237 D LibBpfLoader: applying relo to instruction at byte offset: 696, insn offset 87 , insn 118
06-09 18:08:49.590 237 237 D LibBpfLoader: applying relo to instruction at byte offset: 768, insn offset 96 , insn 118
06-09 18:08:49.591 237 237 D LibBpfLoader: applying relo to instruction at byte offset: 840, insn offset 105 , insn 118
06-09 18:08:49.591 237 237 D LibBpfLoader: applying relo to instruction at byte offset: 928, insn offset 116 , insn 118
06-09 18:08:49.591 237 237 D LibBpfLoader: applying relo to instruction at byte offset: 1016, insn offset 127 , insn 118
06-09 18:08:49.591 237 237 D LibBpfLoader: applying relo to instruction at byte offset: 1112, insn offset 139 , insn 118
06-09 18:08:49.592 237 237 D LibBpfLoader: applying relo to instruction at byte offset: 1240, insn offset 155 , insn 118
06-09 18:08:49.592 237 237 D LibBpfLoader: applying relo to instruction at byte offset: 1312, insn offset 164 , insn 118
06-09 18:08:49.592 237 237 D LibBpfLoader: applying relo to instruction at byte offset: 1408, insn offset 176 , insn 118
06-09 18:08:49.592 237 237 D LibBpfLoader: applying relo to instruction at byte offset: 1696, insn offset 212 , insn 118
06-09 18:08:49.593 237 237 D LibBpfLoader: applying relo to instruction at byte offset: 1768, insn offset 221 , insn 118
06-09 18:08:49.593 237 237 D LibBpfLoader: applying relo to instruction at byte offset: 1840, insn offset 230 , insn 118
06-09 18:08:49.593 237 237 D LibBpfLoader: applying relo to instruction at byte offset: 1920, insn offset 240 , insn 118
06-09 18:08:49.593 237 237 D LibBpfLoader: applying relo to instruction at byte offset: 1984, insn offset 248 , insn 118
06-09 18:08:49.594 237 237 D LibBpfLoader: applying relo to instruction at byte offset: 2072, insn offset 259 , insn 118
06-09 18:08:49.594 237 237 D LibBpfLoader: applying relo to instruction at byte offset: 2368, insn offset 296 , insn 118
06-09 18:08:49.594 237 237 D LibBpfLoader: applying relo to instruction at byte offset: 304, insn offset 38 , insn 118
06-09 18:08:49.594 237 237 D LibBpfLoader: applying relo to instruction at byte offset: 696, insn offset 87 , insn 118
06-09 18:08:49.594 237 237 D LibBpfLoader: applying relo to instruction at byte offset: 768, insn offset 96 , insn 118
06-09 18:08:49.595 237 237 D LibBpfLoader: applying relo to instruction at byte offset: 840, insn offset 105 , insn 118
06-09 18:08:49.595 237 237 D LibBpfLoader: applying relo to instruction at byte offset: 928, insn offset 116 , insn 118
06-09 18:08:49.595 237 237 D LibBpfLoader: applying relo to instruction at byte offset: 1016, insn offset 127 , insn 118
06-09 18:08:49.595 237 237 D LibBpfLoader: applying relo to instruction at byte offset: 1112, insn offset 139 , insn 118
06-09 18:08:49.596 237 237 D LibBpfLoader: applying relo to instruction at byte offset: 1240, insn offset 155 , insn 118
06-09 18:08:49.596 237 237 D LibBpfLoader: applying relo to instruction at byte offset: 1312, insn offset 164 , insn 118
06-09 18:08:49.596 237 237 D LibBpfLoader: applying relo to instruction at byte offset: 1408, insn offset 176 , insn 118
06-09 18:08:49.596 237 237 D LibBpfLoader: applying relo to instruction at byte offset: 1696, insn offset 212 , insn 118
06-09 18:08:49.597 237 237 D LibBpfLoader: applying relo to instruction at byte offset: 1768, insn offset 221 , insn 118
06-09 18:08:49.597 237 237 D LibBpfLoader: applying relo to instruction at byte offset: 1840, insn offset 230 , insn 118
06-09 18:08:49.597 237 237 D LibBpfLoader: applying relo to instruction at byte offset: 1920, insn offset 240 , insn 118
06-09 18:08:49.597 237 237 D LibBpfLoader: applying relo to instruction at byte offset: 1984, insn offset 248 , insn 118
06-09 18:08:49.598 237 237 D LibBpfLoader: applying relo to instruction at byte offset: 2072, insn offset 259 , insn 118
06-09 18:08:49.598 237 237 D LibBpfLoader: applying relo to instruction at byte offset: 2368, insn offset 296 , insn 118
06-09 18:08:49.598 237 237 D LibBpfLoader: cs[0].name:schedcls_tether_downstream6_ether min_kver:0 .max_kver:ffffffff (kvers:504007d)
06-09 18:08:49.598 237 237 D LibBpfLoader: cs[0].name:schedcls_tether_downstream6_ether requires bpfloader version [0x00000,0x10000)
06-09 18:08:49.600 237 237 D LibBpfLoader: bpf_prog_load lib call for /apex/com.android.tethering/etc/bpf/offload.o (schedcls_tether_downstream6_ether) returned fd: 15 (no error)
06-09 18:08:49.600 237 237 D LibBpfLoader: cs[1].name:schedcls_tether_upstream6_ether min_kver:0 .max_kver:ffffffff (kvers:504007d)
06-09 18:08:49.600 237 237 D LibBpfLoader: cs[1].name:schedcls_tether_upstream6_ether requires bpfloader version [0x00000,0x10000)
06-09 18:08:49.601 237 237 D LibBpfLoader: bpf_prog_load lib call for /apex/com.android.tethering/etc/bpf/offload.o (schedcls_tether_upstream6_ether) returned fd: 16 (no error)
06-09 18:08:49.601 237 237 D LibBpfLoader: cs[2].name:schedcls_tether_downstream6_rawip$5_4 min_kver:5040000 .max_kver:ffffffff (kvers:504007d)
06-09 18:08:49.601 237 237 D LibBpfLoader: cs[2].name:schedcls_tether_downstream6_rawip$5_4 requires bpfloader version [0x00000,0x10000)
06-09 18:08:49.602 237 237 D LibBpfLoader: bpf_prog_load lib call for /apex/com.android.tethering/etc/bpf/offload.o (schedcls_tether_downstream6_rawip$5_4) returned fd: 17 (no error)
06-09 18:08:49.603 237 237 D LibBpfLoader: cs[3].name:schedcls_tether_upstream6_rawip$5_4 min_kver:5040000 .max_kver:ffffffff (kvers:504007d)
06-09 18:08:49.603 237 237 D LibBpfLoader: cs[3].name:schedcls_tether_upstream6_rawip$5_4 requires bpfloader version [0x00000,0x10000)
06-09 18:08:49.604 237 237 D LibBpfLoader: bpf_prog_load lib call for /apex/com.android.tethering/etc/bpf/offload.o (schedcls_tether_upstream6_rawip$5_4) returned fd: 18 (no error)
06-09 18:08:49.604 237 237 D LibBpfLoader: cs[4].name:schedcls_tether_downstream6_rawip$4_14 min_kver:40e0000 .max_kver:5040000 (kvers:504007d)
06-09 18:08:49.604 237 237 D LibBpfLoader: cs[5].name:schedcls_tether_upstream6_rawip$4_14 min_kver:40e0000 .max_kver:5040000 (kvers:504007d)
06-09 18:08:49.604 237 237 D LibBpfLoader: cs[6].name:schedcls_tether_downstream6_rawip$stub min_kver:0 .max_kver:5040000 (kvers:504007d)
06-09 18:08:49.604 237 237 D LibBpfLoader: cs[7].name:schedcls_tether_upstream6_rawip$stub min_kver:0 .max_kver:5040000 (kvers:504007d)
06-09 18:08:49.604 237 237 D LibBpfLoader: cs[8].name:schedcls_tether_downstream4_rawip$5_8 min_kver:5080000 .max_kver:ffffffff (kvers:504007d)
06-09 18:08:49.604 237 237 D LibBpfLoader: cs[9].name:schedcls_tether_upstream4_rawip$5_8 min_kver:5080000 .max_kver:ffffffff (kvers:504007d)
06-09 18:08:49.604 237 237 D LibBpfLoader: cs[10].name:schedcls_tether_downstream4_ether$5_8 min_kver:5080000 .max_kver:ffffffff (kvers:504007d)
06-09 18:08:49.604 237 237 D LibBpfLoader: cs[11].name:schedcls_tether_upstream4_ether$5_8 min_kver:5080000 .max_kver:ffffffff (kvers:504007d)
06-09 18:08:49.604 237 237 D LibBpfLoader: cs[12].name:schedcls_tether_downstream4_rawip$opt min_kver:40e0000 .max_kver:5080000 (kvers:504007d)
06-09 18:08:49.604 237 237 D LibBpfLoader: cs[12].name:schedcls_tether_downstream4_rawip$opt requires bpfloader version [0x00000,0x10000)
06-09 18:08:49.606 237 237 D LibBpfLoader: bpf_prog_load lib call for /apex/com.android.tethering/etc/bpf/offload.o (schedcls_tether_downstream4_rawip$opt) returned fd: 19 (no error)
06-09 18:08:49.606 237 237 D LibBpfLoader: cs[13].name:schedcls_tether_upstream4_rawip$opt min_kver:40e0000 .max_kver:5080000 (kvers:504007d)
06-09 18:08:49.606 237 237 D LibBpfLoader: cs[13].name:schedcls_tether_upstream4_rawip$opt requires bpfloader version [0x00000,0x10000)
06-09 18:08:49.609 237 237 D LibBpfLoader: bpf_prog_load lib call for /apex/com.android.tethering/etc/bpf/offload.o (schedcls_tether_upstream4_rawip$opt) returned fd: 20 (no error)
06-09 18:08:49.609 237 237 D LibBpfLoader: cs[14].name:schedcls_tether_downstream4_ether$opt min_kver:40e0000 .max_kver:5080000 (kvers:504007d)
06-09 18:08:49.609 237 237 D LibBpfLoader: cs[14].name:schedcls_tether_downstream4_ether$opt requires bpfloader version [0x00000,0x10000)
06-09 18:08:49.611 237 237 D LibBpfLoader: bpf_prog_load lib call for /apex/com.android.tethering/etc/bpf/offload.o (schedcls_tether_downstream4_ether$opt) returned fd: 21 (no error)
06-09 18:08:49.611 237 237 D LibBpfLoader: cs[15].name:schedcls_tether_upstream4_ether$opt min_kver:40e0000 .max_kver:5080000 (kvers:504007d)
06-09 18:08:49.611 237 237 D LibBpfLoader: cs[15].name:schedcls_tether_upstream4_ether$opt requires bpfloader version [0x00000,0x10000)
06-09 18:08:49.613 237 237 D LibBpfLoader: bpf_prog_load lib call for /apex/com.android.tethering/etc/bpf/offload.o (schedcls_tether_upstream4_ether$opt) returned fd: 22 (no error)
06-09 18:08:49.613 237 237 D LibBpfLoader: cs[16].name:schedcls_tether_downstream4_rawip$5_4 min_kver:5040000 .max_kver:5080000 (kvers:504007d)
06-09 18:08:49.613 237 237 D LibBpfLoader: cs[16].name:schedcls_tether_downstream4_rawip$5_4 requires bpfloader version [0x00000,0x10000)
06-09 18:08:49.613 237 237 D LibBpfLoader: New bpf prog load reusing prog /sys/fs/bpf/tethering/prog_offload_schedcls_tether_downstream4_rawip, ret: 23 (no error)
06-09 18:08:49.613 237 237 D LibBpfLoader: cs[17].name:schedcls_tether_upstream4_rawip$5_4 min_kver:5040000 .max_kver:5080000 (kvers:504007d)
06-09 18:08:49.613 237 237 D LibBpfLoader: cs[17].name:schedcls_tether_upstream4_rawip$5_4 requires bpfloader version [0x00000,0x10000)
06-09 18:08:49.613 237 237 D LibBpfLoader: New bpf prog load reusing prog /sys/fs/bpf/tethering/prog_offload_schedcls_tether_upstream4_rawip, ret: 24 (no error)
06-09 18:08:49.613 237 237 D LibBpfLoader: cs[18].name:schedcls_tether_downstream4_rawip$4_14 min_kver:40e0000 .max_kver:5040000 (kvers:504007d)
06-09 18:08:49.613 237 237 D LibBpfLoader: cs[19].name:schedcls_tether_upstream4_rawip$4_14 min_kver:40e0000 .max_kver:5040000 (kvers:504007d)
06-09 18:08:49.613 237 237 D LibBpfLoader: cs[20].name:schedcls_tether_downstream4_ether$4_14 min_kver:40e0000 .max_kver:5080000 (kvers:504007d)
06-09 18:08:49.613 237 237 D LibBpfLoader: cs[20].name:schedcls_tether_downstream4_ether$4_14 requires bpfloader version [0x00000,0x10000)
06-09 18:08:49.613 237 237 D LibBpfLoader: New bpf prog load reusing prog /sys/fs/bpf/tethering/prog_offload_schedcls_tether_downstream4_ether, ret: 25 (no error)
06-09 18:08:49.613 237 237 D LibBpfLoader: cs[21].name:schedcls_tether_upstream4_ether$4_14 min_kver:40e0000 .max_kver:5080000 (kvers:504007d)
06-09 18:08:49.613 237 237 D LibBpfLoader: cs[21].name:schedcls_tether_upstream4_ether$4_14 requires bpfloader version [0x00000,0x10000)
06-09 18:08:49.613 237 237 D LibBpfLoader: New bpf prog load reusing prog /sys/fs/bpf/tethering/prog_offload_schedcls_tether_upstream4_ether, ret: 26 (no error)
06-09 18:08:49.613 237 237 D LibBpfLoader: cs[22].name:schedcls_tether_downstream4_rawip$stub min_kver:0 .max_kver:5040000 (kvers:504007d)
06-09 18:08:49.613 237 237 D LibBpfLoader: cs[23].name:schedcls_tether_upstream4_rawip$stub min_kver:0 .max_kver:5040000 (kvers:504007d)
06-09 18:08:49.613 237 237 D LibBpfLoader: cs[24].name:schedcls_tether_downstream4_ether$stub min_kver:0 .max_kver:40e0000 (kvers:504007d)
06-09 18:08:49.613 237 237 D LibBpfLoader: cs[25].name:schedcls_tether_upstream4_ether$stub min_kver:0 .max_kver:40e0000 (kvers:504007d)
06-09 18:08:49.613 237 237 D LibBpfLoader: cs[26].name:xdp_tether_downstream_ether min_kver:5090000 .max_kver:ffffffff (kvers:504007d)
06-09 18:08:49.613 237 237 D LibBpfLoader: cs[27].name:xdp_tether_downstream_rawip min_kver:5090000 .max_kver:ffffffff (kvers:504007d)
06-09 18:08:49.614 237 237 D LibBpfLoader: cs[28].name:xdp_tether_upstream_ether min_kver:5090000 .max_kver:ffffffff (kvers:504007d)
06-09 18:08:49.614 237 237 D LibBpfLoader: cs[29].name:xdp_tether_upstream_rawip min_kver:5090000 .max_kver:ffffffff (kvers:504007d)
06-09 18:08:49.614 237 237 I bpfloader: Loaded object: /apex/com.android.tethering/etc/bpf/offload.o
06-09 18:08:49.619 237 237 D LibBpfLoader: Loading optional ELF object /apex/com.android.tethering/etc/bpf/test.o with license Apache 2.0
06-09 18:08:49.619 237 237 I LibBpfLoader: Section bpfloader_min_ver value is 0 [0x0]
06-09 18:08:49.620 237 237 I LibBpfLoader: Section bpfloader_max_ver value is 65536 [0x10000]
06-09 18:08:49.620 237 237 I LibBpfLoader: Section size_of_bpf_map_def value is 48 [0x30]
06-09 18:08:49.620 237 237 I LibBpfLoader: Section size_of_bpf_prog_def value is 28 [0x1c]
06-09 18:08:49.620 237 237 I LibBpfLoader: BpfLoader version 0x00002 processing ELF object /apex/com.android.tethering/etc/bpf/test.o with ver [0x00000,0x10000)
06-09 18:08:49.621 237 237 D LibBpfLoader: Loaded code section 3 (xdp_drop_ipv4_udp_ether)
06-09 18:08:49.621 237 237 D LibBpfLoader: Adding section 3 to cs list
06-09 18:08:49.622 237 237 D LibBpfLoader: bpf_create_map name tether_downstream6_map, ret: 6
06-09 18:08:49.622 237 237 D LibBpfLoader: map_fd found at 0 is 6 in /apex/com.android.tethering/etc/bpf/test.o
06-09 18:08:49.623 237 237 D LibBpfLoader: cs[0].name:xdp_drop_ipv4_udp_ether min_kver:5090000 .max_kver:ffffffff (kvers:504007d)
06-09 18:08:49.623 237 237 I bpfloader: Loaded object: /apex/com.android.tethering/etc/bpf/test.o
06-09 18:08:49.624 237 237 D LibBpfLoader: Loading critical for netd ELF object /system/etc/bpf/netd.o with license Apache 2.0
06-09 18:08:49.624 237 237 I LibBpfLoader: Section bpfloader_min_ver value is 0 [0x0]
06-09 18:08:49.624 237 237 I LibBpfLoader: Section bpfloader_max_ver value is 65536 [0x10000]
06-09 18:08:49.624 237 237 I LibBpfLoader: Section size_of_bpf_map_def value is 48 [0x30]
06-09 18:08:49.625 237 237 I LibBpfLoader: Section size_of_bpf_prog_def value is 28 [0x1c]
06-09 18:08:49.625 237 237 I LibBpfLoader: BpfLoader version 0x00002 processing ELF object /system/etc/bpf/netd.o with ver [0x00000,0x10000)
06-09 18:08:49.626 237 237 D LibBpfLoader: Loaded code section 3 (cgroupskb_ingress_stats)
06-09 18:08:49.628 237 237 D LibBpfLoader: Loaded relo section 3 (.relcgroupskb/ingress/stats)
06-09 18:08:49.628 237 237 D LibBpfLoader: Adding section 3 to cs list
06-09 18:08:49.628 237 237 D LibBpfLoader: Loaded code section 5 (cgroupskb_egress_stats)
06-09 18:08:49.629 237 237 D LibBpfLoader: Loaded relo section 5 (.relcgroupskb/egress/stats)
06-09 18:08:49.629 237 237 D LibBpfLoader: Adding section 5 to cs list
06-09 18:08:49.630 237 237 D LibBpfLoader: Loaded code section 7 (skfilter_egress_xtbpf)
06-09 18:08:49.630 237 237 D LibBpfLoader: Loaded relo section 7 (.relskfilter/egress/xtbpf)
06-09 18:08:49.630 237 237 D LibBpfLoader: Adding section 7 to cs list
06-09 18:08:49.630 237 237 D LibBpfLoader: Loaded code section 9 (skfilter_ingress_xtbpf)
06-09 18:08:49.631 237 237 D LibBpfLoader: Loaded relo section 9 (.relskfilter/ingress/xtbpf)
06-09 18:08:49.631 237 237 D LibBpfLoader: Adding section 9 to cs list
06-09 18:08:49.631 237 237 D LibBpfLoader: Loaded code section 11 (skfilter_allowlist_xtbpf)
06-09 18:08:49.632 237 237 D LibBpfLoader: Loaded relo section 11 (.relskfilter/allowlist/xtbpf)
06-09 18:08:49.632 237 237 D LibBpfLoader: Adding section 11 to cs list
06-09 18:08:49.632 237 237 D LibBpfLoader: Loaded code section 13 (skfilter_denylist_xtbpf)
06-09 18:08:49.633 237 237 D LibBpfLoader: Loaded relo section 13 (.relskfilter/denylist/xtbpf)
06-09 18:08:49.633 237 237 D LibBpfLoader: Adding section 13 to cs list
06-09 18:08:49.633 237 237 D LibBpfLoader: Loaded code section 15 (cgroupsock_inet_create)
06-09 18:08:49.634 237 237 D LibBpfLoader: Loaded relo section 15 (.relcgroupsock/inet/create)
06-09 18:08:49.634 237 237 D LibBpfLoader: Adding section 15 to cs list
06-09 18:08:49.638 237 237 D LibBpfLoader: bpf_create_map name cookie_tag_map, ret: 6
06-09 18:08:49.639 237 237 D LibBpfLoader: bpf_create_map name uid_counterset_map, ret: 7
06-09 18:08:49.644 237 237 D LibBpfLoader: bpf_create_map name app_uid_stats_map, ret: 8
06-09 18:08:49.646 237 237 D LibBpfLoader: bpf_create_map name stats_map_A, ret: 9
06-09 18:08:49.648 237 237 D LibBpfLoader: bpf_create_map name stats_map_B, ret: 10
06-09 18:08:49.648 237 237 D LibBpfLoader: bpf_create_map name iface_stats_map, ret: 11
06-09 18:08:49.648 237 237 D LibBpfLoader: bpf_create_map name configuration_map, ret: 12
06-09 18:08:49.649 237 237 D LibBpfLoader: bpf_create_map name uid_owner_map, ret: 13
06-09 18:08:49.650 237 237 D LibBpfLoader: bpf_create_map name iface_index_name_map, ret: 14
06-09 18:08:49.650 237 237 D LibBpfLoader: bpf_create_map name uid_permission_map, ret: 15
06-09 18:08:49.650 237 237 D LibBpfLoader: map_fd found at 0 is 6 in /system/etc/bpf/netd.o
06-09 18:08:49.650 237 237 D LibBpfLoader: map_fd found at 1 is 7 in /system/etc/bpf/netd.o
06-09 18:08:49.650 237 237 D LibBpfLoader: map_fd found at 2 is 8 in /system/etc/bpf/netd.o
06-09 18:08:49.650 237 237 D LibBpfLoader: map_fd found at 3 is 9 in /system/etc/bpf/netd.o
06-09 18:08:49.650 237 237 D LibBpfLoader: map_fd found at 4 is 10 in /system/etc/bpf/netd.o
06-09 18:08:49.650 237 237 D LibBpfLoader: map_fd found at 5 is 11 in /system/etc/bpf/netd.o
06-09 18:08:49.650 237 237 D LibBpfLoader: map_fd found at 6 is 12 in /system/etc/bpf/netd.o
06-09 18:08:49.650 237 237 D LibBpfLoader: map_fd found at 7 is 13 in /system/etc/bpf/netd.o
06-09 18:08:49.650 237 237 D LibBpfLoader: map_fd found at 8 is 14 in /system/etc/bpf/netd.o
06-09 18:08:49.650 237 237 D LibBpfLoader: map_fd found at 9 is 15 in /system/etc/bpf/netd.o
06-09 18:08:49.652 237 237 D LibBpfLoader: applying relo to instruction at byte offset: 472, insn offset 59 , insn 118
06-09 18:08:49.652 237 237 D LibBpfLoader: applying relo to instruction at byte offset: 544, insn offset 68 , insn 118
06-09 18:08:49.652 237 237 D LibBpfLoader: applying relo to instruction at byte offset: 1008, insn offset 126 , insn 118
06-09 18:08:49.652 237 237 D LibBpfLoader: applying relo to instruction at byte offset: 1304, insn offset 163 , insn 118
06-09 18:08:49.652 237 237 D LibBpfLoader: applying relo to instruction at byte offset: 1384, insn offset 173 , insn 118
06-09 18:08:49.652 237 237 D LibBpfLoader: applying relo to instruction at byte offset: 1488, insn offset 186 , insn 118
06-09 18:08:49.652 237 237 D LibBpfLoader: applying relo to instruction at byte offset: 1600, insn offset 200 , insn 118
06-09 18:08:49.652 237 237 D LibBpfLoader: applying relo to instruction at byte offset: 1640, insn offset 205 , insn 118
06-09 18:08:49.652 237 237 D LibBpfLoader: applying relo to instruction at byte offset: 1992, insn offset 249 , insn 118
06-09 18:08:49.652 237 237 D LibBpfLoader: applying relo to instruction at byte offset: 2104, insn offset 263 , insn 118
06-09 18:08:49.653 237 237 D LibBpfLoader: applying relo to instruction at byte offset: 2144, insn offset 268 , insn 118
06-09 18:08:49.653 237 237 D LibBpfLoader: applying relo to instruction at byte offset: 2424, insn offset 303 , insn 118
06-09 18:08:49.653 237 237 D LibBpfLoader: applying relo to instruction at byte offset: 2528, insn offset 316 , insn 118
06-09 18:08:49.653 237 237 D LibBpfLoader: applying relo to instruction at byte offset: 2568, insn offset 321 , insn 118
06-09 18:08:49.653 237 237 D LibBpfLoader: applying relo to instruction at byte offset: 2712, insn offset 339 , insn 118
06-09 18:08:49.653 237 237 D LibBpfLoader: applying relo to instruction at byte offset: 2816, insn offset 352 , insn 118
06-09 18:08:49.653 237 237 D LibBpfLoader: applying relo to instruction at byte offset: 2856, insn offset 357 , insn 118
06-09 18:08:49.653 237 237 D LibBpfLoader: applying relo to instruction at byte offset: 3088, insn offset 386 , insn 118
06-09 18:08:49.653 237 237 D LibBpfLoader: applying relo to instruction at byte offset: 3192, insn offset 399 , insn 118
06-09 18:08:49.653 237 237 D LibBpfLoader: applying relo to instruction at byte offset: 3232, insn offset 404 , insn 118
06-09 18:08:49.653 237 237 D LibBpfLoader: applying relo to instruction at byte offset: 448, insn offset 56 , insn 118
06-09 18:08:49.653 237 237 D LibBpfLoader: applying relo to instruction at byte offset: 520, insn offset 65 , insn 118
06-09 18:08:49.653 237 237 D LibBpfLoader: applying relo to instruction at byte offset: 992, insn offset 124 , insn 118
06-09 18:08:49.654 237 237 D LibBpfLoader: applying relo to instruction at byte offset: 1272, insn offset 159 , insn 118
06-09 18:08:49.654 237 237 D LibBpfLoader: applying relo to instruction at byte offset: 1352, insn offset 169 , insn 118
06-09 18:08:49.654 237 237 D LibBpfLoader: applying relo to instruction at byte offset: 1456, insn offset 182 , insn 118
06-09 18:08:49.654 237 237 D LibBpfLoader: applying relo to instruction at byte offset: 1560, insn offset 195 , insn 118
06-09 18:08:49.654 237 237 D LibBpfLoader: applying relo to instruction at byte offset: 1600, insn offset 200 , insn 118
06-09 18:08:49.654 237 237 D LibBpfLoader: applying relo to instruction at byte offset: 1744, insn offset 218 , insn 118
06-09 18:08:49.654 237 237 D LibBpfLoader: applying relo to instruction at byte offset: 1848, insn offset 231 , insn 118
06-09 18:08:49.654 237 237 D LibBpfLoader: applying relo to instruction at byte offset: 1888, insn offset 236 , insn 118
06-09 18:08:49.654 237 237 D LibBpfLoader: applying relo to instruction at byte offset: 2160, insn offset 270 , insn 118
06-09 18:08:49.654 237 237 D LibBpfLoader: applying relo to instruction at byte offset: 2264, insn offset 283 , insn 118
06-09 18:08:49.654 237 237 D LibBpfLoader: applying relo to instruction at byte offset: 2304, insn offset 288 , insn 118
06-09 18:08:49.654 237 237 D LibBpfLoader: applying relo to instruction at byte offset: 2448, insn offset 306 , insn 118
06-09 18:08:49.655 237 237 D LibBpfLoader: applying relo to instruction at byte offset: 2552, insn offset 319 , insn 118
06-09 18:08:49.655 237 237 D LibBpfLoader: applying relo to instruction at byte offset: 2592, insn offset 324 , insn 118
06-09 18:08:49.655 237 237 D LibBpfLoader: applying relo to instruction at byte offset: 2824, insn offset 353 , insn 118
06-09 18:08:49.655 237 237 D LibBpfLoader: applying relo to instruction at byte offset: 2928, insn offset 366 , insn 118
06-09 18:08:49.655 237 237 D LibBpfLoader: applying relo to instruction at byte offset: 2968, insn offset 371 , insn 118
06-09 18:08:49.655 237 237 D LibBpfLoader: applying relo to instruction at byte offset: 88, insn offset 11 , insn 118
06-09 18:08:49.655 237 237 D LibBpfLoader: applying relo to instruction at byte offset: 192, insn offset 24 , insn 118
06-09 18:08:49.655 237 237 D LibBpfLoader: applying relo to instruction at byte offset: 232, insn offset 29 , insn 118
06-09 18:08:49.655 237 237 D LibBpfLoader: applying relo to instruction at byte offset: 40, insn offset 5 , insn 118
06-09 18:08:49.655 237 237 D LibBpfLoader: applying relo to instruction at byte offset: 144, insn offset 18 , insn 118
06-09 18:08:49.655 237 237 D LibBpfLoader: applying relo to instruction at byte offset: 184, insn offset 23 , insn 118
06-09 18:08:49.655 237 237 D LibBpfLoader: applying relo to instruction at byte offset: 136, insn offset 17 , insn 118
06-09 18:08:49.656 237 237 D LibBpfLoader: applying relo to instruction at byte offset: 32, insn offset 4 , insn 118
06-09 18:08:49.656 237 237 D LibBpfLoader: applying relo to instruction at byte offset: 80, insn offset 10 , insn 118
06-09 18:08:49.656 237 237 D LibBpfLoader: cs[0].name:cgroupskb_ingress_stats min_kver:0 .max_kver:ffffffff (kvers:504007d)
06-09 18:08:49.656 237 237 D LibBpfLoader: cs[0].name:cgroupskb_ingress_stats requires bpfloader version [0x00000,0x10000)
06-09 18:08:49.658 237 237 D LibBpfLoader: bpf_prog_load lib call for /system/etc/bpf/netd.o (cgroupskb_ingress_stats) returned fd: 16 (no error)
06-09 18:08:49.659 237 237 D LibBpfLoader: cs[1].name:cgroupskb_egress_stats min_kver:0 .max_kver:ffffffff (kvers:504007d)
06-09 18:08:49.659 237 237 D LibBpfLoader: cs[1].name:cgroupskb_egress_stats requires bpfloader version [0x00000,0x10000)
06-09 18:08:49.661 237 237 D LibBpfLoader: bpf_prog_load lib call for /system/etc/bpf/netd.o (cgroupskb_egress_stats) returned fd: 17 (no error)
06-09 18:08:49.661 237 237 D LibBpfLoader: cs[2].name:skfilter_egress_xtbpf min_kver:0 .max_kver:ffffffff (kvers:504007d)
06-09 18:08:49.661 237 237 D LibBpfLoader: cs[2].name:skfilter_egress_xtbpf requires bpfloader version [0x00000,0x10000)
06-09 18:08:49.662 237 237 D LibBpfLoader: bpf_prog_load lib call for /system/etc/bpf/netd.o (skfilter_egress_xtbpf) returned fd: 18 (no error)
06-09 18:08:49.662 237 237 D LibBpfLoader: cs[3].name:skfilter_ingress_xtbpf min_kver:0 .max_kver:ffffffff (kvers:504007d)
06-09 18:08:49.662 237 237 D LibBpfLoader: cs[3].name:skfilter_ingress_xtbpf requires bpfloader version [0x00000,0x10000)
06-09 18:08:49.662 237 237 D LibBpfLoader: bpf_prog_load lib call for /system/etc/bpf/netd.o (skfilter_ingress_xtbpf) returned fd: 19 (no error)
06-09 18:08:49.662 237 237 D LibBpfLoader: cs[4].name:skfilter_allowlist_xtbpf min_kver:0 .max_kver:ffffffff (kvers:504007d)
06-09 18:08:49.662 237 237 D LibBpfLoader: cs[4].name:skfilter_allowlist_xtbpf requires bpfloader version [0x00000,0x10000)
06-09 18:08:49.663 237 237 D LibBpfLoader: bpf_prog_load lib call for /system/etc/bpf/netd.o (skfilter_allowlist_xtbpf) returned fd: 20 (no error)
06-09 18:08:49.663 237 237 D LibBpfLoader: cs[5].name:skfilter_denylist_xtbpf min_kver:0 .max_kver:ffffffff (kvers:504007d)
06-09 18:08:49.663 237 237 D LibBpfLoader: cs[5].name:skfilter_denylist_xtbpf requires bpfloader version [0x00000,0x10000)
06-09 18:08:49.663 237 237 D LibBpfLoader: bpf_prog_load lib call for /system/etc/bpf/netd.o (skfilter_denylist_xtbpf) returned fd: 21 (no error)
06-09 18:08:49.663 237 237 D LibBpfLoader: cs[6].name:cgroupsock_inet_create min_kver:40e0000 .max_kver:ffffffff (kvers:504007d)
06-09 18:08:49.663 237 237 D LibBpfLoader: cs[6].name:cgroupsock_inet_create requires bpfloader version [0x00000,0x10000)
06-09 18:08:49.663 237 237 D LibBpfLoader: bpf_prog_load lib call for /system/etc/bpf/netd.o (cgroupsock_inet_create) returned fd: 22 (no error)
06-09 18:08:49.664 237 237 I bpfloader: Loaded object: /system/etc/bpf/netd.o
06-09 18:08:49.665 237 237 D LibBpfLoader: Loading optional ELF object /system/etc/bpf/time_in_state.o with license GPL
06-09 18:08:49.665 237 237 I LibBpfLoader: Section bpfloader_min_ver value is 0 [0x0]
06-09 18:08:49.665 237 237 I LibBpfLoader: Section bpfloader_max_ver value is 65536 [0x10000]
06-09 18:08:49.665 237 237 I LibBpfLoader: Section size_of_bpf_map_def value is 48 [0x30]
06-09 18:08:49.665 237 237 I LibBpfLoader: Section size_of_bpf_prog_def value is 28 [0x1c]
06-09 18:08:49.665 237 237 I LibBpfLoader: BpfLoader version 0x00002 processing ELF object /system/etc/bpf/time_in_state.o with ver [0x00000,0x10000)
06-09 18:08:49.666 237 237 D LibBpfLoader: Loaded code section 3 (tracepoint_sched_sched_switch)
06-09 18:08:49.668 237 237 D LibBpfLoader: Loaded relo section 3 (.reltracepoint/sched/sched_switch)
06-09 18:08:49.669 237 237 D LibBpfLoader: Adding section 3 to cs list
06-09 18:08:49.669 237 237 D LibBpfLoader: Loaded code section 5 (tracepoint_power_cpu_frequency)
06-09 18:08:49.669 237 237 D LibBpfLoader: Loaded relo section 5 (.reltracepoint/power/cpu_frequency)
06-09 18:08:49.669 237 237 D LibBpfLoader: Adding section 5 to cs list
06-09 18:08:49.670 237 237 D LibBpfLoader: Loaded code section 7 (tracepoint_sched_sched_process_free)
06-09 18:08:49.671 237 237 D LibBpfLoader: Loaded relo section 7 (.reltracepoint/sched/sched_process_free)
06-09 18:08:49.671 237 237 D LibBpfLoader: Adding section 7 to cs list
06-09 18:08:49.674 237 237 D LibBpfLoader: bpf_create_map name total_time_in_state_map, ret: 6
06-09 18:08:49.676 237 237 D LibBpfLoader: bpf_create_map name uid_time_in_state_map, ret: 7
06-09 18:08:49.678 237 237 D LibBpfLoader: bpf_create_map name uid_concurrent_times_map, ret: 8
06-09 18:08:49.679 237 237 D LibBpfLoader: bpf_create_map name uid_last_update_map, ret: 9
06-09 18:08:49.679 237 237 D LibBpfLoader: bpf_create_map name cpu_last_update_map, ret: 10
06-09 18:08:49.679 237 237 D LibBpfLoader: bpf_create_map name cpu_policy_map, ret: 11
06-09 18:08:49.679 237 237 D LibBpfLoader: bpf_create_map name policy_freq_idx_map, ret: 12
06-09 18:08:49.680 237 237 D LibBpfLoader: bpf_create_map name freq_to_idx_map, ret: 13
06-09 18:08:49.680 237 237 D LibBpfLoader: bpf_create_map name nr_active_map, ret: 14
06-09 18:08:49.680 237 237 D LibBpfLoader: bpf_create_map name policy_nr_active_map, ret: 15
06-09 18:08:49.680 237 237 D LibBpfLoader: bpf_create_map name pid_tracked_hash_map, ret: 16
06-09 18:08:49.680 237 237 D LibBpfLoader: bpf_create_map name pid_tracked_map, ret: 17
06-09 18:08:49.681 237 237 D LibBpfLoader: bpf_create_map name pid_task_aggregation_map, ret: 18
06-09 18:08:49.684 237 237 D LibBpfLoader: bpf_create_map name pid_time_in_state_map, ret: 19
06-09 18:08:49.684 237 237 D LibBpfLoader: map_fd found at 0 is 6 in /system/etc/bpf/time_in_state.o
06-09 18:08:49.684 237 237 D LibBpfLoader: map_fd found at 1 is 7 in /system/etc/bpf/time_in_state.o
06-09 18:08:49.684 237 237 D LibBpfLoader: map_fd found at 2 is 8 in /system/etc/bpf/time_in_state.o
06-09 18:08:49.684 237 237 D LibBpfLoader: map_fd found at 3 is 9 in /system/etc/bpf/time_in_state.o
06-09 18:08:49.684 237 237 D LibBpfLoader: map_fd found at 4 is 10 in /system/etc/bpf/time_in_state.o
06-09 18:08:49.684 237 237 D LibBpfLoader: map_fd found at 5 is 11 in /system/etc/bpf/time_in_state.o
06-09 18:08:49.684 237 237 D LibBpfLoader: map_fd found at 6 is 12 in /system/etc/bpf/time_in_state.o
06-09 18:08:49.684 237 237 D LibBpfLoader: map_fd found at 7 is 13 in /system/etc/bpf/time_in_state.o
06-09 18:08:49.684 237 237 D LibBpfLoader: map_fd found at 8 is 14 in /system/etc/bpf/time_in_state.o
06-09 18:08:49.684 237 237 D LibBpfLoader: map_fd found at 9 is 15 in /system/etc/bpf/time_in_state.o
06-09 18:08:49.684 237 237 D LibBpfLoader: map_fd found at 10 is 16 in /system/etc/bpf/time_in_state.o
06-09 18:08:49.684 237 237 D LibBpfLoader: map_fd found at 11 is 17 in /system/etc/bpf/time_in_state.o
06-09 18:08:49.684 237 237 D LibBpfLoader: map_fd found at 12 is 18 in /system/etc/bpf/time_in_state.o
06-09 18:08:49.684 237 237 D LibBpfLoader: map_fd found at 13 is 19 in /system/etc/bpf/time_in_state.o
06-09 18:08:49.686 237 237 D LibBpfLoader: applying relo to instruction at byte offset: 40, insn offset 5 , insn 118
06-09 18:08:49.686 237 237 D LibBpfLoader: applying relo to instruction at byte offset: 128, insn offset 16 , insn 118
06-09 18:08:49.686 237 237 D LibBpfLoader: applying relo to instruction at byte offset: 200, insn offset 25 , insn 118
06-09 18:08:49.686 237 237 D LibBpfLoader: applying relo to instruction at byte offset: 264, insn offset 33 , insn 118
06-09 18:08:49.686 237 237 D LibBpfLoader: applying relo to instruction at byte offset: 504, insn offset 63 , insn 118
06-09 18:08:49.686 237 237 D LibBpfLoader: applying relo to instruction at byte offset: 640, insn offset 80 , insn 118
06-09 18:08:49.686 237 237 D LibBpfLoader: applying relo to instruction at byte offset: 1000, insn offset 125 , insn 118
06-09 18:08:49.686 237 237 D LibBpfLoader: applying relo to instruction at byte offset: 1040, insn offset 130 , insn 118
06-09 18:08:49.686 237 237 D LibBpfLoader: applying relo to instruction at byte offset: 1216, insn offset 152 , insn 118
06-09 18:08:49.686 237 237 D LibBpfLoader: applying relo to instruction at byte offset: 1344, insn offset 168 , insn 118
06-09 18:08:49.687 237 237 D LibBpfLoader: applying relo to instruction at byte offset: 1440, insn offset 180 , insn 118
06-09 18:08:49.687 237 237 D LibBpfLoader: applying relo to instruction at byte offset: 1536, insn offset 192 , insn 118
06-09 18:08:49.687 237 237 D LibBpfLoader: applying relo to instruction at byte offset: 1864, insn offset 233 , insn 118
06-09 18:08:49.687 237 237 D LibBpfLoader: applying relo to instruction at byte offset: 1904, insn offset 238 , insn 118
06-09 18:08:49.687 237 237 D LibBpfLoader: applying relo to instruction at byte offset: 2080, insn offset 260 , insn 118
06-09 18:08:49.687 237 237 D LibBpfLoader: applying relo to instruction at byte offset: 2288, insn offset 286 , insn 118
06-09 18:08:49.687 237 237 D LibBpfLoader: applying relo to instruction at byte offset: 2328, insn offset 291 , insn 118
06-09 18:08:49.687 237 237 D LibBpfLoader: applying relo to instruction at byte offset: 2504, insn offset 313 , insn 118
06-09 18:08:49.687 237 237 D LibBpfLoader: applying relo to instruction at byte offset: 2712, insn offset 339 , insn 118
06-09 18:08:49.688 237 237 D LibBpfLoader: applying relo to instruction at byte offset: 2752, insn offset 344 , insn 118
06-09 18:08:49.688 237 237 D LibBpfLoader: applying relo to instruction at byte offset: 2864, insn offset 358 , insn 118
06-09 18:08:49.688 237 237 D LibBpfLoader: applying relo to instruction at byte offset: 2952, insn offset 369 , insn 118
06-09 18:08:49.688 237 237 D LibBpfLoader: applying relo to instruction at byte offset: 3056, insn offset 382 , insn 118
06-09 18:08:49.688 237 237 D LibBpfLoader: applying relo to instruction at byte offset: 3160, insn offset 395 , insn 118
06-09 18:08:49.688 237 237 D LibBpfLoader: applying relo to instruction at byte offset: 3264, insn offset 408 , insn 118
06-09 18:08:49.688 237 237 D LibBpfLoader: applying relo to instruction at byte offset: 3368, insn offset 421 , insn 118
06-09 18:08:49.688 237 237 D LibBpfLoader: applying relo to instruction at byte offset: 3472, insn offset 434 , insn 118
06-09 18:08:49.688 237 237 D LibBpfLoader: applying relo to instruction at byte offset: 3576, insn offset 447 , insn 118
06-09 18:08:49.689 237 237 D LibBpfLoader: applying relo to instruction at byte offset: 3688, insn offset 461 , insn 118
06-09 18:08:49.689 237 237 D LibBpfLoader: applying relo to instruction at byte offset: 40, insn offset 5 , insn 118
06-09 18:08:49.689 237 237 D LibBpfLoader: applying relo to instruction at byte offset: 120, insn offset 15 , insn 118
06-09 18:08:49.689 237 237 D LibBpfLoader: applying relo to instruction at byte offset: 200, insn offset 25 , insn 118
06-09 18:08:49.689 237 237 D LibBpfLoader: applying relo to instruction at byte offset: 48, insn offset 6 , insn 118
06-09 18:08:49.689 237 237 D LibBpfLoader: applying relo to instruction at byte offset: 200, insn offset 25 , insn 118
06-09 18:08:49.689 237 237 D LibBpfLoader: applying relo to instruction at byte offset: 328, insn offset 41 , insn 118
06-09 18:08:49.689 237 237 D LibBpfLoader: applying relo to instruction at byte offset: 456, insn offset 57 , insn 118
06-09 18:08:49.689 237 237 D LibBpfLoader: applying relo to instruction at byte offset: 584, insn offset 73 , insn 118
06-09 18:08:49.689 237 237 D LibBpfLoader: applying relo to instruction at byte offset: 712, insn offset 89 , insn 118
06-09 18:08:49.690 237 237 D LibBpfLoader: applying relo to instruction at byte offset: 840, insn offset 105 , insn 118
06-09 18:08:49.690 237 237 D LibBpfLoader: applying relo to instruction at byte offset: 968, insn offset 121 , insn 118
06-09 18:08:49.690 237 237 D LibBpfLoader: applying relo to instruction at byte offset: 1104, insn offset 138 , insn 118
06-09 18:08:49.690 237 237 D LibBpfLoader: applying relo to instruction at byte offset: 1144, insn offset 143 , insn 118
06-09 18:08:49.690 237 237 D LibBpfLoader: cs[0].name:tracepoint_sched_sched_switch min_kver:0 .max_kver:ffffffff (kvers:504007d)
06-09 18:08:49.690 237 237 D LibBpfLoader: cs[0].name:tracepoint_sched_sched_switch requires bpfloader version [0x00000,0x10000)
06-09 18:08:49.690 237 237 D LibBpfLoader: bpf_prog_load lib call for /system/etc/bpf/time_in_state.o (tracepoint_sched_sched_switch) returned fd: -1 (Invalid argument)
06-09 18:08:49.690 237 237 W LibBpfLoader: bpf_prog_load - BEGIN log_buf contents:
06-09 18:08:49.690 237 237 W LibBpfLoader:
06-09 18:08:49.690 237 237 W LibBpfLoader: bpf_prog_load - END log_buf contents.
06-09 18:08:49.690 237 237 E LibBpfLoader: non-optional program failed to load.
06-09 18:08:49.690 237 237 E LibBpfLoader: Failed to load programs, loadCodeSections ret=-1
06-09 18:08:49.691 237 237 E bpfloader: Failed to load object: /system/etc/bpf/time_in_state.o, ret: Operation not permitted
06-09 18:08:49.691 237 237 D LibBpfLoader: Loading optional ELF object /system/etc/bpf/gpu_mem.o with license Apache 2.0
06-09 18:08:49.692 237 237 I LibBpfLoader: Section bpfloader_min_ver value is 0 [0x0]
06-09 18:08:49.692 237 237 I LibBpfLoader: Section bpfloader_max_ver value is 65536 [0x10000]
06-09 18:08:49.692 237 237 I LibBpfLoader: Section size_of_bpf_map_def value is 48 [0x30]
06-09 18:08:49.692 237 237 I LibBpfLoader: Section size_of_bpf_prog_def value is 28 [0x1c]
06-09 18:08:49.692 237 237 I LibBpfLoader: BpfLoader version 0x00002 processing ELF object /system/etc/bpf/gpu_mem.o with ver [0x00000,0x10000)
06-09 18:08:49.693 237 237 D LibBpfLoader: Loaded code section 3 (tracepoint_gpu_mem_gpu_mem_total)
06-09 18:08:49.693 237 237 D LibBpfLoader: Loaded relo section 3 (.reltracepoint/gpu_mem/gpu_mem_total)
06-09 18:08:49.693 237 237 D LibBpfLoader: Adding section 3 to cs list
06-09 18:08:49.694 237 237 D LibBpfLoader: bpf_create_map name gpu_mem_total_map, ret: 6
06-09 18:08:49.695 237 237 D LibBpfLoader: map_fd found at 0 is 6 in /system/etc/bpf/gpu_mem.o
06-09 18:08:49.695 237 237 D LibBpfLoader: applying relo to instruction at byte offset: 80, insn offset 10 , insn 118
06-09 18:08:49.695 237 237 D LibBpfLoader: applying relo to instruction at byte offset: 128, insn offset 16 , insn 118
06-09 18:08:49.695 237 237 D LibBpfLoader: applying relo to instruction at byte offset: 208, insn offset 26 , insn 118
06-09 18:08:49.695 237 237 D LibBpfLoader: cs[0].name:tracepoint_gpu_mem_gpu_mem_total min_kver:0 .max_kver:ffffffff (kvers:504007d)
06-09 18:08:49.695 237 237 D LibBpfLoader: cs[0].name:tracepoint_gpu_mem_gpu_mem_total requires bpfloader version [0x00000,0x10000)
06-09 18:08:49.696 237 237 D LibBpfLoader: bpf_prog_load lib call for /system/etc/bpf/gpu_mem.o (tracepoint_gpu_mem_gpu_mem_total) returned fd: -1 (Invalid argument)
06-09 18:08:49.696 237 237 W LibBpfLoader: bpf_prog_load - BEGIN log_buf contents:
06-09 18:08:49.696 237 237 W LibBpfLoader:
06-09 18:08:49.696 237 237 W LibBpfLoader: bpf_prog_load - END log_buf contents.
06-09 18:08:49.696 237 237 E LibBpfLoader: non-optional program failed to load.
06-09 18:08:49.696 237 237 E LibBpfLoader: Failed to load programs, loadCodeSections ret=-1
06-09 18:08:49.696 237 237 E bpfloader: Failed to load object: /system/etc/bpf/gpu_mem.o, ret: Operation not permitted
06-09 18:08:49.697 237 237 D LibBpfLoader: Loading critical for netd ELF object /system/etc/bpf/clatd.o with license Apache 2.0
06-09 18:08:49.697 237 237 I LibBpfLoader: Section bpfloader_min_ver value is 0 [0x0]
06-09 18:08:49.697 237 237 I LibBpfLoader: Section bpfloader_max_ver value is 65536 [0x10000]
06-09 18:08:49.697 237 237 I LibBpfLoader: Section size_of_bpf_map_def value is 48 [0x30]
06-09 18:08:49.697 237 237 I LibBpfLoader: Section size_of_bpf_prog_def value is 28 [0x1c]
06-09 18:08:49.697 237 237 I LibBpfLoader: BpfLoader version 0x00002 processing ELF object /system/etc/bpf/clatd.o with ver [0x00000,0x10000)
06-09 18:08:49.698 237 237 D LibBpfLoader: Loaded code section 3 (schedcls_ingress6_clat_ether)
06-09 18:08:49.698 237 237 D LibBpfLoader: Loaded relo section 3 (.relschedcls/ingress6/clat_ether)
06-09 18:08:49.698 237 237 D LibBpfLoader: Adding section 3 to cs list
06-09 18:08:49.699 237 237 D LibBpfLoader: Loaded code section 5 (schedcls_ingress6_clat_rawip)
06-09 18:08:49.699 237 237 D LibBpfLoader: Loaded relo section 5 (.relschedcls/ingress6/clat_rawip)
06-09 18:08:49.699 237 237 D LibBpfLoader: Adding section 5 to cs list
06-09 18:08:49.699 237 237 D LibBpfLoader: Loaded code section 7 (schedcls_egress4_clat_ether)
06-09 18:08:49.700 237 237 D LibBpfLoader: Adding section 7 to cs list
06-09 18:08:49.700 237 237 D LibBpfLoader: Loaded code section 8 (schedcls_egress4_clat_rawip)
06-09 18:08:49.700 237 237 D LibBpfLoader: Loaded relo section 8 (.relschedcls/egress4/clat_rawip)
06-09 18:08:49.701 237 237 D LibBpfLoader: Adding section 8 to cs list
06-09 18:08:49.702 237 237 D LibBpfLoader: bpf_create_map name clat_ingress6_map, ret: 6
06-09 18:08:49.702 237 237 D LibBpfLoader: bpf_create_map name clat_egress4_map, ret: 7
06-09 18:08:49.702 237 237 D LibBpfLoader: map_fd found at 0 is 6 in /system/etc/bpf/clatd.o
06-09 18:08:49.702 237 237 D LibBpfLoader: map_fd found at 1 is 7 in /system/etc/bpf/clatd.o
06-09 18:08:49.703 237 237 D LibBpfLoader: applying relo to instruction at byte offset: 408, insn offset 51 , insn 118
06-09 18:08:49.703 237 237 D LibBpfLoader: applying relo to instruction at byte offset: 352, insn offset 44 , insn 118
06-09 18:08:49.703 237 237 D LibBpfLoader: applying relo to instruction at byte offset: 520, insn offset 65 , insn 118
06-09 18:08:49.703 237 237 D LibBpfLoader: cs[0].name:schedcls_ingress6_clat_ether min_kver:0 .max_kver:ffffffff (kvers:504007d)
06-09 18:08:49.703 237 237 D LibBpfLoader: cs[0].name:schedcls_ingress6_clat_ether requires bpfloader version [0x00000,0x10000)
06-09 18:08:49.704 237 237 D LibBpfLoader: bpf_prog_load lib call for /system/etc/bpf/clatd.o (schedcls_ingress6_clat_ether) returned fd: 8 (no error)
06-09 18:08:49.704 237 237 D LibBpfLoader: cs[1].name:schedcls_ingress6_clat_rawip min_kver:0 .max_kver:ffffffff (kvers:504007d)
06-09 18:08:49.704 237 237 D LibBpfLoader: cs[1].name:schedcls_ingress6_clat_rawip requires bpfloader version [0x00000,0x10000)
06-09 18:08:49.705 237 237 D LibBpfLoader: bpf_prog_load lib call for /system/etc/bpf/clatd.o (schedcls_ingress6_clat_rawip) returned fd: 9 (no error)
06-09 18:08:49.705 237 237 D LibBpfLoader: cs[2].name:schedcls_egress4_clat_ether min_kver:0 .max_kver:ffffffff (kvers:504007d)
06-09 18:08:49.705 237 237 D LibBpfLoader: cs[2].name:schedcls_egress4_clat_ether requires bpfloader version [0x00000,0x10000)
06-09 18:08:49.705 237 237 D LibBpfLoader: bpf_prog_load lib call for /system/etc/bpf/clatd.o (schedcls_egress4_clat_ether) returned fd: 10 (no error)
06-09 18:08:49.705 237 237 D LibBpfLoader: cs[3].name:schedcls_egress4_clat_rawip min_kver:0 .max_kver:ffffffff (kvers:504007d)
06-09 18:08:49.705 237 237 D LibBpfLoader: cs[3].name:schedcls_egress4_clat_rawip requires bpfloader version [0x00000,0x10000)
06-09 18:08:49.706 237 237 D LibBpfLoader: bpf_prog_load lib call for /system/etc/bpf/clatd.o (schedcls_egress4_clat_rawip) returned fd: 11 (no error)
06-09 18:08:49.706 237 237 I bpfloader: Loaded object: /system/etc/bpf/clatd.o
06-09 18:08:49.747 238 238 I update_verifier: Started with arg 1: nonencrypted
06-09 18:08:49.748 238 238 E cutils-trace: Error opening trace file: No such file or directory (2)
06-09 18:08:49.760 238 238 I update_verifier: Booting slot 0: isSlotMarkedSuccessful=1
06-09 18:08:49.760 238 238 I update_verifier: Leaving update_verifier.
06-09 18:08:49.815 239 239 I ServiceManager: Waiting for service 'statscompanion' on '/dev/binder'...
06-09 18:08:49.825 240 240 I netdClient: Skipping libnetd_client init since *we* are netd
06-09 18:08:49.830 240 240 I netd : netd 1.0 starting
06-09 18:08:49.834 240 240 I netd : Pid file removed
06-09 18:08:49.835 240 240 I netd : SIGPIPE is blocked
06-09 18:08:49.835 240 240 I netd : setCloseOnExec(dnsproxyd)
06-09 18:08:49.843 240 240 I netd : setCloseOnExec(fwmarkd)
06-09 18:08:49.843 240 240 I netd : setCloseOnExec(mdns)
06-09 18:08:49.843 245 245 E cutils-trace: Error opening trace file: No such file or directory (2)
06-09 18:08:49.844 240 240 I netd : BPF programs are loaded
06-09 18:08:49.844 240 240 I netd : NetlinkManager instanced
06-09 18:08:49.844 240 240 I netd : enter NetworkController ctor
06-09 18:08:49.847 240 240 I netd : leave NetworkController ctor
06-09 18:08:49.848 240 240 I netd : enter TetherController ctor
06-09 18:08:49.849 240 240 D TetherController: Setting IP forward enable = 0
06-09 18:08:49.855 240 240 I netd : leave TetherController ctor
06-09 18:08:49.855 240 240 D FirewallController: Could not read /proc/self/uid_map, max uid defaulting to 4294967294
06-09 18:08:49.862 245 245 I HidlServiceManagement: Registered android.hidl.allocator@1.0::IAllocator/ashmem
06-09 18:08:49.863 245 245 I HidlServiceManagement: Removing namespace from process name android.hidl.allocator@1.0-service to allocator@1.0-service.
06-09 18:08:49.927 246 246 E cutils-trace: Error opening trace file: No such file or directory (2)
06-09 18:08:49.941 248 248 I android.hardware.camera.provider@2.4-external-service: External camera provider service is starting.
06-09 18:08:49.949 248 248 E cutils-trace: Error opening trace file: No such file or directory (2)
06-09 18:08:49.962 247 247 E cutils-trace: Error opening trace file: No such file or directory (2)
06-09 18:08:49.968 253 253 E cutils-trace: Error opening trace file: No such file or directory (2)
06-09 18:08:49.987 253 253 D Module_SUNXI: hardware/aw/gatekeeper/teeGateKeeper/module_sunxi.cpp 34, trusty_gatekeeper_open
06-09 18:08:49.987 253 253 V SUNXI_TrustyGateKeeper: Gatekeeper_Initialize
06-09 18:08:49.988 209 209 D tee_supplicant: Spawning a new thread
06-09 18:08:49.990 209 209 D tee_supplicant: failed to open the ta /vendor/lib/optee_armtz/2233b43b-cec6-449a-9509-469f5023e425.ta TA-file
06-09 18:08:49.990 209 209 D tee_supplicant: looping
06-09 18:08:49.992 209 209 D tee_supplicant: looping
06-09 18:08:49.992 209 209 D tee_supplicant: failed to open the ta /vendor/lib/optee_armtz/2233b43b-cec6-449a-9509-469f5023e425.ta TA-file
06-09 18:08:49.993 247 247 I HidlServiceManagement: Registered android.hardware.bluetooth@1.0::IBluetoothHci/default
06-09 18:08:49.994 209 267 D tee_supplicant: looping
06-09 18:08:49.996 247 247 I HidlServiceManagement: Removing namespace from process name android.hardware.bluetooth@1.0-service to bluetooth@1.0-service.
06-09 18:08:49.996 209 209 D tee_supplicant: looping
06-09 18:08:50.002 247 247 I LegacySupport: Registration complete for android.hardware.bluetooth@1.0::IBluetoothHci/default.
06-09 18:08:50.005 0 0 I [ C2] random: crng init done
06-09 18:08:50.005 0 0 I [ C2] random: 7 urandom warning(s) missed due to ratelimiting
06-09 18:08:50.014 206 217 I keystore2: keystore2::shared_secret_negotiation: Shared secret negotiation concluded successfully.
06-09 18:08:50.018 206 206 E cutils-trace: Error opening trace file: No such file or directory (2)
06-09 18:08:50.038 240 240 I netd : Creating child chains: 153632us
06-09 18:08:50.038 240 240 I netd : Setting up OEM hooks: 431us
06-09 18:08:50.038 240 240 I netd : Setting up FirewallController hooks: 53us
06-09 18:08:50.046 209 267 D tee_supplicant: looping
06-09 18:08:50.057 240 240 I netd : Setting up TetherController hooks: 19272us
06-09 18:08:50.060 184 184 I hwservicemanager: getTransport: Cannot find entry android.hardware.keymaster@4.0::IKeymasterDevice/default in either framework or device VINTF manifest.
06-09 18:08:50.065 240 240 I netd : Setting up BandwidthController hooks: 7720us
06-09 18:08:50.065 240 240 I netd : Setting up IdletimerController hooks: 237us
06-09 18:08:50.068 184 184 I hwservicemanager: getTransport: Cannot find entry android.hardware.keymaster@3.0::IKeymasterDevice/default in either framework or device VINTF manifest.
06-09 18:08:50.072 254 254 E cutils-trace: Error opening trace file: No such file or directory (2)
