06-09 18:11:27.664 2291 3226 E virtual Data FFDemuxer::read(): read frame failed: Invalid data found when processing input
06-09 18:11:27.664 2291 3226 E virtual Data FFDemuxer::read(): read frame failed: Invalid data found when processing input
06-09 18:11:27.664 2291 3226 E virtual Data FFDemuxer::read(): read frame failed: Invalid data found when processing input
06-09 18:11:27.665 2291 3226 E virtual Data FFDemuxer::read(): read frame failed: Invalid data found when processing input
06-09 18:11:27.665 2291 3226 E virtual Data FFDemuxer::read(): read frame failed: Invalid data found when processing input
06-09 18:11:27.665 2291 3226 E virtual Data FFDemuxer::read(): read frame failed: Invalid data found when processing input
06-09 18:11:27.666 2291 3226 E virtual Data FFDemuxer::read(): read frame failed: Invalid data found when processing input
06-09 18:11:27.666 2291 3226 E virtual Data FFDemuxer::read(): read frame failed: Invalid data found when processing input
06-09 18:11:27.667 2291 3226 E virtual Data FFDemuxer::read(): read frame failed: Invalid data found when processing input
06-09 18:11:27.667 2291 3226 E virtual Data FFDemuxer::read(): read frame failed: Invalid data found when processing input
06-09 18:11:27.668 2291 3226 E virtual Data FFDemuxer::read(): read frame failed: Invalid data found when processing input
06-09 18:11:27.668 2291 3226 E virtual Data FFDemuxer::read(): read frame failed: Invalid data found when processing input
06-09 18:11:27.668 2291 3226 E virtual Data FFDemuxer::read(): read frame failed: Invalid data found when processing input
06-09 18:11:27.668 2291 3226 E virtual Data FFDemuxer::read(): read frame failed: Invalid data found when processing input
06-09 18:11:27.668 2291 3226 E virtual Data FFDemuxer::read(): read frame failed: Invalid data found when processing input
06-09 18:11:27.669 2291 3226 E virtual Data FFDemuxer::read(): read frame failed: Invalid data found when processing input
06-09 18:11:27.669 2291 3226 E virtual Data FFDemuxer::read(): read frame failed: Invalid data found when processing input
06-09 18:11:27.669 2291 3226 E virtual Data FFDemuxer::read(): read frame failed: Invalid data found when processing input
06-09 18:11:27.669 2291 3226 E virtual Data FFDemuxer::read(): read frame failed: Invalid data found when processing input
06-09 18:11:27.670 2291 3226 E virtual Data FFDemuxer::read(): read frame failed: Invalid data found when processing input
06-09 18:11:27.670 2291 3226 E virtual Data FFDemuxer::read(): read frame failed: Invalid data found when processing input
06-09 18:11:27.670 2291 3226 E virtual Data FFDemuxer::read(): read frame failed: Invalid data found when processing input
06-09 18:11:27.670 2291 3226 E virtual Data FFDemuxer::read(): read frame failed: Invalid data found when processing input
06-09 18:11:27.670 2291 3226 E virtual Data FFDemuxer::read(): read frame failed: Invalid data found when processing input
06-09 18:11:27.671 2291 3226 E virtual Data FFDemuxer::read(): read frame failed: Invalid data found when processing input
06-09 18:11:27.671 2291 3226 E virtual Data FFDemuxer::read(): read frame failed: Invalid data found when processing input
06-09 18:11:27.671 2291 3226 E virtual Data FFDemuxer::read(): read frame failed: Invalid data found when processing input
06-09 18:11:27.671 2291 3226 E virtual Data FFDemuxer::read(): read frame failed: Invalid data found when processing input
06-09 18:11:27.672 2291 3226 E virtual Data FFDemuxer::read(): read frame failed: Invalid data found when processing input
06-09 18:11:27.672 2291 3226 E virtual Data FFDemuxer::read(): read frame failed: Invalid data found when processing input
06-09 18:11:27.672 2291 3226 E virtual Data FFDemuxer::read(): read frame failed: Invalid data found when processing input
06-09 18:11:27.672 2291 3226 E virtual Data FFDemuxer::read(): read frame failed: Invalid data found when processing input
06-09 18:11:27.672 2291 3226 E virtual Data FFDemuxer::read(): read frame failed: Invalid data found when processing input
06-09 18:11:27.673 2291 3226 E virtual Data FFDemuxer::read(): read frame failed: Invalid data found when processing input
06-09 18:11:27.673 2291 3226 E virtual Data FFDemuxer::read(): read frame failed: Invalid data found when processing input
06-09 18:11:27.673 2291 3226 E virtual Data FFDemuxer::read(): read frame failed: Invalid data found when processing input
06-09 18:11:27.673 2291 3226 E virtual Data FFDemuxer::read(): read frame failed: Invalid data found when processing input
06-09 18:11:27.673 2291 3226 E virtual Data FFDemuxer::read(): read frame failed: Invalid data found when processing input
06-09 18:11:27.674 2291 3226 E virtual Data FFDemuxer::read(): read frame failed: Invalid data found when processing input
06-09 18:11:27.674 2291 3226 E virtual Data FFDemuxer::read(): read frame failed: Invalid data found when processing input
06-09 18:11:27.674 2291 3226 E virtual Data FFDemuxer::read(): read frame failed: Invalid data found when processing input
06-09 18:11:27.674 2291 3226 E virtual Data FFDemuxer::read(): read frame failed: Invalid data found when processing input
06-09 18:11:27.674 2291 3226 E virtual Data FFDemuxer::read(): read frame failed: Invalid data found when processing input
06-09 18:11:27.675 2291 3226 E virtual Data FFDemuxer::read(): read frame failed: Invalid data found when processing input
06-09 18:11:27.675 2291 3226 E virtual Data FFDemuxer::read(): read frame failed: Invalid data found when processing input
06-09 18:11:27.675 2291 3226 E virtual Data FFDemuxer::read(): read frame failed: Invalid data found when processing input
06-09 18:11:27.675 2291 3226 E virtual Data FFDemuxer::read(): read frame failed: Invalid data found when processing input
06-09 18:11:27.675 2291 3226 E virtual Data FFDemuxer::read(): read frame failed: Invalid data found when processing input
06-09 18:11:27.676 2291 3226 E virtual Data FFDemuxer::read(): read frame failed: Invalid data found when processing input
06-09 18:11:27.676 2291 3226 E virtual Data FFDemuxer::read(): read frame failed: Invalid data found when processing input
06-09 18:11:27.676 2291 3226 E virtual Data FFDemuxer::read(): read frame failed: Invalid data found when processing input
06-09 18:11:27.676 2291 3226 E virtual Data FFDemuxer::read(): read frame failed: Invalid data found when processing input
06-09 18:11:27.677 2291 3226 E virtual Data FFDemuxer::read(): read frame failed: Invalid data found when processing input
06-09 18:11:27.677 2291 3226 E virtual Data FFDemuxer::read(): read frame failed: Invalid data found when processing input
06-09 18:11:27.677 2291 3226 E virtual Data FFDemuxer::read(): read frame failed: Invalid data found when processing input
06-09 18:11:27.677 2291 3226 E virtual Data FFDemuxer::read(): read frame failed: Invalid data found when processing input
06-09 18:11:27.677 2291 3226 E virtual Data FFDemuxer::read(): read frame failed: Invalid data found when processing input
06-09 18:11:27.678 2291 3226 E virtual Data FFDemuxer::read(): read frame failed: Invalid data found when processing input
06-09 18:11:27.678 2291 3226 E virtual Data FFDemuxer::read(): read frame failed: Invalid data found when processing input
06-09 18:11:27.678 2291 3226 E virtual Data FFDemuxer::read(): read frame failed: Invalid data found when processing input
06-09 18:11:27.678 2291 3226 E virtual Data FFDemuxer::read(): read frame failed: Invalid data found when processing input
06-09 18:11:27.678 2291 3226 E virtual Data FFDemuxer::read(): read frame failed: Invalid data found when processing input
06-09 18:11:27.679 2291 3226 E virtual Data FFDemuxer::read(): read frame failed: Invalid data found when processing input
06-09 18:11:27.679 2291 3226 E virtual Data FFDemuxer::read(): read frame failed: Invalid data found when processing input
06-09 18:11:27.679 2291 3226 E virtual Data FFDemuxer::read(): read frame failed: Invalid data found when processing input
06-09 18:11:27.679 2291 3226 E virtual Data FFDemuxer::read(): read frame failed: Invalid data found when processing input
06-09 18:11:27.680 2291 3226 E virtual Data FFDemuxer::read(): read frame failed: Invalid data found when processing input
06-09 18:11:27.680 2291 3226 E virtual Data FFDemuxer::read(): read frame failed: Invalid data found when processing input
06-09 18:11:27.680 2291 3226 E virtual Data FFDemuxer::read(): read frame failed: Invalid data found when processing input
06-09 18:11:27.680 2291 3226 E virtual Data FFDemuxer::read(): read frame failed: Invalid data found when processing input
06-09 18:11:27.681 2291 3226 E virtual Data FFDemuxer::read(): read frame failed: Invalid data found when processing input
06-09 18:11:27.681 2291 3226 E virtual Data FFDemuxer::read(): read frame failed: Invalid data found when processing input
06-09 18:11:27.681 2291 3226 E virtual Data FFDemuxer::read(): read frame failed: Invalid data found when processing input
06-09 18:11:27.681 2291 3226 E virtual Data FFDemuxer::read(): read frame failed: Invalid data found when processing input
06-09 18:11:27.681 2291 3226 E virtual Data FFDemuxer::read(): read frame failed: Invalid data found when processing input
06-09 18:11:27.682 2291 3226 E virtual Data FFDemuxer::read(): read frame failed: Invalid data found when processing input
06-09 18:11:27.682 2291 3226 E virtual Data FFDemuxer::read(): read frame failed: Invalid data found when processing input
06-09 18:11:27.682 2291 3226 E virtual Data FFDemuxer::read(): read frame failed: Invalid data found when processing input
06-09 18:11:27.682 2291 3226 E virtual Data FFDemuxer::read(): read frame failed: Invalid data found when processing input
06-09 18:11:27.682 2291 3226 E virtual Data FFDemuxer::read(): read frame failed: Invalid data found when processing input
06-09 18:11:27.683 2291 3226 E virtual Data FFDemuxer::read(): read frame failed: Invalid data found when processing input
06-09 18:11:27.683 2291 3226 E virtual Data FFDemuxer::read(): read frame failed: Invalid data found when processing input
06-09 18:11:27.683 2291 3226 E virtual Data FFDemuxer::read(): read frame failed: Invalid data found when processing input
06-09 18:11:27.683 2291 3226 E virtual Data FFDemuxer::read(): read frame failed: Invalid data found when processing input
06-09 18:11:27.683 2291 3226 E virtual Data FFDemuxer::read(): read frame failed: Invalid data found when processing input
06-09 18:11:27.684 2291 3226 E virtual Data FFDemuxer::read(): read frame failed: Invalid data found when processing input
06-09 18:11:27.684 2291 3226 E virtual Data FFDemuxer::read(): read frame failed: Invalid data found when processing input
06-09 18:11:27.684 2291 3226 E virtual Data FFDemuxer::read(): read frame failed: Invalid data found when processing input
06-09 18:11:27.684 2291 3226 E virtual Data FFDemuxer::read(): read frame failed: Invalid data found when processing input
06-09 18:11:27.685 2291 3226 E virtual Data FFDemuxer::read(): read frame failed: Invalid data found when processing input
06-09 18:11:27.685 2291 3226 E virtual Data FFDemuxer::read(): read frame failed: Invalid data found when processing input
06-09 18:11:27.685 2291 3226 E virtual Data FFDemuxer::read(): read frame failed: Invalid data found when processing input
06-09 18:11:27.685 2291 3226 E virtual Data FFDemuxer::read(): read frame failed: Invalid data found when processing input
06-09 18:11:27.685 2291 3226 E virtual Data FFDemuxer::read(): read frame failed: Invalid data found when processing input
06-09 18:11:27.686 2291 3226 E virtual Data FFDemuxer::read(): read frame failed: Invalid data found when processing input
06-09 18:11:27.686 2291 3226 E virtual Data FFDemuxer::read(): read frame failed: Invalid data found when processing input
06-09 18:11:27.686 2291 3226 E virtual Data FFDemuxer::read(): read frame failed: Invalid data found when processing input
06-09 18:11:27.686 2291 3226 E virtual Data FFDemuxer::read(): read frame failed: Invalid data found when processing input
06-09 18:11:27.686 2291 3226 E virtual Data FFDemuxer::read(): read frame failed: Invalid data found when processing input
06-09 18:11:27.687 2291 3226 E virtual Data FFDemuxer::read(): read frame failed: Invalid data found when processing input
06-09 18:11:27.687 2291 3226 E virtual Data FFDemuxer::read(): read frame failed: Invalid data found when processing input
06-09 18:11:27.687 2291 3226 E virtual Data FFDemuxer::read(): read frame failed: Invalid data found when processing input
06-09 18:11:27.687 2291 3226 E virtual Data FFDemuxer::read(): read frame failed: Invalid data found when processing input
06-09 18:11:27.687 2291 3226 E virtual Data FFDemuxer::read(): read frame failed: Invalid data found when processing input
06-09 18:11:27.688 2291 3226 E virtual Data FFDemuxer::read(): read frame failed: Invalid data found when processing input
06-09 18:11:27.688 2291 3226 E virtual Data FFDemuxer::read(): read frame failed: Invalid data found when processing input
06-09 18:11:27.688 2291 3226 E virtual Data FFDemuxer::read(): read frame failed: Invalid data found when processing input
06-09 18:11:27.688 2291 3226 E virtual Data FFDemuxer::read(): read frame failed: Invalid data found when processing input
06-09 18:11:27.689 2291 3226 E virtual Data FFDemuxer::read(): read frame failed: Invalid data found when processing input
06-09 18:11:27.689 2291 3226 E virtual Data FFDemuxer::read(): read frame failed: Invalid data found when processing input
06-09 18:11:27.689 2291 3226 E virtual Data FFDemuxer::read(): read frame failed: Invalid data found when processing input
06-09 18:11:27.689 2291 3226 E virtual Data FFDemuxer::read(): read frame failed: Invalid data found when processing input
06-09 18:11:27.689 2291 3226 E virtual Data FFDemuxer::read(): read frame failed: Invalid data found when processing input
06-09 18:11:27.690 2291 3226 E virtual Data FFDemuxer::read(): read frame failed: Invalid data found when processing input
06-09 18:11:27.690 2291 3226 E virtual Data FFDemuxer::read(): read frame failed: Invalid data found when processing input
06-09 18:11:27.690 2291 3226 E virtual Data FFDemuxer::read(): read frame failed: Invalid data found when processing input
06-09 18:11:27.690 2291 3226 E virtual Data FFDemuxer::read(): read frame failed: Invalid data found when processing input
06-09 18:11:27.691 2291 3226 E virtual Data FFDemuxer::read(): read frame failed: Invalid data found when processing input
06-09 18:11:27.691 2291 3226 E virtual Data FFDemuxer::read(): read frame failed: Invalid data found when processing input
06-09 18:11:27.691 2291 3226 E virtual Data FFDemuxer::read(): read frame failed: Invalid data found when processing input
06-09 18:11:27.691 2291 3226 E virtual Data FFDemuxer::read(): read frame failed: Invalid data found when processing input
06-09 18:11:27.691 2291 3226 E virtual Data FFDemuxer::read(): read frame failed: Invalid data found when processing input
06-09 18:11:27.692 2291 3226 E virtual Data FFDemuxer::read(): read frame failed: Invalid data found when processing input
06-09 18:11:27.692 2291 3226 E virtual Data FFDemuxer::read(): read frame failed: Invalid data found when processing input
06-09 18:11:27.692 2291 3226 E virtual Data FFDemuxer::read(): read frame failed: Invalid data found when processing input
06-09 18:11:27.692 2291 3226 E virtual Data FFDemuxer::read(): read frame failed: Invalid data found when processing input
06-09 18:11:27.692 2291 3226 E virtual Data FFDemuxer::read(): read frame failed: Invalid data found when processing input
06-09 18:11:27.693 2291 3226 E virtual Data FFDemuxer::read(): read frame failed: Invalid data found when processing input
06-09 18:11:27.693 2291 3226 E virtual Data FFDemuxer::read(): read frame failed: Invalid data found when processing input
06-09 18:11:27.693 2291 3226 E virtual Data FFDemuxer::read(): read frame failed: Invalid data found when processing input
06-09 18:11:27.693 2291 3226 E virtual Data FFDemuxer::read(): read frame failed: Invalid data found when processing input
06-09 18:11:27.693 2291 3226 E virtual Data FFDemuxer::read(): read frame failed: Invalid data found when processing input
06-09 18:11:27.694 2291 3226 E virtual Data FFDemuxer::read(): read frame failed: Invalid data found when processing input
06-09 18:11:27.694 2291 3226 E virtual Data FFDemuxer::read(): read frame failed: Invalid data found when processing input
06-09 18:11:27.694 2291 3226 E virtual Data FFDemuxer::read(): read frame failed: Invalid data found when processing input
06-09 18:11:27.694 2291 3226 E virtual Data FFDemuxer::read(): read frame failed: Invalid data found when processing input
06-09 18:11:27.695 2291 3226 E virtual Data FFDemuxer::read(): read frame failed: Invalid data found when processing input
06-09 18:11:27.695 2291 3226 E virtual Data FFDemuxer::read(): read frame failed: Invalid data found when processing input
06-09 18:11:27.695 2291 3226 E virtual Data FFDemuxer::read(): read frame failed: Invalid data found when processing input
06-09 18:11:27.695 2291 3226 E virtual Data FFDemuxer::read(): read frame failed: Invalid data found when processing input
06-09 18:11:27.695 2291 3226 E virtual Data FFDemuxer::read(): read frame failed: Invalid data found when processing input
06-09 18:11:27.696 2291 3226 E virtual Data FFDemuxer::read(): read frame failed: Invalid data found when processing input
06-09 18:11:27.696 2291 3226 E virtual Data FFDemuxer::read(): read frame failed: Invalid data found when processing input
06-09 18:11:27.696 2291 3226 E virtual Data FFDemuxer::read(): read frame failed: Invalid data found when processing input
06-09 18:11:27.696 2291 3226 E virtual Data FFDemuxer::read(): read frame failed: Invalid data found when processing input
06-09 18:11:27.696 2291 3226 E virtual Data FFDemuxer::read(): read frame failed: Invalid data found when processing input
06-09 18:11:27.697 2291 3226 E virtual Data FFDemuxer::read(): read frame failed: Invalid data found when processing input
06-09 18:11:27.697 2291 3226 E virtual Data FFDemuxer::read(): read frame failed: Invalid data found when processing input
06-09 18:11:27.697 2291 3226 E virtual Data FFDemuxer::read(): read frame failed: Invalid data found when processing input
06-09 18:11:27.697 2291 3226 E virtual Data FFDemuxer::read(): read frame failed: Invalid data found when processing input
06-09 18:11:27.697 2291 3226 E virtual Data FFDemuxer::read(): read frame failed: Invalid data found when processing input
06-09 18:11:27.698 2291 3226 E virtual Data FFDemuxer::read(): read frame failed: Invalid data found when processing input
06-09 18:11:27.698 2291 3226 E virtual Data FFDemuxer::read(): read frame failed: Invalid data found when processing input
06-09 18:11:27.698 2291 3226 E virtual Data FFDemuxer::read(): read frame failed: Invalid data found when processing input
06-09 18:11:27.698 2291 3226 E virtual Data FFDemuxer::read(): read frame failed: Invalid data found when processing input
06-09 18:11:27.699 2291 3226 E virtual Data FFDemuxer::read(): read frame failed: Invalid data found when processing input
06-09 18:11:27.699 2291 3226 E virtual Data FFDemuxer::read(): read frame failed: Invalid data found when processing input
06-09 18:11:27.699 2291 3226 E virtual Data FFDemuxer::read(): read frame failed: Invalid data found when processing input
06-09 18:11:27.699 2291 3226 E virtual Data FFDemuxer::read(): read frame failed: Invalid data found when processing input
06-09 18:11:27.700 2291 3226 E virtual Data FFDemuxer::read(): read frame failed: Invalid data found when processing input
06-09 18:11:27.700 2291 3226 E virtual Data FFDemuxer::read(): read frame failed: Invalid data found when processing input
06-09 18:11:27.700 2291 3226 E virtual Data FFDemuxer::read(): read frame failed: Invalid data found when processing input
06-09 18:11:27.700 2291 3226 E virtual Data FFDemuxer::read(): read frame failed: Invalid data found when processing input
06-09 18:11:27.700 2291 3226 E virtual Data FFDemuxer::read(): read frame failed: Invalid data found when processing input
06-09 18:11:27.701 2291 3226 E virtual Data FFDemuxer::read(): read frame failed: Invalid data found when processing input
06-09 18:11:27.701 2291 3226 E virtual Data FFDemuxer::read(): read frame failed: Invalid data found when processing input
06-09 18:11:27.701 2291 3226 E virtual Data FFDemuxer::read(): read frame failed: Invalid data found when processing input
06-09 18:11:27.701 2291 3226 E virtual Data FFDemuxer::read(): read frame failed: Invalid data found when processing input
06-09 18:11:27.702 2291 3226 E virtual Data FFDemuxer::read(): read frame failed: Invalid data found when processing input
06-09 18:11:27.702 2291 3226 E virtual Data FFDemuxer::read(): read frame failed: Invalid data found when processing input
06-09 18:11:27.702 2291 3226 E virtual Data FFDemuxer::read(): read frame failed: Invalid data found when processing input
06-09 18:11:27.703 2291 3226 E virtual Data FFDemuxer::read(): read frame failed: Invalid data found when processing input
06-09 18:11:27.703 2291 3226 E virtual Data FFDemuxer::read(): read frame failed: Invalid data found when processing input
06-09 18:11:27.703 2291 3226 E virtual Data FFDemuxer::read(): read frame failed: Invalid data found when processing input
06-09 18:11:27.703 2291 3226 E virtual Data FFDemuxer::read(): read frame failed: Invalid data found when processing input
06-09 18:11:27.704 2291 3226 E virtual Data FFDemuxer::read(): read frame failed: Invalid data found when processing input
06-09 18:11:27.704 2291 3226 E virtual Data FFDemuxer::read(): read frame failed: Invalid data found when processing input
06-09 18:11:27.704 2291 3226 E virtual Data FFDemuxer::read(): read frame failed: Invalid data found when processing input
06-09 18:11:27.704 2291 3226 E virtual Data FFDemuxer::read(): read frame failed: Invalid data found when processing input
06-09 18:11:27.705 2291 3226 E virtual Data FFDemuxer::read(): read frame failed: Invalid data found when processing input
06-09 18:11:27.705 2291 3226 E virtual Data FFDemuxer::read(): read frame failed: Invalid data found when processing input
06-09 18:11:27.705 2291 3226 E virtual Data FFDemuxer::read(): read frame failed: Invalid data found when processing input
06-09 18:11:27.705 2291 3226 E virtual Data FFDemuxer::read(): read frame failed: Invalid data found when processing input
06-09 18:11:27.705 2291 3226 E virtual Data FFDemuxer::read(): read frame failed: Invalid data found when processing input
06-09 18:11:27.706 2291 3226 E virtual Data FFDemuxer::read(): read frame failed: Invalid data found when processing input
06-09 18:11:27.706 2291 3226 E virtual Data FFDemuxer::read(): read frame failed: Invalid data found when processing input
06-09 18:11:27.706 2291 3226 E virtual Data FFDemuxer::read(): read frame failed: Invalid data found when processing input
06-09 18:11:27.706 2291 3226 E virtual Data FFDemuxer::read(): read frame failed: Invalid data found when processing input
06-09 18:11:27.707 2291 3226 E virtual Data FFDemuxer::read(): read frame failed: Invalid data found when processing input
06-09 18:11:27.707 2291 3226 E virtual Data FFDemuxer::read(): read frame failed: Invalid data found when processing input
06-09 18:11:27.707 2291 3226 E virtual Data FFDemuxer::read(): read frame failed: Invalid data found when processing input
06-09 18:11:27.707 2291 3226 E virtual Data FFDemuxer::read(): read frame failed: Invalid data found when processing input
06-09 18:11:27.707 2291 3226 E virtual Data FFDemuxer::read(): read frame failed: Invalid data found when processing input
06-09 18:11:27.708 2291 3226 E virtual Data FFDemuxer::read(): read frame failed: Invalid data found when processing input
06-09 18:11:27.708 2291 3226 E virtual Data FFDemuxer::read(): read frame failed: Invalid data found when processing input
06-09 18:11:27.708 2291 3226 E virtual Data FFDemuxer::read(): read frame failed: Invalid data found when processing input
06-09 18:11:27.708 2291 3226 E virtual Data FFDemuxer::read(): read frame failed: Invalid data found when processing input
06-09 18:11:27.709 2291 3226 E virtual Data FFDemuxer::read(): read frame failed: Invalid data found when processing input
06-09 18:11:27.709 2291 3226 E virtual Data FFDemuxer::read(): read frame failed: Invalid data found when processing input
06-09 18:11:27.709 2291 3226 E virtual Data FFDemuxer::read(): read frame failed: Invalid data found when processing input
06-09 18:11:27.709 2291 3226 E virtual Data FFDemuxer::read(): read frame failed: Invalid data found when processing input
06-09 18:11:27.709 2291 3226 E virtual Data FFDemuxer::read(): read frame failed: Invalid data found when processing input
06-09 18:11:27.710 2291 3226 E virtual Data FFDemuxer::read(): read frame failed: Invalid data found when processing input
06-09 18:11:27.710 2291 3226 E virtual Data FFDemuxer::read(): read frame failed: Invalid data found when processing input
06-09 18:11:27.710 2291 3226 E virtual Data FFDemuxer::read(): read frame failed: Invalid data found when processing input
06-09 18:11:27.710 2291 3226 E virtual Data FFDemuxer::read(): read frame failed: Invalid data found when processing input
06-09 18:11:27.711 2291 3226 E virtual Data FFDemuxer::read(): read frame failed: Invalid data found when processing input
06-09 18:11:27.711 2291 3226 E virtual Data FFDemuxer::read(): read frame failed: Invalid data found when processing input
06-09 18:11:27.711 2291 3226 E virtual Data FFDemuxer::read(): read frame failed: Invalid data found when processing input
06-09 18:11:27.711 2291 3226 E virtual Data FFDemuxer::read(): read frame failed: Invalid data found when processing input
06-09 18:11:27.712 2291 3226 E virtual Data FFDemuxer::read(): read frame failed: Invalid data found when processing input
06-09 18:11:27.712 2291 3226 E virtual Data FFDemuxer::read(): read frame failed: Invalid data found when processing input
06-09 18:11:27.712 2291 3226 E virtual Data FFDemuxer::read(): read frame failed: Invalid data found when processing input
06-09 18:11:27.712 2291 3226 E virtual Data FFDemuxer::read(): read frame failed: Invalid data found when processing input
06-09 18:11:27.712 2291 3226 E virtual Data FFDemuxer::read(): read frame failed: Invalid data found when processing input
06-09 18:11:27.713 2291 3226 E virtual Data FFDemuxer::read(): read frame failed: Invalid data found when processing input
06-09 18:11:27.713 2291 3226 E virtual Data FFDemuxer::read(): read frame failed: Invalid data found when processing input
06-09 18:11:27.713 2291 3226 E virtual Data FFDemuxer::read(): read frame failed: Invalid data found when processing input
06-09 18:11:27.713 2291 3226 E virtual Data FFDemuxer::read(): read frame failed: Invalid data found when processing input
06-09 18:11:27.714 2291 3226 E virtual Data FFDemuxer::read(): read frame failed: Invalid data found when processing input
06-09 18:11:27.714 2291 3226 E virtual Data FFDemuxer::read(): read frame failed: Invalid data found when processing input
06-09 18:11:27.714 2291 3226 E virtual Data FFDemuxer::read(): read frame failed: Invalid data found when processing input
06-09 18:11:27.714 2291 3226 E virtual Data FFDemuxer::read(): read frame failed: Invalid data found when processing input
06-09 18:11:27.714 2291 3226 E virtual Data FFDemuxer::read(): read frame failed: Invalid data found when processing input
06-09 18:11:27.715 2291 3226 E virtual Data FFDemuxer::read(): read frame failed: Invalid data found when processing input
06-09 18:11:27.715 2291 3226 E virtual Data FFDemuxer::read(): read frame failed: Invalid data found when processing input
06-09 18:11:27.715 2291 3226 E virtual Data FFDemuxer::read(): read frame failed: Invalid data found when processing input
06-09 18:11:27.715 2291 3226 E virtual Data FFDemuxer::read(): read frame failed: Invalid data found when processing input
06-09 18:11:27.715 2291 3226 E virtual Data FFDemuxer::read(): read frame failed: Invalid data found when processing input
06-09 18:11:27.716 2291 3226 E virtual Data FFDemuxer::read(): read frame failed: Invalid data found when processing input
06-09 18:11:27.716 2291 3226 E virtual Data FFDemuxer::read(): read frame failed: Invalid data found when processing input
06-09 18:11:27.716 2291 3226 E virtual Data FFDemuxer::read(): read frame failed: Invalid data found when processing input
06-09 18:11:27.716 2291 3226 E virtual Data FFDemuxer::read(): read frame failed: Invalid data found when processing input
06-09 18:11:27.716 2291 3226 E virtual Data FFDemuxer::read(): read frame failed: Invalid data found when processing input
06-09 18:11:27.717 2291 3226 E virtual Data FFDemuxer::read(): read frame failed: Invalid data found when processing input
06-09 18:11:27.717 2291 3226 E virtual Data FFDemuxer::read(): read frame failed: Invalid data found when processing input
06-09 18:11:27.717 2291 3226 E virtual Data FFDemuxer::read(): read frame failed: Invalid data found when processing input
06-09 18:11:27.717 2291 3226 E virtual Data FFDemuxer::read(): read frame failed: Invalid data found when processing input
06-09 18:11:27.717 2291 3226 E virtual Data FFDemuxer::read(): read frame failed: Invalid data found when processing input
06-09 18:11:27.718 2291 3226 E virtual Data FFDemuxer::read(): read frame failed: Invalid data found when processing input
06-09 18:11:27.718 2291 3226 E virtual Data FFDemuxer::read(): read frame failed: Invalid data found when processing input
06-09 18:11:27.718 2291 3226 E virtual Data FFDemuxer::read(): read frame failed: Invalid data found when processing input
06-09 18:11:27.740 320 2664 D XM_HIDREAD: poll ret=1, event=1
06-09 18:11:27.740 320 2664 D XM_HIDREAD: [9 bytes]:01 00 00 00 00 00 00 00 00
06-09 18:11:27.740 475 595 D TvWindowManager: key event key = KEYCODE_DPAD_RIGHT down = false
06-09 18:11:27.742 2051 2051 I SogouIME: onKeyUp: keyoCode=22
06-09 18:11:27.742 2051 2051 I DefaultIMS: onKeyUp: keyoCode=22
06-09 18:11:27.745 2291 3197 D LeradPlayer: seek: 489925
06-09 18:11:27.745 2291 3197 I void PlayerProxy::seek(long, int64_t): start seek
06-09 18:11:27.755 2291 3197 I void Player::seek(int64_t): seek start
06-09 18:11:27.755 2291 3197 I void IDemuxer::setState(int): newState:5 oldState:4
06-09 18:11:27.755 2291 3197 I virtual void IDemuxer::pause(bool): pause success 1
06-09 18:11:27.755 2291 3197 I void IDecoder::setState(int): newState:5 oldState:2
06-09 18:11:27.755 2291 3197 I virtual void IDecoder::pause(bool): pause success: 1
06-09 18:11:27.755 2291 3197 I void IDecoder::setState(int): newState:5 oldState:2
06-09 18:11:27.755 2291 3197 I virtual void IDecoder::pause(bool): pause success: 1
06-09 18:11:27.755 2291 3197 I void Player::seek(int64_t): clear buffer before seek
06-09 18:11:27.755 2291 3197 I virtual void IAudioOutput::clear(): clear success
06-09 18:11:27.755 2291 3197 I void IDecoder::setState(int): newState:0 oldState:5
06-09 18:11:27.755 2291 3197 I virtual void IDecoder::clear(): clear success 1
06-09 18:11:27.755 2291 3197 I virtual void FFAVDecoder::clear(): clear success: 1
06-09 18:11:27.755 2291 3197 I void IDecoder::setState(int): newState:0 oldState:5
06-09 18:11:27.755 2291 3197 I virtual void IDecoder::clear(): clear success 2
06-09 18:11:27.756 360 3220 D omx_thread: : ++++++++++suspend, drain
06-09 18:11:27.756 360 3232 D omx_thread: : post stop run sem drain
06-09 18:11:27.756 360 3220 D omx_thread: : ++++++++wait stop-run sem done: drain
06-09 18:11:27.756 360 3220 D omx_thread: : ++++++++++suspend, decode
06-09 18:11:27.757 360 3231 D omx_thread: : post stop run sem decode
06-09 18:11:27.757 360 3220 D omx_thread: : ++++++++wait stop-run sem done: decode
06-09 18:11:27.757 360 3220 D omx_thread: : ++++++++++suspend, submit
06-09 18:11:27.758 360 3230 D omx_thread: : post stop run sem submit
06-09 18:11:27.758 360 3220 D omx_thread: : ++++++++wait stop-run sem done: submit
06-09 18:11:27.758 360 3220 D omx_vdec: : flush command, portIdx:4294967295
06-09 18:11:27.758 360 3220 D omx_vdec_aw: <__anFlush:3468>: decoder flush
06-09 18:11:27.759 360 3220 D cedarc : : ** wait for reset sem
06-09 18:11:27.775 360 3229 D cedarc : : *** post reset sem
06-09 18:11:27.775 360 3220 D cedarc : : ** wait for reset sem ok
06-09 18:11:27.775 360 3220 D cedarc : : SbmFrameReset finish
06-09 18:11:27.775 360 3220 D omx_vdec_aw: : ** fillBufferDone owned by decoer i[0],pHeadBufInfo[0xe8c1daa0],pPic[0xe8910b68]
06-09 18:11:27.775 360 3220 D omx_vdec_aw: : ** fillBufferDone owned by decoer i[1],pHeadBufInfo[0xe8c1daf0],pPic[0xe89112b8]
06-09 18:11:27.775 360 3220 D omx_vdec_aw: : ** fillBufferDone owned by decoer i[2],pHeadBufInfo[0xe8c1db40],pPic[0xe89108f8]
06-09 18:11:27.775 360 3220 D omx_vdec_aw: : ** fillBufferDone owned by decoer i[3],pHeadBufInfo[0xe8c1dbe0],pPic[0xe89113f0]
06-09 18:11:27.775 360 3220 D omx_vdec_aw: : ** fillBufferDone owned by decoer i[4],pHeadBufInfo[0xe8c1dc30],pPic[0xe8910dd8]
06-09 18:11:27.775 360 3220 D omx_vdec_aw: : ** fillBufferDone owned by decoer i[5],pHeadBufInfo[0xe8c1dc80],pPic[0xe8910688]
06-09 18:11:27.775 360 3220 D omx_vdec_aw: : ** fillBufferDone owned by decoer i[6],pHeadBufInfo[0xe8c1dcd0],pPic[0xe8911048]
06-09 18:11:27.775 360 3220 D omx_vdec_aw: : ** fillBufferDone owned by decoer i[7],pHeadBufInfo[0xe8c1dd20],pPic[0xe8910418]
06-09 18:11:27.775 360 3220 D omx_vdec_aw: : ** fillBufferDone owned by decoer i[8],pHeadBufInfo[0xe8c1ddc0],pPic[0xe8910550]
06-09 18:11:27.775 360 3220 D omx_vdec_aw: : ** fillBufferDone owned by decoer i[9],pHeadBufInfo[0xe8c1de10],pPic[0xe89107c0]
06-09 18:11:27.775 360 3220 E cedarc : : CdcIonUnmap failed: Invalid argument
06-09 18:11:27.775 360 3220 E cedarc : 
06-09 18:11:27.775 360 3220 E cedarc : : CdcIonUnmap failed: Invalid argument
06-09 18:11:27.775 360 3220 E cedarc : 
06-09 18:11:27.775 360 3220 E cedarc : : CdcIonUnmap failed: Invalid argument
06-09 18:11:27.775 360 3220 E cedarc : 
06-09 18:11:27.775 360 3220 E cedarc : : CdcIonUnmap failed: Invalid argument
06-09 18:11:27.775 360 3220 E cedarc : 
06-09 18:11:27.775 360 3220 E cedarc : : CdcIonUnmap failed: Invalid argument
06-09 18:11:27.775 360 3220 E cedarc : 
06-09 18:11:27.775 360 3220 E cedarc : : CdcIonUnmap failed: Invalid argument
06-09 18:11:27.775 360 3220 E cedarc : 
06-09 18:11:27.775 360 3220 E cedarc : : CdcIonUnmap failed: Invalid argument
06-09 18:11:27.775 360 3220 E cedarc : 
06-09 18:11:27.775 360 3220 E cedarc : : CdcIonUnmap failed: Invalid argument
06-09 18:11:27.775 360 3220 E cedarc : 
06-09 18:11:27.776 360 3220 E cedarc : : CdcIonUnmap failed: Invalid argument
06-09 18:11:27.776 360 3220 E cedarc : 
06-09 18:11:27.776 360 3220 E cedarc : : CdcIonUnmap failed: Invalid argument
06-09 18:11:27.776 360 3220 E cedarc : 
06-09 18:11:27.776 360 3220 D fbm.c : : FbmDequeue from pEmptyBufferQueue is null!!!!!
06-09 18:11:27.776 360 3220 D omx_thread: : ++++++++++resume, submit
06-09 18:11:27.776 360 3220 D omx_thread: : ++++++++++resume, decode
06-09 18:11:27.776 360 3220 D omx_thread: : ++++++++++resume, drain
06-09 18:11:27.776 2291 3197 I virtual void MediaDecoder::clear(): clear success 2
06-09 18:11:27.776 2291 3197 I virtual int FFDemuxer::seek(int64_t): start
06-09 18:11:27.776 2291 3197 I void IDemuxer::setState(int): newState:0 oldState:5
06-09 18:11:27.776 2291 3197 I virtual void IDemuxer::clear(): clear success
06-09 18:11:27.776 2291 3197 I virtual int FFDemuxer::seek(int64_t): demuxer lock
06-09 18:11:27.777 2291 3197 I virtual int FFDemuxer::seek(int64_t): demuxer unlock
06-09 18:11:27.777 2291 3197 I virtual int FFDemuxer::seek(int64_t): seek end
06-09 18:11:27.777 2291 3197 I void IDecoder::setState(int): newState:2 oldState:0
06-09 18:11:27.777 2291 3197 I virtual void IDecoder::pause(bool): pause success: 0
06-09 18:11:27.777 2291 3197 I void IDecoder::setState(int): newState:2 oldState:0
06-09 18:11:27.777 2291 3197 I virtual void IDecoder::pause(bool): pause success: 0
06-09 18:11:27.777 2291 3197 I void IDemuxer::setState(int): newState:2 oldState:0
06-09 18:11:27.777 2291 3197 I virtual void IDemuxer::pause(bool): pause success 0
06-09 18:11:27.777 2291 3197 I void Player::seek(int64_t): seek result: 0
06-09 18:11:27.830 320 2664 D XM_HIDREAD: poll ret=1, event=1
06-09 18:11:27.830 320 2664 D XM_HIDREAD: [9 bytes]:01 00 00 4F 00 00 00 00 00
06-09 18:11:27.830 475 595 D TvWindowManager: key event key = KEYCODE_DPAD_RIGHT down = true
06-09 18:11:27.832 475 594 D GpioService: mFlickerEnable = true
06-09 18:11:27.833 2051 2051 I SogouIME: onKeyDown: keyoCode=22
06-09 18:11:27.833 2051 2051 I DefaultIMS: onKeyDown: keyoCode=22
06-09 18:11:27.854 2291 3226 I void IDemuxer::setState(int): newState:4 oldState:2
06-09 18:11:27.857 2291 3225 I void IDecoder::setState(int): newState:4 oldState:2
06-09 18:11:27.888 475 518 W IorapForwardingService: No service published for: iorapd
06-09 18:11:27.965 320 2664 D XM_HIDREAD: poll ret=1, event=1
06-09 18:11:27.966 320 2664 D XM_HIDREAD: [9 bytes]:01 00 00 00 00 00 00 00 00
06-09 18:11:27.966 360 3232 D omx_vdec_aw: : video pts(485.023)
06-09 18:11:27.967 475 595 D TvWindowManager: key event key = KEYCODE_DPAD_RIGHT down = false
06-09 18:11:27.969 2291 3228 I void IDecoder::setState(int): newState:4 oldState:2
06-09 18:11:27.970 2051 2051 I SogouIME: onKeyUp: keyoCode=22
06-09 18:11:27.970 2051 2051 I DefaultIMS: onKeyUp: keyoCode=22
06-09 18:11:27.970 2291 3227 I void Player::setState(PLAYER_STATE): state changed newState: 3 oldState: 5
06-09 18:11:27.970 2291 3227 D LeradPlayer: player newState: 3 oldState: 5
06-09 18:11:27.973 2291 2291 E VideoPlayerView: onStateChanged: PLAYER_STATE_PLAYING
06-09 18:11:27.977 2291 2291 E d : onVideoStart:
06-09 18:11:27.981 2291 3227 E LeradPlayer: onError: -1007 extra: 0
06-09 18:11:27.986 2291 3227 E LeradPlayer: onError: -1007 extra: 0
06-09 18:11:27.992 2291 3197 D LeradPlayer: seek: 499925
06-09 18:11:27.992 2291 3197 I void PlayerProxy::seek(long, int64_t): start seek
06-09 18:11:27.994 2291 2291 E VideoPlayerView: onError----code:-1007__extra:0
06-09 18:11:27.994 2291 3227 E LeradPlayer: onError: -1007 extra: 0
06-09 18:11:27.994 2291 2291 E VideoPlayerView: Errors.ERROR_BUFFER_EMPTY
06-09 18:11:27.994 2291 2291 E VideoPlayerView: onBufferEmpty
06-09 18:11:27.994 2291 2291 I void PlayerProxy::pause(long, bool): start pause
06-09 18:11:27.994 2291 2291 I void IDecoder::setState(int): newState:5 oldState:4
06-09 18:11:27.994 2291 2291 I virtual void IDecoder::pause(bool): pause success: 1
06-09 18:11:27.994 2291 2291 I void IDecoder::setState(int): newState:5 oldState:4
06-09 18:11:27.994 2291 2291 I virtual void IDecoder::pause(bool): pause success: 1
06-09 18:11:27.994 2291 2291 I void Player::pause(bool): pause success: 1
06-09 18:11:27.995 2291 3226 E static int FFDemuxer::interruptCallBack(void *): abort request
06-09 18:11:27.996 2291 3226 E virtual Data FFDemuxer::read(): read frame failed: Invalid data found when processing input
06-09 18:11:27.996 2291 3226 E virtual Data FFDemuxer::read(): read frame failed: Invalid data found when processing input
06-09 18:11:27.996 2291 3226 E virtual Data FFDemuxer::read(): read frame failed: Invalid data found when processing input
06-09 18:11:27.997 2291 3226 E virtual Data FFDemuxer::read(): read frame failed: Invalid data found when processing input
06-09 18:11:27.997 2291 3226 E virtual Data FFDemuxer::read(): read frame failed: Invalid data found when processing input
06-09 18:11:27.997 2291 3226 E virtual Data FFDemuxer::read(): read frame failed: Invalid data found when processing input
06-09 18:11:27.997 2291 3226 E virtual Data FFDemuxer::read(): read frame failed: Invalid data found when processing input
06-09 18:11:27.998 2291 3226 E virtual Data FFDemuxer::read(): read frame failed: Invalid data found when processing input
06-09 18:11:27.998 2291 3226 E virtual Data FFDemuxer::read(): read frame failed: Invalid data found when processing input
06-09 18:11:27.998 2291 3226 E virtual Data FFDemuxer::read(): read frame failed: Invalid data found when processing input
06-09 18:11:27.998 2291 3226 E virtual Data FFDemuxer::read(): read frame failed: Invalid data found when processing input
06-09 18:11:27.998 2291 3226 E virtual Data FFDemuxer::read(): read frame failed: Invalid data found when processing input
06-09 18:11:27.999 2291 3226 E virtual Data FFDemuxer::read(): read frame failed: Invalid data found when processing input
06-09 18:11:27.999 2291 3226 E virtual Data FFDemuxer::read(): read frame failed: Invalid data found when processing input
06-09 18:11:27.999 2291 3227 I void Player::setState(PLAYER_STATE): state changed newState: 4 oldState: 3
06-09 18:11:27.999 2291 3227 D LeradPlayer: player newState: 4 oldState: 3
06-09 18:11:27.999 2291 3226 E virtual Data FFDemuxer::read(): read frame failed: Invalid data found when processing input
06-09 18:11:27.999 2291 3226 E virtual Data FFDemuxer::read(): read frame failed: Invalid data found when processing input
06-09 18:11:28.000 2291 3226 E virtual Data FFDemuxer::read(): read frame failed: Invalid data found when processing input
06-09 18:11:28.000 2291 2291 E VideoPlayerView: onError----code:-1007__extra:0
06-09 18:11:28.000 2291 2291 E VideoPlayerView: Errors.ERROR_BUFFER_EMPTY
06-09 18:11:28.000 2291 2291 E VideoPlayerView: onBufferEmpty:too much,skip
06-09 18:11:28.000 2291 3226 E virtual Data FFDemuxer::read(): read frame failed: Invalid data found when processing input
06-09 18:11:28.000 2291 3226 E virtual Data FFDemuxer::read(): read frame failed: Invalid data found when processing input
06-09 18:11:28.000 2291 3226 E virtual Data FFDemuxer::read(): read frame failed: Invalid data found when processing input
06-09 18:11:28.000 2291 3226 E virtual Data FFDemuxer::read(): read frame failed: Invalid data found when processing input
06-09 18:11:28.001 2291 3226 E virtual Data FFDemuxer::read(): read frame failed: Invalid data found when processing input
06-09 18:11:28.002 2291 3197 I void Player::seek(int64_t): seek start
06-09 18:11:28.002 2291 3197 I void Player::setState(PLAYER_STATE): state changed newState: 5 oldState: 4
06-09 18:11:28.002 2291 3197 D LeradPlayer: player newState: 5 oldState: 4
06-09 18:11:28.002 2291 3197 I void IDemuxer::setState(int): newState:5 oldState:4
06-09 18:11:28.002 2291 3197 I virtual void IDemuxer::pause(bool): pause success 1
06-09 18:11:28.002 2291 3226 E virtual Data FFDemuxer::read(): read frame failed: Invalid data found when processing input
06-09 18:11:28.002 2291 3197 I virtual void IDecoder::pause(bool): pause success: 1
06-09 18:11:28.002 2291 3197 I virtual void IDecoder::pause(bool): pause success: 1
06-09 18:11:28.002 2291 3197 I void Player::seek(int64_t): clear buffer before seek
06-09 18:11:28.002 2291 3197 I virtual void IAudioOutput::clear(): clear success
06-09 18:11:28.002 2291 3197 I void IDecoder::setState(int): newState:0 oldState:5
06-09 18:11:28.003 2291 3197 I virtual void IDecoder::clear(): clear success 1
06-09 18:11:28.003 2291 3197 I virtual void FFAVDecoder::clear(): clear success: 1
06-09 18:11:28.003 2291 3197 I void IDecoder::setState(int): newState:0 oldState:5
06-09 18:11:28.003 2291 3197 I virtual void IDecoder::clear(): clear success 2
06-09 18:11:28.004 360 3220 D omx_thread: : ++++++++++suspend, drain
06-09 18:11:28.005 360 3232 D omx_thread: : post stop run sem drain
06-09 18:11:28.005 360 3220 D omx_thread: : ++++++++wait stop-run sem done: drain
06-09 18:11:28.005 360 3220 D omx_thread: : ++++++++++suspend, decode
06-09 18:11:28.005 360 3231 D omx_thread: : post stop run sem decode
06-09 18:11:28.005 360 3220 D omx_thread: : ++++++++wait stop-run sem done: decode
06-09 18:11:28.005 360 3220 D omx_thread: : ++++++++++suspend, submit
06-09 18:11:28.007 360 3230 D omx_thread: : post stop run sem submit
06-09 18:11:28.007 360 3220 D omx_thread: : ++++++++wait stop-run sem done: submit
06-09 18:11:28.007 360 3220 D omx_vdec: : flush command, portIdx:4294967295
06-09 18:11:28.007 360 3220 D omx_vdec_aw: <__anFlush:3468>: decoder flush
06-09 18:11:28.007 360 3220 D cedarc : : ** wait for reset sem
06-09 18:11:28.007 2291 2291 E VideoPlayerView: onError----code:-1007__extra:0
06-09 18:11:28.007 2291 2291 E VideoPlayerView: Errors.ERROR_BUFFER_EMPTY
06-09 18:11:28.008 2291 2291 E VideoPlayerView: onBufferEmpty:too much,skip
06-09 18:11:28.008 2291 2291 E VideoPlayerView: onStateChanged: PLAYER_STATE_PAUSED
06-09 18:11:28.009 2291 2291 E VideoPlayerView: onStateChanged: PLAYER_STATE_SEEKING
06-09 18:11:28.017 360 3229 D cedarc : : *** post reset sem
06-09 18:11:28.017 360 3220 D cedarc : : ** wait for reset sem ok
06-09 18:11:28.017 360 3220 D cedarc : : SbmFrameReset finish
06-09 18:11:28.017 360 3220 W omx_vdec_aw: : ** return pic owned by render,i[0], pHeadBufInfo[0xe8c1daa0], pPic[0xe8910a30]
06-09 18:11:28.017 360 3220 D omx_vdec_aw: : ** fillBufferDone owned by decoer i[1],pHeadBufInfo[0xe8c1daf0],pPic[0xe8911180]
06-09 18:11:28.017 360 3220 W omx_vdec_aw: : ** return pic owned by render,i[2], pHeadBufInfo[0xe8c1db40], pPic[0xe8910f10]
06-09 18:11:28.017 360 3220 W omx_vdec_aw: : ** return pic owned by render,i[3], pHeadBufInfo[0xe8c1dbe0], pPic[0xe8910ca0]
06-09 18:11:28.017 360 3220 W omx_vdec_aw: : ** return pic owned by render,i[4], pHeadBufInfo[0xe8c1dc30], pPic[0xe8910b68]
06-09 18:11:28.017 360 3220 W omx_vdec_aw: : ** return pic owned by render,i[5], pHeadBufInfo[0xe8c1dc80], pPic[0xe89112b8]
06-09 18:11:28.017 360 3220 D omx_vdec_aw: : ** fillBufferDone owned by decoer i[6],pHeadBufInfo[0xe8c1dcd0],pPic[0xe89108f8]
06-09 18:11:28.017 360 3220 W omx_vdec_aw: : ** return pic owned by render,i[7], pHeadBufInfo[0xe8c1dd20], pPic[0xe89113f0]
06-09 18:11:28.017 360 3220 D omx_vdec_aw: : ** fillBufferDone owned by decoer i[8],pHeadBufInfo[0xe8c1ddc0],pPic[0xe8910dd8]
06-09 18:11:28.017 360 3220 D omx_vdec_aw: : ** fillBufferDone owned by decoer i[9],pHeadBufInfo[0xe8c1de10],pPic[0xe8910688]
06-09 18:11:28.017 360 3220 D omx_vdec_aw: : ** fillBufferDone owned by decoer i[10],pHeadBufInfo[0xe8c1dd70],pPic[0xe8911048]
06-09 18:11:28.017 360 3220 E cedarc : : CdcIonUnmap failed: Invalid argument
06-09 18:11:28.017 360 3220 E cedarc : 
06-09 18:11:28.017 360 3220 E cedarc : : CdcIonUnmap failed: Invalid argument
06-09 18:11:28.017 360 3220 E cedarc : 
06-09 18:11:28.018 360 3220 E cedarc : : CdcIonUnmap failed: Invalid argument
06-09 18:11:28.018 360 3220 E cedarc : 
06-09 18:11:28.018 360 3220 E cedarc : : CdcIonUnmap failed: Invalid argument
06-09 18:11:28.018 360 3220 E cedarc : 
06-09 18:11:28.018 360 3220 E cedarc : : CdcIonUnmap failed: Invalid argument
06-09 18:11:28.018 360 3220 E cedarc : 
06-09 18:11:28.018 360 3220 E cedarc : : CdcIonUnmap failed: Invalid argument
06-09 18:11:28.018 360 3220 E cedarc : 
06-09 18:11:28.018 360 3220 E cedarc : : CdcIonUnmap failed: Invalid argument
06-09 18:11:28.018 360 3220 E cedarc : 
06-09 18:11:28.018 360 3220 E cedarc : : CdcIonUnmap failed: Invalid argument
06-09 18:11:28.018 360 3220 E cedarc : 
06-09 18:11:28.018 360 3220 E cedarc : : CdcIonUnmap failed: Invalid argument
06-09 18:11:28.018 360 3220 E cedarc : 
06-09 18:11:28.018 360 3220 E cedarc : : CdcIonUnmap failed: Invalid argument
06-09 18:11:28.018 360 3220 E cedarc : 
06-09 18:11:28.018 360 3220 E cedarc : : CdcIonUnmap failed: Invalid argument
06-09 18:11:28.018 360 3220 E cedarc : 
06-09 18:11:28.018 360 3220 D fbm.c : : FbmDequeue from pEmptyBufferQueue is null!!!!!
06-09 18:11:28.018 360 3220 D omx_thread: : ++++++++++resume, submit
06-09 18:11:28.018 360 3220 D omx_thread: : ++++++++++resume, decode
06-09 18:11:28.018 360 3220 D omx_thread: : ++++++++++resume, drain
06-09 18:11:28.020 2291 3197 I virtual void MediaDecoder::clear(): clear success 2
06-09 18:11:28.020 2291 3197 I virtual int FFDemuxer::seek(int64_t): start
06-09 18:11:28.020 2291 3197 I void IDemuxer::setState(int): newState:0 oldState:5
06-09 18:11:28.020 2291 3197 I virtual void IDemuxer::clear(): clear success
06-09 18:11:28.020 2291 3197 I virtual int FFDemuxer::seek(int64_t): demuxer lock
06-09 18:11:28.021 2291 3197 I virtual int FFDemuxer::seek(int64_t): demuxer unlock
06-09 18:11:28.021 2291 3197 I virtual int FFDemuxer::seek(int64_t): seek end
06-09 18:11:28.022 2291 3197 I void IDecoder::setState(int): newState:2 oldState:0
06-09 18:11:28.022 2291 3197 I virtual void IDecoder::pause(bool): pause success: 0
06-09 18:11:28.022 2291 3197 I void IDecoder::setState(int): newState:2 oldState:0
06-09 18:11:28.022 2291 3197 I virtual void IDecoder::pause(bool): pause success: 0
06-09 18:11:28.022 2291 3197 I void IDemuxer::setState(int): newState:2 oldState:0
06-09 18:11:28.022 2291 3197 I virtual void IDemuxer::pause(bool): pause success 0
06-09 18:11:28.022 2291 3197 I void Player::seek(int64_t): seek result: 0
06-09 18:11:28.023 2291 3226 E virtual Data FFDemuxer::read(): read frame failed: Invalid data found when processing input
06-09 18:11:28.023 2291 3226 I void IDemuxer::setState(int): newState:4 oldState:2
06-09 18:11:28.023 2291 3226 E virtual Data FFDemuxer::read(): read frame failed: Invalid data found when processing input
06-09 18:11:28.024 2291 3226 E virtual Data FFDemuxer::read(): read frame failed: Invalid data found when processing input
06-09 18:11:28.024 2291 3226 E virtual Data FFDemuxer::read(): read frame failed: Invalid data found when processing input
06-09 18:11:28.024 2291 3226 E virtual Data FFDemuxer::read(): read frame failed: Invalid data found when processing input
06-09 18:11:28.027 2291 3226 E virtual Data FFDemuxer::read(): read frame failed: Invalid data found when processing input
06-09 18:11:28.028 2291 3226 E virtual Data FFDemuxer::read(): read frame failed: Invalid data found when processing input
