06-09 18:08:59.876 475 945 D CCodecConfig: string output.media-type.value = "audio/raw"
06-09 18:08:59.876 475 945 D CCodecConfig: c2::u32 raw.channel-count.value = 1
06-09 18:08:59.876 475 945 D CCodecConfig: c2::u32 raw.sample-rate.value = 48000
06-09 18:08:59.876 475 945 D CCodecConfig: }
06-09 18:08:59.878 475 945 D CCodec : [c2.android.vorbis.decoder] buffers are bound to CCodec for this session
06-09 18:08:59.878 475 947 I CCodec : Created component [c2.android.vorbis.decoder]
06-09 18:08:59.878 475 945 D CCodecConfig: no c2 equivalents for durationUs
06-09 18:08:59.878 475 945 D CCodecConfig: no c2 equivalents for track-id
06-09 18:08:59.878 475 945 D CCodecConfig: no c2 equivalents for csd-1
06-09 18:08:59.878 475 945 D CCodecConfig: no c2 equivalents for channel-mask
06-09 18:08:59.878 475 945 D CCodecConfig: no c2 equivalents for flags
06-09 18:08:59.878 475 947 D CCodecConfig: read media type: audio/vorbis
06-09 18:08:59.879 475 945 D CCodecConfig: c2 config diff is c2::u32 coded.bitrate.value = 499821
06-09 18:08:59.879 475 945 D CCodecConfig: c2::u32 raw.channel-count.value = 2
06-09 18:08:59.879 475 945 D CCodecConfig: c2::u32 raw.sample-rate.value = 44100
06-09 18:08:59.881 669 669 W AlarmManager: Unrecognized alarm listener com.android.systemui.keyguard.KeyguardSliceProvider$$ExternalSyntheticLambda0@2e50e47
06-09 18:08:59.881 475 945 W Codec2Client: query -- param skipped: index = 1107298332.
06-09 18:08:59.881 475 945 D CCodec : setup formats input: AMessage(what = 0x00000000) = {
06-09 18:08:59.881 475 945 D CCodec : int32_t bitrate = 499821
06-09 18:08:59.881 475 945 D CCodec : int32_t channel-count = 2
06-09 18:08:59.881 475 945 D CCodec : int32_t max-input-size = 32768
06-09 18:08:59.881 475 945 D CCodec : string mime = "audio/vorbis"
06-09 18:08:59.881 475 945 D CCodec : int32_t sample-rate = 44100
06-09 18:08:59.881 475 945 D CCodec : }
06-09 18:08:59.881 475 945 D CCodec : setup formats output: AMessage(what = 0x00000000) = {
06-09 18:08:59.881 475 945 D CCodec : int32_t channel-count = 2
06-09 18:08:59.881 475 945 D CCodec : string mime = "audio/raw"
06-09 18:08:59.881 475 945 D CCodec : int32_t sample-rate = 44100
06-09 18:08:59.881 475 945 D CCodec : int32_t channel-mask = 3
06-09 18:08:59.881 475 945 D CCodec : }
06-09 18:08:59.881 475 945 I CCodecConfig: query failed after returning 7 values (BAD_INDEX)
06-09 18:08:59.883 475 945 W Codec2Client: query -- param skipped: index = 1342179345.
06-09 18:08:59.883 475 945 W Codec2Client: query -- param skipped: index = 2415921170.
06-09 18:08:59.886 475 947 D ReflectedParamUpdater: extent() != 1 for single value type: algo.buffers.max-count.values
06-09 18:08:59.886 475 947 D ReflectedParamUpdater: extent() != 1 for single value type: output.subscribed-indices.values
06-09 18:08:59.886 475 947 D ReflectedParamUpdater: extent() != 1 for single value type: input.buffers.allocator-ids.values
06-09 18:08:59.886 475 947 D ReflectedParamUpdater: extent() != 1 for single value type: output.buffers.allocator-ids.values
06-09 18:08:59.886 475 947 D ReflectedParamUpdater: extent() != 1 for single value type: algo.buffers.allocator-ids.values
06-09 18:08:59.887 475 947 D ReflectedParamUpdater: extent() != 1 for single value type: output.buffers.pool-ids.values
06-09 18:08:59.887 475 947 D ReflectedParamUpdater: extent() != 1 for single value type: algo.buffers.pool-ids.values
06-09 18:08:59.890 475 947 I CCodecConfig: query failed after returning 7 values (BAD_INDEX)
06-09 18:08:59.890 475 947 D CCodecConfig: c2 config diff is Dict {
06-09 18:08:59.890 475 947 D CCodecConfig: c2::u32 coded.bitrate.value = 64000
06-09 18:08:59.890 475 947 D CCodecConfig: c2::u32 input.buffers.max-size.value = 32768
06-09 18:08:59.890 475 947 D CCodecConfig: c2::u32 input.delay.value = 0
06-09 18:08:59.890 475 947 D CCodecConfig: string input.media-type.value = "audio/vorbis"
06-09 18:08:59.890 475 947 D CCodecConfig: string output.media-type.value = "audio/raw"
06-09 18:08:59.890 475 947 D CCodecConfig: c2::u32 raw.channel-count.value = 1
06-09 18:08:59.890 475 947 D CCodecConfig: c2::u32 raw.sample-rate.value = 48000
06-09 18:08:59.890 475 947 D CCodecConfig: }
06-09 18:08:59.891 475 945 D CCodecBufferChannel: [c2.android.vorbis.decoder#622] Created input block pool with allocatorID 16 => poolID 19 - OK (0)
06-09 18:08:59.892 475 945 I CCodecBufferChannel: [c2.android.vorbis.decoder#622] Created output block pool with allocatorID 16 => poolID 21 - OK
06-09 18:08:59.893 475 945 D CCodecBufferChannel: [c2.android.vorbis.decoder#622] Configured output block pool ids 21 => OK
06-09 18:08:59.893 475 947 D CCodec : [c2.android.vorbis.decoder] buffers are bound to CCodec for this session
06-09 18:08:59.893 475 947 D CCodecConfig: no c2 equivalents for durationUs
06-09 18:08:59.893 475 947 D CCodecConfig: no c2 equivalents for track-id
06-09 18:08:59.893 475 947 D CCodecConfig: no c2 equivalents for csd-1
06-09 18:08:59.893 475 947 D CCodecConfig: no c2 equivalents for channel-mask
06-09 18:08:59.893 475 947 D CCodecConfig: no c2 equivalents for flags
06-09 18:08:59.895 475 947 D CCodecConfig: c2 config diff is c2::u32 coded.bitrate.value = 499821
06-09 18:08:59.895 475 947 D CCodecConfig: c2::u32 raw.channel-count.value = 2
06-09 18:08:59.895 475 947 D CCodecConfig: c2::u32 raw.sample-rate.value = 44100
06-09 18:08:59.901 475 947 W Codec2Client: query -- param skipped: index = 1107298332.
06-09 18:08:59.901 475 947 D CCodec : setup formats input: AMessage(what = 0x00000000) = {
06-09 18:08:59.901 475 947 D CCodec : int32_t bitrate = 499821
06-09 18:08:59.901 475 947 D CCodec : int32_t channel-count = 2
06-09 18:08:59.901 475 947 D CCodec : int32_t max-input-size = 32768
06-09 18:08:59.901 475 947 D CCodec : string mime = "audio/vorbis"
06-09 18:08:59.901 475 947 D CCodec : int32_t sample-rate = 44100
06-09 18:08:59.901 475 947 D CCodec : }
06-09 18:08:59.901 475 947 D CCodec : setup formats output: AMessage(what = 0x00000000) = {
06-09 18:08:59.901 475 947 D CCodec : int32_t channel-count = 2
06-09 18:08:59.901 475 947 D CCodec : string mime = "audio/raw"
06-09 18:08:59.901 475 947 D CCodec : int32_t sample-rate = 44100
06-09 18:08:59.901 475 947 D CCodec : int32_t channel-mask = 3
06-09 18:08:59.901 475 947 D CCodec : }
06-09 18:08:59.902 475 947 I CCodecConfig: query failed after returning 7 values (BAD_INDEX)
06-09 18:08:59.902 365 946 D SimpleC2Component: Using output block pool with poolID 21 => got 21 - 0
06-09 18:08:59.904 475 947 W Codec2Client: query -- param skipped: index = 1342179345.
06-09 18:08:59.904 475 947 W Codec2Client: query -- param skipped: index = 2415921170.
06-09 18:08:59.905 475 947 D CCodecBufferChannel: [c2.android.vorbis.decoder#140] Created input block pool with allocatorID 16 => poolID 20 - OK (0)
06-09 18:08:59.906 475 475 W Looper : Drained
06-09 18:08:59.907 475 947 I CCodecBufferChannel: [c2.android.vorbis.decoder#140] Created output block pool with allocatorID 16 => poolID 22 - OK
06-09 18:08:59.907 475 947 D CCodecBufferChannel: [c2.android.vorbis.decoder#140] Configured output block pool ids 22 => OK
06-09 18:08:59.916 365 949 D SimpleC2Component: Using output block pool with poolID 22 => got 22 - 0
06-09 18:08:59.950 669 669 V SystemUIService: SystemUIApplication created.
06-09 18:08:59.959 266 266 I sunxi-rfkill soc@3000000: rfkill: wlan power on success
06-09 18:08:59.959 266 266 I WCN : marlin chip en pull up
06-09 18:08:59.958 669 669 D SystemUIService: is homlet
06-09 18:08:59.962 669 669 I SystemUIService: Found SurfaceFlinger's GPU Priority: 12545
06-09 18:08:59.985 266 266 I sdiohal : sdiohal_scan_card
06-09 18:08:59.985 266 266 I sunxi-rfkill soc@3000000: rfkill: bus_index: 1
06-09 18:08:59.986 0 0 E : [ C0] sunxi-mmc 4021000.sdmmc: smc 2 p1 err, cmd 52, RTO !!
06-09 18:08:59.984 328 328 I xiriservice_All: type=1400 audit(0.0:353): avc: denied { read } for scontext=u:r:init:s0 tcontext=u:r:init:s0 tclass=netlink_kobject_uevent_socket permissive=1
06-09 18:08:59.988 320 323 D XM_HIDREAD: add@ add@/bus/sdio/drivers/sdiohal
06-09 18:08:59.993 266 266 W sdiohal : probe of mmc2:8800:1 failed with error -110
06-09 18:08:59.994 0 0 E : [ C0] sunxi-mmc 4021000.sdmmc: smc 2 p1 err, cmd 7, RTO !!
06-09 18:09:00.002 0 0 E : [ C0] sunxi-mmc 4021000.sdmmc: smc 2 p1 err, cmd 7, RTO !!
06-09 18:09:00.009 0 0 E : [ C0] sunxi-mmc 4021000.sdmmc: smc 2 p1 err, cmd 7, RTO !!
06-09 18:09:00.017 0 0 E : [ C0] sunxi-mmc 4021000.sdmmc: smc 2 p1 err, cmd 7, RTO !!
06-09 18:09:00.020 320 323 D XM_HIDREAD: remove@ remove@/devices/platform/soc@3000000/4021000.sdmmc/mmc_host/mmc2/mmc2:8800/mmc2:8800:1
06-09 18:09:00.025 33 33 I mmc2 : card 8800 removed
06-09 18:09:00.020 320 323 D XM_HIDREAD: remove@ remove@/devices/platform/soc@3000000/4021000.sdmmc/mmc_host/mmc2/mmc2:8800
06-09 18:09:00.025 33 33 I sunxi-mmc 4021000.sdmmc: sdc set ios:clk 0Hz bm PP pm OFF vdd 0 width 1 timing LEGACY(SDR12) dt B
06-09 18:09:00.028 33 33 I sunxi-mmc 4021000.sdmmc: sdc set ios:clk 0Hz bm PP pm UP vdd 23 width 1 timing LEGACY(SDR12) dt B
06-09 18:09:00.041 33 33 I sunxi-mmc 4021000.sdmmc: sdc set ios:clk 400000Hz bm PP pm ON vdd 23 width 1 timing LEGACY(SDR12) dt B
06-09 18:09:00.052 475 947 D CCodecBufferChannel: [c2.android.vorbis.decoder#140] MediaCodec discarded an unknown buffer
06-09 18:09:00.052 475 947 D CCodecBufferChannel: [c2.android.vorbis.decoder#140] MediaCodec discarded an unknown buffer
06-09 18:09:00.052 475 947 D CCodecBufferChannel: [c2.android.vorbis.decoder#140] MediaCodec discarded an unknown buffer
06-09 18:09:00.054 0 0 E : [ C0] sunxi-mmc 4021000.sdmmc: smc 2 p1 err, cmd 52, RTO !!
06-09 18:09:00.056 475 945 D CCodecBufferChannel: [c2.android.vorbis.decoder#622] MediaCodec discarded an unknown buffer
06-09 18:09:00.057 475 945 D CCodecBufferChannel: [c2.android.vorbis.decoder#622] MediaCodec discarded an unknown buffer
06-09 18:09:00.059 475 954 I hw-BpHwBinder: onLastStrongRef automatically unlinking death recipients
06-09 18:09:00.063 663 673 I droid.bluetoot: Background young concurrent copying GC freed 38200(2144KB) AllocSpace objects, 0(0B) LOS objects, 88% free, 3179KB/27MB, paused 1.054ms total 208.900ms
06-09 18:09:00.062 0 0 E : [ C0] sunxi-mmc 4021000.sdmmc: smc 2 p1 err, cmd 52, RTO !!
06-09 18:09:00.070 33 33 I sunxi-mmc 4021000.sdmmc: sdc set ios:clk 400000Hz bm PP pm ON vdd 23 width 1 timing LEGACY(SDR12) dt B
06-09 18:09:00.068 475 945 I hw-BpHwBinder: onLastStrongRef automatically unlinking death recipients
06-09 18:09:00.070 365 365 I hw-BpHwBinder: onLastStrongRef automatically unlinking death recipients
06-09 18:09:00.074 33 33 I sunxi-mmc 4021000.sdmmc: sdc set ios:clk 400000Hz bm PP pm ON vdd 23 width 1 timing LEGACY(SDR12) dt B
06-09 18:09:00.074 365 365 V C2Store : in ~ComponentModule
06-09 18:09:00.075 365 365 V C2Store : unloading dll
06-09 18:09:00.077 475 695 D MediaCodecList: codecHandlesFormat: no format, so no extra checks
06-09 18:09:00.089 33 33 I sunxi-mmc 4021000.sdmmc: sdc set ios:clk 400000Hz bm PP pm ON vdd 23 width 4 timing LEGACY(SDR12) dt B
06-09 18:09:00.086 320 323 D XM_HIDREAD: add@ add@/devices/platform/soc@3000000/4021000.sdmmc/mmc_host/mmc2/mmc2:8800
06-09 18:09:00.086 320 323 D XM_HIDREAD: add@ add@/devices/platform/soc@3000000/4021000.sdmmc/mmc_host/mmc2/mmc2:8800/mmc2:8800:1
06-09 18:09:00.087 475 957 D CCodec : allocate(c2.android.vorbis.decoder)
06-09 18:09:00.087 475 694 D MediaCodecList: codecHandlesFormat: no format, so no extra checks
06-09 18:09:00.090 475 959 D CCodec : allocate(c2.android.vorbis.decoder)
06-09 18:09:00.091 365 868 V C2Store : in init
06-09 18:09:00.091 365 868 V C2Store : loading dll
06-09 18:09:00.090 33 33 I sunxi-mmc 4021000.sdmmc: sdc set ios:clk 400000Hz bm PP pm ON vdd 23 width 4 timing UHS-SDR104 dt B
06-09 18:09:00.090 33 33 I sunxi-mmc 4021000.sdmmc: sdc set ios:clk 150000000Hz bm PP pm ON vdd 23 width 4 timing UHS-SDR104 dt B
06-09 18:09:00.090 33 33 I mmc2 : new ultra high speed SDR104 SDIO card at address 8800
06-09 18:09:00.097 33 33 I sdiohal : sdiohal_probe: func->class=0, vendor=0x0000, device=0x0000, func_num=0x0001, clock=150000000, SDIOHAL_RX_RECVBUF_LEN:200,SDIOHAL_32_BIT_RX_RECVBUF_LEN:32.
06-09 18:09:00.097 33 33 I WCN : marlin_get_wcn_chipid: chipid: 0x56630001
06-09 18:09:00.097 266 266 I sdiohal : scan end!
06-09 18:09:00.097 33 33 I WCN : marlin_scan_finish!
06-09 18:09:00.097 266 266 I WCN : then marlin start to download
06-09 18:09:00.097 33 33 I sdiohal : sdiohal_probe: sdio_dev_host, max_req_size=0x2000000, max_blk_count=0x2000, max_blk_size=0x1000
06-09 18:09:00.097 33 33 I sdiohal : probe ok
06-09 18:09:00.098 33 33 I WCN : marlin_request_firmware from /vendor/etc/firmware/wcnmodem.bin start!
06-09 18:09:00.101 475 959 I CCodec : Created component [c2.android.vorbis.decoder]
06-09 18:09:00.102 475 959 D CCodecConfig: read media type: audio/vorbis
06-09 18:09:00.105 33 33 I WCN : marlin_firmware_parse_image imagepack is WCNE type,need parse it
06-09 18:09:00.105 33 33 I WCN : marlin marlin_firmware_write imagepack is WCNE type,need parse it
06-09 18:09:00.108 0 0 E : [ C0] sunxi-mmc 4021000.sdmmc: smc 2 p1 err, cmd 53, WR DCE !!
06-09 18:09:00.105 475 959 D ReflectedParamUpdater: extent() != 1 for single value type: algo.buffers.max-count.values
06-09 18:09:00.106 475 957 I CCodec : Created component [c2.android.vorbis.decoder]
06-09 18:09:00.106 475 959 D ReflectedParamUpdater: extent() != 1 for single value type: output.subscribed-indices.values
06-09 18:09:00.106 475 957 D CCodecConfig: read media type: audio/vorbis
06-09 18:09:00.106 475 959 D ReflectedParamUpdater: extent() != 1 for single value type: input.buffers.allocator-ids.values
06-09 18:09:00.106 475 959 D ReflectedParamUpdater: extent() != 1 for single value type: output.buffers.allocator-ids.values
06-09 18:09:00.106 475 959 D ReflectedParamUpdater: extent() != 1 for single value type: algo.buffers.allocator-ids.values
06-09 18:09:00.106 475 959 D ReflectedParamUpdater: extent() != 1 for single value type: output.buffers.pool-ids.values
06-09 18:09:00.107 475 959 D ReflectedParamUpdater: extent() != 1 for single value type: algo.buffers.pool-ids.values
06-09 18:09:00.109 475 957 D ReflectedParamUpdater: extent() != 1 for single value type: algo.buffers.max-count.values
06-09 18:09:00.109 475 957 D ReflectedParamUpdater: extent() != 1 for single value type: output.subscribed-indices.values
06-09 18:09:00.109 475 957 D ReflectedParamUpdater: extent() != 1 for single value type: input.buffers.allocator-ids.values
06-09 18:09:00.109 475 957 D ReflectedParamUpdater: extent() != 1 for single value type: output.buffers.allocator-ids.values
06-09 18:09:00.110 475 957 D ReflectedParamUpdater: extent() != 1 for single value type: algo.buffers.allocator-ids.values
06-09 18:09:00.110 475 957 D ReflectedParamUpdater: extent() != 1 for single value type: output.buffers.pool-ids.values
06-09 18:09:00.110 475 957 D ReflectedParamUpdater: extent() != 1 for single value type: algo.buffers.pool-ids.values
06-09 18:09:00.111 475 959 I CCodecConfig: query failed after returning 7 values (BAD_INDEX)
06-09 18:09:00.111 475 959 D CCodecConfig: c2 config diff is Dict {
06-09 18:09:00.111 475 959 D CCodecConfig: c2::u32 coded.bitrate.value = 64000
06-09 18:09:00.111 475 959 D CCodecConfig: c2::u32 input.buffers.max-size.value = 32768
06-09 18:09:00.111 475 959 D CCodecConfig: c2::u32 input.delay.value = 0
06-09 18:09:00.111 475 959 D CCodecConfig: string input.media-type.value = "audio/vorbis"
06-09 18:09:00.111 475 959 D CCodecConfig: string output.media-type.value = "audio/raw"
06-09 18:09:00.111 475 959 D CCodecConfig: c2::u32 raw.channel-count.value = 1
06-09 18:09:00.111 475 959 D CCodecConfig: c2::u32 raw.sample-rate.value = 48000
06-09 18:09:00.111 475 959 D CCodecConfig: }
06-09 18:09:00.113 475 959 D CCodec : [c2.android.vorbis.decoder] buffers are bound to CCodec for this session
06-09 18:09:00.113 475 959 D CCodecConfig: no c2 equivalents for durationUs
06-09 18:09:00.113 475 959 D CCodecConfig: no c2 equivalents for track-id
06-09 18:09:00.113 475 959 D CCodecConfig: no c2 equivalents for csd-1
06-09 18:09:00.113 475 959 D CCodecConfig: no c2 equivalents for channel-mask
06-09 18:09:00.113 475 959 D CCodecConfig: no c2 equivalents for flags
06-09 18:09:00.113 475 957 I CCodecConfig: query failed after returning 7 values (BAD_INDEX)
06-09 18:09:00.113 475 957 D CCodecConfig: c2 config diff is Dict {
06-09 18:09:00.113 475 957 D CCodecConfig: c2::u32 coded.bitrate.value = 64000
06-09 18:09:00.113 475 957 D CCodecConfig: c2::u32 input.buffers.max-size.value = 32768
06-09 18:09:00.113 475 957 D CCodecConfig: c2::u32 input.delay.value = 0
06-09 18:09:00.113 475 957 D CCodecConfig: string input.media-type.value = "audio/vorbis"
06-09 18:09:00.113 475 957 D CCodecConfig: string output.media-type.value = "audio/raw"
06-09 18:09:00.113 475 957 D CCodecConfig: c2::u32 raw.channel-count.value = 1
06-09 18:09:00.113 475 957 D CCodecConfig: c2::u32 raw.sample-rate.value = 48000
06-09 18:09:00.113 475 957 D CCodecConfig: }
06-09 18:09:00.114 475 959 D CCodecConfig: c2 config diff is c2::u32 coded.bitrate.value = 239920
06-09 18:09:00.114 475 959 D CCodecConfig: c2::u32 raw.sample-rate.value = 44100
06-09 18:09:00.115 475 957 D CCodec : [c2.android.vorbis.decoder] buffers are bound to CCodec for this session
06-09 18:09:00.115 475 957 D CCodecConfig: no c2 equivalents for durationUs
06-09 18:09:00.115 475 957 D CCodecConfig: no c2 equivalents for track-id
06-09 18:09:00.115 475 959 W Codec2Client: query -- param skipped: index = 1107298332.
06-09 18:09:00.115 475 957 D CCodecConfig: no c2 equivalents for csd-1
06-09 18:09:00.115 475 959 D CCodec : setup formats input: AMessage(what = 0x00000000) = {
06-09 18:09:00.115 475 959 D CCodec : int32_t bitrate = 239920
06-09 18:09:00.115 475 959 D CCodec : int32_t channel-count = 1
06-09 18:09:00.115 475 959 D CCodec : int32_t max-input-size = 32768
06-09 18:09:00.115 475 959 D CCodec : string mime = "audio/vorbis"
06-09 18:09:00.115 475 959 D CCodec : int32_t sample-rate = 44100
06-09 18:09:00.115 475 959 D CCodec : }
06-09 18:09:00.115 475 957 D CCodecConfig: no c2 equivalents for channel-mask
06-09 18:09:00.116 475 959 D CCodec : setup formats output: AMessage(what = 0x00000000) = {
06-09 18:09:00.116 475 959 D CCodec : int32_t channel-count = 1
06-09 18:09:00.116 475 959 D CCodec : string mime = "audio/raw"
06-09 18:09:00.116 475 959 D CCodec : int32_t sample-rate = 44100
06-09 18:09:00.116 475 959 D CCodec : int32_t channel-mask = 1
06-09 18:09:00.116 475 959 D CCodec : }
06-09 18:09:00.116 475 957 D CCodecConfig: no c2 equivalents for flags
06-09 18:09:00.116 475 959 I CCodecConfig: query failed after returning 7 values (BAD_INDEX)
06-09 18:09:00.116 475 957 D CCodecConfig: c2 config diff is c2::u32 coded.bitrate.value = 499821
06-09 18:09:00.116 475 957 D CCodecConfig: c2::u32 raw.channel-count.value = 2
06-09 18:09:00.116 475 957 D CCodecConfig: c2::u32 raw.sample-rate.value = 44100
06-09 18:09:00.116 475 959 W Codec2Client: query -- param skipped: index = 1342179345.
06-09 18:09:00.116 475 959 W Codec2Client: query -- param skipped: index = 2415921170.
06-09 18:09:00.118 475 959 D CCodecBufferChannel: [c2.android.vorbis.decoder#958] Created input block pool with allocatorID 16 => poolID 21 - OK (0)
06-09 18:09:00.118 475 957 W Codec2Client: query -- param skipped: index = 1107298332.
06-09 18:09:00.118 475 957 D CCodec : setup formats input: AMessage(what = 0x00000000) = {
06-09 18:09:00.118 475 957 D CCodec : int32_t bitrate = 499821
06-09 18:09:00.118 475 957 D CCodec : int32_t channel-count = 2
06-09 18:09:00.118 475 957 D CCodec : int32_t max-input-size = 32768
06-09 18:09:00.118 475 957 D CCodec : string mime = "audio/vorbis"
06-09 18:09:00.118 475 957 D CCodec : int32_t sample-rate = 44100
06-09 18:09:00.118 475 957 D CCodec : }
06-09 18:09:00.118 475 957 D CCodec : setup formats output: AMessage(what = 0x00000000) = {
06-09 18:09:00.118 475 957 D CCodec : int32_t channel-count = 2
06-09 18:09:00.118 475 957 D CCodec : string mime = "audio/raw"
06-09 18:09:00.118 475 957 D CCodec : int32_t sample-rate = 44100
06-09 18:09:00.118 475 957 D CCodec : int32_t channel-mask = 3
06-09 18:09:00.118 475 957 D CCodec : }
06-09 18:09:00.116 132 132 I sunxi-mmc 4021000.sdmmc: *****retry:start*****
06-09 18:09:00.116 132 132 I sunxi-mmc 4021000.sdmmc: REG_DRV_DL: 0x00010000
06-09 18:09:00.116 132 132 I sunxi-mmc 4021000.sdmmc: REG_SD_NTSR: 0x81710000
06-09 18:09:00.116 132 132 I sunxi-mmc 4021000.sdmmc: *****retry:re-send cmd*****
06-09 18:09:00.116 0 0 E : [ C0] sunxi-mmc 4021000.sdmmc: smc 2 p1 err, cmd 53, WR DCE !!
06-09 18:09:00.124 132 132 I sunxi-mmc 4021000.sdmmc: *****retry:start*****
06-09 18:09:00.124 132 132 I sunxi-mmc 4021000.sdmmc: REG_DRV_DL: 0x00010000
06-09 18:09:00.124 132 132 I sunxi-mmc 4021000.sdmmc: REG_SD_NTSR: 0x81710000
06-09 18:09:00.124 132 132 I sunxi-mmc 4021000.sdmmc: *****retry:re-send cmd*****
06-09 18:09:00.124 0 0 E : [ C0] sunxi-mmc 4021000.sdmmc: smc 2 p1 err, cmd 53, WR DCE !!
06-09 18:09:00.118 475 957 I CCodecConfig: query failed after returning 7 values (BAD_INDEX)
06-09 18:09:00.119 475 959 I CCodecBufferChannel: [c2.android.vorbis.decoder#958] Created output block pool with allocatorID 16 => poolID 23 - OK
06-09 18:09:00.119 475 957 W Codec2Client: query -- param skipped: index = 1342179345.
06-09 18:09:00.119 475 957 W Codec2Client: query -- param skipped: index = 2415921170.
06-09 18:09:00.120 475 957 D CCodecBufferChannel: [c2.android.vorbis.decoder#17] Created input block pool with allocatorID 16 => poolID 22 - OK (0)
06-09 18:09:00.120 475 959 D CCodecBufferChannel: [c2.android.vorbis.decoder#958] Configured output block pool ids 23 => OK
06-09 18:09:00.122 475 957 I CCodecBufferChannel: [c2.android.vorbis.decoder#17] Created output block pool with allocatorID 16 => poolID 24 - OK
06-09 18:09:00.122 475 957 D CCodecBufferChannel: [c2.android.vorbis.decoder#17] Configured output block pool ids 24 => OK
06-09 18:09:00.132 132 132 I sunxi-mmc 4021000.sdmmc: *****retry:start*****
06-09 18:09:00.132 132 132 I sunxi-mmc 4021000.sdmmc: REG_DRV_DL: 0x00010000
06-09 18:09:00.133 132 132 I sunxi-mmc 4021000.sdmmc: REG_SD_NTSR: 0x81710000
06-09 18:09:00.133 132 132 I sunxi-mmc 4021000.sdmmc: *****retry:re-send cmd*****
06-09 18:09:00.133 0 0 E : [ C0] sunxi-mmc 4021000.sdmmc: smc 2 p1 err, cmd 53, WR DCE !!
06-09 18:09:00.141 132 132 I sunxi-mmc 4021000.sdmmc: *****retry:start*****
06-09 18:09:00.141 132 132 I sunxi-mmc 4021000.sdmmc: REG_DRV_DL: 0x00030000
06-09 18:09:00.141 132 132 I sunxi-mmc 4021000.sdmmc: REG_SD_NTSR: 0x81710110
06-09 18:09:00.141 132 132 I sunxi-mmc 4021000.sdmmc: *****retry:re-send cmd*****
06-09 18:09:00.141 0 0 D : [ C0] 4,end
06-09 18:09:00.145 365 960 D SimpleC2Component: Using output block pool with poolID 23 => got 23 - 0
06-09 18:09:00.149 365 961 D SimpleC2Component: Using output block pool with poolID 24 => got 24 - 0
06-09 18:09:00.178 669 669 V SystemUIService: Starting SystemUI services for user 0.
06-09 18:09:00.178 669 669 D SystemUIService: loading: com.android.systemui.util.NotificationChannels
06-09 18:09:00.179 669 669 D SystemUIService: running: com.android.systemui.util.NotificationChannels@3c3f5c2
06-09 18:09:00.187 669 669 D SystemUIService: loading: com.android.systemui.oranth.ManagerService
06-09 18:09:00.188 182 182 E SELinux : avc: denied { find } for pid=669 uid=10064 name=oranth_manager scontext=u:r:platform_app:s0:c512,c768 tcontext=u:object_r:default_android_service:s0 tclass=service_manager permissive=1
06-09 18:09:00.196 33 33 I WCN : combin_img 4 marlin_firmware_write finish and successful
06-09 18:09:00.196 33 33 I WCN : marlin_start_run read reset reg val:0x180008
06-09 18:09:00.196 33 33 I WCN : after do marlin_start_run reset reg val:0x80008
06-09 18:09:00.191 669 669 D SystemUIService: running: com.android.systemui.oranth.ManagerService@9d69710
06-09 18:09:00.191 669 669 I ManagerService: -------------------- oranth manager service ---------
06-09 18:09:00.196 33 33 I WCN : s_marlin_bootup_time=19129071385
06-09 18:09:00.201 33 33 I WCN : clock mode: TCXO, outside clock
06-09 18:09:00.201 33 33 I WCN : marlin_write_cali_data sync init_state:0x0
06-09 18:09:00.217 669 669 I FalsingManager: xdpi, ydpi: 0.16, 0.16
06-09 18:09:00.218 669 669 I FalsingManager: width, height: 1920, 1080
06-09 18:09:00.212 669 669 I ndroid.systemui: type=1400 audit(0.0:354): avc: denied { search } for name="com.android.systemui" dev="mmcblk0p25" ino=484 scontext=u:r:platform_app:s0:c512,c768 tcontext=u:object_r:app_data_file:s0:c512,c768 tclass=dir permissive=1 app=com.softwinner.screenshot
06-09 18:09:00.220 669 669 I SharedPreferenc: type=1400 audit(0.0:355): avc: denied { open } for path="/data/user_de/0/com.android.systemui/shared_prefs/plugin_prefs.xml" dev="mmcblk0p25" ino=2168 scontext=u:r:platform_app:s0:c512,c768 tcontext=u:object_r:app_data_file:s0:c512,c768 tclass=file permissive=1 app=com.softwinner.screenshot
06-09 18:09:00.229 33 33 I WCN : marlin_write_cali_data sync init_state:0x0
06-09 18:09:00.243 669 688 I ndroid.systemu: Background young concurrent copying GC freed 52079(2369KB) AllocSpace objects, 0(0B) LOS objects, 86% free, 3746KB/27MB, paused 210us total 354.627ms
06-09 18:09:00.244 261 261 D hdmi-cec: cec physical address: 2.0.0.0
06-09 18:09:00.245 475 959 D CCodecBufferChannel: [c2.android.vorbis.decoder#958] MediaCodec discarded an unknown buffer
06-09 18:09:00.246 475 959 D CCodecBufferChannel: [c2.android.vorbis.decoder#958] MediaCodec discarded an unknown buffer
06-09 18:09:00.250 475 959 I hw-BpHwBinder: onLastStrongRef automatically unlinking death recipients
06-09 18:09:00.257 33 33 I WCN : marlin_write_cali_data sync init_state:0x0
06-09 18:09:00.261 475 475 W Looper : Slow dispatch took 287ms main h=android.os.Handler c=com.android.server.hdmi.WorkSourceUidPreservingRunnable@6a879d8 m=0
06-09 18:09:00.274 475 570 W ServiceManager: Permission failure: android.permission.HIGH_SAMPLING_RATE_SENSORS from uid=10064 pid=669
06-09 18:09:00.282 475 475 W Looper : Slow delivery took 287ms main h=android.app.ActivityThread$H c=android.app.LoadedApk$ServiceDispatcher$RunConnection@ccc971c m=0
06-09 18:09:00.283 475 957 D CCodecBufferChannel: [c2.android.vorbis.decoder#17] MediaCodec discarded an unknown buffer
06-09 18:09:00.283 475 957 D CCodecBufferChannel: [c2.android.vorbis.decoder#17] MediaCodec discarded an unknown buffer
06-09 18:09:00.285 33 33 I WCN : marlin_write_cali_data sync init_state:0xf0f0f0f1
06-09 18:09:00.285 33 33 I WCN : sdio_config bt_wake_host trigger:[high]
06-09 18:09:00.285 33 33 I WCN : sdio_config irq:[inband]
06-09 18:09:00.285 33 33 I WCN : sdio_config wake_host_level_duration_time:[20ms]
06-09 18:09:00.285 33 33 I WCN : sdio_config wake_host_data_separation:[bt/wifi reuse]
06-09 18:09:00.285 33 33 I WCN : marlin_send_sdio_config_to_cp sdio_config:0x80f01 (enable config)
06-09 18:09:00.285 33 33 I WCN : marlin_write_cali_data finish
06-09 18:09:00.286 33 33 I WCN : check_cp_ready sync val:0xf0f0f0f2, prj_type val:0xe0e0e0e0
06-09 18:09:00.285 475 475 W Looper : Drained
06-09 18:09:00.288 475 957 I hw-BpHwBinder: onLastStrongRef automatically unlinking death recipients
06-09 18:09:00.289 365 865 I hw-BpHwBinder: onLastStrongRef automatically unlinking death recipients
06-09 18:09:00.290 365 865 V C2Store : in ~ComponentModule
06-09 18:09:00.291 365 865 V C2Store : unloading dll
06-09 18:09:00.299 669 669 D NavigationModeController: getCurrentUserContext: contextUser=0 currentUser=0
06-09 18:09:00.299 669 669 D NavigationModeController: getCurrentInteractionMode: mode=0 contextUser=0
06-09 18:09:00.300 669 669 D NavigationModeController: updateCurrentInteractionMode: mode=0
06-09 18:09:00.300 669 669 D NavigationModeController: contextUser=0
06-09 18:09:00.300 669 669 D NavigationModeController: assetPaths=
06-09 18:09:00.300 669 669 D NavigationModeController: and /system/framework/framework-res.apk
06-09 18:09:00.300 669 669 D NavigationModeController: /vendor/overlay/framework-res__auto_generated_rro_vendor.apk
06-09 18:09:00.300 669 669 D NavigationModeController: /product/overlay/AwAccentColor/AwAccentColorOverlay.apk
06-09 18:09:00.300 669 669 D NavigationModeController: /product/overlay/AwIconShape/AwIconShapeOverlay.apk
06-09 18:09:00.300 669 669 D NavigationModeController: and /system/system_ext/priv-app/SystemUI/SystemUI.apk
06-09 18:09:00.302 669 669 D NavigationModeController: getCurrentInteractionMode: mode=0 contextUser=0
06-09 18:09:00.313 33 33 I WCN : check_cp_ready sync val:0xf0f0f0f2, prj_type val:0xe0e0e0e0
06-09 18:09:00.312 475 492 I system_server: Background concurrent copying GC freed 64335(4339KB) AllocSpace objects, 17(944KB) LOS objects, 49% free, 10MB/21MB, paused 1.078ms total 936.359ms
06-09 18:09:00.316 475 494 W System : A resource failed to call release.
06-09 18:09:00.317 475 494 W System : A resource failed to call release.
06-09 18:09:00.318 669 969 V MediaRouter: Selecting route: RouteInfo{ name=手机, description=null, status=null, category=RouteCategory{ name=系统 types=ROUTE_TYPE_LIVE_AUDIO ROUTE_TYPE_LIVE_VIDEO groupable=false }, supportedTypes=ROUTE_TYPE_LIVE_AUDIO ROUTE_TYPE_LIVE_VIDEO , presentationDisplay=null }
06-09 18:09:00.319 669 969 I MediaRouter: Skip setBluetoothA2dpOn(): types=8388615, isPlaybackActive()=false, BT route=null
06-09 18:09:00.320 669 669 D TvPipController: onImeVisibilityChanged(), visible=false, height=0
06-09 18:09:00.320 669 669 D TvPipController: onActionsChanged()
06-09 18:09:00.320 669 669 D TvPipMenuController: setAppActions()
06-09 18:09:00.320 669 669 D TvPipController: onImeVisibilityChanged(), visible=false, height=0
06-09 18:09:00.320 669 669 D TvPipController: onActionsChanged()
06-09 18:09:00.320 669 669 D TvPipMenuController: setAppActions()
06-09 18:09:00.321 669 669 W KeyguardUpdateMonitor: invalid subId in handleServiceStateChange()
06-09 18:09:00.330 475 475 D BluetoothA2dp: Binding service...
06-09 18:09:00.341 33 33 I WCN : check_cp_ready sync val:0xf0f0f0f2, prj_type val:0xe0e0e0e0
06-09 18:09:00.366 669 669 E libEGL : validate_display:538 error 3001 (EGL_NOT_INITIALIZED)
06-09 18:09:00.369 33 33 I WCN : check_cp_ready sync val:0xf0f0f0f2, prj_type val:0xe0e0e0e0
06-09 18:09:00.397 33 33 I WCN : check_cp_ready sync val:0xf0f0f0ff, prj_type val:0xe0e0e0e0
06-09 18:09:00.397 33 33 I sdiohal : sdiohal_runtime_get entry
06-09 18:09:00.397 33 33 D : [xw] before reg = 0x1
06-09 18:09:00.397 33 33 D : [xw] after reg = 0x3
06-09 18:09:00.398 33 33 I WCN : get_cp2_version entry!
06-09 18:09:00.399 339 339 I WCN : WCND at cmd read:WCN_VER:Platform Version:MARLIN3E_20A_W25.16.1~Project Version:uwe5623_marlin3E_ott~04-14-2025 17:37:38~
06-09 18:09:00.399 33 33 I WCN : switch_cp2_log - close entry!
06-09 18:09:00.400 339 339 I WCN : WCND at cmd read:OK
06-09 18:09:00.400 266 266 I WCN : then marlin download finished and run ok
06-09 18:09:00.400 266 266 E bluetooth_set_power: end_block=0
06-09 18:09:00.400 247 266 I bt_userial_vendor: device fd = 5 open
06-09 18:09:00.401 247 266 I bt_chip_vendor: marlin3_pskey_preload
06-09 18:09:00.401 247 266 D bt_vnd_hci: sprd_vnd_send_hci_vsc a0 fc b0 00 1f 00 00 bf fe 8d fe db 3d 7b 87 ff a7 ff 7f 00 e0 f7 3e ae 6e 99 39 66 8b ec 01 01 01 ff 00 ff ff 00 02 00 00 00 00 00 00 00 00 00 00 00 00 00 00 00 00 00 00 00 00 00 00 00 00 00 00 00 00 00 00 00 00 4d 00 66 00 9b 00 66 00 00 00 00 00 00 00 00 00 00 00 00 00 01 01 01 00 00 00 00 00 00 00 00 00 28 00 00 00 06 08 0c 22 00 00 00 00 00 00 00 00 00 ff 00 00 00 00 00 00 00 00 00 00 00 00 00 00 00 00 00 00 e2 04 40 1f 20 00 c8 00 0a 00 00 00 00 00 00 00 00 00 00 00 00 00 00 00 00 00 00 00 00 00 00 00 00 00 00 00 00 00 00 00
06-09 18:09:00.401 247 266 E bt_upio : upio_set : /proc/bluetooth/sleep/btwrite(-1) incorrent
06-09 18:09:00.404 247 973 I bt_chip_vendor: Bluetooth Firmware Node: 4069 Date: 2015-04-08
06-09 18:09:00.405 247 973 I bt_chip_vendor: yujian.qin marlin3_rf_preload
06-09 18:09:00.405 247 973 D bt_vnd_hci: sprd_vnd_send_hci_vsc a2 fc fc 00 e0 00 e0 00 e0 00 e0 00 e0 00 e0 15 41 15 3a 15 34 15 2e 15 27 15 21 15 1a 15 13 15 0d 15 07 15 3b 15 37 15 33 15 2f 15 2b 15 27 15 23 15 1f 15 1b 15 17 15 13 15 0f 15 0b 15 08 15 04 15 00 15 09 15 09 15 08 15 08 15 08 15 08 15 07 15 07 15 0d 15 0d 15 0c 15 0c 15 0b 15 0b 15 0b 15 0b 15 10 15 10 15 0f 15 0f 15 0f 15 0f 15 0f 15 0f 00 e0 00 e0 00 e0 00 e0 00 e0 00 e0 15 4d 15 46 15 3d 15 36 15 2d 15 26 15 1f 15 18 15 0f 15 08 15 4b 15 4b 15 4b 15 4b 15 4b 15 46 15 40 15 3b 15 36 15 30 15 2b 15 26 15 20 15 1a 15 14 15 0e 15 09 15 09 15 08 15 08 15 08 15 08 15 07 15 07 15 0d 15 0d 15 0c 15 0c 15 0b 15 0b 15 0b 15 0b 15 10 15 10 15 0f 15 0f 15 0f 15 0f 15 0f 15 0f 00 00 ff ff 01 00 00 55 44 43 5f 55 55 c8 55 55 55 55 55 55 55 55 55 55 55 55 55 55
06-09 18:09:00.400 1 1 I /system/bin/init: type=1107 audit(0.0:356): uid=0 auid=4294967295 ses=4294967295 subj=u:r:init:s0 msg='avc: denied { set } for property=rw.vendor.bluetooth.fw.ver pid=247 uid=1002 gid=1002 scontext=u:r:hal_bluetooth_default:s0 tcontext=u:object_r:default_prop:s0 tclass=property_service permissive=1'
06-09 18:09:00.416 475 518 W IorapForwardingService: No service published for: iorapd
06-09 18:09:00.425 247 973 I bt_chip_vendor: hw_rf_cback hw_core_cback response: [0xFCA2, 0x0000, 0x00]
06-09 18:09:00.425 247 973 I bt_chip_vendor: hw_core_enable
06-09 18:09:00.425 247 973 I bt_chip_vendor: hw_core_enable : 1
06-09 18:09:00.425 247 973 E bt_upio : upio_set : /proc/bluetooth/sleep/btwrite(-1) incorrent
06-09 18:09:00.427 247 973 I bt_chip_vendor: hw_core_cback hw_core_cback response: [0xFCA1, 0x0000, 0x01]
06-09 18:09:00.427 247 973 D android.hardware.bluetooth@1.0-impl: OnFirmwareConfigured result: 0
06-09 18:09:00.427 247 973 I android.hardware.bluetooth@1.0-impl: Firmware configured in 0.026s
06-09 18:09:00.428 663 940 I bt_hci : system/bt/hci/src/hci_layer.cc:367 event_finish_startup: event_finish_startup
06-09 18:09:00.428 247 973 I android.hardware.bluetooth@1.0-impl: OnFirmwareConfigured: lpm_timeout_ms 1500
06-09 18:09:00.428 247 973 D android.hardware.bluetooth@1.0-impl: low_power_mode_cb result: 0
06-09 18:09:00.428 247 973 D android.hardware.bluetooth@1.0-impl: OnFirmwareConfigured Calling StartLowPowerWatchdog()
06-09 18:09:00.428 663 807 I bt_core_module: system/bt/btcore/src/module.cc:90 module_start_up: module_start_up Started module "hci_module"
06-09 18:09:00.428 663 807 I bt_l2cap: system/bt/stack/l2cap/l2c_api.cc:134 L2CA_Register: L2CAP Registered service classic PSM: 0x0001
06-09 18:09:00.428 663 807 I bt_l2cap: system/bt/stack/l2cap/l2c_api.cc:134 L2CA_Register: L2CAP Registered service classic PSM: 0x001f
06-09 18:09:00.428 663 807 I bluetooth: system/bt/stack/gatt/gatt_api.cc:1019 GATT_Register: Allocated name:GattProfileDb uuid:81818181-8181-8181-8181-818181818181 gatt_if:1 eatt_support:0
06-09 18:09:00.430 663 807 I droid.bluetoot: [0609/180900.430665:INFO:gatt_api.cc(179)] GATTS_AddService
06-09 18:09:00.431 663 807 I droid.bluetoot: [0609/180900.430974:INFO:gatt_api.cc(288)] GATTS_AddService: service parsed correctly, now starting
06-09 18:09:00.431 663 807 I droid.bluetoot: [0609/180900.431133:INFO:gatt_sr_hash.cc(124)] gatts_calculate_database_hash: hash=80AEB10BC70DCCEFA207489DCED98FED
06-09 18:09:00.431 663 807 I bt_l2cap: system/bt/stack/l2cap/l2c_api.cc:434 L2CA_RegisterLECoc: Registered service LE COC PSM: 0x0027
06-09 18:09:00.431 663 807 I bt_l2cap: system/bt/stack/l2cap/l2c_api.cc:134 L2CA_Register: L2CAP Registered service classic PSM: 0x0003
06-09 18:09:00.431 663 807 I bluetooth: system/bt/stack/gatt/gatt_api.cc:1019 GATT_Register: Allocated name:Gap uuid:82828282-8282-8282-8282-828282828282 gatt_if:2 eatt_support:0
06-09 18:09:00.431 663 807 I droid.bluetoot: [0609/180900.431415:INFO:gatt_api.cc(179)] GATTS_AddService
06-09 18:09:00.431 663 807 I droid.bluetoot: [0609/180900.431474:INFO:gatt_api.cc(288)] GATTS_AddService: service parsed correctly, now starting
06-09 18:09:00.431 663 807 I droid.bluetoot: [0609/180900.431568:INFO:gatt_sr_hash.cc(124)] gatts_calculate_database_hash: hash=8991C462EBE9D90B9EA0DA3E16D0F513
06-09 18:09:00.432 663 807 I bt_bte : system/bt/main/bte_logmsg.cc:248 load_levels_from_config: BTE_InitTraceLevels -- TRC_HCI : Level 2
06-09 18:09:00.432 663 807 I bt_bte : system/bt/main/bte_logmsg.cc:248 load_levels_from_config: BTE_InitTraceLevels -- TRC_L2CAP : Level 2
06-09 18:09:00.432 663 807 I bt_bte : system/bt/main/bte_logmsg.cc:248 load_levels_from_config: BTE_InitTraceLevels -- TRC_RFCOMM : Level 2
06-09 18:09:00.432 663 807 I bt_bte : system/bt/main/bte_logmsg.cc:248 load_levels_from_config: BTE_InitTraceLevels -- TRC_AVDT : Level 2
06-09 18:09:00.432 663 807 I bt_bte : system/bt/main/bte_logmsg.cc:248 load_levels_from_config: BTE_InitTraceLevels -- TRC_AVRC : Level 2
06-09 18:09:00.432 663 807 I bt_bte : system/bt/main/bte_logmsg.cc:248 load_levels_from_config: BTE_InitTraceLevels -- TRC_A2D : Level 2
06-09 18:09:00.432 663 807 I bt_bte : system/bt/main/bte_logmsg.cc:248 load_levels_from_config: BTE_InitTraceLevels -- TRC_BNEP : Level 2
06-09 18:09:00.432 663 807 I bt_bte : system/bt/main/bte_logmsg.cc:248 load_levels_from_config: BTE_InitTraceLevels -- TRC_BTM : Level 2
06-09 18:09:00.432 663 807 I bt_bte : system/bt/main/bte_logmsg.cc:248 load_levels_from_config: BTE_InitTraceLevels -- TRC_HID_HOST : Level 2
06-09 18:09:00.432 663 807 I bt_bte : system/bt/main/bte_logmsg.cc:248 load_levels_from_config: BTE_InitTraceLevels -- TRC_PAN : Level 2
06-09 18:09:00.432 663 807 I bt_bte : system/bt/main/bte_logmsg.cc:248 load_levels_from_config: BTE_InitTraceLevels -- TRC_SDP : Level 2
06-09 18:09:00.432 663 807 I bt_bte : system/bt/main/bte_logmsg.cc:248 load_levels_from_config: BTE_InitTraceLevels -- TRC_SMP : Level 2
06-09 18:09:00.432 663 807 I bt_bte : system/bt/main/bte_logmsg.cc:248 load_levels_from_config: BTE_InitTraceLevels -- TRC_HID_DEV : Level 2
06-09 18:09:00.432 663 807 I bt_bte : system/bt/main/bte_logmsg.cc:248 load_levels_from_config: BTE_InitTraceLevels -- TRC_BTAPP : Level 2
06-09 18:09:00.432 663 807 I bt_bte : system/bt/main/bte_logmsg.cc:248 load_levels_from_config: BTE_InitTraceLevels -- TRC_BTIF : Level 2
06-09 18:09:00.436 663 974 I bt_stack: [INFO:message_loop_thread.cc(224)] Run: message loop starting for thread bt_main_thread
06-09 18:09:00.436 475 644 W HdmiCecController: Failed to send 45:7D with errorCode=1
06-09 18:09:00.438 663 807 I bt_core_module: system/bt/btcore/src/module.cc:85 module_start_up: module_start_up Starting module "controller_module"
06-09 18:09:00.469 339 339 E : recv_kernel_event address b4:2f:03:15:73:2f
06-09 18:09:00.488 475 520 D CompatibilityChangeReporter: Compat change id reported: 158002302; UID 10064; state: ENABLED
06-09 18:09:00.492 669 669 V WallpaperService: Setting wallpaper dimming: 0
06-09 18:09:00.509 184 184 I hwservicemanager: getTransport: Cannot find entry android.hardware.configstore@1.0::ISurfaceFlingerConfigs/default in either framework or device VINTF manifest.
06-09 18:09:00.511 669 951 D EglHelper: createEglContext start
06-09 18:09:00.519 669 951 D EglHelper: createEglContext done
06-09 18:09:00.519 669 951 D EglHelper: createEglSurface start
06-09 18:09:00.520 669 951 D EglHelper: createEglSurface done
06-09 18:09:00.535 475 519 I ActivityManagerTiming: FinishBooting
06-09 18:09:00.536 241 241 W Zygote : forkRepeatedly terminated due to non-simple command
06-09 18:09:00.536 241 241 D Zygote : mbuffer starts with 1 , nice name is , mEnd = 19, mNext = 19, mLinesLeft = 0, mFd = 4
06-09 18:09:00.539 475 519 I ActivityManager: About to commit checkpoint
06-09 18:09:00.541 475 519 I SystemServiceManager: Starting phase 1000
06-09 18:09:00.541 475 519 I ActivityManagerTiming: OnBootPhase_1000
06-09 18:09:00.541 475 519 E PowerStatsService: Failed to start PowerStatsService loggers
06-09 18:09:00.544 475 553 V DisplayPowerController[0]: Brightness [0.39763778] reason changing to: 'manual', previous reason: 'override'.
06-09 18:09:00.549 475 579 D AppStandbyController: Loading headless system app cache. appIdleEnabled=false
06-09 18:09:00.551 475 583 D RollbackManager: mRollbackLifetimeDurationInMillis=1209600000
06-09 18:09:00.564 475 519 D IorapForwardingService: BgJob Scheduled (jobId=283673059, interval: 86400000ms)
06-09 18:09:00.564 475 519 D TestHarnessModeService: Completing Test Harness Mode setup.
06-09 18:09:00.569 475 601 D StorageManagerService: Thinking about init, mBootCompleted=true, mDaemonConnected=true
06-09 18:09:00.571 475 601 D StorageManagerService: Setting up emulation state, initlocked=false
06-09 18:09:00.572 188 188 D vold : fscrypt_unlock_user_key 0 serial=0
06-09 18:09:00.573 475 601 D StorageManagerService: Thinking about reset, mBootCompleted=true, mDaemonConnected=true
06-09 18:09:00.578 475 601 I StorageSessionController: Started resetting external storage service...
06-09 18:09:00.582 475 601 I StorageSessionController: Finished resetting external storage service
06-09 18:09:00.583 475 601 I StorageManagerService: Resetting vold...
06-09 18:09:00.584 475 601 I StorageManagerService: Reset vold
06-09 18:09:00.588 475 607 D WifiService: Handle boot completed
06-09 18:09:00.589 475 516 D AdbService: boot completed
06-09 18:09:00.589 475 519 D SoundTriggerService: onBootPhase: 1000 : false
06-09 18:09:00.591 188 188 I vold : onUserAdded: 0
06-09 18:09:00.591 475 988 I HibernationStateDiskStore: No hibernation file on disk for file /data/system/hibernation/states
06-09 18:09:00.600 475 519 D CompatibilityChangeReporter: Compat change id reported: 168936375; UID 1000; state: DISABLED
06-09 18:09:00.601 475 519 D CompatibilityChangeReporter: Compat change id reported: 168936375; UID 1000; state: ENABLED
06-09 18:09:00.602 752 846 I Tethering: USB bcast connected:false configured:false rndis:false ncm:false
06-09 18:09:00.614 475 607 I WifiScoreCard: Installing MemoryStore
06-09 18:09:00.614 475 607 I WifiHealthMonitor: Installing MemoryStore
06-09 18:09:00.617 475 519 D CompatibilityChangeReporter: Compat change id reported: 73144566; UID 1000; state: DISABLED
06-09 18:09:00.618 475 519 D CompatibilityChangeReporter: Compat change id reported: 73144566; UID 1000; state: ENABLED
06-09 18:09:00.619 475 516 E AdbDebuggingManager: Expected keyStore, but got tag=adbKey
06-09 18:09:00.626 475 519 D GameManagerService: onBootCompleted
06-09 18:09:00.627 475 516 E AdbDebuggingManager: Expected keyStore, but got tag=adbKey
06-09 18:09:00.630 475 519 D AppSearchStatsCollector: atoms registered
06-09 18:09:00.630 475 519 D ActivityManagerTiming: TotalBootTime took to complete: 7509ms
06-09 18:09:00.630 475 519 D SystemServerInitThreadPool: Shutdown requested
06-09 18:09:00.630 475 519 I SystemServerTiming: WaitInitThreadPoolShutdown
06-09 18:09:00.633 475 519 D SystemServerInitThreadPool: Shutdown successful
06-09 18:09:00.635 475 519 D ActivityManager: refreshZramWriteback
06-09 18:09:00.635 475 519 D ActivityManager: real start flush
06-09 18:09:00.641 1 1 I init : processing action (sys.boot_completed=1) from (/system/etc/init/hw/init.rc:1130)
06-09 18:09:00.642 1 1 I init : starting service 'exec 16 (/bin/rm -rf /data/per_boot)'...
06-09 18:09:00.638 475 991 W ZramWriteback: Writeback device is not set
06-09 18:09:00.638 475 991 D ZramWriteback: wait to flush
06-09 18:09:00.641 475 519 I ActivityManager: User 0 state changed from BOOTING to RUNNING_LOCKED
06-09 18:09:00.641 475 519 W ActivityManager: UserLifecycleEvent 4 received without an active userJourneySession.
06-09 18:09:00.648 1 1 I init : SVC_EXEC service 'exec 16 (/bin/rm -rf /data/per_boot)' pid 992 (uid 1000 gid 1000+0 context default) started; waiting...
06-09 18:09:00.650 371 387 I adbd : adbd_auth: received a new framework connection
06-09 18:09:00.651 371 387 I adbd : adbd_auth: received new framework fd 31 (current = -1)
06-09 18:09:00.653 475 519 D StorageManagerService: unlockUserKey: 0 isFileEncryptedNativeOrEmulated: false hasToken: false hasSecret: false
06-09 18:09:00.654 475 519 W ActivityManager: UserLifecycleEvent 5 received without an active userJourneySession.
06-09 18:09:00.654 475 519 D ActivityManager: Started unlocking user 0
06-09 18:09:00.654 475 519 D ActivityManager: Unlocking user 0 progress 0
06-09 18:09:00.654 475 519 D ActivityManager: Unlocking user 0 progress 5
06-09 18:09:00.655 188 188 D vold : fscrypt_prepare_user_storage for volume null, user 0, serial 0, flags 2
06-09 18:09:00.655 188 188 D vold : Preparing: /data/system_ce/0
06-09 18:09:00.655 188 188 D vold : Preparing: /data/misc_ce/0
06-09 18:09:00.655 188 188 D vold : Preparing: /data/vendor_ce/0
06-09 18:09:00.656 188 188 D vold : Preparing: /data/media/0
06-09 18:09:00.657 188 188 D vold : Preparing: /data/data
06-09 18:09:00.657 188 188 D vold : Starting restorecon of /data/system_ce/0
06-09 18:09:00.664 188 188 D vold : Finished restorecon of /data/system_ce/0
06-09 18:09:00.664 188 188 D vold : Starting restorecon of /data/vendor_ce/0
06-09 18:09:00.669 188 188 D vold : Finished restorecon of /data/vendor_ce/0
06-09 18:09:00.669 188 188 D vold : Starting restorecon of /data/misc_ce/0
06-09 18:09:00.674 188 188 D vold : Finished restorecon of /data/misc_ce/0
06-09 18:09:00.674 188 188 D vold : /system/bin/vold_prepare_subdirs
06-09 18:09:00.674 188 188 D vold : prepare
06-09 18:09:00.674 188 188 D vold :
06-09 18:09:00.674 188 188 D vold : 0
06-09 18:09:00.674 188 188 D vold : 2
06-09 18:09:00.728 998 998 D vold_prepare_subdirs: Setting up mode 771 uid 1000 gid 1000 context u:object_r:system_data_file:s0:c512,c768 on path: /data/data
06-09 18:09:00.730 998 998 D vold_prepare_subdirs: Setting up mode 700 uid 0 gid 0 context u:object_r:vold_data_file:s0 on path: /data/misc_ce/0/vold
06-09 18:09:00.731 998 998 D vold_prepare_subdirs: Setting up mode 700 uid 0 gid 0 context u:object_r:storaged_data_file:s0 on path: /data/misc_ce/0/storaged
06-09 18:09:00.732 998 998 D vold_prepare_subdirs: Setting up mode 700 uid 0 gid 0 context u:object_r:rollback_data_file:s0 on path: /data/misc_ce/0/rollback
06-09 18:09:00.734 998 998 D vold_prepare_subdirs: Setting up mode 700 uid 0 gid 0 context u:object_r:apex_rollback_data_file:s0 on path: /data/misc_ce/0/apexrollback
06-09 18:09:00.736 998 998 D vold_prepare_subdirs: Setting up mode 711 uid 0 gid 0 context u:object_r:apex_module_data_file:s0 on path: /data/misc_ce/0/apexdata
06-09 18:09:00.738 998 998 D vold_prepare_subdirs: Setting up mode 771 uid 0 gid 1000 context u:object_r:apex_wifi_data_file:s0 on path: /data/misc_ce/0/apexdata/com.android.wifi
06-09 18:09:00.739 998 998 D vold_prepare_subdirs: Setting up mode 771 uid 0 gid 1000 context u:object_r:apex_module_data_file:s0 on path: /data/misc_ce/0/apexdata/com.android.vndk.v31
06-09 18:09:00.740 998 998 D vold_prepare_subdirs: Setting up mode 771 uid 0 gid 1000 context u:object_r:apex_module_data_file:s0 on path: /data/misc_ce/0/apexdata/com.android.tzdata
06-09 18:09:00.741 998 998 D vold_prepare_subdirs: Setting up mode 771 uid 0 gid 1000 context u:object_r:apex_module_data_file:s0 on path: /data/misc_ce/0/apexdata/com.android.tethering
06-09 18:09:00.742 998 998 D vold_prepare_subdirs: Setting up mode 771 uid 0 gid 1000 context u:object_r:apex_module_data_file:s0 on path: /data/misc_ce/0/apexdata/com.android.sdkext
06-09 18:09:00.743 998 998 D vold_prepare_subdirs: Setting up mode 771 uid 0 gid 1000 context u:object_r:apex_module_data_file:s0 on path: /data/misc_ce/0/apexdata/com.android.scheduling
06-09 18:09:00.744 998 998 D vold_prepare_subdirs: Setting up mode 771 uid 0 gid 1000 context u:object_r:apex_module_data_file:s0 on path: /data/misc_ce/0/apexdata/com.android.runtime
06-09 18:09:00.745 998 998 D vold_prepare_subdirs: Setting up mode 771 uid 0 gid 1000 context u:object_r:apex_module_data_file:s0 on path: /data/misc_ce/0/apexdata/com.android.resolv
06-09 18:09:00.745 998 998 D vold_prepare_subdirs: Setting up mode 771 uid 0 gid 1000 context u:object_r:apex_permission_data_file:s0 on path: /data/misc_ce/0/apexdata/com.android.permission
06-09 18:09:00.750 998 998 D vold_prepare_subdirs: Setting up mode 771 uid 0 gid 1000 context u:object_r:apex_module_data_file:s0 on path: /data/misc_ce/0/apexdata/com.android.os.statsd
06-09 18:09:00.751 998 998 D vold_prepare_subdirs: Setting up mode 771 uid 0 gid 1000 context u:object_r:apex_module_data_file:s0 on path: /data/misc_ce/0/apexdata/com.android.neuralnetworks
06-09 18:09:00.752 998 998 D vold_prepare_subdirs: Setting up mode 771 uid 0 gid 1000 context u:object_r:apex_module_data_file:s0 on path: /data/misc_ce/0/apexdata/com.android.mediaprovider
06-09 18:09:00.753 998 998 D vold_prepare_subdirs: Setting up mode 771 uid 0 gid 1000 context u:object_r:apex_module_data_file:s0 on path: /data/misc_ce/0/apexdata/com.android.media.swcodec
06-09 18:09:00.753 998 998 D vold_prepare_subdirs: Setting up mode 771 uid 0 gid 1000 context u:object_r:apex_module_data_file:s0 on path: /data/misc_ce/0/apexdata/com.android.media
06-09 18:09:00.754 998 998 D vold_prepare_subdirs: Setting up mode 771 uid 0 gid 1000 context u:object_r:apex_module_data_file:s0 on path: /data/misc_ce/0/apexdata/com.android.ipsec
06-09 18:09:00.755 998 998 D vold_prepare_subdirs: Setting up mode 771 uid 0 gid 1000 context u:object_r:apex_module_data_file:s0 on path: /data/misc_ce/0/apexdata/com.android.i18n
06-09 18:09:00.755 998 998 D vold_prepare_subdirs: Setting up mode 771 uid 0 gid 1000 context u:object_r:apex_module_data_file:s0 on path: /data/misc_ce/0/apexdata/com.android.extservices
06-09 18:09:00.756 998 998 D vold_prepare_subdirs: Setting up mode 771 uid 0 gid 1000 context u:object_r:apex_module_data_file:s0 on path: /data/misc_ce/0/apexdata/com.android.conscrypt
06-09 18:09:00.757 998 998 D vold_prepare_subdirs: Setting up mode 771 uid 0 gid 1000 context u:object_r:apex_module_data_file:s0 on path: /data/misc_ce/0/apexdata/com.android.art
