06-09 18:09:03.348 1174 1174 D wpa_supplicant: nl80211: Supported vendor event: vendor_id=0x1374 subcmd=27
06-09 18:09:03.349 1174 1174 D wpa_supplicant: nl80211: Supported vendor event: vendor_id=0x1374 subcmd=28
06-09 18:09:03.349 1174 1174 D wpa_supplicant: nl80211: Supported vendor event: vendor_id=0x1374 subcmd=41
06-09 18:09:03.349 1174 1174 D wpa_supplicant: nl80211: Supported vendor event: vendor_id=0x1374 subcmd=29
06-09 18:09:03.349 1174 1174 D wpa_supplicant: nl80211: Supported vendor event: vendor_id=0x1374 subcmd=30
06-09 18:09:03.349 1174 1174 D wpa_supplicant: nl80211: Supported vendor event: vendor_id=0x1374 subcmd=31
06-09 18:09:03.349 1174 1174 D wpa_supplicant: nl80211: Supported vendor event: vendor_id=0x1374 subcmd=32
06-09 18:09:03.349 1174 1174 D wpa_supplicant: nl80211: Supported vendor event: vendor_id=0x1374 subcmd=33
06-09 18:09:03.349 1174 1174 D wpa_supplicant: nl80211: Supported vendor event: vendor_id=0x0 subcmd=0
06-09 18:09:03.349 1174 1174 D wpa_supplicant: nl80211: Supported vendor event: vendor_id=0x0 subcmd=0
06-09 18:09:03.349 1174 1174 D wpa_supplicant: nl80211: Supported vendor event: vendor_id=0x0 subcmd=0
06-09 18:09:03.349 1174 1174 D wpa_supplicant: nl80211: Supported vendor event: vendor_id=0x0 subcmd=0
06-09 18:09:03.349 1174 1174 D wpa_supplicant: nl80211: Supported vendor event: vendor_id=0x0 subcmd=0
06-09 18:09:03.349 1174 1174 D wpa_supplicant: nl80211: Supported vendor event: vendor_id=0x0 subcmd=0
06-09 18:09:03.349 1174 1174 D wpa_supplicant: nl80211: Supported vendor event: vendor_id=0x0 subcmd=0
06-09 18:09:03.349 1174 1174 D wpa_supplicant: nl80211: Supported vendor event: vendor_id=0x0 subcmd=0
06-09 18:09:03.349 1174 1174 D wpa_supplicant: nl80211: Supported vendor event: vendor_id=0x0 subcmd=0
06-09 18:09:03.349 1174 1174 D wpa_supplicant: nl80211: Supported vendor event: vendor_id=0x0 subcmd=0
06-09 18:09:03.349 1174 1174 D wpa_supplicant: nl80211: Supported vendor event: vendor_id=0x0 subcmd=0
06-09 18:09:03.349 1174 1174 D wpa_supplicant: nl80211: Supported vendor event: vendor_id=0x0 subcmd=0
06-09 18:09:03.349 1174 1174 D wpa_supplicant: nl80211: Supported vendor event: vendor_id=0x1374 subcmd=5120
06-09 18:09:03.349 1174 1174 D wpa_supplicant: nl80211: Supported vendor event: vendor_id=0x0 subcmd=0
06-09 18:09:03.349 1174 1174 D wpa_supplicant: nl80211: Supported vendor event: vendor_id=0x0 subcmd=0
06-09 18:09:03.349 1174 1174 D wpa_supplicant: nl80211: Supported vendor event: vendor_id=0x0 subcmd=0
06-09 18:09:03.349 1174 1174 D wpa_supplicant: nl80211: Supported vendor event: vendor_id=0x0 subcmd=0
06-09 18:09:03.349 1174 1174 D wpa_supplicant: nl80211: Supported vendor event: vendor_id=0x0 subcmd=0
06-09 18:09:03.349 1174 1174 D wpa_supplicant: nl80211: Supported vendor event: vendor_id=0x0 subcmd=0
06-09 18:09:03.349 1174 1174 D wpa_supplicant: nl80211: Supported vendor event: vendor_id=0x0 subcmd=0
06-09 18:09:03.349 1174 1174 D wpa_supplicant: nl80211: Supported vendor event: vendor_id=0x0 subcmd=0
06-09 18:09:03.349 1174 1174 D wpa_supplicant: nl80211: Supported vendor event: vendor_id=0x0 subcmd=0
06-09 18:09:03.349 1174 1174 D wpa_supplicant: nl80211: Supported vendor event: vendor_id=0x0 subcmd=0
06-09 18:09:03.349 1174 1174 D wpa_supplicant: nl80211: Supported vendor event: vendor_id=0x0 subcmd=0
06-09 18:09:03.349 1174 1174 D wpa_supplicant: nl80211: Supported vendor event: vendor_id=0x0 subcmd=0
06-09 18:09:03.349 1174 1174 D wpa_supplicant: nl80211: Supported vendor event: vendor_id=0x0 subcmd=0
06-09 18:09:03.349 1174 1174 D wpa_supplicant: nl80211: Supported vendor event: vendor_id=0x0 subcmd=0
06-09 18:09:03.349 1174 1174 D wpa_supplicant: nl80211: Supported vendor event: vendor_id=0x0 subcmd=0
06-09 18:09:03.349 1174 1174 D wpa_supplicant: nl80211: Supported vendor event: vendor_id=0x0 subcmd=0
06-09 18:09:03.349 1174 1174 D wpa_supplicant: nl80211: Supported vendor event: vendor_id=0x0 subcmd=0
06-09 18:09:03.349 1174 1174 D wpa_supplicant: nl80211: Supported vendor event: vendor_id=0x0 subcmd=0
06-09 18:09:03.349 1174 1174 D wpa_supplicant: nl80211: Supported vendor event: vendor_id=0x0 subcmd=0
06-09 18:09:03.349 1174 1174 D wpa_supplicant: nl80211: Supported vendor event: vendor_id=0x0 subcmd=0
06-09 18:09:03.350 1174 1174 D wpa_supplicant: nl80211: Supported vendor event: vendor_id=0x0 subcmd=0
06-09 18:09:03.350 1174 1174 D wpa_supplicant: nl80211: Supported vendor event: vendor_id=0x0 subcmd=0
06-09 18:09:03.350 1174 1174 D wpa_supplicant: nl80211: Supported vendor event: vendor_id=0x0 subcmd=0
06-09 18:09:03.350 1174 1174 D wpa_supplicant: nl80211: Supported vendor event: vendor_id=0x0 subcmd=0
06-09 18:09:03.350 1174 1174 D wpa_supplicant: nl80211: Supported vendor event: vendor_id=0x0 subcmd=0
06-09 18:09:03.350 1174 1174 D wpa_supplicant: nl80211: Supported vendor event: vendor_id=0x0 subcmd=0
06-09 18:09:03.350 1174 1174 D wpa_supplicant: nl80211: Supported vendor event: vendor_id=0x0 subcmd=0
06-09 18:09:03.350 1174 1174 D wpa_supplicant: nl80211: Supported vendor event: vendor_id=0x0 subcmd=0
06-09 18:09:03.350 1174 1174 D wpa_supplicant: nl80211: Supported vendor event: vendor_id=0x0 subcmd=0
06-09 18:09:03.350 1174 1174 D wpa_supplicant: nl80211: Supported vendor event: vendor_id=0x0 subcmd=0
06-09 18:09:03.350 1174 1174 D wpa_supplicant: nl80211: Supported vendor event: vendor_id=0x0 subcmd=0
06-09 18:09:03.350 1174 1174 D wpa_supplicant: nl80211: Supported vendor event: vendor_id=0x1374 subcmd=131
06-09 18:09:03.350 1174 1174 D wpa_supplicant: nl80211: Supported vendor event: vendor_id=0x1374 subcmd=132
06-09 18:09:03.350 1174 1174 D wpa_supplicant: nl80211: Supported vendor event: vendor_id=0x0 subcmd=0
06-09 18:09:03.350 1174 1174 D wpa_supplicant: nl80211: Supported vendor event: vendor_id=0x0 subcmd=0
06-09 18:09:03.350 1174 1174 D wpa_supplicant: nl80211: Supported vendor event: vendor_id=0x0 subcmd=0
06-09 18:09:03.350 1174 1174 D wpa_supplicant: nl80211: Supported vendor event: vendor_id=0x0 subcmd=0
06-09 18:09:03.350 1174 1174 D wpa_supplicant: nl80211: Supported vendor event: vendor_id=0x0 subcmd=0
06-09 18:09:03.351 1174 1174 D wpa_supplicant: nl80211: Supported vendor event: vendor_id=0x0 subcmd=0
06-09 18:09:03.351 1174 1174 D wpa_supplicant: nl80211: Supported vendor event: vendor_id=0x1374 subcmd=72
06-09 18:09:03.352 1174 1174 D wpa_supplicant: nl80211: Use separate P2P group interface (driver advertised support)
06-09 18:09:03.352 1174 1174 D wpa_supplicant: nl80211: Enable multi-channel concurrent (driver advertised support)
06-09 18:09:03.352 1174 1174 D wpa_supplicant: nl80211: use P2P_DEVICE support
06-09 18:09:03.352 1174 1174 D wpa_supplicant: nl80211: key_mgmt=0xd0f enc=0x10f auth=0x7 flags=0x100100007a007ac0 rrm_flags=0x0 probe_resp_offloads=0x0 max_stations=10 max_remain_on_chan=5000 max_scan_ssids=12
06-09 18:09:03.352 1174 1174 D wpa_supplicant: nl80211: interface wlan0 in phy phy0
06-09 18:09:03.352 1174 1174 D wpa_supplicant: nl80211: Set mode ifindex 14 iftype 2 (STATION)
06-09 18:09:03.353 1174 1174 D wpa_supplicant: nl80211: Subscribe to mgmt frames with non-AP handle 0xeb5ef7a0
06-09 18:09:03.353 1174 1174 D wpa_supplicant: nl80211: Register frame type=0xb0 (WLAN_FC_STYPE_AUTH) nl_handle=0xeb5ef7a0 match=0300 multicast=0
06-09 18:09:03.353 1174 1174 D wpa_supplicant: nl80211: Register frame command failed (type=176): ret=-22 (Invalid argument)
06-09 18:09:03.353 1174 1174 D wpa_supplicant: nl80211: Register frame match - hexdump(len=2): 03 00
06-09 18:09:03.353 1174 1174 D wpa_supplicant: nl80211: Register frame type=0xd0 (WLAN_FC_STYPE_ACTION) nl_handle=0xeb5ef7a0 match=0104 multicast=0
06-09 18:09:03.354 1174 1174 D wpa_supplicant: nl80211: Register frame type=0xd0 (WLAN_FC_STYPE_ACTION) nl_handle=0xeb5ef7a0 match=040a multicast=0
06-09 18:09:03.354 1174 1174 D wpa_supplicant: nl80211: Register frame type=0xd0 (WLAN_FC_STYPE_ACTION) nl_handle=0xeb5ef7a0 match=040b multicast=0
06-09 18:09:03.354 1174 1174 D wpa_supplicant: nl80211: Register frame type=0xd0 (WLAN_FC_STYPE_ACTION) nl_handle=0xeb5ef7a0 match=040c multicast=0
06-09 18:09:03.354 1174 1174 D wpa_supplicant: nl80211: Register frame type=0xd0 (WLAN_FC_STYPE_ACTION) nl_handle=0xeb5ef7a0 match=040d multicast=0
06-09 18:09:03.354 1174 1174 D wpa_supplicant: nl80211: Register frame type=0xd0 (WLAN_FC_STYPE_ACTION) nl_handle=0xeb5ef7a0 match=090a multicast=0
06-09 18:09:03.354 1174 1174 D wpa_supplicant: nl80211: Register frame type=0xd0 (WLAN_FC_STYPE_ACTION) nl_handle=0xeb5ef7a0 match=090b multicast=0
06-09 18:09:03.354 1174 1174 D wpa_supplicant: nl80211: Register frame type=0xd0 (WLAN_FC_STYPE_ACTION) nl_handle=0xeb5ef7a0 match=090c multicast=0
06-09 18:09:03.355 1174 1174 D wpa_supplicant: nl80211: Register frame type=0xd0 (WLAN_FC_STYPE_ACTION) nl_handle=0xeb5ef7a0 match=090d multicast=0
06-09 18:09:03.356 1174 1174 D wpa_supplicant: nl80211: Register frame type=0xd0 (WLAN_FC_STYPE_ACTION) nl_handle=0xeb5ef7a0 match=0409506f9a09 multicast=0
06-09 18:09:03.356 1174 1174 D wpa_supplicant: nl80211: Register frame type=0xd0 (WLAN_FC_STYPE_ACTION) nl_handle=0xeb5ef7a0 match=7f506f9a09 multicast=0
06-09 18:09:03.356 1174 1174 D wpa_supplicant: nl80211: Register frame type=0xd0 (WLAN_FC_STYPE_ACTION) nl_handle=0xeb5ef7a0 match=0409506f9a1a multicast=0
06-09 18:09:03.356 1174 1174 D wpa_supplicant: nl80211: Register frame type=0xd0 (WLAN_FC_STYPE_ACTION) nl_handle=0xeb5ef7a0 match=0801 multicast=0
06-09 18:09:03.356 1174 1174 D wpa_supplicant: nl80211: Register frame type=0xd0 (WLAN_FC_STYPE_ACTION) nl_handle=0xeb5ef7a0 match=06 multicast=0
06-09 18:09:03.356 1174 1174 D wpa_supplicant: nl80211: Register frame type=0xd0 (WLAN_FC_STYPE_ACTION) nl_handle=0xeb5ef7a0 match=0a07 multicast=0
06-09 18:09:03.356 1174 1174 D wpa_supplicant: nl80211: Register frame type=0xd0 (WLAN_FC_STYPE_ACTION) nl_handle=0xeb5ef7a0 match=0a11 multicast=0
06-09 18:09:03.356 1174 1174 D wpa_supplicant: nl80211: Register frame type=0xd0 (WLAN_FC_STYPE_ACTION) nl_handle=0xeb5ef7a0 match=0a0b multicast=0
06-09 18:09:03.356 1174 1174 D wpa_supplicant: nl80211: Register frame type=0xd0 (WLAN_FC_STYPE_ACTION) nl_handle=0xeb5ef7a0 match=0a1a multicast=0
06-09 18:09:03.357 1174 1174 D wpa_supplicant: nl80211: Register frame type=0xd0 (WLAN_FC_STYPE_ACTION) nl_handle=0xeb5ef7a0 match=1101 multicast=0
06-09 18:09:03.357 1174 1174 D wpa_supplicant: nl80211: Register frame type=0xd0 (WLAN_FC_STYPE_ACTION) nl_handle=0xeb5ef7a0 match=1102 multicast=0
06-09 18:09:03.357 1174 1174 D wpa_supplicant: nl80211: Register frame type=0xd0 (WLAN_FC_STYPE_ACTION) nl_handle=0xeb5ef7a0 match=0505 multicast=0
06-09 18:09:03.357 1174 1174 D wpa_supplicant: nl80211: Register frame type=0xd0 (WLAN_FC_STYPE_ACTION) nl_handle=0xeb5ef7a0 match=0500 multicast=0
06-09 18:09:03.357 1174 1174 D wpa_supplicant: nl80211: Register frame type=0xd0 (WLAN_FC_STYPE_ACTION) nl_handle=0xeb5ef7a0 match=1305 multicast=0
06-09 18:09:03.358 1174 1174 I wpa_supplicant: rfkill: Cannot open RFKILL control device
06-09 18:09:03.358 1174 1174 D wpa_supplicant: nl80211: RFKILL status not available
06-09 18:09:03.358 1174 1174 D wpa_supplicant: netlink: Operstate: ifindex=14 linkmode=1 (userspace-control), operstate=5 (IF_OPER_DORMANT)
06-09 18:09:03.358 663 663 D BluetoothPbapService: setBluetoothPbapService(): set to: com.android.bluetooth.pbap.BluetoothPbapService@6d59891
06-09 18:09:03.359 475 516 I EthernetTracker: interfaceLinkStateChanged, iface: wlan0, up: true
06-09 18:09:03.359 475 516 W PppoeNetworkFactory: interfaceLinkStateChanged
06-09 18:09:03.359 475 516 D PppoeNetworkFactory: updateInterface: mIface: mPhyIface:eth0 iface:wlan0 link:up
06-09 18:09:03.359 475 516 D PppoeNetworkFactory: not tracker interface
06-09 18:09:03.361 663 663 D AvrcpVolumeManager: onAudioDevicesAdded: Not expecting device changed
06-09 18:09:03.361 1027 1027 D DisplayOutputManager: ro.build.characteristics=homlet
06-09 18:09:03.362 475 516 I EthernetTracker: interfaceLinkStateChanged, iface: wlan0, up: true
06-09 18:09:03.362 475 516 W PppoeNetworkFactory: interfaceLinkStateChanged
06-09 18:09:03.362 475 516 D PppoeNetworkFactory: updateInterface: mIface: mPhyIface:eth0 iface:wlan0 link:up
06-09 18:09:03.362 475 516 D PppoeNetworkFactory: not tracker interface
06-09 18:09:03.365 1174 1174 D wpa_supplicant: Add interface wlan0 to a new radio phy0
06-09 18:09:03.368 1174 1174 D wpa_supplicant: nl80211: No channel number found for frequency 5920 MHz
06-09 18:09:03.368 1174 1174 D wpa_supplicant: nl80211: No channel number found for frequency 5940 MHz
06-09 18:09:03.368 1174 1174 D wpa_supplicant: nl80211: Regulatory information - country=CN (DFS-FCC)
06-09 18:09:03.368 1174 1174 D wpa_supplicant: nl80211: 2400-2483 @ 40 MHz 20 mBm
06-09 18:09:03.368 1174 1174 D wpa_supplicant: nl80211: 5150-5350 @ 80 MHz 20 mBm (DFS)
06-09 18:09:03.368 1174 1174 D wpa_supplicant: nl80211: 5725-5850 @ 80 MHz 33 mBm
06-09 18:09:03.368 1174 1174 D wpa_supplicant: nl80211: 57240-59400 @ 2160 MHz 28 mBm
06-09 18:09:03.368 1174 1174 D wpa_supplicant: nl80211: 59400-63720 @ 2160 MHz 44 mBm
06-09 18:09:03.368 1174 1174 D wpa_supplicant: nl80211: 63720-65880 @ 2160 MHz 28 mBm
06-09 18:09:03.369 1174 1174 D wpa_supplicant: nl80211: Added 802.11b mode based on 802.11g information
06-09 18:09:03.369 1174 1174 D wpa_supplicant: nl80211: Mode IEEE 802.11g: 2412 2417 2422 2427 2432 2437 2442 2447 2452 2457 2462 2467 2472 2484[DISABLED]
06-09 18:09:03.369 1174 1174 D wpa_supplicant: nl80211: Mode IEEE 802.11a: 5170[DISABLED] 5180 5200 5220 5240 5260[RADAR] 5280[RADAR] 5300[RADAR] 5320[RADAR] 5500[DISABLED][RADAR] 5520[DISABLED][RADAR] 5540[DISABLED][RADAR] 5560[DISABLED][RADAR] 5580[DISABLED][RADAR]
06-09 18:09:03.369 1174 1174 D wpa_supplicant: nl80211: Mode IEEE 802.11b: 2412 2417 2422 2427 2432 2437 2442 2447 2452 2457 2462 2467 2472 2484[DISABLED]
06-09 18:09:03.370 475 577 D CompatibilityChangeReporter: Compat change id reported: 135634846; UID 10044; state: DISABLED
06-09 18:09:03.370 475 577 D CompatibilityChangeReporter: Compat change id reported: 177438394; UID 10044; state: DISABLED
06-09 18:09:03.371 475 577 D CompatibilityChangeReporter: Compat change id reported: 135772972; UID 10044; state: DISABLED
06-09 18:09:03.371 475 577 D CompatibilityChangeReporter: Compat change id reported: 135754954; UID 10044; state: DISABLED
06-09 18:09:03.371 475 537 D CompatibilityChangeReporter: Compat change id reported: 143937733; UID 10044; state: DISABLED
06-09 18:09:03.372 182 182 I servicemanager: Found vendor.display.output.IDisplayOutputManager/default in device VINTF manifest.
06-09 18:09:03.374 663 663 D CompatibilityChangeReporter: Compat change id reported: 150939131; UID 1002; state: ENABLED
06-09 18:09:03.374 663 663 D AdapterProperties: onBluetoothReady, state=TURNING_ON, ScanMode=20
06-09 18:09:03.383 663 813 D AdapterProperties: Scan Mode:21
06-09 18:09:03.384 663 813 D AdapterProperties: Discoverable Timeout:120
06-09 18:09:03.384 1027 1027 D HomletDisplayOutputManager: get IDisplayOutputManager service success
06-09 18:09:03.391 1027 1027 D AudioManagerEx: AudioManagerEx
06-09 18:09:03.391 663 663 D BluetoothAdapterService: updateUuids() - Updating UUIDs for bonded devices
06-09 18:09:03.392 663 663 I BluetoothAdapterService: initProfileServices: Initializing all bluetooth profile services
06-09 18:09:03.393 663 663 I BluetoothA2dpSinkServiceJni: classInitNative: succeeds
06-09 18:09:03.394 663 663 W HeadsetClientService: getHeadsetClientService(): service is null
06-09 18:09:03.394 663 663 W MapClientService: getMapClientService(): service is null
06-09 18:09:03.394 663 663 W PbapClientService: getPbapClientService(): service is null
06-09 18:09:03.394 663 663 W HearingAidService: getHearingAidService(): service is NULL
06-09 18:09:03.395 663 663 W SapService: getSapService(): service is null
06-09 18:09:03.395 663 787 I AdapterState: ON : entered
06-09 18:09:03.396 1174 1174 D wpa_supplicant: wlan0: Own MAC address: b4:2f:03:15:e8:b9
06-09 18:09:03.397 1174 1174 D wpa_supplicant: wpa_driver_nl80211_set_key: ifindex=14 (wlan0) alg=0 addr=0x0 key_idx=0 set_tx=0 seq_len=0 key_len=0 key_flag=0x10
06-09 18:09:03.397 1174 1174 D wpa_supplicant: nl80211: DEL_KEY
06-09 18:09:03.397 663 787 D AdapterProperties: Setting state to ON
06-09 18:09:03.398 1174 1174 D wpa_supplicant: broadcast key
06-09 18:09:03.398 1174 1174 D wpa_supplicant: wpa_driver_nl80211_set_key: ifindex=14 (wlan0) alg=0 addr=0x0 key_idx=1 set_tx=0 seq_len=0 key_len=0 key_flag=0x10
06-09 18:09:03.398 1174 1174 D wpa_supplicant: nl80211: DEL_KEY
06-09 18:09:03.398 1174 1174 D wpa_supplicant: broadcast key
06-09 18:09:03.399 1174 1174 D wpa_supplicant: wpa_driver_nl80211_set_key: ifindex=14 (wlan0) alg=0 addr=0x0 key_idx=2 set_tx=0 seq_len=0 key_len=0 key_flag=0x10
06-09 18:09:03.399 1174 1174 D wpa_supplicant: nl80211: DEL_KEY
06-09 18:09:03.399 1174 1174 D wpa_supplicant: broadcast key
06-09 18:09:03.399 1174 1174 D wpa_supplicant: wpa_driver_nl80211_set_key: ifindex=14 (wlan0) alg=0 addr=0x0 key_idx=3 set_tx=0 seq_len=0 key_len=0 key_flag=0x10
06-09 18:09:03.399 1174 1174 D wpa_supplicant: nl80211: DEL_KEY
06-09 18:09:03.399 1174 1174 D wpa_supplicant: broadcast key
06-09 18:09:03.399 1174 1174 D wpa_supplicant: wpa_driver_nl80211_set_key: ifindex=14 (wlan0) alg=0 addr=0x0 key_idx=4 set_tx=0 seq_len=0 key_len=0 key_flag=0x10
06-09 18:09:03.399 1174 1174 D wpa_supplicant: nl80211: DEL_KEY
06-09 18:09:03.399 1174 1174 D wpa_supplicant: broadcast key
06-09 18:09:03.400 1174 1174 D wpa_supplicant: wpa_driver_nl80211_set_key: ifindex=14 (wlan0) alg=0 addr=0x0 key_idx=5 set_tx=0 seq_len=0 key_len=0 key_flag=0x10
06-09 18:09:03.400 1174 1174 D wpa_supplicant: nl80211: DEL_KEY
06-09 18:09:03.400 1174 1174 D wpa_supplicant: broadcast key
06-09 18:09:03.401 1174 1174 D wpa_supplicant: wlan0: RSN: flushing PMKID list in the driver
06-09 18:09:03.401 1174 1174 D wpa_supplicant: nl80211: Flush PMKIDs
06-09 18:09:03.403 246 290 D audio_hw_primary: Mic get_audio_devices_active:
06-09 18:09:03.404 246 290 D audio_hw_primary: get_audio_devices_active: AUDIO_HDMI
06-09 18:09:03.404 1174 1174 D wpa_supplicant: wlan0: State: DISCONNECTED -> INACTIVE
06-09 18:09:03.404 1174 1174 D wpa_supplicant: Notifying state change event to hidl control: 2
06-09 18:09:03.405 241 241 D Zygote : Forked child process 1213
06-09 18:09:03.407 246 290 D xm_audio: adev_get_parameters
06-09 18:09:03.407 663 787 D BluetoothAdapterService: updateAdapterState() - Broadcasting state ON to 1 receivers.
06-09 18:09:03.408 265 265 I hash_map_utils: system/bt/osi/src/hash_map_utils.cc:81 hash_map_utils_dump_string_keys_string_values: key: 'audio_devices_out_active' value: ''
06-09 18:09:03.410 663 1208 D ObexServerSockets: create(rfcomm = -2, l2capPsm = -2)
06-09 18:09:03.414 475 518 D BluetoothManagerService: MESSAGE_BLUETOOTH_STATE_CHANGE: TURNING_ON > ON
06-09 18:09:03.415 475 518 D BluetoothManagerService: Broadcasting onBluetoothStateChange(true) to 11 receivers.
06-09 18:09:03.415 475 518 D BluetoothHeadset: onBluetoothStateChange: up=true
06-09 18:09:03.415 663 813 D AdapterProperties: mLocalIOCapability set to 1
06-09 18:09:03.415 475 518 D BluetoothManagerService: Creating new ProfileServiceConnections object for profile: 1
06-09 18:09:03.415 663 813 D AdapterProperties: mLocalIOCapabilityBLE set to 4
06-09 18:09:03.415 475 537 I ActivityManager: app.processName = com.android.music
06-09 18:09:03.416 475 537 I ActivityManager: Start proc 1213:com.android.music/u0a44 for service {com.android.music/com.android.music.MediaPlaybackService}
06-09 18:09:03.421 1169 1169 V GraphicsEnvironment: ANGLE Developer option for 'com.oranth.storage' set to: 'default'
06-09 18:09:03.421 1169 1169 V GraphicsEnvironment: Neither updatable production driver nor prerelease driver is supported.
06-09 18:09:03.422 1213 1213 I Zygote : seccomp disabled by setenforce 0
06-09 18:09:03.426 1027 1027 D AudioManagerEx: type audio_devices_out_active list AUDIO_HDMI=
06-09 18:09:03.427 663 663 I BluetoothPhonePolicy: Received ACTION_UUID for device E4:BB:D3:57:C0:18
06-09 18:09:03.428 663 663 I BluetoothPhonePolicy: index=0uuid=00001812-0000-1000-8000-00805f9b34fb
06-09 18:09:03.428 663 663 I BluetoothPhonePolicy: processInitProfilePriorities() - device E4:BB:D3:57:C0:18
06-09 18:09:03.428 663 663 W HearingAidService: getHearingAidService(): service is NULL
06-09 18:09:03.428 663 663 V BluetoothDatabase: getProfileConnectionPolicy: E4:BB:D3:57:C0:18, profile=4, connectionPolicy = 100
06-09 18:09:03.429 669 710 D BluetoothHeadset: onBluetoothStateChange: up=true
06-09 18:09:03.432 1169 1169 D NetworkSecurityConfig: No Network Security Config specified, using platform default
06-09 18:09:03.432 1174 1174 D wpa_supplicant: TDLS: TDLS operation not supported by driver
06-09 18:09:03.432 1174 1174 D wpa_supplicant: TDLS: Driver uses internal link setup
06-09 18:09:03.432 1174 1174 D wpa_supplicant: TDLS: Driver does not support TDLS channel switching
06-09 18:09:03.434 1174 1174 D wpa_supplicant: wlan0: WPS: UUID based on MAC address: 9c907f24-96c2-56f2-9fdd-752c11c3bef8
06-09 18:09:03.437 1174 1174 D wpa_supplicant: EAPOL: SUPP_PAE entering state DISCONNECTED
06-09 18:09:03.437 1174 1174 D wpa_supplicant: EAPOL: Supplicant port status: Unauthorized
06-09 18:09:03.437 1174 1174 D wpa_supplicant: nl80211: Skip set_supp_port(unauthorized) while not associated
06-09 18:09:03.437 1174 1174 D wpa_supplicant: EAPOL: KEY_RX entering state NO_KEY_RECEIVE
06-09 18:09:03.437 1174 1174 D wpa_supplicant: EAPOL: SUPP_BE entering state INITIALIZE
06-09 18:09:03.437 1174 1174 D wpa_supplicant: EAP: EAP entering state DISABLED
06-09 18:09:03.438 1169 1169 D NetworkSecurityConfig: No Network Security Config specified, using platform default
06-09 18:09:03.438 1174 1174 D wpa_supplicant: Using existing control interface directory.
06-09 18:09:03.439 1174 1174 D wpa_supplicant: nl80211: Setting wowlan
06-09 18:09:03.440 475 518 D BluetoothManagerService: Sending BLE State Change: TURNING_ON > ON
06-09 18:09:03.441 475 518 D BluetoothManagerService: Sending State Change: TURNING_ON > ON
06-09 18:09:03.442 1174 1174 D wpa_supplicant: MBO: Update non-preferred channels, non_pref_chan=N/A
06-09 18:09:03.442 1174 1174 D wpa_supplicant: Registering interface to hidl control: wlan0
06-09 18:09:03.442 1174 1174 D wpa_supplicant: wlan0: Added interface wlan0
06-09 18:09:03.442 1174 1174 D wpa_supplicant: wlan0: State: INACTIVE -> DISCONNECTED
06-09 18:09:03.442 1174 1174 D wpa_supplicant: nl80211: Set wlan0 operstate 0->0 (DORMANT)
06-09 18:09:03.442 1174 1174 D wpa_supplicant: netlink: Operstate: ifindex=14 linkmode=-1 (no change), operstate=5 (IF_OPER_DORMANT)
06-09 18:09:03.442 663 1208 I bt_btif_sock_rfcomm: system/bt/btif/src/btif_sock_rfc.cc:303 btsock_rfc_listen: Adding listening socket service_name: (null) - channel: -2
06-09 18:09:03.442 1174 1174 D wpa_supplicant: Notifying state change event to hidl control: 0
06-09 18:09:03.442 1174 1174 D wpa_supplicant: nl80211: Create interface iftype 10 (P2P_DEVICE)
06-09 18:09:03.443 1174 1174 D wpa_supplicant: nl80211: New P2P Device interface p2p-dev-wlan0 (0x3) created
06-09 18:09:03.443 1174 1174 D wpa_supplicant: Override interface parameter: ctrl_interface ('/data/vendor/wifi/wpa/sockets' -> '/data/vendor/wifi/wpa/sockets')
06-09 18:09:03.443 1174 1174 D wpa_supplicant: Initializing interface 'p2p-dev-wlan0' conf '/data/vendor/wifi/wpa/wpa_supplicant.conf' driver 'nl80211' ctrl_interface '/data/vendor/wifi/wpa/sockets' bridge 'N/A'
06-09 18:09:03.443 1174 1174 D wpa_supplicant: Configuration file '/data/vendor/wifi/wpa/wpa_supplicant.conf' -> '/data/vendor/wifi/wpa/wpa_supplicant.conf'
06-09 18:09:03.443 1174 1174 D wpa_supplicant: Reading configuration file '/data/vendor/wifi/wpa/wpa_supplicant.conf'
06-09 18:09:03.443 1174 1174 D wpa_supplicant: update_config=1
06-09 18:09:03.443 1174 1174 D wpa_supplicant: eapol_version=1
06-09 18:09:03.443 1174 1174 D wpa_supplicant: ap_scan=1
06-09 18:09:03.443 1174 1174 D wpa_supplicant: fast_reauth=1
06-09 18:09:03.443 1174 1174 D wpa_supplicant: pmf=1
06-09 18:09:03.443 1174 1174 D wpa_supplicant: p2p_add_cli_chan=1
06-09 18:09:03.443 1174 1174 D wpa_supplicant: oce=1
06-09 18:09:03.443 1174 1174 D wpa_supplicant: sae_pwe=2
06-09 18:09:03.444 1174 1174 D wpa_supplicant: nl80211: Supported cipher 00-0f-ac:1
06-09 18:09:03.444 1174 1174 D wpa_supplicant: nl80211: Supported cipher 00-0f-ac:5
06-09 18:09:03.444 1174 1174 D wpa_supplicant: nl80211: Supported cipher 00-0f-ac:2
06-09 18:09:03.444 1174 1174 D wpa_supplicant: nl80211: Supported cipher 00-0f-ac:4
06-09 18:09:03.444 1174 1174 D wpa_supplicant: nl80211: Supported cipher 00-14-72:1
06-09 18:09:03.444 1174 1174 D wpa_supplicant: nl80211: Supported cipher 00-0f-ac:6
06-09 18:09:03.444 1174 1174 D wpa_supplicant: nl80211: Supported cipher 00-0f-ac:255
06-09 18:09:03.445 1169 1169 I aaa : low stroage service is start !!!
06-09 18:09:03.445 1174 1174 D wpa_supplicant: nl80211: Supported vendor command: vendor_id=0x1374 subcmd=9
06-09 18:09:03.445 1174 1174 D wpa_supplicant: nl80211: Supported vendor command: vendor_id=0x1374 subcmd=12
06-09 18:09:03.445 1174 1174 D wpa_supplicant: nl80211: Supported vendor command: vendor_id=0x1374 subcmd=14
06-09 18:09:03.445 1174 1174 D wpa_supplicant: nl80211: Supported vendor command: vendor_id=0x1374 subcmd=15
06-09 18:09:03.445 1174 1174 D wpa_supplicant: nl80211: Supported vendor command: vendor_id=0x1374 subcmd=16
06-09 18:09:03.445 1174 1174 D wpa_supplicant: nl80211: Supported vendor command: vendor_id=0x1374 subcmd=20
06-09 18:09:03.445 1174 1174 D wpa_supplicant: nl80211: Supported vendor command: vendor_id=0x1a11 subcmd=6
06-09 18:09:03.445 1174 1174 D wpa_supplicant: nl80211: Supported vendor command: vendor_id=0x1374 subcmd=21
06-09 18:09:03.445 1174 1174 D wpa_supplicant: nl80211: Supported vendor command: vendor_id=0x1374 subcmd=22
06-09 18:09:03.445 1174 1174 D wpa_supplicant: nl80211: Supported vendor command: vendor_id=0x1374 subcmd=23
06-09 18:09:03.445 1174 1174 D wpa_supplicant: nl80211: Supported vendor command: vendor_id=0x1374 subcmd=24
06-09 18:09:03.445 1174 1174 D wpa_supplicant: nl80211: Supported vendor command: vendor_id=0x1374 subcmd=29
06-09 18:09:03.445 1174 1174 D wpa_supplicant: nl80211: Supported vendor command: vendor_id=0x1374 subcmd=30
06-09 18:09:03.445 1174 1174 D wpa_supplicant: nl80211: Supported vendor command: vendor_id=0x1374 subcmd=32
06-09 18:09:03.445 1174 1174 D wpa_supplicant: nl80211: Supported vendor command: vendor_id=0x1374 subcmd=33
06-09 18:09:03.445 1174 1174 D wpa_supplicant: nl80211: Supported vendor command: vendor_id=0x1374 subcmd=38
06-09 18:09:03.445 1174 1174 D wpa_supplicant: nl80211: Supported vendor command: vendor_id=0x1374 subcmd=39
06-09 18:09:03.445 1174 1174 D wpa_supplicant: nl80211: Supported vendor command: vendor_id=0x1374 subcmd=42
06-09 18:09:03.445 1174 1174 D wpa_supplicant: nl80211: Supported vendor command: vendor_id=0x1374 subcmd=55
06-09 18:09:03.445 1174 1174 D wpa_supplicant: nl80211: Supported vendor command: vendor_id=0x1374 subcmd=61
06-09 18:09:03.445 1174 1174 D wpa_supplicant: nl80211: Supported vendor command: vendor_id=0x1374 subcmd=62
06-09 18:09:03.445 1174 1174 D wpa_supplicant: nl80211: Supported vendor command: vendor_id=0x1374 subcmd=63
06-09 18:09:03.445 1174 1174 D wpa_supplicant: nl80211: Supported vendor command: vendor_id=0x1374 subcmd=64
06-09 18:09:03.445 1174 1174 D wpa_supplicant: nl80211: Supported vendor command: vendor_id=0x1374 subcmd=65
06-09 18:09:03.445 1174 1174 D wpa_supplicant: nl80211: Supported vendor command: vendor_id=0x1374 subcmd=66
06-09 18:09:03.445 1174 1174 D wpa_supplicant: nl80211: Supported vendor command: vendor_id=0x1374 subcmd=69
06-09 18:09:03.445 1174 1174 D wpa_supplicant: nl80211: Supported vendor command: vendor_id=0x1374 subcmd=70
06-09 18:09:03.445 1174 1174 D wpa_supplicant: nl80211: Supported vendor command: vendor_id=0x1374 subcmd=71
06-09 18:09:03.445 1174 1174 D wpa_supplicant: nl80211: Supported vendor command: vendor_id=0x1374 subcmd=76
06-09 18:09:03.445 1174 1174 D wpa_supplicant: nl80211: Supported vendor command: vendor_id=0x1374 subcmd=77
06-09 18:09:03.445 1174 1174 D wpa_supplicant: nl80211: Supported vendor command: vendor_id=0x1374 subcmd=79
06-09 18:09:03.445 1174 1174 D wpa_supplicant: nl80211: Supported vendor command: vendor_id=0x1374 subcmd=80
06-09 18:09:03.445 1174 1174 D wpa_supplicant: nl80211: Supported vendor command: vendor_id=0x1374 subcmd=82
06-09 18:09:03.445 1174 1174 D wpa_supplicant: nl80211: Supported vendor command: vendor_id=0x1374 subcmd=85
06-09 18:09:03.445 1174 1174 D wpa_supplicant: nl80211: Supported vendor command: vendor_id=0x1374 subcmd=146
06-09 18:09:03.445 1174 1174 D wpa_supplicant: nl80211: Supported vendor command: vendor_id=0x1374 subcmd=12
06-09 18:09:03.445 1174 1174 D wpa_supplicant: nl80211: Supported vendor command: vendor_id=0x1374 subcmd=128
06-09 18:09:03.445 1174 1174 D wpa_supplicant: nl80211: Supported vendor command: vendor_id=0x1374 subcmd=129
06-09 18:09:03.445 1174 1174 D wpa_supplicant: nl80211: Supported vendor command: vendor_id=0x1374 subcmd=130
06-09 18:09:03.445 1174 1174 D wpa_supplicant: nl80211: Supported vendor command: vendor_id=0x1374 subcmd=133
06-09 18:09:03.445 1174 1174 D wpa_supplicant: nl80211: Supported vendor command: vendor_id=0x1374 subcmd=176
06-09 18:09:03.445 1174 1174 D wpa_supplicant: nl80211: Supported vendor event: vendor_id=0x1374 subcmd=80
06-09 18:09:03.445 1174 1174 D wpa_supplicant: nl80211: Supported vendor event: vendor_id=0x1374 subcmd=1
06-09 18:09:03.445 1174 1174 D wpa_supplicant: nl80211: Supported vendor event: vendor_id=0x1374 subcmd=1
06-09 18:09:03.445 1174 1174 D wpa_supplicant: nl80211: Supported vendor event: vendor_id=0x1374 subcmd=1
06-09 18:09:03.445 1174 1174 D wpa_supplicant: nl80211: Supported vendor event: vendor_id=0x1374 subcmd=1
06-09 18:09:03.445 1174 1174 D wpa_supplicant: nl80211: Supported vendor event: vendor_id=0x1374 subcmd=1
06-09 18:09:03.445 1174 1174 D wpa_supplicant: nl80211: Supported vendor event: vendor_id=0x1374 subcmd=20
06-09 18:09:03.445 1174 1174 D wpa_supplicant: nl80211: Supported vendor event: vendor_id=0x1374 subcmd=21
06-09 18:09:03.445 1174 1174 D wpa_supplicant: nl80211: Supported vendor event: vendor_id=0x1374 subcmd=23
06-09 18:09:03.445 1174 1174 D wpa_supplicant: nl80211: Supported vendor event: vendor_id=0x1374 subcmd=24
06-09 18:09:03.445 1174 1174 D wpa_supplicant: nl80211: Supported vendor event: vendor_id=0x1374 subcmd=25
06-09 18:09:03.445 1174 1174 D wpa_supplicant: nl80211: Supported vendor event: vendor_id=0x1374 subcmd=26
06-09 18:09:03.445 1174 1174 D wpa_supplicant: nl80211: Supported vendor event: vendor_id=0x1374 subcmd=27
06-09 18:09:03.445 1174 1174 D wpa_supplicant: nl80211: Supported vendor event: vendor_id=0x1374 subcmd=28
06-09 18:09:03.445 1174 1174 D wpa_supplicant: nl80211: Supported vendor event: vendor_id=0x1374 subcmd=41
06-09 18:09:03.445 1174 1174 D wpa_supplicant: nl80211: Supported vendor event: vendor_id=0x1374 subcmd=29
06-09 18:09:03.445 1174 1174 D wpa_supplicant: nl80211: Supported vendor event: vendor_id=0x1374 subcmd=30
06-09 18:09:03.445 1174 1174 D wpa_supplicant: nl80211: Supported vendor event: vendor_id=0x1374 subcmd=31
06-09 18:09:03.445 1174 1174 D wpa_supplicant: nl80211: Supported vendor event: vendor_id=0x1374 subcmd=32
06-09 18:09:03.445 1174 1174 D wpa_supplicant: nl80211: Supported vendor event: vendor_id=0x1374 subcmd=33
06-09 18:09:03.445 1174 1174 D wpa_supplicant: nl80211: Supported vendor event: vendor_id=0x0 subcmd=0
06-09 18:09:03.445 1174 1174 D wpa_supplicant: nl80211: Supported vendor event: vendor_id=0x0 subcmd=0
06-09 18:09:03.445 1174 1174 D wpa_supplicant: nl80211: Supported vendor event: vendor_id=0x0 subcmd=0
06-09 18:09:03.445 1174 1174 D wpa_supplicant: nl80211: Supported vendor event: vendor_id=0x0 subcmd=0
06-09 18:09:03.446 1174 1174 D wpa_supplicant: nl80211: Supported vendor event: vendor_id=0x0 subcmd=0
06-09 18:09:03.446 1174 1174 D wpa_supplicant: nl80211: Supported vendor event: vendor_id=0x0 subcmd=0
06-09 18:09:03.446 1174 1174 D wpa_supplicant: nl80211: Supported vendor event: vendor_id=0x0 subcmd=0
06-09 18:09:03.446 1174 1174 D wpa_supplicant: nl80211: Supported vendor event: vendor_id=0x0 subcmd=0
06-09 18:09:03.446 1174 1174 D wpa_supplicant: nl80211: Supported vendor event: vendor_id=0x0 subcmd=0
06-09 18:09:03.446 1174 1174 D wpa_supplicant: nl80211: Supported vendor event: vendor_id=0x0 subcmd=0
06-09 18:09:03.446 1174 1174 D wpa_supplicant: nl80211: Supported vendor event: vendor_id=0x0 subcmd=0
06-09 18:09:03.446 1174 1174 D wpa_supplicant: nl80211: Supported vendor event: vendor_id=0x0 subcmd=0
06-09 18:09:03.446 1174 1174 D wpa_supplicant: nl80211: Supported vendor event: vendor_id=0x1374 subcmd=5120
06-09 18:09:03.446 1174 1174 D wpa_supplicant: nl80211: Supported vendor event: vendor_id=0x0 subcmd=0
06-09 18:09:03.446 1169 1169 W ContextImpl: Calling a method in the system process without a qualified user: android.app.ContextImpl.startService:1816 android.content.ContextWrapper.startService:774 android.content.ContextWrapper.startService:774 com.oranth.storage.BootCompletedReceiver.onReceive:15 android.app.ActivityThread.handleReceiver:4308
06-09 18:09:03.446 1174 1174 D wpa_supplicant: nl80211: Supported vendor event: vendor_id=0x0 subcmd=0
06-09 18:09:03.449 1174 1174 D wpa_supplicant: nl80211: Supported vendor event: vendor_id=0x0 subcmd=0
06-09 18:09:03.449 1174 1174 D wpa_supplicant: nl80211: Supported vendor event: vendor_id=0x0 subcmd=0
06-09 18:09:03.449 1174 1174 D wpa_supplicant: nl80211: Supported vendor event: vendor_id=0x0 subcmd=0
06-09 18:09:03.449 1174 1174 D wpa_supplicant: nl80211: Supported vendor event: vendor_id=0x0 subcmd=0
06-09 18:09:03.449 1174 1174 D wpa_supplicant: nl80211: Supported vendor event: vendor_id=0x0 subcmd=0
06-09 18:09:03.449 1174 1174 D wpa_supplicant: nl80211: Supported vendor event: vendor_id=0x0 subcmd=0
06-09 18:09:03.449 1174 1174 D wpa_supplicant: nl80211: Supported vendor event: vendor_id=0x0 subcmd=0
06-09 18:09:03.449 1174 1174 D wpa_supplicant: nl80211: Supported vendor event: vendor_id=0x0 subcmd=0
06-09 18:09:03.449 1174 1174 D wpa_supplicant: nl80211: Supported vendor event: vendor_id=0x0 subcmd=0
06-09 18:09:03.449 1174 1174 D wpa_supplicant: nl80211: Supported vendor event: vendor_id=0x0 subcmd=0
06-09 18:09:03.449 1174 1174 D wpa_supplicant: nl80211: Supported vendor event: vendor_id=0x0 subcmd=0
06-09 18:09:03.449 1174 1174 D wpa_supplicant: nl80211: Supported vendor event: vendor_id=0x0 subcmd=0
06-09 18:09:03.449 1174 1174 D wpa_supplicant: nl80211: Supported vendor event: vendor_id=0x0 subcmd=0
06-09 18:09:03.449 1174 1174 D wpa_supplicant: nl80211: Supported vendor event: vendor_id=0x0 subcmd=0
06-09 18:09:03.449 1174 1174 D wpa_supplicant: nl80211: Supported vendor event: vendor_id=0x0 subcmd=0
06-09 18:09:03.449 1174 1174 D wpa_supplicant: nl80211: Supported vendor event: vendor_id=0x0 subcmd=0
06-09 18:09:03.449 1174 1174 D wpa_supplicant: nl80211: Supported vendor event: vendor_id=0x0 subcmd=0
06-09 18:09:03.449 1174 1174 D wpa_supplicant: nl80211: Supported vendor event: vendor_id=0x0 subcmd=0
06-09 18:09:03.449 1174 1174 D wpa_supplicant: nl80211: Supported vendor event: vendor_id=0x0 subcmd=0
06-09 18:09:03.449 1174 1174 D wpa_supplicant: nl80211: Supported vendor event: vendor_id=0x0 subcmd=0
06-09 18:09:03.449 1174 1174 D wpa_supplicant: nl80211: Supported vendor event: vendor_id=0x0 subcmd=0
06-09 18:09:03.449 1174 1174 D wpa_supplicant: nl80211: Supported vendor event: vendor_id=0x0 subcmd=0
06-09 18:09:03.449 1174 1174 D wpa_supplicant: nl80211: Supported vendor event: vendor_id=0x0 subcmd=0
06-09 18:09:03.449 1174 1174 D wpa_supplicant: nl80211: Supported vendor event: vendor_id=0x0 subcmd=0
06-09 18:09:03.449 1174 1174 D wpa_supplicant: nl80211: Supported vendor event: vendor_id=0x0 subcmd=0
06-09 18:09:03.449 1174 1174 D wpa_supplicant: nl80211: Supported vendor event: vendor_id=0x0 subcmd=0
06-09 18:09:03.449 1174 1174 D wpa_supplicant: nl80211: Supported vendor event: vendor_id=0x0 subcmd=0
06-09 18:09:03.449 1174 1174 D wpa_supplicant: nl80211: Supported vendor event: vendor_id=0x0 subcmd=0
06-09 18:09:03.449 1174 1174 D wpa_supplicant: nl80211: Supported vendor event: vendor_id=0x0 subcmd=0
06-09 18:09:03.449 1174 1174 D wpa_supplicant: nl80211: Supported vendor event: vendor_id=0x1374 subcmd=131
06-09 18:09:03.449 1174 1174 D wpa_supplicant: nl80211: Supported vendor event: vendor_id=0x1374 subcmd=132
06-09 18:09:03.449 1174 1174 D wpa_supplicant: nl80211: Supported vendor event: vendor_id=0x0 subcmd=0
06-09 18:09:03.449 1174 1174 D wpa_supplicant: nl80211: Supported vendor event: vendor_id=0x0 subcmd=0
06-09 18:09:03.449 1174 1174 D wpa_supplicant: nl80211: Supported vendor event: vendor_id=0x0 subcmd=0
06-09 18:09:03.449 1174 1174 D wpa_supplicant: nl80211: Supported vendor event: vendor_id=0x0 subcmd=0
06-09 18:09:03.449 1174 1174 D wpa_supplicant: nl80211: Supported vendor event: vendor_id=0x0 subcmd=0
06-09 18:09:03.449 1174 1174 D wpa_supplicant: nl80211: Supported vendor event: vendor_id=0x0 subcmd=0
06-09 18:09:03.449 1174 1174 D wpa_supplicant: nl80211: Supported vendor event: vendor_id=0x1374 subcmd=72
06-09 18:09:03.449 1174 1174 D wpa_supplicant: nl80211: Use separate P2P group interface (driver advertised support)
06-09 18:09:03.449 1174 1174 D wpa_supplicant: nl80211: Enable multi-channel concurrent (driver advertised support)
06-09 18:09:03.449 1174 1174 D wpa_supplicant: nl80211: use P2P_DEVICE support
06-09 18:09:03.449 1174 1174 D wpa_supplicant: nl80211: key_mgmt=0xd0f enc=0x10f auth=0x7 flags=0x100100007a007ac0 rrm_flags=0x0 probe_resp_offloads=0x0 max_stations=10 max_remain_on_chan=5000 max_scan_ssids=12
06-09 18:09:03.449 1174 1174 D wpa_supplicant: nl80211: interface p2p-dev-wlan0 in phy phy0
06-09 18:09:03.450 1174 1174 D wpa_supplicant: nl80211: Set mode ifindex 0 iftype 10 (P2P_DEVICE)
06-09 18:09:03.450 1174 1174 D wpa_supplicant: nl80211: Failed to set interface 0 to mode 10: -22 (Invalid argument)
06-09 18:09:03.450 1174 1174 D wpa_supplicant: nl80211: Subscribe to mgmt frames with non-AP handle 0xeb5ef848
06-09 18:09:03.450 1174 1174 D wpa_supplicant: nl80211: Register frame type=0xb0 (WLAN_FC_STYPE_AUTH) nl_handle=0xeb5ef848 match=0300 multicast=0
06-09 18:09:03.450 1174 1174 D wpa_supplicant: nl80211: Register frame command failed (type=176): ret=-22 (Invalid argument)
06-09 18:09:03.450 1174 1174 D wpa_supplicant: nl80211: Register frame match - hexdump(len=2): 03 00
06-09 18:09:03.450 1174 1174 D wpa_supplicant: nl80211: Register frame type=0xd0 (WLAN_FC_STYPE_ACTION) nl_handle=0xeb5ef848 match=0104 multicast=0
06-09 18:09:03.450 1174 1174 D wpa_supplicant: nl80211: Register frame type=0xd0 (WLAN_FC_STYPE_ACTION) nl_handle=0xeb5ef848 match=040a multicast=0
06-09 18:09:03.451 1174 1174 D wpa_supplicant: nl80211: Register frame type=0xd0 (WLAN_FC_STYPE_ACTION) nl_handle=0xeb5ef848 match=040b multicast=0
06-09 18:09:03.451 1174 1174 D wpa_supplicant: nl80211: Register frame type=0xd0 (WLAN_FC_STYPE_ACTION) nl_handle=0xeb5ef848 match=040c multicast=0
06-09 18:09:03.451 1174 1174 D wpa_supplicant: nl80211: Register frame type=0xd0 (WLAN_FC_STYPE_ACTION) nl_handle=0xeb5ef848 match=040d multicast=0
06-09 18:09:03.451 1174 1174 D wpa_supplicant: nl80211: Register frame type=0xd0 (WLAN_FC_STYPE_ACTION) nl_handle=0xeb5ef848 match=090a multicast=0
06-09 18:09:03.451 1174 1174 D wpa_supplicant: nl80211: Register frame type=0xd0 (WLAN_FC_STYPE_ACTION) nl_handle=0xeb5ef848 match=090b multicast=0
06-09 18:09:03.451 1174 1174 D wpa_supplicant: nl80211: Register frame type=0xd0 (WLAN_FC_STYPE_ACTION) nl_handle=0xeb5ef848 match=090c multicast=0
06-09 18:09:03.451 1174 1174 D wpa_supplicant: nl80211: Register frame type=0xd0 (WLAN_FC_STYPE_ACTION) nl_handle=0xeb5ef848 match=090d multicast=0
06-09 18:09:03.451 1174 1174 D wpa_supplicant: nl80211: Register frame type=0xd0 (WLAN_FC_STYPE_ACTION) nl_handle=0xeb5ef848 match=0409506f9a09 multicast=0
06-09 18:09:03.451 1174 1174 D wpa_supplicant: nl80211: Register frame type=0xd0 (WLAN_FC_STYPE_ACTION) nl_handle=0xeb5ef848 match=7f506f9a09 multicast=0
06-09 18:09:03.452 1174 1174 D wpa_supplicant: nl80211: Register frame type=0xd0 (WLAN_FC_STYPE_ACTION) nl_handle=0xeb5ef848 match=0409506f9a1a multicast=0
06-09 18:09:03.452 1174 1174 D wpa_supplicant: nl80211: Register frame type=0xd0 (WLAN_FC_STYPE_ACTION) nl_handle=0xeb5ef848 match=0801 multicast=0
06-09 18:09:03.452 1174 1174 D wpa_supplicant: nl80211: Register frame type=0xd0 (WLAN_FC_STYPE_ACTION) nl_handle=0xeb5ef848 match=06 multicast=0
06-09 18:09:03.452 1174 1174 D wpa_supplicant: nl80211: Register frame type=0xd0 (WLAN_FC_STYPE_ACTION) nl_handle=0xeb5ef848 match=0a07 multicast=0
06-09 18:09:03.452 1174 1174 D wpa_supplicant: nl80211: Register frame type=0xd0 (WLAN_FC_STYPE_ACTION) nl_handle=0xeb5ef848 match=0a11 multicast=0
06-09 18:09:03.452 1174 1174 D wpa_supplicant: nl80211: Register frame type=0xd0 (WLAN_FC_STYPE_ACTION) nl_handle=0xeb5ef848 match=0a0b multicast=0
06-09 18:09:03.452 1174 1174 D wpa_supplicant: nl80211: Register frame type=0xd0 (WLAN_FC_STYPE_ACTION) nl_handle=0xeb5ef848 match=0a1a multicast=0
06-09 18:09:03.452 663 974 I bt_stack: [INFO:port_api.cc(234)] RFCOMM_CreateConnection: bd_addr=ff:ff:ff:ff:ff:ff, scn=4, is_server=1, mtu=990, uuid=000000, dlci=8, signal_state=0x0b, p_port=0xbc764b84
06-09 18:09:03.452 1174 1174 D wpa_supplicant: nl80211: Register frame type=0xd0 (WLAN_FC_STYPE_ACTION) nl_handle=0xeb5ef848 match=1101 multicast=0
06-09 18:09:03.452 1174 1174 D wpa_supplicant: nl80211: Register frame type=0xd0 (WLAN_FC_STYPE_ACTION) nl_handle=0xeb5ef848 match=1102 multicast=0
06-09 18:09:03.452 1174 1174 D wpa_supplicant: nl80211: Register frame type=0xd0 (WLAN_FC_STYPE_ACTION) nl_handle=0xeb5ef848 match=0505 multicast=0
06-09 18:09:03.453 1174 1174 D wpa_supplicant: nl80211: Register frame type=0xd0 (WLAN_FC_STYPE_ACTION) nl_handle=0xeb5ef848 match=0500 multicast=0
06-09 18:09:03.453 1174 1174 D wpa_supplicant: nl80211: Register frame type=0xd0 (WLAN_FC_STYPE_ACTION) nl_handle=0xeb5ef848 match=1305 multicast=0
06-09 18:09:03.453 1174 1174 I wpa_supplicant: rfkill: Cannot get wiphy information
06-09 18:09:03.453 1174 1174 D wpa_supplicant: nl80211: RFKILL status not available
06-09 18:09:03.455 475 518 W IorapForwardingService: No service published for: iorapd
06-09 18:09:03.457 1174 1174 D wpa_supplicant: nl80211: Start P2P Device p2p-dev-wlan0 (0x3): Success
06-09 18:09:03.458 1174 1174 D wpa_supplicant: Add interface p2p-dev-wlan0 to existing radio phy0
06-09 18:09:03.459 1174 1174 D wpa_supplicant: nl80211: No channel number found for frequency 5920 MHz
06-09 18:09:03.460 1174 1174 D wpa_supplicant: nl80211: No channel number found for frequency 5940 MHz
06-09 18:09:03.460 1174 1174 D wpa_supplicant: nl80211: Regulatory information - country=CN (DFS-FCC)
06-09 18:09:03.460 1174 1174 D wpa_supplicant: nl80211: 2400-2483 @ 40 MHz 20 mBm
06-09 18:09:03.460 1174 1174 D wpa_supplicant: nl80211: 5150-5350 @ 80 MHz 20 mBm (DFS)
06-09 18:09:03.460 1174 1174 D wpa_supplicant: nl80211: 5725-5850 @ 80 MHz 33 mBm
06-09 18:09:03.460 1174 1174 D wpa_supplicant: nl80211: 57240-59400 @ 2160 MHz 28 mBm
06-09 18:09:03.460 1174 1174 D wpa_supplicant: nl80211: 59400-63720 @ 2160 MHz 44 mBm
06-09 18:09:03.460 1174 1174 D wpa_supplicant: nl80211: 63720-65880 @ 2160 MHz 28 mBm
06-09 18:09:03.460 1174 1174 D wpa_supplicant: nl80211: Added 802.11b mode based on 802.11g information
06-09 18:09:03.460 1174 1174 D wpa_supplicant: nl80211: Mode IEEE 802.11g: 2412 2417 2422 2427 2432 2437 2442 2447 2452 2457 2462 2467 2472 2484[DISABLED]
06-09 18:09:03.461 371 392 I adbd : jdwp connection from 1213
06-09 18:09:03.461 1174 1174 D wpa_supplicant: nl80211: Mode IEEE 802.11a: 5170[DISABLED] 5180 5200 5220 5240 5260[RADAR] 5280[RADAR] 5300[RADAR] 5320[RADAR] 5500[DISABLED][RADAR] 5520[DISABLED][RADAR] 5540[DISABLED][RADAR] 5560[DISABLED][RADAR] 5580[DISABLED][RADAR]
06-09 18:09:03.461 1174 1174 D wpa_supplicant: nl80211: Mode IEEE 802.11b: 2412 2417 2422 2427 2432 2437 2442 2447 2452 2457 2462 2467 2472 2484[DISABLED]
06-09 18:09:03.461 1174 1174 D wpa_supplicant: p2p-dev-wlan0: Own MAC address: b6:2f:03:15:e8:b9
06-09 18:09:03.461 1174 1174 D wpa_supplicant: p2p-dev-wlan0: RSN: flushing PMKID list in the driver
06-09 18:09:03.461 1174 1174 D wpa_supplicant: nl80211: Flush PMKIDs
06-09 18:09:03.462 1174 1174 D wpa_supplicant: p2p-dev-wlan0: State: DISCONNECTED -> INACTIVE
06-09 18:09:03.462 475 498 D CompatibilityChangeReporter: Compat change id reported: 135634846; UID 10022; state: DISABLED
06-09 18:09:03.462 1174 1174 D wpa_supplicant: p2p-dev-wlan0: WPS: UUID from the first interface: 9c907f24-96c2-56f2-9fdd-752c11c3bef8
06-09 18:09:03.462 1174 1174 D wpa_supplicant: EAPOL: SUPP_PAE entering state DISCONNECTED
06-09 18:09:03.462 1174 1174 D wpa_supplicant: EAPOL: Supplicant port status: Unauthorized
06-09 18:09:03.462 1174 1174 D wpa_supplicant: nl80211: Skip set_supp_port(unauthorized) while not associated
06-09 18:09:03.462 1174 1174 D wpa_supplicant: EAPOL: KEY_RX entering state NO_KEY_RECEIVE
06-09 18:09:03.462 1174 1174 D wpa_supplicant: EAPOL: SUPP_BE entering state INITIALIZE
06-09 18:09:03.462 1174 1174 D wpa_supplicant: EAP: EAP entering state DISABLED
06-09 18:09:03.462 475 498 D CompatibilityChangeReporter: Compat change id reported: 177438394; UID 10022; state: DISABLED
06-09 18:09:03.462 1174 1174 D wpa_supplicant: Using existing control interface directory.
06-09 18:09:03.462 475 498 D CompatibilityChangeReporter: Compat change id reported: 135772972; UID 10022; state: DISABLED
06-09 18:09:03.463 475 498 D CompatibilityChangeReporter: Compat change id reported: 135754954; UID 10022; state: ENABLED
06-09 18:09:03.464 475 537 D CompatibilityChangeReporter: Compat change id reported: 143937733; UID 10022; state: ENABLED
06-09 18:09:03.465 1174 1174 D wpa_supplicant: P2P: Add operating class 81
06-09 18:09:03.465 1174 1174 D wpa_supplicant: P2P: Channels - hexdump(len=13): 01 02 03 04 05 06 07 08 09 0a 0b 0c 0d
06-09 18:09:03.465 1174 1174 D wpa_supplicant: P2P: Add operating class 115
06-09 18:09:03.465 1174 1174 D wpa_supplicant: P2P: Channels - hexdump(len=4): 24 28 2c 30
06-09 18:09:03.465 1174 1174 D wpa_supplicant: P2P: Add operating class 116
06-09 18:09:03.465 1174 1174 D wpa_supplicant: P2P: Channels - hexdump(len=2): 24 2c
06-09 18:09:03.465 1174 1174 D wpa_supplicant: P2P: Add operating class 117
06-09 18:09:03.465 1174 1174 D wpa_supplicant: P2P: Channels - hexdump(len=2): 28 30
06-09 18:09:03.465 1174 1174 D wpa_supplicant: P2P: Add operating class 124
06-09 18:09:03.465 1174 1174 D wpa_supplicant: P2P: Channels - hexdump(len=4): 95 99 9d a1
06-09 18:09:03.465 1174 1174 D wpa_supplicant: P2P: Add operating class 125
06-09 18:09:03.465 1174 1174 D wpa_supplicant: P2P: Channels - hexdump(len=5): 95 99 9d a1 a5
06-09 18:09:03.465 1174 1174 D wpa_supplicant: P2P: Add operating class 126
06-09 18:09:03.465 1174 1174 D wpa_supplicant: P2P: Channels - hexdump(len=2): 95 9d
06-09 18:09:03.465 1174 1174 D wpa_supplicant: P2P: Add operating class 127
06-09 18:09:03.465 1174 1174 D wpa_supplicant: P2P: Channels - hexdump(len=2): 99 a1
06-09 18:09:03.465 1174 1174 D wpa_supplicant: P2P: Add operating class 128
06-09 18:09:03.466 1174 1174 D wpa_supplicant: P2P: Channels - hexdump(len=8): 24 28 2c 30 95 99 9d a1
06-09 18:09:03.466 1174 1174 D wpa_supplicant: P2P: Add operating class 130
06-09 18:09:03.466 1174 1174 D wpa_supplicant: P2P: Channels - hexdump(len=9): 24 28 2c 30 95 99 9d a1 a5
06-09 18:09:03.466 1174 1174 D wpa_supplicant: P2P: Own listen channel: 81:1
06-09 18:09:03.466 1174 1174 D wpa_supplicant: P2P: Random operating channel: 81:6
06-09 18:09:03.466 1174 1174 D wpa_supplicant: P2P: initialized
06-09 18:09:03.466 1174 1174 D wpa_supplicant: P2P: channels: 81:1,2,3,4,5,6,7,8,9,10,11,12,13 115:36,40,44,48 116:36,44 117:40,48 124:149,153,157,161 125:149,153,157,161,165 126:149,157 127:153,161 128:36,40,44,48,149,153,157,161 130:36,40,44,48,149,153,157,161,165
06-09 18:09:03.466 1174 1174 D wpa_supplicant: P2P: cli_channels:
06-09 18:09:03.466 1174 1174 D wpa_supplicant: MBO: Update non-preferred channels, non_pref_chan=N/A
06-09 18:09:03.466 1174 1174 D wpa_supplicant: Registering interface to hidl control: p2p-dev-wlan0
06-09 18:09:03.467 1174 1174 D wpa_supplicant: p2p-dev-wlan0: Added interface p2p-dev-wlan0
06-09 18:09:03.467 1174 1174 D wpa_supplicant: p2p-dev-wlan0: State: INACTIVE -> DISCONNECTED
06-09 18:09:03.467 1174 1174 D wpa_supplicant: nl80211: Set p2p-dev-wlan0 operstate 0->0 (DORMANT)
06-09 18:09:03.467 1174 1174 D wpa_supplicant: netlink: Operstate: ifindex=0 linkmode=-1 (no change), operstate=5 (IF_OPER_DORMANT)
06-09 18:09:03.467 1174 1174 D wpa_supplicant: p2p-dev-wlan0: Determining shared radio frequencies (max len 2)
06-09 18:09:03.467 1174 1174 D wpa_supplicant: p2p-dev-wlan0: Shared frequencies (len=0): completed iteration
06-09 18:09:03.467 1174 1174 D wpa_supplicant: P2P: Add operating class 81
06-09 18:09:03.467 1174 1174 D wpa_supplicant: P2P: Channels - hexdump(len=13): 01 02 03 04 05 06 07 08 09 0a 0b 0c 0d
06-09 18:09:03.467 1174 1174 D wpa_supplicant: P2P: Add operating class 115
06-09 18:09:03.467 1174 1174 D wpa_supplicant: P2P: Channels - hexdump(len=4): 24 28 2c 30
06-09 18:09:03.467 1174 1174 D wpa_supplicant: P2P: Add operating class 116
06-09 18:09:03.467 1174 1174 D wpa_supplicant: P2P: Channels - hexdump(len=2): 24 2c
06-09 18:09:03.467 1174 1174 D wpa_supplicant: P2P: Add operating class 117
06-09 18:09:03.467 1174 1174 D wpa_supplicant: P2P: Channels - hexdump(len=2): 28 30
06-09 18:09:03.467 1174 1174 D wpa_supplicant: P2P: Add operating class 124
