06-09 18:08:53.707 475 523 I SystemConfig: Reading permissions from /vendor/etc/permissions/android.hardware.touchscreen.multitouch.xml
06-09 18:08:53.711 475 508 I Zygote : Preloading shared libraries...
06-09 18:08:53.712 475 523 I SystemConfig: Reading permissions from /vendor/etc/permissions/android.hardware.camera.flash-autofocus.xml
06-09 18:08:53.716 475 523 I SystemConfig: Reading permissions from /vendor/etc/permissions/android.hardware.opengles.aep.xml
06-09 18:08:53.719 475 523 I SystemConfig: Reading permissions from /vendor/etc/permissions/android.hardware.usb.host.xml
06-09 18:08:53.722 475 523 I SystemConfig: Reading permissions from /vendor/etc/permissions/android.software.midi.xml
06-09 18:08:53.731 513 526 D BootAnimation: BootAnimationShownTiming start time: 12663ms
06-09 18:08:53.734 475 523 I SystemConfig: Reading permissions from /vendor/etc/permissions/android.hardware.camera.external.xml
06-09 18:08:53.735 475 475 I SystemServerTiming: StartInstaller
06-09 18:08:53.735 475 475 I SystemServiceManager: Starting com.android.server.pm.Installer
06-09 18:08:53.737 475 523 I SystemConfig: Reading permissions from /vendor/etc/permissions/android.hardware.vulkan.compute.xml
06-09 18:08:53.738 475 523 I SystemConfig: Reading permissions from /vendor/etc/permissions/android.hardware.reboot_escrow.xml
06-09 18:08:53.741 475 523 I SystemConfig: Reading permissions from /vendor/etc/permissions/android.software.pppoe.xml
06-09 18:08:53.741 344 358 D installd: Found quota mount /dev/block/by-name/userdata at /data
06-09 18:08:53.742 344 358 D installd: Found quota mount /dev/block/by-name/userdata at /data/user/0
06-09 18:08:53.742 475 523 I SystemConfig: Reading permissions from /vendor/etc/permissions/tv_core_hardware.xml
06-09 18:08:53.744 475 475 I SystemServerTiming: DeviceIdentifiersPolicyService
06-09 18:08:53.744 475 475 I SystemServiceManager: Starting com.android.server.os.DeviceIdentifiersPolicyService
06-09 18:08:53.746 475 475 I SystemServerTiming: UriGrantsManagerService
06-09 18:08:53.746 475 475 I SystemServiceManager: Starting com.android.server.uri.UriGrantsManagerService$Lifecycle
06-09 18:08:53.751 475 523 I SystemConfig: Reading permissions from /product/etc/sysconfig/preinstalled-packages-platform-handheld-product.xml
06-09 18:08:53.751 475 475 I SystemServerTiming: StartPowerStatsService
06-09 18:08:53.751 475 475 I SystemServiceManager: Starting com.android.server.powerstats.PowerStatsService
06-09 18:08:53.752 475 523 I SystemConfig: Reading permissions from /product/etc/sysconfig/preinstalled-packages-platform-overlays.xml
06-09 18:08:53.755 182 182 E servicemanager: Could not find android.hardware.power.stats.IPowerStats/default in the VINTF manifest.
06-09 18:08:53.757 475 523 I SystemConfig: Reading permissions from /product/etc/permissions/com.android.tv.xml
06-09 18:08:53.759 184 184 I hwservicemanager: getTransport: Cannot find entry android.hardware.power.stats@1.0::IPowerStats/default in either framework or device VINTF manifest.
06-09 18:08:53.759 475 523 I SystemConfig: Reading permissions from /product/etc/permissions/com.android.settings.intelligence.xml
06-09 18:08:53.760 475 475 E PowerStatsService: Unable to get power.stats HAL service.
06-09 18:08:53.760 475 475 E PowerStatsService: nativeInit failed to connect to power.stats HAL
06-09 18:08:53.762 475 523 W SystemConfig: No directory /system_ext/etc/sysconfig, skipping
06-09 18:08:53.763 475 475 I SystemServerTiming: StartIStatsService
06-09 18:08:53.765 184 184 I hwservicemanager: getTransport: Cannot find entry android.frameworks.stats@1.0::IStats/default in either framework or device VINTF manifest.
06-09 18:08:53.765 475 523 I SystemConfig: Reading permissions from /system_ext/etc/permissions/com.android.storagemanager.xml
06-09 18:08:53.765 475 475 E HidlServiceManagement: Service android.frameworks.stats@1.0::IStats/default must be in VINTF manifest in order to register/get.
06-09 18:08:53.765 475 475 W system_server: Cannot register HIDL android.frameworks.stats@1.0::IStats: -2147483648
06-09 18:08:53.766 182 182 I servicemanager: Found android.frameworks.stats.IStats/default in framework VINTF manifest.
06-09 18:08:53.766 475 475 I SystemServerTiming: MemtrackProxyService
06-09 18:08:53.768 184 184 I hwservicemanager: getTransport: Cannot find entry android.hardware.memtrack@1.0::IMemtrack/default in either framework or device VINTF manifest.
06-09 18:08:53.768 475 523 I SystemConfig: Reading permissions from /system_ext/etc/permissions/com.android.tv.settings.xml
06-09 18:08:53.769 182 182 E servicemanager: Could not find android.hardware.memtrack.IMemtrack/default in the VINTF manifest.
06-09 18:08:53.769 475 475 I Stability: Interface set with vintf stability wire protocol version 1 downgraded to system stability wire protocol version 1 stability
06-09 18:08:53.770 475 475 I SystemServerTiming: StartActivityManager
06-09 18:08:53.770 475 475 I SystemServiceManager: Starting com.android.server.wm.ActivityTaskManagerService$Lifecycle
06-09 18:08:53.775 475 523 I SystemConfig: Reading permissions from /system_ext/etc/permissions/com.android.provision.xml
06-09 18:08:53.779 475 523 I SystemConfig: Reading permissions from /system_ext/etc/permissions/com.android.carrierconfig.xml
06-09 18:08:53.784 475 523 I SystemConfig: Reading permissions from /system_ext/etc/permissions/com.android.systemui.xml
06-09 18:08:53.787 475 475 I SystemServiceManager: Starting com.android.server.am.ActivityManagerService$Lifecycle
06-09 18:08:53.795 475 523 I SystemConfig: Reading permissions from /system_ext/etc/permissions/com.softwinner.screenshot.xml
06-09 18:08:53.797 475 523 I SystemConfig: Reading permissions from /system_ext/etc/permissions/privapp-settingssetup.xml
06-09 18:08:53.800 184 184 I hwservicemanager: getTransport: Cannot find entry android.hardware.graphics.mapper@4.0::IMapper/default in either framework or device VINTF manifest.
06-09 18:08:53.801 475 523 I SystemConfig: Reading permissions from /system_ext/etc/permissions/provision-permissions.xml
06-09 18:08:53.801 513 526 I Gralloc4: mapper 4.x is not supported
06-09 18:08:53.802 184 184 I hwservicemanager: getTransport: Cannot find entry android.hardware.graphics.mapper@3.0::IMapper/default in either framework or device VINTF manifest.
06-09 18:08:53.802 513 526 W Gralloc3: mapper 3.x is not supported
06-09 18:08:53.808 475 523 I SystemConfig: Reading permissions from /apex/com.android.ipsec/etc/permissions/android.net.ipsec.ike.xml
06-09 18:08:53.808 475 475 I ActivityManager: Memory class: 256
06-09 18:08:53.810 513 526 E gralloc : Arm Module v1.0
06-09 18:08:53.813 184 184 I hwservicemanager: getTransport: Cannot find entry android.hardware.graphics.allocator@4.0::IAllocator/default in either framework or device VINTF manifest.
06-09 18:08:53.813 475 536 I Binder : Setting heavy hitter watcher config: false, 0, 0.0
06-09 18:08:53.814 513 526 W Gralloc4: allocator 4.x is not supported
06-09 18:08:53.814 184 184 I hwservicemanager: getTransport: Cannot find entry android.hardware.graphics.allocator@3.0::IAllocator/default in either framework or device VINTF manifest.
06-09 18:08:53.814 513 526 W Gralloc3: allocator 3.x is not supported
06-09 18:08:53.820 254 254 I gralloc : alloc buffer:W:1920 H:1080 S:1920 PL[1920 1080] SZ:8294400 fmt:43 if:0 af:43 usg:20000b00 fg:00000004
06-09 18:08:53.820 475 523 W SystemConfig: Failed to read public libraries file /vendor/etc/public.libraries.txt
06-09 18:08:53.820 475 523 W SystemConfig: java.io.FileNotFoundException: /vendor/etc/public.libraries.txt: open failed: ENOENT (No such file or directory)
06-09 18:08:53.820 475 523 W SystemConfig: at libcore.io.IoBridge.open(IoBridge.java:575)
06-09 18:08:53.820 475 523 W SystemConfig: at java.io.FileInputStream.(FileInputStream.java:160)
06-09 18:08:53.820 475 523 W SystemConfig: at java.io.FileReader.(FileReader.java:72)
06-09 18:08:53.820 475 523 W SystemConfig: at com.android.server.SystemConfig.readPublicLibrariesListFile(SystemConfig.java:1601)
06-09 18:08:53.820 475 523 W SystemConfig: at com.android.server.SystemConfig.readPublicNativeLibrariesList(SystemConfig.java:1583)
06-09 18:08:53.820 475 523 W SystemConfig: at com.android.server.SystemConfig.(SystemConfig.java:484)
06-09 18:08:53.820 475 523 W SystemConfig: at com.android.server.SystemConfig.getInstance(SystemConfig.java:272)
06-09 18:08:53.820 475 523 W SystemConfig: at com.android.server.SystemServer$$ExternalSyntheticLambda7.run(Unknown Source:0)
06-09 18:08:53.820 475 523 W SystemConfig: at com.android.server.SystemServerInitThreadPool.lambda$submitTask$0$SystemServerInitThreadPool(SystemServerInitThreadPool.java:105)
06-09 18:08:53.820 475 523 W SystemConfig: at com.android.server.SystemServerInitThreadPool$$ExternalSyntheticLambda0.run(Unknown Source:6)
06-09 18:08:53.820 475 523 W SystemConfig: at java.util.concurrent.Executors$RunnableAdapter.call(Executors.java:462)
06-09 18:08:53.820 475 523 W SystemConfig: at java.util.concurrent.FutureTask.run(FutureTask.java:266)
06-09 18:08:53.820 475 523 W SystemConfig: at java.util.concurrent.ThreadPoolExecutor.runWorker(ThreadPoolExecutor.java:1167)
06-09 18:08:53.820 475 523 W SystemConfig: at java.util.concurrent.ThreadPoolExecutor$Worker.run(ThreadPoolExecutor.java:641)
06-09 18:08:53.820 475 523 W SystemConfig: at com.android.internal.util.ConcurrentUtils$1$1.run(ConcurrentUtils.java:65)
06-09 18:08:53.820 475 523 W SystemConfig: Caused by: android.system.ErrnoException: open failed: ENOENT (No such file or directory)
06-09 18:08:53.820 475 523 W SystemConfig: at libcore.io.Linux.open(Native Method)
06-09 18:08:53.820 475 523 W SystemConfig: at libcore.io.ForwardingOs.open(ForwardingOs.java:567)
06-09 18:08:53.820 475 523 W SystemConfig: at libcore.io.BlockGuardOs.open(BlockGuardOs.java:273)
06-09 18:08:53.820 475 523 W SystemConfig: at libcore.io.IoBridge.open(IoBridge.java:561)
06-09 18:08:53.820 475 523 W SystemConfig: ... 14 more
06-09 18:08:53.821 513 526 E ion : ioctl c0044901 failed with code -1: Inappropriate ioctl for device
06-09 18:08:53.821 475 523 D SystemServerInitThreadPool: Finished executing ReadingSystemConfig
06-09 18:08:53.847 271 271 I SurfaceFlinger: Enter boot animation
06-09 18:08:53.849 255 255 E ion : ioctl c0044901 failed with code -1: Inappropriate ioctl for device
06-09 18:08:53.857 407 407 I : DVI mode selected: packets not configured
06-09 18:08:53.857 407 407 I : Error: set vsif failed
06-09 18:08:53.889 475 475 D BatteryStatsImpl: Reading daily items from /data/system/batterystats-daily.xml
06-09 18:08:53.911 475 507 W Zygote : Class not found for preloading: android.view.SurfaceView$2
06-09 18:08:53.918 184 184 I hwservicemanager: getTransport: Cannot find entry android.hardware.power.stats@1.0::IPowerStats/default in either framework or device VINTF manifest.
06-09 18:08:53.919 254 254 I gralloc : alloc buffer:W:1920 H:1080 S:1920 PL[1920 1080] SZ:8294400 fmt:43 if:0 af:43 usg:20000b00 fg:00000004
06-09 18:08:53.920 475 544 E BatteryStatsService: Unable to load Power.Stats.HAL. Setting rail availability to false
06-09 18:08:53.925 475 544 E BluetoothAdapter: Bluetooth binder is null
06-09 18:08:53.928 475 544 I KernelCpuUidFreqTimeReader: mPerClusterTimesAvailable=false
06-09 18:08:53.938 407 407 I : DVI mode selected: packets not configured
06-09 18:08:53.938 407 407 I : Error: set vsif failed
06-09 18:08:53.937 475 544 W KernelCpuUidFreqTimeBpfMapReader: Failed to start tracking
06-09 18:08:53.938 475 544 W KernelCpuProcStringReader: File not found. It's normal if not implemented: /proc/uid_time_in_state
06-09 18:08:53.939 475 544 W KernelCpuUidActiveTimeBpfMapReader: Failed to start tracking
06-09 18:08:53.939 475 544 W KernelCpuProcStringReader: File not found. It's normal if not implemented: /proc/uid_concurrent_active_time
06-09 18:08:53.940 475 544 W KernelCpuUidClusterTimeBpfMapReader: Failed to start tracking
06-09 18:08:53.940 475 544 W KernelCpuProcStringReader: File not found. It's normal if not implemented: /proc/uid_concurrent_policy_time
06-09 18:08:53.941 475 544 E KernelCpuSpeedReader: Failed to read cpu-freq: /sys/devices/system/cpu/cpu0/cpufreq/stats/time_in_state: open failed: ENOENT (No such file or directory)
06-09 18:08:53.942 475 544 E system_server: Cannot read thread CPU times for PID 475
06-09 18:08:53.940 205 205 I Binder:205_2: type=1400 audit(0.0:297): avc: denied { read } for name="event_count" dev="sysfs" ino=22115 scontext=u:r:system_suspend:s0 tcontext=u:object_r:sysfs:s0 tclass=file permissive=1
06-09 18:08:53.940 205 205 I Binder:205_2: type=1400 audit(0.0:298): avc: denied { open } for path="/sys/devices/platform/soc@3000000/7040000.s_cir/wakeup/wakeup4/event_count" dev="sysfs" ino=22115 scontext=u:r:system_suspend:s0 tcontext=u:object_r:sysfs:s0 tclass=file permissive=1
06-09 18:08:53.940 205 205 I Binder:205_2: type=1400 audit(0.0:299): avc: denied { getattr } for path="/sys/devices/platform/soc@3000000/7040000.s_cir/wakeup/wakeup4/event_count" dev="sysfs" ino=22115 scontext=u:r:system_suspend:s0 tcontext=u:object_r:sysfs:s0 tclass=file permissive=1
06-09 18:08:53.956 475 544 W KernelMemoryBandwidthStats: No kernel memory bandwidth stats available
06-09 18:08:54.004 407 407 I : DVI mode selected: packets not configured
06-09 18:08:54.004 407 407 I : Error: set vsif failed
06-09 18:08:54.054 407 407 I : DVI mode selected: packets not configured
06-09 18:08:54.054 407 407 I : Error: set vsif failed
06-09 18:08:54.106 407 407 I : DVI mode selected: packets not configured
06-09 18:08:54.106 407 407 I : Error: set vsif failed
06-09 18:08:54.166 475 475 I IntentFirewall: Read new rules (A:0 B:0 S:0)
06-09 18:08:54.170 407 407 I : DVI mode selected: packets not configured
06-09 18:08:54.170 407 407 I : Error: set vsif failed
06-09 18:08:54.184 475 507 I Zygote : ...preloaded 7337 classes in 1057ms.
06-09 18:08:54.184 475 475 E libprocessgroup: Failed to open /dev/memcg/apps: Permission denied
06-09 18:08:54.185 475 506 I Zygote : Called ZygoteHooks.endPreload()
06-09 18:08:54.187 475 506 I Zygote : Installed AndroidKeyStoreProvider in 1ms.
06-09 18:08:54.189 475 475 D AppOps : AppOpsService published
06-09 18:08:54.191 475 475 I SystemServerTiming: StartDataLoaderManagerService
06-09 18:08:54.192 475 475 I SystemServiceManager: Starting com.android.server.pm.DataLoaderManagerService
06-09 18:08:54.201 475 475 I SystemServerTiming: StartIncrementalService
06-09 18:08:54.205 475 475 I incfs-mounts: [incfs] Loaded incremental-fs mount info: 0 instances, 0 mount points
06-09 18:08:54.206 475 475 I SystemServerTiming: StartPowerManager
06-09 18:08:54.206 475 475 I SystemServiceManager: Starting com.android.server.power.PowerManagerService
06-09 18:08:54.215 475 506 I Zygote : Warmed up JCA providers in 28ms.
06-09 18:08:54.216 475 506 D Zygote : Zygote:ThreadPreadloadClass took 1093ms.
06-09 18:08:54.220 407 407 I : DVI mode selected: packets not configured
06-09 18:08:54.220 407 407 I : Error: set vsif failed
06-09 18:08:54.221 182 182 I servicemanager: Found android.hardware.power.IPower/default in device VINTF manifest.
06-09 18:08:54.224 184 184 I hw-BpHwBinder: onLastStrongRef automatically unlinking death recipients
06-09 18:08:54.226 258 258 I AW_PowerHAL: Power setMode: INTERACTIVE to: 1
06-09 18:08:54.226 258 258 I AW_PowerHAL: not completed yet, ignore mode request other
06-09 18:08:54.226 258 258 I AW_PowerHAL: check: Mode 0 not Supported ,do nothing
06-09 18:08:54.228 475 475 I SystemServerTiming: StartThermalManager
06-09 18:08:54.228 475 475 I SystemServiceManager: Starting com.android.server.power.ThermalManagerService
06-09 18:08:54.229 475 475 I SystemServerTiming: StartHintManager
06-09 18:08:54.230 475 475 I SystemServiceManager: Starting com.android.server.power.hint.HintManagerService
06-09 18:08:54.232 475 475 E PowerHalController: getHintSessionPreferredRate failed: Status(-129, EX_TRANSACTION_FAILED): 'UNKNOWN_TRANSACTION: '
06-09 18:08:54.233 475 475 I SystemServerTiming: InitPowerManagement
06-09 18:08:54.235 475 475 I SystemServerTiming: StartRecoverySystemService
06-09 18:08:54.235 475 475 I SystemServiceManager: Starting com.android.server.recoverysystem.RecoverySystemService$Lifecycle
06-09 18:08:54.240 475 475 I PackageWatchdog: Syncing state, reason: added new observer
06-09 18:08:54.240 475 475 I PackageWatchdog: Not pruning observers, elapsed time: 0ms
06-09 18:08:54.240 475 475 I PackageWatchdog: Cancelling state sync, nothing to sync
06-09 18:08:54.240 475 535 I PackageWatchdog: Saving observer state to file
06-09 18:08:54.244 475 475 I SystemServerTiming: StartLightsService
06-09 18:08:54.244 475 475 I SystemServiceManager: Starting com.android.server.lights.LightsService
06-09 18:08:54.247 182 182 I servicemanager: Found android.hardware.light.ILights/default in device VINTF manifest.
06-09 18:08:54.250 257 257 I android.hardware.lights-service: Lights reporting supported lights size=1
06-09 18:08:54.254 475 475 I SystemServerTiming: StartSidekickService
06-09 18:08:54.255 475 475 I SystemServerTiming: StartDisplayManager
06-09 18:08:54.255 475 475 I SystemServiceManager: Starting com.android.server.display.DisplayManagerService
06-09 18:08:54.274 271 327 E HWComposer: getSupportedContentTypes: getSupportedContentTypes failed for display 0: Unsupported (8)
06-09 18:08:54.276 475 475 I SystemServerTiming: WaitForDisplay
06-09 18:08:54.276 475 475 I SystemServiceManager: Starting phase 100
06-09 18:08:54.276 475 475 I SystemServerTiming: OnBootPhase_100
06-09 18:08:54.287 407 407 I : DVI mode selected: packets not configured
06-09 18:08:54.287 407 407 I : Error: set vsif failed
06-09 18:08:54.287 475 519 I DisplayDeviceRepository: Display device added: DisplayDeviceInfo{"内置屏幕": uniqueId="local:0", 1920 x 1080, modeId 1, defaultModeId 1, supportedModes [{id=1, width=1920, height=1080, fps=60.000004, alternativeRefreshRates=[]}], colorMode 0, supportedColorModes [0], hdrCapabilities HdrCapabilities{mSupportedHdrTypes=[2, 3], mMaxLuminance=500.0, mMaxAverageLuminance=500.0, mMinLuminance=0.0}, allmSupported false, gameContentTypeSupported false, density 240, 0.16 x 0.16 dpi, appVsyncOff 1000000, presDeadline 16666666, touch INTERNAL, rotation 0, type INTERNAL, address {port=0}, deviceProductInfo null, state UNKNOWN, frameRateOverride , brightnessMinimum 0.0, brightnessMaximum 1.0, brightnessDefault 0.39763778, FLAG_DEFAULT_DISPLAY, FLAG_ROTATES_WITH_CONTENT, FLAG_SECURE, FLAG_SUPPORTS_PROTECTED_BUFFERS}
06-09 18:08:54.289 475 519 I LogicalDisplayMapper: Applying layout: [{addr: {port=0}, dispId: 0(ON)}], Previous layout: null
06-09 18:08:54.293 475 519 I LogicalDisplayMapper: Adding new display: 0: DisplayInfo{"内置屏幕", displayId 0", displayGroupId -1, FLAG_SECURE, FLAG_SUPPORTS_PROTECTED_BUFFERS, FLAG_TRUSTED, real 1920 x 1080, largest app 1920 x 1080, smallest app 1920 x 1080, appVsyncOff 1000000, presDeadline 16666666, mode 1, defaultMode 1, modes [{id=1, width=1920, height=1080, fps=60.000004, alternativeRefreshRates=[]}], hdrCapabilities HdrCapabilities{mSupportedHdrTypes=[2, 3], mMaxLuminance=500.0, mMaxAverageLuminance=500.0, mMinLuminance=0.0}, userDisabledHdrTypes [], minimalPostProcessingSupported false, rotation 0, state UNKNOWN, type INTERNAL, uniqueId "local:0", app 1920 x 1080, density 240 (0.16 x 0.16) dpi, layerStack 0, colorMode 0, supportedColorModes [0], address {port=0}, deviceProductInfo null, removeMode 0, refreshRateOverride 0.0, brightnessMinimum 0.0, brightnessMaximum 1.0, brightnessDefault 0.39763778}
06-09 18:08:54.294 475 519 I LogicalDisplayMapper: Setting new display group 0 for display 0, from previous group: null
06-09 18:08:54.296 475 475 I SystemServerTiming: StartDomainVerificationService
06-09 18:08:54.317 475 475 I SystemServerTiming: StartPackageManagerService
06-09 18:08:54.318 475 475 I Watchdog: Pausing HandlerChecker: main thread for reason: packagemanagermain. Pause count: 1
06-09 18:08:54.326 475 475 I PackageManagerTiming: create package manager
06-09 18:08:54.337 407 407 I : DVI mode selected: packets not configured
06-09 18:08:54.337 407 407 I : Error: set vsif failed
06-09 18:08:54.337 475 475 E PackageManager: /oem/delete.txt not exist
06-09 18:08:54.338 475 475 I PackageManagerTiming: createSubComponents
06-09 18:08:54.378 475 475 I PackageManagerTiming: addSharedUsers
06-09 18:08:54.383 475 475 I PackageManagerTiming: get system config
06-09 18:08:54.387 407 407 I : DVI mode selected: packets not configured
06-09 18:08:54.387 407 407 I : Error: set vsif failed
06-09 18:08:54.386 475 475 D PackageManager: Directories scanned as system partitions: [/system:0, /vendor:524288, /odm:4194304, /oem:262144, /product:1048576, /system/system_ext:2097152, /apex/com.android.wifi:8388608, /apex/com.android.vndk.v31:8388608, /apex/com.android.tzdata:8388608, /apex/com.android.tethering:8388608, /apex/com.android.sdkext:8388608, /apex/com.android.scheduling:8388608, /apex/com.android.runtime:8388608, /apex/com.android.resolv:8388608, /apex/com.android.permission:8388608, /apex/com.android.os.statsd:8388608, /apex/com.android.neuralnetworks:8388608, /apex/com.android.mediaprovider:8388608, /apex/com.android.media.swcodec:8388608, /apex/com.android.media:8388608, /apex/com.android.ipsec:8388608, /apex/com.android.i18n:8388608, /apex/com.android.extservices:8388608, /apex/com.android.conscrypt:8388608, /apex/com.android.art:8388608, /apex/com.android.appsearch:8388608, /apex/com.android.adbd:8388608]
06-09 18:08:54.390 475 475 D SELinuxMMAC: Using policy file /system/etc/selinux/plat_mac_permissions.xml
06-09 18:08:54.393 475 475 D SELinuxMMAC: Using policy file /system_ext/etc/selinux/system_ext_mac_permissions.xml
06-09 18:08:54.394 475 475 D SELinuxMMAC: Using policy file /vendor/etc/selinux/vendor_mac_permissions.xml
06-09 18:08:54.396 475 475 I PackageManagerTiming: loadFallbacks
06-09 18:08:54.398 475 475 D FallbackCategoryProvider: Found 1 fallback categories
06-09 18:08:54.398 475 475 I PackageManagerTiming: read user settings
06-09 18:08:54.492 475 515 D SystemServerInitThreadPool: Finished executing loadPreinstalledSystemFontMap
06-09 18:08:54.600 475 475 W android.permission.PermissionManager: Missing ActivityManager; assuming 1000 holds android.permission.SET_PREFERRED_APPLICATIONS
06-09 18:08:54.601 475 475 W android.permission.PermissionManager: Missing ActivityManager; assuming 1000 holds android.permission.SET_PREFERRED_APPLICATIONS
06-09 18:08:54.602 475 475 W android.permission.PermissionManager: Missing ActivityManager; assuming 1000 holds android.permission.SET_PREFERRED_APPLICATIONS
06-09 18:08:54.602 475 475 W android.permission.PermissionManager: Missing ActivityManager; assuming 1000 holds android.permission.SET_PREFERRED_APPLICATIONS
06-09 18:08:54.602 475 475 W android.permission.PermissionManager: Missing ActivityManager; assuming 1000 holds android.permission.SET_PREFERRED_APPLICATIONS
06-09 18:08:54.603 475 475 W android.permission.PermissionManager: Missing ActivityManager; assuming 1000 holds android.permission.SET_PREFERRED_APPLICATIONS
06-09 18:08:54.603 475 475 W android.permission.PermissionManager: Missing ActivityManager; assuming 1000 holds android.permission.SET_PREFERRED_APPLICATIONS
06-09 18:08:54.604 475 475 W android.permission.PermissionManager: Missing ActivityManager; assuming 1000 holds android.permission.SET_PREFERRED_APPLICATIONS
06-09 18:08:54.604 475 475 W android.permission.PermissionManager: Missing ActivityManager; assuming 1000 holds android.permission.SET_PREFERRED_APPLICATIONS
06-09 18:08:54.604 475 475 W android.permission.PermissionManager: Missing ActivityManager; assuming 1000 holds android.permission.SET_PREFERRED_APPLICATIONS
06-09 18:08:54.604 475 475 W android.permission.PermissionManager: Missing ActivityManager; assuming 1000 holds android.permission.SET_PREFERRED_APPLICATIONS
06-09 18:08:54.604 475 475 W android.permission.PermissionManager: Missing ActivityManager; assuming 1000 holds android.permission.SET_PREFERRED_APPLICATIONS
06-09 18:08:54.605 475 475 W android.permission.PermissionManager: Missing ActivityManager; assuming 1000 holds android.permission.SET_PREFERRED_APPLICATIONS
06-09 18:08:54.605 475 475 W android.permission.PermissionManager: Missing ActivityManager; assuming 1000 holds android.permission.SET_PREFERRED_APPLICATIONS
06-09 18:08:54.605 475 475 W android.permission.PermissionManager: Missing ActivityManager; assuming 1000 holds android.permission.SET_PREFERRED_APPLICATIONS
06-09 18:08:54.605 475 475 W android.permission.PermissionManager: Missing ActivityManager; assuming 1000 holds android.permission.SET_PREFERRED_APPLICATIONS
06-09 18:08:54.606 475 475 W android.permission.PermissionManager: Missing ActivityManager; assuming 1000 holds android.permission.SET_PREFERRED_APPLICATIONS
06-09 18:08:54.606 475 475 W android.permission.PermissionManager: Missing ActivityManager; assuming 1000 holds android.permission.SET_PREFERRED_APPLICATIONS
06-09 18:08:54.606 475 475 W android.permission.PermissionManager: Missing ActivityManager; assuming 1000 holds android.permission.SET_PREFERRED_APPLICATIONS
06-09 18:08:54.606 475 475 W android.permission.PermissionManager: Missing ActivityManager; assuming 1000 holds android.permission.SET_PREFERRED_APPLICATIONS
06-09 18:08:54.607 475 475 W android.permission.PermissionManager: Missing ActivityManager; assuming 1000 holds android.permission.SET_PREFERRED_APPLICATIONS
06-09 18:08:54.607 475 475 W android.permission.PermissionManager: Missing ActivityManager; assuming 1000 holds android.permission.SET_PREFERRED_APPLICATIONS
06-09 18:08:54.607 475 475 W android.permission.PermissionManager: Missing ActivityManager; assuming 1000 holds android.permission.SET_PREFERRED_APPLICATIONS
06-09 18:08:54.608 475 475 W android.permission.PermissionManager: Missing ActivityManager; assuming 1000 holds android.permission.SET_PREFERRED_APPLICATIONS
06-09 18:08:54.609 475 475 W android.permission.PermissionManager: Missing ActivityManager; assuming 1000 holds android.permission.SET_PREFERRED_APPLICATIONS
06-09 18:08:54.610 475 475 W android.permission.PermissionManager: Missing ActivityManager; assuming 1000 holds android.permission.SET_PREFERRED_APPLICATIONS
06-09 18:08:54.612 475 475 W android.permission.PermissionManager: Missing ActivityManager; assuming 1000 holds android.permission.SET_PREFERRED_APPLICATIONS
06-09 18:08:54.613 475 475 W android.permission.PermissionManager: Missing ActivityManager; assuming 1000 holds android.permission.SET_PREFERRED_APPLICATIONS
06-09 18:08:54.615 475 475 W android.permission.PermissionManager: Missing ActivityManager; assuming 1000 holds android.permission.SET_PREFERRED_APPLICATIONS
06-09 18:08:54.616 475 475 W android.permission.PermissionManager: Missing ActivityManager; assuming 1000 holds android.permission.SET_PREFERRED_APPLICATIONS
06-09 18:08:54.618 475 475 W android.permission.PermissionManager: Missing ActivityManager; assuming 1000 holds android.permission.SET_PREFERRED_APPLICATIONS
06-09 18:08:54.619 475 475 W android.permission.PermissionManager: Missing ActivityManager; assuming 1000 holds android.permission.SET_PREFERRED_APPLICATIONS
06-09 18:08:54.619 475 475 W android.permission.PermissionManager: Missing ActivityManager; assuming 1000 holds android.permission.SET_PREFERRED_APPLICATIONS
06-09 18:08:54.620 475 475 W android.permission.PermissionManager: Missing ActivityManager; assuming 1000 holds android.permission.SET_PREFERRED_APPLICATIONS
06-09 18:08:54.620 475 475 W android.permission.PermissionManager: Missing ActivityManager; assuming 1000 holds android.permission.SET_PREFERRED_APPLICATIONS
06-09 18:08:54.620 475 475 W android.permission.PermissionManager: Missing ActivityManager; assuming 1000 holds android.permission.SET_PREFERRED_APPLICATIONS
06-09 18:08:54.620 475 475 W android.permission.PermissionManager: Missing ActivityManager; assuming 1000 holds android.permission.SET_PREFERRED_APPLICATIONS
06-09 18:08:54.620 475 475 W android.permission.PermissionManager: Missing ActivityManager; assuming 1000 holds android.permission.SET_PREFERRED_APPLICATIONS
06-09 18:08:54.621 475 475 W android.permission.PermissionManager: Missing ActivityManager; assuming 1000 holds android.permission.SET_PREFERRED_APPLICATIONS
06-09 18:08:54.621 475 475 W android.permission.PermissionManager: Missing ActivityManager; assuming 1000 holds android.permission.SET_PREFERRED_APPLICATIONS
06-09 18:08:54.621 475 475 W android.permission.PermissionManager: Missing ActivityManager; assuming 1000 holds android.permission.SET_PREFERRED_APPLICATIONS
06-09 18:08:54.621 475 475 W android.permission.PermissionManager: Missing ActivityManager; assuming 1000 holds android.permission.SET_PREFERRED_APPLICATIONS
06-09 18:08:54.622 475 475 W android.permission.PermissionManager: Missing ActivityManager; assuming 1000 holds android.permission.SET_PREFERRED_APPLICATIONS
06-09 18:08:54.622 475 475 W android.permission.PermissionManager: Missing ActivityManager; assuming 1000 holds android.permission.SET_PREFERRED_APPLICATIONS
06-09 18:08:54.622 475 475 W android.permission.PermissionManager: Missing ActivityManager; assuming 1000 holds android.permission.SET_PREFERRED_APPLICATIONS
06-09 18:08:54.622 475 475 W android.permission.PermissionManager: Missing ActivityManager; assuming 1000 holds android.permission.SET_PREFERRED_APPLICATIONS
06-09 18:08:54.622 475 475 W android.permission.PermissionManager: Missing ActivityManager; assuming 1000 holds android.permission.SET_PREFERRED_APPLICATIONS
06-09 18:08:54.623 475 475 W android.permission.PermissionManager: Missing ActivityManager; assuming 1000 holds android.permission.SET_PREFERRED_APPLICATIONS
06-09 18:08:54.623 475 475 W android.permission.PermissionManager: Missing ActivityManager; assuming 1000 holds android.permission.SET_PREFERRED_APPLICATIONS
06-09 18:08:54.623 475 475 W android.permission.PermissionManager: Missing ActivityManager; assuming 1000 holds android.permission.SET_PREFERRED_APPLICATIONS
06-09 18:08:54.623 475 475 W android.permission.PermissionManager: Missing ActivityManager; assuming 1000 holds android.permission.SET_PREFERRED_APPLICATIONS
06-09 18:08:54.624 475 475 W android.permission.PermissionManager: Missing ActivityManager; assuming 1000 holds android.permission.SET_PREFERRED_APPLICATIONS
06-09 18:08:54.624 475 475 W android.permission.PermissionManager: Missing ActivityManager; assuming 1000 holds android.permission.SET_PREFERRED_APPLICATIONS
06-09 18:08:54.624 475 475 W android.permission.PermissionManager: Missing ActivityManager; assuming 1000 holds android.permission.SET_PREFERRED_APPLICATIONS
06-09 18:08:54.625 475 475 W android.permission.PermissionManager: Missing ActivityManager; assuming 1000 holds android.permission.SET_PREFERRED_APPLICATIONS
06-09 18:08:54.625 475 475 W android.permission.PermissionManager: Missing ActivityManager; assuming 1000 holds android.permission.SET_PREFERRED_APPLICATIONS
06-09 18:08:54.625 475 475 W android.permission.PermissionManager: Missing ActivityManager; assuming 1000 holds android.permission.SET_PREFERRED_APPLICATIONS
06-09 18:08:54.625 475 475 W android.permission.PermissionManager: Missing ActivityManager; assuming 1000 holds android.permission.SET_PREFERRED_APPLICATIONS
06-09 18:08:54.626 475 475 W android.permission.PermissionManager: Missing ActivityManager; assuming 1000 holds android.permission.SET_PREFERRED_APPLICATIONS
06-09 18:08:54.626 475 475 W android.permission.PermissionManager: Missing ActivityManager; assuming 1000 holds android.permission.SET_PREFERRED_APPLICATIONS
06-09 18:08:54.626 475 475 W android.permission.PermissionManager: Missing ActivityManager; assuming 1000 holds android.permission.SET_PREFERRED_APPLICATIONS
06-09 18:08:54.626 475 475 W android.permission.PermissionManager: Missing ActivityManager; assuming 1000 holds android.permission.SET_PREFERRED_APPLICATIONS
06-09 18:08:54.627 475 475 W android.permission.PermissionManager: Missing ActivityManager; assuming 1000 holds android.permission.SET_PREFERRED_APPLICATIONS
06-09 18:08:54.627 475 475 W android.permission.PermissionManager: Missing ActivityManager; assuming 1000 holds android.permission.SET_PREFERRED_APPLICATIONS
06-09 18:08:54.627 475 475 W android.permission.PermissionManager: Missing ActivityManager; assuming 1000 holds android.permission.SET_PREFERRED_APPLICATIONS
06-09 18:08:54.627 475 475 W android.permission.PermissionManager: Missing ActivityManager; assuming 1000 holds android.permission.SET_PREFERRED_APPLICATIONS
06-09 18:08:54.627 475 475 W android.permission.PermissionManager: Missing ActivityManager; assuming 1000 holds android.permission.SET_PREFERRED_APPLICATIONS
06-09 18:08:54.628 475 475 W android.permission.PermissionManager: Missing ActivityManager; assuming 1000 holds android.permission.SET_PREFERRED_APPLICATIONS
06-09 18:08:54.628 475 475 W android.permission.PermissionManager: Missing ActivityManager; assuming 1000 holds android.permission.SET_PREFERRED_APPLICATIONS
06-09 18:08:54.628 475 475 W android.permission.PermissionManager: Missing ActivityManager; assuming 1000 holds android.permission.SET_PREFERRED_APPLICATIONS
06-09 18:08:54.628 475 475 W android.permission.PermissionManager: Missing ActivityManager; assuming 1000 holds android.permission.SET_PREFERRED_APPLICATIONS
06-09 18:08:54.629 475 475 W android.permission.PermissionManager: Missing ActivityManager; assuming 1000 holds android.permission.SET_PREFERRED_APPLICATIONS
06-09 18:08:54.630 475 475 W android.permission.PermissionManager: Missing ActivityManager; assuming 1000 holds android.permission.SET_PREFERRED_APPLICATIONS
06-09 18:08:54.632 475 475 W android.permission.PermissionManager: Missing ActivityManager; assuming 1000 holds android.permission.SET_PREFERRED_APPLICATIONS
06-09 18:08:54.632 475 475 W android.permission.PermissionManager: Missing ActivityManager; assuming 1000 holds android.permission.SET_PREFERRED_APPLICATIONS
06-09 18:08:54.633 475 475 W android.permission.PermissionManager: Missing ActivityManager; assuming 1000 holds android.permission.SET_PREFERRED_APPLICATIONS
06-09 18:08:54.633 475 475 W android.permission.PermissionManager: Missing ActivityManager; assuming 1000 holds android.permission.SET_PREFERRED_APPLICATIONS
06-09 18:08:54.633 475 475 W android.permission.PermissionManager: Missing ActivityManager; assuming 1000 holds android.permission.SET_PREFERRED_APPLICATIONS
06-09 18:08:54.633 475 475 W android.permission.PermissionManager: Missing ActivityManager; assuming 1000 holds android.permission.SET_PREFERRED_APPLICATIONS
06-09 18:08:54.634 475 475 W android.permission.PermissionManager: Missing ActivityManager; assuming 1000 holds android.permission.SET_PREFERRED_APPLICATIONS
06-09 18:08:54.634 475 475 W android.permission.PermissionManager: Missing ActivityManager; assuming 1000 holds android.permission.SET_PREFERRED_APPLICATIONS
06-09 18:08:54.634 475 475 W android.permission.PermissionManager: Missing ActivityManager; assuming 1000 holds android.permission.SET_PREFERRED_APPLICATIONS
06-09 18:08:54.634 475 475 W android.permission.PermissionManager: Missing ActivityManager; assuming 1000 holds android.permission.SET_PREFERRED_APPLICATIONS
06-09 18:08:54.635 475 475 W android.permission.PermissionManager: Missing ActivityManager; assuming 1000 holds android.permission.SET_PREFERRED_APPLICATIONS
06-09 18:08:54.635 475 475 W android.permission.PermissionManager: Missing ActivityManager; assuming 1000 holds android.permission.SET_PREFERRED_APPLICATIONS
06-09 18:08:54.635 475 475 W android.permission.PermissionManager: Missing ActivityManager; assuming 1000 holds android.permission.SET_PREFERRED_APPLICATIONS
06-09 18:08:54.636 475 475 W android.permission.PermissionManager: Missing ActivityManager; assuming 1000 holds android.permission.SET_PREFERRED_APPLICATIONS
06-09 18:08:54.636 475 475 W android.permission.PermissionManager: Missing ActivityManager; assuming 1000 holds android.permission.SET_PREFERRED_APPLICATIONS
06-09 18:08:54.636 475 475 W android.permission.PermissionManager: Missing ActivityManager; assuming 1000 holds android.permission.SET_PREFERRED_APPLICATIONS
06-09 18:08:54.636 475 475 W android.permission.PermissionManager: Missing ActivityManager; assuming 1000 holds android.permission.SET_PREFERRED_APPLICATIONS
06-09 18:08:54.636 475 475 W android.permission.PermissionManager: Missing ActivityManager; assuming 1000 holds android.permission.SET_PREFERRED_APPLICATIONS
06-09 18:08:54.637 475 475 W android.permission.PermissionManager: Missing ActivityManager; assuming 1000 holds android.permission.SET_PREFERRED_APPLICATIONS
06-09 18:08:54.637 475 475 W android.permission.PermissionManager: Missing ActivityManager; assuming 1000 holds android.permission.SET_PREFERRED_APPLICATIONS
06-09 18:08:54.637 475 475 W android.permission.PermissionManager: Missing ActivityManager; assuming 1000 holds android.permission.SET_PREFERRED_APPLICATIONS
06-09 18:08:54.637 475 475 W android.permission.PermissionManager: Missing ActivityManager; assuming 1000 holds android.permission.SET_PREFERRED_APPLICATIONS
06-09 18:08:54.638 475 475 W android.permission.PermissionManager: Missing ActivityManager; assuming 1000 holds android.permission.SET_PREFERRED_APPLICATIONS
06-09 18:08:54.638 475 475 W android.permission.PermissionManager: Missing ActivityManager; assuming 1000 holds android.permission.SET_PREFERRED_APPLICATIONS
06-09 18:08:54.638 475 475 W android.permission.PermissionManager: Missing ActivityManager; assuming 1000 holds android.permission.SET_PREFERRED_APPLICATIONS
06-09 18:08:54.638 475 475 W android.permission.PermissionManager: Missing ActivityManager; assuming 1000 holds android.permission.SET_PREFERRED_APPLICATIONS
06-09 18:08:54.638 475 475 W android.permission.PermissionManager: Missing ActivityManager; assuming 1000 holds android.permission.SET_PREFERRED_APPLICATIONS
06-09 18:08:54.639 475 475 W android.permission.PermissionManager: Missing ActivityManager; assuming 1000 holds android.permission.SET_PREFERRED_APPLICATIONS
06-09 18:08:54.639 475 475 W android.permission.PermissionManager: Missing ActivityManager; assuming 1000 holds android.permission.SET_PREFERRED_APPLICATIONS
06-09 18:08:54.639 475 475 W android.permission.PermissionManager: Missing ActivityManager; assuming 1000 holds android.permission.SET_PREFERRED_APPLICATIONS
06-09 18:08:54.639 475 475 W android.permission.PermissionManager: Missing ActivityManager; assuming 1000 holds android.permission.SET_PREFERRED_APPLICATIONS
06-09 18:08:54.640 475 475 W android.permission.PermissionManager: Missing ActivityManager; assuming 1000 holds android.permission.SET_PREFERRED_APPLICATIONS
06-09 18:08:54.640 475 475 W android.permission.PermissionManager: Missing ActivityManager; assuming 1000 holds android.permission.SET_PREFERRED_APPLICATIONS
06-09 18:08:54.640 475 475 W android.permission.PermissionManager: Missing ActivityManager; assuming 1000 holds android.permission.SET_PREFERRED_APPLICATIONS
06-09 18:08:54.640 475 475 W android.permission.PermissionManager: Missing ActivityManager; assuming 1000 holds android.permission.SET_PREFERRED_APPLICATIONS
06-09 18:08:54.641 475 475 W android.permission.PermissionManager: Missing ActivityManager; assuming 1000 holds android.permission.SET_PREFERRED_APPLICATIONS
06-09 18:08:54.641 475 475 W android.permission.PermissionManager: Missing ActivityManager; assuming 1000 holds android.permission.SET_PREFERRED_APPLICATIONS
06-09 18:08:54.641 475 475 W android.permission.PermissionManager: Missing ActivityManager; assuming 1000 holds android.permission.SET_PREFERRED_APPLICATIONS
06-09 18:08:54.641 475 475 W android.permission.PermissionManager: Missing ActivityManager; assuming 1000 holds android.permission.SET_PREFERRED_APPLICATIONS
06-09 18:08:54.641 475 475 W android.permission.PermissionManager: Missing ActivityManager; assuming 1000 holds android.permission.SET_PREFERRED_APPLICATIONS
06-09 18:08:54.642 475 475 W android.permission.PermissionManager: Missing ActivityManager; assuming 1000 holds android.permission.SET_PREFERRED_APPLICATIONS
06-09 18:08:54.664 475 475 W PackageSettings: Missing permission state for package: com.android.cts.priv.ctsshim
06-09 18:08:54.664 475 475 W PackageSettings: Missing permission state for package: com.android.internal.systemui.navbar.gestural_wide_back
06-09 18:08:54.664 475 475 W PackageSettings: Missing permission state for package: com.softwinner.awlogsettings
06-09 18:08:54.665 475 475 W PackageSettings: Missing permission state for package: com.android.htmlviewer
06-09 18:08:54.665 475 475 W PackageSettings: Missing permission state for package: com.android.internal.systemui.onehanded.gestural
06-09 18:08:54.665 475 475 W PackageSettings: Missing permission state for package: com.android.simappdialog
06-09 18:08:54.665 475 475 W PackageSettings: Missing permission state for package: com.android.connectivity.resources
06-09 18:08:54.665 475 475 W PackageSettings: Missing permission state for package: com.android.modulemetadata
06-09 18:08:54.665 475 475 W PackageSettings: Missing permission state for package: com.google.android.apps.searchlite.overlay
06-09 18:08:54.665 475 475 W PackageSettings: Missing permission state for package: com.android.internal.systemui.navbar.threebutton
06-09 18:08:54.665 475 475 W PackageSettings: Missing permission state for package: com.google.android.networkstackconfig
06-09 18:08:54.666 475 475 W PackageSettings: Missing permission state for package: com.android.internal.systemui.navbar.gestural_extra_wide_back
06-09 18:08:54.666 475 475 W PackageSettings: Missing permission state for package: com.android.dreams.basic
06-09 18:08:54.666 475 475 W PackageSettings: Missing permission state for package: android.ext.shared
06-09 18:08:54.666 475 475 W PackageSettings: Missing permission state for package: com.google.android.networkstack.tetheringconfig
06-09 18:08:54.666 475 475 W PackageSettings: Missing permission state for package: com.android.wifi.resources
06-09 18:08:54.666 475 475 W PackageSettings: Missing permission state for package: com.android.theme.font.notoserifsource
06-09 18:08:54.667 475 475 W PackageSettings: Missing permission state for package: com.allwinnertech.packageoverride
06-09 18:08:54.667 475 475 W PackageSettings: Missing permission state for package: com.android.bookmarkprovider
06-09 18:08:54.667 475 475 W PackageSettings: Missing permission state for package: com.android.cts.ctsshim
06-09 18:08:54.667 475 475 W PackageSettings: Missing permission state for package: com.softwinner.theme.icon
06-09 18:08:54.667 475 475 W PackageSettings: Missing permission state for package: com.softwinner.theme.color
06-09 18:08:54.667 475 475 W PackageSettings: Missing permission state for package: com.android.internal.systemui.navbar.gestural
06-09 18:08:54.668 475 475 W PackageSettings: Missing permission state for package: com.android.internal.systemui.navbar.gestural_narrow_back
06-09 18:08:54.668 475 475 W PackageSettings: Missing permission state for package: android.auto_generated_rro_vendor__
06-09 18:08:54.669 475 475 W PackageSettings: Missing permission state for shared user: android.uid.log
06-09 18:08:54.669 475 475 W PackageSettings: Missing permission state for shared user: android.uid.nfc
06-09 18:08:54.669 475 475 W PackageSettings: Missing permission state for shared user: android.uid.uwb
06-09 18:08:54.682 475 475 D PackageManager: Keeping known cache cb51b19e02f4f101d73524b81419a1f8cfae66e4
06-09 18:08:54.684 475 475 D PackageManager: No files in app dir /system/system_ext/overlay
06-09 18:08:54.691 475 475 I PackageBackwardCompatibility: Loaded android.content.pm.AndroidTestBaseUpdater
06-09 18:08:54.693 475 475 D CompatibilityChangeReporter: Compat change id reported: 143539591; UID -1; state: ENABLED
06-09 18:08:54.710 475 475 D PackageManager: No files in app dir /oem/overlay
06-09 18:08:54.710 475 475 D PackageManager: No files in app dir /odm/overlay
06-09 18:08:54.717 475 475 W PackageManager: Failed to parse /system/framework/arm: Missing base APK in /system/framework/arm
06-09 18:08:54.718 475 475 W PackageManager: Failed to parse /system/framework/oat: Missing base APK in /system/framework/oat/arm
06-09 18:08:54.767 475 475 D CompatibilityChangeReporter: Compat change id reported: 143539591; UID -1; state: DISABLED
06-09 18:08:54.767 475 475 D CompatibilityChangeReporter: Compat change id reported: 168782947; UID -1; state: DISABLED
06-09 18:08:54.794 475 475 D CompatibilityChangeReporter: Compat change id reported: 168782947; UID -1; state: ENABLED
06-09 18:08:54.826 475 475 W PackageManager: Provider ComponentInfo{com.dangbei.leard.leradlauncher/androidx.core.content.FileProvider} already defined; ignoring
06-09 18:08:54.829 475 565 D PackageParsing: homlet: force set orientation: 0
06-09 18:08:54.831 475 565 D CompatibilityChangeReporter: Compat change id reported: 150232615; UID -1; state: ENABLED
06-09 18:08:54.859 239 239 W ServiceManager: Service statscompanion didn't start. Returning NULL
06-09 18:08:54.862 239 239 I statsd : Statsd starts to listen to socket.
06-09 18:08:54.912 475 475 W PackageManager: Failed to parse /system/priv-app/SettingsAssist: /system/priv-app/SettingsAssist/SettingsAssist.apk (at Binary XML file line #34): com.softwinner.settingsassist.Recovery: Targeting S+ (version 31 and above) requires that an explicit value for android:exported be defined when intent filters are present
06-09 18:08:55.027 475 475 D PackageManager: No files in app dir /vendor/priv-app
06-09 18:08:55.028 475 475 D PackageManager: No files in app dir /vendor/app
06-09 18:08:55.028 475 475 D PackageManager: No files in app dir /odm/priv-app
06-09 18:08:55.028 475 475 D PackageManager: No files in app dir /odm/app
06-09 18:08:55.028 475 475 D PackageManager: No files in app dir /oem/priv-app
06-09 18:08:55.028 475 475 D PackageManager: No files in app dir /oem/app
06-09 18:08:55.097 475 492 I system_server: Background young concurrent copying GC freed 192707(10MB) AllocSpace objects, 116(2876KB) LOS objects, 77% free, 7070KB/30MB, paused 241us total 272.566ms
06-09 18:08:55.136 475 475 D PackageManager: No files in app dir /apex/com.android.vndk.v31/priv-app
06-09 18:08:55.136 475 475 D PackageManager: No files in app dir /apex/com.android.vndk.v31/app
06-09 18:08:55.136 475 475 D PackageManager: No files in app dir /apex/com.android.tzdata/priv-app
06-09 18:08:55.136 475 475 D PackageManager: No files in app dir /apex/com.android.tzdata/app
06-09 18:08:55.150 475 475 D PackageManager: No files in app dir /apex/com.android.tethering/app
06-09 18:08:55.151 475 475 D PackageManager: No files in app dir /apex/com.android.sdkext/priv-app
06-09 18:08:55.152 475 475 D PackageManager: No files in app dir /apex/com.android.sdkext/app
06-09 18:08:55.152 475 475 D PackageManager: No files in app dir /apex/com.android.scheduling/priv-app
06-09 18:08:55.152 475 475 D PackageManager: No files in app dir /apex/com.android.scheduling/app
06-09 18:08:55.152 475 475 D PackageManager: No files in app dir /apex/com.android.runtime/priv-app
06-09 18:08:55.153 475 475 D PackageManager: No files in app dir /apex/com.android.runtime/app
06-09 18:08:55.153 475 475 D PackageManager: No files in app dir /apex/com.android.resolv/priv-app
06-09 18:08:55.153 475 475 D PackageManager: No files in app dir /apex/com.android.resolv/app
06-09 18:08:55.162 475 475 D PackageManager: No files in app dir /apex/com.android.permission/app
06-09 18:08:55.162 475 475 D PackageManager: No files in app dir /apex/com.android.os.statsd/priv-app
06-09 18:08:55.162 475 475 D PackageManager: No files in app dir /apex/com.android.os.statsd/app
06-09 18:08:55.162 475 475 D PackageManager: No files in app dir /apex/com.android.neuralnetworks/priv-app
06-09 18:08:55.162 475 475 D PackageManager: No files in app dir /apex/com.android.neuralnetworks/app
06-09 18:08:55.169 475 475 D PackageManager: No files in app dir /apex/com.android.mediaprovider/app
06-09 18:08:55.169 475 475 D PackageManager: No files in app dir /apex/com.android.media.swcodec/priv-app
06-09 18:08:55.170 475 475 D PackageManager: No files in app dir /apex/com.android.media.swcodec/app
06-09 18:08:55.170 475 475 D PackageManager: No files in app dir /apex/com.android.media/priv-app
06-09 18:08:55.170 475 475 D PackageManager: No files in app dir /apex/com.android.media/app
06-09 18:08:55.170 475 475 D PackageManager: No files in app dir /apex/com.android.ipsec/priv-app
06-09 18:08:55.170 475 475 D PackageManager: No files in app dir /apex/com.android.ipsec/app
06-09 18:08:55.170 475 475 D PackageManager: No files in app dir /apex/com.android.i18n/priv-app
06-09 18:08:55.170 475 475 D PackageManager: No files in app dir /apex/com.android.i18n/app
06-09 18:08:55.176 475 475 D PackageManager: No files in app dir /apex/com.android.extservices/app
06-09 18:08:55.176 475 475 D PackageManager: No files in app dir /apex/com.android.conscrypt/priv-app
06-09 18:08:55.176 475 475 D PackageManager: No files in app dir /apex/com.android.conscrypt/app
06-09 18:08:55.176 475 475 D PackageManager: No files in app dir /apex/com.android.art/priv-app
06-09 18:08:55.176 475 475 D PackageManager: No files in app dir /apex/com.android.art/app
06-09 18:08:55.177 475 475 D PackageManager: No files in app dir /apex/com.android.appsearch/priv-app
06-09 18:08:55.177 475 475 D PackageManager: No files in app dir /apex/com.android.appsearch/app
06-09 18:08:55.177 475 475 D PackageManager: No files in app dir /apex/com.android.adbd/priv-app
06-09 18:08:55.177 475 475 D PackageManager: No files in app dir /apex/com.android.adbd/app
06-09 18:08:55.184 475 475 I PackageManager: Finished scanning system apps. Time: 508 ms, packageCount: 112 , timePerPackage: 4 , cached: 112
