06-09 18:08:50.074 182 182 I servicemanager: Found android.system.keystore2.IKeystoreService/default in framework VINTF manifest.
06-09 18:08:50.083 206 206 I keystore2: keystore2_main: Successfully registered Keystore 2.0 service.
06-09 18:08:50.083 206 206 I keystore2: keystore2_main: Joining thread pool now.
06-09 18:08:50.095 240 240 I netd : Setting up StrictController hooks: 29102us
06-09 18:08:50.095 240 240 I netd : Initializing ClatdController: 210us
06-09 18:08:50.098 240 240 I netd : Initializing traffic control: 2583us
06-09 18:08:50.098 258 258 I AW_PowerHAL: AW Power HAL AIDL Service is starting.
06-09 18:08:50.100 257 257 I android.hardware.lights-service: Light Hal current version V2.0.0
06-09 18:08:50.100 257 257 D lights_device: success open disp device type=0.
06-09 18:08:50.104 182 182 I servicemanager: Found android.hardware.light.ILights/default in device VINTF manifest.
06-09 18:08:50.104 258 258 I AW_PowerHAL: PowerHAL initiated
06-09 18:08:50.105 253 253 I HidlServiceManagement: Registered android.hardware.gatekeeper@1.0::IGatekeeper/default
06-09 18:08:50.106 182 182 I servicemanager: Found android.hardware.power.IPower/default in device VINTF manifest.
06-09 18:08:50.106 253 253 I HidlServiceManagement: Removing namespace from process name android.hardware.gatekeeper@1.0-service-aw to gatekeeper@1.0-service-aw.
06-09 18:08:50.107 253 253 I LegacySupport: Registration complete for android.hardware.gatekeeper@1.0::IGatekeeper/default.
06-09 18:08:50.112 182 182 I servicemanager: Found android.hardware.rebootescrow.IRebootEscrow/default in device VINTF manifest.
06-09 18:08:50.117 256 256 E cutils-trace: Error opening trace file: No such file or directory (2)
06-09 18:08:50.122 262 262 E android.hardware.usb.gadget@1.1-service.aw: configfs setup not done yet
06-09 18:08:50.123 250 250 E cutils-trace: Error opening trace file: No such file or directory (2)
06-09 18:08:50.123 262 262 E cutils-trace: Error opening trace file: No such file or directory (2)
06-09 18:08:50.133 263 263 I display.output-service: DisplayOutputManagerService is started
06-09 18:08:50.135 263 263 I display.output-service: DisplayOutputManagerService current version V2.2.0
06-09 18:08:50.140 256 256 W healthd : No battery devices found
06-09 18:08:50.140 256 256 I android.hardware.health@2.1-service: default instance initializing with healthd_config...
06-09 18:08:50.141 263 263 E cutils-trace: Error opening trace file: No such file or directory (2)
06-09 18:08:50.143 262 262 I HidlServiceManagement: Registered android.hardware.usb@1.0::IUsb/default
06-09 18:08:50.143 262 262 I HidlServiceManagement: Removing namespace from process name android.hardware.usb@1.0-service.aw to usb@1.0-service.aw.
06-09 18:08:50.147 261 261 E cutils-trace: Error opening trace file: No such file or directory (2)
06-09 18:08:50.144 165 165 I init : type=1400 audit(0.0:14): avc: denied { add_name } for name="runtime_enable" scontext=u:r:vendor_init:s0 tcontext=u:object_r:sysfs_disp:s0 tclass=dir permissive=1
06-09 18:08:50.144 165 165 I init : type=1400 audit(0.0:15): avc: denied { create } for name="runtime_enable" scontext=u:r:vendor_init:s0 tcontext=u:object_r:sysfs_disp:s0 tclass=file permissive=1
06-09 18:08:50.164 256 256 I HidlServiceManagement: Registered android.hardware.health@2.1::IHealth/default
06-09 18:08:50.165 256 256 I HidlServiceManagement: Removing namespace from process name android.hardware.health@2.1-service to health@2.1-service.
06-09 18:08:50.165 256 256 I android.hardware.health@2.1-service: default: Hal init done
06-09 18:08:50.167 250 250 I HidlServiceManagement: Registered android.hardware.cas@1.2::IMediaCasService/default
06-09 18:08:50.167 268 268 I credstore: Registered binder service
06-09 18:08:50.168 250 250 I HidlServiceManagement: Removing namespace from process name android.hardware.cas@1.2-service to cas@1.2-service.
06-09 18:08:50.170 184 184 I hwservicemanager: Since vendor.display.config@1.0::IDisplayConfig/default is not registered, trying to start it as a lazy HAL.
06-09 18:08:50.176 256 256 W healthd : battery none chg=
06-09 18:08:50.173 240 240 I netd : Enabling bandwidth control: 75207us
06-09 18:08:50.174 262 262 I HidlServiceManagement: Registered android.hardware.usb.gadget@1.1::IUsbGadget/default
06-09 18:08:50.174 262 262 I android.hardware.usb@1.0-service: USB HAL Ready.
06-09 18:08:50.175 184 184 I hwservicemanager: Since vendor.display.config@1.0::IDisplayConfig/default is not registered, trying to start it as a lazy HAL.
06-09 18:08:50.176 263 263 I HidlServiceManagement: getService: Trying again for vendor.display.config@1.0::IDisplayConfig/default...
06-09 18:08:50.180 184 279 W libc : Unable to set property "ctl.interface_start" to "vendor.display.config@1.0::IDisplayConfig/default": error code: 0x20
06-09 18:08:50.180 184 281 W libc : Unable to set property "ctl.interface_start" to "vendor.display.config@1.0::IDisplayConfig/default": error code: 0x20
06-09 18:08:50.180 184 281 I hwservicemanager: Tried to start vendor.display.config@1.0::IDisplayConfig/default as a lazy service, but was unable to. Usually this happens when a service is not installed, but if the service is intended to be used as a lazy service, then it may be configured incorrectly.
06-09 18:08:50.180 184 279 I hwservicemanager: Tried to start vendor.display.config@1.0::IDisplayConfig/default as a lazy service, but was unable to. Usually this happens when a service is not installed, but if the service is intended to be used as a lazy service, then it may be configured incorrectly.
06-09 18:08:50.193 254 254 E gralloc : Arm Module v1.0
06-09 18:08:50.201 165 165 I : file system registered
06-09 18:08:50.199 275 275 D Sunxi_PQ: ic_id=2, de_version=201 0x2
06-09 18:08:50.199 275 275 D Sunxi_PQ: /vendor/lib/libde201.so
06-09 18:08:50.201 254 254 I HidlServiceManagement: Registered android.hardware.graphics.allocator@2.0::IAllocator/default
06-09 18:08:50.201 254 254 I HidlServiceManagement: Removing namespace from process name android.hardware.graphics.allocator@2.0-service to allocator@2.0-service.
06-09 18:08:50.202 254 254 I LegacySupport: Registration complete for android.hardware.graphics.allocator@2.0::IAllocator/default.
06-09 18:08:50.204 255 255 I sunxihwc: open: Loading: sunxi hwcomposer module
06-09 18:08:50.204 261 261 D hdmi-cec: Loading: sunxi HDMI CEC module
06-09 18:08:50.204 261 284 I hdmi-cec: HDMI-CEC EventThread start
06-09 18:08:50.205 255 255 E cutils-trace: Error opening trace file: No such file or directory (2)
06-09 18:08:50.207 261 261 I HidlServiceManagement: Registered android.hardware.tv.cec@1.0::IHdmiCec/default
06-09 18:08:50.207 240 240 I netd : Initializing RouteController: 33968us
06-09 18:08:50.207 261 261 I HidlServiceManagement: Removing namespace from process name android.hardware.tv.cec@1.0-service to cec@1.0-service.
06-09 18:08:50.207 275 275 D Sunxi_PQ: maybe /vendor/etc/firmware/disp_firmware, fd:-1 @O_RDONLY.
06-09 18:08:50.208 240 240 D XfrmController: XfrmController::ipSecAddXfrmInterface, line=1479
06-09 18:08:50.208 261 261 I LegacySupport: Registration complete for android.hardware.tv.cec@1.0::IHdmiCec/default.
06-09 18:08:50.204 275 275 I pqd : type=1400 audit(0.0:16): avc: denied { read write } for name="disp_firmware" dev="mmcblk0p25" ino=218 scontext=u:r:pqd:s0 tcontext=u:object_r:system_data_root_file:s0 tclass=file permissive=1
06-09 18:08:50.204 275 275 I pqd : type=1400 audit(0.0:17): avc: denied { open } for path="/data/disp_firmware" dev="mmcblk0p25" ino=218 scontext=u:r:pqd:s0 tcontext=u:object_r:system_data_root_file:s0 tclass=file permissive=1
06-09 18:08:50.204 275 275 I pqd : type=1400 audit(0.0:18): avc: denied { map } for path="/data/disp_firmware" dev="mmcblk0p25" ino=218 scontext=u:r:pqd:s0 tcontext=u:object_r:system_data_root_file:s0 tclass=file permissive=1
06-09 18:08:50.208 275 275 D Sunxi_PQ: config display firmware completed...
06-09 18:08:50.208 275 275 D Sunxi_PQ: There is not the /vendor/etc/firmware/disp_firmware, creat it.
06-09 18:08:50.209 275 275 D Sunxi_PQ: sunxi PQ wait for client connect from tcp port:5005...
06-09 18:08:50.209 240 240 D XfrmController: XfrmController::ipSecRemoveTunnelInterface, line=1692
06-09 18:08:50.209 240 240 D XfrmController: deviceName=ipsec_test
06-09 18:08:50.209 275 288 D Sunxi_PQ: creat a connect thread to deal the socket.
06-09 18:08:50.210 255 255 I HidlServiceManagement: Registered android.hardware.graphics.composer@2.2::IComposer/default
06-09 18:08:50.211 255 255 I HidlServiceManagement: Removing namespace from process name android.hardware.graphics.composer@2.2-service to composer@2.2-service.
06-09 18:08:50.211 246 246 I HidlServiceManagement: Registered android.hardware.audio@7.0::IDevicesFactory/default
06-09 18:08:50.212 246 246 I HidlServiceManagement: Removing namespace from process name android.hardware.audio.service to audio.service.
06-09 18:08:50.212 246 246 I LegacySupport: Registration complete for android.hardware.audio@7.0::IDevicesFactory/default.
06-09 18:08:50.215 275 287 D Sunxi_PQ: Sunxi PQ entry tanslate thread.
06-09 18:08:50.248 269 292 E GpuMem : Failed to retrieve pinned program from /sys/fs/bpf/prog_gpu_mem_tracepoint_gpu_mem_gpu_mem_total [2(No such file or directory)]
06-09 18:08:50.249 269 292 E GpuMemTracer: Cannot initialize GpuMemTracer before GpuMem
06-09 18:08:50.252 291 291 I onstartup.sh: type=1400 audit(0.0:19): avc: denied { write search } for name="tmp" dev="mmcblk0p25" ino=85 scontext=u:r:onstartup:s0 tcontext=u:object_r:shell_data_file:s0 tclass=dir permissive=1
06-09 18:08:50.252 291 291 I onstartup.sh: type=1400 audit(0.0:20): avc: denied { getattr } for path="/data/local/tmp" dev="mmcblk0p25" ino=85 scontext=u:r:onstartup:s0 tcontext=u:object_r:shell_data_file:s0 tclass=dir permissive=1
06-09 18:08:50.260 240 240 D XfrmController: Sending Netlink XFRM Message: XFRM_MSG_FLUSHSA
06-09 18:08:50.260 240 240 D XfrmController: Sending Netlink XFRM Message: XFRM_MSG_FLUSHPOLICY
06-09 18:08:50.260 240 240 I netd : Initializing XfrmController: 53193us
06-09 18:08:50.252 294 294 I init : type=1400 audit(0.0:21): avc: denied { execute_no_trans } for path="/system/bin/xiriservice.sh" dev="dm-0" ino=1296 scontext=u:r:init:s0 tcontext=u:object_r:system_file:s0 tclass=file permissive=1
06-09 18:08:50.266 246 246 I HidlServiceManagement: Registered android.hardware.audio.effect@7.0::IEffectsFactory/default
06-09 18:08:50.267 246 246 I LegacySupport: Registration complete for android.hardware.audio.effect@7.0::IEffectsFactory/default.
06-09 18:08:50.268 184 184 I hwservicemanager: getTransport: Cannot find entry android.hardware.soundtrigger@2.3::ISoundTriggerHw/default in either framework or device VINTF manifest.
06-09 18:08:50.271 246 246 E LegacySupport: Could not get passthrough implementation for android.hardware.soundtrigger@2.3::ISoundTriggerHw/default.
06-09 18:08:50.272 184 184 I hwservicemanager: getTransport: Cannot find entry android.hardware.soundtrigger@2.2::ISoundTriggerHw/default in either framework or device VINTF manifest.
06-09 18:08:50.273 246 246 E LegacySupport: Could not get passthrough implementation for android.hardware.soundtrigger@2.2::ISoundTriggerHw/default.
06-09 18:08:50.279 240 240 E cutils-trace: Error opening trace file: No such file or directory (2)
06-09 18:08:50.272 1 1 I init : type=1400 audit(0.0:22): avc: denied { setattr } for name="ext_csd" dev="debugfs" ino=6262 scontext=u:r:init:s0 tcontext=u:object_r:debugfs_mmc:s0 tclass=file permissive=1
06-09 18:08:50.280 184 184 I hwservicemanager: getTransport: Cannot find entry android.hardware.soundtrigger@2.1::ISoundTriggerHw/default in either framework or device VINTF manifest.
06-09 18:08:50.281 246 246 E LegacySupport: Could not get passthrough implementation for android.hardware.soundtrigger@2.1::ISoundTriggerHw/default.
06-09 18:08:50.291 184 184 I hwservicemanager: getTransport: Cannot find entry android.hardware.soundtrigger@2.0::ISoundTriggerHw/default in either framework or device VINTF manifest.
06-09 18:08:50.294 165 165 I sunxi-rfkill soc@3000000: rfkill: set block: 0
06-09 18:08:50.294 165 165 I sunxi-rfkill soc@3000000: rfkill: bt power on success
06-09 18:08:50.292 246 246 E LegacySupport: Could not get passthrough implementation for android.hardware.soundtrigger@2.0::ISoundTriggerHw/default.
06-09 18:08:50.292 246 246 W audiohalservice: Could not register Soundtrigger API
06-09 18:08:50.292 184 184 I hwservicemanager: getTransport: Cannot find entry android.hardware.bluetooth.audio@2.1::IBluetoothAudioProvidersFactory/default in either framework or device VINTF manifest.
06-09 18:08:50.296 246 246 E LegacySupport: Could not get passthrough implementation for android.hardware.bluetooth.audio@2.1::IBluetoothAudioProvidersFactory/default.
06-09 18:08:50.304 184 184 I hwservicemanager: getTransport: Cannot find entry android.hardware.bluetooth.audio@2.0::IBluetoothAudioProvidersFactory/default in either framework or device VINTF manifest.
06-09 18:08:50.305 246 246 E LegacySupport: Could not get passthrough implementation for android.hardware.bluetooth.audio@2.0::IBluetoothAudioProvidersFactory/default.
06-09 18:08:50.305 246 246 W audiohalservice: Could not register Bluetooth Audio API
06-09 18:08:50.305 184 184 I hwservicemanager: getTransport: Cannot find entry android.hardware.bluetooth.a2dp@1.0::IBluetoothAudioOffload/default in either framework or device VINTF manifest.
06-09 18:08:50.306 246 246 E LegacySupport: Could not get passthrough implementation for android.hardware.bluetooth.a2dp@1.0::IBluetoothAudioOffload/default.
06-09 18:08:50.306 246 246 W audiohalservice: Could not register Bluetooth Audio Offload API
06-09 18:08:50.308 310 310 I init : type=1400 audit(0.0:23): avc: denied { write } for name="kmsg_debug" dev="tmpfs" ino=1700 scontext=u:r:init:s0 tcontext=u:object_r:kmsg_debug_device:s0 tclass=chr_file permissive=1
06-09 18:08:50.308 310 310 I init : type=1400 audit(0.0:24): avc: denied { open } for path="/dev/kmsg_debug" dev="tmpfs" ino=1700 scontext=u:r:init:s0 tcontext=u:object_r:kmsg_debug_device:s0 tclass=chr_file permissive=1
06-09 18:08:50.312 294 294 I xiriservice.sh: type=1400 audit(0.0:25): avc: denied { write } for name="tmp" dev="mmcblk0p25" ino=85 scontext=u:r:init:s0 tcontext=u:object_r:shell_data_file:s0 tclass=dir permissive=1 bug=b/77873135
06-09 18:08:50.320 311 311 I xiriservice.sh: type=1400 audit(0.0:26): avc: denied { execute_no_trans } for path="/system/bin/xiriservice_All" dev="dm-0" ino=1297 scontext=u:r:init:s0 tcontext=u:object_r:system_file:s0 tclass=file permissive=1
06-09 18:08:50.326 248 248 I ExtCamUtils@3.4: loadFromCfg: load external camera config succeed!
06-09 18:08:50.327 248 248 I ExtCamUtils@3.4: loadFromCfg: no internal ignored device specified
06-09 18:08:50.328 248 248 V CamPrvdr@2.4-external: Preferred HAL 3 minor version is 4
06-09 18:08:50.330 248 248 I HidlServiceManagement: Registered android.hardware.camera.provider@2.4::ICameraProvider/external/0
06-09 18:08:50.331 248 248 I HidlServiceManagement: Removing namespace from process name android.hardware.camera.provider@2.4-external-service to provider@2.4-external-service.
06-09 18:08:50.332 248 248 I LegacySupport: Registration complete for android.hardware.camera.provider@2.4::ICameraProvider/external/0.
06-09 18:08:50.332 291 291 I onstartup.sh: type=1400 audit(0.0:27): avc: denied { getattr } for path="/data/local/fast_apks_installed" dev="mmcblk0p25" ino=222 scontext=u:r:onstartup:s0 tcontext=u:object_r:onstartup_system_file:s0 tclass=file permissive=1
06-09 18:08:50.340 248 312 I CamPrvdr@2.4-external: threadLoop start monitoring new V4L2 devices
06-09 18:08:50.352 316 316 I init : type=1400 audit(0.0:28): avc: denied { execute } for name="led_switch.sh" dev="dm-1" ino=129 scontext=u:r:init:s0 tcontext=u:object_r:vendor_file:s0 tclass=file permissive=1
06-09 18:08:50.352 316 316 I init : type=1400 audit(0.0:29): avc: denied { execute_no_trans } for path="/vendor/bin/led_switch.sh" dev="dm-1" ino=129 scontext=u:r:init:s0 tcontext=u:object_r:vendor_file:s0 tclass=file permissive=1
06-09 18:08:50.368 307 307 I gsid : no DSU: No such file or directory
06-09 18:08:50.381 311 311 D XiriService: XiriService version 2.5.0.11258
06-09 18:08:50.384 316 316 I led_switch.sh: type=1400 audit(0.0:30): avc: denied { add_name } for name="led_swith.txt" scontext=u:r:init:s0 tcontext=u:object_r:shell_data_file:s0 tclass=dir permissive=1 bug=b/77873135
06-09 18:08:50.384 316 316 I led_switch.sh: type=1400 audit(0.0:31): avc: denied { create } for name="led_swith.txt" scontext=u:r:init:s0 tcontext=u:object_r:shell_data_file:s0 tclass=file permissive=1 bug=b/77873135
06-09 18:08:50.388 316 316 I led_switch.sh: type=1400 audit(0.0:32): avc: denied { write } for name="led_swith.txt" dev="mmcblk0p25" ino=220 scontext=u:r:init:s0 tcontext=u:object_r:shell_data_file:s0 tclass=file permissive=1 bug=b/77873135
06-09 18:08:50.388 316 316 I led_switch.sh: type=1400 audit(0.0:33): avc: denied { open } for path="/data/local/tmp/led_swith.txt" dev="mmcblk0p25" ino=220 scontext=u:r:init:s0 tcontext=u:object_r:shell_data_file:s0 tclass=file permissive=1 bug=b/77873135
06-09 18:08:50.388 311 311 I xiriservice_All: type=1400 audit(0.0:34): avc: denied { search } for name="com.android.connectivity.resources" dev="mmcblk0p25" ino=501 scontext=u:r:init:s0 tcontext=u:object_r:privapp_data_file:s0:c512,c768 tclass=dir permissive=1
06-09 18:08:50.388 311 311 I xiriservice_All: type=1400 audit(0.0:35): avc: denied { search } for name="android" dev="mmcblk0p25" ino=505 scontext=u:r:init:s0 tcontext=u:object_r:system_app_data_file:s0 tclass=dir permissive=1
06-09 18:08:50.392 311 311 I xiriservice_All: type=1400 audit(0.0:36): avc: denied { read } for name="lib" dev="mmcblk0p25" ino=8913 scontext=u:r:init:s0 tcontext=u:object_r:system_app_data_file:s0 tclass=lnk_file permissive=1
06-09 18:08:50.392 311 311 I xiriservice_All: type=1400 audit(0.0:37): avc: denied { search } for name="android.ext.shared" dev="mmcblk0p25" ino=522 scontext=u:r:init:s0 tcontext=u:object_r:app_data_file:s0:c512,c768 tclass=dir permissive=1
06-09 18:08:50.392 311 311 I xiriservice_All: type=1400 audit(0.0:38): avc: denied { read } for name="lib" dev="mmcblk0p25" ino=8925 scontext=u:r:init:s0 tcontext=u:object_r:app_data_file:s0:c512,c768 tclass=lnk_file permissive=1
06-09 18:08:50.396 311 311 I xiriservice_All: type=1400 audit(0.0:39): avc: denied { search } for name="com.android.wifi.resources" dev="mmcblk0p25" ino=528 scontext=u:r:init:s0 tcontext=u:object_r:privapp_data_file:s0:c512,c768 tclass=dir permissive=1
06-09 18:08:50.396 311 311 I xiriservice_All: type=1400 audit(0.0:40): avc: denied { search } for name="com.android.location.fused" dev="mmcblk0p25" ino=542 scontext=u:r:init:s0 tcontext=u:object_r:system_app_data_file:s0 tclass=dir permissive=1
06-09 18:08:50.396 311 311 I xiriservice_All: type=1400 audit(0.0:41): avc: denied { search } for name="com.android.permissioncontroller" dev="mmcblk0p25" ino=551 scontext=u:r:init:s0 tcontext=u:object_r:privapp_data_file:s0:c73,c256,c512,c768 tclass=dir permissive=1
06-09 18:08:50.400 317 317 I led_switch.sh: type=1400 audit(0.0:42): avc: denied { execute_no_trans } for path="/vendor/bin/toolbox" dev="dm-1" ino=229 scontext=u:r:init:s0 tcontext=u:object_r:vendor_toolbox_exec:s0 tclass=file permissive=1
06-09 18:08:50.400 311 311 I xiriservice_All: type=1400 audit(0.0:43): avc: denied { read } for name="lib" dev="mmcblk0p25" ino=8902 scontext=u:r:init:s0 tcontext=u:object_r:privapp_data_file:s0:c512,c768 tclass=lnk_file permissive=1
06-09 18:08:50.400 315 315 I pgrep : type=1400 audit(0.0:44): avc: denied { read } for scontext=u:r:toolbox:s0 tcontext=u:r:init:s0 tclass=file permissive=1
06-09 18:08:50.400 315 315 I pgrep : type=1400 audit(0.0:45): avc: denied { read } for scontext=u:r:toolbox:s0 tcontext=u:r:kernel:s0 tclass=file permissive=1
06-09 18:08:50.404 311 311 I xiriservice_All: type=1400 audit(0.0:46): avc: denied { search } for name="com.android.providers.media" dev="mmcblk0p25" ino=609 scontext=u:r:init:s0 tcontext=u:object_r:app_data_file:s0:c512,c768 tclass=dir permissive=1
06-09 18:08:50.404 311 311 I xiriservice_All: type=1400 audit(0.0:47): avc: denied { search } for name="com.android.internal.systemui.navbar.gestural_wide_back" dev="mmcblk0p25" ino=627 scontext=u:r:init:s0 tcontext=u:object_r:app_data_file:s0:c11,c256,c512,c768 tclass=dir permissive=1
06-09 18:08:50.404 315 315 I pgrep : type=1400 audit(0.0:48): avc: denied { read } for scontext=u:r:toolbox:s0 tcontext=u:r:vendor_init:s0 tclass=file permissive=1
06-09 18:08:50.404 311 311 I xiriservice_All: type=1400 audit(0.0:49): avc: denied { search } for name="com.sohu.inputmethod.sogou.tv" dev="mmcblk0p25" ino=1407 scontext=u:r:init:s0 tcontext=u:object_r:app_data_file:s0:c39,c256,c512,c768 tclass=dir permissive=1
06-09 18:08:50.404 315 315 I pgrep : type=1400 audit(0.0:50): avc: denied { sys_ptrace } for capability=19 scontext=u:r:toolbox:s0 tcontext=u:r:toolbox:s0 tclass=capability permissive=1
06-09 18:08:50.404 315 315 I pgrep : type=1400 audit(0.0:51): avc: denied { read } for scontext=u:r:toolbox:s0 tcontext=u:r:ueventd:s0 tclass=file permissive=1
06-09 18:08:50.404 311 311 I xiriservice_All: type=1400 audit(0.0:52): avc: denied { read } for name="lib" dev="mmcblk0p25" ino=8908 scontext=u:r:init:s0 tcontext=u:object_r:app_data_file:s0:c39,c256,c512,c768 tclass=lnk_file permissive=1
06-09 18:08:50.404 315 315 I pgrep : type=1400 audit(0.0:53): avc: denied { read } for scontext=u:r:toolbox:s0 tcontext=u:r:logd:s0 tclass=file permissive=1
06-09 18:08:50.404 315 315 I pgrep : type=1400 audit(0.0:54): avc: denied { getattr } for path="/proc/1" dev="proc" ino=1714 scontext=u:r:toolbox:s0 tcontext=u:r:init:s0 tclass=dir permissive=1
06-09 18:08:50.404 311 311 I xiriservice_All: type=1400 audit(0.0:55): avc: denied { search } for name="com.android.htmlviewer" dev="mmcblk0p25" ino=698 scontext=u:r:init:s0 tcontext=u:object_r:app_data_file:s0:c37,c256,c512,c768 tclass=dir permissive=1
06-09 18:08:50.404 311 311 I xiriservice_All: type=1400 audit(0.0:56): avc: denied { search } for name="com.android.companiondevicemanager" dev="mmcblk0p25" ino=706 scontext=u:r:init:s0 tcontext=u:object_r:app_data_file:s0:c52,c256,c512,c768 tclass=dir permissive=1
06-09 18:08:50.404 311 311 I xiriservice_All: type=1400 audit(0.0:57): avc: denied { search } for name="com.android.internal.systemui.onehanded.gestural" dev="mmcblk0p25" ino=731 scontext=u:r:init:s0 tcontext=u:object_r:app_data_file:s0:c8,c256,c512,c768 tclass=dir permissive=1
06-09 18:08:50.408 315 315 I pgrep : type=1400 audit(0.0:58): avc: denied { search } for name="1" dev="proc" ino=1714 scontext=u:r:toolbox:s0 tcontext=u:r:init:s0 tclass=dir permissive=1
06-09 18:08:50.408 315 315 I pgrep : type=1400 audit(0.0:59): avc: denied { open } for path="/proc/1/stat" dev="proc" ino=10286 scontext=u:r:toolbox:s0 tcontext=u:r:init:s0 tclass=file permissive=1
06-09 18:08:50.408 311 311 I xiriservice_All: type=1400 audit(0.0:60): avc: denied { search } for name="com.android.simappdialog" dev="mmcblk0p25" ino=771 scontext=u:r:init:s0 tcontext=u:object_r:app_data_file:s0:c36,c256,c512,c768 tclass=dir permissive=1
06-09 18:08:50.408 315 315 I pgrep : type=1400 audit(0.0:61): avc: denied { getattr } for path="/proc/2" dev="proc" ino=984 scontext=u:r:toolbox:s0 tcontext=u:r:kernel:s0 tclass=dir permissive=1
06-09 18:08:50.408 311 311 I xiriservice_All: type=1400 audit(0.0:62): avc: denied { read } for name="lib" dev="mmcblk0p25" ino=8912 scontext=u:r:init:s0 tcontext=u:object_r:radio_data_file:s0 tclass=lnk_file permissive=1
06-09 18:08:50.408 315 315 I pgrep : type=1400 audit(0.0:63): avc: denied { search } for name="2" dev="proc" ino=984 scontext=u:r:toolbox:s0 tcontext=u:r:kernel:s0 tclass=dir permissive=1
06-09 18:08:50.408 311 311 I xiriservice_All: type=1400 audit(0.0:65): avc: denied { search } for name="com.android.modulemetadata" dev="mmcblk0p25" ino=788 scontext=u:r:init:s0 tcontext=u:object_r:app_data_file:s0:c58,c256,c512,c768 tclass=dir permissive=1
06-09 18:08:50.408 311 311 I xiriservice_All: type=1400 audit(0.0:66): avc: denied { search } for name="com.google.android.apps.searchlite.overlay" dev="mmcblk0p25" ino=813 scontext=u:r:init:s0 tcontext=u:object_r:app_data_file:s0:c4,c256,c512,c768 tclass=dir permissive=1
06-09 18:08:50.408 311 311 I xiriservice_All: type=1400 audit(0.0:67): avc: denied { search } for name="com.android.internal.systemui.navbar.threebutton" dev="mmcblk0p25" ino=822 scontext=u:r:init:s0 tcontext=u:object_r:app_data_file:s0:c9,c256,c512,c768 tclass=dir permissive=1
06-09 18:08:50.408 311 311 I xiriservice_All: type=1400 audit(0.0:68): avc: denied { search } for name="com.google.android.networkstackconfig" dev="mmcblk0p25" ino=830 scontext=u:r:init:s0 tcontext=u:object_r:app_data_file:s0:c2,c256,c512,c768 tclass=dir permissive=1
06-09 18:08:50.408 315 315 I pgrep : type=1400 audit(0.0:64): avc: denied { open } for path="/proc/2/stat" dev="proc" ino=10287 scontext=u:r:toolbox:s0 tcontext=u:r:kernel:s0 tclass=file permissive=1
06-09 18:08:50.412 311 311 I xiriservice_All: type=1400 audit(0.0:69): avc: denied { search } for name="com.android.internal.systemui.navbar.gestural_extra_wide_back" dev="mmcblk0p25" ino=905 scontext=u:r:init:s0 tcontext=u:object_r:app_data_file:s0:c7,c256,c512,c768 tclass=dir permissive=1
06-09 18:08:50.412 311 311 I xiriservice_All: type=1400 audit(0.0:70): avc: denied { search } for name="com.android.printspooler" dev="mmcblk0p25" ino=932 scontext=u:r:init:s0 tcontext=u:object_r:app_data_file:s0:c42,c256,c512,c768 tclass=dir permissive=1
06-09 18:08:50.412 311 311 I xiriservice_All: type=1400 audit(0.0:71): avc: denied { read } for name="lib" dev="mmcblk0p25" ino=8917 scontext=u:r:init:s0 tcontext=u:object_r:app_data_file:s0:c42,c256,c512,c768 tclass=lnk_file permissive=1
06-09 18:08:50.412 311 311 I xiriservice_All: type=1400 audit(0.0:72): avc: denied { search } for name="com.android.dreams.basic" dev="mmcblk0p25" ino=943 scontext=u:r:init:s0 tcontext=u:object_r:app_data_file:s0:c32,c256,c512,c768 tclass=dir permissive=1
06-09 18:08:50.412 311 311 I xiriservice_All: type=1400 audit(0.0:73): avc: denied { search } for name="com.android.webview" dev="mmcblk0p25" ino=951 scontext=u:r:init:s0 tcontext=u:object_r:app_data_file:s0:c60,c256,c512,c768 tclass=dir permissive=1
06-09 18:08:50.420 311 311 I xiriservice_All: type=1400 audit(0.0:74): avc: denied { read } for name="lib" dev="mmcblk0p25" ino=8918 scontext=u:r:init:s0 tcontext=u:object_r:app_data_file:s0:c60,c256,c512,c768 tclass=lnk_file permissive=1
06-09 18:08:50.420 311 311 I xiriservice_All: type=1400 audit(0.0:75): avc: denied { read } for name="lib" dev="mmcblk0p25" ino=8920 scontext=u:r:init:s0 tcontext=u:object_r:privapp_data_file:s0:c512,c768 tclass=lnk_file permissive=1
06-09 18:08:50.420 311 311 I xiriservice_All: type=1400 audit(0.0:76): avc: denied { search } for name="com.android.printservice.recommendation" dev="mmcblk0p25" ino=1023 scontext=u:r:init:s0 tcontext=u:object_r:app_data_file:s0:c47,c256,c512,c768 tclass=dir permissive=1
06-09 18:08:50.424 311 311 I xiriservice_All: type=1400 audit(0.0:77): avc: denied { search } for name="com.google.android.networkstack.tetheringconfig" dev="mmcblk0p25" ino=1031 scontext=u:r:init:s0 tcontext=u:object_r:app_data_file:s0:c0,c256,c512,c768 tclass=dir permissive=1
06-09 18:08:50.424 311 311 I xiriservice_All: type=1400 audit(0.0:78): avc: denied { search } for name="com.android.theme.font.notoserifsource" dev="mmcblk0p25" ino=1055 scontext=u:r:init:s0 tcontext=u:object_r:app_data_file:s0:c10,c256,c512,c768 tclass=dir permissive=1
06-09 18:08:50.428 311 311 I xiriservice_All: type=1400 audit(0.0:79): avc: denied { search } for name="com.android.smspush" dev="mmcblk0p25" ino=1111 scontext=u:r:init:s0 tcontext=u:object_r:app_data_file:s0:c69,c256,c512,c768 tclass=dir permissive=1
06-09 18:08:50.432 311 311 I xiriservice_All: type=1400 audit(0.0:80): avc: denied { search } for name="com.tv.filemanager.os" dev="mmcblk0p25" ino=1127 scontext=u:r:init:s0 tcontext=u:object_r:app_data_file:s0:c45,c256,c512,c768 tclass=dir permissive=1
06-09 18:08:50.436 315 315 I pgrep : type=1400 audit(0.0:81): avc: denied { getattr } for path="/proc/165" dev="proc" ino=1752 scontext=u:r:toolbox:s0 tcontext=u:r:vendor_init:s0 tclass=dir permissive=1
06-09 18:08:50.436 315 315 I pgrep : type=1400 audit(0.0:82): avc: denied { search } for name="165" dev="proc" ino=1752 scontext=u:r:toolbox:s0 tcontext=u:r:vendor_init:s0 tclass=dir permissive=1
06-09 18:08:50.436 315 315 I pgrep : type=1400 audit(0.0:83): avc: denied { open } for path="/proc/165/stat" dev="proc" ino=10377 scontext=u:r:toolbox:s0 tcontext=u:r:vendor_init:s0 tclass=file permissive=1
06-09 18:08:50.436 315 315 I pgrep : type=1400 audit(0.0:84): avc: denied { getattr } for path="/proc/168" dev="proc" ino=1794 scontext=u:r:toolbox:s0 tcontext=u:r:ueventd:s0 tclass=dir permissive=1
06-09 18:08:50.436 315 315 I pgrep : type=1400 audit(0.0:85): avc: denied { sys_ptrace } for capability=19 scontext=u:r:toolbox:s0 tcontext=u:r:toolbox:s0 tclass=capability permissive=1
06-09 18:08:50.436 315 315 I pgrep : type=1400 audit(0.0:86): avc: denied { search } for name="168" dev="proc" ino=1794 scontext=u:r:toolbox:s0 tcontext=u:r:ueventd:s0 tclass=dir permissive=1
06-09 18:08:50.436 315 315 I pgrep : type=1400 audit(0.0:87): avc: denied { open } for path="/proc/168/stat" dev="proc" ino=10378 scontext=u:r:toolbox:s0 tcontext=u:r:ueventd:s0 tclass=file permissive=1
06-09 18:08:50.436 315 315 I pgrep : type=1400 audit(0.0:88): avc: denied { read } for scontext=u:r:toolbox:s0 tcontext=u:r:lmkd:s0 tclass=file permissive=1
06-09 18:08:50.436 315 315 I pgrep : type=1400 audit(0.0:89): avc: denied { read } for scontext=u:r:toolbox:s0 tcontext=u:r:servicemanager:s0 tclass=file permissive=1
06-09 18:08:50.436 315 315 I pgrep : type=1400 audit(0.0:90): avc: denied { read } for scontext=u:r:toolbox:s0 tcontext=u:r:hwservicemanager:s0 tclass=file permissive=1
06-09 18:08:50.436 315 315 I pgrep : type=1400 audit(0.0:91): avc: denied { read } for scontext=u:r:toolbox:s0 tcontext=u:r:vndservicemanager:s0 tclass=file permissive=1
06-09 18:08:50.436 315 315 I pgrep : type=1400 audit(0.0:92): avc: denied { read } for scontext=u:r:toolbox:s0 tcontext=u:r:shell:s0 tclass=file permissive=1
06-09 18:08:50.436 311 311 I xiriservice_All: type=1400 audit(0.0:93): avc: denied { search } for name="com.android.bookmarkprovider" dev="mmcblk0p25" ino=1153 scontext=u:r:init:s0 tcontext=u:object_r:app_data_file:s0:c46,c256,c512,c768 tclass=dir permissive=1
06-09 18:08:50.436 315 315 I pgrep : type=1400 audit(0.0:94): avc: denied { read } for scontext=u:r:toolbox:s0 tcontext=u:r:vold:s0 tclass=file permissive=1
06-09 18:08:50.436 315 315 I pgrep : type=1400 audit(0.0:95): avc: denied { read } for scontext=u:r:toolbox:s0 tcontext=u:r:system_suspend:s0 tclass=file permissive=1
06-09 18:08:50.436 311 311 I xiriservice_All: type=1400 audit(0.0:96): avc: denied { search } for name="com.android.cts.ctsshim" dev="mmcblk0p25" ino=1175 scontext=u:r:init:s0 tcontext=u:object_r:app_data_file:s0:c34,c256,c512,c768 tclass=dir permissive=1
06-09 18:08:50.436 311 311 I xiriservice_All: type=1400 audit(0.0:97): avc: denied { search } for name="com.dangbei.lerad.screensaver" dev="mmcblk0p25" ino=1184 scontext=u:r:init:s0 tcontext=u:object_r:app_data_file:s0:c40,c256,c512,c768 tclass=dir permissive=1
06-09 18:08:50.436 315 315 I pgrep : type=1400 audit(0.0:98): avc: denied { read } for scontext=u:r:toolbox:s0 tcontext=u:r:keystore:s0 tclass=file permissive=1
06-09 18:08:50.436 315 315 I pgrep : type=1400 audit(0.0:99): avc: denied { read } for scontext=u:r:toolbox:s0 tcontext=u:r:hal_bootctl_default:s0 tclass=file permissive=1
06-09 18:08:50.436 311 311 I xiriservice_All: type=1400 audit(0.0:100): avc: denied { read } for name="lib" dev="mmcblk0p25" ino=8933 scontext=u:r:init:s0 tcontext=u:object_r:app_data_file:s0:c40,c256,c512,c768 tclass=lnk_file permissive=1
06-09 18:08:50.436 315 315 I pgrep : type=1400 audit(0.0:101): avc: denied { read } for scontext=u:r:toolbox:s0 tcontext=u:r:hal_keymint_default:s0 tclass=file permissive=1
06-09 18:08:50.436 315 315 I pgrep : type=1400 audit(0.0:102): avc: denied { read } for scontext=u:r:toolbox:s0 tcontext=u:r:tee:s0 tclass=file permissive=1
06-09 18:08:50.436 315 315 I pgrep : type=1400 audit(0.0:103): avc: denied { read } for scontext=u:r:toolbox:s0 tcontext=u:r:tombstoned:s0 tclass=file permissive=1
06-09 18:08:50.436 311 311 I xiriservice_All: type=1400 audit(0.0:104): avc: denied { search } for name="com.android.remoteprovisioner" dev="mmcblk0p25" ino=1192 scontext=u:r:init:s0 tcontext=u:object_r:app_data_file:s0:c63,c256,c512,c768 tclass=dir permissive=1
06-09 18:08:50.436 311 311 I xiriservice_All: type=1400 audit(0.0:105): avc: denied { search } for name="com.softwinner.theme.icon" dev="mmcblk0p25" ino=1201 scontext=u:r:init:s0 tcontext=u:object_r:app_data_file:s0:c5,c256,c512,c768 tclass=dir permissive=1
06-09 18:08:50.440 318 318 I led_switch.sh: type=1400 audit(0.0:106): avc: denied { execute_no_trans } for path="/vendor/bin/toolbox" dev="dm-1" ino=229 scontext=u:r:init:s0 tcontext=u:object_r:vendor_toolbox_exec:s0 tclass=file permissive=1
06-09 18:08:50.440 311 311 I xiriservice_All: type=1400 audit(0.0:107): avc: denied { search } for name="com.android.music" dev="mmcblk0p25" ino=1225 scontext=u:r:init:s0 tcontext=u:object_r:app_data_file:s0:c44,c256,c512,c768 tclass=dir permissive=1
06-09 18:08:50.440 315 315 I pgrep : type=1400 audit(0.0:108): avc: denied { read } for scontext=u:r:toolbox:s0 tcontext=u:r:statsd:s0 tclass=file permissive=1
06-09 18:08:50.440 315 315 I pgrep : type=1400 audit(0.0:109): avc: denied { read } for scontext=u:r:toolbox:s0 tcontext=u:r:netd:s0 tclass=file permissive=1
06-09 18:08:50.440 315 315 I pgrep : type=1400 audit(0.0:110): avc: denied { read } for scontext=u:r:toolbox:s0 tcontext=u:r:zygote:s0 tclass=file permissive=1
06-09 18:08:50.440 315 315 I pgrep : type=1400 audit(0.0:111): avc: denied { read } for scontext=u:r:toolbox:s0 tcontext=u:r:hal_allocator_default:s0 tclass=file permissive=1
06-09 18:08:50.440 311 311 I xiriservice_All: type=1400 audit(0.0:112): avc: denied { search } for name="com.android.providers.media.module" dev="mmcblk0p25" ino=1257 scontext=u:r:init:s0 tcontext=u:object_r:privapp_data_file:s0:c74,c256,c512,c768 tclass=dir permissive=1
06-09 18:08:50.440 315 315 I pgrep : type=1400 audit(0.0:113): avc: denied { read } for scontext=u:r:toolbox:s0 tcontext=u:r:hal_audio_default:s0 tclass=file permissive=1
06-09 18:08:50.440 315 315 I pgrep : type=1400 audit(0.0:114): avc: denied { read } for scontext=u:r:toolbox:s0 tcontext=u:r:hal_bluetooth_default:s0 tclass=file permissive=1
06-09 18:08:50.440 311 311 I xiriservice_All: type=1400 audit(0.0:115): avc: denied { read } for name="lib" dev="mmcblk0p25" ino=8935 scontext=u:r:init:s0 tcontext=u:object_r:privapp_data_file:s0:c74,c256,c512,c768 tclass=lnk_file permissive=1
06-09 18:08:50.440 315 315 I pgrep : type=1400 audit(0.0:116): avc: denied { read } for scontext=u:r:toolbox:s0 tcontext=u:r:hal_camera_default:s0 tclass=file permissive=1
06-09 18:08:50.440 315 315 I pgrep : type=1400 audit(0.0:117): avc: denied { read } for scontext=u:r:toolbox:s0 tcontext=u:r:hal_cas_default:s0 tclass=file permissive=1
06-09 18:08:50.440 315 315 I pgrep : type=1400 audit(0.0:118): avc: denied { read } for scontext=u:r:toolbox:s0 tcontext=u:r:hal_gatekeeper_default:s0 tclass=file permissive=1
06-09 18:08:50.440 315 315 I pgrep : type=1400 audit(0.0:119): avc: denied { read } for scontext=u:r:toolbox:s0 tcontext=u:r:hal_graphics_allocator_default:s0 tclass=file permissive=1
06-09 18:08:50.440 311 311 I xiriservice_All: type=1400 audit(0.0:120): avc: denied { search } for name="com.softwinner.theme.color" dev="mmcblk0p25" ino=1265 scontext=u:r:init:s0 tcontext=u:object_r:app_data_file:s0:c1,c256,c512,c768 tclass=dir permissive=1
06-09 18:08:50.440 315 315 I pgrep : type=1400 audit(0.0:121): avc: denied { read } for scontext=u:r:toolbox:s0 tcontext=u:r:hal_graphics_composer_default:s0 tclass=file permissive=1
06-09 18:08:50.440 315 315 I pgrep : type=1400 audit(0.0:122): avc: denied { read } for scontext=u:r:toolbox:s0 tcontext=u:r:hal_health_default:s0 tclass=file permissive=1
06-09 18:08:50.440 315 315 I pgrep : type=1400 audit(0.0:123): avc: denied { read } for scontext=u:r:toolbox:s0 tcontext=u:r:hal_light_default:s0 tclass=file permissive=1
06-09 18:08:50.440 315 315 I pgrep : type=1400 audit(0.0:124): avc: denied { read } for scontext=u:r:toolbox:s0 tcontext=u:r:hal_power_default:s0 tclass=file permissive=1
06-09 18:08:50.440 315 315 I pgrep : type=1400 audit(0.0:125): avc: denied { read } for scontext=u:r:toolbox:s0 tcontext=u:r:hal_tv_cec_default:s0 tclass=file permissive=1
06-09 18:08:50.440 315 315 I pgrep : type=1400 audit(0.0:126): avc: denied { read } for scontext=u:r:toolbox:s0 tcontext=u:r:hal_usb_impl:s0 tclass=file permissive=1
06-09 18:08:50.440 315 315 I pgrep : type=1400 audit(0.0:127): avc: denied { read } for scontext=u:r:toolbox:s0 tcontext=u:r:hal_awdisplayoutput_default:s0 tclass=file permissive=1
06-09 18:08:50.440 315 315 I pgrep : type=1400 audit(0.0:128): avc: denied { read } for scontext=u:r:toolbox:s0 tcontext=u:r:hal_rebootescrow_default:s0 tclass=file permissive=1
06-09 18:08:50.440 315 315 I pgrep : type=1400 audit(0.0:129): avc: denied { read } for scontext=u:r:toolbox:s0 tcontext=u:r:audioserver:s0 tclass=file permissive=1
06-09 18:08:50.440 315 315 I pgrep : type=1400 audit(0.0:130): avc: denied { read } for scontext=u:r:toolbox:s0 tcontext=u:r:credstore:s0 tclass=file permissive=1
06-09 18:08:50.440 315 315 I pgrep : type=1400 audit(0.0:131): avc: denied { read } for scontext=u:r:toolbox:s0 tcontext=u:r:gpuservice:s0 tclass=file permissive=1
06-09 18:08:50.440 315 315 I pgrep : type=1400 audit(0.0:132): avc: denied { read } for scontext=u:r:toolbox:s0 tcontext=u:r:surfaceflinger:s0 tclass=file permissive=1
06-09 18:08:50.440 315 315 I pgrep : type=1400 audit(0.0:133): avc: denied { read } for scontext=u:r:toolbox:s0 tcontext=u:r:pqd:s0 tclass=file permissive=1
06-09 18:08:50.440 315 315 I pgrep : type=1400 audit(0.0:134): avc: denied { getattr } for path="/proc/180" dev="proc" ino=1872 scontext=u:r:toolbox:s0 tcontext=u:r:logd:s0 tclass=dir permissive=1
06-09 18:08:50.440 315 315 I pgrep : type=1400 audit(0.0:135): avc: denied { search } for name="180" dev="proc" ino=1872 scontext=u:r:toolbox:s0 tcontext=u:r:logd:s0 tclass=dir permissive=1
06-09 18:08:50.440 315 315 I pgrep : type=1400 audit(0.0:136): avc: denied { open } for path="/proc/180/stat" dev="proc" ino=10390 scontext=u:r:toolbox:s0 tcontext=u:r:logd:s0 tclass=file permissive=1
06-09 18:08:50.440 315 315 I pgrep : type=1400 audit(0.0:137): avc: denied { getattr } for path="/proc/181" dev="proc" ino=2528 scontext=u:r:toolbox:s0 tcontext=u:r:lmkd:s0 tclass=dir permissive=1
06-09 18:08:50.440 315 315 I pgrep : type=1400 audit(0.0:138): avc: denied { search } for name="181" dev="proc" ino=2528 scontext=u:r:toolbox:s0 tcontext=u:r:lmkd:s0 tclass=dir permissive=1
06-09 18:08:50.440 315 315 I pgrep : type=1400 audit(0.0:139): avc: denied { open } for path="/proc/181/stat" dev="proc" ino=10391 scontext=u:r:toolbox:s0 tcontext=u:r:lmkd:s0 tclass=file permissive=1
06-09 18:08:50.444 311 311 I xiriservice_All: type=1400 audit(0.0:140): avc: denied { search } for name="com.android.hotspot2.osulogin" dev="mmcblk0p25" ino=1281 scontext=u:r:init:s0 tcontext=u:object_r:app_data_file:s0:c71,c256,c512,c768 tclass=dir permissive=1
06-09 18:08:50.444 311 311 I xiriservice_All: type=1400 audit(0.0:141): avc: denied { search } for name="com.android.internal.systemui.navbar.gestural" dev="mmcblk0p25" ino=1289 scontext=u:r:init:s0 tcontext=u:object_r:app_data_file:s0:c6,c256,c512,c768 tclass=dir permissive=1
06-09 18:08:50.444 315 315 I pgrep : type=1400 audit(0.0:142): avc: denied { getattr } for path="/proc/182" dev="proc" ino=1878 scontext=u:r:toolbox:s0 tcontext=u:r:servicemanager:s0 tclass=dir permissive=1
06-09 18:08:50.444 315 315 I pgrep : type=1400 audit(0.0:143): avc: denied { search } for name="182" dev="proc" ino=1878 scontext=u:r:toolbox:s0 tcontext=u:r:servicemanager:s0 tclass=dir permissive=1
06-09 18:08:50.444 315 315 I pgrep : type=1400 audit(0.0:144): avc: denied { open } for path="/proc/182/stat" dev="proc" ino=10392 scontext=u:r:toolbox:s0 tcontext=u:r:servicemanager:s0 tclass=file permissive=1
06-09 18:08:50.444 315 315 I pgrep : type=1400 audit(0.0:145): avc: denied { getattr } for path="/proc/184" dev="proc" ino=1880 scontext=u:r:toolbox:s0 tcontext=u:r:hwservicemanager:s0 tclass=dir permissive=1
06-09 18:08:50.444 315 315 I pgrep : type=1400 audit(0.0:146): avc: denied { search } for name="184" dev="proc" ino=1880 scontext=u:r:toolbox:s0 tcontext=u:r:hwservicemanager:s0 tclass=dir permissive=1
06-09 18:08:50.444 315 315 I pgrep : type=1400 audit(0.0:147): avc: denied { open } for path="/proc/184/stat" dev="proc" ino=10394 scontext=u:r:toolbox:s0 tcontext=u:r:hwservicemanager:s0 tclass=file permissive=1
06-09 18:08:50.444 315 315 I pgrep : type=1400 audit(0.0:148): avc: denied { getattr } for path="/proc/185" dev="proc" ino=2545 scontext=u:r:toolbox:s0 tcontext=u:r:vndservicemanager:s0 tclass=dir permissive=1
06-09 18:08:50.444 315 315 I pgrep : type=1400 audit(0.0:149): avc: denied { search } for name="185" dev="proc" ino=2545 scontext=u:r:toolbox:s0 tcontext=u:r:vndservicemanager:s0 tclass=dir permissive=1
06-09 18:08:50.444 311 311 I xiriservice_All: type=1400 audit(0.0:150): avc: denied { search } for name="com.android.bluetoothmidiservice" dev="mmcblk0p25" ino=1305 scontext=u:r:init:s0 tcontext=u:object_r:app_data_file:s0:c43,c256,c512,c768 tclass=dir permissive=1
06-09 18:08:50.444 315 315 I pgrep : type=1400 audit(0.0:151): avc: denied { open } for path="/proc/185/stat" dev="proc" ino=10395 scontext=u:r:toolbox:s0 tcontext=u:r:vndservicemanager:s0 tclass=file permissive=1
06-09 18:08:50.444 311 311 I xiriservice_All: type=1400 audit(0.0:152): avc: denied { search } for name="com.android.traceur" dev="mmcblk0p25" ino=1330 scontext=u:r:init:s0 tcontext=u:object_r:app_data_file:s0:c17,c256,c512,c768 tclass=dir permissive=1
06-09 18:08:50.444 315 315 I pgrep : type=1400 audit(0.0:153): avc: denied { getattr } for path="/proc/186" dev="proc" ino=2549 scontext=u:r:toolbox:s0 tcontext=u:r:shell:s0 tclass=dir permissive=1
06-09 18:08:50.444 311 311 I xiriservice_All: type=1400 audit(0.0:154): avc: denied { read } for name="lib" dev="mmcblk0p25" ino=8940 scontext=u:r:init:s0 tcontext=u:object_r:bluetooth_data_file:s0 tclass=lnk_file permissive=1
06-09 18:08:50.444 315 315 I pgrep : type=1400 audit(0.0:155): avc: denied { search } for name="186" dev="proc" ino=2549 scontext=u:r:toolbox:s0 tcontext=u:r:shell:s0 tclass=dir permissive=1
06-09 18:08:50.444 315 315 I pgrep : type=1400 audit(0.0:156): avc: denied { open } for path="/proc/186/stat" dev="proc" ino=10396 scontext=u:r:toolbox:s0 tcontext=u:r:shell:s0 tclass=file permissive=1
06-09 18:08:50.444 315 315 I pgrep : type=1400 audit(0.0:157): avc: denied { getattr } for path="/proc/188" dev="proc" ino=250 scontext=u:r:toolbox:s0 tcontext=u:r:vold:s0 tclass=dir permissive=1
06-09 18:08:50.444 315 315 I pgrep : type=1400 audit(0.0:158): avc: denied { search } for name="188" dev="proc" ino=250 scontext=u:r:toolbox:s0 tcontext=u:r:vold:s0 tclass=dir permissive=1
06-09 18:08:50.444 315 315 I pgrep : type=1400 audit(0.0:159): avc: denied { open } for path="/proc/188/stat" dev="proc" ino=10398 scontext=u:r:toolbox:s0 tcontext=u:r:vold:s0 tclass=file permissive=1
06-09 18:08:50.448 315 315 I pgrep : type=1400 audit(0.0:160): avc: denied { getattr } for path="/proc/205" dev="proc" ino=1968 scontext=u:r:toolbox:s0 tcontext=u:r:system_suspend:s0 tclass=dir permissive=1
06-09 18:08:50.448 315 315 I pgrep : type=1400 audit(0.0:161): avc: denied { search } for name="205" dev="proc" ino=1968 scontext=u:r:toolbox:s0 tcontext=u:r:system_suspend:s0 tclass=dir permissive=1
06-09 18:08:50.448 315 315 I pgrep : type=1400 audit(0.0:162): avc: denied { open } for path="/proc/205/stat" dev="proc" ino=10403 scontext=u:r:toolbox:s0 tcontext=u:r:system_suspend:s0 tclass=file permissive=1
06-09 18:08:50.448 315 315 I pgrep : type=1400 audit(0.0:163): avc: denied { getattr } for path="/proc/206" dev="proc" ino=1998 scontext=u:r:toolbox:s0 tcontext=u:r:keystore:s0 tclass=dir permissive=1
06-09 18:08:50.448 315 315 I pgrep : type=1400 audit(0.0:164): avc: denied { search } for name="206" dev="proc" ino=1998 scontext=u:r:toolbox:s0 tcontext=u:r:keystore:s0 tclass=dir permissive=1
06-09 18:08:50.448 315 315 I pgrep : type=1400 audit(0.0:165): avc: denied { open } for path="/proc/206/stat" dev="proc" ino=10404 scontext=u:r:toolbox:s0 tcontext=u:r:keystore:s0 tclass=file permissive=1
06-09 18:08:50.448 315 315 I pgrep : type=1400 audit(0.0:166): avc: denied { getattr } for path="/proc/207" dev="proc" ino=2656 scontext=u:r:toolbox:s0 tcontext=u:r:hal_bootctl_default:s0 tclass=dir permissive=1
06-09 18:08:50.448 315 315 I pgrep : type=1400 audit(0.0:167): avc: denied { search } for name="207" dev="proc" ino=2656 scontext=u:r:toolbox:s0 tcontext=u:r:hal_bootctl_default:s0 tclass=dir permissive=1
06-09 18:08:50.448 315 315 I pgrep : type=1400 audit(0.0:168): avc: denied { open } for path="/proc/207/stat" dev="proc" ino=10405 scontext=u:r:toolbox:s0 tcontext=u:r:hal_bootctl_default:s0 tclass=file permissive=1
06-09 18:08:50.448 311 311 I xiriservice_All: type=1400 audit(0.0:169): avc: denied { search } for name="com.android.captiveportallogin" dev="mmcblk0p25" ino=1354 scontext=u:r:init:s0 tcontext=u:object_r:app_data_file:s0:c38,c256,c512,c768 tclass=dir permissive=1
06-09 18:08:50.448 311 311 I xiriservice_All: type=1400 audit(0.0:170): avc: denied { search } for name="com.android.internal.systemui.navbar.gestural_narrow_back" dev="mmcblk0p25" ino=1362 scontext=u:r:init:s0 tcontext=u:object_r:app_data_file:s0:c3,c256,c512,c768 tclass=dir permissive=1
06-09 18:08:50.448 315 315 I pgrep : type=1400 audit(0.0:171): avc: denied { getattr } for path="/proc/208" dev="proc" ino=2660 scontext=u:r:toolbox:s0 tcontext=u:r:hal_keymint_default:s0 tclass=dir permissive=1
06-09 18:08:50.448 315 315 I pgrep : type=1400 audit(0.0:172): avc: denied { search } for name="208" dev="proc" ino=2660 scontext=u:r:toolbox:s0 tcontext=u:r:hal_keymint_default:s0 tclass=dir permissive=1
06-09 18:08:50.448 315 315 I pgrep : type=1400 audit(0.0:173): avc: denied { open } for path="/proc/208/stat" dev="proc" ino=10406 scontext=u:r:toolbox:s0 tcontext=u:r:hal_keymint_default:s0 tclass=file permissive=1
06-09 18:08:50.448 311 311 I xiriservice_All: type=1400 audit(0.0:174): avc: denied { search } for name="android.auto_generated_rro_vendor__" dev="mmcblk0p25" ino=1370 scontext=u:r:init:s0 tcontext=u:object_r:app_data_file:s0:c12,c256,c512,c768 tclass=dir permissive=1
06-09 18:08:50.448 311 311 I xiriservice_All: type=1400 audit(0.0:175): avc: denied { search } for name="com.dangbei.hqmedia" dev="mmcblk0p25" ino=3888 scontext=u:r:init:s0 tcontext=u:object_r:app_data_file:s0:c76,c256,c512,c768 tclass=dir permissive=1
06-09 18:08:50.448 315 315 I pgrep : type=1400 audit(0.0:176): avc: denied { getattr } for path="/proc/209" dev="proc" ino=2012 scontext=u:r:toolbox:s0 tcontext=u:r:tee:s0 tclass=dir permissive=1
06-09 18:08:50.448 315 315 I pgrep : type=1400 audit(0.0:177): avc: denied { read } for scontext=u:r:toolbox:s0 tcontext=u:r:tee:s0 tclass=file permissive=1
06-09 18:08:50.448 315 315 I pgrep : type=1400 audit(0.0:178): avc: denied { search } for name="209" dev="proc" ino=2012 scontext=u:r:toolbox:s0 tcontext=u:r:tee:s0 tclass=dir permissive=1
06-09 18:08:50.448 315 315 I pgrep : type=1400 audit(0.0:179): avc: denied { open } for path="/proc/209/stat" dev="proc" ino=10407 scontext=u:r:toolbox:s0 tcontext=u:r:tee:s0 tclass=file permissive=1
06-09 18:08:50.452 315 315 I pgrep : type=1400 audit(0.0:180): avc: denied { getattr } for path="/proc/220" dev="proc" ino=2768 scontext=u:r:toolbox:s0 tcontext=u:r:tombstoned:s0 tclass=dir permissive=1
06-09 18:08:50.452 315 315 I pgrep : type=1400 audit(0.0:181): avc: denied { search } for name="220" dev="proc" ino=2768 scontext=u:r:toolbox:s0 tcontext=u:r:tombstoned:s0 tclass=dir permissive=1
06-09 18:08:50.452 315 315 I pgrep : type=1400 audit(0.0:182): avc: denied { open } for path="/proc/220/stat" dev="proc" ino=10411 scontext=u:r:toolbox:s0 tcontext=u:r:tombstoned:s0 tclass=file permissive=1
06-09 18:08:50.452 315 315 I pgrep : type=1400 audit(0.0:183): avc: denied { getattr } for path="/proc/239" dev="proc" ino=2876 scontext=u:r:toolbox:s0 tcontext=u:r:statsd:s0 tclass=dir permissive=1
06-09 18:08:50.452 315 315 I pgrep : type=1400 audit(0.0:184): avc: denied { search } for name="239" dev="proc" ino=2876 scontext=u:r:toolbox:s0 tcontext=u:r:statsd:s0 tclass=dir permissive=1
06-09 18:08:50.452 315 315 I pgrep : type=1400 audit(0.0:185): avc: denied { open } for path="/proc/239/stat" dev="proc" ino=10412 scontext=u:r:toolbox:s0 tcontext=u:r:statsd:s0 tclass=file permissive=1
06-09 18:08:50.452 311 311 I xiriservice_All: type=1400 audit(0.0:186): avc: denied { read } for name="lib" dev="mmcblk0p25" ino=8923 scontext=u:r:init:s0 tcontext=u:object_r:app_data_file:s0:c76,c256,c512,c768 tclass=lnk_file permissive=1
06-09 18:08:50.452 315 315 I pgrep : type=1400 audit(0.0:187): avc: denied { getattr } for path="/proc/240" dev="proc" ino=6909 scontext=u:r:toolbox:s0 tcontext=u:r:netd:s0 tclass=dir permissive=1
06-09 18:08:50.452 315 315 I pgrep : type=1400 audit(0.0:188): avc: denied { search } for name="240" dev="proc" ino=6909 scontext=u:r:toolbox:s0 tcontext=u:r:netd:s0 tclass=dir permissive=1
