06-09 18:10:04.384 2291 2400 I DatagramIO: Creating bound socket (for datagram input/output) on: 192.168.3.187/192.168.3.187
06-09 18:10:04.387 2291 3038 E JettyServletContainer: gogogo
06-09 18:10:04.387 2291 3038 I JettyServletContainer: Starting Jetty server...
06-09 18:10:04.388 2291 3038 W System.err: 2025-06-09 18:10:04.388:INFO:lcaf.p:jetty-8.y.z-SNAPSHOT
06-09 18:10:04.388 2291 2400 I Router : WiFi multicast lock acquired
06-09 18:10:04.389 475 748 I WifiService: acquireMulticastLock uid=10013
06-09 18:10:04.390 2291 3038 W System.err: 2025-06-09 18:10:04.389:INFO:lcaf.a:Started @192.168.3.187:45471
06-09 18:10:04.391 2291 2400 I Router : WiFi lock acquired
06-09 18:10:04.391 475 748 I WifiService: acquireWifiLock uid=10013 lockMode=3
06-09 18:10:04.398 2291 2400 W Router : enable unlock:org.fourthline.cling.android.AndroidRouter@9180486
06-09 18:10:04.399 2291 2400 I UpnpServiceImpl: <<< UPnP service started successfully
06-09 18:10:04.490 475 617 D NsdService: Native daemon message SERVICE_REGISTERED: 606 8 "当贝投屏P2"
06-09 18:10:04.693 475 518 W IorapForwardingService: No service published for: iorapd
06-09 18:10:04.718 1027 1335 D WanClient: try connect
06-09 18:10:04.780 1027 3044 D WanClient: onOpen:Thread[WebSocketConnectReadThread-74,5,main] success ws://wxws.qun7.com/connect
06-09 18:10:04.786 1027 3044 D WanClient: -----final------sendMessage: {"fromId":"Me3\/LwZ5vWJxjtP9s3upnQ==","toId":"v1ZVK3A9uWwiK\/j9cWvL9A==","sn":"XohBeDTkSiw=","type":"7EsoetslBbs="}
06-09 18:10:04.780 1027 1027 I WebSocketConnec: type=1400 audit(0.0:1034): avc: denied { read } for name="devices" dev="proc" ino=4026532014 scontext=u:r:system_app:s0 tcontext=u:object_r:proc:s0 tclass=file permissive=1
06-09 18:10:04.780 1027 1027 I WebSocketConnec: type=1400 audit(0.0:1035): avc: denied { open } for path="/proc/bus/input/devices" dev="proc" ino=4026532014 scontext=u:r:system_app:s0 tcontext=u:object_r:proc:s0 tclass=file permissive=1
06-09 18:10:04.780 1027 1027 I WebSocketConnec: type=1400 audit(0.0:1036): avc: denied { getattr } for path="/proc/bus/input/devices" dev="proc" ino=4026532014 scontext=u:r:system_app:s0 tcontext=u:object_r:proc:s0 tclass=file permissive=1
06-09 18:10:04.787 1027 3044 E RCInfo : vid:000d
06-09 18:10:04.788 1027 3044 E RCInfo : pid:3838
06-09 18:10:04.788 1027 3044 E RCInfo : RCBrand:XIMI
06-09 18:10:04.789 1027 3044 E RCInfo : vid:000d
06-09 18:10:04.789 1027 3044 E RCInfo : pid:3838
06-09 18:10:04.790 1027 3044 E RCInfo : vid:000d
06-09 18:10:04.790 1027 3044 E RCInfo : pid:3838
06-09 18:10:04.790 1027 3044 D WanClient: add device info new: DeviceInfo{deviceId='21c64902019dc1b5a2d56996a3df215c', sn='DZOH58251975972'}
06-09 18:10:04.911 1027 3044 D WanClient: onMessage:Thread[WebSocketConnectReadThread-74,5,main]--{"msg":"XlMiRI4FaV0="}
06-09 18:10:04.918 1027 3044 D WanClient: onMessageReceived:Thread[WebSocketConnectReadThread-74,5,main] {"msg":"XlMiRI4FaV0="}
06-09 18:10:04.918 1027 3044 D WanClient: type: null
06-09 18:10:04.918 1027 3044 D WanClient: send:HB7FxtN64oc=
06-09 18:10:04.918 1027 3044 D WanClient: leave:uQ3qCmhm4oA=
06-09 18:10:04.918 1027 3044 D WanClient: join:7EsoetslBbs=
06-09 18:10:04.918 1027 3044 D WanClient: Me3/LwZ5vWJxjtP9s3upnQ==
06-09 18:10:05.167 320 2664 D XM_HIDREAD: poll ret=1, event=1
06-09 18:10:05.167 320 2664 D XM_HIDREAD: [9 bytes]:01 00 00 4F 00 00 00 00 00
06-09 18:10:05.168 475 595 D TvWindowManager: key event key = KEYCODE_DPAD_RIGHT down = true
06-09 18:10:05.175 475 594 D GpioService: mFlickerEnable = true
06-09 18:10:05.177 2051 2051 I SogouIME: onKeyDown: keyoCode=22
06-09 18:10:05.177 2051 2051 I DefaultIMS: onKeyDown: keyoCode=22
06-09 18:10:05.244 2051 2051 I DefaultIMS: onStartInput attribute=android.view.inputmethod.EditorInfo@19ebe51 restarting=false inputType: 0
06-09 18:10:05.347 320 2664 D XM_HIDREAD: poll ret=1, event=1
06-09 18:10:05.347 320 2664 D XM_HIDREAD: [9 bytes]:01 00 00 00 00 00 00 00 00
06-09 18:10:05.347 475 595 D TvWindowManager: key event key = KEYCODE_DPAD_RIGHT down = false
06-09 18:10:05.350 2051 2051 I SogouIME: onKeyUp: keyoCode=22
06-09 18:10:05.350 2051 2051 I DefaultIMS: onKeyUp: keyoCode=22
06-09 18:10:05.681 2291 3056 D ExifInterface: No image meets the size requirements of a thumbnail image.
06-09 18:10:05.696 475 518 W IorapForwardingService: No service published for: iorapd
06-09 18:10:05.738 656 656 E WifiHAL : wifi_get_link_stats: requestResponse Error:-5
06-09 18:10:05.740 475 607 E WifiVendorHal: getWifiLinkLayerStats_1_5_Internal(l.1191) failed {.code = ERROR_INVALID_ARGS, .description = }
06-09 18:10:05.763 320 2664 D XM_HIDREAD: poll ret=1, event=1
06-09 18:10:05.763 320 2664 D XM_HIDREAD: [9 bytes]:01 00 00 28 00 00 00 00 00
06-09 18:10:05.763 475 595 D TvWindowManager: key event key = KEYCODE_DPAD_CENTER down = true
06-09 18:10:05.773 475 594 D GpioService: mFlickerEnable = true
06-09 18:10:05.875 320 2664 D XM_HIDREAD: poll ret=1, event=1
06-09 18:10:05.875 320 2664 D XM_HIDREAD: [9 bytes]:01 00 00 00 00 00 00 00 00
06-09 18:10:05.875 475 595 D TvWindowManager: key event key = KEYCODE_DPAD_CENTER down = false
06-09 18:10:05.913 475 594 D GpioService: mFlickerEnable = true
06-09 18:10:05.915 2051 2051 I SogouIME: onKeyDown: keyoCode=23
06-09 18:10:05.915 2051 2051 I DefaultIMS: onKeyDown: keyoCode=23
06-09 18:10:05.921 2051 2051 I SogouIME: onKeyUp: keyoCode=23
06-09 18:10:05.922 2051 2051 I DefaultIMS: onKeyUp: keyoCode=23
06-09 18:10:05.928 475 577 I ActivityStarter: ---START u0 {cmp=com.dangbei.screencast/.guide.DLNAGuideActivity} from uid 10013
06-09 18:10:05.932 258 258 I AW_PowerHAL: Power setMode: LAUNCH to: 1
06-09 18:10:05.972 258 258 I AW_PowerHAL: cur-mode:LAUNCH
06-09 18:10:05.968 2291 2291 I gbei.screencast: type=1400 audit(0.0:1037): avc: denied { read } for name="u:object_r:serialno_prop:s0" dev="tmpfs" ino=2295 scontext=u:r:platform_app:s0:c512,c768 tcontext=u:object_r:serialno_prop:s0 tclass=file permissive=1 app=com.dangbei.screencast
06-09 18:10:05.968 2291 2291 I gbei.screencast: type=1400 audit(0.0:1038): avc: denied { open } for path="/dev/__properties__/u:object_r:serialno_prop:s0" dev="tmpfs" ino=2295 scontext=u:r:platform_app:s0:c512,c768 tcontext=u:object_r:serialno_prop:s0 tclass=file permissive=1 app=com.dangbei.screencast
06-09 18:10:05.968 2291 2291 I gbei.screencast: type=1400 audit(0.0:1039): avc: denied { getattr } for path="/dev/__properties__/u:object_r:serialno_prop:s0" dev="tmpfs" ino=2295 scontext=u:r:platform_app:s0:c512,c768 tcontext=u:object_r:serialno_prop:s0 tclass=file permissive=1 app=com.dangbei.screencast
06-09 18:10:05.968 2291 2291 I gbei.screencast: type=1400 audit(0.0:1040): avc: denied { map } for path="/dev/__properties__/u:object_r:serialno_prop:s0" dev="tmpfs" ino=2295 scontext=u:r:platform_app:s0:c512,c768 tcontext=u:object_r:serialno_prop:s0 tclass=file permissive=1 app=com.dangbei.screencast
06-09 18:10:06.014 475 748 W ActivityTaskManager: Tried to set launchTime (0) < mLastActivityLaunchTime (67590)
06-09 18:10:06.015 475 748 D AW_CODE : rotation =0
06-09 18:10:06.036 2291 2362 W SQLiteLog: (28) double-quoted string literal: "CoRiVtHO8PPeJXI+AJ2NqbgbMSA2vvVz4fuVvLYgpnlDC4t3Ysxiqpcxb+/HZe9Okm1GNNnJRO/8
06-09 18:10:06.036 2291 2362 W SQLiteLog: r0WzFRAaScV+m4N4HSFMyhicqgateXDc3wMagaLwEm/iYGkPcFFYibYCQl7JpM68t90srDzbNiO1
06-09 18:10:06.036 2291 2362 W SQLiteLog: JtmIysPveknZ8juQCbk=
06-09 18:10:06.036 2291 2362 W SQLiteLog: "
06-09 18:10:06.037 2291 2362 W SQLiteLog: (28) double-quoted string literal: "0771BA290BF138128B947C280DF0772D"
06-09 18:10:06.045 2291 2291 D AndroidAutoSize: com.dangbei.screencast.guide.DLNAGuideActivity used the global configuration.
06-09 18:10:06.045 2291 2291 D AndroidAutoSize: The com.dangbei.screencast.guide.DLNAGuideActivity has been adapted!
06-09 18:10:06.045 2291 2291 D AndroidAutoSize: DLNAGuideActivity Info: isBaseOnWidth = true, designWidthInDp = 1920.000000, designWidthInSubunits = 1920.000000, targetDensity = 1.000000, targetScaledDensity = 1.000000, targetDensityDpi = 160, targetXdpi = 1.000000, targetScreenWidthDp = 1920, targetScreenHeightDp = 1044
06-09 18:10:06.046 271 271 I BpBinder: onLastStrongRef automatically unlinking death recipients:
06-09 18:10:06.122 669 669 D TvPipController: onTaskStackChanged()
06-09 18:10:06.154 2291 2291 D AndroidAutoSize: com.dangbei.screencast.guide.DLNAGuideActivity used the global configuration.
06-09 18:10:06.155 2291 2291 D AndroidAutoSize: The com.dangbei.screencast.guide.DLNAGuideActivity has been adapted!
06-09 18:10:06.155 2291 2291 D AndroidAutoSize: DLNAGuideActivity Info: isBaseOnWidth = true, designWidthInDp = 1920.000000, designWidthInSubunits = 1920.000000, targetDensity = 1.000000, targetScaledDensity = 1.000000, targetDensityDpi = 160, targetXdpi = 1.000000, targetScreenWidthDp = 1920, targetScreenHeightDp = 1044
06-09 18:10:06.155 2291 2291 I crashsdk: Unexp log not enabled, skip update unexp info!
06-09 18:10:06.164 475 748 W WindowManager: Failed looking up window session=Session{b1928cd 2291:u0a10013} callers=com.android.server.wm.WindowManagerService.windowForClientLocked:5702 com.android.server.wm.Session.insetsModified:629 android.view.IWindowSession$Stub.onTransact:1151
06-09 18:10:06.171 2291 2362 W SQLiteLog: (28) double-quoted string literal: "0771BA290BF138128B947C280DF0772D"
06-09 18:10:06.171 2291 2362 W SQLiteLog: (28) double-quoted string literal: ""
06-09 18:10:06.171 2291 2362 W SQLiteLog: (28) double-quoted string literal: "0771BA290BF138128B947C280DF0772D"
06-09 18:10:06.171 2291 2362 W SQLiteLog: (28) double-quoted string literal: "-1"
06-09 18:10:06.246 254 254 I gralloc : alloc buffer:W:1920 H:1080 S:1920 PL[1920 1080] SZ:8294400 fmt:1 if:0 af:1 usg:20000b00 fg:00000004
06-09 18:10:06.249 254 254 I gralloc : alloc buffer:W:1920 H:1080 S:1920 PL[1920 1080] SZ:8294400 fmt:1 if:0 af:1 usg:20000b00 fg:00000004
06-09 18:10:06.250 254 254 I gralloc : alloc buffer:W:1920 H:1080 S:1920 PL[1920 1080] SZ:8294400 fmt:1 if:0 af:1 usg:20000b00 fg:00000004
06-09 18:10:06.485 475 516 I ActivityTaskManager: +++Displayed com.dangbei.screencast/.guide.DLNAGuideActivity: +554ms
06-09 18:10:06.488 258 258 I AW_PowerHAL: Power setMode: LAUNCH to: 0
06-09 18:10:06.490 258 258 I AW_PowerHAL: cur-mode:SCHEDUTIL
06-09 18:10:06.503 2051 2051 I DefaultIMS: onStartInput attribute=android.view.inputmethod.EditorInfo@8460d9a restarting=false inputType: 0
06-09 18:10:06.699 475 518 W IorapForwardingService: No service published for: iorapd
06-09 18:10:07.701 475 518 W IorapForwardingService: No service published for: iorapd
06-09 18:10:08.704 475 518 W IorapForwardingService: No service published for: iorapd
06-09 18:10:08.752 656 656 E WifiHAL : wifi_get_link_stats: requestResponse Error:-5
06-09 18:10:08.755 475 607 E WifiVendorHal: getWifiLinkLayerStats_1_5_Internal(l.1191) failed {.code = ERROR_INVALID_ARGS, .description = }
06-09 18:10:09.400 663 813 I bt_btif_dm: system/bt/btif/src/btif_dm.cc:548 btif_update_remote_properties: cod from storage is also unclassified
06-09 18:10:09.706 475 518 W IorapForwardingService: No service published for: iorapd
06-09 18:10:10.296 2291 2291 I RenderThread: type=1400 audit(0.0:1041): avc: denied { search } for name="com.dangbei.screencast" dev="mmcblk0p25" ino=892 scontext=u:r:platform_app:s0:c512,c768 tcontext=u:object_r:app_data_file:s0:c512,c768 tclass=dir permissive=1 app=com.dangbei.screencast
06-09 18:10:10.296 2291 2291 I RenderThread: type=1400 audit(0.0:1042): avc: denied { write } for name="code_cache" dev="mmcblk0p25" ino=7924 scontext=u:r:platform_app:s0:c512,c768 tcontext=u:object_r:app_data_file:s0:c512,c768 tclass=dir permissive=1 app=com.dangbei.screencast
06-09 18:10:10.296 2291 2291 I RenderThread: type=1400 audit(0.0:1043): avc: denied { remove_name } for name="com.android.opengl.shaders_cache" dev="mmcblk0p25" ino=9563 scontext=u:r:platform_app:s0:c512,c768 tcontext=u:object_r:app_data_file:s0:c512,c768 tclass=dir permissive=1 app=com.dangbei.screencast
06-09 18:10:10.296 2291 2291 I RenderThread: type=1400 audit(0.0:1044): avc: denied { add_name } for name="com.android.opengl.shaders_cache" scontext=u:r:platform_app:s0:c512,c768 tcontext=u:object_r:app_data_file:s0:c512,c768 tclass=dir permissive=1 app=com.dangbei.screencast
06-09 18:10:10.380 2291 2291 I cling--ap-2: type=1400 audit(0.0:1045): avc: denied { search } for name="net" dev="sysfs" ino=10442 scontext=u:r:platform_app:s0:c512,c768 tcontext=u:object_r:sysfs_net:s0 tclass=dir permissive=1 app=com.dangbei.screencast
06-09 18:10:10.708 475 518 W IorapForwardingService: No service published for: iorapd
06-09 18:10:10.907 663 813 I bt_btif_dm: system/bt/btif/src/btif_dm.cc:548 btif_update_remote_properties: cod from storage is also unclassified
06-09 18:10:11.209 2556 2644 D nStackXCoAP: IsInSameNetwork:[276] :IsInSameNetwork exec
06-09 18:10:11.209 2556 2644 I nStackXDFinder: GetLocalInterfaceDetail:[461] :GetLocalInterfaceDetail in
06-09 18:10:11.209 2556 2644 E nStackXCoAP: IsInSameNetwork:[281] :IsInSameNetwork: not priority process
06-09 18:10:11.209 2556 2644 D nStackXCoAP: ParseServiceDiscover:[330] :new device join
06-09 18:10:11.210 2556 2644 I nStackXDFinder: NotifyDeviceListChanged:[540] :notify callback: device list changed callback is null
06-09 18:10:11.210 2556 2644 E nStackXDFinder: GetLocalIp:[401] :GetLocalIp exec
06-09 18:10:11.213 2556 2644 D nStackXCoAP: IsInSameNetwork:[276] :IsInSameNetwork exec
06-09 18:10:11.213 2556 2644 I nStackXDFinder: GetLocalInterfaceDetail:[461] :GetLocalInterfaceDetail in
06-09 18:10:11.213 2556 2644 E nStackXCoAP: IsInSameNetwork:[281] :IsInSameNetwork: not priority process
06-09 18:10:11.213 2556 2644 D nStackXCoAP: ParseServiceDiscover:[330] :new device join
06-09 18:10:11.214 2556 2644 E nStackXDFinder: GetLocalIp:[401] :GetLocalIp exec
06-09 18:10:11.218 2556 2644 D nStackXCoAP: IsInSameNetwork:[276] :IsInSameNetwork exec
06-09 18:10:11.218 2556 2644 I nStackXDFinder: GetLocalInterfaceDetail:[461] :GetLocalInterfaceDetail in
06-09 18:10:11.218 2556 2644 E nStackXCoAP: IsInSameNetwork:[281] :IsInSameNetwork: not priority process
06-09 18:10:11.219 2556 2644 D nStackXCoAP: ParseServiceDiscover:[330] :new device join
06-09 18:10:11.219 2556 2644 E nStackXDFinder: GetLocalIp:[401] :GetLocalIp exec
06-09 18:10:11.306 2556 2644 D nStackXCoAP: CoapMessageHandler:[133] :2.01
06-09 18:10:11.382 475 498 D WifiNl80211Manager: Scan result ready event
06-09 18:10:11.382 475 498 D WifiNative: Scan result ready event
06-09 18:10:11.382 2556 2644 D nStackXCoAP: CoapMessageHandler:[133] :2.01
06-09 18:10:11.383 2556 2644 D nStackXCoAP: CoapMessageHandler:[133] :2.01
06-09 18:10:11.426 2556 2644 D nStackXCoAP: IsInSameNetwork:[276] :IsInSameNetwork exec
06-09 18:10:11.426 2556 2644 I nStackXDFinder: GetLocalInterfaceDetail:[461] :GetLocalInterfaceDetail in
06-09 18:10:11.426 2556 2644 E nStackXCoAP: IsInSameNetwork:[281] :IsInSameNetwork: not priority process
06-09 18:10:11.426 2556 2644 D nStackXCoAP: ParseServiceDiscover:[330] :new device join
06-09 18:10:11.426 2556 2644 E nStackXDFinder: GetLocalIp:[401] :GetLocalIp exec
06-09 18:10:11.439 2556 2644 D nStackXCoAP: CoapMessageHandler:[133] :2.01
06-09 18:10:11.457 656 656 E WifiHAL : wifi_get_link_stats: requestResponse Error:-5
06-09 18:10:11.459 475 607 E WifiVendorHal: getWifiLinkLayerStats_1_5_Internal(l.1191) failed {.code = ERROR_INVALID_ARGS, .description = }
06-09 18:10:11.711 475 518 W IorapForwardingService: No service published for: iorapd
06-09 18:10:11.717 1169 1169 D bbb : onStartCommand begin !!!!!!! data分区剩余 24710MB
06-09 18:10:11.719 1123 1123 D aaa : LedStatusService onStartCommand begin
06-09 18:10:11.721 1123 3105 D aaa : topPkg is -------------- :com.dangbei.screencast
06-09 18:10:11.771 656 656 E WifiHAL : wifi_get_link_stats: requestResponse Error:-5
06-09 18:10:11.773 475 607 E WifiVendorHal: getWifiLinkLayerStats_1_5_Internal(l.1191) failed {.code = ERROR_INVALID_ARGS, .description = }
06-09 18:10:11.925 2556 2644 D nStackXCoAP: IsInSameNetwork:[276] :IsInSameNetwork exec
06-09 18:10:11.925 2556 2644 I nStackXDFinder: GetLocalInterfaceDetail:[461] :GetLocalInterfaceDetail in
06-09 18:10:11.925 2556 2644 E nStackXCoAP: IsInSameNetwork:[281] :IsInSameNetwork: not priority process
06-09 18:10:11.925 2556 2644 D nStackXCoAP: ParseServiceDiscover:[330] :new device join
06-09 18:10:11.925 2556 2644 E nStackXDFinder: GetLocalIp:[401] :GetLocalIp exec
06-09 18:10:11.932 2556 2644 D nStackXCoAP: CoapMessageHandler:[133] :2.01
06-09 18:10:12.277 246 290 D audio_hw_primary: out_standby
06-09 18:10:12.442 2556 2644 D nStackXCoAP: IsInSameNetwork:[276] :IsInSameNetwork exec
06-09 18:10:12.442 2556 2644 I nStackXDFinder: GetLocalInterfaceDetail:[461] :GetLocalInterfaceDetail in
06-09 18:10:12.442 2556 2644 E nStackXCoAP: IsInSameNetwork:[281] :IsInSameNetwork: not priority process
06-09 18:10:12.442 2556 2644 D nStackXCoAP: ParseServiceDiscover:[330] :new device join
06-09 18:10:12.442 2556 2644 E nStackXDFinder: GetLocalIp:[401] :GetLocalIp exec
06-09 18:10:12.457 2556 2644 D nStackXCoAP: CoapMessageHandler:[133] :2.01
06-09 18:10:12.483 475 536 W ActivityManager: Stopping service due to app idle: u0a57 -1m0s257ms com.android.tv/.dvr.recorder.DvrRecordingService
06-09 18:10:12.490 475 2790 I ActivityManager: Killing 1527:com.android.managedprovisioning/u0a31 (adj 985): empty #17
06-09 18:10:12.492 475 538 I libprocessgroup: Successfully killed process cgroup uid 10031 pid 1527 in 0ms
06-09 18:10:12.518 241 241 I Zygote : Process 1527 exited due to signal 9 (Killed)
06-09 18:10:12.713 475 518 W IorapForwardingService: No service published for: iorapd
06-09 18:10:12.840 2291 2291 I cling--ap-4: type=1400 audit(0.0:1046): avc: denied { read } for name="address" dev="sysfs" ino=16906 scontext=u:r:platform_app:s0:c512,c768 tcontext=u:object_r:sysfs_net:s0 tclass=file permissive=1 app=com.dangbei.screencast
06-09 18:10:12.840 2291 2291 I cling--ap-4: type=1400 audit(0.0:1047): avc: denied { open } for path="/sys/devices/virtual/net/dummy0/address" dev="sysfs" ino=16906 scontext=u:r:platform_app:s0:c512,c768 tcontext=u:object_r:sysfs_net:s0 tclass=file permissive=1 app=com.dangbei.screencast
06-09 18:10:12.840 2291 2291 I cling--ap-4: type=1400 audit(0.0:1048): avc: denied { getattr } for path="/sys/devices/virtual/net/dummy0/address" dev="sysfs" ino=16906 scontext=u:r:platform_app:s0:c512,c768 tcontext=u:object_r:sysfs_net:s0 tclass=file permissive=1 app=com.dangbei.screencast
06-09 18:10:12.959 2556 2644 D nStackXCoAP: IsInSameNetwork:[276] :IsInSameNetwork exec
06-09 18:10:12.960 2556 2644 I nStackXDFinder: GetLocalInterfaceDetail:[461] :GetLocalInterfaceDetail in
06-09 18:10:12.960 2556 2644 E nStackXCoAP: IsInSameNetwork:[281] :IsInSameNetwork: not priority process
06-09 18:10:12.960 2556 2644 D nStackXCoAP: ParseServiceDiscover:[330] :new device join
06-09 18:10:12.960 2556 2644 E nStackXDFinder: GetLocalIp:[401] :GetLocalIp exec
06-09 18:10:12.960 475 475 D CompatibilityChangeReporter: Compat change id reported: 168419799; UID 1000; state: DISABLED
06-09 18:10:12.969 475 3106 I BackgroundDexOptService: Performing idle optimizations
06-09 18:10:12.984 344 344 D installd: Reconcile secondary dex path /data/user/0/com.dangbei.hqmedia/files/pluginsdkplayer/2.1403.1.250523/1.1403.1.06053/pluginsdkplayer-release-1.1403.1.06053.apk result=0
06-09 18:10:12.988 2556 2644 D nStackXCoAP: CoapMessageHandler:[133] :2.01
06-09 18:10:13.040 3109 3109 E cutils-trace: Error opening trace file: No such file or directory (2)
06-09 18:10:13.211 2149 2231 D UtilLog : 日志批量上报 进行正常循环 !!!!!!本次有0次请求,共0条数据
06-09 18:10:13.267 475 3106 I BackgroundDexOptService: Pinning optimized code {}
06-09 18:10:13.267 475 3106 I BackgroundDexOptService: Idle optimizations completed.
06-09 18:10:13.460 2556 2644 D nStackXCoAP: IsInSameNetwork:[276] :IsInSameNetwork exec
06-09 18:10:13.461 2556 2644 I nStackXDFinder: GetLocalInterfaceDetail:[461] :GetLocalInterfaceDetail in
06-09 18:10:13.461 2556 2644 E nStackXCoAP: IsInSameNetwork:[281] :IsInSameNetwork: not priority process
06-09 18:10:13.461 2556 2644 D nStackXCoAP: ParseServiceDiscover:[330] :new device join
06-09 18:10:13.461 2556 2644 E nStackXDFinder: GetLocalIp:[401] :GetLocalIp exec
06-09 18:10:13.495 2556 2644 D nStackXCoAP: CoapMessageHandler:[133] :2.01
06-09 18:10:13.716 475 518 W IorapForwardingService: No service published for: iorapd
06-09 18:10:13.986 2556 2644 D nStackXCoAP: IsInSameNetwork:[276] :IsInSameNetwork exec
06-09 18:10:13.986 2556 2644 I nStackXDFinder: GetLocalInterfaceDetail:[461] :GetLocalInterfaceDetail in
06-09 18:10:13.986 2556 2644 E nStackXCoAP: IsInSameNetwork:[281] :IsInSameNetwork: not priority process
06-09 18:10:13.986 2556 2644 D nStackXCoAP: ParseServiceDiscover:[330] :new device join
06-09 18:10:13.987 2556 2644 E nStackXDFinder: GetLocalIp:[401] :GetLocalIp exec
06-09 18:10:14.039 2556 2644 D nStackXCoAP: CoapMessageHandler:[133] :2.01
06-09 18:10:14.369 261 284 D hdmi-cec: receive invalid cec message!
06-09 18:10:14.369 261 284 D hdmi-cec: receive poll message [04], skip!
06-09 18:10:14.493 2556 2644 D nStackXCoAP: IsInSameNetwork:[276] :IsInSameNetwork exec
06-09 18:10:14.493 2556 2644 I nStackXDFinder: GetLocalInterfaceDetail:[461] :GetLocalInterfaceDetail in
06-09 18:10:14.493 2556 2644 E nStackXCoAP: IsInSameNetwork:[281] :IsInSameNetwork: not priority process
06-09 18:10:14.493 2556 2644 D nStackXCoAP: ParseServiceDiscover:[330] :new device join
06-09 18:10:14.494 2556 2644 E nStackXDFinder: GetLocalIp:[401] :GetLocalIp exec
06-09 18:10:14.508 2556 2644 D nStackXCoAP: CoapMessageHandler:[133] :2.01
06-09 18:10:14.718 475 518 W IorapForwardingService: No service published for: iorapd
06-09 18:10:14.744 2291 2291 I efs-base: type=1400 audit(0.0:1049): avc: denied { open } for path="/data/user/0/com.dangbei.screencast/app_UApm/5fc60c21094d637f3130af19/ready/2291/wa_none_1_1_2291_4831_1749463754698" dev="mmcblk0p25" ino=9512 scontext=u:r:platform_app:s0:c512,c768 tcontext=u:object_r:app_data_file:s0:c512,c768 tclass=file permissive=1 app=com.dangbei.screencast
06-09 18:10:14.752 2291 2291 I efs-base: type=1400 audit(0.0:1050): avc: denied { create } for name="wa_gzip_1_1_2291_4170_1749463814755" scontext=u:r:platform_app:s0:c512,c768 tcontext=u:object_r:app_data_file:s0:c512,c768 tclass=file permissive=1 app=com.dangbei.screencast
06-09 18:10:14.752 2291 2291 I efs-base: type=1400 audit(0.0:1051): avc: denied { unlink } for name="wa_none_1_1_2291_4831_1749463754698" dev="mmcblk0p25" ino=9512 scontext=u:r:platform_app:s0:c512,c768 tcontext=u:object_r:app_data_file:s0:c512,c768 tclass=file permissive=1 app=com.dangbei.screencast
06-09 18:10:14.788 656 656 E WifiHAL : wifi_get_link_stats: requestResponse Error:-5
06-09 18:10:14.790 475 607 E WifiVendorHal: getWifiLinkLayerStats_1_5_Internal(l.1191) failed {.code = ERROR_INVALID_ARGS, .description = }
06-09 18:10:14.844 2291 2291 I efs-base: type=1400 audit(0.0:1052): avc: denied { getattr } for path="/data/user/0/com.dangbei.screencast/app_UApm/5fc60c21094d637f3130af19/ready" dev="mmcblk0p25" ino=8206 scontext=u:r:platform_app:s0:c512,c768 tcontext=u:object_r:app_data_file:s0:c512,c768 tclass=dir permissive=1 app=com.dangbei.screencast
06-09 18:10:14.852 2349 2349 W audit : audit_lost=533 audit_rate_limit=5 audit_backlog_limit=64
06-09 18:10:14.852 2349 2349 E audit : rate limit exceeded
06-09 18:10:14.844 2291 2291 I efs-base: type=1400 audit(0.0:1053): avc: denied { read } for name="ready" dev="mmcblk0p25" ino=8206 scontext=u:r:platform_app:s0:c512,c768 tcontext=u:object_r:app_data_file:s0:c512,c768 tclass=dir permissive=1 app=com.dangbei.screencast
06-09 18:10:14.997 2556 2644 D nStackXCoAP: IsInSameNetwork:[276] :IsInSameNetwork exec
06-09 18:10:14.997 2556 2644 I nStackXDFinder: GetLocalInterfaceDetail:[461] :GetLocalInterfaceDetail in
06-09 18:10:14.997 2556 2644 E nStackXCoAP: IsInSameNetwork:[281] :IsInSameNetwork: not priority process
06-09 18:10:14.997 2556 2644 D nStackXCoAP: ParseServiceDiscover:[330] :new device join
06-09 18:10:14.998 2556 2644 E nStackXDFinder: GetLocalIp:[401] :GetLocalIp exec
06-09 18:10:15.068 2556 2644 D nStackXCoAP: CoapMessageHandler:[133] :2.01
06-09 18:10:15.093 2291 2368 I efs.base: wa upload succ, HttpResponse {succ=true, code=200, data='暂不支持该服务', extra={req_url=https://errlog.umeng.com/api/crashsdk/logcollect}}
06-09 18:10:15.509 2556 2644 D nStackXCoAP: IsInSameNetwork:[276] :IsInSameNetwork exec
06-09 18:10:15.509 2556 2644 I nStackXDFinder: GetLocalInterfaceDetail:[461] :GetLocalInterfaceDetail in
06-09 18:10:15.509 2556 2644 E nStackXCoAP: IsInSameNetwork:[281] :IsInSameNetwork: not priority process
06-09 18:10:15.509 2556 2644 D nStackXCoAP: ParseServiceDiscover:[330] :new device join
06-09 18:10:15.510 2556 2644 E nStackXDFinder: GetLocalIp:[401] :GetLocalIp exec
06-09 18:10:15.524 2556 2644 D nStackXCoAP: CoapMessageHandler:[133] :2.01
06-09 18:10:15.720 475 518 W IorapForwardingService: No service published for: iorapd
06-09 18:10:16.280 1960 1992 E ServerInterface: Server timed out
06-09 18:10:16.280 1960 1992 E ServerInterface: java.net.SocketTimeoutException: failed to connect to remoteprovisioning.googleapis.com/142.250.99.95 (port 443) from /192.168.3.187 (port 42176) after 5000ms
06-09 18:10:16.280 1960 1992 E ServerInterface: at libcore.io.IoBridge.connectErrno(IoBridge.java:236)
06-09 18:10:16.280 1960 1992 E ServerInterface: at libcore.io.IoBridge.connect(IoBridge.java:180)
06-09 18:10:16.280 1960 1992 E ServerInterface: at java.net.PlainSocketImpl.socketConnect(PlainSocketImpl.java:142)
06-09 18:10:16.280 1960 1992 E ServerInterface: at java.net.AbstractPlainSocketImpl.doConnect(AbstractPlainSocketImpl.java:390)
06-09 18:10:16.280 1960 1992 E ServerInterface: at java.net.AbstractPlainSocketImpl.connectToAddress(AbstractPlainSocketImpl.java:230)
06-09 18:10:16.280 1960 1992 E ServerInterface: at java.net.AbstractPlainSocketImpl.connect(AbstractPlainSocketImpl.java:212)
06-09 18:10:16.280 1960 1992 E ServerInterface: at java.net.SocksSocketImpl.connect(SocksSocketImpl.java:436)
06-09 18:10:16.280 1960 1992 E ServerInterface: at java.net.Socket.connect(Socket.java:621)
06-09 18:10:16.280 1960 1992 E ServerInterface: at com.android.okhttp.internal.Platform.connectSocket(Platform.java:182)
06-09 18:10:16.280 1960 1992 E ServerInterface: at com.android.okhttp.internal.io.RealConnection.connectSocket(RealConnection.java:145)
06-09 18:10:16.280 1960 1992 E ServerInterface: at com.android.okhttp.internal.io.RealConnection.connect(RealConnection.java:116)
06-09 18:10:16.280 1960 1992 E ServerInterface: at com.android.okhttp.internal.http.StreamAllocation.findConnection(StreamAllocation.java:186)
06-09 18:10:16.280 1960 1992 E ServerInterface: at com.android.okhttp.internal.http.StreamAllocation.findHealthyConnection(StreamAllocation.java:128)
06-09 18:10:16.280 1960 1992 E ServerInterface: at com.android.okhttp.internal.http.StreamAllocation.newStream(StreamAllocation.java:97)
06-09 18:10:16.280 1960 1992 E ServerInterface: at com.android.okhttp.internal.http.HttpEngine.connect(HttpEngine.java:289)
06-09 18:10:16.280 1960 1992 E ServerInterface: at com.android.okhttp.internal.http.HttpEngine.sendRequest(HttpEngine.java:232)
06-09 18:10:16.280 1960 1992 E ServerInterface: at com.android.okhttp.internal.huc.HttpURLConnectionImpl.execute(HttpURLConnectionImpl.java:465)
06-09 18:10:16.280 1960 1992 E ServerInterface: at com.android.okhttp.internal.huc.HttpURLConnectionImpl.connect(HttpURLConnectionImpl.java:131)
06-09 18:10:16.280 1960 1992 E ServerInterface: at com.android.okhttp.internal.huc.HttpURLConnectionImpl.getOutputStream(HttpURLConnectionImpl.java:262)
06-09 18:10:16.280 1960 1992 E ServerInterface: at com.android.okhttp.internal.huc.DelegatingHttpsURLConnection.getOutputStream(DelegatingHttpsURLConnection.java:219)
06-09 18:10:16.280 1960 1992 E ServerInterface: at com.android.okhttp.internal.huc.HttpsURLConnectionImpl.getOutputStream(HttpsURLConnectionImpl.java:30)
06-09 18:10:16.280 1960 1992 E ServerInterface: at com.android.remoteprovisioner.ServerInterface.fetchGeek(ServerInterface.java:120)
06-09 18:10:16.280 1960 1992 E ServerInterface: at com.android.remoteprovisioner.PeriodicProvisioner$ProvisionerThread.run(PeriodicProvisioner.java:135)
06-09 18:10:16.280 1960 1992 E RemoteProvisioningService: Failed to get a response from the server.
06-09 18:10:16.280 1960 1992 E RemoteProvisioningService: Too many failures, resetting defaults.
06-09 18:10:16.723 475 518 W IorapForwardingService: No service published for: iorapd
06-09 18:10:17.050 2556 2644 D nStackXCoAP: IsInSameNetwork:[276] :IsInSameNetwork exec
06-09 18:10:17.050 2556 2644 I nStackXDFinder: GetLocalInterfaceDetail:[461] :GetLocalInterfaceDetail in
06-09 18:10:17.050 2556 2644 E nStackXCoAP: IsInSameNetwork:[281] :IsInSameNetwork: not priority process
06-09 18:10:17.050 2556 2644 D nStackXCoAP: ParseServiceDiscover:[330] :new device join
06-09 18:10:17.050 2556 2644 I nStackXDFinder: NotifyDeviceListChanged:[540] :notify callback: device list changed callback is null
06-09 18:10:17.050 2556 2644 E nStackXDFinder: GetLocalIp:[401] :GetLocalIp exec
06-09 18:10:17.253 2556 2644 D nStackXCoAP: IsInSameNetwork:[276] :IsInSameNetwork exec
06-09 18:10:17.253 2556 2644 I nStackXDFinder: GetLocalInterfaceDetail:[461] :GetLocalInterfaceDetail in
06-09 18:10:17.253 2556 2644 E nStackXCoAP: IsInSameNetwork:[281] :IsInSameNetwork: not priority process
06-09 18:10:17.253 2556 2644 D nStackXCoAP: ParseServiceDiscover:[330] :new device join
06-09 18:10:17.253 2556 2644 E nStackXDFinder: GetLocalIp:[401] :GetLocalIp exec
06-09 18:10:17.255 2556 2644 D nStackXCoAP: CoapMessageHandler:[133] :2.01
06-09 18:10:17.273 2556 2644 D nStackXCoAP: CoapMessageHandler:[133] :2.01
06-09 18:10:17.664 2556 2644 D nStackXCoAP: IsInSameNetwork:[276] :IsInSameNetwork exec
06-09 18:10:17.664 2556 2644 I nStackXDFinder: GetLocalInterfaceDetail:[461] :GetLocalInterfaceDetail in
06-09 18:10:17.664 2556 2644 E nStackXCoAP: IsInSameNetwork:[281] :IsInSameNetwork: not priority process
06-09 18:10:17.664 2556 2644 D nStackXCoAP: ParseServiceDiscover:[330] :new device join
06-09 18:10:17.665 2556 2644 E nStackXDFinder: GetLocalIp:[401] :GetLocalIp exec
06-09 18:10:17.667 2556 2644 D nStackXCoAP: IsInSameNetwork:[276] :IsInSameNetwork exec
06-09 18:10:17.667 2556 2644 I nStackXDFinder: GetLocalInterfaceDetail:[461] :GetLocalInterfaceDetail in
06-09 18:10:17.667 2556 2644 E nStackXCoAP: IsInSameNetwork:[281] :IsInSameNetwork: not priority process
06-09 18:10:17.667 2556 2644 D nStackXCoAP: ParseServiceDiscover:[330] :new device join
06-09 18:10:17.667 2556 2644 E nStackXDFinder: GetLocalIp:[401] :GetLocalIp exec
06-09 18:10:17.725 475 518 W IorapForwardingService: No service published for: iorapd
06-09 18:10:17.736 2556 2644 D nStackXCoAP: CoapMessageHandler:[133] :2.01
06-09 18:10:17.737 2556 2644 D nStackXCoAP: CoapMessageHandler:[133] :2.01
06-09 18:10:17.807 656 656 E WifiHAL : wifi_get_link_stats: requestResponse Error:-5
06-09 18:10:17.810 475 607 E WifiVendorHal: getWifiLinkLayerStats_1_5_Internal(l.1191) failed {.code = ERROR_INVALID_ARGS, .description = }
06-09 18:10:18.073 2556 2644 D nStackXCoAP: IsInSameNetwork:[276] :IsInSameNetwork exec
06-09 18:10:18.073 2556 2644 I nStackXDFinder: GetLocalInterfaceDetail:[461] :GetLocalInterfaceDetail in
06-09 18:10:18.073 2556 2644 E nStackXCoAP: IsInSameNetwork:[281] :IsInSameNetwork: not priority process
06-09 18:10:18.074 2556 2644 D nStackXCoAP: ParseServiceDiscover:[330] :new device join
06-09 18:10:18.074 2556 2644 E nStackXDFinder: GetLocalIp:[401] :GetLocalIp exec
06-09 18:10:18.085 2556 2644 D nStackXCoAP: CoapMessageHandler:[133] :2.01
06-09 18:10:18.728 475 518 W IorapForwardingService: No service published for: iorapd
06-09 18:10:19.106 2556 2644 D nStackXCoAP: IsInSameNetwork:[276] :IsInSameNetwork exec
06-09 18:10:19.106 2556 2644 I nStackXDFinder: GetLocalInterfaceDetail:[461] :GetLocalInterfaceDetail in
06-09 18:10:19.106 2556 2644 E nStackXCoAP: IsInSameNetwork:[281] :IsInSameNetwork: not priority process
06-09 18:10:19.106 2556 2644 D nStackXCoAP: ParseServiceDiscover:[330] :new device join
06-09 18:10:19.106 2556 2644 E nStackXDFinder: GetLocalIp:[401] :GetLocalIp exec
06-09 18:10:19.253 2556 2644 D nStackXCoAP: CoapMessageHandler:[133] :2.01
06-09 18:10:19.607 2556 2644 D nStackXCoAP: IsInSameNetwork:[276] :IsInSameNetwork exec
06-09 18:10:19.607 2556 2644 I nStackXDFinder: GetLocalInterfaceDetail:[461] :GetLocalInterfaceDetail in
06-09 18:10:19.607 2556 2644 E nStackXCoAP: IsInSameNetwork:[281] :IsInSameNetwork: not priority process
06-09 18:10:19.607 2556 2644 D nStackXCoAP: ParseServiceDiscover:[330] :new device join
06-09 18:10:19.607 2556 2644 E nStackXDFinder: GetLocalIp:[401] :GetLocalIp exec
06-09 18:10:19.623 2556 2644 D nStackXCoAP: CoapMessageHandler:[133] :2.01
06-09 18:10:19.730 475 518 W IorapForwardingService: No service published for: iorapd
06-09 18:10:19.738 475 497 I ActivityManager: Killing 1525:com.android.dynsystem:dynsystem/1000 (adj 985): empty #17
06-09 18:10:19.746 1169 1169 D bbb : onStartCommand begin !!!!!!! data分区剩余 24710MB
06-09 18:10:19.748 1123 1123 D aaa : LedStatusService onStartCommand begin
06-09 18:10:19.751 1123 3132 D aaa : topPkg is -------------- :com.dangbei.screencast
06-09 18:10:19.769 241 241 I Zygote : Process 1525 exited due to signal 9 (Killed)
06-09 18:10:19.784 475 538 I libprocessgroup: Successfully killed process cgroup uid 1000 pid 1525 in 43ms
06-09 18:10:20.120 2556 2644 D nStackXCoAP: IsInSameNetwork:[276] :IsInSameNetwork exec
06-09 18:10:20.120 2556 2644 I nStackXDFinder: GetLocalInterfaceDetail:[461] :GetLocalInterfaceDetail in
06-09 18:10:20.120 2556 2644 E nStackXCoAP: IsInSameNetwork:[281] :IsInSameNetwork: not priority process
06-09 18:10:20.120 2556 2644 D nStackXCoAP: ParseServiceDiscover:[330] :new device join
06-09 18:10:20.120 2556 2644 E nStackXDFinder: GetLocalIp:[401] :GetLocalIp exec
06-09 18:10:20.150 2556 2644 D nStackXCoAP: CoapMessageHandler:[133] :2.01
06-09 18:10:20.303 2291 2304 I gbei.screencas: Background young concurrent copying GC freed 197309(19MB) AllocSpace objects, 22(2024KB) LOS objects, 47% free, 23MB/44MB, paused 172us total 126.008ms
06-09 18:10:20.320 2291 3049 W ServiceDescriptorBinder: UPnP specification violation: Not producing element to be compatible with WMP12: (ActionArgument, OUT) Actions
06-09 18:10:20.536 2291 3049 W ServiceDescriptorBinder: UPnP specification violation: Not producing element to be compatible with WMP12: (ActionArgument, OUT) CurrentMute
06-09 18:10:20.536 2291 3049 W ServiceDescriptorBinder: UPnP specification violation: Not producing element to be compatible with WMP12: (ActionArgument, OUT) CurrentVolume
06-09 18:10:20.537 2291 3049 W ServiceDescriptorBinder: UPnP specification violation: Not producing element to be compatible with WMP12: (ActionArgument, OUT) CurrentPresetNameList
06-09 18:10:20.537 2291 3049 W ServiceDescriptorBinder: UPnP specification violation: Not producing element to be compatible with WMP12: (ActionArgument, OUT) CurrentLoudness
06-09 18:10:20.538 2291 3049 W ServiceDescriptorBinder: UPnP specification violation: Not producing element to be compatible with WMP12: (ActionArgument, OUT) CurrentVolume
06-09 18:10:20.732 475 518 W IorapForwardingService: No service published for: iorapd
06-09 18:10:20.826 656 656 E WifiHAL : wifi_get_link_stats: requestResponse Error:-5
06-09 18:10:20.828 475 607 E WifiVendorHal: getWifiLinkLayerStats_1_5_Internal(l.1191) failed {.code = ERROR_INVALID_ARGS, .description = }
06-09 18:10:21.142 2556 2644 D nStackXCoAP: IsInSameNetwork:[276] :IsInSameNetwork exec
06-09 18:10:21.142 2556 2644 I nStackXDFinder: GetLocalInterfaceDetail:[461] :GetLocalInterfaceDetail in
06-09 18:10:21.143 2556 2644 E nStackXCoAP: IsInSameNetwork:[281] :IsInSameNetwork: not priority process
06-09 18:10:21.143 2556 2644 D nStackXCoAP: ParseServiceDiscover:[330] :new device join
06-09 18:10:21.143 2556 2644 E nStackXDFinder: GetLocalIp:[401] :GetLocalIp exec
06-09 18:10:21.238 2556 2644 D nStackXCoAP: CoapMessageHandler:[133] :2.01
06-09 18:10:21.453 2556 2644 D nStackXCoAP: IsInSameNetwork:[276] :IsInSameNetwork exec
06-09 18:10:21.453 2556 2644 I nStackXDFinder: GetLocalInterfaceDetail:[461] :GetLocalInterfaceDetail in
06-09 18:10:21.453 2556 2644 E nStackXCoAP: IsInSameNetwork:[281] :IsInSameNetwork: not priority process
06-09 18:10:21.453 2556 2644 D nStackXCoAP: ParseServiceDiscover:[330] :new device join
06-09 18:10:21.453 2556 2644 I nStackXDFinder: NotifyDeviceListChanged:[540] :notify callback: device list changed callback is null
06-09 18:10:21.453 2556 2644 E nStackXDFinder: GetLocalIp:[401] :GetLocalIp exec
06-09 18:10:21.547 2556 2644 D nStackXCoAP: CoapMessageHandler:[133] :2.01
06-09 18:10:21.653 2556 2644 D nStackXCoAP: IsInSameNetwork:[276] :IsInSameNetwork exec
06-09 18:10:21.653 2556 2644 I nStackXDFinder: GetLocalInterfaceDetail:[461] :GetLocalInterfaceDetail in
06-09 18:10:21.653 2556 2644 E nStackXCoAP: IsInSameNetwork:[281] :IsInSameNetwork: not priority process
06-09 18:10:21.653 2556 2644 D nStackXCoAP: ParseServiceDiscover:[330] :new device join
06-09 18:10:21.653 2556 2644 E nStackXDFinder: GetLocalIp:[401] :GetLocalIp exec
06-09 18:10:21.667 2556 2644 D nStackXCoAP: CoapMessageHandler:[133] :2.01
06-09 18:10:21.735 475 518 W IorapForwardingService: No service published for: iorapd
06-09 18:10:21.871 2556 2644 D nStackXCoAP: IsInSameNetwork:[276] :IsInSameNetwork exec
06-09 18:10:21.872 2556 2644 I nStackXDFinder: GetLocalInterfaceDetail:[461] :GetLocalInterfaceDetail in
06-09 18:10:21.872 2556 2644 E nStackXCoAP: IsInSameNetwork:[281] :IsInSameNetwork: not priority process
06-09 18:10:21.872 2556 2644 D nStackXCoAP: ParseServiceDiscover:[330] :new device join
06-09 18:10:21.872 2556 2644 E nStackXDFinder: GetLocalIp:[401] :GetLocalIp exec
06-09 18:10:21.906 2556 2644 D nStackXCoAP: CoapMessageHandler:[133] :2.01
06-09 18:10:22.062 2556 2644 D nStackXCoAP: IsInSameNetwork:[276] :IsInSameNetwork exec
06-09 18:10:22.062 2556 2644 I nStackXDFinder: GetLocalInterfaceDetail:[461] :GetLocalInterfaceDetail in
06-09 18:10:22.062 2556 2644 E nStackXCoAP: IsInSameNetwork:[281] :IsInSameNetwork: not priority process
06-09 18:10:22.062 2556 2644 D nStackXCoAP: ParseServiceDiscover:[330] :new device join
06-09 18:10:22.062 2556 2644 E nStackXDFinder: GetLocalIp:[401] :GetLocalIp exec
06-09 18:10:22.177 2556 2644 D nStackXCoAP: CoapMessageHandler:[133] :2.01
06-09 18:10:22.574 2556 2644 D nStackXCoAP: IsInSameNetwork:[276] :IsInSameNetwork exec
06-09 18:10:22.574 2556 2644 I nStackXDFinder: GetLocalInterfaceDetail:[461] :GetLocalInterfaceDetail in
06-09 18:10:22.574 2556 2644 E nStackXCoAP: IsInSameNetwork:[281] :IsInSameNetwork: not priority process
06-09 18:10:22.574 2556 2644 D nStackXCoAP: ParseServiceDiscover:[330] :new device join
06-09 18:10:22.574 2556 2644 E nStackXDFinder: GetLocalIp:[401] :GetLocalIp exec
06-09 18:10:22.596 2556 2644 D nStackXCoAP: CoapMessageHandler:[133] :2.01
06-09 18:10:22.736 475 518 W IorapForwardingService: No service published for: iorapd
06-09 18:10:22.988 2556 2644 D nStackXCoAP: IsInSameNetwork:[276] :IsInSameNetwork exec
06-09 18:10:22.988 2556 2644 I nStackXDFinder: GetLocalInterfaceDetail:[461] :GetLocalInterfaceDetail in
06-09 18:10:22.988 2556 2644 E nStackXCoAP: IsInSameNetwork:[281] :IsInSameNetwork: not priority process
06-09 18:10:22.988 2556 2644 D nStackXCoAP: ParseServiceDiscover:[330] :new device join
06-09 18:10:22.988 2556 2644 E nStackXDFinder: GetLocalIp:[401] :GetLocalIp exec
06-09 18:10:23.006 2556 2644 D nStackXCoAP: CoapMessageHandler:[133] :2.01
06-09 18:10:23.207 2149 2231 D UtilLog : 日志批量上报 进行正常循环 !!!!!!本次有0次请求,共0条数据
06-09 18:10:23.496 2556 2644 D nStackXCoAP: IsInSameNetwork:[276] :IsInSameNetwork exec
06-09 18:10:23.496 2556 2644 I nStackXDFinder: GetLocalInterfaceDetail:[461] :GetLocalInterfaceDetail in
06-09 18:10:23.496 2556 2644 E nStackXCoAP: IsInSameNetwork:[281] :IsInSameNetwork: not priority process
06-09 18:10:23.496 2556 2644 D nStackXCoAP: ParseServiceDiscover:[330] :new device join
06-09 18:10:23.496 2556 2644 E nStackXDFinder: GetLocalIp:[401] :GetLocalIp exec
06-09 18:10:23.505 2556 2644 D nStackXCoAP: CoapMessageHandler:[133] :2.01
06-09 18:10:23.737 475 518 W IorapForwardingService: No service published for: iorapd
06-09 18:10:23.837 656 656 E WifiHAL : wifi_get_link_stats: requestResponse Error:-5
06-09 18:10:23.838 475 607 E WifiVendorHal: getWifiLinkLayerStats_1_5_Internal(l.1191) failed {.code = ERROR_INVALID_ARGS, .description = }
06-09 18:10:24.019 2556 2644 D nStackXCoAP: IsInSameNetwork:[276] :IsInSameNetwork exec
06-09 18:10:24.019 2556 2644 I nStackXDFinder: GetLocalInterfaceDetail:[461] :GetLocalInterfaceDetail in
06-09 18:10:24.019 2556 2644 E nStackXCoAP: IsInSameNetwork:[281] :IsInSameNetwork: not priority process
06-09 18:10:24.019 2556 2644 D nStackXCoAP: ParseServiceDiscover:[330] :new device join
06-09 18:10:24.020 2556 2644 E nStackXDFinder: GetLocalIp:[401] :GetLocalIp exec
06-09 18:10:24.031 2556 2644 D nStackXCoAP: CoapMessageHandler:[133] :2.01
06-09 18:10:24.187 2149 2229 I TDLog : [APP] New data found, Submitting...
06-09 18:10:24.197 2149 2229 I TDLog : [APP] Failed to submit data!
06-09 18:10:24.526 2556 2644 D nStackXCoAP: IsInSameNetwork:[276] :IsInSameNetwork exec
06-09 18:10:24.526 2556 2644 I nStackXDFinder: GetLocalInterfaceDetail:[461] :GetLocalInterfaceDetail in
06-09 18:10:24.526 2556 2644 E nStackXCoAP: IsInSameNetwork:[281] :IsInSameNetwork: not priority process
06-09 18:10:24.526 2556 2644 D nStackXCoAP: ParseServiceDiscover:[330] :new device join
06-09 18:10:24.526 2556 2644 E nStackXDFinder: GetLocalIp:[401] :GetLocalIp exec
06-09 18:10:24.595 2556 2644 D nStackXCoAP: CoapMessageHandler:[133] :2.01
06-09 18:10:24.717 1027 1335 D WanClient: sendHeartMessage
06-09 18:10:24.719 1027 1335 D WanClient: -----final------sendMessage: {"type":"2bKPMh2jwmQ="}
06-09 18:10:24.740 475 518 W IorapForwardingService: No service published for: iorapd
06-09 18:10:24.769 1027 3044 D WanClient: onMessage:Thread[WebSocketConnectReadThread-74,5,main]--{"msg":"+MSejyjwlbc="}
06-09 18:10:24.775 1027 3044 D WanClient: onMessageReceived:Thread[WebSocketConnectReadThread-74,5,main] {"msg":"+MSejyjwlbc="}
06-09 18:10:24.775 1027 3044 D WanClient: type: null
06-09 18:10:24.775 1027 3044 D WanClient: send:HB7FxtN64oc=
06-09 18:10:24.775 1027 3044 D WanClient: leave:uQ3qCmhm4oA=
06-09 18:10:24.775 1027 3044 D WanClient: join:7EsoetslBbs=
06-09 18:10:24.775 1027 3044 D WanClient: Me3/LwZ5vWJxjtP9s3upnQ==
06-09 18:10:25.032 2556 2644 D nStackXCoAP: IsInSameNetwork:[276] :IsInSameNetwork exec
06-09 18:10:25.032 2556 2644 I nStackXDFinder: GetLocalInterfaceDetail:[461] :GetLocalInterfaceDetail in
06-09 18:10:25.032 2556 2644 E nStackXCoAP: IsInSameNetwork:[281] :IsInSameNetwork: not priority process
06-09 18:10:25.032 2556 2644 D nStackXCoAP: ParseServiceDiscover:[330] :new device join
06-09 18:10:25.032 2556 2644 E nStackXDFinder: GetLocalIp:[401] :GetLocalIp exec
06-09 18:10:25.090 2556 2644 D nStackXCoAP: CoapMessageHandler:[133] :2.01
06-09 18:10:25.337 2291 2377 I efs.base: wa upload succ, HttpResponse {succ=true, code=200, data='暂不支持该服务', extra={req_url=https://errlog.umeng.com/api/crashsdk/logcollect}}
06-09 18:10:25.548 2556 2644 D nStackXCoAP: IsInSameNetwork:[276] :IsInSameNetwork exec
06-09 18:10:25.548 2556 2644 I nStackXDFinder: GetLocalInterfaceDetail:[461] :GetLocalInterfaceDetail in
06-09 18:10:25.548 2556 2644 E nStackXCoAP: IsInSameNetwork:[281] :IsInSameNetwork: not priority process
06-09 18:10:25.548 2556 2644 D nStackXCoAP: ParseServiceDiscover:[330] :new device join
06-09 18:10:25.549 2556 2644 E nStackXDFinder: GetLocalIp:[401] :GetLocalIp exec
06-09 18:10:25.581 2556 2644 D nStackXCoAP: CoapMessageHandler:[133] :2.01
06-09 18:10:25.742 475 518 W IorapForwardingService: No service published for: iorapd
06-09 18:10:26.056 2556 2644 D nStackXCoAP: IsInSameNetwork:[276] :IsInSameNetwork exec
06-09 18:10:26.056 2556 2644 I nStackXDFinder: GetLocalInterfaceDetail:[461] :GetLocalInterfaceDetail in
06-09 18:10:26.056 2556 2644 E nStackXCoAP: IsInSameNetwork:[281] :IsInSameNetwork: not priority process
06-09 18:10:26.056 2556 2644 D nStackXCoAP: ParseServiceDiscover:[330] :new device join
06-09 18:10:26.056 2556 2644 E nStackXDFinder: GetLocalIp:[401] :GetLocalIp exec
06-09 18:10:26.079 2556 2644 D nStackXCoAP: CoapMessageHandler:[133] :2.01
06-09 18:10:26.684 2556 2556 I ModuleDataForwa: type=1400 audit(0.0:1055): avc: denied { lock } for path="/data/user/0/com.dangbei.screencast/files/TD__Env_Synchronous_Lock__" dev="mmcblk0p25" ino=8335 scontext=u:r:platform_app:s0:c512,c768 tcontext=u:object_r:app_data_file:s0:c512,c768 tclass=file permissive=1 app=com.dangbei.screencast
06-09 18:10:26.744 475 518 W IorapForwardingService: No service published for: iorapd
06-09 18:10:26.850 656 656 E WifiHAL : wifi_get_link_stats: requestResponse Error:-5
06-09 18:10:26.852 475 607 E WifiVendorHal: getWifiLinkLayerStats_1_5_Internal(l.1191) failed {.code = ERROR_INVALID_ARGS, .description = }
06-09 18:10:27.746 475 518 W IorapForwardingService: No service published for: iorapd
06-09 18:10:27.798 1123 1123 D aaa : LedStatusService onStartCommand begin
06-09 18:10:27.800 1123 3147 D aaa : topPkg is -------------- :com.dangbei.screencast
06-09 18:10:27.804 1169 1169 D bbb : onStartCommand begin !!!!!!! data分区剩余 24710MB
06-09 18:10:28.749 475 518 W IorapForwardingService: No service published for: iorapd
06-09 18:10:29.394 261 284 D hdmi-cec: receive invalid cec message!
06-09 18:10:29.394 261 284 D hdmi-cec: receive poll message [04], skip!
06-09 18:10:29.751 475 518 W IorapForwardingService: No service published for: iorapd
06-09 18:10:29.868 656 656 E WifiHAL : wifi_get_link_stats: requestResponse Error:-5
06-09 18:10:29.872 475 607 E WifiVendorHal: getWifiLinkLayerStats_1_5_Internal(l.1191) failed {.code = ERROR_INVALID_ARGS, .description = }
06-09 18:10:30.644 475 991 W ZramWriteback: Writeback device is not set
06-09 18:10:30.644 475 991 D ZramWriteback: wait to flush
06-09 18:10:30.754 475 518 W IorapForwardingService: No service published for: iorapd
06-09 18:10:31.650 2291 3049 W ServiceDescriptorBinder: UPnP specification violation: Not producing element to be compatible with WMP12: (ActionArgument, OUT) Actions
06-09 18:10:31.756 475 518 W IorapForwardingService: No service published for: iorapd
06-09 18:10:32.072 2291 3049 W ServiceDescriptorBinder: UPnP specification violation: Not producing element to be compatible with WMP12: (ActionArgument, OUT) CurrentMute
06-09 18:10:32.072 2291 3049 W ServiceDescriptorBinder: UPnP specification violation: Not producing element to be compatible with WMP12: (ActionArgument, OUT) CurrentVolume
06-09 18:10:32.073 2291 3049 W ServiceDescriptorBinder: UPnP specification violation: Not producing element to be compatible with WMP12: (ActionArgument, OUT) CurrentPresetNameList
06-09 18:10:32.073 2291 3049 W ServiceDescriptorBinder: UPnP specification violation: Not producing element to be compatible with WMP12: (ActionArgument, OUT) CurrentLoudness
06-09 18:10:32.074 2291 3049 W ServiceDescriptorBinder: UPnP specification violation: Not producing element to be compatible with WMP12: (ActionArgument, OUT) CurrentVolume
06-09 18:10:32.758 475 518 W IorapForwardingService: No service published for: iorapd
06-09 18:10:32.888 656 656 E WifiHAL : wifi_get_link_stats: requestResponse Error:-5
06-09 18:10:32.890 475 607 E WifiVendorHal: getWifiLinkLayerStats_1_5_Internal(l.1191) failed {.code = ERROR_INVALID_ARGS, .description = }
06-09 18:10:33.212 2149 2231 D UtilLog : 日志批量上报 进行正常循环 !!!!!!本次有0次请求,共0条数据
06-09 18:10:33.760 475 518 W IorapForwardingService: No service published for: iorapd
06-09 18:10:34.763 475 518 W IorapForwardingService: No service published for: iorapd
06-09 18:10:35.766 475 518 W IorapForwardingService: No service published for: iorapd
06-09 18:10:35.840 1169 1169 D bbb : onStartCommand begin !!!!!!! data分区剩余 24710MB
06-09 18:10:35.843 1123 1123 D aaa : LedStatusService onStartCommand begin
06-09 18:10:35.844 1123 3156 D aaa : topPkg is -------------- :com.dangbei.screencast
06-09 18:10:35.905 656 656 E WifiHAL : wifi_get_link_stats: requestResponse Error:-5
06-09 18:10:35.907 475 607 E WifiVendorHal: getWifiLinkLayerStats_1_5_Internal(l.1191) failed {.code = ERROR_INVALID_ARGS, .description = }
06-09 18:10:36.768 475 518 W IorapForwardingService: No service published for: iorapd
06-09 18:10:37.771 475 518 W IorapForwardingService: No service published for: iorapd
06-09 18:10:38.773 475 518 W IorapForwardingService: No service published for: iorapd
06-09 18:10:38.922 656 656 E WifiHAL : wifi_get_link_stats: requestResponse Error:-5
06-09 18:10:38.924 475 607 E WifiVendorHal: getWifiLinkLayerStats_1_5_Internal(l.1191) failed {.code = ERROR_INVALID_ARGS, .description = }
06-09 18:10:39.776 475 518 W IorapForwardingService: No service published for: iorapd
06-09 18:10:40.513 2291 2304 I gbei.screencas: Background young concurrent copying GC freed 182532(19MB) AllocSpace objects, 22(488KB) LOS objects, 45% free, 24MB/44MB, paused 180us total 110.763ms
06-09 18:10:40.778 475 518 W IorapForwardingService: No service published for: iorapd
06-09 18:10:41.781 475 518 W IorapForwardingService: No service published for: iorapd
06-09 18:10:41.938 656 656 E WifiHAL : wifi_get_link_stats: requestResponse Error:-5
06-09 18:10:41.940 475 607 E WifiVendorHal: getWifiLinkLayerStats_1_5_Internal(l.1191) failed {.code = ERROR_INVALID_ARGS, .description = }
06-09 18:10:42.783 475 518 W IorapForwardingService: No service published for: iorapd
06-09 18:10:43.205 2149 2231 D UtilLog : 日志批量上报 进行正常循环 !!!!!!本次有0次请求,共0条数据
06-09 18:10:43.785 475 518 W IorapForwardingService: No service published for: iorapd
