06-09 18:09:00.757 998 998 D vold_prepare_subdirs: Setting up mode 771 uid 0 gid 1000 context u:object_r:apex_appsearch_data_file:s0 on path: /data/misc_ce/0/apexdata/com.android.appsearch
06-09 18:09:00.758 998 998 D vold_prepare_subdirs: Setting up mode 771 uid 0 gid 1000 context u:object_r:apex_module_data_file:s0 on path: /data/misc_ce/0/apexdata/com.android.adbd
06-09 18:09:00.759 998 998 D vold_prepare_subdirs: Setting up mode 700 uid 1000 gid 1000 context u:object_r:backup_data_file:s0 on path: /data/system_ce/0/backup
06-09 18:09:00.760 998 998 D vold_prepare_subdirs: Setting up mode 700 uid 1000 gid 1000 context u:object_r:backup_data_file:s0 on path: /data/system_ce/0/backup_stage
06-09 18:09:00.760 998 998 D vold_prepare_subdirs: Setting up mode 700 uid 1000 gid 1000 context u:object_r:face_vendor_data_file:s0 on path: /data/vendor_ce/0/facedata
06-09 18:09:00.763 475 519 V UserDataPreparer: Found /data/user/0 with serial number 0
06-09 18:09:00.763 475 519 V UserDataPreparer: Found /data/system_ce/0 with serial number 0
06-09 18:09:00.764 475 519 D UserDataPreparer: Setting property: sys.user.0.ce_available=true
06-09 18:09:00.765 475 519 V PackageManager: reconcileAppsData for null u0 0x2 migrateAppData=false
06-09 18:09:00.884 246 290 V audio_hw_primary: adev_set_parameters, A2dpSuspended=false
06-09 18:09:00.888 246 290 V audio_hw_primary: adev_set_parameters, BT_SCO=off
06-09 18:09:00.889 475 625 I AS.AudioDeviceInventory: removePreferredDevicesForStrategySync, strategy: 14
06-09 18:09:00.984 821 832 I oid.tv.setting: Background young concurrent copying GC freed 38185(2125KB) AllocSpace objects, 0(0B) LOS objects, 88% free, 3146KB/27MB, paused 147us total 157.532ms
06-09 18:09:01.041 669 669 D Tonal : Tonal Palette - index: 4. Main color: ff1e447a
06-09 18:09:01.041 669 669 D Tonal : Colors: ff060d1a, ff0b162e, ff102343, ff17305c, ff1e447a, ff254a99, ff2d58b7, ff6180c3, ff6f8adc, ff889ce2, ffa5b0e9, ffced4f3, ffeaedfa
06-09 18:09:01.042 669 669 D Tonal : Gradients:
06-09 18:09:01.042 669 669 D Tonal : Normal GradientColors(ff1e447a, ff1e447a)
06-09 18:09:01.042 669 669 D Tonal : Dark GradientColors(ff17305c, ff17305c)
06-09 18:09:01.042 669 669 D Tonal : Extra dark: GradientColors(ff102343, ff102343)
06-09 18:09:01.042 669 669 D Tonal : Tonal Palette - index: 4. Main color: ff1e447a
06-09 18:09:01.042 669 669 D Tonal : Colors: ff060d1a, ff0b162e, ff102343, ff17305c, ff1e447a, ff254a99, ff2d58b7, ff6180c3, ff6f8adc, ff889ce2, ffa5b0e9, ffced4f3, ffeaedfa
06-09 18:09:01.042 669 669 D Tonal : Gradients:
06-09 18:09:01.042 669 669 D Tonal : Normal GradientColors(ff1e447a, ff1e447a)
06-09 18:09:01.042 669 669 D Tonal : Dark GradientColors(ff17305c, ff17305c)
06-09 18:09:01.042 669 669 D Tonal : Extra dark: GradientColors(ff102343, ff102343)
06-09 18:09:01.052 165 165 I init (165): drop_caches: 3
06-09 18:09:01.053 1 1 I init : Command 'write /proc/sys/vm/drop_caches 3' action=sys.boot_completed=1 (/vendor/etc/init/hw/init.sun50iw9p1.rc:112) took 357ms and succeeded
06-09 18:09:01.048 165 165 I init : type=1400 audit(0.0:357): avc: denied { write } for name="dirty_expire_centisecs" dev="proc" ino=14517 scontext=u:r:vendor_init:s0 tcontext=u:object_r:proc_dirty:s0 tclass=file permissive=1
06-09 18:09:01.059 1 1 I init : processing action (ro.vendor.ramconfig=2 && sys.boot_completed=1) from (/vendor/etc/init/hw/init.ram.rc:29)
06-09 18:09:01.066 320 323 D XM_HIDREAD: add@ add@/kernel/slab/:0000008
06-09 18:09:01.060 328 328 I xiriservice_All: type=1400 audit(0.0:358): avc: denied { read } for scontext=u:r:init:s0 tcontext=u:r:init:s0 tclass=netlink_kobject_uevent_socket permissive=1
06-09 18:09:01.072 1 1 I zram0 : detected capacity change from 0 to 1541578752
06-09 18:09:01.100 319 319 I rainbow_flow: type=1400 audit(0.0:359): avc: denied { ioctl } for path="/dev/spidev1.0" dev="tmpfs" ino=2502 ioctlcmd=0x6b00 scontext=u:r:init:s0 tcontext=u:object_r:device:s0 tclass=chr_file permissive=1
06-09 18:09:01.117 845 856 I id.ext.service: Background young concurrent copying GC freed 36707(1792KB) AllocSpace objects, 0(0B) LOS objects, 89% free, 3030KB/26MB, paused 193us total 172.385ms
06-09 18:09:01.139 1 1 I mkswap : Swapspace size: 1505444k, UUID=0f1656c9-0a97-4fc3-8b0a-8eb4e253e05c
06-09 18:09:01.161 1 1 I : Adding 1505444k swap on /dev/block/zram0. Priority:-2 extents:1 across:1505444k SS
06-09 18:09:01.162 1 1 I init : Command 'swapon_all /vendor/etc/fstab.nswap' action=ro.vendor.ramconfig=2 && sys.boot_completed=1 (/vendor/etc/init/hw/init.ram.rc:30) took 102ms and succeeded
06-09 18:09:01.162 1 1 I init : processing action (persist.vendor.adb.enabled=* && sys.boot_completed=1) from (/vendor/etc/init/hw/init.oranth.rc:56)
06-09 18:09:01.163 1 1 I init : processing action (sys.boot_completed=1) from (/system/etc/init/appsdisable.rc:1)
06-09 18:09:01.164 1 1 I init : starting service 'appsdisable'...
06-09 18:09:01.160 1000 1000 I init : type=1400 audit(0.0:360): avc: denied { entrypoint } for path="/system/bin/appsdisable" dev="dm-0" ino=892 scontext=u:r:shell:s0 tcontext=u:object_r:system_file:s0 tclass=file permissive=1
06-09 18:09:01.170 1 1 I init : processing action (sys.boot_completed=1 && sys.bootstat.first_boot_completed=0) from (/system/etc/init/bootstat.rc:77)
06-09 18:09:01.171 1 1 I init : starting service 'exec 17 (/system/bin/bootstat --record_boot_complete --record_boot_reason --record_time_since_factory_reset -l)'...
06-09 18:09:01.168 311 311 D XiriService: check file name: /data/data/com.android.cts.priv.ctsshim/lib
06-09 18:09:01.164 311 311 I xiriservice_All: type=1400 audit(0.0:361): avc: denied { search } for name="com.android.cts.priv.ctsshim" dev="mmcblk0p25" ino=567 scontext=u:r:init:s0 tcontext=u:object_r:privapp_data_file:s0:c512,c768 tclass=dir permissive=1
06-09 18:09:01.164 311 311 I xiriservice_All: type=1400 audit(0.0:362): avc: denied { read } for name="lib" dev="mmcblk0p25" ino=9163 scontext=u:r:init:s0 tcontext=u:object_r:privapp_data_file:s0:c512,c768 tclass=lnk_file permissive=1
06-09 18:09:01.170 311 311 D XiriService: check file name: /data/data/com.android.cts.priv.ctsshim/lib
06-09 18:09:01.171 311 311 D XiriService: check file name: /data/data/com.android.cts.priv.ctsshim/lib
06-09 18:09:01.173 311 311 D XiriService: check file name: /data/data/com.android.dynsystem/lib
06-09 18:09:01.168 311 311 I xiriservice_All: type=1400 audit(0.0:363): avc: denied { search } for name="com.android.dynsystem" dev="mmcblk0p25" ino=575 scontext=u:r:init:s0 tcontext=u:object_r:system_app_data_file:s0 tclass=dir permissive=1
06-09 18:09:01.168 311 311 I xiriservice_All: type=1400 audit(0.0:364): avc: denied { read } for name="lib" dev="mmcblk0p25" ino=9343 scontext=u:r:init:s0 tcontext=u:object_r:system_app_data_file:s0 tclass=lnk_file permissive=1
06-09 18:09:01.174 311 311 D XiriService: check file name: /data/data/com.dangbei.lerad.rocky/lib
06-09 18:09:01.178 311 311 D XiriService: check file name: /data/data/com.dangbei.lerad.rocky/lib
06-09 18:09:01.178 311 311 D XiriService: check file name: /data/data/com.android.tv.settings/lib
06-09 18:09:01.179 311 311 D XiriService: check file name: /data/data/com.oranth.factory/lib
06-09 18:09:01.183 1 1 I init : processing action (sys.boot_completed=1) from (/system/etc/init/fix_traceing.rc:1)
06-09 18:09:01.183 1 1 I init : starting service 'fix_traceing'...
06-09 18:09:01.180 311 311 D XiriService: check file name: /data/data/com.oranth.factory/lib
06-09 18:09:01.182 311 311 D XiriService: check file name: /data/data/com.dangbei.zhushou.os/lib
06-09 18:09:01.183 311 311 D XiriService: check file name: /data/data/com.dangbei.zhushou.os/lib
06-09 18:09:01.184 311 311 D XiriService: check file name: /data/data/com.sohu.inputmethod.sogou.tv/lib
06-09 18:09:01.180 311 311 I xiriservice_All: type=1400 audit(0.0:365): avc: denied { search } for name="com.sohu.inputmethod.sogou.tv" dev="mmcblk0p25" ino=1407 scontext=u:r:init:s0 tcontext=u:object_r:app_data_file:s0:c39,c256,c512,c768 tclass=dir permissive=1
06-09 18:09:01.180 311 311 I xiriservice_All: type=1400 audit(0.0:366): avc: denied { read } for name="lib" dev="mmcblk0p25" ino=9192 scontext=u:r:init:s0 tcontext=u:object_r:app_data_file:s0:c39,c256,c512,c768 tclass=lnk_file permissive=1
06-09 18:09:01.188 311 311 D XiriService: check file name: /data/data/com.sohu.inputmethod.sogou.tv/lib
06-09 18:09:01.190 311 311 D XiriService: check file name: /data/data/com.oranth.ledstatus/lib
06-09 18:09:01.192 311 311 D XiriService: check file name: /data/data/com.oranth.ledstatus/lib
06-09 18:09:01.195 311 311 D XiriService: check file name: /data/data/com.ktcp.video/lib
06-09 18:09:01.188 311 311 I xiriservice_All: type=1400 audit(0.0:367): avc: denied { search } for name="com.ktcp.video" dev="mmcblk0p25" ino=4909 scontext=u:r:init:s0 tcontext=u:object_r:app_data_file:s0:c512,c768 tclass=dir permissive=1
06-09 18:09:01.192 311 311 I xiriservice_All: type=1400 audit(0.0:368): avc: denied { read } for name="lib" dev="mmcblk0p25" ino=9195 scontext=u:r:init:s0 tcontext=u:object_r:app_data_file:s0:c512,c768 tclass=lnk_file permissive=1
06-09 18:09:01.204 311 311 D XiriService: check file name: /data/data/com.ktcp.video/lib
06-09 18:09:01.204 311 311 D XiriService: check file name: /data/data/com.dangbei.lerad.videoposter/lib
06-09 18:09:01.206 311 311 D XiriService: check file name: /data/data/com.dangbei.lerad.videoposter/lib
06-09 18:09:01.208 311 311 D XiriService: check file name: /data/data/com.android.networkstack/lib
06-09 18:09:01.204 311 311 I xiriservice_All: type=1400 audit(0.0:369): avc: denied { read } for name="lib" dev="mmcblk0p25" ino=9353 scontext=u:r:init:s0 tcontext=u:object_r:radio_data_file:s0 tclass=lnk_file permissive=1
06-09 18:09:01.214 311 311 D XiriService: check file name: /data/data/com.android.networkstack/lib
06-09 18:09:01.216 311 311 D XiriService: check file name: /data/data/android/lib
06-09 18:09:01.217 311 311 D XiriService: check file name: /data/data/com.dangbei.screencast/lib
06-09 18:09:01.219 311 311 D XiriService: check file name: /data/data/com.dangbei.leard.leradlauncher/lib
06-09 18:09:01.219 669 951 V WallpaperService: Setting wallpaper dimming: 0.05
06-09 18:09:01.224 311 311 D XiriService: check file name: /data/data/com.dangbei.leard.leradlauncher/lib
06-09 18:09:01.225 311 311 D XiriService: check file name: /data/data/com.android.providers.settings/lib
06-09 18:09:01.232 311 311 D XiriService: check file name: /data/data/com.android.printspooler/lib
06-09 18:09:01.228 311 311 I xiriservice_All: type=1400 audit(0.0:370): avc: denied { search } for name="com.android.printspooler" dev="mmcblk0p25" ino=932 scontext=u:r:init:s0 tcontext=u:object_r:app_data_file:s0:c42,c256,c512,c768 tclass=dir permissive=1
06-09 18:09:01.228 261 261 I EventThread: type=1400 audit(0.0:371): avc: denied { search } for name="extcon" dev="sysfs" ino=18109 scontext=u:r:hal_tv_cec_default:s0 tcontext=u:object_r:sysfs_extcon:s0 tclass=dir permissive=1
06-09 18:09:01.228 311 311 I xiriservice_All: type=1400 audit(0.0:372): avc: denied { read } for name="lib" dev="mmcblk0p25" ino=9359 scontext=u:r:init:s0 tcontext=u:object_r:app_data_file:s0:c42,c256,c512,c768 tclass=lnk_file permissive=1
06-09 18:09:01.238 311 311 D XiriService: check file name: /data/data/com.android.webview/lib
06-09 18:09:01.232 311 311 I xiriservice_All: type=1400 audit(0.0:373): avc: denied { search } for name="com.android.webview" dev="mmcblk0p25" ino=951 scontext=u:r:init:s0 tcontext=u:object_r:app_data_file:s0:c60,c256,c512,c768 tclass=dir permissive=1
06-09 18:09:01.232 311 311 I xiriservice_All: type=1400 audit(0.0:374): avc: denied { read } for name="lib" dev="mmcblk0p25" ino=9360 scontext=u:r:init:s0 tcontext=u:object_r:app_data_file:s0:c60,c256,c512,c768 tclass=lnk_file permissive=1
06-09 18:09:01.242 311 311 D XiriService: check file name: /data/data/com.android.inputdevices/lib
06-09 18:09:01.242 311 311 D XiriService: check file name: /data/data/com.android.bips/lib
06-09 18:09:01.243 311 311 D XiriService: check file name: /data/data/com.oranth.inputmacsn/lib
06-09 18:09:01.244 311 311 D XiriService: check file name: /data/data/com.oranth.inputmacsn/lib
06-09 18:09:01.245 311 311 D XiriService: check file name: /data/data/com.dangbei.hqmedia/lib
06-09 18:09:01.240 311 311 I xiriservice_All: type=1400 audit(0.0:375): avc: denied { search } for name="com.dangbei.hqmedia" dev="mmcblk0p25" ino=3888 scontext=u:r:init:s0 tcontext=u:object_r:app_data_file:s0:c76,c256,c512,c768 tclass=dir permissive=1
06-09 18:09:01.240 311 311 I xiriservice_All: type=1400 audit(0.0:376): avc: denied { read } for name="lib" dev="mmcblk0p25" ino=9222 scontext=u:r:init:s0 tcontext=u:object_r:app_data_file:s0:c76,c256,c512,c768 tclass=lnk_file permissive=1
06-09 18:09:01.256 1001 1001 I bootstat: Service started: /system/bin/bootstat --record_boot_complete --record_boot_reason --record_time_since_factory_reset -l
06-09 18:09:01.257 311 311 D XiriService: check file name: /data/data/com.dangbei.hqmedia/lib
06-09 18:09:01.252 311 311 I xiriservice_All: type=1400 audit(0.0:377): avc: denied { search } for name="com.dangbei.hqmedia" dev="mmcblk0p25" ino=3888 scontext=u:r:init:s0 tcontext=u:object_r:app_data_file:s0:c76,c256,c512,c768 tclass=dir permissive=1
06-09 18:09:01.258 311 311 D XiriService: check file name: /data/data/com.android.keychain/lib
06-09 18:09:01.261 311 311 D XiriService: check file name: /data/data/android.ext.services/lib
06-09 18:09:01.264 311 311 D XiriService: check file name: /data/data/com.android.localtransport/lib
06-09 18:09:01.265 1001 1001 E bootstat: Failed to read /data/misc/bootstat/post_decrypt_time_elapsed: No such file or directory
06-09 18:09:01.265 1001 1001 E bootstat: Failed to parse boot time record: /data/misc/bootstat/post_decrypt_time_elapsed
06-09 18:09:01.276 311 311 D XiriService: check file name: /data/data/com.android.packageinstaller/lib
06-09 18:09:01.277 311 311 D XiriService: check file name: /data/data/com.android.packageinstaller/lib
06-09 18:09:01.279 311 311 D XiriService: check file name: /data/data/com.oranth.usbopenft/lib
06-09 18:09:01.283 311 311 D XiriService: check file name: /data/data/com.oranth.usbopenft/lib
06-09 18:09:01.284 184 184 I hwservicemanager: getTransport: Cannot find entry android.hardware.graphics.mapper@4.0::IMapper/default in either framework or device VINTF manifest.
06-09 18:09:01.284 311 311 D XiriService: check file name: /data/data/com.android.networkstack.tethering/lib
06-09 18:09:01.284 669 951 I Gralloc4: mapper 4.x is not supported
06-09 18:09:01.285 184 184 I hwservicemanager: getTransport: Cannot find entry android.hardware.graphics.mapper@3.0::IMapper/default in either framework or device VINTF manifest.
06-09 18:09:01.285 669 951 W Gralloc3: mapper 3.x is not supported
06-09 18:09:01.285 311 311 D XiriService: check file name: /data/data/com.android.networkstack.tethering/lib
06-09 18:09:01.286 311 311 D XiriService: check file name: /data/data/com.dangbei.lerad.etna.haqu/lib
06-09 18:09:01.284 311 311 I xiriservice_All: type=1400 audit(0.0:378): avc: denied { read } for name="lib" dev="mmcblk0p25" ino=9244 scontext=u:r:init:s0 tcontext=u:object_r:system_app_data_file:s0 tclass=lnk_file permissive=1
06-09 18:09:01.289 311 311 D XiriService: check file name: /data/data/com.dangbei.lerad.etna.haqu/lib
06-09 18:09:01.290 311 311 D XiriService: check file name: /data/data/com.oranth.powerwindow/lib
06-09 18:09:01.291 311 311 D XiriService: check file name: /data/data/com.oranth.powerwindow/lib
06-09 18:09:01.292 311 311 D XiriService: check file name: /data/data/com.android.networkstack.permissionconfig/lib
06-09 18:09:01.294 669 951 E gralloc : Arm Module v1.0
06-09 18:09:01.295 311 311 D XiriService: check file name: /data/data/com.android.networkstack.permissionconfig/lib
06-09 18:09:01.296 184 184 I hwservicemanager: getTransport: Cannot find entry android.hardware.graphics.allocator@4.0::IAllocator/default in either framework or device VINTF manifest.
06-09 18:09:01.296 669 951 W Gralloc4: allocator 4.x is not supported
06-09 18:09:01.297 184 184 I hwservicemanager: getTransport: Cannot find entry android.hardware.graphics.allocator@3.0::IAllocator/default in either framework or device VINTF manifest.
06-09 18:09:01.297 311 311 D XiriService: check file name: /data/data/com.dangbei.lerad.screensaver/lib
06-09 18:09:01.292 311 311 I xiriservice_All: type=1400 audit(0.0:379): avc: denied { search } for name="com.dangbei.lerad.screensaver" dev="mmcblk0p25" ino=1184 scontext=u:r:init:s0 tcontext=u:object_r:app_data_file:s0:c40,c256,c512,c768 tclass=dir permissive=1
06-09 18:09:01.297 669 951 W Gralloc3: allocator 3.x is not supported
06-09 18:09:01.292 311 311 I xiriservice_All: type=1400 audit(0.0:380): avc: denied { read } for name="lib" dev="mmcblk0p25" ino=9252 scontext=u:r:init:s0 tcontext=u:object_r:app_data_file:s0:c40,c256,c512,c768 tclass=lnk_file permissive=1
06-09 18:09:01.298 311 311 D XiriService: check file name: /data/data/com.dangbei.lerad.screensaver/lib
06-09 18:09:01.304 254 254 I gralloc : alloc buffer:W:1920 H:1080 S:1920 PL[1920 1080] SZ:8294400 fmt:43 if:0 af:43 usg:20000b00 fg:00000004
06-09 18:09:01.304 311 311 D XiriService: check file name: /data/data/com.android.wallpaperbackup/lib
06-09 18:09:01.300 311 311 I xiriservice_All: type=1400 audit(0.0:381): avc: denied { search } for name="com.android.wallpaperbackup" dev="mmcblk0p25" ino=1233 scontext=u:r:init:s0 tcontext=u:object_r:system_app_data_file:s0 tclass=dir permissive=1
06-09 18:09:01.305 311 311 D XiriService: check file name: /data/data/com.android.providers.media.module/lib
06-09 18:09:01.300 311 311 I xiriservice_All: type=1400 audit(0.0:382): avc: denied { search } for name="com.android.providers.media.module" dev="mmcblk0p25" ino=1257 scontext=u:r:init:s0 tcontext=u:object_r:privapp_data_file:s0:c74,c256,c512,c768 tclass=dir permissive=1
06-09 18:09:01.300 311 311 I xiriservice_All: type=1400 audit(0.0:383): avc: denied { read } for name="lib" dev="mmcblk0p25" ino=9376 scontext=u:r:init:s0 tcontext=u:object_r:privapp_data_file:s0:c74,c256,c512,c768 tclass=lnk_file permissive=1
06-09 18:09:01.307 311 311 D XiriService: check file name: /data/data/com.android.providers.media.module/lib
06-09 18:09:01.307 1001 1001 W bootstat: LogBootEvents, atomInfo not defined for events:last_boot_time_utc,build_date,ro.boottime.init.cold_boot_wait,boot_reason,system_boot_reason,time_since_last_boot
06-09 18:09:01.308 669 951 E ion : ioctl c0044901 failed with code -1: Inappropriate ioctl for device
06-09 18:09:01.310 311 311 D XiriService: check file name: /data/data/com.oranth.storage/lib
06-09 18:09:01.311 311 311 D XiriService: check file name: /data/data/com.oranth.storage/lib
06-09 18:09:01.314 311 311 D XiriService: check file name: /data/data/com.android.location.fused/lib
06-09 18:09:01.319 311 311 D XiriService: check file name: /data/data/com.android.location.fused/lib
06-09 18:09:01.322 311 311 D XiriService: check file name: /data/data/com.dangbei.haqusetting/lib
06-09 18:09:01.327 254 254 I gralloc : alloc buffer:W:1920 H:1080 S:1920 PL[1920 1080] SZ:8294400 fmt:43 if:0 af:43 usg:20000b00 fg:00000004
06-09 18:09:01.327 311 311 D XiriService: check file name: /data/data/com.dangbei.haqusetting/lib
06-09 18:09:01.328 311 311 D XiriService: check file name: /data/data/com.softwinner.miracastReceiver/lib
06-09 18:09:01.328 311 311 D XiriService: check file name: /data/data/com.android.bluetooth/lib
06-09 18:09:01.328 311 311 D XiriService: check file name: /data/data/com.android.bluetooth/lib
06-09 18:09:01.324 311 311 I xiriservice_All: type=1400 audit(0.0:384): avc: denied { read } for name="lib" dev="mmcblk0p25" ino=9381 scontext=u:r:init:s0 tcontext=u:object_r:bluetooth_data_file:s0 tclass=lnk_file permissive=1
06-09 18:09:01.329 475 519 V PackageManager: reconcileAppsData finished 114 packages
06-09 18:09:01.331 475 519 I ActivityManager: User 0 state changed from RUNNING_LOCKED to RUNNING_UNLOCKING
06-09 18:09:01.332 255 286 W sunxihwc: computeLayerMemoryFootprint: Unknown pixelformat(-1)
06-09 18:09:01.335 475 519 D ActivityManager: Unlocking user 0 progress 20
06-09 18:09:01.339 311 311 D XiriService: check file name: /data/data/com.android.bluetooth/lib
06-09 18:09:01.362 475 607 D WifiNetworkFactory: Registering NetworkFactory
06-09 18:09:01.364 475 614 D ConnectivityService: Got NetworkProvider Messenger for WifiNetworkFactory
06-09 18:09:01.364 475 607 D UntrustedWifiNetworkFactory: Registering NetworkFactory
06-09 18:09:01.364 475 614 D ConnectivityService: Got NetworkProvider Messenger for UntrustedWifiNetworkFactory
06-09 18:09:01.364 475 607 D OemPaidWifiNetworkFactory: Registering NetworkFactory
06-09 18:09:01.365 475 614 D ConnectivityService: Got NetworkProvider Messenger for OemPaidWifiNetworkFactory
06-09 18:09:01.366 475 536 I SystemServerTimingAsync: ssm.UnlockingUser-0
06-09 18:09:01.367 475 536 I SystemServiceManager: Calling onUnlockingUser 0
06-09 18:09:01.381 475 519 D AW_CODE : rotation =0
06-09 18:09:01.390 475 519 D AW_CODE : rotation =0
06-09 18:09:01.392 669 669 D SystemUIService: Starting Wifi now
06-09 18:09:01.388 669 669 I ndroid.systemui: type=1400 audit(0.0:385): avc: denied { search } for name="com.android.systemui" dev="mmcblk0p25" ino=484 scontext=u:r:platform_app:s0:c512,c768 tcontext=u:object_r:app_data_file:s0:c512,c768 tclass=dir permissive=1 app=com.softwinner.screenshot
06-09 18:09:01.394 475 516 I AdbDebuggingManager: Not connected to any wireless network. Not enabling adbwifi.
06-09 18:09:01.401 475 519 D ColorDisplayService: setUp: currentUser=0
06-09 18:09:01.402 475 536 D BluetoothManagerService: User 0 unlocked
06-09 18:09:01.404 475 536 D StorageManagerService: onUnlockUser 0
06-09 18:09:01.406 475 536 I StorageSessionController: On user unlock 0
06-09 18:09:01.406 475 536 I StorageSessionController: Initialialising...
06-09 18:09:01.406 475 519 D ColorDisplayService: onNightDisplayAutoModeChanged: autoMode=0
06-09 18:09:01.407 475 519 I ColorDisplayService: Turning off night display
06-09 18:09:01.407 475 519 D ColorDisplayService: Setting bright color reduction level: 50
06-09 18:09:01.407 188 188 I vold : onUserStarted: 0
06-09 18:09:01.409 475 516 W Looper : Slow dispatch took 762ms android.fg h=com.android.server.adb.AdbDebuggingManager$AdbDebuggingHandler c=null m=11
06-09 18:09:01.409 475 516 W Looper : Slow delivery took 789ms android.fg h=android.os.Handler c=com.android.server.location.provider.LocationProviderManager$$ExternalSyntheticLambda11@d7400d7 m=0
06-09 18:09:01.409 475 518 D BluetoothManagerService: MESSAGE_USER_UNLOCKED
06-09 18:09:01.413 475 748 V StorageManagerService: Found primary storage at VolumeInfo{emulated;0}:
06-09 18:09:01.413 475 748 V StorageManagerService: type=EMULATED diskId=null partGuid= mountFlags=0 mountUserId=0
06-09 18:09:01.413 475 748 V StorageManagerService: state=UNMOUNTED
06-09 18:09:01.413 475 748 V StorageManagerService: fsType=null fsUuid=null fsLabel=null
06-09 18:09:01.413 475 748 V StorageManagerService: path=null internalPath=null
06-09 18:09:01.415 475 601 I StorageManagerService: Mounting volume VolumeInfo{emulated;0}:
06-09 18:09:01.415 475 601 I StorageManagerService: type=EMULATED diskId=null partGuid= mountFlags=PRIMARY|VISIBLE
06-09 18:09:01.415 475 601 I StorageManagerService: mountUserId=0 state=UNMOUNTED
06-09 18:09:01.415 475 601 I StorageManagerService: fsType=null fsUuid=null fsLabel=null
06-09 18:09:01.415 475 601 I StorageManagerService: path=null internalPath=null
06-09 18:09:01.416 188 188 I vold : Mounting emulated fuse volume
06-09 18:09:01.423 475 518 W IorapForwardingService: No service published for: iorapd
06-09 18:09:01.430 475 536 W TextServicesManagerService: no available spell checker services found
06-09 18:09:01.424 1009 1009 I runin.sh: type=1400 audit(0.0:386): avc: denied { dac_read_search } for capability=2 scontext=u:r:shell:s0 tcontext=u:r:shell:s0 tclass=capability permissive=1
06-09 18:09:01.433 320 323 D XM_HIDREAD: add@ add@/class/hci_reg
06-09 18:09:01.433 320 323 D XM_HIDREAD: add@ add@/module/sunxi_hci
06-09 18:09:01.441 320 323 D XM_HIDREAD: add@ add@/devices/virtual/bdi/0:47
06-09 18:09:01.443 475 607 D WifiNetworkFactory: got request NetworkRequest [ REQUEST id=10, [ Capabilities: INTERNET&NOT_RESTRICTED&TRUSTED&NOT_VCN_MANAGED Uid: 1000 RequestorUid: 1000 RequestorPkg: android] ]
06-09 18:09:01.444 475 536 D WifiService: Handle user unlock 0
06-09 18:09:01.445 475 536 I WallpaperManagerService: on-unlock-user-0
06-09 18:09:01.447 188 188 I vold : Bind mounting /data/media to /mnt/pass_through/0/emulated
06-09 18:09:01.453 1014 1014 W audit : audit_lost=1 audit_rate_limit=5 audit_backlog_limit=64
06-09 18:09:01.453 1014 1014 E audit : rate limit exceeded
06-09 18:09:01.453 475 535 I UsageStatsService: User[0] Rollover scheduled @ 2025-06-10 17:25:50(1749547550039)
06-09 18:09:01.456 475 601 I StorageSessionController: On volume mount VolumeInfo{emulated;0}:
06-09 18:09:01.456 475 601 I StorageSessionController: type=EMULATED diskId=null partGuid= mountFlags=PRIMARY|VISIBLE
06-09 18:09:01.456 475 601 I StorageSessionController: mountUserId=0 state=CHECKING
06-09 18:09:01.456 475 601 I StorageSessionController: fsType=null fsUuid=null fsLabel=null
06-09 18:09:01.456 475 601 I StorageSessionController: path=/storage/emulated internalPath=/data/media
06-09 18:09:01.456 475 535 W AppHibernationService: Attempt to call setHibernatingForUser before states have been read from disk
06-09 18:09:01.457 475 535 W AppHibernationService: Attempt to call setHibernatingForUser before states have been read from disk
06-09 18:09:01.457 475 601 I StorageSessionController: Creating connection for user: 0
06-09 18:09:01.457 475 535 W AppHibernationService: Attempt to call setHibernatingForUser before states have been read from disk
06-09 18:09:01.458 475 535 W AppHibernationService: Attempt to call setHibernatingForUser before states have been read from disk
06-09 18:09:01.458 475 535 W AppHibernationService: Attempt to call setHibernatingForUser before states have been read from disk
06-09 18:09:01.458 475 535 W AppHibernationService: Attempt to call setHibernatingForUser before states have been read from disk
06-09 18:09:01.458 475 535 W AppHibernationService: Attempt to call setHibernatingForUser before states have been read from disk
06-09 18:09:01.459 475 535 W AppHibernationService: Attempt to call setHibernatingForUser before states have been read from disk
06-09 18:09:01.460 475 516 W Looper : Drained
06-09 18:09:01.460 475 536 W VoiceInteractionManager: no available voice recognition services found for user 0
06-09 18:09:01.461 475 535 W AppHibernationService: Attempt to call setHibernatingForUser before states have been read from disk
06-09 18:09:01.461 475 607 D WifiNetworkFactory: got request NetworkRequest [ REQUEST id=3, [ Transports: WIFI Capabilities: INTERNET&NOT_RESTRICTED&TRUSTED&NOT_VPN&NOT_VCN_MANAGED RequestorUid: 1000 RequestorPkg: android] ]
06-09 18:09:01.462 475 601 I StorageSessionController: Creating and starting session with id: emulated;0
06-09 18:09:01.462 475 535 W AppHibernationService: Attempt to call setHibernatingForUser before states have been read from disk
06-09 18:09:01.462 475 607 D WifiNetworkFactory: got request NetworkRequest [ REQUEST id=17, [ Capabilities: INTERNET&NOT_RESTRICTED&TRUSTED&NOT_VCN_MANAGED Uid: 1000 RequestorUid: 1000 RequestorPkg: android] ]
06-09 18:09:01.462 475 535 W AppHibernationService: Attempt to call setHibernatingForUser before states have been read from disk
06-09 18:09:01.462 475 607 D WifiNetworkFactory: got request NetworkRequest [ REQUEST id=19, [ Capabilities: INTERNET&NOT_RESTRICTED&TRUSTED&NOT_VCN_MANAGED Uid: 1073 RequestorUid: 1073 RequestorPkg: com.android.networkstack] ]
06-09 18:09:01.462 475 607 D WifiNetworkFactory: got request NetworkRequest [ REQUEST id=1, [ Capabilities: INTERNET&NOT_RESTRICTED&TRUSTED&NOT_VPN&NOT_VCN_MANAGED RequestorUid: 1000 RequestorPkg: android] ]
06-09 18:09:01.462 475 535 W AppHibernationService: Attempt to call setHibernatingForUser before states have been read from disk
06-09 18:09:01.462 475 601 I StorageUserConnection: Binding to the ExternalStorageService for user 0
06-09 18:09:01.462 475 607 D UntrustedWifiNetworkFactory: got request NetworkRequest [ REQUEST id=10, [ Capabilities: INTERNET&NOT_RESTRICTED&TRUSTED&NOT_VCN_MANAGED Uid: 1000 RequestorUid: 1000 RequestorPkg: android] ]
06-09 18:09:01.462 475 607 D UntrustedWifiNetworkFactory: got request NetworkRequest [ REQUEST id=3, [ Transports: WIFI Capabilities: INTERNET&NOT_RESTRICTED&TRUSTED&NOT_VPN&NOT_VCN_MANAGED RequestorUid: 1000 RequestorPkg: android] ]
06-09 18:09:01.462 475 475 W InputMethodUtils: Found no fallback locale. imis=[InputMethodInfo{com.sohu.inputmethod.sogou.tv/.SogouIME, settings: com.sohu.inputmethod.sogou.SogouIMESettingsLauncher}]
06-09 18:09:01.463 475 607 D UntrustedWifiNetworkFactory: got request NetworkRequest [ REQUEST id=17, [ Capabilities: INTERNET&NOT_RESTRICTED&TRUSTED&NOT_VCN_MANAGED Uid: 1000 RequestorUid: 1000 RequestorPkg: android] ]
06-09 18:09:01.463 475 607 D UntrustedWifiNetworkFactory: got request NetworkRequest [ REQUEST id=19, [ Capabilities: INTERNET&NOT_RESTRICTED&TRUSTED&NOT_VCN_MANAGED Uid: 1073 RequestorUid: 1073 RequestorPkg: com.android.networkstack] ]
06-09 18:09:01.463 475 607 D UntrustedWifiNetworkFactory: got request NetworkRequest [ REQUEST id=1, [ Capabilities: INTERNET&NOT_RESTRICTED&TRUSTED&NOT_VPN&NOT_VCN_MANAGED RequestorUid: 1000 RequestorPkg: android] ]
06-09 18:09:01.463 475 607 D OemPaidWifiNetworkFactory: got request NetworkRequest [ REQUEST id=10, [ Capabilities: INTERNET&NOT_RESTRICTED&TRUSTED&NOT_VCN_MANAGED Uid: 1000 RequestorUid: 1000 RequestorPkg: android] ]
06-09 18:09:01.463 475 637 I BackupManagerService: Starting service for user: 0
06-09 18:09:01.463 475 607 D OemPaidWifiNetworkFactory: got request NetworkRequest [ REQUEST id=3, [ Transports: WIFI Capabilities: INTERNET&NOT_RESTRICTED&TRUSTED&NOT_VPN&NOT_VCN_MANAGED RequestorUid: 1000 RequestorPkg: android] ]
06-09 18:09:01.463 475 607 D OemPaidWifiNetworkFactory: got request NetworkRequest [ REQUEST id=17, [ Capabilities: INTERNET&NOT_RESTRICTED&TRUSTED&NOT_VCN_MANAGED Uid: 1000 RequestorUid: 1000 RequestorPkg: android] ]
06-09 18:09:01.464 475 637 V BackupManagerService: [UserID:0] Starting with transport com.android.localtransport/.LocalTransport
06-09 18:09:01.465 475 535 W AppHibernationService: Attempt to call setHibernatingForUser before states have been read from disk
06-09 18:09:01.465 475 535 W AppHibernationService: Attempt to call setHibernatingForUser before states have been read from disk
06-09 18:09:01.465 475 535 W AppHibernationService: Attempt to call setHibernatingForUser before states have been read from disk
06-09 18:09:01.466 475 607 D OemPaidWifiNetworkFactory: got request NetworkRequest [ REQUEST id=19, [ Capabilities: INTERNET&NOT_RESTRICTED&TRUSTED&NOT_VCN_MANAGED Uid: 1073 RequestorUid: 1073 RequestorPkg: com.android.networkstack] ]
06-09 18:09:01.466 475 607 D OemPaidWifiNetworkFactory: got request NetworkRequest [ REQUEST id=1, [ Capabilities: INTERNET&NOT_RESTRICTED&TRUSTED&NOT_VPN&NOT_VCN_MANAGED RequestorUid: 1000 RequestorPkg: android] ]
06-09 18:09:01.467 475 475 W InputMethodUtils: No software keyboard is found. imis=[InputMethodInfo{com.sohu.inputmethod.sogou.tv/.SogouIME, settings: com.sohu.inputmethod.sogou.SogouIMESettingsLauncher}] systemLocale=zh_CN fallbackLocale=null
06-09 18:09:01.467 475 535 W AppHibernationService: Attempt to call setHibernatingForUser before states have been read from disk
06-09 18:09:01.472 475 988 I HibernationStateDiskStore: No hibernation file on disk for file /data/system_ce/0/hibernation/states
06-09 18:09:01.474 475 748 I WifiService: setWifiEnabled package=com.android.systemui uid=10064 enable=true
06-09 18:09:01.474 475 535 I UsageStatsService: User[0] Flushing usage stats to disk
06-09 18:09:01.478 165 165 W sunxi-ehci: EHCI SUNXI driver
06-09 18:09:01.480 165 165 W : sunxi ehci0-controller don't init wakeup source
06-09 18:09:01.480 165 165 W [sunxi-ehci0]: probe, pdev->name: 5101000.ehci0-controller, sunxi_ehci: 0xffffffc008f81018, 0x:ffffffc0121dd000, irq_no:32
06-09 18:09:01.477 320 323 D XM_HIDREAD: add@ add@/devices/virtual/devlink/regulator.8--5101000.ehci0-controller
06-09 18:09:01.477 475 637 D BackupManagerService: [UserID:0] Started thread backup-0
06-09 18:09:01.487 165 165 I sunxi-ehci 5101000.ehci0-controller: EHCI Host Controller
06-09 18:09:01.487 165 165 I sunxi-ehci 5101000.ehci0-controller: new USB bus registered, assigned bus number 1
06-09 18:09:01.487 165 165 I sunxi-ehci 5101000.ehci0-controller: irq 50, io mem 0x05101000
06-09 18:09:01.492 475 517 D AutofillUI: destroySaveUiUiThread(): already destroyed
06-09 18:09:01.494 475 536 D AutofillManagerServiceImpl: Reset component for user 0:
06-09 18:09:01.495 475 536 D FieldClassificationStrategy: reset(): service is not bound. Do nothing.
06-09 18:09:01.496 475 536 W AppBindingService: [Default SMS app] u0 Target package not found
06-09 18:09:01.497 320 323 D XM_HIDREAD: add@ add@/devices/platform/soc@3000000/5101000.ehci0-controller/usb1
06-09 18:09:01.501 165 165 I sunxi-ehci 5101000.ehci0-controller: USB 2.0 started, EHCI 1.00
06-09 18:09:01.502 165 165 I usb1 : New USB device found, idVendor=1d6b, idProduct=0002, bcdDevice= 5.04
06-09 18:09:01.502 165 165 I usb1 : New USB device strings: Mfr=3, Product=2, SerialNumber=1
06-09 18:09:01.502 165 165 I usb1 : Product: EHCI Host Controller
06-09 18:09:01.502 165 165 I usb1 : Manufacturer: Linux 5.4.125+ ehci_hcd
06-09 18:09:01.502 165 165 I usb1 : SerialNumber: sunxi-ehci
06-09 18:09:01.504 165 165 I hub 1-0 : 1.0: USB hub found
06-09 18:09:01.505 165 165 I hub 1-0 : 1.0: 1 port detected
06-09 18:09:01.508 165 165 W : sunxi ehci1-controller don't init wakeup source
06-09 18:09:01.508 165 165 W [sunxi-ehci1]: probe, pdev->name: 5200000.ehci1-controller, sunxi_ehci: 0xffffffc008f816d8, 0x:ffffffc01224f000, irq_no:34
06-09 18:09:01.509 165 165 I sunxi-ehci 5200000.ehci1-controller: EHCI Host Controller
06-09 18:09:01.509 165 165 I sunxi-ehci 5200000.ehci1-controller: new USB bus registered, assigned bus number 2
06-09 18:09:01.509 165 165 I sunxi-ehci 5200000.ehci1-controller: irq 52, io mem 0x05200000
06-09 18:09:01.504 821 821 W ContextImpl: Calling a method in the system process without a qualified user: android.app.ContextImpl.startService:1816 android.content.ContextWrapper.startService:774 android.content.ContextWrapper.startService:774 com.android.tv.settings.users.UserSwitchListenerService$BootReceiver.onReceive:50 android.app.ActivityThread.handleReceiver:4308
06-09 18:09:01.504 320 323 D XM_HIDREAD: add@ add@/devices/platform/soc@3000000/5101000.ehci0-controller/usb1/1-0:1.0
06-09 18:09:01.505 320 323 D XM_HIDREAD: add@ add@/devices/virtual/devlink/regulator.8--5200000.ehci1-controller
06-09 18:09:01.505 475 536 I ActivityTaskManager: Loading recents for user 0 into memory.
06-09 18:09:01.507 475 607 D WakeupConfigStoreData: WifiWake user data has been read
06-09 18:09:01.514 475 607 D WifiConfigStore: Reading from user stores completed in 24 ms.
06-09 18:09:01.522 165 165 I sunxi-ehci 5200000.ehci1-controller: USB 2.0 started, EHCI 1.00
06-09 18:09:01.522 165 165 E debugfs : Directory 'sunxi-ehci' with parent 'ehci' already present!
06-09 18:09:01.529 475 516 D AdbService: setAdbEnabled(true), mIsAdbUsbEnabled=true, mIsAdbWifiEnabled=true, transportType=1
06-09 18:09:01.530 475 475 I NotificationHistory: Attempted to unlock gone/disabled user 0
06-09 18:09:01.533 320 323 D XM_HIDREAD: add@ add@/devices/platform/soc@3000000/5200000.ehci1-controller/usb2
06-09 18:09:01.538 165 165 I usb2 : New USB device found, idVendor=1d6b, idProduct=0002, bcdDevice= 5.04
06-09 18:09:01.538 165 165 I usb2 : New USB device strings: Mfr=3, Product=2, SerialNumber=1
06-09 18:09:01.538 165 165 I usb2 : Product: EHCI Host Controller
06-09 18:09:01.538 165 165 I usb2 : Manufacturer: Linux 5.4.125+ ehci_hcd
06-09 18:09:01.538 165 165 I usb2 : SerialNumber: sunxi-ehci
06-09 18:09:01.540 165 165 I hub 2-0 : 1.0: USB hub found
06-09 18:09:01.540 165 165 I hub 2-0 : 1.0: 1 port detected
06-09 18:09:01.537 320 323 D XM_HIDREAD: add@ add@/devices/platform/soc@3000000/5200000.ehci1-controller/usb2/2-0:1.0
06-09 18:09:01.544 165 165 W : sunxi ehci2-controller don't init wakeup source
06-09 18:09:01.544 165 165 W [sunxi-ehci2]: probe, pdev->name: 5310000.ehci2-controller, sunxi_ehci: 0xffffffc008f81d98, 0x:ffffffc01343d000, irq_no:36
06-09 18:09:01.539 320 323 D XM_HIDREAD: add@ add@/devices/virtual/devlink/regulator.8--5310000.ehci2-controller
06-09 18:09:01.546 165 165 I sunxi-ehci 5310000.ehci2-controller: EHCI Host Controller
06-09 18:09:01.546 165 165 I sunxi-ehci 5310000.ehci2-controller: new USB bus registered, assigned bus number 3
06-09 18:09:01.546 165 165 I sunxi-ehci 5310000.ehci2-controller: irq 54, io mem 0x05310000
06-09 18:09:01.549 475 536 V PackageConfigPersister: loadPackages: empty list files from /data/system_ce/0/package_configs
06-09 18:09:01.552 475 1020 I AppSearchUserInstanceMa: Creating new AppSearch instance at: /data/system_ce/0/appsearch/icing
06-09 18:09:01.553 475 536 W ActivityManager: UserLifecycleEvent 5 received without an active userJourneySession.
06-09 18:09:01.553 475 536 W ActivityManager: UserLifecycleEvent 6 received without an active userJourneySession.
06-09 18:09:01.553 475 536 I ActivityManager: User 0 state changed from RUNNING_UNLOCKING to RUNNING_UNLOCKED
06-09 18:09:01.555 475 536 D SystemServerTiming: SystemUserUnlock took to complete: 901ms
06-09 18:09:01.555 475 607 D WifiConfigStore: Writing to stores completed in 20 ms.
06-09 18:09:01.555 475 607 D WifiActiveModeWarden: Starting primary ClientModeManager in connect mode
06-09 18:09:01.558 475 601 D CompatibilityChangeReporter: Compat change id reported: 135634846; UID 10074; state: DISABLED
06-09 18:09:01.559 475 601 W ActivityManager: Slow operation: 53ms so far, now at startProcess: done starting proc!
06-09 18:09:01.559 475 537 D CompatibilityChangeReporter: Compat change id reported: 143937733; UID 10074; state: ENABLED
06-09 18:09:01.561 475 517 D AW_CODE : rotation =0
06-09 18:09:01.562 475 601 I StorageUserConnection: Bound to the ExternalStorageService for user 0
06-09 18:09:01.561 165 165 I sunxi-ehci 5310000.ehci2-controller: USB 2.0 started, EHCI 1.00
06-09 18:09:01.561 165 165 E debugfs : Directory 'sunxi-ehci' with parent 'ehci' already present!
06-09 18:09:01.572 165 165 I usb3 : New USB device found, idVendor=1d6b, idProduct=0002, bcdDevice= 5.04
06-09 18:09:01.572 165 165 I usb3 : New USB device strings: Mfr=3, Product=2, SerialNumber=1
06-09 18:09:01.572 165 165 I usb3 : Product: EHCI Host Controller
06-09 18:09:01.572 165 165 I usb3 : Manufacturer: Linux 5.4.125+ ehci_hcd
06-09 18:09:01.572 165 165 I usb3 : SerialNumber: sunxi-ehci
06-09 18:09:01.568 475 637 I SELinux : SELinux: Loaded file_contexts
06-09 18:09:01.568 367 367 I update_engine: [INFO:cleanup_previous_update_action.cc(112)] Executing task 6
06-09 18:09:01.571 475 517 D AW_CODE : rotation =0
06-09 18:09:01.571 320 323 D XM_HIDREAD: add@ add@/devices/platform/soc@3000000/5310000.ehci2-controller/usb3
06-09 18:09:01.573 320 323 D XM_HIDREAD: add@ add@/devices/platform/soc@3000000/5310000.ehci2-controller/usb3/3-0:1.0
06-09 18:09:01.579 165 165 I hub 3-0 : 1.0: USB hub found
06-09 18:09:01.579 165 165 I hub 3-0 : 1.0: 1 port detected
06-09 18:09:01.583 165 165 W : sunxi ehci3-controller don't init wakeup source
06-09 18:09:01.583 165 165 W [sunxi-ehci3]: probe, pdev->name: 5311000.ehci3-controller, sunxi_ehci: 0xffffffc008f82458, 0x:ffffffc01344d000, irq_no:38
06-09 18:09:01.584 165 165 I sunxi-ehci 5311000.ehci3-controller: EHCI Host Controller
06-09 18:09:01.584 165 165 I sunxi-ehci 5311000.ehci3-controller: new USB bus registered, assigned bus number 4
06-09 18:09:01.585 165 165 I sunxi-ehci 5311000.ehci3-controller: irq 56, io mem 0x05311000
06-09 18:09:01.578 320 323 D XM_HIDREAD: add@ add@/devices/virtual/devlink/regulator.8--5311000.ehci3-controller
06-09 18:09:01.578 367 367 I update_engine: [INFO:cleanup_previous_update_action.cc(189)] Boot completed, waiting on markBootSuccessful()
06-09 18:09:01.583 475 536 I ActivityManager: com.dangbei.lerad.etna.haqu is exempt from freezer
06-09 18:09:01.585 475 607 D WifiController: DisabledState.exit()
06-09 18:09:01.586 475 607 D WifiController: EnabledState.enter()
06-09 18:09:01.587 475 637 E BackupPasswordManager: Unable to read backup pw version
06-09 18:09:01.587 475 536 D CompatibilityChangeReporter: Compat change id reported: 135634846; UID 1000; state: DISABLED
06-09 18:09:01.588 475 637 E BackupPasswordManager: Unable to read saved backup pw hash
06-09 18:09:01.589 367 367 I update_engine: EnsureMetadataMounted does nothing in Android mode.
06-09 18:09:01.591 475 607 D WifiClientModeManager[unknown]: entering IdleState
06-09 18:09:01.598 165 165 I sunxi-ehci 5311000.ehci3-controller: USB 2.0 started, EHCI 1.00
06-09 18:09:01.598 165 165 E debugfs : Directory 'sunxi-ehci' with parent 'ehci' already present!
06-09 18:09:01.606 656 656 D WifiHWInfo: Start to load wireless module hardware info table...
06-09 18:09:01.609 656 656 D WifiHWInfo: Entry [01], BUS: SDIO, ID: 0x024C8179, Name: rtl8189es.
06-09 18:09:01.609 656 656 D WifiHWInfo: Entry [02], BUS: SDIO, ID: 0x024CB723, Name: rtl8723bs_vq0.
06-09 18:09:01.609 656 656 D WifiHWInfo: Entry [03], BUS: SDIO, ID: 0x024CB703, Name: rtl8723cs.
06-09 18:09:01.609 656 656 D WifiHWInfo: Entry [04], BUS: SDIO, ID: 0x024CD723, Name: rtl8723ds.
06-09 18:09:01.609 656 656 D WifiHWInfo: Entry [05], BUS: SDIO, ID: 0x024CF179, Name: rtl8189fs.
06-09 18:09:01.610 656 656 D WifiHWInfo: Entry [06], BUS: SDIO, ID: 0x024CB822, Name: rtl88x2bs.
06-09 18:09:01.610 656 656 D WifiHWInfo: Entry [07], BUS: USB, ID: 0x0BDAD723, Name: rtl8723du.
06-09 18:09:01.610 656 656 D WifiHWInfo: Entry [08], BUS: USB, ID: 0x0BDA8179, Name: rtl8188etv.
06-09 18:09:01.610 656 656 D WifiHWInfo: Entry [09], BUS: USB, ID: 0x0BDA0179, Name: rtl8188eu.
06-09 18:09:01.610 656 656 D WifiHWInfo: Entry [10], BUS: USB, ID: 0x0BDA818B, Name: rtl8192eu.
06-09 18:09:01.610 656 656 D WifiHWInfo: Entry [11], BUS: USB, ID: 0x0BDAB720, Name: rtl8723bu.
06-09 18:09:01.610 656 656 D WifiHWInfo: Entry [12], BUS: USB, ID: 0x0BDAC82C, Name: rtl8822cu.
06-09 18:09:01.610 656 656 D WifiHWInfo: Entry [13], BUS: USB, ID: 0x0BDAF179, Name: rtl8188fu.
06-09 18:09:01.610 656 656 D WifiHWInfo: Entry [14], BUS: SDIO, ID: 0x02D0A9A6, Name: ap6212.
06-09 18:09:01.610 656 656 D WifiHWInfo: Entry [15], BUS: SDIO, ID: 0x02D04330, Name: ap6330.
06-09 18:09:01.610 656 656 D WifiHWInfo: Entry [16], BUS: SDIO, ID: 0x02D04356, Name: ap6356s.
06-09 18:09:01.610 656 656 D WifiHWInfo: Entry [17], BUS: SDIO, ID: 0x02D0A9BF, Name: ap6255.
06-09 18:09:01.610 656 656 D WifiHWInfo: Entry [18], BUS: SDIO, ID: 0x02D04334, Name: bcm43342.
06-09 18:09:01.610 656 656 D WifiHWInfo: Entry [19], BUS: SDIO, ID: 0x00202281, Name: xr819.
06-09 18:09:01.610 656 656 D WifiHWInfo: Entry [20], BUS: SDIO, ID: 0x0A9E2282, Name: xr829.
06-09 18:09:01.610 656 656 D WifiHWInfo: Entry [21], BUS: SDIO, ID: 0x0271050A, Name: qca6174a.
06-09 18:09:01.612 656 656 D WifiHWInfo: Entry [22], BUS: SDIO, ID: 0x30303030, Name: ssv6x5x.
06-09 18:09:01.612 656 656 D WifiHWInfo: Entry [23], BUS: SDIO, ID: 0x00000000, Name: uwe5621.
06-09 18:09:01.612 656 656 D WifiHWInfo: Entry [24], BUS: SDIO, ID: 0x54490145, Name: aic8800.
06-09 18:09:01.612 656 656 D WifiHWInfo: Entry [25], BUS: SDIO, ID: 0xC8A1C08D, Name: aic8800.
06-09 18:09:01.612 656 656 D WifiHWInfo: Entry [26], BUS: USB, ID: 0xA69C8800, Name: aic8800.
06-09 18:09:01.612 656 656 D WifiHWInfo: Entry [27], BUS: USB, ID: 0x007A8888, Name: atbm6023is.
06-09 18:09:01.612 656 656 D WifiHWInfo: Entry [28], BUS: SDIO, ID: 0x02E79086, Name: 9012p.
06-09 18:09:01.612 656 656 D WifiHWInfo: Entry [29], BUS: SDIO, ID: 0x007A6011, Name: atbm613x_wifi_sdio.
06-09 18:09:01.612 656 656 D WifiHWInfo: Entry [30], BUS: SDIO, ID: 0x024CC822, Name: 88x2cs.
06-09 18:09:01.612 656 656 D WifiHWInfo: Entry [31], BUS: SDIO, ID: 0x000018F0, Name: dummy.
06-09 18:09:01.612 656 656 W android.hardware.wifi@1.0-service-lazy: DRIVER_MODULE_TAG: sprdwl_ng : Success
06-09 18:09:01.612 656 656 I android.hardware.wifi@1.0-service-lazy: driver_module_path: /vendor/lib/modules/sprdwl_ng.ko
06-09 18:09:01.613 656 656 I android.hardware.wifi@1.0-service-lazy: driver_module_arg:
06-09 18:09:01.620 165 165 I usb4 : New USB device found, idVendor=1d6b, idProduct=0002, bcdDevice= 5.04
06-09 18:09:01.620 165 165 I usb4 : New USB device strings: Mfr=3, Product=2, SerialNumber=1
06-09 18:09:01.620 165 165 I usb4 : Product: EHCI Host Controller
06-09 18:09:01.620 165 165 I usb4 : Manufacturer: Linux 5.4.125+ ehci_hcd
06-09 18:09:01.620 165 165 I usb4 : SerialNumber: sunxi-ehci
06-09 18:09:01.618 320 323 D XM_HIDREAD: add@ add@/devices/platform/soc@3000000/5311000.ehci3-controller/usb4
06-09 18:09:01.619 320 323 D XM_HIDREAD: add@ add@/devices/platform/soc@3000000/5311000.ehci3-controller/usb4/4-0:1.0
06-09 18:09:01.625 165 165 I hub 4-0 : 1.0: USB hub found
06-09 18:09:01.625 165 165 I hub 4-0 : 1.0: 1 port detected
06-09 18:09:01.623 367 367 I update_engine: Read merge statistics file failed: No such file or directory
06-09 18:09:01.626 320 323 D XM_HIDREAD: add@ add@/bus/platform/drivers/sunxi-ehci
06-09 18:09:01.627 320 323 D XM_HIDREAD: add@ add@/module/ehci_sunxi
06-09 18:09:01.627 241 241 D Zygote : Forked child process 1026
06-09 18:09:01.628 475 537 W ActivityManager: Slow operation: 75ms so far, now at startProcess: returned from zygote!
06-09 18:09:01.631 367 367 I update_engine: [INFO:cleanup_previous_update_action.cc(261)] Waiting for any previous merge request to complete. This can take up to several minutes.
06-09 18:09:01.639 475 536 I ActivityManager: Posting BOOT_COMPLETED user #0
06-09 18:09:01.641 475 537 W ActivityManager: Slow operation: 87ms so far, now at startProcess: done updating battery stats
06-09 18:09:01.641 475 537 I Watchdog: Interesting Java process com.android.providers.media.module started. Pid 1026
06-09 18:09:01.641 475 537 W ActivityManager: Slow operation: 88ms so far, now at startProcess: building log message
06-09 18:09:01.641 475 537 I ActivityManager: app.processName = com.android.providers.media.module
06-09 18:09:01.641 475 537 I ActivityManager: Start proc 1026:com.android.providers.media.module/u0a74 for service {com.android.providers.media.module/com.android.providers.media.fuse.ExternalStorageServiceImpl}
06-09 18:09:01.641 475 537 W ActivityManager: Slow operation: 88ms so far, now at startProcess: starting to update pids map
06-09 18:09:01.642 475 537 W ActivityManager: Slow operation: 88ms so far, now at startProcess: done updating pids map
06-09 18:09:01.642 475 537 W ActivityManager: Slow operation: 59ms so far, now at startProcess: asking zygote to start proc
06-09 18:09:01.650 367 367 E update_engine: Read state file failed: No such file or directory
06-09 18:09:01.654 475 535 W Searchables: No global search activity found
06-09 18:09:01.655 367 367 E update_engine: Read state file failed: No such file or directory
06-09 18:09:01.658 475 536 D CompatibilityChangeReporter: Compat change id reported: 135634846; UID 10017; state: DISABLED
06-09 18:09:01.658 475 536 D CompatibilityChangeReporter: Compat change id reported: 177438394; UID 10017; state: DISABLED
06-09 18:09:01.659 475 536 D CompatibilityChangeReporter: Compat change id reported: 135772972; UID 10017; state: DISABLED
06-09 18:09:01.660 475 536 D CompatibilityChangeReporter: Compat change id reported: 135754954; UID 10017; state: ENABLED
06-09 18:09:01.660 1026 1026 I Zygote : seccomp disabled by setenforce 0
06-09 18:09:01.666 475 535 I system_server: Using smaps_rollup for pss collection
06-09 18:09:01.671 241 241 D Zygote : Forked child process 1027
06-09 18:09:01.672 475 537 W ActivityManager: Slow operation: 89ms so far, now at startProcess: returned from zygote!
06-09 18:09:01.674 367 367 I update_engine: CheckMergeState for snapshots returned: 0
06-09 18:09:01.674 475 516 I AppWidgetServiceImpl: Processing of handleUserUnlocked u0 took 22 ms
06-09 18:09:01.676 367 367 I update_engine: ProcessUpdateState handling state: 0
06-09 18:09:01.678 367 367 I update_engine: [INFO:cleanup_previous_update_action.cc(287)] Can't find any snapshot to merge.
06-09 18:09:01.679 320 323 D XM_HIDREAD: add@ add@/bus/platform/drivers/unisoc_wifi
06-09 18:09:01.682 367 367 E update_engine: Read state file failed: No such file or directory
06-09 18:09:01.689 320 323 D XM_HIDREAD: add@ add@/devices/platform/unisoc_wifi
06-09 18:09:01.689 320 323 D XM_HIDREAD: add@ add@/devices/virtual/devlink/regulator.8--5101400.ohci0-controller
06-09 18:09:01.690 367 367 I update_engine: [INFO:cleanup_previous_update_action.cc(130)] Stopping/suspending/completing CleanupPreviousUpdateAction
06-09 18:09:01.691 475 1020 W UnsafeUtil: platform method missing - proto runtime falling back to safer methods: java.lang.NoSuchMethodException: sun.misc.Unsafe.copyMemory [class java.lang.Object, long, class java.lang.Object, long, long]
06-09 18:09:01.692 367 367 I update_engine: [INFO:cleanup_previous_update_action.cc(469)] Not reporting merge stats because state is None
06-09 18:09:01.695 1027 1027 I Zygote : seccomp disabled by setenforce 0
06-09 18:09:01.696 367 367 I update_engine: [INFO:cleanup_previous_update_action.cc(130)] Stopping/suspending/completing CleanupPreviousUpdateAction
06-09 18:09:01.696 320 323 D XM_HIDREAD: add@ add@/devices/platform/unisoc_wifi/wakeup/wakeup25
