06-09 18:11:26.687 2291 3227 D LeradPlayer: player newState: 4 oldState: 3
06-09 18:11:26.704 2291 2291 E VideoPlayerView: onError----code:-1007__extra:0
06-09 18:11:26.704 2291 2291 E VideoPlayerView: Errors.ERROR_BUFFER_EMPTY
06-09 18:11:26.705 2291 2291 E VideoPlayerView: onBufferEmpty:too much,skip
06-09 18:11:26.706 2291 2291 E VideoPlayerView: onStateChanged: PLAYER_STATE_PAUSED
06-09 18:11:26.728 320 2664 D XM_HIDREAD: poll ret=1, event=1
06-09 18:11:26.729 320 2664 D XM_HIDREAD: [9 bytes]:01 00 00 4F 00 00 00 00 00
06-09 18:11:26.729 475 595 D TvWindowManager: key event key = KEYCODE_DPAD_RIGHT down = true
06-09 18:11:26.736 475 594 D GpioService: mFlickerEnable = true
06-09 18:11:26.752 2051 2051 I SogouIME: onKeyDown: keyoCode=22
06-09 18:11:26.752 2051 2051 I DefaultIMS: onKeyDown: keyoCode=22
06-09 18:11:26.887 475 518 W IorapForwardingService: No service published for: iorapd
06-09 18:11:26.908 320 2664 D XM_HIDREAD: poll ret=1, event=1
06-09 18:11:26.908 320 2664 D XM_HIDREAD: [9 bytes]:01 00 00 00 00 00 00 00 00
06-09 18:11:26.909 475 595 D TvWindowManager: key event key = KEYCODE_DPAD_RIGHT down = false
06-09 18:11:26.913 2051 2051 I SogouIME: onKeyUp: keyoCode=22
06-09 18:11:26.913 2051 2051 I DefaultIMS: onKeyUp: keyoCode=22
06-09 18:11:26.944 2291 3197 D LeradPlayer: seek: 449925
06-09 18:11:26.944 2291 3197 I void PlayerProxy::seek(long, int64_t): start seek
06-09 18:11:26.947 2291 3226 E static int FFDemuxer::interruptCallBack(void *): abort request
06-09 18:11:26.948 2291 3226 E virtual Data FFDemuxer::read(): read frame failed: Invalid data found when processing input
06-09 18:11:26.948 2291 3226 E virtual Data FFDemuxer::read(): read frame failed: Invalid data found when processing input
06-09 18:11:26.949 2291 3226 E virtual Data FFDemuxer::read(): read frame failed: Invalid data found when processing input
06-09 18:11:26.949 2291 3226 E virtual Data FFDemuxer::read(): read frame failed: Invalid data found when processing input
06-09 18:11:26.949 2291 3226 E virtual Data FFDemuxer::read(): read frame failed: Invalid data found when processing input
06-09 18:11:26.949 2291 3226 E virtual Data FFDemuxer::read(): read frame failed: Invalid data found when processing input
06-09 18:11:26.950 2291 3226 E virtual Data FFDemuxer::read(): read frame failed: Invalid data found when processing input
06-09 18:11:26.950 2291 3226 E virtual Data FFDemuxer::read(): read frame failed: Invalid data found when processing input
06-09 18:11:26.950 2291 3226 E virtual Data FFDemuxer::read(): read frame failed: Invalid data found when processing input
06-09 18:11:26.950 2291 3226 E virtual Data FFDemuxer::read(): read frame failed: Invalid data found when processing input
06-09 18:11:26.951 2291 3226 E virtual Data FFDemuxer::read(): read frame failed: Invalid data found when processing input
06-09 18:11:26.951 2291 3226 E virtual Data FFDemuxer::read(): read frame failed: Invalid data found when processing input
06-09 18:11:26.951 2291 3226 E virtual Data FFDemuxer::read(): read frame failed: Invalid data found when processing input
06-09 18:11:26.951 2291 3226 E virtual Data FFDemuxer::read(): read frame failed: Invalid data found when processing input
06-09 18:11:26.952 2291 3226 E virtual Data FFDemuxer::read(): read frame failed: Invalid data found when processing input
06-09 18:11:26.953 2291 3226 E virtual Data FFDemuxer::read(): read frame failed: Invalid data found when processing input
06-09 18:11:26.953 2291 3226 E virtual Data FFDemuxer::read(): read frame failed: Invalid data found when processing input
06-09 18:11:26.953 2291 3226 E virtual Data FFDemuxer::read(): read frame failed: Invalid data found when processing input
06-09 18:11:26.953 2291 3226 E virtual Data FFDemuxer::read(): read frame failed: Invalid data found when processing input
06-09 18:11:26.953 2291 3226 E virtual Data FFDemuxer::read(): read frame failed: Invalid data found when processing input
06-09 18:11:26.954 2291 3226 E virtual Data FFDemuxer::read(): read frame failed: Invalid data found when processing input
06-09 18:11:26.954 2291 3226 E virtual Data FFDemuxer::read(): read frame failed: Invalid data found when processing input
06-09 18:11:26.954 2291 3226 E virtual Data FFDemuxer::read(): read frame failed: Invalid data found when processing input
06-09 18:11:26.954 2291 3226 E virtual Data FFDemuxer::read(): read frame failed: Invalid data found when processing input
06-09 18:11:26.954 2291 3197 I void Player::seek(int64_t): seek start
06-09 18:11:26.954 2291 3197 I void Player::setState(PLAYER_STATE): state changed newState: 5 oldState: 4
06-09 18:11:26.954 2291 3226 E virtual Data FFDemuxer::read(): read frame failed: Invalid data found when processing input
06-09 18:11:26.955 2291 3197 D LeradPlayer: player newState: 5 oldState: 4
06-09 18:11:26.955 2291 3197 I void IDemuxer::setState(int): newState:5 oldState:4
06-09 18:11:26.955 2291 3197 I virtual void IDemuxer::pause(bool): pause success 1
06-09 18:11:26.955 2291 3197 I virtual void IDecoder::pause(bool): pause success: 1
06-09 18:11:26.955 2291 3197 I virtual void IDecoder::pause(bool): pause success: 1
06-09 18:11:26.955 2291 3197 I void Player::seek(int64_t): clear buffer before seek
06-09 18:11:26.955 2291 3197 I virtual void IAudioOutput::clear(): clear success
06-09 18:11:26.955 2291 3197 I void IDecoder::setState(int): newState:0 oldState:5
06-09 18:11:26.955 2291 3197 I virtual void IDecoder::clear(): clear success 1
06-09 18:11:26.955 2291 3197 I virtual void FFAVDecoder::clear(): clear success: 1
06-09 18:11:26.955 2291 3197 I void IDecoder::setState(int): newState:0 oldState:5
06-09 18:11:26.956 2291 3197 I virtual void IDecoder::clear(): clear success 2
06-09 18:11:26.959 360 3220 D omx_thread: : ++++++++++suspend, drain
06-09 18:11:26.959 360 3232 D omx_thread: : post stop run sem drain
06-09 18:11:26.959 360 3220 D omx_thread: : ++++++++wait stop-run sem done: drain
06-09 18:11:26.960 360 3220 D omx_thread: : ++++++++++suspend, decode
06-09 18:11:26.961 2291 2291 E VideoPlayerView: onStateChanged: PLAYER_STATE_SEEKING
06-09 18:11:26.961 360 3231 D omx_thread: : post stop run sem decode
06-09 18:11:26.962 360 3220 D omx_thread: : ++++++++wait stop-run sem done: decode
06-09 18:11:26.962 360 3220 D omx_thread: : ++++++++++suspend, submit
06-09 18:11:26.963 360 3230 D omx_thread: : post stop run sem submit
06-09 18:11:26.964 360 3220 D omx_thread: : ++++++++wait stop-run sem done: submit
06-09 18:11:26.964 360 3220 D omx_vdec: : flush command, portIdx:4294967295
06-09 18:11:26.964 360 3220 D omx_vdec_aw: <__anFlush:3468>: decoder flush
06-09 18:11:26.965 360 3220 D cedarc : : ** wait for reset sem
06-09 18:11:26.976 360 3229 D cedarc : : *** post reset sem
06-09 18:11:26.976 360 3220 D cedarc : : ** wait for reset sem ok
06-09 18:11:26.976 360 3220 D cedarc : : SbmFrameReset finish
06-09 18:11:26.976 360 3220 W omx_vdec_aw: : ** return pic owned by render,i[0], pHeadBufInfo[0xe8c1da00], pPic[0xe8910f10]
06-09 18:11:26.976 360 3220 D omx_vdec_aw: : ** fillBufferDone owned by decoer i[1],pHeadBufInfo[0xe8c1da50],pPic[0xe8911180]
06-09 18:11:26.976 360 3220 D omx_vdec_aw: : ** fillBufferDone owned by decoer i[2],pHeadBufInfo[0xe8c1daa0],pPic[0xe89108f8]
06-09 18:11:26.976 360 3220 D omx_vdec_aw: : ** fillBufferDone owned by decoer i[3],pHeadBufInfo[0xe8c1daf0],pPic[0xe8910b68]
06-09 18:11:26.976 360 3220 D omx_vdec_aw: : ** fillBufferDone owned by decoer i[4],pHeadBufInfo[0xe8c1db40],pPic[0xe89112b8]
06-09 18:11:26.976 360 3220 D omx_vdec_aw: : ** fillBufferDone owned by decoer i[5],pHeadBufInfo[0xe8c1dbe0],pPic[0xe8910688]
06-09 18:11:26.976 360 3220 D omx_vdec_aw: : ** fillBufferDone owned by decoer i[6],pHeadBufInfo[0xe8c1dcd0],pPic[0xe8911048]
06-09 18:11:26.977 360 3220 D omx_vdec_aw: : ** fillBufferDone owned by decoer i[7],pHeadBufInfo[0xe8c1dd20],pPic[0xe8910418]
06-09 18:11:26.977 360 3220 D omx_vdec_aw: : ** fillBufferDone owned by decoer i[8],pHeadBufInfo[0xe8c1ddc0],pPic[0xe8910550]
06-09 18:11:26.977 360 3220 D omx_vdec_aw: : ** fillBufferDone owned by decoer i[9],pHeadBufInfo[0xe8c1de10],pPic[0xe89107c0]
06-09 18:11:26.977 360 3220 D omx_vdec_aw: : ** fillBufferDone owned by decoer i[10],pHeadBufInfo[0xe8c1db90],pPic[0xe8910a30]
06-09 18:11:26.977 360 3220 E cedarc : : CdcIonUnmap failed: Invalid argument
06-09 18:11:26.977 360 3220 E cedarc : 
06-09 18:11:26.977 360 3220 E cedarc : : CdcIonUnmap failed: Invalid argument
06-09 18:11:26.977 360 3220 E cedarc : 
06-09 18:11:26.977 360 3220 E cedarc : : CdcIonUnmap failed: Invalid argument
06-09 18:11:26.977 360 3220 E cedarc : 
06-09 18:11:26.977 360 3220 E cedarc : : CdcIonUnmap failed: Invalid argument
06-09 18:11:26.977 360 3220 E cedarc : 
06-09 18:11:26.977 360 3220 E cedarc : : CdcIonUnmap failed: Invalid argument
06-09 18:11:26.977 360 3220 E cedarc : 
06-09 18:11:26.977 360 3220 E cedarc : : CdcIonUnmap failed: Invalid argument
06-09 18:11:26.977 360 3220 E cedarc : 
06-09 18:11:26.977 360 3220 E cedarc : : CdcIonUnmap failed: Invalid argument
06-09 18:11:26.977 360 3220 E cedarc : 
06-09 18:11:26.977 360 3220 E cedarc : : CdcIonUnmap failed: Invalid argument
06-09 18:11:26.977 360 3220 E cedarc : 
06-09 18:11:26.977 360 3220 E cedarc : : CdcIonUnmap failed: Invalid argument
06-09 18:11:26.977 360 3220 E cedarc : 
06-09 18:11:26.977 360 3220 E cedarc : : CdcIonUnmap failed: Invalid argument
06-09 18:11:26.977 360 3220 E cedarc : 
06-09 18:11:26.977 360 3220 E cedarc : : CdcIonUnmap failed: Invalid argument
06-09 18:11:26.977 360 3220 E cedarc : 
06-09 18:11:26.977 360 3220 D fbm.c : : FbmDequeue from pEmptyBufferQueue is null!!!!!
06-09 18:11:26.977 360 3220 D omx_thread: : ++++++++++resume, submit
06-09 18:11:26.977 360 3220 D omx_thread: : ++++++++++resume, decode
06-09 18:11:26.977 360 3220 D omx_thread: : ++++++++++resume, drain
06-09 18:11:26.978 2291 3197 I virtual void MediaDecoder::clear(): clear success 2
06-09 18:11:26.978 2291 3197 I virtual int FFDemuxer::seek(int64_t): start
06-09 18:11:26.978 2291 3197 I void IDemuxer::setState(int): newState:0 oldState:5
06-09 18:11:26.978 2291 3197 I virtual void IDemuxer::clear(): clear success
06-09 18:11:26.978 2291 3197 I virtual int FFDemuxer::seek(int64_t): demuxer lock
06-09 18:11:26.978 2291 3197 I virtual int FFDemuxer::seek(int64_t): demuxer unlock
06-09 18:11:26.978 2291 3197 I virtual int FFDemuxer::seek(int64_t): seek end
06-09 18:11:26.978 2291 3197 I void IDecoder::setState(int): newState:2 oldState:0
06-09 18:11:26.978 2291 3197 I virtual void IDecoder::pause(bool): pause success: 0
06-09 18:11:26.978 2291 3197 I void IDecoder::setState(int): newState:2 oldState:0
06-09 18:11:26.978 2291 3197 I virtual void IDecoder::pause(bool): pause success: 0
06-09 18:11:26.978 2291 3197 I void IDemuxer::setState(int): newState:2 oldState:0
06-09 18:11:26.978 2291 3197 I virtual void IDemuxer::pause(bool): pause success 0
06-09 18:11:26.978 2291 3197 I void Player::seek(int64_t): seek result: 0
06-09 18:11:26.979 2291 3226 E virtual Data FFDemuxer::read(): read frame failed: Invalid data found when processing input
06-09 18:11:26.980 2291 3226 I void IDemuxer::setState(int): newState:4 oldState:2
06-09 18:11:26.980 2291 3226 E virtual Data FFDemuxer::read(): read frame failed: Invalid data found when processing input
06-09 18:11:26.981 2291 3226 E virtual Data FFDemuxer::read(): read frame failed: Invalid data found when processing input
06-09 18:11:26.981 2291 3226 E virtual Data FFDemuxer::read(): read frame failed: Invalid data found when processing input
06-09 18:11:26.981 2291 3226 E virtual Data FFDemuxer::read(): read frame failed: Invalid data found when processing input
06-09 18:11:26.982 2291 3226 E virtual Data FFDemuxer::read(): read frame failed: Invalid data found when processing input
06-09 18:11:26.982 2291 3226 E virtual Data FFDemuxer::read(): read frame failed: Invalid data found when processing input
06-09 18:11:26.982 2291 3226 E virtual Data FFDemuxer::read(): read frame failed: Invalid data found when processing input
06-09 18:11:26.983 2291 3226 E virtual Data FFDemuxer::read(): read frame failed: Invalid data found when processing input
06-09 18:11:26.983 2291 3226 E virtual Data FFDemuxer::read(): read frame failed: Invalid data found when processing input
06-09 18:11:26.983 2291 3226 E virtual Data FFDemuxer::read(): read frame failed: Invalid data found when processing input
06-09 18:11:26.984 2291 3226 E virtual Data FFDemuxer::read(): read frame failed: Invalid data found when processing input
06-09 18:11:26.984 2291 3226 E virtual Data FFDemuxer::read(): read frame failed: Invalid data found when processing input
06-09 18:11:26.985 2291 3226 E virtual Data FFDemuxer::read(): read frame failed: Invalid data found when processing input
06-09 18:11:26.993 2291 3226 E virtual Data FFDemuxer::read(): read frame failed: Invalid data found when processing input
06-09 18:11:26.994 2291 3226 E virtual Data FFDemuxer::read(): read frame failed: Invalid data found when processing input
06-09 18:11:26.994 2291 3226 E virtual Data FFDemuxer::read(): read frame failed: Invalid data found when processing input
06-09 18:11:26.994 2291 3226 E virtual Data FFDemuxer::read(): read frame failed: Invalid data found when processing input
06-09 18:11:26.994 2291 3226 E virtual Data FFDemuxer::read(): read frame failed: Invalid data found when processing input
06-09 18:11:26.995 2291 3226 E virtual Data FFDemuxer::read(): read frame failed: Invalid data found when processing input
06-09 18:11:26.996 2291 3226 E virtual Data FFDemuxer::read(): read frame failed: Invalid data found when processing input
06-09 18:11:26.996 2291 3226 E virtual Data FFDemuxer::read(): read frame failed: Invalid data found when processing input
06-09 18:11:26.996 2291 3226 E virtual Data FFDemuxer::read(): read frame failed: Invalid data found when processing input
06-09 18:11:26.996 2291 3226 E virtual Data FFDemuxer::read(): read frame failed: Invalid data found when processing input
06-09 18:11:26.996 2291 3226 E virtual Data FFDemuxer::read(): read frame failed: Invalid data found when processing input
06-09 18:11:26.997 2291 3226 E virtual Data FFDemuxer::read(): read frame failed: Invalid data found when processing input
06-09 18:11:26.997 2291 3226 E virtual Data FFDemuxer::read(): read frame failed: Invalid data found when processing input
06-09 18:11:26.997 2291 3226 E virtual Data FFDemuxer::read(): read frame failed: Invalid data found when processing input
06-09 18:11:26.997 2291 3226 E virtual Data FFDemuxer::read(): read frame failed: Invalid data found when processing input
06-09 18:11:26.998 2291 3226 E virtual Data FFDemuxer::read(): read frame failed: Invalid data found when processing input
06-09 18:11:26.998 2291 3226 E virtual Data FFDemuxer::read(): read frame failed: Invalid data found when processing input
06-09 18:11:26.998 2291 3226 E virtual Data FFDemuxer::read(): read frame failed: Invalid data found when processing input
06-09 18:11:26.998 2291 3226 E virtual Data FFDemuxer::read(): read frame failed: Invalid data found when processing input
06-09 18:11:26.998 2291 3226 E virtual Data FFDemuxer::read(): read frame failed: Invalid data found when processing input
06-09 18:11:26.999 2291 3226 E virtual Data FFDemuxer::read(): read frame failed: Invalid data found when processing input
06-09 18:11:26.999 2291 3226 E virtual Data FFDemuxer::read(): read frame failed: Invalid data found when processing input
06-09 18:11:26.999 2291 3226 E virtual Data FFDemuxer::read(): read frame failed: Invalid data found when processing input
06-09 18:11:26.999 2291 3226 E virtual Data FFDemuxer::read(): read frame failed: Invalid data found when processing input
06-09 18:11:27.000 2291 3226 E virtual Data FFDemuxer::read(): read frame failed: Invalid data found when processing input
06-09 18:11:27.000 2291 3226 E virtual Data FFDemuxer::read(): read frame failed: Invalid data found when processing input
06-09 18:11:27.000 2291 3226 E virtual Data FFDemuxer::read(): read frame failed: Invalid data found when processing input
06-09 18:11:27.000 2291 3226 E virtual Data FFDemuxer::read(): read frame failed: Invalid data found when processing input
06-09 18:11:27.000 2291 3226 E virtual Data FFDemuxer::read(): read frame failed: Invalid data found when processing input
06-09 18:11:27.001 2291 3226 E virtual Data FFDemuxer::read(): read frame failed: Invalid data found when processing input
06-09 18:11:27.001 2291 3226 E virtual Data FFDemuxer::read(): read frame failed: Invalid data found when processing input
06-09 18:11:27.001 2291 3226 E virtual Data FFDemuxer::read(): read frame failed: Invalid data found when processing input
06-09 18:11:27.001 2291 3226 E virtual Data FFDemuxer::read(): read frame failed: Invalid data found when processing input
06-09 18:11:27.002 2291 3226 E virtual Data FFDemuxer::read(): read frame failed: Invalid data found when processing input
06-09 18:11:27.002 2291 3226 E virtual Data FFDemuxer::read(): read frame failed: Invalid data found when processing input
06-09 18:11:27.002 2291 3226 E virtual Data FFDemuxer::read(): read frame failed: Invalid data found when processing input
06-09 18:11:27.003 2291 3226 E virtual Data FFDemuxer::read(): read frame failed: Invalid data found when processing input
06-09 18:11:27.003 2291 3226 E virtual Data FFDemuxer::read(): read frame failed: Invalid data found when processing input
06-09 18:11:27.003 2291 3226 E virtual Data FFDemuxer::read(): read frame failed: Invalid data found when processing input
06-09 18:11:27.003 2291 3226 E virtual Data FFDemuxer::read(): read frame failed: Invalid data found when processing input
06-09 18:11:27.004 2291 3226 E virtual Data FFDemuxer::read(): read frame failed: Invalid data found when processing input
06-09 18:11:27.004 2291 3226 E virtual Data FFDemuxer::read(): read frame failed: Invalid data found when processing input
06-09 18:11:27.004 2291 3226 E virtual Data FFDemuxer::read(): read frame failed: Invalid data found when processing input
06-09 18:11:27.005 2291 3226 E virtual Data FFDemuxer::read(): read frame failed: Invalid data found when processing input
06-09 18:11:27.005 2291 3226 E virtual Data FFDemuxer::read(): read frame failed: Invalid data found when processing input
06-09 18:11:27.005 2291 3226 E virtual Data FFDemuxer::read(): read frame failed: Invalid data found when processing input
06-09 18:11:27.005 2291 3226 E virtual Data FFDemuxer::read(): read frame failed: Invalid data found when processing input
06-09 18:11:27.006 2291 3226 E virtual Data FFDemuxer::read(): read frame failed: Invalid data found when processing input
06-09 18:11:27.006 2291 3226 E virtual Data FFDemuxer::read(): read frame failed: Invalid data found when processing input
06-09 18:11:27.006 2291 3226 E virtual Data FFDemuxer::read(): read frame failed: Invalid data found when processing input
06-09 18:11:27.007 2291 3226 E virtual Data FFDemuxer::read(): read frame failed: Invalid data found when processing input
06-09 18:11:27.007 2291 3226 E virtual Data FFDemuxer::read(): read frame failed: Invalid data found when processing input
06-09 18:11:27.007 2291 3226 E virtual Data FFDemuxer::read(): read frame failed: Invalid data found when processing input
06-09 18:11:27.008 2291 3226 E virtual Data FFDemuxer::read(): read frame failed: Invalid data found when processing input
06-09 18:11:27.008 2291 3226 E virtual Data FFDemuxer::read(): read frame failed: Invalid data found when processing input
06-09 18:11:27.008 2291 3226 E virtual Data FFDemuxer::read(): read frame failed: Invalid data found when processing input
06-09 18:11:27.010 2291 3226 E virtual Data FFDemuxer::read(): read frame failed: Invalid data found when processing input
06-09 18:11:27.010 2291 3226 E virtual Data FFDemuxer::read(): read frame failed: Invalid data found when processing input
06-09 18:11:27.010 2291 3226 E virtual Data FFDemuxer::read(): read frame failed: Invalid data found when processing input
06-09 18:11:27.011 2291 3226 E virtual Data FFDemuxer::read(): read frame failed: Invalid data found when processing input
06-09 18:11:27.011 2291 3226 E virtual Data FFDemuxer::read(): read frame failed: Invalid data found when processing input
06-09 18:11:27.011 2291 3226 E virtual Data FFDemuxer::read(): read frame failed: Invalid data found when processing input
06-09 18:11:27.012 2291 3226 E virtual Data FFDemuxer::read(): read frame failed: Invalid data found when processing input
06-09 18:11:27.012 2291 3226 E virtual Data FFDemuxer::read(): read frame failed: Invalid data found when processing input
06-09 18:11:27.012 2291 3226 E virtual Data FFDemuxer::read(): read frame failed: Invalid data found when processing input
06-09 18:11:27.012 2291 3226 E virtual Data FFDemuxer::read(): read frame failed: Invalid data found when processing input
06-09 18:11:27.013 2291 3226 E virtual Data FFDemuxer::read(): read frame failed: Invalid data found when processing input
06-09 18:11:27.013 2291 3226 E virtual Data FFDemuxer::read(): read frame failed: Invalid data found when processing input
06-09 18:11:27.013 2291 3226 E virtual Data FFDemuxer::read(): read frame failed: Invalid data found when processing input
06-09 18:11:27.013 2291 3226 E virtual Data FFDemuxer::read(): read frame failed: Invalid data found when processing input
06-09 18:11:27.013 2291 3226 E virtual Data FFDemuxer::read(): read frame failed: Invalid data found when processing input
06-09 18:11:27.014 2291 3226 E virtual Data FFDemuxer::read(): read frame failed: Invalid data found when processing input
06-09 18:11:27.014 2291 3226 E virtual Data FFDemuxer::read(): read frame failed: Invalid data found when processing input
06-09 18:11:27.014 2291 3226 E virtual Data FFDemuxer::read(): read frame failed: Invalid data found when processing input
06-09 18:11:27.015 2291 3226 E virtual Data FFDemuxer::read(): read frame failed: Invalid data found when processing input
06-09 18:11:27.015 2291 3226 E virtual Data FFDemuxer::read(): read frame failed: Invalid data found when processing input
06-09 18:11:27.015 2291 3226 E virtual Data FFDemuxer::read(): read frame failed: Invalid data found when processing input
06-09 18:11:27.015 2291 3226 E virtual Data FFDemuxer::read(): read frame failed: Invalid data found when processing input
06-09 18:11:27.017 2291 3226 E virtual Data FFDemuxer::read(): read frame failed: Invalid data found when processing input
06-09 18:11:27.017 2291 3226 E virtual Data FFDemuxer::read(): read frame failed: Invalid data found when processing input
06-09 18:11:27.017 2291 3226 E virtual Data FFDemuxer::read(): read frame failed: Invalid data found when processing input
06-09 18:11:27.017 2291 3226 E virtual Data FFDemuxer::read(): read frame failed: Invalid data found when processing input
06-09 18:11:27.018 2291 3226 E virtual Data FFDemuxer::read(): read frame failed: Invalid data found when processing input
06-09 18:11:27.018 2291 3226 E virtual Data FFDemuxer::read(): read frame failed: Invalid data found when processing input
06-09 18:11:27.018 2291 3226 E virtual Data FFDemuxer::read(): read frame failed: Invalid data found when processing input
06-09 18:11:27.018 2291 3226 E virtual Data FFDemuxer::read(): read frame failed: Invalid data found when processing input
06-09 18:11:27.018 2291 3226 E virtual Data FFDemuxer::read(): read frame failed: Invalid data found when processing input
06-09 18:11:27.019 2291 3226 E virtual Data FFDemuxer::read(): read frame failed: Invalid data found when processing input
06-09 18:11:27.019 2291 3226 E virtual Data FFDemuxer::read(): read frame failed: Invalid data found when processing input
06-09 18:11:27.019 2291 3226 E virtual Data FFDemuxer::read(): read frame failed: Invalid data found when processing input
06-09 18:11:27.019 2291 3226 E virtual Data FFDemuxer::read(): read frame failed: Invalid data found when processing input
06-09 18:11:27.019 2291 3226 E virtual Data FFDemuxer::read(): read frame failed: Invalid data found when processing input
06-09 18:11:27.020 2291 3226 E virtual Data FFDemuxer::read(): read frame failed: Invalid data found when processing input
06-09 18:11:27.020 2291 3226 E virtual Data FFDemuxer::read(): read frame failed: Invalid data found when processing input
06-09 18:11:27.020 2291 3226 E virtual Data FFDemuxer::read(): read frame failed: Invalid data found when processing input
06-09 18:11:27.020 2291 3226 E virtual Data FFDemuxer::read(): read frame failed: Invalid data found when processing input
06-09 18:11:27.020 2291 3226 E virtual Data FFDemuxer::read(): read frame failed: Invalid data found when processing input
06-09 18:11:27.021 2291 3226 E virtual Data FFDemuxer::read(): read frame failed: Invalid data found when processing input
06-09 18:11:27.021 2291 3226 E virtual Data FFDemuxer::read(): read frame failed: Invalid data found when processing input
06-09 18:11:27.021 2291 3226 E virtual Data FFDemuxer::read(): read frame failed: Invalid data found when processing input
06-09 18:11:27.021 2291 3226 E virtual Data FFDemuxer::read(): read frame failed: Invalid data found when processing input
06-09 18:11:27.021 2291 3226 E virtual Data FFDemuxer::read(): read frame failed: Invalid data found when processing input
06-09 18:11:27.022 2291 3226 E virtual Data FFDemuxer::read(): read frame failed: Invalid data found when processing input
06-09 18:11:27.022 2291 3226 E virtual Data FFDemuxer::read(): read frame failed: Invalid data found when processing input
06-09 18:11:27.022 2291 3226 E virtual Data FFDemuxer::read(): read frame failed: Invalid data found when processing input
06-09 18:11:27.022 2291 3226 E virtual Data FFDemuxer::read(): read frame failed: Invalid data found when processing input
06-09 18:11:27.023 2291 3226 E virtual Data FFDemuxer::read(): read frame failed: Invalid data found when processing input
06-09 18:11:27.023 2291 3226 E virtual Data FFDemuxer::read(): read frame failed: Invalid data found when processing input
06-09 18:11:27.023 2291 3226 E virtual Data FFDemuxer::read(): read frame failed: Invalid data found when processing input
06-09 18:11:27.023 2291 3226 E virtual Data FFDemuxer::read(): read frame failed: Invalid data found when processing input
06-09 18:11:27.024 2291 3226 E virtual Data FFDemuxer::read(): read frame failed: Invalid data found when processing input
06-09 18:11:27.024 2291 3226 E virtual Data FFDemuxer::read(): read frame failed: Invalid data found when processing input
06-09 18:11:27.024 2291 3226 E virtual Data FFDemuxer::read(): read frame failed: Invalid data found when processing input
06-09 18:11:27.025 2291 3226 E virtual Data FFDemuxer::read(): read frame failed: Invalid data found when processing input
06-09 18:11:27.025 2291 3226 E virtual Data FFDemuxer::read(): read frame failed: Invalid data found when processing input
06-09 18:11:27.026 2291 3226 E virtual Data FFDemuxer::read(): read frame failed: Invalid data found when processing input
06-09 18:11:27.027 2291 3226 E virtual Data FFDemuxer::read(): read frame failed: Invalid data found when processing input
06-09 18:11:27.027 2291 3226 E virtual Data FFDemuxer::read(): read frame failed: Invalid data found when processing input
06-09 18:11:27.027 2291 3226 E virtual Data FFDemuxer::read(): read frame failed: Invalid data found when processing input
06-09 18:11:27.028 2291 3226 E virtual Data FFDemuxer::read(): read frame failed: Invalid data found when processing input
06-09 18:11:27.028 2291 3226 E virtual Data FFDemuxer::read(): read frame failed: Invalid data found when processing input
06-09 18:11:27.029 2291 3226 E virtual Data FFDemuxer::read(): read frame failed: Invalid data found when processing input
06-09 18:11:27.029 2291 3226 E virtual Data FFDemuxer::read(): read frame failed: Invalid data found when processing input
06-09 18:11:27.030 2291 3226 E virtual Data FFDemuxer::read(): read frame failed: Invalid data found when processing input
06-09 18:11:27.030 2291 3226 E virtual Data FFDemuxer::read(): read frame failed: Invalid data found when processing input
06-09 18:11:27.030 2291 3226 E virtual Data FFDemuxer::read(): read frame failed: Invalid data found when processing input
06-09 18:11:27.031 2291 3226 E virtual Data FFDemuxer::read(): read frame failed: Invalid data found when processing input
06-09 18:11:27.031 2291 3226 E virtual Data FFDemuxer::read(): read frame failed: Invalid data found when processing input
06-09 18:11:27.031 2291 3226 E virtual Data FFDemuxer::read(): read frame failed: Invalid data found when processing input
06-09 18:11:27.032 2291 3226 E virtual Data FFDemuxer::read(): read frame failed: Invalid data found when processing input
06-09 18:11:27.032 2291 3226 E virtual Data FFDemuxer::read(): read frame failed: Invalid data found when processing input
06-09 18:11:27.032 2291 3226 E virtual Data FFDemuxer::read(): read frame failed: Invalid data found when processing input
06-09 18:11:27.033 2291 3226 E virtual Data FFDemuxer::read(): read frame failed: Invalid data found when processing input
06-09 18:11:27.033 2291 3226 E virtual Data FFDemuxer::read(): read frame failed: Invalid data found when processing input
06-09 18:11:27.033 2291 3226 E virtual Data FFDemuxer::read(): read frame failed: Invalid data found when processing input
06-09 18:11:27.034 2291 3226 E virtual Data FFDemuxer::read(): read frame failed: Invalid data found when processing input
06-09 18:11:27.034 2291 3226 E virtual Data FFDemuxer::read(): read frame failed: Invalid data found when processing input
06-09 18:11:27.034 2291 3226 E virtual Data FFDemuxer::read(): read frame failed: Invalid data found when processing input
06-09 18:11:27.035 2291 3226 E virtual Data FFDemuxer::read(): read frame failed: Invalid data found when processing input
06-09 18:11:27.035 2291 3226 E virtual Data FFDemuxer::read(): read frame failed: Invalid data found when processing input
06-09 18:11:27.035 2291 3226 E virtual Data FFDemuxer::read(): read frame failed: Invalid data found when processing input
06-09 18:11:27.036 2291 3226 E virtual Data FFDemuxer::read(): read frame failed: Invalid data found when processing input
06-09 18:11:27.036 2291 3226 E virtual Data FFDemuxer::read(): read frame failed: Invalid data found when processing input
06-09 18:11:27.036 2291 3226 E virtual Data FFDemuxer::read(): read frame failed: Invalid data found when processing input
06-09 18:11:27.036 2291 3226 E virtual Data FFDemuxer::read(): read frame failed: Invalid data found when processing input
06-09 18:11:27.036 2291 3226 E virtual Data FFDemuxer::read(): read frame failed: Invalid data found when processing input
06-09 18:11:27.037 2291 3226 E virtual Data FFDemuxer::read(): read frame failed: Invalid data found when processing input
06-09 18:11:27.037 2291 3226 E virtual Data FFDemuxer::read(): read frame failed: Invalid data found when processing input
06-09 18:11:27.037 2291 3226 E virtual Data FFDemuxer::read(): read frame failed: Invalid data found when processing input
06-09 18:11:27.037 2291 3226 E virtual Data FFDemuxer::read(): read frame failed: Invalid data found when processing input
06-09 18:11:27.037 2291 3226 E virtual Data FFDemuxer::read(): read frame failed: Invalid data found when processing input
06-09 18:11:27.038 2291 3226 E virtual Data FFDemuxer::read(): read frame failed: Invalid data found when processing input
06-09 18:11:27.038 2291 3226 E virtual Data FFDemuxer::read(): read frame failed: Invalid data found when processing input
06-09 18:11:27.038 2291 3226 E virtual Data FFDemuxer::read(): read frame failed: Invalid data found when processing input
06-09 18:11:27.038 2291 3226 E virtual Data FFDemuxer::read(): read frame failed: Invalid data found when processing input
06-09 18:11:27.038 2291 3226 E virtual Data FFDemuxer::read(): read frame failed: Invalid data found when processing input
06-09 18:11:27.039 2291 3226 E virtual Data FFDemuxer::read(): read frame failed: Invalid data found when processing input
06-09 18:11:27.039 2291 3226 E virtual Data FFDemuxer::read(): read frame failed: Invalid data found when processing input
06-09 18:11:27.039 2291 3226 E virtual Data FFDemuxer::read(): read frame failed: Invalid data found when processing input
06-09 18:11:27.039 2291 3226 E virtual Data FFDemuxer::read(): read frame failed: Invalid data found when processing input
06-09 18:11:27.039 2291 3226 E virtual Data FFDemuxer::read(): read frame failed: Invalid data found when processing input
06-09 18:11:27.040 2291 3226 E virtual Data FFDemuxer::read(): read frame failed: Invalid data found when processing input
06-09 18:11:27.040 2291 3226 E virtual Data FFDemuxer::read(): read frame failed: Invalid data found when processing input
06-09 18:11:27.040 2291 3226 E virtual Data FFDemuxer::read(): read frame failed: Invalid data found when processing input
06-09 18:11:27.040 2291 3226 E virtual Data FFDemuxer::read(): read frame failed: Invalid data found when processing input
06-09 18:11:27.040 2291 3226 E virtual Data FFDemuxer::read(): read frame failed: Invalid data found when processing input
06-09 18:11:27.041 2291 3226 E virtual Data FFDemuxer::read(): read frame failed: Invalid data found when processing input
06-09 18:11:27.041 2291 3226 E virtual Data FFDemuxer::read(): read frame failed: Invalid data found when processing input
06-09 18:11:27.041 2291 3226 E virtual Data FFDemuxer::read(): read frame failed: Invalid data found when processing input
06-09 18:11:27.041 2291 3226 E virtual Data FFDemuxer::read(): read frame failed: Invalid data found when processing input
06-09 18:11:27.042 2291 3226 E virtual Data FFDemuxer::read(): read frame failed: Invalid data found when processing input
06-09 18:11:27.042 2291 3226 E virtual Data FFDemuxer::read(): read frame failed: Invalid data found when processing input
06-09 18:11:27.043 2291 3226 E virtual Data FFDemuxer::read(): read frame failed: Invalid data found when processing input
06-09 18:11:27.043 2291 3226 E virtual Data FFDemuxer::read(): read frame failed: Invalid data found when processing input
06-09 18:11:27.044 2291 3226 E virtual Data FFDemuxer::read(): read frame failed: Invalid data found when processing input
06-09 18:11:27.044 2291 3226 E virtual Data FFDemuxer::read(): read frame failed: Invalid data found when processing input
06-09 18:11:27.044 2291 3226 E virtual Data FFDemuxer::read(): read frame failed: Invalid data found when processing input
06-09 18:11:27.045 2291 3226 E virtual Data FFDemuxer::read(): read frame failed: Invalid data found when processing input
06-09 18:11:27.045 2291 3226 E virtual Data FFDemuxer::read(): read frame failed: Invalid data found when processing input
06-09 18:11:27.045 2291 3226 E virtual Data FFDemuxer::read(): read frame failed: Invalid data found when processing input
06-09 18:11:27.045 2291 3226 E virtual Data FFDemuxer::read(): read frame failed: Invalid data found when processing input
06-09 18:11:27.046 2291 3226 E virtual Data FFDemuxer::read(): read frame failed: Invalid data found when processing input
06-09 18:11:27.046 2291 3226 E virtual Data FFDemuxer::read(): read frame failed: Invalid data found when processing input
06-09 18:11:27.046 2291 3226 E virtual Data FFDemuxer::read(): read frame failed: Invalid data found when processing input
06-09 18:11:27.047 2291 3226 E virtual Data FFDemuxer::read(): read frame failed: Invalid data found when processing input
06-09 18:11:27.047 2291 3226 E virtual Data FFDemuxer::read(): read frame failed: Invalid data found when processing input
06-09 18:11:27.047 2291 3226 E virtual Data FFDemuxer::read(): read frame failed: Invalid data found when processing input
06-09 18:11:27.047 2291 3226 E virtual Data FFDemuxer::read(): read frame failed: Invalid data found when processing input
06-09 18:11:27.048 2291 3226 E virtual Data FFDemuxer::read(): read frame failed: Invalid data found when processing input
06-09 18:11:27.048 2291 3226 E virtual Data FFDemuxer::read(): read frame failed: Invalid data found when processing input
06-09 18:11:27.048 2291 3226 E virtual Data FFDemuxer::read(): read frame failed: Invalid data found when processing input
06-09 18:11:27.048 2291 3226 E virtual Data FFDemuxer::read(): read frame failed: Invalid data found when processing input
06-09 18:11:27.049 2291 3226 E virtual Data FFDemuxer::read(): read frame failed: Invalid data found when processing input
06-09 18:11:27.049 2291 3226 E virtual Data FFDemuxer::read(): read frame failed: Invalid data found when processing input
06-09 18:11:27.049 2291 3226 E virtual Data FFDemuxer::read(): read frame failed: Invalid data found when processing input
06-09 18:11:27.049 2291 3226 E virtual Data FFDemuxer::read(): read frame failed: Invalid data found when processing input
06-09 18:11:27.050 2291 3226 E virtual Data FFDemuxer::read(): read frame failed: Invalid data found when processing input
06-09 18:11:27.050 2291 3226 E virtual Data FFDemuxer::read(): read frame failed: Invalid data found when processing input
06-09 18:11:27.051 2291 3226 E virtual Data FFDemuxer::read(): read frame failed: Invalid data found when processing input
06-09 18:11:27.051 2291 3226 E virtual Data FFDemuxer::read(): read frame failed: Invalid data found when processing input
06-09 18:11:27.051 2291 3226 E virtual Data FFDemuxer::read(): read frame failed: Invalid data found when processing input
06-09 18:11:27.051 2291 3226 E virtual Data FFDemuxer::read(): read frame failed: Invalid data found when processing input
06-09 18:11:27.052 2291 3226 E virtual Data FFDemuxer::read(): read frame failed: Invalid data found when processing input
06-09 18:11:27.052 2291 3226 E virtual Data FFDemuxer::read(): read frame failed: Invalid data found when processing input
06-09 18:11:27.052 2291 3226 E virtual Data FFDemuxer::read(): read frame failed: Invalid data found when processing input
06-09 18:11:27.053 2291 3226 E virtual Data FFDemuxer::read(): read frame failed: Invalid data found when processing input
06-09 18:11:27.053 2291 3226 E virtual Data FFDemuxer::read(): read frame failed: Invalid data found when processing input
06-09 18:11:27.054 2291 3226 E virtual Data FFDemuxer::read(): read frame failed: Invalid data found when processing input
06-09 18:11:27.054 320 2664 D XM_HIDREAD: poll ret=1, event=1
06-09 18:11:27.054 320 2664 D XM_HIDREAD: [9 bytes]:01 00 00 4F 00 00 00 00 00
06-09 18:11:27.054 2291 3226 E virtual Data FFDemuxer::read(): read frame failed: Invalid data found when processing input
06-09 18:11:27.055 475 595 D TvWindowManager: key event key = KEYCODE_DPAD_RIGHT down = true
06-09 18:11:27.055 2291 3226 E virtual Data FFDemuxer::read(): read frame failed: Invalid data found when processing input
06-09 18:11:27.055 2291 3226 E virtual Data FFDemuxer::read(): read frame failed: Invalid data found when processing input
06-09 18:11:27.055 2291 3226 E virtual Data FFDemuxer::read(): read frame failed: Invalid data found when processing input
06-09 18:11:27.057 2291 3226 E virtual Data FFDemuxer::read(): read frame failed: Invalid data found when processing input
06-09 18:11:27.057 2291 3226 E virtual Data FFDemuxer::read(): read frame failed: Invalid data found when processing input
06-09 18:11:27.058 2291 3226 E virtual Data FFDemuxer::read(): read frame failed: Invalid data found when processing input
06-09 18:11:27.058 2291 3226 E virtual Data FFDemuxer::read(): read frame failed: Invalid data found when processing input
06-09 18:11:27.058 2291 3226 E virtual Data FFDemuxer::read(): read frame failed: Invalid data found when processing input
06-09 18:11:27.061 2291 3226 E virtual Data FFDemuxer::read(): read frame failed: Invalid data found when processing input
06-09 18:11:27.061 2291 3226 E virtual Data FFDemuxer::read(): read frame failed: Invalid data found when processing input
06-09 18:11:27.062 2291 3226 E virtual Data FFDemuxer::read(): read frame failed: Invalid data found when processing input
06-09 18:11:27.062 2291 3226 E virtual Data FFDemuxer::read(): read frame failed: Invalid data found when processing input
06-09 18:11:27.062 2291 3226 E virtual Data FFDemuxer::read(): read frame failed: Invalid data found when processing input
06-09 18:11:27.063 2291 3226 E virtual Data FFDemuxer::read(): read frame failed: Invalid data found when processing input
06-09 18:11:27.063 2291 3226 E virtual Data FFDemuxer::read(): read frame failed: Invalid data found when processing input
06-09 18:11:27.064 2291 3226 E virtual Data FFDemuxer::read(): read frame failed: Invalid data found when processing input
06-09 18:11:27.064 2291 3226 E virtual Data FFDemuxer::read(): read frame failed: Invalid data found when processing input
06-09 18:11:27.064 2291 3226 E virtual Data FFDemuxer::read(): read frame failed: Invalid data found when processing input
06-09 18:11:27.065 2291 3226 E virtual Data FFDemuxer::read(): read frame failed: Invalid data found when processing input
06-09 18:11:27.066 2291 3226 E virtual Data FFDemuxer::read(): read frame failed: Invalid data found when processing input
06-09 18:11:27.067 2291 3226 E virtual Data FFDemuxer::read(): read frame failed: Invalid data found when processing input
06-09 18:11:27.067 2291 3226 E virtual Data FFDemuxer::read(): read frame failed: Invalid data found when processing input
06-09 18:11:27.068 2291 3226 E virtual Data FFDemuxer::read(): read frame failed: Invalid data found when processing input
06-09 18:11:27.068 2291 3226 E virtual Data FFDemuxer::read(): read frame failed: Invalid data found when processing input
06-09 18:11:27.068 2291 3226 E virtual Data FFDemuxer::read(): read frame failed: Invalid data found when processing input
06-09 18:11:27.068 2291 3226 E virtual Data FFDemuxer::read(): read frame failed: Invalid data found when processing input
06-09 18:11:27.069 2291 3226 E virtual Data FFDemuxer::read(): read frame failed: Invalid data found when processing input
06-09 18:11:27.069 2291 3226 E virtual Data FFDemuxer::read(): read frame failed: Invalid data found when processing input
06-09 18:11:27.069 2291 3226 E virtual Data FFDemuxer::read(): read frame failed: Invalid data found when processing input
06-09 18:11:27.069 2291 3226 E virtual Data FFDemuxer::read(): read frame failed: Invalid data found when processing input
06-09 18:11:27.070 2291 3226 E virtual Data FFDemuxer::read(): read frame failed: Invalid data found when processing input
06-09 18:11:27.070 2291 3226 E virtual Data FFDemuxer::read(): read frame failed: Invalid data found when processing input
06-09 18:11:27.070 2291 3226 E virtual Data FFDemuxer::read(): read frame failed: Invalid data found when processing input
06-09 18:11:27.071 2291 3226 E virtual Data FFDemuxer::read(): read frame failed: Invalid data found when processing input
06-09 18:11:27.071 2291 3226 E virtual Data FFDemuxer::read(): read frame failed: Invalid data found when processing input
06-09 18:11:27.071 2291 3226 E virtual Data FFDemuxer::read(): read frame failed: Invalid data found when processing input
06-09 18:11:27.071 2291 3226 E virtual Data FFDemuxer::read(): read frame failed: Invalid data found when processing input
06-09 18:11:27.072 2291 3226 E virtual Data FFDemuxer::read(): read frame failed: Invalid data found when processing input
06-09 18:11:27.072 2291 3226 E virtual Data FFDemuxer::read(): read frame failed: Invalid data found when processing input
06-09 18:11:27.073 475 594 D GpioService: mFlickerEnable = true
06-09 18:11:27.074 2291 3226 E virtual Data FFDemuxer::read(): read frame failed: Invalid data found when processing input
06-09 18:11:27.074 2291 3226 E virtual Data FFDemuxer::read(): read frame failed: Invalid data found when processing input
06-09 18:11:27.074 2291 3226 E virtual Data FFDemuxer::read(): read frame failed: Invalid data found when processing input
06-09 18:11:27.075 2291 3226 E virtual Data FFDemuxer::read(): read frame failed: Invalid data found when processing input
06-09 18:11:27.077 2051 2051 I SogouIME: onKeyDown: keyoCode=22
06-09 18:11:27.077 2291 3226 E virtual Data FFDemuxer::read(): read frame failed: Invalid data found when processing input
06-09 18:11:27.077 2051 2051 I DefaultIMS: onKeyDown: keyoCode=22
06-09 18:11:27.077 2291 3226 E virtual Data FFDemuxer::read(): read frame failed: Invalid data found when processing input
06-09 18:11:27.077 2291 3226 E virtual Data FFDemuxer::read(): read frame failed: Invalid data found when processing input
06-09 18:11:27.078 2291 3226 E virtual Data FFDemuxer::read(): read frame failed: Invalid data found when processing input
06-09 18:11:27.078 2291 3226 E virtual Data FFDemuxer::read(): read frame failed: Invalid data found when processing input
06-09 18:11:27.079 2291 3226 E virtual Data FFDemuxer::read(): read frame failed: Invalid data found when processing input
06-09 18:11:27.082 2291 3226 E virtual Data FFDemuxer::read(): read frame failed: Invalid data found when processing input
06-09 18:11:27.083 2291 3226 E virtual Data FFDemuxer::read(): read frame failed: Invalid data found when processing input
06-09 18:11:27.083 2291 3226 E virtual Data FFDemuxer::read(): read frame failed: Invalid data found when processing input
06-09 18:11:27.083 2291 3226 E virtual Data FFDemuxer::read(): read frame failed: Invalid data found when processing input
06-09 18:11:27.083 2291 3226 E virtual Data FFDemuxer::read(): read frame failed: Invalid data found when processing input
06-09 18:11:27.084 2291 3226 E virtual Data FFDemuxer::read(): read frame failed: Invalid data found when processing input
06-09 18:11:27.084 2291 3226 E virtual Data FFDemuxer::read(): read frame failed: Invalid data found when processing input
06-09 18:11:27.084 2291 3226 E virtual Data FFDemuxer::read(): read frame failed: Invalid data found when processing input
06-09 18:11:27.084 2291 3226 E virtual Data FFDemuxer::read(): read frame failed: Invalid data found when processing input
06-09 18:11:27.085 2291 3226 E virtual Data FFDemuxer::read(): read frame failed: Invalid data found when processing input
06-09 18:11:27.085 2291 3226 E virtual Data FFDemuxer::read(): read frame failed: Invalid data found when processing input
06-09 18:11:27.085 2291 3226 E virtual Data FFDemuxer::read(): read frame failed: Invalid data found when processing input
06-09 18:11:27.085 2291 3226 E virtual Data FFDemuxer::read(): read frame failed: Invalid data found when processing input
06-09 18:11:27.086 2291 3226 E virtual Data FFDemuxer::read(): read frame failed: Invalid data found when processing input
06-09 18:11:27.086 2291 3226 E virtual Data FFDemuxer::read(): read frame failed: Invalid data found when processing input
06-09 18:11:27.087 2291 3226 E virtual Data FFDemuxer::read(): read frame failed: Invalid data found when processing input
06-09 18:11:27.087 2291 3226 E virtual Data FFDemuxer::read(): read frame failed: Invalid data found when processing input
06-09 18:11:27.087 2291 3226 E virtual Data FFDemuxer::read(): read frame failed: Invalid data found when processing input
06-09 18:11:27.087 2291 3226 E virtual Data FFDemuxer::read(): read frame failed: Invalid data found when processing input
06-09 18:11:27.088 2291 3226 E virtual Data FFDemuxer::read(): read frame failed: Invalid data found when processing input
06-09 18:11:27.088 2291 3226 E virtual Data FFDemuxer::read(): read frame failed: Invalid data found when processing input
06-09 18:11:27.088 2291 3226 E virtual Data FFDemuxer::read(): read frame failed: Invalid data found when processing input
06-09 18:11:27.088 2291 3226 E virtual Data FFDemuxer::read(): read frame failed: Invalid data found when processing input
06-09 18:11:27.088 2291 3226 E virtual Data FFDemuxer::read(): read frame failed: Invalid data found when processing input
06-09 18:11:27.089 2291 3226 E virtual Data FFDemuxer::read(): read frame failed: Invalid data found when processing input
06-09 18:11:27.089 2291 3226 E virtual Data FFDemuxer::read(): read frame failed: Invalid data found when processing input
06-09 18:11:27.089 2291 3226 E virtual Data FFDemuxer::read(): read frame failed: Invalid data found when processing input
06-09 18:11:27.089 2291 3226 E virtual Data FFDemuxer::read(): read frame failed: Invalid data found when processing input
06-09 18:11:27.089 2291 3226 E virtual Data FFDemuxer::read(): read frame failed: Invalid data found when processing input
06-09 18:11:27.090 2291 3226 E virtual Data FFDemuxer::read(): read frame failed: Invalid data found when processing input
06-09 18:11:27.090 2291 3226 E virtual Data FFDemuxer::read(): read frame failed: Invalid data found when processing input
06-09 18:11:27.090 2291 3226 E virtual Data FFDemuxer::read(): read frame failed: Invalid data found when processing input
06-09 18:11:27.090 2291 3226 E virtual Data FFDemuxer::read(): read frame failed: Invalid data found when processing input
06-09 18:11:27.091 2291 3226 E virtual Data FFDemuxer::read(): read frame failed: Invalid data found when processing input
06-09 18:11:27.091 2291 3226 E virtual Data FFDemuxer::read(): read frame failed: Invalid data found when processing input
06-09 18:11:27.091 2291 3226 E virtual Data FFDemuxer::read(): read frame failed: Invalid data found when processing input
06-09 18:11:27.091 2291 3226 E virtual Data FFDemuxer::read(): read frame failed: Invalid data found when processing input
06-09 18:11:27.091 2291 3226 E virtual Data FFDemuxer::read(): read frame failed: Invalid data found when processing input
06-09 18:11:27.092 2291 3226 E virtual Data FFDemuxer::read(): read frame failed: Invalid data found when processing input
06-09 18:11:27.092 2291 3226 E virtual Data FFDemuxer::read(): read frame failed: Invalid data found when processing input
06-09 18:11:27.092 2291 3226 E virtual Data FFDemuxer::read(): read frame failed: Invalid data found when processing input
