06-09 18:11:27.211 2291 3226 E virtual Data FFDemuxer::read(): read frame failed: Invalid data found when processing input
06-09 18:11:27.211 2291 3226 E virtual Data FFDemuxer::read(): read frame failed: Invalid data found when processing input
06-09 18:11:27.211 2291 3226 E virtual Data FFDemuxer::read(): read frame failed: Invalid data found when processing input
06-09 18:11:27.212 2291 3226 E virtual Data FFDemuxer::read(): read frame failed: Invalid data found when processing input
06-09 18:11:27.212 2291 3226 E virtual Data FFDemuxer::read(): read frame failed: Invalid data found when processing input
06-09 18:11:27.212 2291 3226 E virtual Data FFDemuxer::read(): read frame failed: Invalid data found when processing input
06-09 18:11:27.212 2291 3226 E virtual Data FFDemuxer::read(): read frame failed: Invalid data found when processing input
06-09 18:11:27.212 2291 3226 E virtual Data FFDemuxer::read(): read frame failed: Invalid data found when processing input
06-09 18:11:27.213 2291 3226 E virtual Data FFDemuxer::read(): read frame failed: Invalid data found when processing input
06-09 18:11:27.213 2291 3226 E virtual Data FFDemuxer::read(): read frame failed: Invalid data found when processing input
06-09 18:11:27.213 2291 3226 E virtual Data FFDemuxer::read(): read frame failed: Invalid data found when processing input
06-09 18:11:27.213 2291 3226 E virtual Data FFDemuxer::read(): read frame failed: Invalid data found when processing input
06-09 18:11:27.214 2291 3226 E virtual Data FFDemuxer::read(): read frame failed: Invalid data found when processing input
06-09 18:11:27.214 2291 3226 E virtual Data FFDemuxer::read(): read frame failed: Invalid data found when processing input
06-09 18:11:27.214 2291 3226 E virtual Data FFDemuxer::read(): read frame failed: Invalid data found when processing input
06-09 18:11:27.215 2291 3226 E virtual Data FFDemuxer::read(): read frame failed: Invalid data found when processing input
06-09 18:11:27.215 2291 3226 E virtual Data FFDemuxer::read(): read frame failed: Invalid data found when processing input
06-09 18:11:27.215 2291 3226 E virtual Data FFDemuxer::read(): read frame failed: Invalid data found when processing input
06-09 18:11:27.215 2291 3226 E virtual Data FFDemuxer::read(): read frame failed: Invalid data found when processing input
06-09 18:11:27.216 2291 3226 E virtual Data FFDemuxer::read(): read frame failed: Invalid data found when processing input
06-09 18:11:27.216 2291 3226 E virtual Data FFDemuxer::read(): read frame failed: Invalid data found when processing input
06-09 18:11:27.216 2291 3226 E virtual Data FFDemuxer::read(): read frame failed: Invalid data found when processing input
06-09 18:11:27.216 2291 3226 E virtual Data FFDemuxer::read(): read frame failed: Invalid data found when processing input
06-09 18:11:27.217 2291 3226 E virtual Data FFDemuxer::read(): read frame failed: Invalid data found when processing input
06-09 18:11:27.217 2291 3226 E virtual Data FFDemuxer::read(): read frame failed: Invalid data found when processing input
06-09 18:11:27.217 2291 3226 E virtual Data FFDemuxer::read(): read frame failed: Invalid data found when processing input
06-09 18:11:27.217 2291 3226 E virtual Data FFDemuxer::read(): read frame failed: Invalid data found when processing input
06-09 18:11:27.217 2291 3226 E virtual Data FFDemuxer::read(): read frame failed: Invalid data found when processing input
06-09 18:11:27.218 2291 3226 E virtual Data FFDemuxer::read(): read frame failed: Invalid data found when processing input
06-09 18:11:27.218 2291 3226 E virtual Data FFDemuxer::read(): read frame failed: Invalid data found when processing input
06-09 18:11:27.218 2291 3226 E virtual Data FFDemuxer::read(): read frame failed: Invalid data found when processing input
06-09 18:11:27.218 2291 3226 E virtual Data FFDemuxer::read(): read frame failed: Invalid data found when processing input
06-09 18:11:27.219 2291 3226 E virtual Data FFDemuxer::read(): read frame failed: Invalid data found when processing input
06-09 18:11:27.219 2291 3226 E virtual Data FFDemuxer::read(): read frame failed: Invalid data found when processing input
06-09 18:11:27.219 2291 3226 E virtual Data FFDemuxer::read(): read frame failed: Invalid data found when processing input
06-09 18:11:27.220 2291 3226 E virtual Data FFDemuxer::read(): read frame failed: Invalid data found when processing input
06-09 18:11:27.220 2291 3226 E virtual Data FFDemuxer::read(): read frame failed: Invalid data found when processing input
06-09 18:11:27.220 2291 3226 E virtual Data FFDemuxer::read(): read frame failed: Invalid data found when processing input
06-09 18:11:27.220 2291 3226 E virtual Data FFDemuxer::read(): read frame failed: Invalid data found when processing input
06-09 18:11:27.221 2291 3226 E virtual Data FFDemuxer::read(): read frame failed: Invalid data found when processing input
06-09 18:11:27.221 2291 3226 E virtual Data FFDemuxer::read(): read frame failed: Invalid data found when processing input
06-09 18:11:27.221 2291 3226 E virtual Data FFDemuxer::read(): read frame failed: Invalid data found when processing input
06-09 18:11:27.221 2291 3226 E virtual Data FFDemuxer::read(): read frame failed: Invalid data found when processing input
06-09 18:11:27.222 2291 3226 E virtual Data FFDemuxer::read(): read frame failed: Invalid data found when processing input
06-09 18:11:27.222 2291 3226 E virtual Data FFDemuxer::read(): read frame failed: Invalid data found when processing input
06-09 18:11:27.222 2291 3226 E virtual Data FFDemuxer::read(): read frame failed: Invalid data found when processing input
06-09 18:11:27.222 2291 3226 E virtual Data FFDemuxer::read(): read frame failed: Invalid data found when processing input
06-09 18:11:27.222 2291 3226 E virtual Data FFDemuxer::read(): read frame failed: Invalid data found when processing input
06-09 18:11:27.223 2291 3226 E virtual Data FFDemuxer::read(): read frame failed: Invalid data found when processing input
06-09 18:11:27.223 2291 3226 E virtual Data FFDemuxer::read(): read frame failed: Invalid data found when processing input
06-09 18:11:27.223 2291 3226 E virtual Data FFDemuxer::read(): read frame failed: Invalid data found when processing input
06-09 18:11:27.223 2291 3226 E virtual Data FFDemuxer::read(): read frame failed: Invalid data found when processing input
06-09 18:11:27.224 2291 3226 E virtual Data FFDemuxer::read(): read frame failed: Invalid data found when processing input
06-09 18:11:27.224 2291 3226 E virtual Data FFDemuxer::read(): read frame failed: Invalid data found when processing input
06-09 18:11:27.224 2291 3226 E virtual Data FFDemuxer::read(): read frame failed: Invalid data found when processing input
06-09 18:11:27.224 2291 3226 E virtual Data FFDemuxer::read(): read frame failed: Invalid data found when processing input
06-09 18:11:27.224 2291 3226 E virtual Data FFDemuxer::read(): read frame failed: Invalid data found when processing input
06-09 18:11:27.225 2291 3226 E virtual Data FFDemuxer::read(): read frame failed: Invalid data found when processing input
06-09 18:11:27.225 2291 3226 E virtual Data FFDemuxer::read(): read frame failed: Invalid data found when processing input
06-09 18:11:27.225 2291 3226 E virtual Data FFDemuxer::read(): read frame failed: Invalid data found when processing input
06-09 18:11:27.225 2291 3226 E virtual Data FFDemuxer::read(): read frame failed: Invalid data found when processing input
06-09 18:11:27.225 2291 3226 E virtual Data FFDemuxer::read(): read frame failed: Invalid data found when processing input
06-09 18:11:27.226 2291 3226 E virtual Data FFDemuxer::read(): read frame failed: Invalid data found when processing input
06-09 18:11:27.226 2291 3226 E virtual Data FFDemuxer::read(): read frame failed: Invalid data found when processing input
06-09 18:11:27.226 2291 3226 E virtual Data FFDemuxer::read(): read frame failed: Invalid data found when processing input
06-09 18:11:27.226 2291 3226 E virtual Data FFDemuxer::read(): read frame failed: Invalid data found when processing input
06-09 18:11:27.226 2291 3226 E virtual Data FFDemuxer::read(): read frame failed: Invalid data found when processing input
06-09 18:11:27.227 2291 3226 E virtual Data FFDemuxer::read(): read frame failed: Invalid data found when processing input
06-09 18:11:27.227 2291 3226 E virtual Data FFDemuxer::read(): read frame failed: Invalid data found when processing input
06-09 18:11:27.227 2291 3226 E virtual Data FFDemuxer::read(): read frame failed: Invalid data found when processing input
06-09 18:11:27.227 2291 3226 E virtual Data FFDemuxer::read(): read frame failed: Invalid data found when processing input
06-09 18:11:27.227 2291 3226 E virtual Data FFDemuxer::read(): read frame failed: Invalid data found when processing input
06-09 18:11:27.228 2291 3226 E virtual Data FFDemuxer::read(): read frame failed: Invalid data found when processing input
06-09 18:11:27.228 2291 3226 E virtual Data FFDemuxer::read(): read frame failed: Invalid data found when processing input
06-09 18:11:27.228 2291 3226 E virtual Data FFDemuxer::read(): read frame failed: Invalid data found when processing input
06-09 18:11:27.228 2291 3226 E virtual Data FFDemuxer::read(): read frame failed: Invalid data found when processing input
06-09 18:11:27.229 2291 3226 E virtual Data FFDemuxer::read(): read frame failed: Invalid data found when processing input
06-09 18:11:27.229 2291 3226 E virtual Data FFDemuxer::read(): read frame failed: Invalid data found when processing input
06-09 18:11:27.230 2291 3226 E virtual Data FFDemuxer::read(): read frame failed: Invalid data found when processing input
06-09 18:11:27.232 2291 3226 E virtual Data FFDemuxer::read(): read frame failed: Invalid data found when processing input
06-09 18:11:27.233 2291 3226 E virtual Data FFDemuxer::read(): read frame failed: Invalid data found when processing input
06-09 18:11:27.233 2291 3226 E virtual Data FFDemuxer::read(): read frame failed: Invalid data found when processing input
06-09 18:11:27.233 2291 3226 E virtual Data FFDemuxer::read(): read frame failed: Invalid data found when processing input
06-09 18:11:27.233 2291 3226 E virtual Data FFDemuxer::read(): read frame failed: Invalid data found when processing input
06-09 18:11:27.234 2291 3226 E virtual Data FFDemuxer::read(): read frame failed: Invalid data found when processing input
06-09 18:11:27.234 2291 3226 E virtual Data FFDemuxer::read(): read frame failed: Invalid data found when processing input
06-09 18:11:27.234 2291 3226 E virtual Data FFDemuxer::read(): read frame failed: Invalid data found when processing input
06-09 18:11:27.234 2291 3226 E virtual Data FFDemuxer::read(): read frame failed: Invalid data found when processing input
06-09 18:11:27.235 2291 3226 E virtual Data FFDemuxer::read(): read frame failed: Invalid data found when processing input
06-09 18:11:27.235 2291 3226 E virtual Data FFDemuxer::read(): read frame failed: Invalid data found when processing input
06-09 18:11:27.235 2291 3226 E virtual Data FFDemuxer::read(): read frame failed: Invalid data found when processing input
06-09 18:11:27.236 2291 3226 E virtual Data FFDemuxer::read(): read frame failed: Invalid data found when processing input
06-09 18:11:27.236 656 656 E WifiHAL : wifi_get_link_stats: requestResponse Error:-5
06-09 18:11:27.236 2291 3226 E virtual Data FFDemuxer::read(): read frame failed: Invalid data found when processing input
06-09 18:11:27.237 2291 3226 E virtual Data FFDemuxer::read(): read frame failed: Invalid data found when processing input
06-09 18:11:27.237 2291 3226 E virtual Data FFDemuxer::read(): read frame failed: Invalid data found when processing input
06-09 18:11:27.237 2291 3226 E virtual Data FFDemuxer::read(): read frame failed: Invalid data found when processing input
06-09 18:11:27.238 2291 3226 E virtual Data FFDemuxer::read(): read frame failed: Invalid data found when processing input
06-09 18:11:27.238 2291 3226 E virtual Data FFDemuxer::read(): read frame failed: Invalid data found when processing input
06-09 18:11:27.238 2291 3226 E virtual Data FFDemuxer::read(): read frame failed: Invalid data found when processing input
06-09 18:11:27.238 475 607 E WifiVendorHal: getWifiLinkLayerStats_1_5_Internal(l.1191) failed {.code = ERROR_INVALID_ARGS, .description = }
06-09 18:11:27.238 2291 3226 E virtual Data FFDemuxer::read(): read frame failed: Invalid data found when processing input
06-09 18:11:27.238 2291 3226 E virtual Data FFDemuxer::read(): read frame failed: Invalid data found when processing input
06-09 18:11:27.239 2291 3226 E virtual Data FFDemuxer::read(): read frame failed: Invalid data found when processing input
06-09 18:11:27.239 2291 3226 E virtual Data FFDemuxer::read(): read frame failed: Invalid data found when processing input
06-09 18:11:27.239 2291 3226 E virtual Data FFDemuxer::read(): read frame failed: Invalid data found when processing input
06-09 18:11:27.240 2291 3226 E virtual Data FFDemuxer::read(): read frame failed: Invalid data found when processing input
06-09 18:11:27.240 2291 3226 E virtual Data FFDemuxer::read(): read frame failed: Invalid data found when processing input
06-09 18:11:27.240 2291 3226 E virtual Data FFDemuxer::read(): read frame failed: Invalid data found when processing input
06-09 18:11:27.240 2291 3226 E virtual Data FFDemuxer::read(): read frame failed: Invalid data found when processing input
06-09 18:11:27.241 2291 3226 E virtual Data FFDemuxer::read(): read frame failed: Invalid data found when processing input
06-09 18:11:27.241 2291 3226 E virtual Data FFDemuxer::read(): read frame failed: Invalid data found when processing input
06-09 18:11:27.241 2291 3226 E virtual Data FFDemuxer::read(): read frame failed: Invalid data found when processing input
06-09 18:11:27.241 2291 3226 E virtual Data FFDemuxer::read(): read frame failed: Invalid data found when processing input
06-09 18:11:27.242 2291 3226 E virtual Data FFDemuxer::read(): read frame failed: Invalid data found when processing input
06-09 18:11:27.242 2291 3226 E virtual Data FFDemuxer::read(): read frame failed: Invalid data found when processing input
06-09 18:11:27.242 2291 3226 E virtual Data FFDemuxer::read(): read frame failed: Invalid data found when processing input
06-09 18:11:27.242 2291 3226 E virtual Data FFDemuxer::read(): read frame failed: Invalid data found when processing input
06-09 18:11:27.242 2291 3226 E virtual Data FFDemuxer::read(): read frame failed: Invalid data found when processing input
06-09 18:11:27.243 2291 3226 E virtual Data FFDemuxer::read(): read frame failed: Invalid data found when processing input
06-09 18:11:27.243 2291 3226 E virtual Data FFDemuxer::read(): read frame failed: Invalid data found when processing input
06-09 18:11:27.246 2291 3226 E virtual Data FFDemuxer::read(): read frame failed: Invalid data found when processing input
06-09 18:11:27.246 2291 3226 E virtual Data FFDemuxer::read(): read frame failed: Invalid data found when processing input
06-09 18:11:27.246 2291 3226 E virtual Data FFDemuxer::read(): read frame failed: Invalid data found when processing input
06-09 18:11:27.247 2291 3226 E virtual Data FFDemuxer::read(): read frame failed: Invalid data found when processing input
06-09 18:11:27.247 2291 3226 E virtual Data FFDemuxer::read(): read frame failed: Invalid data found when processing input
06-09 18:11:27.247 2291 3226 E virtual Data FFDemuxer::read(): read frame failed: Invalid data found when processing input
06-09 18:11:27.248 2291 3226 E virtual Data FFDemuxer::read(): read frame failed: Invalid data found when processing input
06-09 18:11:27.248 2291 3226 E virtual Data FFDemuxer::read(): read frame failed: Invalid data found when processing input
06-09 18:11:27.248 2291 3226 E virtual Data FFDemuxer::read(): read frame failed: Invalid data found when processing input
06-09 18:11:27.249 2291 3226 E virtual Data FFDemuxer::read(): read frame failed: Invalid data found when processing input
06-09 18:11:27.249 2291 3226 E virtual Data FFDemuxer::read(): read frame failed: Invalid data found when processing input
06-09 18:11:27.249 2291 3226 E virtual Data FFDemuxer::read(): read frame failed: Invalid data found when processing input
06-09 18:11:27.249 2291 3226 E virtual Data FFDemuxer::read(): read frame failed: Invalid data found when processing input
06-09 18:11:27.249 2291 3226 E virtual Data FFDemuxer::read(): read frame failed: Invalid data found when processing input
06-09 18:11:27.250 2291 3226 E virtual Data FFDemuxer::read(): read frame failed: Invalid data found when processing input
06-09 18:11:27.250 2291 3226 E virtual Data FFDemuxer::read(): read frame failed: Invalid data found when processing input
06-09 18:11:27.250 2291 3226 E virtual Data FFDemuxer::read(): read frame failed: Invalid data found when processing input
06-09 18:11:27.250 2291 3226 E virtual Data FFDemuxer::read(): read frame failed: Invalid data found when processing input
06-09 18:11:27.250 2291 3226 E virtual Data FFDemuxer::read(): read frame failed: Invalid data found when processing input
06-09 18:11:27.251 2291 3226 E virtual Data FFDemuxer::read(): read frame failed: Invalid data found when processing input
06-09 18:11:27.251 2291 3226 E virtual Data FFDemuxer::read(): read frame failed: Invalid data found when processing input
06-09 18:11:27.251 2291 3226 E virtual Data FFDemuxer::read(): read frame failed: Invalid data found when processing input
06-09 18:11:27.251 2291 3226 E virtual Data FFDemuxer::read(): read frame failed: Invalid data found when processing input
06-09 18:11:27.252 2291 3226 E virtual Data FFDemuxer::read(): read frame failed: Invalid data found when processing input
06-09 18:11:27.252 2291 3226 E virtual Data FFDemuxer::read(): read frame failed: Invalid data found when processing input
06-09 18:11:27.252 2291 3226 E virtual Data FFDemuxer::read(): read frame failed: Invalid data found when processing input
06-09 18:11:27.253 2291 3226 E virtual Data FFDemuxer::read(): read frame failed: Invalid data found when processing input
06-09 18:11:27.253 2291 3226 E virtual Data FFDemuxer::read(): read frame failed: Invalid data found when processing input
06-09 18:11:27.253 2291 3226 E virtual Data FFDemuxer::read(): read frame failed: Invalid data found when processing input
06-09 18:11:27.253 2291 3226 E virtual Data FFDemuxer::read(): read frame failed: Invalid data found when processing input
06-09 18:11:27.253 2291 3226 E virtual Data FFDemuxer::read(): read frame failed: Invalid data found when processing input
06-09 18:11:27.254 2291 3226 E virtual Data FFDemuxer::read(): read frame failed: Invalid data found when processing input
06-09 18:11:27.254 2291 3226 E virtual Data FFDemuxer::read(): read frame failed: Invalid data found when processing input
06-09 18:11:27.254 2291 3226 E virtual Data FFDemuxer::read(): read frame failed: Invalid data found when processing input
06-09 18:11:27.254 2291 3226 E virtual Data FFDemuxer::read(): read frame failed: Invalid data found when processing input
06-09 18:11:27.255 2291 3226 E virtual Data FFDemuxer::read(): read frame failed: Invalid data found when processing input
06-09 18:11:27.255 2291 3226 E virtual Data FFDemuxer::read(): read frame failed: Invalid data found when processing input
06-09 18:11:27.255 2291 3226 E virtual Data FFDemuxer::read(): read frame failed: Invalid data found when processing input
06-09 18:11:27.255 2291 3226 E virtual Data FFDemuxer::read(): read frame failed: Invalid data found when processing input
06-09 18:11:27.255 2291 3226 E virtual Data FFDemuxer::read(): read frame failed: Invalid data found when processing input
06-09 18:11:27.256 2291 3226 E virtual Data FFDemuxer::read(): read frame failed: Invalid data found when processing input
06-09 18:11:27.256 2291 3226 E virtual Data FFDemuxer::read(): read frame failed: Invalid data found when processing input
06-09 18:11:27.256 2291 3226 E virtual Data FFDemuxer::read(): read frame failed: Invalid data found when processing input
06-09 18:11:27.256 2291 3226 E virtual Data FFDemuxer::read(): read frame failed: Invalid data found when processing input
06-09 18:11:27.257 2291 3226 E virtual Data FFDemuxer::read(): read frame failed: Invalid data found when processing input
06-09 18:11:27.257 2291 3226 E virtual Data FFDemuxer::read(): read frame failed: Invalid data found when processing input
06-09 18:11:27.257 2291 3226 E virtual Data FFDemuxer::read(): read frame failed: Invalid data found when processing input
06-09 18:11:27.257 2291 3226 E virtual Data FFDemuxer::read(): read frame failed: Invalid data found when processing input
06-09 18:11:27.257 2291 3226 E virtual Data FFDemuxer::read(): read frame failed: Invalid data found when processing input
06-09 18:11:27.258 2291 3226 E virtual Data FFDemuxer::read(): read frame failed: Invalid data found when processing input
06-09 18:11:27.258 2291 3226 E virtual Data FFDemuxer::read(): read frame failed: Invalid data found when processing input
06-09 18:11:27.258 2291 3226 E virtual Data FFDemuxer::read(): read frame failed: Invalid data found when processing input
06-09 18:11:27.258 2291 3226 E virtual Data FFDemuxer::read(): read frame failed: Invalid data found when processing input
06-09 18:11:27.258 2291 3226 E virtual Data FFDemuxer::read(): read frame failed: Invalid data found when processing input
06-09 18:11:27.259 2291 3226 E virtual Data FFDemuxer::read(): read frame failed: Invalid data found when processing input
06-09 18:11:27.259 2291 3226 E virtual Data FFDemuxer::read(): read frame failed: Invalid data found when processing input
06-09 18:11:27.259 2291 3226 E virtual Data FFDemuxer::read(): read frame failed: Invalid data found when processing input
06-09 18:11:27.259 2291 3226 E virtual Data FFDemuxer::read(): read frame failed: Invalid data found when processing input
06-09 18:11:27.260 2291 3226 E virtual Data FFDemuxer::read(): read frame failed: Invalid data found when processing input
06-09 18:11:27.260 2291 3226 E virtual Data FFDemuxer::read(): read frame failed: Invalid data found when processing input
06-09 18:11:27.260 2291 3226 E virtual Data FFDemuxer::read(): read frame failed: Invalid data found when processing input
06-09 18:11:27.260 2291 3226 E virtual Data FFDemuxer::read(): read frame failed: Invalid data found when processing input
06-09 18:11:27.260 2291 3226 E virtual Data FFDemuxer::read(): read frame failed: Invalid data found when processing input
06-09 18:11:27.261 2291 3226 E virtual Data FFDemuxer::read(): read frame failed: Invalid data found when processing input
06-09 18:11:27.261 2291 3226 E virtual Data FFDemuxer::read(): read frame failed: Invalid data found when processing input
06-09 18:11:27.261 2291 3226 E virtual Data FFDemuxer::read(): read frame failed: Invalid data found when processing input
06-09 18:11:27.261 2291 3226 E virtual Data FFDemuxer::read(): read frame failed: Invalid data found when processing input
06-09 18:11:27.261 2291 3226 E virtual Data FFDemuxer::read(): read frame failed: Invalid data found when processing input
06-09 18:11:27.262 2291 3226 E virtual Data FFDemuxer::read(): read frame failed: Invalid data found when processing input
06-09 18:11:27.262 2291 3226 E virtual Data FFDemuxer::read(): read frame failed: Invalid data found when processing input
06-09 18:11:27.262 2291 3226 E virtual Data FFDemuxer::read(): read frame failed: Invalid data found when processing input
06-09 18:11:27.262 2291 3226 E virtual Data FFDemuxer::read(): read frame failed: Invalid data found when processing input
06-09 18:11:27.263 2291 3226 E virtual Data FFDemuxer::read(): read frame failed: Invalid data found when processing input
06-09 18:11:27.263 2291 3226 E virtual Data FFDemuxer::read(): read frame failed: Invalid data found when processing input
06-09 18:11:27.263 2291 3226 E virtual Data FFDemuxer::read(): read frame failed: Invalid data found when processing input
06-09 18:11:27.263 2291 3226 E virtual Data FFDemuxer::read(): read frame failed: Invalid data found when processing input
06-09 18:11:27.263 2291 3226 E virtual Data FFDemuxer::read(): read frame failed: Invalid data found when processing input
06-09 18:11:27.264 2291 3226 E virtual Data FFDemuxer::read(): read frame failed: Invalid data found when processing input
06-09 18:11:27.264 2291 3226 E virtual Data FFDemuxer::read(): read frame failed: Invalid data found when processing input
06-09 18:11:27.264 2291 3226 E virtual Data FFDemuxer::read(): read frame failed: Invalid data found when processing input
06-09 18:11:27.265 2291 3226 E virtual Data FFDemuxer::read(): read frame failed: Invalid data found when processing input
06-09 18:11:27.265 2291 3226 E virtual Data FFDemuxer::read(): read frame failed: Invalid data found when processing input
06-09 18:11:27.265 2291 3226 E virtual Data FFDemuxer::read(): read frame failed: Invalid data found when processing input
06-09 18:11:27.265 2291 3226 E virtual Data FFDemuxer::read(): read frame failed: Invalid data found when processing input
06-09 18:11:27.266 2291 3226 E virtual Data FFDemuxer::read(): read frame failed: Invalid data found when processing input
06-09 18:11:27.266 2291 3226 E virtual Data FFDemuxer::read(): read frame failed: Invalid data found when processing input
06-09 18:11:27.266 2291 3226 E virtual Data FFDemuxer::read(): read frame failed: Invalid data found when processing input
06-09 18:11:27.266 2291 3226 E virtual Data FFDemuxer::read(): read frame failed: Invalid data found when processing input
06-09 18:11:27.266 2291 3226 E virtual Data FFDemuxer::read(): read frame failed: Invalid data found when processing input
06-09 18:11:27.267 2291 3226 E virtual Data FFDemuxer::read(): read frame failed: Invalid data found when processing input
06-09 18:11:27.267 2291 3226 E virtual Data FFDemuxer::read(): read frame failed: Invalid data found when processing input
06-09 18:11:27.267 2291 3226 E virtual Data FFDemuxer::read(): read frame failed: Invalid data found when processing input
06-09 18:11:27.267 2291 3226 E virtual Data FFDemuxer::read(): read frame failed: Invalid data found when processing input
06-09 18:11:27.268 2291 3226 E virtual Data FFDemuxer::read(): read frame failed: Invalid data found when processing input
06-09 18:11:27.268 320 2664 D XM_HIDREAD: poll ret=1, event=1
06-09 18:11:27.268 320 2664 D XM_HIDREAD: [9 bytes]:01 00 00 4F 00 00 00 00 00
06-09 18:11:27.268 2291 3226 E virtual Data FFDemuxer::read(): read frame failed: Invalid data found when processing input
06-09 18:11:27.268 475 595 D TvWindowManager: key event key = KEYCODE_DPAD_RIGHT down = true
06-09 18:11:27.268 2291 3226 E virtual Data FFDemuxer::read(): read frame failed: Invalid data found when processing input
06-09 18:11:27.268 2291 3226 E virtual Data FFDemuxer::read(): read frame failed: Invalid data found when processing input
06-09 18:11:27.268 2291 3226 E virtual Data FFDemuxer::read(): read frame failed: Invalid data found when processing input
06-09 18:11:27.269 2291 3226 E virtual Data FFDemuxer::read(): read frame failed: Invalid data found when processing input
06-09 18:11:27.270 2291 3226 E virtual Data FFDemuxer::read(): read frame failed: Invalid data found when processing input
06-09 18:11:27.270 2291 3226 E virtual Data FFDemuxer::read(): read frame failed: Invalid data found when processing input
06-09 18:11:27.270 2291 3226 E virtual Data FFDemuxer::read(): read frame failed: Invalid data found when processing input
06-09 18:11:27.270 2291 3226 E virtual Data FFDemuxer::read(): read frame failed: Invalid data found when processing input
06-09 18:11:27.271 2291 3226 E virtual Data FFDemuxer::read(): read frame failed: Invalid data found when processing input
06-09 18:11:27.272 475 594 D GpioService: mFlickerEnable = true
06-09 18:11:27.272 2291 3226 E virtual Data FFDemuxer::read(): read frame failed: Invalid data found when processing input
06-09 18:11:27.273 2291 3226 E virtual Data FFDemuxer::read(): read frame failed: Invalid data found when processing input
06-09 18:11:27.273 2291 3226 E virtual Data FFDemuxer::read(): read frame failed: Invalid data found when processing input
06-09 18:11:27.273 2291 3226 E virtual Data FFDemuxer::read(): read frame failed: Invalid data found when processing input
06-09 18:11:27.274 2051 2051 I SogouIME: onKeyDown: keyoCode=22
06-09 18:11:27.274 2051 2051 I DefaultIMS: onKeyDown: keyoCode=22
06-09 18:11:27.276 2291 3226 E virtual Data FFDemuxer::read(): read frame failed: Invalid data found when processing input
06-09 18:11:27.276 2291 3226 E virtual Data FFDemuxer::read(): read frame failed: Invalid data found when processing input
06-09 18:11:27.276 2291 3226 E virtual Data FFDemuxer::read(): read frame failed: Invalid data found when processing input
06-09 18:11:27.276 2291 3226 E virtual Data FFDemuxer::read(): read frame failed: Invalid data found when processing input
06-09 18:11:27.277 2291 3226 E virtual Data FFDemuxer::read(): read frame failed: Invalid data found when processing input
06-09 18:11:27.277 2291 3226 E virtual Data FFDemuxer::read(): read frame failed: Invalid data found when processing input
06-09 18:11:27.277 2291 3226 E virtual Data FFDemuxer::read(): read frame failed: Invalid data found when processing input
06-09 18:11:27.277 2291 3226 E virtual Data FFDemuxer::read(): read frame failed: Invalid data found when processing input
06-09 18:11:27.278 2291 3226 E virtual Data FFDemuxer::read(): read frame failed: Invalid data found when processing input
06-09 18:11:27.278 2291 3226 E virtual Data FFDemuxer::read(): read frame failed: Invalid data found when processing input
06-09 18:11:27.278 2291 3226 E virtual Data FFDemuxer::read(): read frame failed: Invalid data found when processing input
06-09 18:11:27.278 2291 3226 E virtual Data FFDemuxer::read(): read frame failed: Invalid data found when processing input
06-09 18:11:27.279 2291 3226 E virtual Data FFDemuxer::read(): read frame failed: Invalid data found when processing input
06-09 18:11:27.279 2291 3226 E virtual Data FFDemuxer::read(): read frame failed: Invalid data found when processing input
06-09 18:11:27.279 2291 3226 E virtual Data FFDemuxer::read(): read frame failed: Invalid data found when processing input
06-09 18:11:27.279 2291 3226 E virtual Data FFDemuxer::read(): read frame failed: Invalid data found when processing input
06-09 18:11:27.279 2291 3226 E virtual Data FFDemuxer::read(): read frame failed: Invalid data found when processing input
06-09 18:11:27.280 2291 3226 E virtual Data FFDemuxer::read(): read frame failed: Invalid data found when processing input
06-09 18:11:27.280 2291 3226 E virtual Data FFDemuxer::read(): read frame failed: Invalid data found when processing input
06-09 18:11:27.280 2291 3226 E virtual Data FFDemuxer::read(): read frame failed: Invalid data found when processing input
06-09 18:11:27.280 2291 3226 E virtual Data FFDemuxer::read(): read frame failed: Invalid data found when processing input
06-09 18:11:27.280 2291 3226 E virtual Data FFDemuxer::read(): read frame failed: Invalid data found when processing input
06-09 18:11:27.281 2291 3226 E virtual Data FFDemuxer::read(): read frame failed: Invalid data found when processing input
06-09 18:11:27.281 2291 3226 E virtual Data FFDemuxer::read(): read frame failed: Invalid data found when processing input
06-09 18:11:27.281 2291 3226 E virtual Data FFDemuxer::read(): read frame failed: Invalid data found when processing input
06-09 18:11:27.281 2291 3226 E virtual Data FFDemuxer::read(): read frame failed: Invalid data found when processing input
06-09 18:11:27.282 2291 3226 E virtual Data FFDemuxer::read(): read frame failed: Invalid data found when processing input
06-09 18:11:27.283 2291 3226 E virtual Data FFDemuxer::read(): read frame failed: Invalid data found when processing input
06-09 18:11:27.283 265 443 I AudioFlinger: BUFFER TIMEOUT: remove(60) from active list on thread 0xf0180400
06-09 18:11:27.283 2291 3226 E virtual Data FFDemuxer::read(): read frame failed: Invalid data found when processing input
06-09 18:11:27.284 2291 3226 E virtual Data FFDemuxer::read(): read frame failed: Invalid data found when processing input
06-09 18:11:27.284 2291 3226 E virtual Data FFDemuxer::read(): read frame failed: Invalid data found when processing input
06-09 18:11:27.284 2291 3226 E virtual Data FFDemuxer::read(): read frame failed: Invalid data found when processing input
06-09 18:11:27.286 2291 3226 E virtual Data FFDemuxer::read(): read frame failed: Invalid data found when processing input
06-09 18:11:27.286 2291 3226 E virtual Data FFDemuxer::read(): read frame failed: Invalid data found when processing input
06-09 18:11:27.287 2291 3226 E virtual Data FFDemuxer::read(): read frame failed: Invalid data found when processing input
06-09 18:11:27.288 2291 3226 E virtual Data FFDemuxer::read(): read frame failed: Invalid data found when processing input
06-09 18:11:27.288 2291 3226 E virtual Data FFDemuxer::read(): read frame failed: Invalid data found when processing input
06-09 18:11:27.288 2291 3226 E virtual Data FFDemuxer::read(): read frame failed: Invalid data found when processing input
06-09 18:11:27.288 2291 3226 E virtual Data FFDemuxer::read(): read frame failed: Invalid data found when processing input
06-09 18:11:27.288 2291 3226 E virtual Data FFDemuxer::read(): read frame failed: Invalid data found when processing input
06-09 18:11:27.289 2291 3226 E virtual Data FFDemuxer::read(): read frame failed: Invalid data found when processing input
06-09 18:11:27.289 2291 3226 E virtual Data FFDemuxer::read(): read frame failed: Invalid data found when processing input
06-09 18:11:27.289 2291 3226 E virtual Data FFDemuxer::read(): read frame failed: Invalid data found when processing input
06-09 18:11:27.289 2291 3226 E virtual Data FFDemuxer::read(): read frame failed: Invalid data found when processing input
06-09 18:11:27.290 2291 3226 E virtual Data FFDemuxer::read(): read frame failed: Invalid data found when processing input
06-09 18:11:27.290 2291 3226 E virtual Data FFDemuxer::read(): read frame failed: Invalid data found when processing input
06-09 18:11:27.290 2291 3226 E virtual Data FFDemuxer::read(): read frame failed: Invalid data found when processing input
06-09 18:11:27.291 2291 3226 E virtual Data FFDemuxer::read(): read frame failed: Invalid data found when processing input
06-09 18:11:27.291 2291 3226 E virtual Data FFDemuxer::read(): read frame failed: Invalid data found when processing input
06-09 18:11:27.291 2291 3226 E virtual Data FFDemuxer::read(): read frame failed: Invalid data found when processing input
06-09 18:11:27.292 2291 3226 E virtual Data FFDemuxer::read(): read frame failed: Invalid data found when processing input
06-09 18:11:27.292 2291 3226 E virtual Data FFDemuxer::read(): read frame failed: Invalid data found when processing input
06-09 18:11:27.292 2291 3226 E virtual Data FFDemuxer::read(): read frame failed: Invalid data found when processing input
06-09 18:11:27.293 2291 3226 E virtual Data FFDemuxer::read(): read frame failed: Invalid data found when processing input
06-09 18:11:27.293 2291 3226 E virtual Data FFDemuxer::read(): read frame failed: Invalid data found when processing input
06-09 18:11:27.293 2291 3226 E virtual Data FFDemuxer::read(): read frame failed: Invalid data found when processing input
06-09 18:11:27.293 2291 3226 E virtual Data FFDemuxer::read(): read frame failed: Invalid data found when processing input
06-09 18:11:27.294 2291 3226 E virtual Data FFDemuxer::read(): read frame failed: Invalid data found when processing input
06-09 18:11:27.294 2291 3226 E virtual Data FFDemuxer::read(): read frame failed: Invalid data found when processing input
06-09 18:11:27.295 2291 3226 E virtual Data FFDemuxer::read(): read frame failed: Invalid data found when processing input
06-09 18:11:27.304 2291 3226 E virtual Data FFDemuxer::read(): read frame failed: Invalid data found when processing input
06-09 18:11:27.304 2291 3226 E virtual Data FFDemuxer::read(): read frame failed: Invalid data found when processing input
06-09 18:11:27.305 2291 3226 E virtual Data FFDemuxer::read(): read frame failed: Invalid data found when processing input
06-09 18:11:27.305 2291 3226 E virtual Data FFDemuxer::read(): read frame failed: Invalid data found when processing input
06-09 18:11:27.305 2291 3226 E virtual Data FFDemuxer::read(): read frame failed: Invalid data found when processing input
06-09 18:11:27.306 2291 3226 E virtual Data FFDemuxer::read(): read frame failed: Invalid data found when processing input
06-09 18:11:27.306 2291 3226 E virtual Data FFDemuxer::read(): read frame failed: Invalid data found when processing input
06-09 18:11:27.306 2291 3226 E virtual Data FFDemuxer::read(): read frame failed: Invalid data found when processing input
06-09 18:11:27.306 2291 3226 E virtual Data FFDemuxer::read(): read frame failed: Invalid data found when processing input
06-09 18:11:27.309 2291 3226 E virtual Data FFDemuxer::read(): read frame failed: Invalid data found when processing input
06-09 18:11:27.309 2291 3226 E virtual Data FFDemuxer::read(): read frame failed: Invalid data found when processing input
06-09 18:11:27.309 2291 3226 E virtual Data FFDemuxer::read(): read frame failed: Invalid data found when processing input
06-09 18:11:27.309 2291 3226 E virtual Data FFDemuxer::read(): read frame failed: Invalid data found when processing input
06-09 18:11:27.310 2291 3226 E virtual Data FFDemuxer::read(): read frame failed: Invalid data found when processing input
06-09 18:11:27.310 2291 3226 E virtual Data FFDemuxer::read(): read frame failed: Invalid data found when processing input
06-09 18:11:27.311 2291 3226 E virtual Data FFDemuxer::read(): read frame failed: Invalid data found when processing input
06-09 18:11:27.313 2291 3226 E virtual Data FFDemuxer::read(): read frame failed: Invalid data found when processing input
06-09 18:11:27.313 2291 3226 E virtual Data FFDemuxer::read(): read frame failed: Invalid data found when processing input
06-09 18:11:27.314 2291 3226 E virtual Data FFDemuxer::read(): read frame failed: Invalid data found when processing input
06-09 18:11:27.314 2291 3226 E virtual Data FFDemuxer::read(): read frame failed: Invalid data found when processing input
06-09 18:11:27.315 2291 3226 E virtual Data FFDemuxer::read(): read frame failed: Invalid data found when processing input
06-09 18:11:27.315 2291 3226 E virtual Data FFDemuxer::read(): read frame failed: Invalid data found when processing input
06-09 18:11:27.316 2291 3226 E virtual Data FFDemuxer::read(): read frame failed: Invalid data found when processing input
06-09 18:11:27.316 2291 3226 E virtual Data FFDemuxer::read(): read frame failed: Invalid data found when processing input
06-09 18:11:27.317 2291 3226 E virtual Data FFDemuxer::read(): read frame failed: Invalid data found when processing input
06-09 18:11:27.317 2291 3226 E virtual Data FFDemuxer::read(): read frame failed: Invalid data found when processing input
06-09 18:11:27.318 2291 3226 E virtual Data FFDemuxer::read(): read frame failed: Invalid data found when processing input
06-09 18:11:27.318 2291 3226 E virtual Data FFDemuxer::read(): read frame failed: Invalid data found when processing input
06-09 18:11:27.319 2291 3226 E virtual Data FFDemuxer::read(): read frame failed: Invalid data found when processing input
06-09 18:11:27.319 2291 3226 E virtual Data FFDemuxer::read(): read frame failed: Invalid data found when processing input
06-09 18:11:27.319 2291 3226 E virtual Data FFDemuxer::read(): read frame failed: Invalid data found when processing input
06-09 18:11:27.320 2291 3226 E virtual Data FFDemuxer::read(): read frame failed: Invalid data found when processing input
06-09 18:11:27.320 2291 3226 E virtual Data FFDemuxer::read(): read frame failed: Invalid data found when processing input
06-09 18:11:27.320 2291 3226 E virtual Data FFDemuxer::read(): read frame failed: Invalid data found when processing input
06-09 18:11:27.320 2291 3226 E virtual Data FFDemuxer::read(): read frame failed: Invalid data found when processing input
06-09 18:11:27.321 2291 3226 E virtual Data FFDemuxer::read(): read frame failed: Invalid data found when processing input
06-09 18:11:27.321 2291 3226 E virtual Data FFDemuxer::read(): read frame failed: Invalid data found when processing input
06-09 18:11:27.322 2291 3226 E virtual Data FFDemuxer::read(): read frame failed: Invalid data found when processing input
06-09 18:11:27.322 2291 3226 E virtual Data FFDemuxer::read(): read frame failed: Invalid data found when processing input
06-09 18:11:27.325 2291 3226 E virtual Data FFDemuxer::read(): read frame failed: Invalid data found when processing input
06-09 18:11:27.325 2291 3226 E virtual Data FFDemuxer::read(): read frame failed: Invalid data found when processing input
06-09 18:11:27.325 2291 3226 E virtual Data FFDemuxer::read(): read frame failed: Invalid data found when processing input
06-09 18:11:27.326 2291 3226 E virtual Data FFDemuxer::read(): read frame failed: Invalid data found when processing input
06-09 18:11:27.326 2291 3226 E virtual Data FFDemuxer::read(): read frame failed: Invalid data found when processing input
06-09 18:11:27.326 2291 3226 E virtual Data FFDemuxer::read(): read frame failed: Invalid data found when processing input
06-09 18:11:27.326 2291 3226 E virtual Data FFDemuxer::read(): read frame failed: Invalid data found when processing input
06-09 18:11:27.327 2291 3226 E virtual Data FFDemuxer::read(): read frame failed: Invalid data found when processing input
06-09 18:11:27.328 2291 3226 E virtual Data FFDemuxer::read(): read frame failed: Invalid data found when processing input
06-09 18:11:27.328 2291 3226 E virtual Data FFDemuxer::read(): read frame failed: Invalid data found when processing input
06-09 18:11:27.328 2291 3226 E virtual Data FFDemuxer::read(): read frame failed: Invalid data found when processing input
06-09 18:11:27.329 2291 3226 E virtual Data FFDemuxer::read(): read frame failed: Invalid data found when processing input
06-09 18:11:27.329 2291 3226 E virtual Data FFDemuxer::read(): read frame failed: Invalid data found when processing input
06-09 18:11:27.329 2291 3226 E virtual Data FFDemuxer::read(): read frame failed: Invalid data found when processing input
06-09 18:11:27.329 2291 3226 E virtual Data FFDemuxer::read(): read frame failed: Invalid data found when processing input
06-09 18:11:27.330 2291 3226 E virtual Data FFDemuxer::read(): read frame failed: Invalid data found when processing input
06-09 18:11:27.330 2291 3226 E virtual Data FFDemuxer::read(): read frame failed: Invalid data found when processing input
06-09 18:11:27.330 2291 3226 E virtual Data FFDemuxer::read(): read frame failed: Invalid data found when processing input
06-09 18:11:27.331 2291 3226 E virtual Data FFDemuxer::read(): read frame failed: Invalid data found when processing input
06-09 18:11:27.333 2291 3226 E virtual Data FFDemuxer::read(): read frame failed: Invalid data found when processing input
06-09 18:11:27.334 2291 3226 E virtual Data FFDemuxer::read(): read frame failed: Invalid data found when processing input
06-09 18:11:27.336 2291 3226 E virtual Data FFDemuxer::read(): read frame failed: Invalid data found when processing input
06-09 18:11:27.336 2291 3226 E virtual Data FFDemuxer::read(): read frame failed: Invalid data found when processing input
06-09 18:11:27.337 2291 3226 E virtual Data FFDemuxer::read(): read frame failed: Invalid data found when processing input
06-09 18:11:27.337 2291 3226 E virtual Data FFDemuxer::read(): read frame failed: Invalid data found when processing input
06-09 18:11:27.337 2291 3226 E virtual Data FFDemuxer::read(): read frame failed: Invalid data found when processing input
06-09 18:11:27.337 2291 3226 E virtual Data FFDemuxer::read(): read frame failed: Invalid data found when processing input
06-09 18:11:27.338 2291 3226 E virtual Data FFDemuxer::read(): read frame failed: Invalid data found when processing input
06-09 18:11:27.338 2291 3226 E virtual Data FFDemuxer::read(): read frame failed: Invalid data found when processing input
06-09 18:11:27.338 2291 3226 E virtual Data FFDemuxer::read(): read frame failed: Invalid data found when processing input
06-09 18:11:27.338 2291 3226 E virtual Data FFDemuxer::read(): read frame failed: Invalid data found when processing input
06-09 18:11:27.338 2291 3226 E virtual Data FFDemuxer::read(): read frame failed: Invalid data found when processing input
06-09 18:11:27.339 2291 3226 E virtual Data FFDemuxer::read(): read frame failed: Invalid data found when processing input
06-09 18:11:27.339 2291 3226 E virtual Data FFDemuxer::read(): read frame failed: Invalid data found when processing input
06-09 18:11:27.339 2291 3226 E virtual Data FFDemuxer::read(): read frame failed: Invalid data found when processing input
06-09 18:11:27.339 2291 3226 E virtual Data FFDemuxer::read(): read frame failed: Invalid data found when processing input
06-09 18:11:27.340 2291 3226 E virtual Data FFDemuxer::read(): read frame failed: Invalid data found when processing input
06-09 18:11:27.341 2291 3226 E virtual Data FFDemuxer::read(): read frame failed: Invalid data found when processing input
06-09 18:11:27.342 2291 3226 E virtual Data FFDemuxer::read(): read frame failed: Invalid data found when processing input
06-09 18:11:27.342 2291 3226 E virtual Data FFDemuxer::read(): read frame failed: Invalid data found when processing input
06-09 18:11:27.342 2291 3226 E virtual Data FFDemuxer::read(): read frame failed: Invalid data found when processing input
06-09 18:11:27.342 2291 3226 E virtual Data FFDemuxer::read(): read frame failed: Invalid data found when processing input
06-09 18:11:27.342 2291 3226 E virtual Data FFDemuxer::read(): read frame failed: Invalid data found when processing input
06-09 18:11:27.343 2291 3226 E virtual Data FFDemuxer::read(): read frame failed: Invalid data found when processing input
06-09 18:11:27.343 2291 3226 E virtual Data FFDemuxer::read(): read frame failed: Invalid data found when processing input
06-09 18:11:27.343 2291 3226 E virtual Data FFDemuxer::read(): read frame failed: Invalid data found when processing input
06-09 18:11:27.357 320 2664 D XM_HIDREAD: poll ret=1, event=1
06-09 18:11:27.358 320 2664 D XM_HIDREAD: [9 bytes]:01 00 00 00 00 00 00 00 00
06-09 18:11:27.358 475 595 D TvWindowManager: key event key = KEYCODE_DPAD_RIGHT down = false
06-09 18:11:27.359 2051 2051 I SogouIME: onKeyUp: keyoCode=22
06-09 18:11:27.360 2051 2051 I DefaultIMS: onKeyUp: keyoCode=22
06-09 18:11:27.364 2291 3197 D LeradPlayer: seek: 469925
06-09 18:11:27.364 2291 3197 I void PlayerProxy::seek(long, int64_t): start seek
06-09 18:11:27.369 2291 3226 E static int FFDemuxer::interruptCallBack(void *): abort request
06-09 18:11:27.369 2291 3226 E static int FFDemuxer::interruptCallBack(void *): abort request
06-09 18:11:27.369 2291 3226 E virtual Data FFDemuxer::read(): read frame failed: Invalid data found when processing input
06-09 18:11:27.371 2291 3226 E static int FFDemuxer::interruptCallBack(void *): abort request
06-09 18:11:27.371 2291 3226 E static int FFDemuxer::interruptCallBack(void *): abort request
06-09 18:11:27.371 2291 3226 E virtual Data FFDemuxer::read(): read frame failed: Invalid data found when processing input
06-09 18:11:27.374 2291 3197 I void Player::seek(int64_t): seek start
06-09 18:11:27.374 2291 3197 I void IDemuxer::setState(int): newState:5 oldState:4
06-09 18:11:27.374 2291 3197 I virtual void IDemuxer::pause(bool): pause success 1
06-09 18:11:27.374 2291 3197 I void IDecoder::setState(int): newState:5 oldState:2
06-09 18:11:27.374 2291 3197 I virtual void IDecoder::pause(bool): pause success: 1
06-09 18:11:27.374 2291 3197 I void IDecoder::setState(int): newState:5 oldState:2
06-09 18:11:27.374 2291 3197 I virtual void IDecoder::pause(bool): pause success: 1
06-09 18:11:27.374 2291 3197 I void Player::seek(int64_t): clear buffer before seek
06-09 18:11:27.374 2291 3197 I virtual void IAudioOutput::clear(): clear success
06-09 18:11:27.374 2291 3197 I void IDecoder::setState(int): newState:0 oldState:5
06-09 18:11:27.374 2291 3197 I virtual void IDecoder::clear(): clear success 1
06-09 18:11:27.375 2291 3197 I virtual void FFAVDecoder::clear(): clear success: 1
06-09 18:11:27.375 2291 3197 I void IDecoder::setState(int): newState:0 oldState:5
06-09 18:11:27.375 2291 3197 I virtual void IDecoder::clear(): clear success 2
06-09 18:11:27.375 360 3220 D omx_thread: : ++++++++++suspend, drain
06-09 18:11:27.375 360 3232 D omx_thread: : post stop run sem drain
06-09 18:11:27.375 360 3220 D omx_thread: : ++++++++wait stop-run sem done: drain
06-09 18:11:27.375 360 3220 D omx_thread: : ++++++++++suspend, decode
06-09 18:11:27.376 360 3231 D omx_thread: : post stop run sem decode
06-09 18:11:27.377 360 3220 D omx_thread: : ++++++++wait stop-run sem done: decode
06-09 18:11:27.377 360 3220 D omx_thread: : ++++++++++suspend, submit
06-09 18:11:27.377 360 3230 D omx_thread: : post stop run sem submit
06-09 18:11:27.377 360 3220 D omx_thread: : ++++++++wait stop-run sem done: submit
06-09 18:11:27.377 360 3220 D omx_vdec: : flush command, portIdx:4294967295
06-09 18:11:27.377 360 3220 D omx_vdec_aw: <__anFlush:3468>: decoder flush
06-09 18:11:27.378 360 3220 D cedarc : : ** wait for reset sem
06-09 18:11:27.378 360 3229 D cedarc : : *** post reset sem
06-09 18:11:27.379 360 3220 D cedarc : : ** wait for reset sem ok
06-09 18:11:27.379 360 3220 D cedarc : : SbmFrameReset finish
06-09 18:11:27.379 360 3220 D omx_vdec_aw: : ** fillBufferDone owned by decoer i[0],pHeadBufInfo[0xe8c1da50],pPic[0xe89107c0]
