06-09 18:09:07.867 475 498 D CompatibilityChangeReporter: Compat change id reported: 135772972; UID 10073; state: DISABLED
06-09 18:09:07.867 475 498 D CompatibilityChangeReporter: Compat change id reported: 135754954; UID 10073; state: DISABLED
06-09 18:09:07.868 475 537 D CompatibilityChangeReporter: Compat change id reported: 143937733; UID 10073; state: DISABLED
06-09 18:09:07.895 241 241 D Zygote : Forked child process 1694
06-09 18:09:07.905 1694 1694 I Zygote : seccomp disabled by setenforce 0
06-09 18:09:07.916 475 537 I ActivityManager: app.processName = com.android.permissioncontroller
06-09 18:09:07.916 475 537 I ActivityManager: Start proc 1694:com.android.permissioncontroller/u0a73 for broadcast {com.android.permissioncontroller/com.android.permissioncontroller.permission.service.LocationAccessCheck$SetupPeriodicBackgroundLocationAccessCheck}
06-09 18:09:07.916 475 537 W ActivityManager: Slow operation: 51ms so far, now at startProcess: starting to update pids map
06-09 18:09:07.932 475 537 W ActivityManager: Slow operation: 66ms so far, now at startProcess: done updating pids map
06-09 18:09:07.936 371 392 I adbd : jdwp connection from 1694
06-09 18:09:07.987 1174 1174 I wpa_supplicant: wlan0: Trying to associate with 58:c7:ac:78:f0:02 (SSID='DZNB' freq=5180 MHz)
06-09 18:09:07.988 475 570 D CompatibilityChangeReporter: Compat change id reported: 168419799; UID 10073; state: DISABLED
06-09 18:09:08.017 475 607 D WifiCountryCode: evaluateAllCmmStateAndApplyIfAllReady: {ConcreteClientModeManager{id=20491 iface=wlan0 role=ROLE_CLIENT_PRIMARY}=false}
06-09 18:09:08.017 475 607 D WifiClientModeImpl[wlan0]: Start Connecting Watchdog 1
06-09 18:09:08.018 475 570 W ActivityManager: Slow operation: 53ms so far, now at attachApplicationLocked: immediately before bindApplication
06-09 18:09:08.028 258 258 I AW_PowerHAL: Power setMode: SUSTAINED_PERFORMANCE to: 0
06-09 18:09:08.033 258 258 I AW_PowerHAL: cur-mode:SCHEDUTIL-Home
06-09 18:09:08.040 475 570 W ActivityManager: Slow operation: 75ms so far, now at attachApplicationLocked: immediately after bindApplication
06-09 18:09:08.040 475 570 W ActivityManager: Slow operation: 76ms so far, now at attachApplicationLocked: after updateLruProcessLocked
06-09 18:09:08.041 475 570 W ActivityManager: Slow operation: 76ms so far, now at attachApplicationLocked: after mServices.attachApplicationLocked
06-09 18:09:08.049 475 570 W ActivityManager: Slow operation: 85ms so far, now at attachApplicationLocked: after sendPendingBroadcastsLocked
06-09 18:09:08.056 1174 1174 I wpa_supplicant: wlan0: Associated with 58:c7:ac:78:f0:02
06-09 18:09:08.057 1174 1174 I wpa_supplicant: wlan0: CTRL-EVENT-SUBNET-STATUS-UPDATE status=0
06-09 18:09:08.057 1174 1174 I wpa_supplicant: wlan0: CTRL-EVENT-REGDOM-CHANGE init=COUNTRY_IE type=COUNTRY alpha2=CN
06-09 18:09:08.057 356 356 I wificond: Regulatory domain changed to country: CN on wiphy_index: 0
06-09 18:09:08.061 356 356 I wificond: 2.4Ghz frequencies: 2412 2417 2422 2427 2432 2437 2442 2447 2452 2457 2462 2467 2472
06-09 18:09:08.061 356 356 I wificond: 5Ghz non-DFS frequencies: 5180 5200 5220 5240 5745 5765 5785 5805 5825
06-09 18:09:08.061 356 356 I wificond: 5Ghz DFS frequencies: 5260 5280 5300 5320
06-09 18:09:08.061 356 356 I wificond: 6Ghz frequencies:
06-09 18:09:08.061 356 356 I wificond: 60Ghz frequencies:
06-09 18:09:08.063 475 570 D WifiNl80211Manager: OnRegDomainChanged CN
06-09 18:09:08.064 475 570 D WifiNative: onCountryCodeChanged: CN
06-09 18:09:08.064 475 570 I WifiCountryCode: Receive onDriverCountryCodeChanged CN
06-09 18:09:08.068 1174 1174 I wpa_supplicant: wlan0: WPA: RX message 1 of 4-Way Handshake from 58:c7:ac:78:f0:02 (ver=2)
06-09 18:09:08.069 1174 1174 I wpa_supplicant: wlan0: WPA: Sending EAPOL-Key 2/4
06-09 18:09:08.073 1174 1174 I wpa_supplicant: wlan0: WPA: RX message 3 of 4-Way Handshake from 58:c7:ac:78:f0:02 (ver=2)
06-09 18:09:08.073 1174 1174 I wpa_supplicant: wlan0: WPA: Sending EAPOL-Key 4/4
06-09 18:09:08.078 1174 1174 I wpa_supplicant: wlan0: WPA: Key negotiation completed with 58:c7:ac:78:f0:02 [PTK=CCMP GTK=TKIP]
06-09 18:09:08.078 1174 1174 I wpa_supplicant: wlan0: CTRL-EVENT-CONNECTED - Connection to 58:c7:ac:78:f0:02 completed [id=0 id_str=%7B%22configKey%22%3A%22%5C%22DZNB%5C%22WPA_PSK%22%2C%22creatorUid%22%3A%2210024%22%7D]
06-09 18:09:08.084 1694 1694 D CompatibilityChangeReporter: Compat change id reported: 171979766; UID 10073; state: DISABLED
06-09 18:09:08.089 475 516 I EthernetTracker: interfaceLinkStateChanged, iface: wlan0, up: true
06-09 18:09:08.089 475 516 W PppoeNetworkFactory: interfaceLinkStateChanged
06-09 18:09:08.090 475 516 D PppoeNetworkFactory: updateInterface: mIface: mPhyIface:eth0 iface:wlan0 link:up
06-09 18:09:08.090 475 516 D PppoeNetworkFactory: not tracker interface
06-09 18:09:08.080 1306 1306 D RockyReceiver: action: android.net.wifi.STATE_CHANGE
06-09 18:09:08.093 475 498 E ConnectivityService: Exception = android.content.pm.PackageManager$NameNotFoundException: android.net.cts
06-09 18:09:08.118 475 607 I WifiService: onDriverCountryCodeChanged CN
06-09 18:09:08.138 1306 1306 D RockyReceiver: action: android.net.wifi.STATE_CHANGE
06-09 18:09:08.140 475 570 E ConnectivityService: Exception = android.content.pm.PackageManager$NameNotFoundException: android.net.cts
06-09 18:09:08.162 1694 1694 D ApplicationLoaders: Returning zygote-cached class loader: /system/framework/android.test.base.jar
06-09 18:09:08.167 1306 1306 D RockyReceiver: action: android.net.wifi.STATE_CHANGE
06-09 18:09:08.168 475 570 E ConnectivityService: Exception = android.content.pm.PackageManager$NameNotFoundException: android.net.cts
06-09 18:09:08.188 475 607 D ConnectivityService: registerNetworkAgent NetworkAgentInfo{network{100} handle{432902426637} ni{WIFI CONNECTING extra: } Score(60 ; KeepConnected : 0 ; Policies : IS_UNMETERED) lp{{LinkAddresses: [ ] DnsAddresses: [ ] Domains: null MTU: 0 Routes: [ ]}} nc{[ Transports: WIFI Capabilities: NOT_METERED&INTERNET&NOT_RESTRICTED&TRUSTED&NOT_VPN&NOT_ROAMING&FOREGROUND&NOT_CONGESTED&NOT_SUSPENDED&NOT_VCN_MANAGED LinkUpBandwidth>=866000Kbps LinkDnBandwidth>=866000Kbps Specifier: TransportInfo: OwnerUid: 10024 AdminUids: [10024] SSID: "DZNB"]}}
06-09 18:09:08.196 1174 1174 E wpa_supplicant: nl80211: kernel reports: unexpected nested data
06-09 18:09:08.164 1518 1518 I net_disconnect.: type=1400 audit(0.0:516): avc: denied { execute } for name="rgb_led_ctl" dev="dm-1" ino=188 scontext=u:r:init:s0 tcontext=u:object_r:vendor_file:s0 tclass=file permissive=1
06-09 18:09:08.168 1736 1736 I net_disconnect.: type=1400 audit(0.0:517): avc: denied { execute_no_trans } for path="/vendor/bin/rgb_led_ctl" dev="dm-1" ino=188 scontext=u:r:init:s0 tcontext=u:object_r:vendor_file:s0 tclass=file permissive=1
06-09 18:09:08.184 1736 1736 I rgb_led_ctl: type=1400 audit(0.0:518): avc: denied { write } for name="spidev1.0" dev="tmpfs" ino=2502 scontext=u:r:init:s0 tcontext=u:object_r:device:s0 tclass=chr_file permissive=1
06-09 18:09:08.184 1736 1736 I rgb_led_ctl: type=1400 audit(0.0:519): avc: denied { open } for path="/dev/spidev1.0" dev="tmpfs" ino=2502 scontext=u:r:init:s0 tcontext=u:object_r:device:s0 tclass=chr_file permissive=1
06-09 18:09:08.184 1736 1736 I rgb_led_ctl: type=1400 audit(0.0:520): avc: denied { ioctl } for path="/dev/spidev1.0" dev="tmpfs" ino=2502 ioctlcmd=0x6b01 scontext=u:r:init:s0 tcontext=u:object_r:device:s0 tclass=chr_file permissive=1
06-09 18:09:08.210 475 570 E ConnectivityService: Exception = android.content.pm.PackageManager$NameNotFoundException: android.net.cts
06-09 18:09:08.230 656 656 E WifiHAL : wifi_get_packet_filter_capabilities: requestResponse() error: -3
06-09 18:09:08.230 656 656 I WifiHAL : Packet filtering is not supprted
06-09 18:09:08.255 1436 1450 I d.process.medi: Background young concurrent copying GC freed 38088(1837KB) AllocSpace objects, 0(0B) LOS objects, 88% free, 3076KB/27MB, paused 135us total 499.617ms
06-09 18:09:08.264 656 656 E WifiHAL : wifi_get_link_stats: requestResponse Error:-5
06-09 18:09:08.266 475 607 E WifiVendorHal: getWifiLinkLayerStats_1_5_Internal(l.1191) failed {.code = ERROR_INVALID_ARGS, .description = }
06-09 18:09:08.287 475 751 D CompatibilityChangeReporter: Compat change id reported: 171306433; UID 1073; state: ENABLED
06-09 18:09:08.299 656 656 E WifiHAL : wifi_get_link_stats: requestResponse Error:-5
06-09 18:09:08.307 475 607 E WifiVendorHal: getWifiLinkLayerStats_1_5_Internal(l.1191) failed {.code = ERROR_INVALID_ARGS, .description = }
06-09 18:09:08.335 1694 1694 V GraphicsEnvironment: ANGLE Developer option for 'com.android.permissioncontroller' set to: 'default'
06-09 18:09:08.335 1694 1694 V GraphicsEnvironment: Neither updatable production driver nor prerelease driver is supported.
06-09 18:09:08.348 1694 1694 D NetworkSecurityConfig: No Network Security Config specified, using platform default
06-09 18:09:08.349 1694 1694 D NetworkSecurityConfig: No Network Security Config specified, using platform default
06-09 18:09:08.349 475 614 D ConnectivityService: [100 WIFI] EVENT_NETWORK_INFO_CHANGED, going from CONNECTING to CONNECTING
06-09 18:09:08.380 475 614 D ConnectivityService: NetReassign [no changes]
06-09 18:09:08.391 475 614 D ConnectivityService: NetReassign [no changes]
06-09 18:09:08.414 1694 1694 I CarUiInstaller: CarUiInstaller started for com.android.permissioncontroller
06-09 18:09:08.420 475 607 E WifiVendorHal: configureNeighborDiscoveryOffload(l.2704) failed {.code = ERROR_INVALID_ARGS, .description = }
06-09 18:09:08.488 475 614 D ConnectivityService: Adding iface wlan0 to network 100
06-09 18:09:08.489 240 240 E Netd : no such netId 100
06-09 18:09:08.490 475 614 W ConnectivityService: Exception adding interface: android.os.ServiceSpecificException: Machine is not on the network (code 64)
06-09 18:09:08.493 240 240 E Netd : no such netId 100
06-09 18:09:08.497 1694 1694 W Role : Cannot get ApplicationInfo for default holder: com.android.messaging
06-09 18:09:08.530 475 614 W BestClock: java.time.DateTimeException: Missing NTP fix
06-09 18:09:08.555 475 518 W IorapForwardingService: No service published for: iorapd
06-09 18:09:08.567 475 614 W BestClock: java.time.DateTimeException: Missing NTP fix
06-09 18:09:08.570 475 605 W BestClock: java.time.DateTimeException: Missing NTP fix
06-09 18:09:08.576 475 605 W BestClock: java.time.DateTimeException: Missing NTP fix
06-09 18:09:08.603 1694 1694 I HibernationPolicy: scheduleHibernationJob with frequency 1296000000ms and threshold 7776000000ms
06-09 18:09:08.607 1694 1694 I HibernationPolicy: user 0 is a profileowner. Running hibernation job.
06-09 18:09:08.609 1694 1694 I HibernationPolicy: Job already scheduled.
06-09 18:09:08.612 475 498 D CompatibilityChangeReporter: Compat change id reported: 135634846; UID 10029; state: DISABLED
06-09 18:09:08.612 475 498 D CompatibilityChangeReporter: Compat change id reported: 177438394; UID 10029; state: DISABLED
06-09 18:09:08.612 475 498 D CompatibilityChangeReporter: Compat change id reported: 135772972; UID 10029; state: DISABLED
06-09 18:09:08.613 475 498 D CompatibilityChangeReporter: Compat change id reported: 135754954; UID 10029; state: ENABLED
06-09 18:09:08.613 656 656 E WifiHAL : wifi_get_link_stats: requestResponse Error:-5
06-09 18:09:08.613 475 537 D CompatibilityChangeReporter: Compat change id reported: 143937733; UID 10029; state: ENABLED
06-09 18:09:08.621 475 607 E WifiVendorHal: getWifiLinkLayerStats_1_5_Internal(l.1191) failed {.code = ERROR_INVALID_ARGS, .description = }
06-09 18:09:08.635 752 1270 D DhcpClient: l2key: W10be033fa5f6cac6 lease address: /192.168.3.187 lease expiry: 1749465511453 current time: 1749463748635
06-09 18:09:08.642 752 1270 D DhcpClient: Broadcasting DHCPREQUEST ciaddr=0.0.0.0 request=192.168.3.187 serverid=null
06-09 18:09:08.646 1306 1306 D RockyManager: switchWakeIsAllow isQuitBootGuide: true isBtMode: false
06-09 18:09:08.646 1306 1306 D RockyManager: switchWakeIsAllow isAllowFarWake: true
06-09 18:09:08.652 241 241 D Zygote : Forked child process 1771
06-09 18:09:08.661 475 537 I ActivityManager: app.processName = com.android.providers.calendar
06-09 18:09:08.661 475 537 I ActivityManager: Start proc 1771:com.android.providers.calendar/u0a29 for broadcast {com.android.providers.calendar/com.android.providers.calendar.CalendarReceiver}
06-09 18:09:08.661 475 537 W ActivityManager: Slow operation: 51ms so far, now at startProcess: starting to update pids map
06-09 18:09:08.662 475 537 W ActivityManager: Slow operation: 51ms so far, now at startProcess: done updating pids map
06-09 18:09:08.673 1771 1771 I Zygote : seccomp disabled by setenforce 0
06-09 18:09:08.694 371 392 I adbd : jdwp connection from 1771
06-09 18:09:08.731 1780 1780 W audit : audit_lost=117 audit_rate_limit=5 audit_backlog_limit=64
06-09 18:09:08.731 1780 1780 E audit : rate limit exceeded
06-09 18:09:08.744 475 816 D CompatibilityChangeReporter: Compat change id reported: 168419799; UID 10029; state: DISABLED
06-09 18:09:08.750 752 1270 D DhcpClient: Received packet: b4:2f:03:15:e8:b9 ACK: your new IP /192.168.3.187, netmask /255.255.254.0, gateways [/192.168.3.1] DNS servers: /202.96.134.133 /202.96.128.166 , lease time 3600
06-09 18:09:08.782 752 1270 D DhcpClient: Confirmed lease: android.net.networkstack.DhcpResults@68c20e2 DHCP server /192.168.3.1 Vendor info null lease 3600 seconds Servername
06-09 18:09:08.784 1771 1771 D CompatibilityChangeReporter: Compat change id reported: 171979766; UID 10029; state: ENABLED
06-09 18:09:08.837 1306 1306 D RockyReceiver: action: android.net.wifi.STATE_CHANGE
06-09 18:09:08.839 475 498 E ConnectivityService: Exception = android.content.pm.PackageManager$NameNotFoundException: android.net.cts
06-09 18:09:08.840 240 240 E Netd : no such netId 100
06-09 18:09:08.841 475 614 E ConnectivityService: Exception in networkAddRouteParcel for non-gateway: android.os.ServiceSpecificException: Machine is not on the network (code 64)
06-09 18:09:08.841 240 240 E Netd : no such netId 100
06-09 18:09:08.842 475 614 E ConnectivityService: Exception in networkAddRouteParcel for gateway: android.os.ServiceSpecificException: Machine is not on the network (code 64)
06-09 18:09:08.848 475 614 W BestClock: java.time.DateTimeException: Missing NTP fix
06-09 18:09:08.857 1306 1306 D RockyReceiver: action: android.net.wifi.STATE_CHANGE
06-09 18:09:08.858 475 498 E ConnectivityService: Exception = android.content.pm.PackageManager$NameNotFoundException: android.net.cts
06-09 18:09:08.881 752 1270 D DhcpClient: Scheduling renewal in 1799s
06-09 18:09:08.882 752 1270 D DhcpClient: Scheduling rebind in 3149s
06-09 18:09:08.882 752 1270 D DhcpClient: Scheduling expiry in 3599s
06-09 18:09:08.890 475 607 W WifiScoreReport: Cannot start external scoring netId=100 currentNetId=100 currentNetCapabilities=[ Transports: WIFI Capabilities: NOT_METERED&INTERNET&NOT_RESTRICTED&TRUSTED&NOT_VPN&NOT_ROAMING&NOT_CONGESTED&NOT_SUSPENDED&NOT_VCN_MANAGED LinkUpBandwidth>=12000Kbps LinkDnBandwidth>=60000Kbps Specifier: TransportInfo: SignalStrength: -49 OwnerUid: 10024 AdminUids: [10024] SSID: "DZNB"] sessionId=1008
06-09 18:09:08.894 475 614 W BestClock: java.time.DateTimeException: Missing NTP fix
06-09 18:09:08.895 1089 1290 D AppManager: checkLocalAppsIsValid: size
06-09 18:09:08.897 475 605 W BestClock: java.time.DateTimeException: Missing NTP fix
06-09 18:09:08.898 475 605 W BestClock: java.time.DateTimeException: Missing NTP fix
06-09 18:09:08.898 1089 1290 D AppManager: AppManager resetData:
06-09 18:09:08.904 475 614 D ConnectivityService: Setting DNS servers for network 100 to [/202.96.134.133, /202.96.128.166]
06-09 18:09:08.914 475 614 W BestClock: java.time.DateTimeException: Missing NTP fix
06-09 18:09:08.934 475 498 D WifiMemoryStoreImpl: Set cluster Gf9c648605966df70 for Wc8d2aa76914a7c3f: SUCCESS
06-09 18:09:08.960 475 614 W BestClock: java.time.DateTimeException: Missing NTP fix
06-09 18:09:08.965 1771 1771 V GraphicsEnvironment: ANGLE Developer option for 'com.android.providers.calendar' set to: 'default'
06-09 18:09:08.965 1771 1771 V GraphicsEnvironment: Neither updatable production driver nor prerelease driver is supported.
06-09 18:09:08.969 1771 1771 D NetworkSecurityConfig: No Network Security Config specified, using platform default
06-09 18:09:08.969 475 614 D ConnectivityService: [100 WIFI] EVENT_NETWORK_INFO_CHANGED, going from CONNECTING to CONNECTED
06-09 18:09:08.969 1771 1771 D NetworkSecurityConfig: No Network Security Config specified, using platform default
06-09 18:09:08.973 475 570 D WifiMemoryStoreImpl: Set cluster Gf9c648605966df70 for W77e48da36ff465f6: SUCCESS
06-09 18:09:08.974 475 605 W BestClock: java.time.DateTimeException: Missing NTP fix
06-09 18:09:08.976 475 605 W BestClock: java.time.DateTimeException: Missing NTP fix
06-09 18:09:08.978 475 614 D DnsManager: sendDnsConfigurationForNetwork(100, [202.96.134.133, 202.96.128.166], [], 1800, 25, 8, 64, 0, 0, , [])
06-09 18:09:08.991 475 614 W DnsManager: updatePrivateDns(100, PrivateDnsConfig{true:/[]})
06-09 18:09:09.003 475 614 D ConnectivityService: Setting DNS servers for network 100 to [/202.96.134.133, /202.96.128.166]
06-09 18:09:09.013 407 407 W hdr10p_Configure: 256 callbacks suppressed
06-09 18:09:09.013 407 407 I : DVI mode selected: packets not configured
06-09 18:09:09.013 407 407 W set_vsif_config: 256 callbacks suppressed
06-09 18:09:09.013 407 407 I : Error: set vsif failed
06-09 18:09:09.013 475 614 D DnsManager: sendDnsConfigurationForNetwork(100, [202.96.134.133, 202.96.128.166], [], 1800, 25, 8, 64, 0, 0, , [202.96.134.133, 202.96.128.166])
06-09 18:09:09.016 475 498 D WifiMemoryStoreImpl: Set cluster Gf9c648605966df70 for W10be033fa5f6cac6: SUCCESS
06-09 18:09:09.022 240 1808 W resolv : Validating DnsTlsServer 202.96.128.166 with mark 0xf0064
06-09 18:09:09.024 240 1808 W resolv : Socket failed to connect: Network is unreachable
06-09 18:09:09.024 240 1809 W resolv : Validating DnsTlsServer 202.96.134.133 with mark 0xf0064
06-09 18:09:09.024 240 1808 W resolv : TCP Handshake failed: 101
06-09 18:09:09.024 240 1808 W resolv : query failed
06-09 18:09:09.024 240 1808 W resolv : validateDnsTlsServer returned 0 for 202.96.128.166
06-09 18:09:09.024 240 1809 W resolv : Socket failed to connect: Network is unreachable
06-09 18:09:09.024 240 1808 W resolv : Validation failed
06-09 18:09:09.027 240 1809 W resolv : TCP Handshake failed: 101
06-09 18:09:09.027 240 1809 W resolv : query failed
06-09 18:09:09.027 240 1809 W resolv : validateDnsTlsServer returned 0 for 202.96.134.133
06-09 18:09:09.028 240 1809 W resolv : Validation failed
06-09 18:09:09.032 475 614 D ConnectivityService: Adding iface wlan0 to network 100
06-09 18:09:09.055 475 614 D ConnectivityService: Setting DNS servers for network 100 to [/202.96.134.133, /202.96.128.166]
06-09 18:09:09.056 475 614 D DnsManager: sendDnsConfigurationForNetwork(100, [202.96.134.133, 202.96.128.166], [], 1800, 25, 8, 64, 0, 0, , [202.96.134.133, 202.96.128.166])
06-09 18:09:09.060 240 1814 W resolv : Validating DnsTlsServer 202.96.128.166 with mark 0xf0064
06-09 18:09:09.064 240 1815 W resolv : Validating DnsTlsServer 202.96.134.133 with mark 0xf0064
06-09 18:09:09.070 1041 1041 E sprdwl : reorder_msdu_process: BA SESSION IS NO ACTIVE sta_lut_index: 6, tid: 0
06-09 18:09:09.074 475 570 D WifiMemoryStoreImpl: Set cluster Gf9c648605966df70 for W3bf57b1ab6f3f1cc: SUCCESS
06-09 18:09:09.091 1771 1771 I CalendarProvider2: Created com.android.providers.calendar.CalendarAlarmManager@e6c6d03(com.android.providers.calendar.CalendarProvider2@b38480)
06-09 18:09:09.102 475 570 D WifiMemoryStoreImpl: Set cluster Gf9c648605966df70 for W3e93fb9ac2228eb8: SUCCESS
06-09 18:09:09.122 1771 1822 D CompatibilityChangeReporter: Compat change id reported: 160794467; UID 10029; state: ENABLED
06-09 18:09:09.125 475 614 W BestClock: java.time.DateTimeException: Missing NTP fix
06-09 18:09:09.142 475 816 D CompatibilityChangeReporter: Compat change id reported: 171306433; UID 10029; state: ENABLED
06-09 18:09:09.173 475 498 D CompatibilityChangeReporter: Compat change id reported: 143231523; UID 10029; state: DISABLED
06-09 18:09:09.184 475 748 D WifiMemoryStoreImpl: Set cluster Gf9c648605966df70 for Wfed9b11cd8c867d5: SUCCESS
06-09 18:09:09.185 475 614 W BestClock: java.time.DateTimeException: Missing NTP fix
06-09 18:09:09.177 407 407 I : DVI mode selected: packets not configured
06-09 18:09:09.177 407 407 I : Error: set vsif failed
06-09 18:09:09.192 475 605 W BestClock: java.time.DateTimeException: Missing NTP fix
06-09 18:09:09.194 475 605 W BestClock: java.time.DateTimeException: Missing NTP fix
06-09 18:09:09.215 752 1829 D NetworkMonitor/100: Validation disabled.
06-09 18:09:09.222 475 614 D ConnectivityService: NetReassign [3 : null → 100, 28 : null → 100, 23 : null → 100, 1 : null → 100, 10 : null → 100, 17 : null → 100, 21 : null → 100, 19 : null → 100]
06-09 18:09:09.224 475 614 D ConnectivityService: Switching to new default network for: uid/pid:1000/475 activeRequest: 1 callbackRequest: 1 [NetworkRequest [ REQUEST id=1, [ Capabilities: INTERNET&NOT_RESTRICTED&TRUSTED&NOT_VPN&NOT_VCN_MANAGED RequestorUid: 1000 RequestorPkg: android] ]] callback flags: 1 priority: 2147483647 using NetworkAgentInfo{network{100} handle{432902426637} ni{WIFI CONNECTED extra: } Score(60 ; KeepConnected : 0 ; Policies : TRANSPORT_PRIMARY&IS_UNMETERED) lp{{InterfaceName: wlan0 LinkAddresses: [ fe80::9d17:f5e2:67cb:722b/64,192.168.3.187/23 ] DnsAddresses: [ /202.96.134.133,/202.96.128.166 ] Domains: null MTU: 0 ServerAddress: /192.168.3.1 TcpBufferSizes: 524288,1048576,2097152,262144,524288,1048576 Routes: [ fe80::/64 -> :: wlan0 mtu 0,192.168.2.0/23 -> 0.0.0.0 wlan0 mtu 0,0.0.0.0/0 -> 192.168.3.1 wlan0 mtu 0 ]}} nc{[ Transports: WIFI Capabilities: NOT_METERED&INTERNET&NOT_RESTRICTED&TRUSTED&NOT_VPN&NOT_ROAMING&FOREGROUND&NOT_CONGESTED&NOT_SUSPENDED&NOT_VCN_MANAGED LinkUpBandwidth>=12000Kbps LinkDnBandwidth>=60000Kbps Specifier: TransportInfo: SignalStrength: -49 OwnerUid: 10024 AdminUids: [10024] SSID: "DZNB"]}}
06-09 18:09:09.227 475 748 D WifiMemoryStoreImpl: Set cluster Gf9c648605966df70 for W3d8da53402a07edc: SUCCESS
06-09 18:09:09.253 475 816 D CompatibilityChangeReporter: Compat change id reported: 168419799; UID 10074; state: DISABLED
06-09 18:09:09.253 475 614 W BestClock: java.time.DateTimeException: Missing NTP fix
06-09 18:09:09.267 475 748 D CompatibilityChangeReporter: Compat change id reported: 135634846; UID 10026; state: DISABLED
06-09 18:09:09.268 475 748 D CompatibilityChangeReporter: Compat change id reported: 177438394; UID 10026; state: DISABLED
06-09 18:09:09.268 475 748 D CompatibilityChangeReporter: Compat change id reported: 135772972; UID 10026; state: DISABLED
06-09 18:09:09.268 475 748 D CompatibilityChangeReporter: Compat change id reported: 135754954; UID 10026; state: ENABLED
06-09 18:09:09.269 475 537 D CompatibilityChangeReporter: Compat change id reported: 143937733; UID 10026; state: ENABLED
06-09 18:09:09.277 475 816 D WifiMemoryStoreImpl: Set cluster Gf9c648605966df70 for W95e3febf38beafc8: SUCCESS
06-09 18:09:09.282 1089 1507 I dangbei ad sdk: AdSplashView::show offline ad
06-09 18:09:09.300 241 241 D Zygote : Forked child process 1834
06-09 18:09:09.301 475 537 I ActivityManager: app.processName = com.android.providers.tv
06-09 18:09:09.301 475 537 I ActivityManager: Start proc 1834:com.android.providers.tv/u0a26 for broadcast {com.android.providers.tv/com.android.providers.tv.BootCompletedReceiver}
06-09 18:09:09.310 475 614 W BestClock: java.time.DateTimeException: Missing NTP fix
06-09 18:09:09.313 475 605 W BestClock: java.time.DateTimeException: Missing NTP fix
06-09 18:09:09.314 475 605 W BestClock: java.time.DateTimeException: Missing NTP fix
06-09 18:09:09.316 1834 1834 I Zygote : seccomp disabled by setenforce 0
06-09 18:09:09.336 1835 1835 I cmd : type=1400 audit(0.0:545): avc: denied { call } for scontext=u:r:preinstall:s0 tcontext=u:r:servicemanager:s0 tclass=binder permissive=1
06-09 18:09:09.336 1836 1836 I rgb_led_ctl: type=1400 audit(0.0:546): avc: denied { write } for name="spidev1.0" dev="tmpfs" ino=2502 scontext=u:r:init:s0 tcontext=u:object_r:device:s0 tclass=chr_file permissive=1
06-09 18:09:09.346 475 753 D NetworkTimeUpdateService: New default network 100; checking time.
06-09 18:09:09.348 752 846 D UpstreamNetworkMonitor: New default Internet network: 100
06-09 18:09:09.340 1836 1836 I rgb_led_ctl: type=1400 audit(0.0:547): avc: denied { open } for path="/dev/spidev1.0" dev="tmpfs" ino=2502 scontext=u:r:init:s0 tcontext=u:object_r:device:s0 tclass=chr_file permissive=1
06-09 18:09:09.340 1836 1836 I rgb_led_ctl: type=1400 audit(0.0:548): avc: denied { ioctl } for path="/dev/spidev1.0" dev="tmpfs" ino=2502 ioctlcmd=0x6b01 scontext=u:r:init:s0 tcontext=u:object_r:device:s0 tclass=chr_file permissive=1
06-09 18:09:09.360 407 407 I : DVI mode selected: packets not configured
06-09 18:09:09.360 407 407 I : Error: set vsif failed
06-09 18:09:09.365 371 392 I adbd : jdwp connection from 1834
06-09 18:09:09.373 475 605 W BestClock: java.time.DateTimeException: Missing NTP fix
06-09 18:09:09.383 475 816 D CompatibilityChangeReporter: Compat change id reported: 168419799; UID 10026; state: DISABLED
06-09 18:09:09.390 475 614 D ConnectivityService: Sending CONNECTED broadcast for type 1 [100 WIFI] isDefaultNetwork=true
06-09 18:09:09.401 475 614 W ContextImpl: Calling a method in the system process without a qualified user: android.app.ContextImpl.sendStickyBroadcast:1559 com.android.server.ConnectivityService.sendStickyBroadcast:2884 com.android.server.ConnectivityService.sendGeneralBroadcast:2859 com.android.server.ConnectivityService.sendConnectedBroadcast:2832 com.android.server.ConnectivityService.sendLegacyNetworkBroadcast:8784
06-09 18:09:09.460 1027 1027 I lerad.etna.haqu: type=1400 audit(0.0:549): avc: denied { read } for name="address" dev="sysfs" ino=27449 scontext=u:r:system_app:s0 tcontext=u:object_r:sysfs:s0 tclass=file permissive=1
06-09 18:09:09.414 475 748 D WifiMemoryStoreImpl: Set cluster G20d83b670078edf1 for W57a86ef30cf74307: SUCCESS
06-09 18:09:09.431 475 614 W ContextImpl: Calling a method in the system process without a qualified user: android.app.ContextImpl.sendStickyBroadcast:1559 com.android.server.ConnectivityService.sendStickyBroadcast:2884 com.android.server.ConnectivityService.sendGeneralBroadcast:2859 com.android.server.ConnectivityService.sendConnectedBroadcast:2832 com.android.server.ConnectivityService.sendLegacyNetworkBroadcast:8784
06-09 18:09:09.434 475 605 W BestClock: java.time.DateTimeException: Missing NTP fix
06-09 18:09:09.436 475 605 W BestClock: java.time.DateTimeException: Missing NTP fix
06-09 18:09:09.437 1089 1089 E hq : NetWorkStateReceiver:::NetWorkStateReceiver onReceive: 网络变化广播 >>>> intent.action=android.net.conn.CONNECTIVITY_CHANGE
06-09 18:09:09.444 1027 1027 D LanSocketServer: connect
06-09 18:09:09.444 475 605 W BestClock: java.time.DateTimeException: Missing NTP fix
06-09 18:09:09.447 475 614 D ConnectivityService: [100 WIFI] validation passed
06-09 18:09:09.448 475 605 W BestClock: java.time.DateTimeException: Missing NTP fix
06-09 18:09:09.450 1089 1089 E hq : NetWorkStateReceiver:::Network is available. isConnect=false 是否频次过快=false t=1749463749449
06-09 18:09:09.450 1089 1089 W eventbuscore: post Event:com.dangbei.leard.base.entity.event.NetStateEvent
06-09 18:09:09.457 1089 1089 W eventbuscore: post Event:com.dangbei.leard.base.entity.event.NetChangeEvent
06-09 18:09:09.470 752 1748 W UnsafeUtil: platform method missing - proto runtime falling back to safer methods: java.lang.NoSuchMethodException: sun.misc.Unsafe.copyMemory [class java.lang.Object, long, class java.lang.Object, long, long]
06-09 18:09:09.472 1123 1123 D aaa : action:android.net.conn.CONNECTIVITY_CHANGE
06-09 18:09:09.472 1089 1560 D yc_test : refreshWeather: null
06-09 18:09:09.474 1123 1123 D aaa : action:android.net.conn.CONNECTIVITY_CHANGE
06-09 18:09:09.474 1306 1306 D RockyReceiver: action: android.net.conn.CONNECTIVITY_CHANGE
06-09 18:09:09.476 475 498 E ConnectivityService: Exception = android.content.pm.PackageManager$NameNotFoundException: android.net.cts
06-09 18:09:09.479 1306 1306 I Receiver: 网络连接成功
06-09 18:09:09.463 407 407 I : DVI mode selected: packets not configured
06-09 18:09:09.463 407 407 I : Error: set vsif failed
06-09 18:09:09.483 1089 1559 E DangXiaoBeiManager: setMessageList: true
06-09 18:09:09.483 1306 1306 D RockyReceiver: action: android.net.conn.CONNECTIVITY_CHANGE
06-09 18:09:09.484 475 748 E ConnectivityService: Exception = android.content.pm.PackageManager$NameNotFoundException: android.net.cts
06-09 18:09:09.492 1089 1559 E hq : 当小贝:::message list add complete data.messageList:[]
06-09 18:09:09.492 1089 1559 E hq : data.tabList=[]
06-09 18:09:09.492 1306 1306 I Receiver: 网络连接成功
06-09 18:09:09.494 1089 1559 I hq : 当小贝:::showMessage from=net_change
06-09 18:09:09.495 1089 1559 I hq : 当小贝:::showMessage 没有消息需要显示
06-09 18:09:09.510 475 614 D ConnectivityService: Setting DNS servers for network 100 to [/202.96.134.133, /202.96.128.166]
06-09 18:09:09.511 475 614 D DnsManager: sendDnsConfigurationForNetwork(100, [202.96.134.133, 202.96.128.166], [], 1800, 25, 8, 64, 0, 0, , [202.96.134.133, 202.96.128.166])
06-09 18:09:09.524 475 751 D WifiMemoryStoreImpl: Set cluster G308cb13efb3b51f7 for W8617f1a18172b841: SUCCESS
06-09 18:09:09.545 475 614 W ContextImpl: Calling a method in the system process without a qualified user: android.app.ContextImpl.sendStickyBroadcast:1559 com.android.server.ConnectivityService.sendStickyBroadcast:2884 com.android.server.ConnectivityService.sendGeneralBroadcast:2859 com.android.server.ConnectivityService.sendInetConditionBroadcast:2836 com.android.server.ConnectivityService.updateInetCondition:8529
06-09 18:09:09.548 1027 1027 D LanSocketServer: connect /192.168.3.187:6689
06-09 18:09:09.549 1027 1027 D LanSocketServer: connect start
06-09 18:09:09.549 1027 1027 E LanCommander: onNetWorkChanged: true
06-09 18:09:09.560 475 518 W IorapForwardingService: No service published for: iorapd
06-09 18:09:09.568 1027 1027 E LanCommander: onNetWorkChanged: true
06-09 18:09:09.582 475 748 D WifiMemoryStoreImpl: Set cluster Gf9c648605966df70 for Wf9c648605966df70: SUCCESS
06-09 18:09:09.601 475 607 D WifiClientModeImpl[wlan0]: Received signal strength thresholds: []
06-09 18:09:09.608 1027 1875 E LanCommander: onServerCreatedSuccess 192.168.3.187:6689
06-09 18:09:09.626 475 607 E WifiVendorHal: stopRssiMonitoring(l.2617) failed {.code = ERROR_NOT_AVAILABLE, .description = }
06-09 18:09:09.628 475 607 W LastMileLogger: Failed to stop event tracing: /sys/kernel/debug/tracing/instances/wifi/tracing_on: open failed: ENOENT (No such file or directory)
06-09 18:09:09.632 1834 1834 D CompatibilityChangeReporter: Compat change id reported: 171979766; UID 10026; state: ENABLED
06-09 18:09:09.655 182 182 E SELinux : avc: denied { find } for pid=1887 uid=0 name=activity scontext=u:r:preinstall:s0 tcontext=u:object_r:activity_service:s0 tclass=service_manager permissive=1
06-09 18:09:09.662 1123 1123 D aaa : LedStatusService onStartCommand begin
06-09 18:09:09.688 1123 1892 D aaa : topPkg is -------------- :com.dangbei.leard.leradlauncher
06-09 18:09:09.692 1027 1875 E RCInfo : vid:
06-09 18:09:09.692 1027 1875 E RCInfo : pid:
06-09 18:09:09.692 1027 1875 E RCInfo : RCBrand:NA
06-09 18:09:09.693 1027 1875 E RCInfo : vid:
06-09 18:09:09.693 1027 1875 E RCInfo : pid:
06-09 18:09:09.693 1027 1875 E RCInfo : vid:
06-09 18:09:09.693 1027 1875 E RCInfo : pid:
06-09 18:09:09.694 1027 1875 E RCInfo : vid:
06-09 18:09:09.694 1027 1875 E RCInfo : pid:
06-09 18:09:09.694 1027 1875 E RCInfo : RCBrand:NA
06-09 18:09:09.694 1027 1875 E RCInfo : vid:
06-09 18:09:09.694 1027 1875 E RCInfo : pid:
06-09 18:09:09.694 1027 1875 E RCInfo : vid:
06-09 18:09:09.694 1027 1875 E RCInfo : pid:
06-09 18:09:09.736 1123 1892 D aaa : WiFi is connect
06-09 18:09:09.757 284 284 W audit : audit_lost=151 audit_rate_limit=5 audit_backlog_limit=64
06-09 18:09:09.757 284 284 E audit : rate limit exceeded
06-09 18:09:09.750 1027 1875 D getEthernetMacAddr: getEthernetMacAddr use eth0
06-09 18:09:09.788 1027 1875 D getEthernetMacAddr: getEthernetMacAddr use eth0
06-09 18:09:09.818 1834 1834 V GraphicsEnvironment: ANGLE Developer option for 'com.android.providers.tv' set to: 'default'
06-09 18:09:09.818 1834 1834 V GraphicsEnvironment: Neither updatable production driver nor prerelease driver is supported.
06-09 18:09:09.850 475 475 W InputMethodManagerService: Illegal subtype state: old subtype = null, new subtype = android.view.inputmethod.InputMethodSubtype@129f21f8
06-09 18:09:09.854 475 517 D AW_CODE : rotation =0
06-09 18:09:09.857 1834 1834 D NetworkSecurityConfig: No Network Security Config specified, using platform default
06-09 18:09:09.858 1834 1834 D NetworkSecurityConfig: No Network Security Config specified, using platform default
06-09 18:09:09.861 1027 1265 D getEthernetMacAddr: getEthernetMacAddr use eth0
06-09 18:09:09.869 475 517 D AW_CODE : rotation =0
06-09 18:09:09.876 475 517 D AW_CODE : rotation =0
06-09 18:09:09.885 1834 1834 D CompatibilityChangeReporter: Compat change id reported: 160794467; UID 10026; state: ENABLED
06-09 18:09:09.899 475 577 D WifiMemoryStoreImpl: Set cluster Gf9c648605966df70 for W10be033fa5f6cac6: SUCCESS
06-09 18:09:09.978 1123 1123 D aaa : WiFi is connect
06-09 18:09:09.996 1123 1123 D aaa : WiFi is connect
06-09 18:09:10.005 1123 1123 D aaa : WiFi is connect
06-09 18:09:10.009 1123 1123 D aaa : WiFi is connect
06-09 18:09:10.031 1306 1306 I Receiver: ----------netConnectInitSDK--------------
06-09 18:09:10.032 1306 1306 D RockyNetMessageUtil: initTipsList tipEntity = TipEntity{movieType=[我想看喜剧片, 动作片, 枪战片], movie=[庆余年, 误杀, 美丽人生, 爆笑虫子, 哪吒, 小猪佩奇, 胡歌的电视剧, 张艺谋导演的电影, 切换到1080P, 收藏], appController=[打开当贝市场, 下载哈趣影视, 爱奇艺, 卸载腾讯视频], weather=[今天的天气, 未来五天的天气, 杭州天气怎么样, 明天下不下雨], music=[我要听歌, 周杰伦的歌, 上一首, 下一首, 快进一分钟, 暂停], liveAppDownload='非常抱歉,根据监管部门政策管理要求,暂不提供相应服务。', subscreen=null, wakeUpVoiceResponse=[ProbabilityEntity{word='在呢', probability=30}, ProbabilityEntity{word='我在', probability=35}, ProbabilityEntity{word='你说', probability=15}, ProbabilityEntity{word='来啦', probability=20}], unrecognizedVoiceResponse=[ProbabilityEntity{word='可以再说一遍么', probability=45}, ProbabilityEntity{word='可以说的详细一点么', probability=30}, ProbabilityEntity{word='请问有什么可以帮您', probability=25}], notUnderstandVoiceResponse=[ProbabilityEntity{word='换个说法试试吧', probability=100}]} isRequestTipSuccess = false
06-09 18:09:10.041 1306 1306 D RockyNetMessageUtil: initMediaControlPage pageEntity = PageEntity{list=[ContentEntity{packageName='com.dangbei.leard.leradlauncher', activityName='FilmDetailActivity'}, ContentEntity{packageName='com.dangbei.leard.leradlauncher', activityName='FullScreenDetailActivity'}, ContentEntity{packageName='com.dangbei.leard.leradlauncher', activityName='TencentSportActivity'}, ContentEntity{packageName='com.dangbei.leradVideoPlugins', activityName='FilmDetailActivity'}, ContentEntity{packageName='com.dangbei.leradVideoPlugins', activityName='FullScreenDetailActivity'}, ContentEntity{packageName='com.dangbei.leradVideoPlugins', activityName='TencentSportActivity'}, ContentEntity{packageName='com.dangbei.leradVideoPlugins', activityName='ShortPlayActivity'}, ContentEntity{packageName='com.dangbei.hqmedia', activityName='FilmDetailActivity'}, ContentEntity{packageName='com.dangbei.hqmedia', activityName='FullScreenDetailActivity'}, ContentEntity{packageName='com.dangbei.leradVideoPlugins', activityName='MangoMediaActivity'}, ContentEntity{packageName='com.dangbei.leradVideoPlugins', activityName='VcinemaActivity'}]} isRequestPageControlSuccess = false
06-09 18:09:10.044 1306 1580 D XHttpObservable: handleRequest: start https://tyapi.qun7.com/v1/voice/getsoundshowmsg ,,, isCache = false
06-09 18:09:10.046 1089 1560 E hq : WeatherRefresh:::请求网络地址后,更新的地理位置为:101280601
06-09 18:09:10.051 1027 1265 D getEthernetMacAddr: getEthernetMacAddr use eth0
06-09 18:09:10.054 1089 1290 E hq : WeatherRefresh:::请求网络地址后,更新的地理位置为:101280601
06-09 18:09:10.057 475 607 I WifiClientModeImpl: Default Gateway MAC address of 58:c7:ac:78:f0:02 from routes is : 70:3a:a6:36:a8:d7
06-09 18:09:10.058 1027 1875 E HigherBroadcastServer: {"bluetoothBoot":false,"bluetoothController":false,"bluetoothMac":"B4:2F:03:15:73:2F","deviceModel":"DBBOX-A2","deviceModelNumber":"H5232","deviceName":"客厅的当贝盒子","findController":1,"hostName":"192.168.3.187","inetAddress":"192.168.3.187","mac":"20:02:FE:19:C2:0E","port":6689,"romCode":5009,"romVersion":"5.0.0.9","wifiMac":"B4:2F:03:15:E8:B9","deviceId":"21c64902019dc1b5a2d56996a3df215c","sn":"DZOH58251975972"}
06-09 18:09:10.059 1027 1875 W NsdServiceInfo: Key lengths > 9 are discouraged: deviceModel
06-09 18:09:10.059 1027 1875 W NsdServiceInfo: Key lengths > 9 are discouraged: deviceModelNumber
06-09 18:09:10.059 1027 1875 W NsdServiceInfo: Key lengths > 9 are discouraged: deviceName
06-09 18:09:10.059 1027 1875 W NsdServiceInfo: Key lengths > 9 are discouraged: romVersion
06-09 18:09:10.059 1027 1875 W NsdServiceInfo: Key lengths > 9 are discouraged: findController
06-09 18:09:10.059 1306 1578 D XHttpObservable: handleRequest: start https://tyapi.qun7.com/v1/voice/getResponseControlPage ,,, isCache = false
06-09 18:09:10.082 475 617 D NsdService: Register service
06-09 18:09:10.137 1027 1262 I okhttp.OkHttpClient: --> POST http://tymsgapi.qun7.com/v1/core/logip (598-byte body)
06-09 18:09:10.141 1027 1915 I okhttp.OkHttpClient: --> POST http://tyapi.qun7.com/v1/core/launcherota (529-byte body)
06-09 18:09:10.145 1027 1903 I okhttp.OkHttpClient: --> POST http://tymsgapi.qun7.com/v1/core/rom (529-byte body)
06-09 18:09:10.147 1027 1265 I okhttp.OkHttpClient: --> POST http://tymsgapi.qun7.com/v1/core/rom (529-byte body)
06-09 18:09:10.152 1027 1904 I okhttp.OkHttpClient: --> POST http://tyapi.qun7.com/v1/core/launcherota (529-byte body)
06-09 18:09:10.160 475 617 D NsdService: registerService: 2 name: 192.168.3.187, type: _db_controller._tcp, host: /192.168.3.187, port: 6689, txtRecord: deviceModel=DBBOX-A2romVersion=5.0.0.9findController=1sn=DZOH58251975972mac=20:02:FE:19:C2:0E deviceName=客厅的当贝盒子)deviceId=21c64902019dc1b5a2d56996a3df215cdeviceModelNumber=H5232 romCode=5009
06-09 18:09:10.160 475 617 D NsdService: mdnssd [register, 2, 192.168.3.187, _db_controller._tcp, 6689, FGRldmljZU1vZGVsPURCQk9YLUEyEnJvbVZlcnNpb249NS4wLjAuORBmaW5kQ29udHJvbGxlcj0xEnNuPURaT0g1ODI1MTk3NTk3MhVtYWM9MjA6MDI6RkU6MTk6QzI6MEUgZGV2aWNlTmFtZT3lrqLljoXnmoTlvZPotJ3nm5LlrZApZGV2aWNlSWQ9MjFjNjQ5MDIwMTlkYzFiNWEyZDU2OTk2YTNkZjIxNWMXZGV2aWNlTW9kZWxOdW1iZXI9SDUyMzIMcm9tQ29kZT01MDA5]
06-09 18:09:10.192 475 607 D WifiConfigStore: Writing to stores completed in 30 ms.
06-09 18:09:10.213 1027 1263 I okhttp.OkHttpClient: --> POST http://tymsgapi.qun7.com/v1/core/appupdate (3310-byte body)
06-09 18:09:10.214 475 617 D NsdService: Register 2 2
06-09 18:09:10.223 1027 1916 I okhttp.OkHttpClient: --> POST http://tymsgapi.qun7.com/v1/core/appupdate (3310-byte body)
06-09 18:09:10.256 656 656 E WifiHAL : wifi_get_link_stats: requestResponse Error:-5
06-09 18:09:10.259 475 607 E WifiVendorHal: getWifiLinkLayerStats_1_5_Internal(l.1191) failed {.code = ERROR_INVALID_ARGS, .description = }
06-09 18:09:10.259 1027 1262 I okhttp.OkHttpClient: <-- 200 OK http://tymsgapi.qun7.com/v1/core/logip (121ms, 81-byte body)
06-09 18:09:10.269 1027 1915 I okhttp.OkHttpClient: <-- 200 OK http://tyapi.qun7.com/v1/core/launcherota (127ms, unknown-length body)
06-09 18:09:10.272 1027 1904 I okhttp.OkHttpClient: <-- 200 OK http://tyapi.qun7.com/v1/core/launcherota (119ms, unknown-length body)
06-09 18:09:10.282 1027 1262 I HttpUtil: success
06-09 18:09:10.285 1027 1027 E ccc : cccccc launcher ota response is BaseResponse{message='success', data=UpgradeInfoEntity{contentLength=0, versionName='', versionCode=0, remark='', list=[]}, code=0}
06-09 18:09:10.286 1027 1027 W System.err: java.lang.IndexOutOfBoundsException: Index: 0, Size: 0
06-09 18:09:10.289 1027 1027 W System.err: at java.util.ArrayList.get(ArrayList.java:437)
06-09 18:09:10.289 1027 1027 W System.err: at com.dangbei.etna.update.launcher.LauncherUpdateHelper$requestLauncherUpdateInfo$1$2.invoke(LauncherUpdateHelper.kt:198)
06-09 18:09:10.289 1027 1027 W System.err: at com.dangbei.etna.update.launcher.LauncherUpdateHelper$requestLauncherUpdateInfo$1$2.invoke(LauncherUpdateHelper.kt:189)
06-09 18:09:10.289 1027 1027 W System.err: at com.etna.haqu.support.ext.FlowExtKt$safeCollect$3.emit(FlowExt.kt:52)
06-09 18:09:10.289 1027 1027 W System.err: at kotlinx.coroutines.flow.FlowKt__ErrorsKt$catchImpl$2.emit(Errors.kt:158)
06-09 18:09:10.289 1027 1027 W System.err: at kotlinx.coroutines.flow.FlowKt__ChannelsKt.emitAllImpl$FlowKt__ChannelsKt(Channels.kt:62)
06-09 18:09:10.289 1027 1027 W System.err: at kotlinx.coroutines.flow.FlowKt__ChannelsKt.access$emitAllImpl$FlowKt__ChannelsKt(Channels.kt:1)
06-09 18:09:10.289 1027 1027 W System.err: at kotlinx.coroutines.flow.FlowKt__ChannelsKt$emitAllImpl$1.invokeSuspend(Unknown Source:14)
06-09 18:09:10.289 1027 1027 W System.err: at kotlin.coroutines.jvm.internal.BaseContinuationImpl.resumeWith(ContinuationImpl.kt:33)
06-09 18:09:10.289 1027 1027 W System.err: at kotlinx.coroutines.DispatchedTask.run(DispatchedTask.kt:106)
06-09 18:09:10.289 1027 1027 W System.err: at android.os.Handler.handleCallback(Handler.java:938)
06-09 18:09:10.289 1027 1027 W System.err: at android.os.Handler.dispatchMessage(Handler.java:99)
06-09 18:09:10.289 1027 1027 W System.err: at android.os.Looper.loopOnce(Looper.java:201)
06-09 18:09:10.289 1027 1027 W System.err: at android.os.Looper.loop(Looper.java:288)
06-09 18:09:10.289 1027 1027 W System.err: at android.app.ActivityThread.main(ActivityThread.java:7854)
06-09 18:09:10.289 1027 1027 W System.err: at java.lang.reflect.Method.invoke(Native Method)
06-09 18:09:10.289 1027 1027 W System.err: at com.android.internal.os.RuntimeInit$MethodAndArgsCaller.run(RuntimeInit.java:548)
06-09 18:09:10.289 1027 1027 W System.err: at com.android.internal.os.ZygoteInit.main(ZygoteInit.java:1182)
06-09 18:09:10.290 1089 1107 I d.leradlaunche: Background young concurrent copying GC freed 71988(4659KB) AllocSpace objects, 12(844KB) LOS objects, 22% free, 10MB/13MB, paused 4.510ms total 433.592ms
06-09 18:09:10.301 1089 1290 E hq : Etna:::sendInspectLauncherUpdate
06-09 18:09:10.308 1089 1560 E hq : 当小贝:::message list add complete data.messageList:[]
06-09 18:09:10.308 1089 1560 E hq : data.tabList=[]
06-09 18:09:10.308 1089 1560 I hq : 当小贝:::showMessage from=requestGetMessageRemind
06-09 18:09:10.308 1027 1027 E ccc : cccccc com.dangbei.haqusetting not connect
06-09 18:09:10.308 1027 1027 E ccc : cccccc updateHelper 通知更新
06-09 18:09:10.309 1089 1559 I hq : 当小贝:::showMessage 没有消息需要显示
06-09 18:09:10.309 1027 1027 E ccc : cccccc launcher ota response is BaseResponse{message='success', data=UpgradeInfoEntity{contentLength=0, versionName='', versionCode=0, remark='', list=[]}, code=0}
06-09 18:09:10.310 1027 1027 W System.err: java.lang.IndexOutOfBoundsException: Index: 0, Size: 0
06-09 18:09:10.310 1027 1027 W System.err: at java.util.ArrayList.get(ArrayList.java:437)
06-09 18:09:10.310 1027 1027 W System.err: at com.dangbei.etna.update.launcher.LauncherUpdateHelper$requestLauncherUpdateInfo$1$2.invoke(LauncherUpdateHelper.kt:198)
06-09 18:09:10.310 1027 1027 W System.err: at com.dangbei.etna.update.launcher.LauncherUpdateHelper$requestLauncherUpdateInfo$1$2.invoke(LauncherUpdateHelper.kt:189)
06-09 18:09:10.310 1027 1027 W System.err: at com.etna.haqu.support.ext.FlowExtKt$safeCollect$3.emit(FlowExt.kt:52)
06-09 18:09:10.310 1027 1027 W System.err: at kotlinx.coroutines.flow.FlowKt__ErrorsKt$catchImpl$2.emit(Errors.kt:158)
06-09 18:09:10.310 1027 1027 W System.err: at kotlinx.coroutines.flow.FlowKt__ChannelsKt.emitAllImpl$FlowKt__ChannelsKt(Channels.kt:62)
06-09 18:09:10.310 1027 1027 W System.err: at kotlinx.coroutines.flow.FlowKt__ChannelsKt.access$emitAllImpl$FlowKt__ChannelsKt(Channels.kt:1)
06-09 18:09:10.310 1027 1027 W System.err: at kotlinx.coroutines.flow.FlowKt__ChannelsKt$emitAllImpl$1.invokeSuspend(Unknown Source:14)
06-09 18:09:10.310 1027 1027 W System.err: at kotlin.coroutines.jvm.internal.BaseContinuationImpl.resumeWith(ContinuationImpl.kt:33)
06-09 18:09:10.310 1027 1027 W System.err: at kotlinx.coroutines.DispatchedTask.run(DispatchedTask.kt:106)
06-09 18:09:10.310 1027 1027 W System.err: at android.os.Handler.handleCallback(Handler.java:938)
06-09 18:09:10.310 1027 1027 W System.err: at android.os.Handler.dispatchMessage(Handler.java:99)
06-09 18:09:10.310 1027 1027 W System.err: at android.os.Looper.loopOnce(Looper.java:201)
06-09 18:09:10.310 1027 1027 W System.err: at android.os.Looper.loop(Looper.java:288)
06-09 18:09:10.310 1027 1027 W System.err: at android.app.ActivityThread.main(ActivityThread.java:7854)
06-09 18:09:10.310 1027 1027 W System.err: at java.lang.reflect.Method.invoke(Native Method)
06-09 18:09:10.310 1027 1027 W System.err: at com.android.internal.os.RuntimeInit$MethodAndArgsCaller.run(RuntimeInit.java:548)
06-09 18:09:10.310 1027 1027 W System.err: at com.android.internal.os.ZygoteInit.main(ZygoteInit.java:1182)
06-09 18:09:10.326 1027 1859 E ccc : cccccc SystemUpdateHelper launcherUpdate {"launcherCodeLocal":102941,"launcherCodeNet":0,"launcherVersionLocal":"2.9.4.1","launcherVersionNet":"","otaCodeLocal":0,"otaCodeNet":0,"remoteNeedUpdate":false,"updateType":""}
06-09 18:09:10.327 1027 1027 E ccc : cccccc com.dangbei.haqusetting not connect
06-09 18:09:10.327 1027 1027 E ccc : cccccc updateHelper 通知更新
06-09 18:09:10.334 1089 1290 D etnaManager: 不需要更新桌面
06-09 18:09:10.350 1089 1089 E hq : NetWorkStateReceiver:::NetWorkStateReceiver onReceive: 网络变化广播 >>>> intent.action=android.net.conn.CONNECTIVITY_CHANGE
06-09 18:09:10.351 1089 1089 E hq : NetWorkStateReceiver:::Network is available. isConnect=true 是否频次过快=true t=1749463750351
06-09 18:09:10.352 1089 1089 W eventbuscore: post Event:com.dangbei.leard.base.entity.event.NetChangeEvent
06-09 18:09:10.370 1027 1265 I okhttp.OkHttpClient: <-- 200 OK http://tymsgapi.qun7.com/v1/core/rom (223ms, unknown-length body)
06-09 18:09:10.372 1027 1903 I okhttp.OkHttpClient: <-- 200 OK http://tymsgapi.qun7.com/v1/core/rom (226ms, unknown-length body)
06-09 18:09:10.374 1089 1089 I Choreographer: Skipped 55 frames! The application may be doing too much work on its main thread.
06-09 18:09:10.375 1027 1027 E ccc : cccccc requestOtaInfo result BaseResponse{message='success', data=null, code=0}
06-09 18:09:10.377 1089 1089 E hq : listenerNet:::重新来网了 key=image_error isConnect=true
06-09 18:09:10.377 1089 1089 E hq : listenerNet:::重新来网了 key=requestAppWhiteList isConnect=true
06-09 18:09:10.376 1027 1027 I lerad.etna.haqu: type=1400 audit(0.0:592): avc: denied { read } for name="cache" dev="dm-0" ino=17 scontext=u:r:system_app:s0 tcontext=u:object_r:cache_file:s0 tclass=lnk_file permissive=1
06-09 18:09:10.381 1027 1027 W System.err: java.lang.NullPointerException: Attempt to invoke virtual method 'int com.etna.haqu.model.business.bean.db.ota.OtaUpdateBean.getRomCode()' on a null object reference
06-09 18:09:10.381 1027 1027 W System.err: at com.dangbei.etna.update.ota.OtaUpdateHelper$requestOtaInfoFromNet$1$2.invoke(OtaUpdateHelper.kt:174)
06-09 18:09:10.381 1027 1027 W System.err: at com.dangbei.etna.update.ota.OtaUpdateHelper$requestOtaInfoFromNet$1$2.invoke(OtaUpdateHelper.kt:160)
06-09 18:09:10.381 1027 1027 W System.err: at com.etna.haqu.support.ext.FlowExtKt$safeCollect$3.emit(FlowExt.kt:52)
06-09 18:09:10.381 1027 1027 W System.err: at kotlinx.coroutines.flow.FlowKt__ErrorsKt$catchImpl$2.emit(Errors.kt:158)
06-09 18:09:10.381 1027 1027 W System.err: at kotlinx.coroutines.flow.FlowKt__ChannelsKt.emitAllImpl$FlowKt__ChannelsKt(Channels.kt:62)
06-09 18:09:10.381 1027 1027 W System.err: at kotlinx.coroutines.flow.FlowKt__ChannelsKt.access$emitAllImpl$FlowKt__ChannelsKt(Channels.kt:1)
06-09 18:09:10.382 1027 1027 W System.err: at kotlinx.coroutines.flow.FlowKt__ChannelsKt$emitAllImpl$1.invokeSuspend(Unknown Source:14)
06-09 18:09:10.382 1027 1027 W System.err: at kotlin.coroutines.jvm.internal.BaseContinuationImpl.resumeWith(ContinuationImpl.kt:33)
06-09 18:09:10.382 1027 1027 W System.err: at kotlinx.coroutines.DispatchedTask.run(DispatchedTask.kt:106)
06-09 18:09:10.382 1027 1027 W System.err: at android.os.Handler.handleCallback(Handler.java:938)
06-09 18:09:10.382 1027 1027 W System.err: at android.os.Handler.dispatchMessage(Handler.java:99)
06-09 18:09:10.382 1027 1027 W System.err: at android.os.Looper.loopOnce(Looper.java:201)
06-09 18:09:10.382 1027 1027 W System.err: at android.os.Looper.loop(Looper.java:288)
06-09 18:09:10.382 1027 1027 W System.err: at android.app.ActivityThread.main(ActivityThread.java:7854)
06-09 18:09:10.382 1027 1027 W System.err: at java.lang.reflect.Method.invoke(Native Method)
06-09 18:09:10.382 1027 1027 W System.err: at com.android.internal.os.RuntimeInit$MethodAndArgsCaller.run(RuntimeInit.java:548)
06-09 18:09:10.382 1027 1027 W System.err: at com.android.internal.os.ZygoteInit.main(ZygoteInit.java:1182)
06-09 18:09:10.387 1089 1089 E hq : listenerNet:::重新来网了 key=ConfigureInterface:Init isConnect=true
06-09 18:09:10.393 475 570 D CompatibilityChangeReporter: Compat change id reported: 135634846; UID 10063; state: DISABLED
06-09 18:09:10.393 475 570 D CompatibilityChangeReporter: Compat change id reported: 177438394; UID 10063; state: DISABLED
06-09 18:09:10.393 475 570 D CompatibilityChangeReporter: Compat change id reported: 135772972; UID 10063; state: DISABLED
06-09 18:09:10.393 475 570 D CompatibilityChangeReporter: Compat change id reported: 135754954; UID 10063; state: ENABLED
