06-09 18:09:04.356 1027 1265 W ContextImpl: Calling a method in the system process without a qualified user: android.app.ContextImpl.startService:1816 android.content.ContextWrapper.startService:774 com.dangbei.etna.setting.core.SettingHelper.startRocky:260 com.dangbei.etna.setting.core.SettingHelper.sendCycleCheckBootGuideStatusMessage:206 com.dangbei.etna.setting.core.SettingHelper.startLoop:195
06-09 18:09:04.370 1089 1206 I WebViewFactory: Loading com.android.webview version 91.0.4472.114 (code 447211450)
06-09 18:09:04.376 475 816 I ActivityManager: com.dangbei.lerad.rocky is exempt from freezer
06-09 18:09:04.377 475 816 D CompatibilityChangeReporter: Compat change id reported: 135634846; UID 1000; state: DISABLED
06-09 18:09:04.383 1027 1265 E ccc : cccccc sendCycleCheckBroadcast
06-09 18:09:04.385 1027 1265 W ContextImpl: Calling a method in the system process without a qualified user: android.app.ContextImpl.sendBroadcast:1173 android.content.ContextWrapper.sendBroadcast:479 com.dangbei.etna.setting.core.SettingHelper.sendCycleToProjector:250 com.dangbei.etna.setting.core.SettingHelper.sendCycleCheckBroadcast:219 com.dangbei.etna.setting.core.SettingHelper.sendCycleCheckBootGuideStatusMessage:207
06-09 18:09:04.389 1027 1262 E ccc : cccccc sendCycleCheckBroadcast
06-09 18:09:04.390 1027 1262 W ContextImpl: Calling a method in the system process without a qualified user: android.app.ContextImpl.sendBroadcast:1173 android.content.ContextWrapper.sendBroadcast:479 com.dangbei.etna.setting.core.SettingHelper.sendCycleToProjector:250 com.dangbei.etna.setting.core.SettingHelper.sendCycleCheckBroadcast:219 com.dangbei.etna.setting.core.SettingHelper.sendCycleCheckBootGuideStatusMessage:207
06-09 18:09:04.393 1027 1265 W ContextImpl: Calling a method in the system process without a qualified user: android.app.ContextImpl.sendBroadcast:1173 android.content.ContextWrapper.sendBroadcast:479 com.dangbei.etna.setting.core.SettingHelper.sendCycleToVoice:235 com.dangbei.etna.setting.core.SettingHelper.sendCycleCheckBroadcast:220 com.dangbei.etna.setting.core.SettingHelper.sendCycleCheckBootGuideStatusMessage:207
06-09 18:09:04.395 1229 1271 I CallLogProvider: Syncing call composer pics -- source user=0, isShadow=true, forAllUser=false
06-09 18:09:04.395 1229 1271 I CallLogProvider: Fetching list of Uris to sync
06-09 18:09:04.395 1027 1262 W ContextImpl: Calling a method in the system process without a qualified user: android.app.ContextImpl.sendBroadcast:1173 android.content.ContextWrapper.sendBroadcast:479 com.dangbei.etna.setting.core.SettingHelper.sendCycleToVoice:235 com.dangbei.etna.setting.core.SettingHelper.sendCycleCheckBroadcast:220 com.dangbei.etna.setting.core.SettingHelper.sendCycleCheckBootGuideStatusMessage:207
06-09 18:09:04.399 475 751 E ActivityManager: Sending non-protected broadcast com.dangbei.etna.setting.action_cycle_check_broadcast from system 1027:com.dangbei.lerad.etna.haqu/1000 pkg com.dangbei.lerad.etna.haqu
06-09 18:09:04.399 475 751 E ActivityManager: java.lang.Throwable
06-09 18:09:04.399 475 751 E ActivityManager: at com.android.server.am.ActivityManagerService.checkBroadcastFromSystem(ActivityManagerService.java:12816)
06-09 18:09:04.399 475 751 E ActivityManager: at com.android.server.am.ActivityManagerService.broadcastIntentLocked(ActivityManagerService.java:13513)
06-09 18:09:04.399 475 751 E ActivityManager: at com.android.server.am.ActivityManagerService.broadcastIntentLocked(ActivityManagerService.java:12833)
06-09 18:09:04.399 475 751 E ActivityManager: at com.android.server.am.ActivityManagerService.broadcastIntentWithFeature(ActivityManagerService.java:13670)
06-09 18:09:04.399 475 751 E ActivityManager: at android.app.IActivityManager$Stub.onTransact(IActivityManager.java:2326)
06-09 18:09:04.399 475 751 E ActivityManager: at com.android.server.am.ActivityManagerService.onTransact(ActivityManagerService.java:2509)
06-09 18:09:04.399 475 751 E ActivityManager: at android.os.Binder.execTransactInternal(Binder.java:1179)
06-09 18:09:04.399 475 751 E ActivityManager: at android.os.Binder.execTransact(Binder.java:1143)
06-09 18:09:04.402 475 536 I DropBoxManagerService: add tag=system_server_wtf isTagEnabled=true flags=0x2
06-09 18:09:04.405 475 816 E ActivityManager: Sending non-protected broadcast com.dangbei.etna.setting.action_cycle_check_broadcast from system 1027:com.dangbei.lerad.etna.haqu/1000 pkg com.dangbei.lerad.etna.haqu
06-09 18:09:04.405 475 816 E ActivityManager: java.lang.Throwable
06-09 18:09:04.405 475 816 E ActivityManager: at com.android.server.am.ActivityManagerService.checkBroadcastFromSystem(ActivityManagerService.java:12816)
06-09 18:09:04.405 475 816 E ActivityManager: at com.android.server.am.ActivityManagerService.broadcastIntentLocked(ActivityManagerService.java:13513)
06-09 18:09:04.405 475 816 E ActivityManager: at com.android.server.am.ActivityManagerService.broadcastIntentLocked(ActivityManagerService.java:12833)
06-09 18:09:04.405 475 816 E ActivityManager: at com.android.server.am.ActivityManagerService.broadcastIntentWithFeature(ActivityManagerService.java:13670)
06-09 18:09:04.405 475 816 E ActivityManager: at android.app.IActivityManager$Stub.onTransact(IActivityManager.java:2326)
06-09 18:09:04.405 475 816 E ActivityManager: at com.android.server.am.ActivityManagerService.onTransact(ActivityManagerService.java:2509)
06-09 18:09:04.405 475 816 E ActivityManager: at android.os.Binder.execTransactInternal(Binder.java:1179)
06-09 18:09:04.405 475 816 E ActivityManager: at android.os.Binder.execTransact(Binder.java:1143)
06-09 18:09:04.416 475 536 I DropBoxManagerService: add tag=system_server_wtf isTagEnabled=true flags=0x2
06-09 18:09:04.421 241 241 D Zygote : Forked child process 1306
06-09 18:09:04.422 475 537 W ActivityManager: Slow operation: 51ms so far, now at startProcess: returned from zygote!
06-09 18:09:04.423 475 537 W ActivityManager: Slow operation: 53ms so far, now at startProcess: done updating battery stats
06-09 18:09:04.423 821 907 D BufferPoolAccessor2.0: bufferpool2 0xe7ccd2d8 : 0(0 size) total buffers - 0(0 size) used buffers - 1/7 (recycle/alloc) - 6/96 (fetch/transfer)
06-09 18:09:04.423 821 907 D BufferPoolAccessor2.0: bufferpool2 0xe7ccd058 : 0(0 size) total buffers - 0(0 size) used buffers - 2/7 (recycle/alloc) - 5/92 (fetch/transfer)
06-09 18:09:04.423 821 907 D BufferPoolAccessor2.0: evictor expired: 2, evicted: 2
06-09 18:09:04.424 475 537 W ActivityManager: Slow operation: 53ms so far, now at startProcess: building log message
06-09 18:09:04.424 475 537 I ActivityManager: app.processName = com.dangbei.lerad.rocky
06-09 18:09:04.424 475 537 I ActivityManager: Start proc 1306:com.dangbei.lerad.rocky/1000 for service {com.dangbei.lerad.rocky/com.dangbei.rocky.RockyService}
06-09 18:09:04.424 475 537 W ActivityManager: Slow operation: 53ms so far, now at startProcess: starting to update pids map
06-09 18:09:04.424 475 537 W ActivityManager: Slow operation: 53ms so far, now at startProcess: done updating pids map
06-09 18:09:04.431 1306 1306 I Zygote : seccomp disabled by setenforce 0
06-09 18:09:04.435 669 669 D SystemUIService: running: com.android.systemui.privacy.television.TvOngoingPrivacyChip@268b4c1
06-09 18:09:04.435 669 669 D SystemUIBootTiming: SystemUIService: bootcomplete com.android.systemui.privacy.television.TvOngoingPrivacyChip took 93 ms
06-09 18:09:04.435 669 669 D SystemUIService: loading: com.android.systemui.statusbar.tv.TvStatusBar
06-09 18:09:04.435 669 669 D SystemUIService: running: com.android.systemui.statusbar.tv.TvStatusBar@bedf466
06-09 18:09:04.448 475 617 D NsdService: New client listening to asynchronous messages
06-09 18:09:04.448 475 617 D NsdService: New client, channel: com.android.internal.util.AsyncChannel@6b4e4 messenger: android.os.Messenger@a50ad4d
06-09 18:09:04.451 475 497 I StatusBarManagerService: registerStatusBar bar=com.android.internal.statusbar.IStatusBar$Stub$Proxy@fb57002
06-09 18:09:04.453 669 669 D SystemUIBootTiming: SystemUIService: bootcomplete com.android.systemui.statusbar.tv.TvStatusBar took 18 ms
06-09 18:09:04.454 669 669 D SystemUIService: loading: com.android.systemui.statusbar.tv.notifications.TvNotificationPanel
06-09 18:09:04.454 669 669 D SystemUIService: running: com.android.systemui.statusbar.tv.notifications.TvNotificationPanel@1ac53a7
06-09 18:09:04.454 669 669 D SystemUIBootTiming: SystemUIService: bootcomplete com.android.systemui.statusbar.tv.notifications.TvNotificationPanel took 0 ms
06-09 18:09:04.454 669 669 D SystemUIService: loading: com.android.systemui.statusbar.tv.notifications.TvNotificationHandler
06-09 18:09:04.454 1089 1206 D nativeloader: classloader namespace configured for unbundled product apk. library_path=/product/app/webview/lib/arm:/product/app/webview/webview.apk!/lib/armeabi-v7a:/product/lib:/system/product/lib
06-09 18:09:04.459 1089 1089 D OsInitLaunch: send cache: homeCreate, null, null, null
06-09 18:09:04.460 475 518 W IorapForwardingService: No service published for: iorapd
06-09 18:09:04.464 475 519 D ColorDisplayService: NightDisplayTintController Animation cancelled: false to matrix:
06-09 18:09:04.464 475 519 D ColorDisplayService: 1.000000 0.000000 0.000000 0.000000 0.000000 1.000000 0.000000 0.000000 0.000000 0.000000 1.000000 0.000000 0.000000 0.000000 0.000000 1.000000 min matrix coefficients:
06-09 18:09:04.464 475 519 D ColorDisplayService: 1.000000 0.000000 0.000000 0.000000 0.000000 1.000000 0.000000 0.000000 0.000000 0.000000 1.000000 0.000000 0.000000 0.000000 0.000000 1.000000 max matrix coefficients:
06-09 18:09:04.464 475 519 D ColorDisplayService: 1.000000 0.000000 0.000000 0.000000 0.000000 1.000000 0.000000 0.000000 0.000000 0.000000 1.000000 0.000000 0.000000 0.000000 0.000000 1.000000
06-09 18:09:04.468 1027 1027 D CompatibilityChangeReporter: Compat change id reported: 191844585; UID 1000; state: DISABLED
06-09 18:09:04.476 475 617 D NsdService: mdnssd [start-service]
06-09 18:09:04.476 669 669 D SystemUIService: running: com.android.systemui.statusbar.tv.notifications.TvNotificationHandler@206b054
06-09 18:09:04.478 475 617 E NsdService: Failed to execute mdnssd [start-service]
06-09 18:09:04.478 475 617 E NsdService: com.android.server.NativeDaemonConnector$NativeDaemonFailureException: command '1 mdnssd start-service' failed with '402 1 Service already running'
06-09 18:09:04.478 475 617 E NsdService: at com.android.server.NativeDaemonConnector.executeForList(NativeDaemonConnector.java:516)
06-09 18:09:04.478 475 617 E NsdService: at com.android.server.NativeDaemonConnector.execute(NativeDaemonConnector.java:412)
06-09 18:09:04.478 475 617 E NsdService: at com.android.server.NativeDaemonConnector.execute(NativeDaemonConnector.java:407)
06-09 18:09:04.478 475 617 E NsdService: at com.android.server.NsdService$DaemonConnection.execute(NsdService.java:743)
06-09 18:09:04.478 475 617 E NsdService: at com.android.server.NsdService$DaemonConnection.maybeStart(NsdService.java:758)
06-09 18:09:04.478 475 617 E NsdService: at com.android.server.NsdService$NsdStateMachine.maybeStartDaemon(NsdService.java:100)
06-09 18:09:04.478 475 617 E NsdService: at com.android.server.NsdService$NsdStateMachine.access$1600(NsdService.java:88)
06-09 18:09:04.478 475 617 E NsdService: at com.android.server.NsdService$NsdStateMachine$DefaultState.processMessage(NsdService.java:223)
06-09 18:09:04.478 475 617 E NsdService: at com.android.internal.util.StateMachine$SmHandler.processMsg(StateMachine.java:993)
06-09 18:09:04.478 475 617 E NsdService: at com.android.internal.util.StateMachine$SmHandler.handleMessage(StateMachine.java:810)
06-09 18:09:04.478 475 617 E NsdService: at android.os.Handler.dispatchMessage(Handler.java:106)
06-09 18:09:04.478 475 617 E NsdService: at android.os.Looper.loopOnce(Looper.java:201)
06-09 18:09:04.478 475 617 E NsdService: at android.os.Looper.loop(Looper.java:288)
06-09 18:09:04.478 475 617 E NsdService: at android.os.HandlerThread.run(HandlerThread.java:67)
06-09 18:09:04.484 371 392 I adbd : jdwp connection from 1306
06-09 18:09:04.486 669 669 D SystemUIBootTiming: SystemUIService: bootcomplete com.android.systemui.statusbar.tv.notifications.TvNotificationHandler took 32 ms
06-09 18:09:04.486 669 669 D SystemUIService: loading: com.android.systemui.statusbar.tv.VpnStatusObserver
06-09 18:09:04.488 669 1249 I vol.Events: writeEvent zen_mode_config_changed [disallowAlarms=false disallowMedia=false disallowSystem=true disallowRinger=false]
06-09 18:09:04.515 475 498 D CompatibilityChangeReporter: Compat change id reported: 168419799; UID 1000; state: DISABLED
06-09 18:09:04.529 1027 1056 I lerad.etna.haq: Background young concurrent copying GC freed 39347(2011KB) AllocSpace objects, 0(0B) LOS objects, 86% free, 3835KB/27MB, paused 6.041ms total 820.594ms
06-09 18:09:04.532 1306 1306 D CompatibilityChangeReporter: Compat change id reported: 171979766; UID 1000; state: DISABLED
06-09 18:09:04.541 1026 1147 V MediaStore: Examining volume emulated;0 with name external_primary and state mounted
06-09 18:09:04.542 1026 1327 I MediaProvider: Begin Intent { act=com.android.providers.media.action.SCAN_VOLUME (has extras) }
06-09 18:09:04.545 1306 1306 D ApplicationLoaders: Returning zygote-cached class loader: /system/framework/android.test.base.jar
06-09 18:09:04.545 1306 1306 D ApplicationLoaders: Returning zygote-cached class loader: /system/framework/android.hidl.manager-V1.0-java.jar
06-09 18:09:04.545 1306 1306 D ApplicationLoaders: Returning zygote-cached class loader: /system/framework/android.hidl.base-V1.0-java.jar
06-09 18:09:04.575 475 601 D StorageManagerService: Volume emulated;0 broadcasting mounted to UserHandle{0}
06-09 18:09:04.579 344 344 D installd: Found quota mount /dev/block/by-name/userdata at /data
06-09 18:09:04.579 344 344 D installd: Found quota mount /dev/block/by-name/userdata at /data/user/0
06-09 18:09:04.580 344 344 D installd: Found quota mount /dev/block/by-name/userdata at /mnt/pass_through/0/emulated
06-09 18:09:04.580 344 344 D installd: Found quota mount /dev/block/by-name/userdata at /mnt/user/0/emulated/0/Android/data
06-09 18:09:04.580 344 344 D installd: Found quota mount /dev/block/by-name/userdata at /storage/emulated/0/Android/data
06-09 18:09:04.580 344 344 D installd: Found quota mount /dev/block/by-name/userdata at /mnt/androidwritable/0/emulated/0/Android/data
06-09 18:09:04.580 344 344 D installd: Found quota mount /dev/block/by-name/userdata at /mnt/installer/0/emulated/0/Android/data
06-09 18:09:04.580 344 344 D installd: Found quota mount /dev/block/by-name/userdata at /mnt/user/0/emulated/0/Android/obb
06-09 18:09:04.580 344 344 D installd: Found quota mount /dev/block/by-name/userdata at /storage/emulated/0/Android/obb
06-09 18:09:04.580 344 344 D installd: Found quota mount /dev/block/by-name/userdata at /mnt/androidwritable/0/emulated/0/Android/obb
06-09 18:09:04.580 344 344 D installd: Found quota mount /dev/block/by-name/userdata at /mnt/installer/0/emulated/0/Android/obb
06-09 18:09:04.581 1213 1213 D music_MusicApp: received action: android.intent.action.MEDIA_MOUNTED
06-09 18:09:04.581 1213 1213 D music_MediaPlaybackSer: mount changed: isMounted: true, stop playing ...
06-09 18:09:04.583 344 344 D installd: Found storage mount /dev/block/by-name/userdata at /mnt/pass_through/0/emulated
06-09 18:09:04.586 1026 1026 V MediaStore: Examining volume emulated;0 with name external_primary and state mounted
06-09 18:09:04.590 475 601 D StorageManagerService: Volume emulated;0 broadcasting mounted to UserHandle{0}
06-09 18:09:04.597 1026 1026 V MediaStore: Examining volume emulated;0 with name external_primary and state mounted
06-09 18:09:04.602 475 614 D ConnectivityService: NetReassign [no changes]
06-09 18:09:04.603 1213 1213 D music_MusicApp: received action: android.intent.action.MEDIA_MOUNTED
06-09 18:09:04.603 1213 1213 D music_MediaPlaybackSer: mount changed: isMounted: true, stop playing ...
06-09 18:09:04.643 1027 1027 D WanCommander: handleConnection:390104
06-09 18:09:04.647 1027 1027 W System.err: SLF4J: Failed to load class "org.slf4j.impl.StaticLoggerBinder".
06-09 18:09:04.647 1027 1027 W System.err: SLF4J: Defaulting to no-operation (NOP) logger implementation
06-09 18:09:04.647 1027 1027 W System.err: SLF4J: See http://www.slf4j.org/codes.html#StaticLoggerBinder for further details.
06-09 18:09:04.648 669 669 D SystemUIService: running: com.android.systemui.statusbar.tv.VpnStatusObserver@15e109f
06-09 18:09:04.648 669 669 D SystemUIBootTiming: SystemUIService: bootcomplete com.android.systemui.statusbar.tv.VpnStatusObserver took 162 ms
06-09 18:09:04.648 669 669 D SystemUIService: loading: com.android.systemui.globalactions.GlobalActionsComponent
06-09 18:09:04.678 1229 1285 D ContactsDatabaseHelper: WAL enabled for contacts2.db: true
06-09 18:09:04.702 669 669 D SystemUIService: running: com.android.systemui.globalactions.GlobalActionsComponent@ec044d8
06-09 18:09:04.715 669 669 D SystemUIBootTiming: SystemUIService: bootcomplete com.android.systemui.globalactions.GlobalActionsComponent took 67 ms
06-09 18:09:04.724 669 669 D SystemUIService: loading: com.android.systemui.usb.StorageNotification
06-09 18:09:04.725 669 669 D SystemUIService: running: com.android.systemui.usb.StorageNotification@8afbe6d
06-09 18:09:04.756 1027 1334 W System.err: java.net.UnknownHostException: wxws.qun7.com
06-09 18:09:04.757 1027 1334 W System.err: at java.net.AbstractPlainSocketImpl.connect(AbstractPlainSocketImpl.java:208)
06-09 18:09:04.757 1027 1334 W System.err: at java.net.Socket.connect(Socket.java:621)
06-09 18:09:04.757 1027 1334 W System.err: at org.java_websocket.client.WebSocketClient.run(WebSocketClient.java:395)
06-09 18:09:04.757 1027 1334 W System.err: at java.lang.Thread.run(Thread.java:920)
06-09 18:09:04.757 1027 1334 D WanClient: onError: wxws.qun7.com
06-09 18:09:04.757 1027 1334 E WanCommander: onError:wxws.qun7.com
06-09 18:09:04.757 1027 1334 D WanClient: onClose:-1 wxws.qun7.com false
06-09 18:09:04.790 1229 1271 I CallLogProvider: Will sync following Uris:[]
06-09 18:09:04.790 1229 1271 I CallLogProvider: Syncing call composer pics -- got []
06-09 18:09:04.802 1089 1089 E hq : LauncherCallback:::onViewCreate
06-09 18:09:04.802 1089 1089 E hq : LauncherCallback:::onAttach
06-09 18:09:04.840 1026 1327 V MediaProvider: onConfigure() for internal.db
06-09 18:09:04.846 1027 1027 E EtnaListener: onServerConnected
06-09 18:09:04.848 1306 1306 V GraphicsEnvironment: ANGLE Developer option for 'com.dangbei.lerad.rocky' set to: 'default'
06-09 18:09:04.849 1306 1306 V GraphicsEnvironment: Neither updatable production driver nor prerelease driver is supported.
06-09 18:09:04.855 1306 1306 D NetworkSecurityConfig: No Network Security Config specified, using platform default
06-09 18:09:04.856 1306 1306 D NetworkSecurityConfig: No Network Security Config specified, using platform default
06-09 18:09:04.857 475 1017 I ActivityManager: com.android.localtransport is exempt from freezer
06-09 18:09:04.857 475 1017 D CompatibilityChangeReporter: Compat change id reported: 135634846; UID 1000; state: DISABLED
06-09 18:09:04.864 1306 1306 I MultiDex: VM with version 2.1.0 has multidex support
06-09 18:09:04.864 1306 1306 I MultiDex: Installing application
06-09 18:09:04.864 1306 1306 I MultiDex: VM has multidex support, MultiDex support library is disabled.
06-09 18:09:04.866 475 498 D CompatibilityChangeReporter: Compat change id reported: 149924527; UID 10044; state: ENABLED
06-09 18:09:04.874 475 498 D CompatibilityChangeReporter: Compat change id reported: 132649864; UID 10044; state: DISABLED
06-09 18:09:04.875 669 669 D StorageNotification: Notifying about private volume: VolumeInfo{private}:
06-09 18:09:04.875 669 669 D StorageNotification: type=PRIVATE diskId=null partGuid=null mountFlags=0 mountUserId=-10000
06-09 18:09:04.875 669 669 D StorageNotification: state=MOUNTED
06-09 18:09:04.875 669 669 D StorageNotification: fsType=null fsUuid=null fsLabel=null
06-09 18:09:04.875 669 669 D StorageNotification: path=/data internalPath=null
06-09 18:09:04.878 669 669 D SystemUIBootTiming: SystemUIService: bootcomplete com.android.systemui.usb.StorageNotification took 155 ms
06-09 18:09:04.879 669 669 D SystemUIService: loading: com.android.systemui.power.PowerUI
06-09 18:09:04.881 669 669 D SystemUIService: running: com.android.systemui.power.PowerUI@78cb187
06-09 18:09:04.888 1089 1333 I MobclickAgent: module init:azio
06-09 18:09:04.891 241 241 D Zygote : Forked child process 1358
06-09 18:09:04.894 475 537 I ActivityManager: app.processName = com.android.localtransport
06-09 18:09:04.894 475 537 I ActivityManager: Start proc 1358:com.android.localtransport/1000 for service {com.android.localtransport/com.android.localtransport.LocalTransportService}
06-09 18:09:04.904 1358 1358 I Zygote : seccomp disabled by setenforce 0
06-09 18:09:04.928 1089 1089 E hq : LauncherCallback:::inspect
06-09 18:09:04.931 1089 1089 E hq : AdHelper:::后台配置是否展现广告: true
06-09 18:09:04.924 669 669 I ndroid.systemui: type=1400 audit(0.0:423): avc: denied { search } for name="com.android.systemui" dev="mmcblk0p25" ino=484 scontext=u:r:platform_app:s0:c512,c768 tcontext=u:object_r:app_data_file:s0:c512,c768 tclass=dir permissive=1 app=com.softwinner.screenshot
06-09 18:09:04.933 1089 1089 D OsInitLaunch: send cache: launchHome, launchMainActivity, null, 1
06-09 18:09:04.938 475 498 D CompatibilityChangeReporter: Compat change id reported: 182734110; UID 10044; state: DISABLED
06-09 18:09:04.961 371 392 I adbd : jdwp connection from 1358
06-09 18:09:04.967 1306 1306 D RockyApplication: init: false
06-09 18:09:04.968 669 669 I SharedPreferenc: type=1400 audit(0.0:424): avc: denied { open } for path="/data/user_de/0/com.android.systemui/shared_prefs/powerui_prefs.xml" dev="mmcblk0p25" ino=8982 scontext=u:r:platform_app:s0:c512,c768 tcontext=u:object_r:app_data_file:s0:c512,c768 tclass=file permissive=1 app=com.softwinner.screenshot
06-09 18:09:04.984 1123 1123 I ranth.ledstatus: type=1400 audit(0.0:425): avc: denied { open } for path="/dev/__properties__/u:object_r:vendor_default_prop:s0" dev="tmpfs" ino=2336 scontext=u:r:system_app:s0 tcontext=u:object_r:vendor_default_prop:s0 tclass=file permissive=1
06-09 18:09:04.984 1123 1123 I ranth.ledstatus: type=1400 audit(0.0:426): avc: denied { getattr } for path="/dev/__properties__/u:object_r:vendor_default_prop:s0" dev="tmpfs" ino=2336 scontext=u:r:system_app:s0 tcontext=u:object_r:vendor_default_prop:s0 tclass=file permissive=1
06-09 18:09:04.984 1123 1123 I ranth.ledstatus: type=1400 audit(0.0:427): avc: denied { map } for path="/dev/__properties__/u:object_r:vendor_default_prop:s0" dev="tmpfs" ino=2336 scontext=u:r:system_app:s0 tcontext=u:object_r:vendor_default_prop:s0 tclass=file permissive=1
06-09 18:09:05.010 1026 1327 V MediaProvider: onOpen() for internal.db
06-09 18:09:05.010 475 956 D CompatibilityChangeReporter: Compat change id reported: 168419799; UID 1000; state: DISABLED
06-09 18:09:05.013 1026 1327 V MediaProvider: onOpen() finished for internal.db
06-09 18:09:05.015 475 956 D CompatibilityChangeReporter: Compat change id reported: 181136395; UID 1000; state: DISABLED
06-09 18:09:05.016 475 956 D CompatibilityChangeReporter: Compat change id reported: 174042936; UID 1000; state: DISABLED
06-09 18:09:05.033 669 669 D SystemUIBootTiming: SystemUIService: bootcomplete com.android.systemui.power.PowerUI took 153 ms
06-09 18:09:05.033 669 669 D SystemUIService: loading: com.android.systemui.media.RingtonePlayer
06-09 18:09:05.036 669 669 D SystemUIService: running: com.android.systemui.media.RingtonePlayer@f3f0f38
06-09 18:09:05.041 1358 1358 D CompatibilityChangeReporter: Compat change id reported: 171979766; UID 1000; state: ENABLED
06-09 18:09:05.084 669 669 D SystemUIBootTiming: SystemUIService: bootcomplete com.android.systemui.media.RingtonePlayer took 51 ms
06-09 18:09:05.084 669 669 D SystemUIService: loading: com.android.systemui.keyboard.KeyboardUI
06-09 18:09:05.085 669 669 D SystemUIService: running: com.android.systemui.keyboard.KeyboardUI@5510476
06-09 18:09:05.109 475 876 D BufferPoolAccessor2.0: bufferpool2 0xe70c1f18 : 0(0 size) total buffers - 0(0 size) used buffers - 2/7 (recycle/alloc) - 5/46 (fetch/transfer)
06-09 18:09:05.109 475 876 D BufferPoolAccessor2.0: bufferpool2 0xe70c1dd8 : 0(0 size) total buffers - 0(0 size) used buffers - 2/7 (recycle/alloc) - 4/42 (fetch/transfer)
06-09 18:09:05.109 475 876 D BufferPoolAccessor2.0: bufferpool2 0xe6f7f118 : 0(0 size) total buffers - 0(0 size) used buffers - 2/7 (recycle/alloc) - 10/294 (fetch/transfer)
06-09 18:09:05.109 475 876 D BufferPoolAccessor2.0: evictor expired: 3, evicted: 3
06-09 18:09:05.120 365 745 D BufferPoolAccessor2.0: bufferpool2 0xf274ce18 : 0(0 size) total buffers - 0(0 size) used buffers - 41/44 (recycle/alloc) - 3/43 (fetch/transfer)
06-09 18:09:05.120 365 745 D BufferPoolAccessor2.0: bufferpool2 0xf274cb98 : 0(0 size) total buffers - 0(0 size) used buffers - 43/46 (recycle/alloc) - 3/45 (fetch/transfer)
06-09 18:09:05.120 365 745 D BufferPoolAccessor2.0: bufferpool2 0xf274c198 : 0(0 size) total buffers - 0(0 size) used buffers - 15/19 (recycle/alloc) - 4/18 (fetch/transfer)
06-09 18:09:05.120 365 745 D BufferPoolAccessor2.0: bufferpool2 0xf274c2d8 : 0(0 size) total buffers - 0(0 size) used buffers - 137/145 (recycle/alloc) - 8/144 (fetch/transfer)
06-09 18:09:05.120 365 745 D BufferPoolAccessor2.0: bufferpool2 0xf274c418 : 0(0 size) total buffers - 0(0 size) used buffers - 28/32 (recycle/alloc) - 4/31 (fetch/transfer)
06-09 18:09:05.120 365 745 D BufferPoolAccessor2.0: bufferpool2 0xf274c558 : 0(0 size) total buffers - 0(0 size) used buffers - 17/21 (recycle/alloc) - 4/20 (fetch/transfer)
06-09 18:09:05.120 365 745 D BufferPoolAccessor2.0: evictor expired: 6, evicted: 6
06-09 18:09:05.129 669 669 D SystemUIBootTiming: SystemUIService: bootcomplete com.android.systemui.keyboard.KeyboardUI took 45 ms
06-09 18:09:05.129 669 669 D SystemUIService: loading: com.android.systemui.shortcut.ShortcutKeyDispatcher
06-09 18:09:05.129 669 669 D SystemUIService: running: com.android.systemui.shortcut.ShortcutKeyDispatcher@d71e6e4
06-09 18:09:05.160 669 669 D SystemUIBootTiming: SystemUIService: bootcomplete com.android.systemui.shortcut.ShortcutKeyDispatcher took 31 ms
06-09 18:09:05.161 669 669 D SystemUIService: loading: com.android.systemui.VendorServices
06-09 18:09:05.161 669 669 D SystemUIService: running: com.android.systemui.VendorServices@c0f202
06-09 18:09:05.161 669 669 D SystemUIBootTiming: SystemUIService: bootcomplete com.android.systemui.VendorServices took 1 ms
06-09 18:09:05.161 669 669 D SystemUIService: loading: com.android.systemui.SliceBroadcastRelayHandler
06-09 18:09:05.172 669 669 D SystemUIService: running: com.android.systemui.SliceBroadcastRelayHandler@b6fd713
06-09 18:09:05.172 669 669 D SystemUIBootTiming: SystemUIService: bootcomplete com.android.systemui.SliceBroadcastRelayHandler took 11 ms
06-09 18:09:05.173 669 669 D SystemUIService: loading: com.android.systemui.statusbar.notification.InstantAppNotifier
06-09 18:09:05.191 669 669 D SystemUIService: running: com.android.systemui.statusbar.notification.InstantAppNotifier@8f6d16f
06-09 18:09:05.192 1229 1285 I ContactLocale: AddressBook Labels [[zh_CN]]: […, A, B, C, D, E, F, G, H, I, J, K, L, M, N, O, P, Q, R, S, T, U, V, W, X, Y, Z, Α, Β, Γ, Δ, Ε, Ζ, Η, Θ, Ι, Κ, Λ, Μ, Ν, Ξ, Ο, Π, Ρ, Σ, Τ, Υ, Φ, Χ, Ψ, Ω, …, А, Б, В, Г, Д, Ђ, Е, Є, Ж, З, И, І, Й, Ј, К, Л, Љ, М, Н, Њ, О, П, Р, С, Т, Ћ, У, Ф, Х, Ц, Ч, Џ, Ш, Щ, Ю, Я, …, א, ב, ג, ד, ה, ו, ז, ח, ט, י, כ, ל, מ, נ, ס, ע, פ, צ, ק, ר, ש, ת, …, ا, ب, ت, ث, ج, ح, خ, د, ذ, ر, ز, س, ش, ص, ض, ط, ظ, ع, غ, ف, ق, ك, ل, م, ن, ه, و, ي, …, ก, ข, ฃ, ค, ฅ, ฆ, ง, จ, ฉ, ช, ซ, ฌ, ญ, ฎ, ฏ, ฐ, ฑ, ฒ, ณ, ด, ต, ถ, ท, ธ, น, บ, ป, ผ, ฝ, พ, ฟ, ภ, ม, ย, ร, ฤ, ล, ฦ, ว, ศ, ษ, ส, ห, ฬ, อ, ฮ, …, ㄱ, ㄴ, ㄷ, ㄹ, ㅁ, ㅂ, ㅅ, ㅇ, ㅈ, ㅊ, ㅋ, ㅌ, ㅍ, ㅎ, …, あ, か, さ, た, な, は, ま, や, ら, わ, #, …]
06-09 18:09:05.203 669 669 D SystemUIBootTiming: SystemUIService: bootcomplete com.android.systemui.statusbar.notification.InstantAppNotifier took 31 ms
06-09 18:09:05.203 669 669 D SystemUIService: loading: com.android.systemui.toast.ToastUI
06-09 18:09:05.260 669 669 D SystemUIService: running: com.android.systemui.toast.ToastUI@b49158b
06-09 18:09:05.260 669 669 D SystemUIBootTiming: SystemUIService: bootcomplete com.android.systemui.toast.ToastUI took 57 ms
06-09 18:09:05.260 669 669 D SystemUIService: loading: com.android.systemui.wmshell.WMShell
06-09 18:09:05.260 669 669 D SystemUIService: running: com.android.systemui.wmshell.WMShell@730b668
06-09 18:09:05.263 475 956 D CompatibilityChangeReporter: Compat change id reported: 182734110; UID 10074; state: DISABLED
06-09 18:09:05.281 475 498 D CompatibilityChangeReporter: Compat change id reported: 149924527; UID 10074; state: ENABLED
06-09 18:09:05.290 475 498 D CompatibilityChangeReporter: Compat change id reported: 132649864; UID 10074; state: DISABLED
06-09 18:09:05.290 1089 1204 E FactoryResetOperateImpl: isFirstBoot 1
06-09 18:09:05.291 1089 1204 E FactoryResetOperateImpl: isFirstBoot 1
06-09 18:09:05.335 1213 1292 D MusicProvider: Failed to move cursor to first row (no query result)
06-09 18:09:05.360 1089 1204 E hq : LookupControler:::startLookupControllerTimer
06-09 18:09:05.362 1089 1409 W ContextImpl: Calling a method in the system process without a qualified user: android.app.ContextImpl.bindService:1895 android.content.ContextWrapper.bindService:810 ce.b.h:57 ce.b$c.call:3 ee.c$a.run:5
06-09 18:09:05.380 1213 1213 D music_MediaPlaybackSer: Received catalog result, success: true
06-09 18:09:05.380 1213 1213 D music_MediaPlaybackSer: OnLoadChildren.ROOT
06-09 18:09:05.381 1213 1213 D music_MediaPlaybackSer: OnLoadChildren sending 4 results for __ROOT__
06-09 18:09:05.383 669 669 D SystemUIBootTiming: SystemUIService: bootcomplete com.android.systemui.wmshell.WMShell took 99 ms
06-09 18:09:05.383 669 669 D SystemUIService: loading: com.android.systemui.media.systemsounds.HomeSoundEffectController
06-09 18:09:05.384 669 669 D SystemUIService: running: com.android.systemui.media.systemsounds.HomeSoundEffectController@18ed114
06-09 18:09:05.390 663 663 D AvrcpBrowsablePlayerConnector: Received a message: msg.what=0
06-09 18:09:05.390 663 663 I AvrcpBrowsablePlayerConnector: Successfully added package to results: com.android.music
06-09 18:09:05.390 663 663 I AvrcpBrowsablePlayerConnector: Successfully connected to 1 browsable players.
06-09 18:09:05.390 663 663 I MediaPlayerList: init: Browsable Player list size is 1
06-09 18:09:05.391 663 663 D MediaPlayerList: Adding Browser Wrapper for com.android.music with id 1
06-09 18:09:05.391 663 663 I AvrcpBrowsedPlayerWrapper: getFolderItems: Grabbing cached data for mediaId: __ROOT__
06-09 18:09:05.392 663 663 D MediaPlayerList: Got the contents for: __ROOT__ : num results=4
06-09 18:09:05.392 663 663 D MediaPlayerList: Initializing list of current media players
06-09 18:09:05.405 1089 1089 E getHdmiStatus: sourceInputStatus=null mEtnaAdapter=com.dangbei.launcher.etna.EtnaAdapter@be0af91
06-09 18:09:05.407 1213 1213 D music_MediaPlaybackSer: onDestroy
06-09 18:09:05.407 1213 1213 D music_MusicApp: remove mount callback: com.android.music.MediaPlaybackService@95a6126
06-09 18:09:05.407 1213 1213 D music_MediaPlaybackSer: handleStopRequest: mState=0 error=destroy
06-09 18:09:05.407 1213 1213 D music_MediaPlaybackSer: updatePlaybackState, playback state=1
06-09 18:09:05.409 1213 1213 D Playback: giveUpAudioFocus
06-09 18:09:05.409 1213 1213 D Playback: relaxResources. releaseMediaPlayer=true
06-09 18:09:05.412 1213 1213 D music_MediaPlaybackSer: updatePlaybackState, playback state=1
06-09 18:09:05.416 669 669 D SystemUIBootTiming: SystemUIService: bootcomplete com.android.systemui.media.systemsounds.HomeSoundEffectController took 32 ms
06-09 18:09:05.431 669 669 I ManagerService: --------------------- system activated! ---------------
06-09 18:09:05.431 669 669 D SystemUIBootTiming: SystemUIService: bootcomplete com.android.systemui.oranth.ManagerService took 15 ms
06-09 18:09:05.446 1089 1286 I UtilCommon: bluetoothMac=B4:2F:03:15:73:2F
06-09 18:09:05.449 1358 1358 V GraphicsEnvironment: ANGLE Developer option for 'com.android.localtransport' set to: 'default'
06-09 18:09:05.450 1358 1358 V GraphicsEnvironment: Neither updatable production driver nor prerelease driver is supported.
06-09 18:09:05.453 1089 1286 E wangli : env: 0_false
06-09 18:09:05.420 663 663 V MediaPlayerList: onActiveSessionsChanged: number of controllers: 0
06-09 18:09:05.460 475 497 D CompatibilityChangeReporter: Compat change id reported: 168419799; UID 1000; state: DISABLED
06-09 18:09:05.462 475 518 W IorapForwardingService: No service published for: iorapd
06-09 18:09:05.462 1358 1358 D NetworkSecurityConfig: No Network Security Config specified, using platform default
06-09 18:09:05.463 1358 1358 D NetworkSecurityConfig: No Network Security Config specified, using platform default
06-09 18:09:05.494 475 475 D NetworkSecurityConfig: No Network Security Config specified, using platform default
06-09 18:09:05.506 1396 1396 W audit : audit_lost=53 audit_rate_limit=5 audit_backlog_limit=64
06-09 18:09:05.506 1396 1396 E audit : rate limit exceeded
06-09 18:09:05.509 475 1422 I RecoverySystem: No recovery log file
06-09 18:09:05.512 475 475 E BootReceiver: Could not open /sys/kernel/tracing/instances/bootreceiver/trace_pipe
06-09 18:09:05.512 475 475 E BootReceiver: android.system.ErrnoException: open failed: ENOENT (No such file or directory)
06-09 18:09:05.512 475 475 E BootReceiver: at libcore.io.Linux.open(Native Method)
06-09 18:09:05.512 475 475 E BootReceiver: at libcore.io.ForwardingOs.open(ForwardingOs.java:567)
06-09 18:09:05.512 475 475 E BootReceiver: at libcore.io.BlockGuardOs.open(BlockGuardOs.java:273)
06-09 18:09:05.512 475 475 E BootReceiver: at android.system.Os.open(Os.java:501)
06-09 18:09:05.512 475 475 E BootReceiver: at com.android.server.BootReceiver.onReceive(BootReceiver.java:167)
06-09 18:09:05.512 475 475 E BootReceiver: at android.app.ActivityThread.handleReceiver(ActivityThread.java:4308)
06-09 18:09:05.512 475 475 E BootReceiver: at android.app.ActivityThread.access$1600(ActivityThread.java:247)
06-09 18:09:05.512 475 475 E BootReceiver: at android.app.ActivityThread$H.handleMessage(ActivityThread.java:2064)
06-09 18:09:05.512 475 475 E BootReceiver: at android.os.Handler.dispatchMessage(Handler.java:106)
06-09 18:09:05.512 475 475 E BootReceiver: at android.os.Looper.loopOnce(Looper.java:201)
06-09 18:09:05.512 475 475 E BootReceiver: at android.os.Looper.loop(Looper.java:288)
06-09 18:09:05.512 475 475 E BootReceiver: at com.android.server.SystemServer.run(SystemServer.java:966)
06-09 18:09:05.512 475 475 E BootReceiver: at com.android.server.SystemServer.main(SystemServer.java:628)
06-09 18:09:05.512 475 475 E BootReceiver: at java.lang.reflect.Method.invoke(Native Method)
06-09 18:09:05.512 475 475 E BootReceiver: at com.android.internal.os.RuntimeInit$MethodAndArgsCaller.run(RuntimeInit.java:548)
06-09 18:09:05.512 475 475 E BootReceiver: at com.android.internal.os.ZygoteInit.main(ZygoteInit.java:1160)
06-09 18:09:05.515 475 1422 I DropBoxManagerService: add tag=SYSTEM_BOOT isTagEnabled=true flags=0x2
06-09 18:09:05.522 475 1422 I BootReceiver: Copying audit failures to DropBox
06-09 18:09:05.532 821 821 W ContextImpl: Calling a method in the system process without a qualified user: android.app.ContextImpl.startService:1816 android.content.ContextWrapper.startService:774 android.content.ContextWrapper.startService:774 com.android.tv.settings.users.UserSwitchListenerService$BootReceiver.onReceive:50 android.app.ActivityThread.handleReceiver:4308
06-09 18:09:05.532 475 1422 I BootReceiver: Checking for fsck errors
06-09 18:09:05.548 475 475 V AudioDeviceManagerObserver: AudioDeviceManagerObserver init()
06-09 18:09:05.551 475 475 D AudioDeviceManagerObserver: AudioDeviceManagerObserver: newCardId: /sys/class/sound/card0/id
06-09 18:09:05.554 475 475 D AudioDeviceManagerObserver: AudioDeviceManagerObserver: devName: pcmC0D0p
06-09 18:09:05.554 475 475 D AudioDeviceManagerObserver: ~~~~~~~~ AudioDeviceManagerObserver: findNameMap: id: audiocodec
06-09 18:09:05.554 475 475 D AudioDeviceManagerObserver: AudioDeviceManagerObserver: name_linux: audiocodec, name_android: AUDIO_CODEC
06-09 18:09:05.555 475 475 D AudioDeviceManagerObserver: AudioDeviceManagerObserver: newCardId: /sys/class/sound/card1/id
06-09 18:09:05.569 475 475 D AudioDeviceManagerObserver: AudioDeviceManagerObserver: devName: pcmC1D0c
06-09 18:09:05.569 475 475 D AudioDeviceManagerObserver: ~~~~~~~~ AudioDeviceManagerObserver: findNameMap: id: sndspdif
06-09 18:09:05.569 475 475 D AudioDeviceManagerObserver: AudioDeviceManagerObserver: devName: pcmC1D0p
06-09 18:09:05.569 475 475 D AudioDeviceManagerObserver: ~~~~~~~~ AudioDeviceManagerObserver: findNameMap: id: sndspdif
06-09 18:09:05.569 475 475 D AudioDeviceManagerObserver: AudioDeviceManagerObserver: name_linux: sndspdif, name_android: AUDIO_SPDIF
06-09 18:09:05.571 475 475 D AudioDeviceManagerObserver: AudioDeviceManagerObserver: newCardId: /sys/class/sound/card2/id
06-09 18:09:05.572 475 475 D AudioDeviceManagerObserver: AudioDeviceManagerObserver: name_linux: ahubdam, name_android: AUDIO_SPDIF
06-09 18:09:05.573 475 475 D AudioDeviceManagerObserver: AudioDeviceManagerObserver: newCardId: /sys/class/sound/card3/id
06-09 18:09:05.591 475 475 D AudioDeviceManagerObserver: AudioDeviceManagerObserver: devName: pcmC3D0c
06-09 18:09:05.591 475 475 D AudioDeviceManagerObserver: ~~~~~~~~ AudioDeviceManagerObserver: findNameMap: id: ahubhdmi
06-09 18:09:05.591 1306 1306 D RockyManager: initFarWakeStatus isMainFarSwitch: false
06-09 18:09:05.591 475 475 D AudioDeviceManagerObserver: AudioDeviceManagerObserver: devName: pcmC3D0p
06-09 18:09:05.591 475 475 D AudioDeviceManagerObserver: ~~~~~~~~ AudioDeviceManagerObserver: findNameMap: id: ahubhdmi
06-09 18:09:05.591 475 475 D AudioDeviceManagerObserver: AudioDeviceManagerObserver: name_linux: ahubhdmi, name_android: AUDIO_USB_ahubhdmi
06-09 18:09:05.592 475 475 D AudioDeviceManagerObserver: AudioDeviceManagerObserver: newCardId: /sys/class/sound/card4/id
06-09 18:09:05.592 475 475 D AudioDeviceManagerObserver: AudioDeviceManagerObserver: devName: pcmC4D0c
06-09 18:09:05.592 475 475 D AudioDeviceManagerObserver: ~~~~~~~~ AudioDeviceManagerObserver: findNameMap: id: ahubi2s2
06-09 18:09:05.593 475 475 D AudioDeviceManagerObserver: AudioDeviceManagerObserver: devName: pcmC4D0p
06-09 18:09:05.593 475 475 D AudioDeviceManagerObserver: ~~~~~~~~ AudioDeviceManagerObserver: findNameMap: id: ahubi2s2
06-09 18:09:05.593 475 475 D AudioDeviceManagerObserver: AudioDeviceManagerObserver: name_linux: ahubi2s2, name_android: AUDIO_USB_ahubi2s2
06-09 18:09:05.593 475 475 D AudioDeviceManagerObserver: AudioDeviceManagerObserver: newCardId: /sys/class/sound/card5/id
06-09 18:09:05.593 475 475 V AudioDeviceManagerObserver: This kernel does not have sound card5
06-09 18:09:05.600 1306 1306 I RockyManager: isFarWake: false
06-09 18:09:05.616 475 475 D AudioManagerEx: AudioManagerEx
06-09 18:09:05.628 246 290 D audio_hw_primary: getAudioDevices()
06-09 18:09:05.628 246 290 D audio_hw_primary: out dev:AUDIO_CODEC
06-09 18:09:05.628 246 290 D audio_hw_primary: in dev:AUDIO_SPDIF
06-09 18:09:05.628 246 290 D audio_hw_primary: out dev:AUDIO_SPDIF
06-09 18:09:05.628 246 290 D audio_hw_primary: in dev:AUDIO_HDMI
06-09 18:09:05.628 246 290 D audio_hw_primary: out dev:AUDIO_HDMI
06-09 18:09:05.628 246 290 D audio_hw_primary: in dev:AUDIO_I2S2
06-09 18:09:05.629 246 290 D audio_hw_primary: out playback: AUDIO_CODEC,AUDIO_SPDIF,AUDIO_HDMI
06-09 18:09:05.636 246 290 D xm_audio: adev_get_parameters
06-09 18:09:05.636 265 265 I hash_map_utils: system/bt/osi/src/hash_map_utils.cc:81 hash_map_utils_dump_string_keys_string_values: key: 'audio_devices_out' value: ''
06-09 18:09:05.640 475 475 D AudioManagerEx: type audio_devices_out list AUDIO_CODEC,AUDIO_SPDIF,AUDIO_HDMI=
06-09 18:09:05.641 475 475 D AudioManagerPolicy: get AUDIO_MANAGE_POLICY is 2
06-09 18:09:05.643 1306 1306 W ContextImpl: Calling a method in the system process without a qualified user: android.app.ContextImpl.startService:1816 android.content.ContextWrapper.startService:774 com.cvte.tv.api.TvApiSDKManager.:177 com.cvte.tv.api.TvApiSDKManager.init:217 com.dangbei.rocky.component.system.SystemControlUtils.initSystemAidl:82
06-09 18:09:05.653 475 475 E AudioDeviceManagerObserver: Could not parse switch state for /sys/devices/virtual/switch/h2w/state ,fail because /sys/devices/virtual/switch/h2w/state: open failed: ENOENT (No such file or directory)
06-09 18:09:05.653 475 475 D AudioManagerPolicy: no usb audio i=3 size=3
06-09 18:09:05.658 475 475 D AudioManagerPolicy: curType4 isHdmiPlugin =true
06-09 18:09:05.658 475 475 D AudioManagerPolicy: hdmi is available on init.
06-09 18:09:05.658 475 475 D AudioManagerPolicy: notifyHdmiAvailable hdmi is available
06-09 18:09:05.670 475 1422 D CompatibilityChangeReporter: Compat change id reported: 135634846; UID 10016; state: DISABLED
06-09 18:09:05.671 475 1422 D CompatibilityChangeReporter: Compat change id reported: 177438394; UID 10016; state: DISABLED
06-09 18:09:05.671 475 1422 D CompatibilityChangeReporter: Compat change id reported: 135772972; UID 10016; state: DISABLED
06-09 18:09:05.672 475 1422 D CompatibilityChangeReporter: Compat change id reported: 135754954; UID 10016; state: ENABLED
06-09 18:09:05.673 475 537 D CompatibilityChangeReporter: Compat change id reported: 143937733; UID 10016; state: ENABLED
06-09 18:09:05.691 1089 1089 D OsInitLaunch: send cache: mangoAuth, null, AUTH_NO_NETWORK, null
06-09 18:09:05.703 475 577 W ActivityManager: Unable to start service Intent { act=com.cvte.tv.api.TV_API_SERVICE pkg=com.cvte.tv.api.impl } U=0: not found
06-09 18:09:05.706 241 241 D Zygote : Forked child process 1436
06-09 18:09:05.708 1306 1306 W ContextImpl: Calling a method in the system process without a qualified user: android.app.ContextImpl.bindService:1895 android.content.ContextWrapper.bindService:810 com.cvte.tv.api.TvApiSDKManager.:178 com.cvte.tv.api.TvApiSDKManager.init:217 com.dangbei.rocky.component.system.SystemControlUtils.initSystemAidl:82
06-09 18:09:05.709 475 537 I ActivityManager: app.processName = android.process.media
06-09 18:09:05.709 475 537 I ActivityManager: Start proc 1436:android.process.media/u0a16 for content provider {com.android.providers.downloads/com.android.providers.downloads.DownloadProvider}
06-09 18:09:05.710 475 498 W ActivityManager: Unable to start service Intent { act=com.cvte.tv.api.TV_API_SERVICE pkg=com.cvte.tv.api.impl } U=0: not found
06-09 18:09:05.710 1306 1306 D TvApiSDKManager: getTvApi getSystemService = false
06-09 18:09:05.711 1306 1306 D TvApiSDKManager: getTvApi startService
06-09 18:09:05.711 1306 1306 W ContextImpl: Calling a method in the system process without a qualified user: android.app.ContextImpl.startService:1816 android.content.ContextWrapper.startService:774 com.cvte.tv.api.TvApiSDKManager.getTvApi:361 com.dangbei.rocky.component.system.SystemControlUtils.initSystemAidl:83 com.dangbei.rocky.component.system.SystemComponent.onAttached:38
06-09 18:09:05.714 475 498 D ConnectivityService: requestNetwork for uid/pid:1000/1089 activeRequest: null callbackRequest: 27 [NetworkRequest [ REQUEST id=28, [ Capabilities: INTERNET&NOT_RESTRICTED&TRUSTED&NOT_VCN_MANAGED Uid: 1000 RequestorUid: 1000 RequestorPkg: com.dangbei.leard.leradlauncher] ]] callback flags: 0 priority: 2147483647
06-09 18:09:05.715 475 614 D ConnectivityService: NetReassign [no changes]
06-09 18:09:05.717 475 650 D Ethernet: got request NetworkRequest [ REQUEST id=28, [ Capabilities: INTERNET&NOT_RESTRICTED&TRUSTED&NOT_VCN_MANAGED Uid: 1000 RequestorUid: 1000 RequestorPkg: com.dangbei.leard.leradlauncher] ]
06-09 18:09:05.717 475 607 D WifiNetworkFactory: got request NetworkRequest [ REQUEST id=28, [ Capabilities: INTERNET&NOT_RESTRICTED&TRUSTED&NOT_VCN_MANAGED Uid: 1000 RequestorUid: 1000 RequestorPkg: com.dangbei.leard.leradlauncher] ]
06-09 18:09:05.717 475 650 D EthernetNetworkFactory: acceptRequest, request: NetworkRequest [ REQUEST id=28, [ Capabilities: INTERNET&NOT_RESTRICTED&TRUSTED&NOT_VCN_MANAGED Uid: 1000 RequestorUid: 1000 RequestorPkg: com.dangbei.leard.leradlauncher] ]
06-09 18:09:05.717 475 650 I EthernetNetworkFactory: networkForRequest, request: NetworkRequest [ REQUEST id=28, [ Capabilities: INTERNET&NOT_RESTRICTED&TRUSTED&NOT_VCN_MANAGED Uid: 1000 RequestorUid: 1000 RequestorPkg: com.dangbei.leard.leradlauncher] ], network: null
06-09 18:09:05.718 475 651 D PPPOE : got request NetworkRequest [ REQUEST id=28, [ Capabilities: INTERNET&NOT_RESTRICTED&TRUSTED&NOT_VCN_MANAGED Uid: 1000 RequestorUid: 1000 RequestorPkg: com.dangbei.leard.leradlauncher] ]
06-09 18:09:05.719 475 607 D UntrustedWifiNetworkFactory: got request NetworkRequest [ REQUEST id=28, [ Capabilities: INTERNET&NOT_RESTRICTED&TRUSTED&NOT_VCN_MANAGED Uid: 1000 RequestorUid: 1000 RequestorPkg: com.dangbei.leard.leradlauncher] ]
06-09 18:09:05.719 475 607 D OemPaidWifiNetworkFactory: got request NetworkRequest [ REQUEST id=28, [ Capabilities: INTERNET&NOT_RESTRICTED&TRUSTED&NOT_VCN_MANAGED Uid: 1000 RequestorUid: 1000 RequestorPkg: com.dangbei.leard.leradlauncher] ]
06-09 18:09:05.723 475 577 W ActivityManager: Unable to start service Intent { act=com.cvte.tv.api.TV_API_SERVICE pkg=com.cvte.tv.api.impl } U=0: not found
06-09 18:09:05.724 1306 1306 W ContextImpl: Calling a method in the system process without a qualified user: android.app.ContextImpl.bindService:1895 android.content.ContextWrapper.bindService:810 com.cvte.tv.api.TvApiSDKManager.getTvApi:362 com.dangbei.rocky.component.system.SystemControlUtils.initSystemAidl:83 com.dangbei.rocky.component.system.SystemComponent.onAttached:38
06-09 18:09:05.725 475 577 W ActivityManager: Unable to start service Intent { act=com.cvte.tv.api.TV_API_SERVICE pkg=com.cvte.tv.api.impl } U=0: not found
06-09 18:09:05.734 1436 1436 I Zygote : seccomp disabled by setenforce 0
06-09 18:09:05.769 475 751 W WindowManager: Failed looking up window session=Session{af349ea 1089:1000} callers=com.android.server.wm.WindowManagerService.windowForClientLocked:5702 com.android.server.wm.Session.insetsModified:629 android.view.IWindowSession$Stub.onTransact:1151
06-09 18:09:05.776 1089 1353 W System.err: java.net.UnknownHostException: Unable to resolve host "utoken.umeng.com": No address associated with hostname
06-09 18:09:05.777 1089 1353 W System.err: at java.net.Inet6AddressImpl.lookupHostByName(Inet6AddressImpl.java:156)
06-09 18:09:05.777 1089 1353 W System.err: at java.net.Inet6AddressImpl.lookupAllHostAddr(Inet6AddressImpl.java:103)
06-09 18:09:05.777 1089 1353 W System.err: at java.net.InetAddress.getAllByName(InetAddress.java:1152)
06-09 18:09:05.777 1089 1353 W System.err: at com.android.okhttp.Dns$1.lookup(Dns.java:41)
06-09 18:09:05.777 1089 1353 W System.err: at com.android.okhttp.internal.http.RouteSelector.resetNextInetSocketAddress(RouteSelector.java:178)
06-09 18:09:05.777 1089 1353 W System.err: at com.android.okhttp.internal.http.RouteSelector.nextProxy(RouteSelector.java:144)
06-09 18:09:05.777 1089 1353 W System.err: at com.android.okhttp.internal.http.RouteSelector.next(RouteSelector.java:86)
06-09 18:09:05.777 1089 1353 W System.err: at com.android.okhttp.internal.http.StreamAllocation.findConnection(StreamAllocation.java:176)
06-09 18:09:05.777 1089 1353 W System.err: at com.android.okhttp.internal.http.StreamAllocation.findHealthyConnection(StreamAllocation.java:128)
06-09 18:09:05.777 1089 1353 W System.err: at com.android.okhttp.internal.http.StreamAllocation.newStream(StreamAllocation.java:97)
06-09 18:09:05.777 1089 1353 W System.err: at com.android.okhttp.internal.http.HttpEngine.connect(HttpEngine.java:289)
06-09 18:09:05.777 1089 1353 W System.err: at com.android.okhttp.internal.http.HttpEngine.sendRequest(HttpEngine.java:232)
06-09 18:09:05.777 1089 1353 W System.err: at com.android.okhttp.internal.huc.HttpURLConnectionImpl.execute(HttpURLConnectionImpl.java:465)
06-09 18:09:05.777 1089 1353 W System.err: at com.android.okhttp.internal.huc.HttpURLConnectionImpl.connect(HttpURLConnectionImpl.java:131)
06-09 18:09:05.777 1089 1353 W System.err: at com.android.okhttp.internal.huc.HttpURLConnectionImpl.getOutputStream(HttpURLConnectionImpl.java:262)
06-09 18:09:05.777 1089 1353 W System.err: at com.android.okhttp.internal.huc.DelegatingHttpsURLConnection.getOutputStream(DelegatingHttpsURLConnection.java:219)
06-09 18:09:05.777 1089 1353 W System.err: at com.android.okhttp.internal.huc.HttpsURLConnectionImpl.getOutputStream(HttpsURLConnectionImpl.java:30)
06-09 18:09:05.777 1089 1353 W System.err: at com.umeng.umzid.a.a(SourceFile:80)
06-09 18:09:05.777 1089 1353 W System.err: at com.umeng.umzid.ZIDManager.b(SourceFile:298)
06-09 18:09:05.777 1089 1353 W System.err: at com.umeng.umzid.ZIDManager$b.run(Unknown Source:4)
06-09 18:09:05.777 1089 1353 W System.err: at java.util.concurrent.Executors$RunnableAdapter.call(Executors.java:462)
06-09 18:09:05.777 1089 1353 W System.err: at java.util.concurrent.FutureTask.run(FutureTask.java:266)
06-09 18:09:05.777 1089 1353 W System.err: at java.util.concurrent.ScheduledThreadPoolExecutor$ScheduledFutureTask.run(ScheduledThreadPoolExecutor.java:301)
06-09 18:09:05.777 1089 1353 W System.err: at java.util.concurrent.ThreadPoolExecutor.runWorker(ThreadPoolExecutor.java:1167)
06-09 18:09:05.777 1089 1353 W System.err: at java.util.concurrent.ThreadPoolExecutor$Worker.run(ThreadPoolExecutor.java:641)
06-09 18:09:05.777 1089 1353 W System.err: at java.lang.Thread.run(Thread.java:920)
